190.95.67.93 - - [10/Sep/2025:14:58:03 -0300] "POST /cormun/servlet/trpermisosadjuntos?c6b473bac6da333133bcaa1a91f84138,17811729,20250908114000,P,,gx-no-cache=1757527244652 HTTP/1.1" 200 90
190.95.67.93 - - [10/Sep/2025:14:58:03 -0300] "GET /cormun/servlet/hpexe_link HTTP/1.1" 200 1005
190.95.67.93 - - [10/Sep/2025:14:58:03 -0300] "GET /cormun/servlet/trpermisosgoce?gx-no-cache=1757527211191 HTTP/1.1" 200 18938
190.95.67.93 - - [10/Sep/2025:14:58:09 -0300] "POST /cormun/servlet/trpermisosgoce?c6b473bac6da333133bcaa1a91f84138,gx-no-cache=1757527211191,gx-no-cache=1757527250573 HTTP/1.1" 200 16066
190.95.67.93 - - [10/Sep/2025:14:58:15 -0300] "GET /cormun/servlet/trpermisosadjuntos?7924150,20250908113805,P, HTTP/1.1" 200 6679
190.95.67.93 - - [10/Sep/2025:14:58:18 -0300] "GET /cormun/servlet/permisosadjuntos?INS,7924150,P,20250908113805,, HTTP/1.1" 200 5983
190.95.67.93 - - [10/Sep/2025:14:58:18 -0300] "GET /cormun/static/about:blank HTTP/1.1" 404 1011
190.95.67.93 - - [10/Sep/2025:14:58:28 -0300] "POST /cormun/servlet/permisosadjuntos?c6b473bac6da333133bcaa1a91f84138,INS,7924150,P,20250908113805,,,gx-no-cache=1757527269779 HTTP/1.1" 200 93
190.95.67.93 - - [10/Sep/2025:14:58:28 -0300] "GET /cormun/servlet/hpexe_return? HTTP/1.1" 200 1038
190.95.67.93 - - [10/Sep/2025:14:58:28 -0300] "GET /cormun/servlet/trpermisosadjuntos?7924150,20250908113805,P, HTTP/1.1" 200 6662
190.95.67.93 - - [10/Sep/2025:14:58:32 -0300] "GET /cormun/servlet/trpermisosgoce? HTTP/1.1" 200 18952
190.95.67.93 - - [10/Sep/2025:14:58:42 -0300] "GET /cormun/servlet/trpermisosadjuntos?12516879,20250908113640,P, HTTP/1.1" 200 6654
190.95.67.93 - - [10/Sep/2025:14:58:45 -0300] "GET /cormun/servlet/permisosadjuntos?INS,12516879,P,20250908113640,, HTTP/1.1" 200 5981
190.95.67.93 - - [10/Sep/2025:14:58:45 -0300] "GET /cormun/static/about:blank HTTP/1.1" 404 1011
190.95.67.93 - - [10/Sep/2025:14:58:56 -0300] "POST /cormun/servlet/permisosadjuntos?c6b473bac6da333133bcaa1a91f84138,INS,12516879,P,20250908113640,, HTTP/1.1" 200 116
190.95.67.93 - - [10/Sep/2025:14:58:56 -0300] "GET /cormun/servlet/hpexe_return? HTTP/1.1" 200 1039
190.95.67.93 - - [10/Sep/2025:14:58:56 -0300] "GET /cormun/servlet/trpermisosadjuntos?12516879,20250908113640,P, HTTP/1.1" 200 7220
190.95.67.93 - - [10/Sep/2025:14:58:59 -0300] "POST /cormun/servlet/trpermisosadjuntos?c6b473bac6da333133bcaa1a91f84138,12516879,20250908113640,P,,gx-no-cache=1757527300228 HTTP/1.1" 200 90
190.95.67.93 - - [10/Sep/2025:14:58:59 -0300] "GET /cormun/servlet/hpexe_link HTTP/1.1" 200 984
190.95.67.93 - - [10/Sep/2025:14:58:59 -0300] "GET /cormun/servlet/trpermisosgoce HTTP/1.1" 200 18939
190.95.67.93 - - [10/Sep/2025:14:59:04 -0300] "POST /cormun/servlet/trpermisosgoce?c6b473bac6da333133bcaa1a91f84138,gx-no-cache=1757527304958 HTTP/1.1" 200 16071
190.95.67.95 - - [10/Sep/2025:15:01:20 -0300] "GET /cormun/servlet/hlogin HTTP/1.1" 200 1721
190.95.67.93 - - [10/Sep/2025:15:01:21 -0300] "GET /cormun/servlet/trpermisosadjuntos?15805592,20250908112414,P, HTTP/1.1" 200 6662
190.95.67.93 - - [10/Sep/2025:15:01:23 -0300] "GET /cormun/servlet/permisosadjuntos?INS,15805592,P,20250908112414,, HTTP/1.1" 200 5988
190.95.67.93 - - [10/Sep/2025:15:01:23 -0300] "GET /cormun/static/about:blank HTTP/1.1" 404 1011
190.95.67.95 - - [10/Sep/2025:15:01:25 -0300] "POST /cormun/servlet/hlogin?70f871ffd77d7e5d10c98bf6207d814e,gx-no-cache=1757527446577 HTTP/1.1" 200 90
190.95.67.95 - - [10/Sep/2025:15:01:25 -0300] "GET /cormun/servlet/hpexe_link HTTP/1.1" 200 963
190.95.67.95 - - [10/Sep/2025:15:01:25 -0300] "GET /cormun/servlet/prfichaempleado?,MD, HTTP/1.1" 200 9227
190.95.67.93 - - [10/Sep/2025:15:01:35 -0300] "POST /cormun/servlet/permisosadjuntos?c6b473bac6da333133bcaa1a91f84138,INS,15805592,P,20250908112414,, HTTP/1.1" 200 116
190.95.67.93 - - [10/Sep/2025:15:01:35 -0300] "GET /cormun/servlet/hpexe_return? HTTP/1.1" 200 1039
190.95.67.93 - - [10/Sep/2025:15:01:36 -0300] "GET /cormun/servlet/trpermisosadjuntos?15805592,20250908112414,P, HTTP/1.1" 200 7230
190.95.67.93 - - [10/Sep/2025:15:01:38 -0300] "POST /cormun/servlet/trpermisosadjuntos?c6b473bac6da333133bcaa1a91f84138,15805592,20250908112414,P,,gx-no-cache=1757527459404 HTTP/1.1" 200 90
190.95.67.93 - - [10/Sep/2025:15:01:38 -0300] "GET /cormun/servlet/hpexe_link HTTP/1.1" 200 1006
190.95.67.93 - - [10/Sep/2025:15:01:38 -0300] "GET /cormun/servlet/trpermisosgoce?gx-no-cache=1757527304958 HTTP/1.1" 200 18984
190.95.67.93 - - [10/Sep/2025:15:01:45 -0300] "POST /cormun/servlet/trpermisosgoce?c6b473bac6da333133bcaa1a91f84138,gx-no-cache=1757527304958,gx-no-cache=1757527465998 HTTP/1.1" 200 16079
190.95.67.93 - - [10/Sep/2025:15:01:54 -0300] "GET /cormun/servlet/trpermisosadjuntos?16882863,20250908111540,P, HTTP/1.1" 200 6678
190.95.67.93 - - [10/Sep/2025:15:01:55 -0300] "GET /cormun/servlet/permisosadjuntos?INS,16882863,P,20250908111540,, HTTP/1.1" 200 5984
190.95.67.93 - - [10/Sep/2025:15:01:56 -0300] "GET /cormun/static/about:blank HTTP/1.1" 404 1011
190.95.67.95 - - [10/Sep/2025:15:01:58 -0300] "POST /cormun/servlet/solicitudot?gx-no-cache=1757527479561 HTTP/1.1" 200 122
190.95.67.95 - - [10/Sep/2025:15:01:58 -0300] "GET /cormun/servlet/solicitudot?2829207e8cad32af108d9838d21efbf27040661066302a27c97a9c44f335951d3f8e0347434584d5441c7421eb495246d1bbc07fb263407986a43bebcfe7707893bc0f8bffc4052b4dab022844028d5c27ea94d23500893350144c18b90321d603e249cb9f575a8bb843d7af11526d16,gx-no-cache=1757527479609 HTTP/1.1" 200 110
190.95.67.95 - - [10/Sep/2025:15:01:58 -0300] "GET /cormun/servlet/solicitudot?2829207e8cad32af108d9838d21efbf2ebf3c0b4987f7c35e40a663653969b42d761b4d2558c125228b21b0d4d04970a,gx-no-cache=1757527479638 HTTP/1.1" 200 30
190.95.67.95 - - [10/Sep/2025:15:01:58 -0300] "POST /cormun/servlet/solicitudot?gx-no-cache=1757527479661 HTTP/1.1" 200 146
190.95.67.93 - - [10/Sep/2025:15:02:10 -0300] "POST /cormun/servlet/permisosadjuntos?c6b473bac6da333133bcaa1a91f84138,INS,16882863,P,20250908111540,, HTTP/1.1" 200 116
190.95.67.93 - - [10/Sep/2025:15:02:10 -0300] "GET /cormun/servlet/hpexe_return? HTTP/1.1" 200 1039
190.95.67.93 - - [10/Sep/2025:15:02:10 -0300] "GET /cormun/servlet/trpermisosadjuntos?16882863,20250908111540,P, HTTP/1.1" 200 7219
190.95.67.93 - - [10/Sep/2025:15:02:13 -0300] "POST /cormun/servlet/trpermisosadjuntos?c6b473bac6da333133bcaa1a91f84138,16882863,20250908111540,P,,gx-no-cache=1757527494901 HTTP/1.1" 200 90
190.95.67.93 - - [10/Sep/2025:15:02:13 -0300] "GET /cormun/servlet/hpexe_link HTTP/1.1" 200 1007
190.95.67.93 - - [10/Sep/2025:15:02:13 -0300] "GET /cormun/servlet/trpermisosgoce?gx-no-cache=1757527304958 HTTP/1.1" 200 18949
190.95.67.93 - - [10/Sep/2025:15:02:21 -0300] "POST /cormun/servlet/trpermisosgoce?c6b473bac6da333133bcaa1a91f84138,gx-no-cache=1757527304958,gx-no-cache=1757527501990 HTTP/1.1" 200 16070
190.95.67.95 - - [10/Sep/2025:15:02:35 -0300] "POST /cormun/servlet/solicitudot?gx-no-cache=1757527516997 HTTP/1.1" 200 41
190.95.67.95 - - [10/Sep/2025:15:02:35 -0300] "GET /cormun/servlet/solicitudot?2829207e8cad32af108d9838d21efbf27040661066302a27c97a9c44f335951d3f8e0347434584d5441c7421eb495246d1bbc07fb263407986a43bebcfe7707893bc0f8bffc4052b4dab022844028d5c27ea94d23500893350144c18b90321d603e249cb9f575a8bb843d7af11526d16,gx-no-cache=1757527517048 HTTP/1.1" 200 110
190.95.67.95 - - [10/Sep/2025:15:02:37 -0300] "GET /cormun/servlet/solicitudot?2829207e8cad32af108d9838d21efbf27040661066302a27c97a9c44f335951d3f8e0347434584d5441c7421eb495246d1bbc07fb263407986a43bebcfe7707893bc0f8bffc4052b4dab022844028d5c27ea94d23500893350144c18b90321d603e249cb9f575a8bb843d7af11526d16,gx-no-cache=1757527518888 HTTP/1.1" 200 110
190.95.67.95 - - [10/Sep/2025:15:02:44 -0300] "POST /cormun/servlet/solicitudot?gx-no-cache=1757527526408 HTTP/1.1" 200 135
190.95.67.95 - - [10/Sep/2025:15:02:45 -0300] "POST /cormun/servlet/solicitudot?70f871ffd77d7e5d10c98bf6207d814e,INS,0,0,false,,gx-no-cache=1757527526469 HTTP/1.1" 200 13056
190.95.67.93 - - [10/Sep/2025:15:02:50 -0300] "GET /cormun/servlet/trpermisosadjuntos?13945989,20250909081351,P, HTTP/1.1" 200 6679
190.95.67.93 - - [10/Sep/2025:15:02:51 -0300] "GET /cormun/servlet/permisosadjuntos?INS,13945989,P,20250909081351,, HTTP/1.1" 200 5984
190.95.67.93 - - [10/Sep/2025:15:02:51 -0300] "GET /cormun/static/about:blank HTTP/1.1" 404 1011
190.95.67.95 - - [10/Sep/2025:15:02:56 -0300] "POST /cormun/servlet/solicitudot?gx-no-cache=1757527538276 HTTP/1.1" 200 146
190.95.67.95 - - [10/Sep/2025:15:02:57 -0300] "POST /cormun/servlet/solicitudot?70f871ffd77d7e5d10c98bf6207d814e,INS,0,0,false,,gx-no-cache=1757527538326 HTTP/1.1" 200 13139
190.95.67.93 - - [10/Sep/2025:15:03:24 -0300] "POST /cormun/servlet/permisosadjuntos?c6b473bac6da333133bcaa1a91f84138,INS,13945989,P,20250909081351,, HTTP/1.1" 200 116
190.95.67.93 - - [10/Sep/2025:15:03:24 -0300] "GET /cormun/servlet/hpexe_return? HTTP/1.1" 200 1039
190.95.67.93 - - [10/Sep/2025:15:03:24 -0300] "GET /cormun/servlet/trpermisosadjuntos?13945989,20250909081351,P, HTTP/1.1" 200 7229
190.95.67.93 - - [10/Sep/2025:15:03:27 -0300] "POST /cormun/servlet/trpermisosadjuntos?c6b473bac6da333133bcaa1a91f84138,13945989,20250909081351,P,,gx-no-cache=1757527568749 HTTP/1.1" 200 90
190.95.67.93 - - [10/Sep/2025:15:03:27 -0300] "GET /cormun/servlet/hpexe_link HTTP/1.1" 200 1006
190.95.67.93 - - [10/Sep/2025:15:03:28 -0300] "GET /cormun/servlet/trpermisosgoce?gx-no-cache=1757527304958 HTTP/1.1" 200 18941
190.95.67.93 - - [10/Sep/2025:15:03:31 -0300] "POST /cormun/servlet/trpermisosgoce?c6b473bac6da333133bcaa1a91f84138,gx-no-cache=1757527304958,gx-no-cache=1757527572535 HTTP/1.1" 200 16074
190.95.67.95 - - [10/Sep/2025:15:03:34 -0300] "POST /cormun/servlet/solicitudot?gx-no-cache=1757527575877 HTTP/1.1" 200 135
190.95.67.95 - - [10/Sep/2025:15:03:35 -0300] "POST /cormun/servlet/solicitudot?70f871ffd77d7e5d10c98bf6207d814e,INS,0,0,false,,gx-no-cache=1757527575948 HTTP/1.1" 200 13192
190.95.67.95 - - [10/Sep/2025:15:03:44 -0300] "GET /cormun/servlet/prpersonalsolicitud?19853639,,,,,MD,,gxPopupLevel%3D0%3B HTTP/1.1" 200 5653
190.95.67.95 - - [10/Sep/2025:15:03:44 -0300] "GET /cormun/static/gxui/gxui-all.css?110300 HTTP/1.1" 200 2179
190.95.67.95 - - [10/Sep/2025:15:03:44 -0300] "GET /cormun/static/gxcfg.js?20199142022523 HTTP/1.1" 200 953
190.95.67.95 - - [10/Sep/2025:15:03:44 -0300] "GET /cormun/static/calendar-system.css?75620 HTTP/1.1" 200 5572
190.95.67.95 - - [10/Sep/2025:15:03:44 -0300] "GET /cormun/static/prpersonalsolicitud.js?20199142022764 HTTP/1.1" 200 13873
190.95.67.95 - - [10/Sep/2025:15:03:44 -0300] "GET /cormun/static/Resources/Spanish/PXTools.css?19172979 HTTP/1.1" 200 100853
190.95.67.95 - - [10/Sep/2025:15:03:44 -0300] "GET /cormun/static/Shared/ext/resources/css/ext-all.css?205870 HTTP/1.1" 200 416045
190.95.67.93 - - [10/Sep/2025:15:03:55 -0300] "GET /cormun/servlet/trpermisosadjuntos?17135808,20250908112736,P, HTTP/1.1" 200 6680
190.95.67.93 - - [10/Sep/2025:15:03:57 -0300] "GET /cormun/servlet/permisosadjuntos?INS,17135808,P,20250908112736,, HTTP/1.1" 200 5985
190.95.67.93 - - [10/Sep/2025:15:03:57 -0300] "GET /cormun/static/about:blank HTTP/1.1" 404 1011
190.95.67.95 - - [10/Sep/2025:15:04:00 -0300] "GET /cormun/servlet/prcontratosol?19853639,,,,,MD,,gxPopupLevel%3D0%3B HTTP/1.1" 200 5647
190.95.67.95 - - [10/Sep/2025:15:04:01 -0300] "GET /cormun/static/gxcfg.js?202211298464198 HTTP/1.1" 200 953
190.95.67.95 - - [10/Sep/2025:15:04:01 -0300] "GET /cormun/static/prcontratosol.js?202211298464288 HTTP/1.1" 200 15806
190.95.67.95 - - [10/Sep/2025:15:04:05 -0300] "GET /cormun/servlet/prsolicitudot?19853639,,,,,MD,,gxPopupLevel%3D0%3B HTTP/1.1" 200 5940
190.95.67.95 - - [10/Sep/2025:15:04:15 -0300] "GET /cormun/servlet/solicitudot?2829207e8cad32af108d9838d21efbf27040661066302a27c97a9c44f335951d3f8e0347434584d5441c7421eb495246d1bbc07fb263407986a43bebcfe7707893bc0f8bffc4052b4dab022844028d5c27ea94d23500893350144c18b90321d603e249cb9f575a8bb843d7af11526d16,gx-no-cache=1757527617045 HTTP/1.1" 200 110
190.95.67.95 - - [10/Sep/2025:15:04:15 -0300] "GET /cormun/servlet/solicitudot?2829207e8cad32af108d9838d21efbf2f774acc0e3b869e403a7241289a78a2e852f97c2faf1e4db39a02cb95c280c22,gx-no-cache=1757527617070 HTTP/1.1" 200 30
190.95.67.93 - - [10/Sep/2025:15:04:16 -0300] "POST /cormun/servlet/permisosadjuntos?c6b473bac6da333133bcaa1a91f84138,INS,17135808,P,20250908112736,, HTTP/1.1" 200 116
190.95.67.93 - - [10/Sep/2025:15:04:16 -0300] "GET /cormun/servlet/hpexe_return? HTTP/1.1" 200 1039
190.95.67.93 - - [10/Sep/2025:15:04:16 -0300] "GET /cormun/servlet/trpermisosadjuntos?17135808,20250908112736,P, HTTP/1.1" 200 7221
190.95.67.93 - - [10/Sep/2025:15:04:40 -0300] "POST /cormun/servlet/trpermisosadjuntos?c6b473bac6da333133bcaa1a91f84138,17135808,20250908112736,P,,gx-no-cache=1757527641493 HTTP/1.1" 200 90
190.95.67.93 - - [10/Sep/2025:15:04:40 -0300] "GET /cormun/servlet/hpexe_link HTTP/1.1" 200 1007
190.95.67.93 - - [10/Sep/2025:15:04:41 -0300] "GET /cormun/servlet/trpermisosgoce?gx-no-cache=1757527304958 HTTP/1.1" 200 18949
190.95.67.95 - - [10/Sep/2025:15:04:47 -0300] "POST /cormun/servlet/solicitudot?gx-no-cache=1757527648589 HTTP/1.1" 200 122
190.95.67.95 - - [10/Sep/2025:15:04:47 -0300] "GET /cormun/servlet/solicitudot?2829207e8cad32af108d9838d21efbf27040661066302a27c97a9c44f335951d3f8e0347434584d5441c7421eb495246d1bbc07fb263407986a43bebcfe7707893bc0f8bffc4052b4dab022844028d5c27ea94d23500893350144c18b90321d603e249cb9f575a8bb843d7af11526d16,gx-no-cache=1757527648687 HTTP/1.1" 200 110
190.95.67.93 - - [10/Sep/2025:15:04:56 -0300] "POST /cormun/servlet/trpermisosgoce?c6b473bac6da333133bcaa1a91f84138,gx-no-cache=1757527304958,gx-no-cache=1757527657279 HTTP/1.1" 200 16070
190.95.67.95 - - [10/Sep/2025:15:05:02 -0300] "POST /cormun/servlet/solicitudot?gx-no-cache=1757527663815 HTTP/1.1" 200 146
190.95.67.95 - - [10/Sep/2025:15:05:03 -0300] "POST /cormun/servlet/solicitudot?70f871ffd77d7e5d10c98bf6207d814e,INS,0,0,false,,gx-no-cache=1757527663945 HTTP/1.1" 200 13266
190.95.1.187 - - [10/Sep/2025:15:05:07 -0300] "GET /cormun/servlet/hlogin HTTP/1.1" 200 1726
190.95.15.15 - - [10/Sep/2025:15:05:09 -0300] "GET /cormun/servlet/apermisogoceprn?15494911,P,20250910145407,PU HTTP/1.1" 200 1654
190.95.1.187 - - [10/Sep/2025:15:05:10 -0300] "POST /cormun/servlet/hlogin?825457d678fd3c4318e6654a1fcedfd0,gx-no-cache=1757527668209 HTTP/1.1" 200 90
190.95.1.187 - - [10/Sep/2025:15:05:10 -0300] "GET /cormun/servlet/hpexe_link HTTP/1.1" 200 955
190.95.67.95 - - [10/Sep/2025:15:05:10 -0300] "POST /cormun/servlet/solicitudot?gx-no-cache=1757527671710 HTTP/1.1" 200 30
190.95.1.187 - - [10/Sep/2025:15:05:10 -0300] "GET /cormun/servlet/hhome HTTP/1.1" 200 4024
190.95.67.93 - - [10/Sep/2025:15:05:12 -0300] "GET /cormun/servlet/trpermisosadjuntos?18040959,20250908113159,P, HTTP/1.1" 200 6674
190.95.1.187 - - [10/Sep/2025:15:05:13 -0300] "GET /cormun/servlet/trlicencias? HTTP/1.1" 200 18297
190.95.67.93 - - [10/Sep/2025:15:05:15 -0300] "GET /cormun/servlet/permisosadjuntos?INS,18040959,P,20250908113159,, HTTP/1.1" 200 5979
190.95.67.93 - - [10/Sep/2025:15:05:15 -0300] "GET /cormun/static/about:blank HTTP/1.1" 404 1011
190.95.67.95 - - [10/Sep/2025:15:05:25 -0300] "POST /cormun/servlet/solicitudot?gx-no-cache=1757527687215 HTTP/1.1" 200 1482
190.95.67.95 - - [10/Sep/2025:15:05:25 -0300] "POST /cormun/servlet/solicitudot?gx-no-cache=1757527687304 HTTP/1.1" 200 41
190.95.67.95 - - [10/Sep/2025:15:05:25 -0300] "GET /cormun/servlet/solicitudot?2829207e8cad32af108d9838d21efbf27040661066302a27c97a9c44f335951d3f8e0347434584d5441c7421eb495246d1bbc07fb263407986a43bebcfe7707893bc0f8bffc4052b4dab022844028d5c27ea94d23500893350144c18b90321d603e249cb9f575a8bb843d7af11526d16,gx-no-cache=1757527687343 HTTP/1.1" 200 110
190.95.67.95 - - [10/Sep/2025:15:05:25 -0300] "POST /cormun/servlet/solicitudot?gx-no-cache=1757527687375 HTTP/1.1" 200 79
190.95.67.95 - - [10/Sep/2025:15:05:25 -0300] "POST /cormun/servlet/solicitudot?gx-no-cache=1757527687416 HTTP/1.1" 200 30
190.95.67.95 - - [10/Sep/2025:15:05:26 -0300] "POST /cormun/servlet/solicitudot?70f871ffd77d7e5d10c98bf6207d814e,INS,0,0,false,,gx-no-cache=1757527687444 HTTP/1.1" 200 93
190.95.67.95 - - [10/Sep/2025:15:05:26 -0300] "GET /cormun/servlet/hpexe_return? HTTP/1.1" 200 1009
190.95.67.95 - - [10/Sep/2025:15:05:27 -0300] "GET /cormun/servlet/trsolicitudot HTTP/1.1" 200 8656
190.95.67.95 - - [10/Sep/2025:15:05:54 -0300] "POST /cormun/servlet/trsolicitudot?70f871ffd77d7e5d10c98bf6207d814e,gx-no-cache=1757527716121 HTTP/1.1" 200 4593
190.95.67.95 - - [10/Sep/2025:15:05:54 -0300] "GET /cormun/static/Shared/jqueryui/images/ui-bg_highlight-soft_100_c6c2c8_1x100.png HTTP/1.1" 404 1117
190.95.67.95 - - [10/Sep/2025:15:05:54 -0300] "GET /cormun/static/Shared/jqueryui/images/ui-icons_82798d_256x240.png HTTP/1.1" 404 1089
190.95.67.95 - - [10/Sep/2025:15:05:54 -0300] "GET /cormun/static/Shared/jqueryui/images/ui-bg_flat_55_fafafa_40x100.png HTTP/1.1" 404 1097
190.95.67.95 - - [10/Sep/2025:15:05:54 -0300] "GET /cormun/static/Shared/jqueryui/images/ui-icons_8d78a5_256x240.png HTTP/1.1" 404 1089
190.95.67.95 - - [10/Sep/2025:15:05:54 -0300] "POST /cormun/servlet/trsolicitudot?70f871ffd77d7e5d10c98bf6207d814e,gx-no-cache=1757527716253 HTTP/1.1" 200 4333
190.95.67.93 - - [10/Sep/2025:15:06:03 -0300] "POST /cormun/servlet/permisosadjuntos?c6b473bac6da333133bcaa1a91f84138,INS,18040959,P,20250908113159,, HTTP/1.1" 200 116
190.95.67.93 - - [10/Sep/2025:15:06:03 -0300] "GET /cormun/servlet/hpexe_return? HTTP/1.1" 200 1039
190.95.67.93 - - [10/Sep/2025:15:06:03 -0300] "GET /cormun/servlet/trpermisosadjuntos?18040959,20250908113159,P, HTTP/1.1" 200 7224
190.95.67.95 - - [10/Sep/2025:15:06:03 -0300] "GET /cormun/servlet/hlogin HTTP/1.1" 200 1721
190.95.67.93 - - [10/Sep/2025:15:06:06 -0300] "POST /cormun/servlet/trpermisosadjuntos?c6b473bac6da333133bcaa1a91f84138,18040959,20250908113159,P,,gx-no-cache=1757527727254 HTTP/1.1" 200 90
190.95.67.93 - - [10/Sep/2025:15:06:06 -0300] "GET /cormun/servlet/hpexe_link HTTP/1.1" 200 1006
190.95.67.93 - - [10/Sep/2025:15:06:06 -0300] "GET /cormun/servlet/trpermisosgoce?gx-no-cache=1757527304958 HTTP/1.1" 200 18943
190.95.67.95 - - [10/Sep/2025:15:06:08 -0300] "POST /cormun/servlet/hlogin?70f871ffd77d7e5d10c98bf6207d814e,gx-no-cache=1757527729488 HTTP/1.1" 200 90
190.95.67.95 - - [10/Sep/2025:15:06:08 -0300] "GET /cormun/servlet/hpexe_link HTTP/1.1" 200 951
190.95.67.95 - - [10/Sep/2025:15:06:08 -0300] "GET /cormun/servlet/hhome HTTP/1.1" 200 4312
190.95.67.95 - - [10/Sep/2025:15:06:08 -0300] "GET /cormun/static/SmoothNavMenu/resources/images/right.gif HTTP/1.1" 200 860
190.95.67.93 - - [10/Sep/2025:15:06:14 -0300] "POST /cormun/servlet/trpermisosgoce?c6b473bac6da333133bcaa1a91f84138,gx-no-cache=1757527304958,gx-no-cache=1757527735896 HTTP/1.1" 200 16110
190.95.67.93 - - [10/Sep/2025:15:06:20 -0300] "GET /cormun/servlet/trpermisosadjuntos?12658701,20250909081506,P, HTTP/1.1" 200 6677
190.95.67.93 - - [10/Sep/2025:15:06:21 -0300] "GET /cormun/servlet/permisosadjuntos?INS,12658701,P,20250909081506,, HTTP/1.1" 200 5981
190.95.67.93 - - [10/Sep/2025:15:06:22 -0300] "GET /cormun/static/about:blank HTTP/1.1" 404 1011
190.95.67.95 - - [10/Sep/2025:15:06:30 -0300] "GET /cormun/servlet/trautorizarsolicitud? HTTP/1.1" 200 8849
190.95.67.93 - - [10/Sep/2025:15:06:34 -0300] "POST /cormun/servlet/permisosadjuntos?c6b473bac6da333133bcaa1a91f84138,INS,12658701,P,20250909081506,, HTTP/1.1" 200 116
190.95.67.93 - - [10/Sep/2025:15:06:34 -0300] "GET /cormun/servlet/hpexe_return? HTTP/1.1" 200 1038
190.95.67.93 - - [10/Sep/2025:15:06:34 -0300] "GET /cormun/servlet/trpermisosadjuntos?12658701,20250909081506,P, HTTP/1.1" 200 7219
190.95.67.93 - - [10/Sep/2025:15:06:37 -0300] "POST /cormun/servlet/trpermisosadjuntos?c6b473bac6da333133bcaa1a91f84138,12658701,20250909081506,P,,gx-no-cache=1757527758661 HTTP/1.1" 200 90
190.95.67.93 - - [10/Sep/2025:15:06:37 -0300] "GET /cormun/servlet/hpexe_link HTTP/1.1" 200 1006
190.95.67.93 - - [10/Sep/2025:15:06:37 -0300] "GET /cormun/servlet/trpermisosgoce?gx-no-cache=1757527304958 HTTP/1.1" 200 19011
190.95.67.93 - - [10/Sep/2025:15:06:41 -0300] "POST /cormun/servlet/trpermisosgoce?c6b473bac6da333133bcaa1a91f84138,gx-no-cache=1757527304958,gx-no-cache=1757527762079 HTTP/1.1" 200 16064
190.95.67.93 - - [10/Sep/2025:15:06:53 -0300] "GET /cormun/servlet/trpermisosadjuntos?7594271,20250908085706,P, HTTP/1.1" 200 6681
190.95.67.93 - - [10/Sep/2025:15:06:55 -0300] "GET /cormun/servlet/permisosadjuntos?INS,7594271,P,20250908085706,, HTTP/1.1" 200 5986
190.95.67.93 - - [10/Sep/2025:15:06:55 -0300] "GET /cormun/static/about:blank HTTP/1.1" 404 1011
190.95.67.95 - - [10/Sep/2025:15:07:05 -0300] "POST /cormun/servlet/trautorizarsolicitud?70f871ffd77d7e5d10c98bf6207d814e,,gx-no-cache=1757527786584 HTTP/1.1" 200 4797
190.95.67.95 - - [10/Sep/2025:15:07:05 -0300] "GET /cormun/static/Shared/jqueryui/images/ui-bg_highlight-soft_100_c6c2c8_1x100.png HTTP/1.1" 404 1117
190.95.67.95 - - [10/Sep/2025:15:07:05 -0300] "GET /cormun/static/Shared/jqueryui/images/ui-icons_82798d_256x240.png HTTP/1.1" 404 1089
190.95.67.95 - - [10/Sep/2025:15:07:05 -0300] "GET /cormun/static/Shared/jqueryui/images/ui-bg_flat_55_fafafa_40x100.png HTTP/1.1" 404 1097
190.95.67.95 - - [10/Sep/2025:15:07:05 -0300] "GET /cormun/static/Shared/jqueryui/images/ui-icons_8d78a5_256x240.png HTTP/1.1" 404 1089
190.95.67.95 - - [10/Sep/2025:15:07:05 -0300] "POST /cormun/servlet/trautorizarsolicitud?70f871ffd77d7e5d10c98bf6207d814e,,gx-no-cache=1757527786728 HTTP/1.1" 200 4533
190.95.67.93 - - [10/Sep/2025:15:07:06 -0300] "POST /cormun/servlet/permisosadjuntos?c6b473bac6da333133bcaa1a91f84138,INS,7594271,P,20250908085706,, HTTP/1.1" 200 116
190.95.67.93 - - [10/Sep/2025:15:07:06 -0300] "GET /cormun/servlet/hpexe_return? HTTP/1.1" 200 1038
190.95.67.93 - - [10/Sep/2025:15:07:06 -0300] "GET /cormun/servlet/trpermisosadjuntos?7594271,20250908085706,P, HTTP/1.1" 200 7225
190.95.67.93 - - [10/Sep/2025:15:07:08 -0300] "POST /cormun/servlet/trpermisosadjuntos?c6b473bac6da333133bcaa1a91f84138,7594271,20250908085706,P,,gx-no-cache=1757527789925 HTTP/1.1" 200 90
190.95.67.93 - - [10/Sep/2025:15:07:08 -0300] "GET /cormun/servlet/hpexe_link HTTP/1.1" 200 1006
190.95.67.93 - - [10/Sep/2025:15:07:09 -0300] "GET /cormun/servlet/trpermisosgoce?gx-no-cache=1757527304958 HTTP/1.1" 200 18940
190.95.67.93 - - [10/Sep/2025:15:07:12 -0300] "POST /cormun/servlet/trpermisosgoce?c6b473bac6da333133bcaa1a91f84138,gx-no-cache=1757527304958,gx-no-cache=1757527793655 HTTP/1.1" 200 16119
190.95.1.129 - - [10/Sep/2025:15:07:21 -0300] "POST /cormun/servlet/trlicencias?cd97c328b7438dc53afd9e4b4e98a44c,,gx-no-cache=1757527803996 HTTP/1.1" 440 972
190.95.1.129 - - [10/Sep/2025:15:07:23 -0300] "GET /cormun/servlet/trlicencias? HTTP/1.1" 200 6047
190.95.1.129 - - [10/Sep/2025:15:07:23 -0300] "GET /cormun/servlet/hlogin HTTP/1.1" 200 1734
190.95.1.129 - - [10/Sep/2025:15:07:23 -0300] "GET /cormun/servlet/trlicencias? HTTP/1.1" 200 6047
190.95.67.95 - - [10/Sep/2025:15:07:24 -0300] "POST /cormun/servlet/trsolicitudot?70f871ffd77d7e5d10c98bf6207d814e,gx-no-cache=1757527806069 HTTP/1.1" 200 4356
190.95.67.93 - - [10/Sep/2025:15:07:26 -0300] "GET /cormun/servlet/trpermisosadjuntos?16253381,20250901110550,P, HTTP/1.1" 200 6680
190.95.67.93 - - [10/Sep/2025:15:07:28 -0300] "GET /cormun/servlet/permisosadjuntos?INS,16253381,P,20250901110550,, HTTP/1.1" 200 5987
190.95.67.93 - - [10/Sep/2025:15:07:28 -0300] "GET /cormun/static/about:blank HTTP/1.1" 404 1011
190.95.1.129 - - [10/Sep/2025:15:07:31 -0300] "POST /cormun/servlet/hlogin?74dd4eea5672194df4b95c98589791b6,gx-no-cache=1757527813114 HTTP/1.1" 200 90
190.95.1.129 - - [10/Sep/2025:15:07:31 -0300] "GET /cormun/servlet/hpexe_link HTTP/1.1" 200 953
190.95.1.129 - - [10/Sep/2025:15:07:31 -0300] "GET /cormun/servlet/trlicencias HTTP/1.1" 200 14528
190.95.67.95 - - [10/Sep/2025:15:07:31 -0300] "POST /cormun/servlet/trsolicitudot?70f871ffd77d7e5d10c98bf6207d814e,gx-no-cache=1757527813174 HTTP/1.1" 200 4352
190.95.67.95 - - [10/Sep/2025:15:07:32 -0300] "POST /cormun/servlet/trsolicitudot?70f871ffd77d7e5d10c98bf6207d814e,gx-no-cache=1757527813837 HTTP/1.1" 200 4352
190.95.67.95 - - [10/Sep/2025:15:07:32 -0300] "POST /cormun/servlet/trsolicitudot?70f871ffd77d7e5d10c98bf6207d814e,gx-no-cache=1757527814190 HTTP/1.1" 200 4352
190.95.67.95 - - [10/Sep/2025:15:07:32 -0300] "POST /cormun/servlet/trsolicitudot?70f871ffd77d7e5d10c98bf6207d814e,gx-no-cache=1757527814405 HTTP/1.1" 200 4352
190.95.67.93 - - [10/Sep/2025:15:07:36 -0300] "POST /cormun/servlet/permisosadjuntos?c6b473bac6da333133bcaa1a91f84138,INS,16253381,P,20250901110550,, HTTP/1.1" 200 116
190.95.67.93 - - [10/Sep/2025:15:07:36 -0300] "GET /cormun/servlet/hpexe_return? HTTP/1.1" 200 1040
190.95.67.93 - - [10/Sep/2025:15:07:36 -0300] "GET /cormun/servlet/trpermisosadjuntos?16253381,20250901110550,P, HTTP/1.1" 200 7231
190.95.67.93 - - [10/Sep/2025:15:07:38 -0300] "POST /cormun/servlet/trpermisosadjuntos?c6b473bac6da333133bcaa1a91f84138,16253381,20250901110550,P,,gx-no-cache=1757527820037 HTTP/1.1" 200 90
190.95.67.93 - - [10/Sep/2025:15:07:38 -0300] "GET /cormun/servlet/hpexe_link HTTP/1.1" 200 1006
190.95.67.93 - - [10/Sep/2025:15:07:39 -0300] "GET /cormun/servlet/trpermisosgoce?gx-no-cache=1757527304958 HTTP/1.1" 200 18934
190.95.1.129 - - [10/Sep/2025:15:07:41 -0300] "GET /cormun/servlet/hlogin HTTP/1.1" 200 1724
190.95.1.129 - - [10/Sep/2025:15:07:41 -0300] "GET /cormun/servlet/hlogin HTTP/1.1" 200 1734
190.95.67.95 - - [10/Sep/2025:15:07:42 -0300] "GET /cormun/servlet/hlogin HTTP/1.1" 200 1721
190.95.1.129 - - [10/Sep/2025:15:07:43 -0300] "POST /cormun/servlet/hlogin?a5317443972f3b463b0ef75925e10a6a,gx-no-cache=1757527825510 HTTP/1.1" 200 90
190.95.1.129 - - [10/Sep/2025:15:07:43 -0300] "GET /cormun/servlet/hpexe_link HTTP/1.1" 200 953
190.95.1.129 - - [10/Sep/2025:15:07:43 -0300] "GET /cormun/servlet/hhome HTTP/1.1" 200 4306
190.95.67.95 - - [10/Sep/2025:15:07:44 -0300] "POST /cormun/servlet/hlogin?70f871ffd77d7e5d10c98bf6207d814e,gx-no-cache=1757527825850 HTTP/1.1" 200 90
190.95.67.95 - - [10/Sep/2025:15:07:44 -0300] "GET /cormun/servlet/hpexe_link HTTP/1.1" 200 951
190.95.67.95 - - [10/Sep/2025:15:07:44 -0300] "GET /cormun/servlet/hhome HTTP/1.1" 200 4007
190.95.67.93 - - [10/Sep/2025:15:07:47 -0300] "POST /cormun/servlet/trpermisosgoce?c6b473bac6da333133bcaa1a91f84138,gx-no-cache=1757527304958,gx-no-cache=1757527827800 HTTP/1.1" 200 16055
190.95.67.95 - - [10/Sep/2025:15:07:48 -0300] "GET /cormun/servlet/trsolicitudot? HTTP/1.1" 200 7226
190.95.67.95 - - [10/Sep/2025:15:07:54 -0300] "POST /cormun/servlet/trsolicitudot?70f871ffd77d7e5d10c98bf6207d814e,,gx-no-cache=1757527836311 HTTP/1.1" 200 4349
190.95.67.95 - - [10/Sep/2025:15:07:55 -0300] "POST /cormun/servlet/trsolicitudot?70f871ffd77d7e5d10c98bf6207d814e,,gx-no-cache=1757527837102 HTTP/1.1" 200 4349
190.95.67.95 - - [10/Sep/2025:15:07:55 -0300] "POST /cormun/servlet/trsolicitudot?70f871ffd77d7e5d10c98bf6207d814e,,gx-no-cache=1757527837404 HTTP/1.1" 200 4350
190.95.67.95 - - [10/Sep/2025:15:07:56 -0300] "POST /cormun/servlet/trsolicitudot?70f871ffd77d7e5d10c98bf6207d814e,,gx-no-cache=1757527837662 HTTP/1.1" 200 4350
190.95.67.93 - - [10/Sep/2025:15:07:56 -0300] "GET /cormun/servlet/trpermisosadjuntos?14202711,20250901111211,P, HTTP/1.1" 200 6675
190.95.67.95 - - [10/Sep/2025:15:07:56 -0300] "POST /cormun/servlet/trsolicitudot?70f871ffd77d7e5d10c98bf6207d814e,,gx-no-cache=1757527838189 HTTP/1.1" 200 4350
190.95.67.95 - - [10/Sep/2025:15:07:56 -0300] "POST /cormun/servlet/trsolicitudot?70f871ffd77d7e5d10c98bf6207d814e,,gx-no-cache=1757527838445 HTTP/1.1" 200 4349
190.95.67.95 - - [10/Sep/2025:15:07:57 -0300] "POST /cormun/servlet/trsolicitudot?70f871ffd77d7e5d10c98bf6207d814e,,gx-no-cache=1757527838686 HTTP/1.1" 200 4349
190.95.67.95 - - [10/Sep/2025:15:07:57 -0300] "POST /cormun/servlet/trsolicitudot?70f871ffd77d7e5d10c98bf6207d814e,,gx-no-cache=1757527838909 HTTP/1.1" 200 4350
190.95.67.95 - - [10/Sep/2025:15:07:57 -0300] "POST /cormun/servlet/trsolicitudot?70f871ffd77d7e5d10c98bf6207d814e,,gx-no-cache=1757527839149 HTTP/1.1" 200 4350
190.95.67.95 - - [10/Sep/2025:15:07:57 -0300] "POST /cormun/servlet/trsolicitudot?70f871ffd77d7e5d10c98bf6207d814e,,gx-no-cache=1757527839373 HTTP/1.1" 200 4349
190.95.67.95 - - [10/Sep/2025:15:07:58 -0300] "POST /cormun/servlet/trsolicitudot?70f871ffd77d7e5d10c98bf6207d814e,,gx-no-cache=1757527839621 HTTP/1.1" 200 4350
190.95.67.95 - - [10/Sep/2025:15:07:58 -0300] "POST /cormun/servlet/trsolicitudot?70f871ffd77d7e5d10c98bf6207d814e,,gx-no-cache=1757527839870 HTTP/1.1" 200 4350
190.95.67.95 - - [10/Sep/2025:15:07:58 -0300] "POST /cormun/servlet/trsolicitudot?70f871ffd77d7e5d10c98bf6207d814e,,gx-no-cache=1757527840085 HTTP/1.1" 200 4349
190.95.67.93 - - [10/Sep/2025:15:07:59 -0300] "GET /cormun/servlet/permisosadjuntos?INS,14202711,P,20250901111211,, HTTP/1.1" 200 5980
190.95.67.93 - - [10/Sep/2025:15:07:59 -0300] "GET /cormun/static/about:blank HTTP/1.1" 404 1011
190.95.67.93 - - [10/Sep/2025:15:08:17 -0300] "POST /cormun/servlet/permisosadjuntos?c6b473bac6da333133bcaa1a91f84138,INS,14202711,P,20250901111211,, HTTP/1.1" 200 116
190.95.67.93 - - [10/Sep/2025:15:08:17 -0300] "GET /cormun/servlet/hpexe_return? HTTP/1.1" 200 1037
190.95.67.93 - - [10/Sep/2025:15:08:17 -0300] "GET /cormun/servlet/trpermisosadjuntos?14202711,20250901111211,P, HTTP/1.1" 200 7227
190.95.67.93 - - [10/Sep/2025:15:08:19 -0300] "POST /cormun/servlet/trpermisosadjuntos?c6b473bac6da333133bcaa1a91f84138,14202711,20250901111211,P,,gx-no-cache=1757527860511 HTTP/1.1" 200 90
190.95.67.93 - - [10/Sep/2025:15:08:19 -0300] "GET /cormun/servlet/hpexe_link HTTP/1.1" 200 1004
190.95.67.93 - - [10/Sep/2025:15:08:19 -0300] "GET /cormun/servlet/trpermisosgoce?gx-no-cache=1757527304958 HTTP/1.1" 200 18929
190.95.67.93 - - [10/Sep/2025:15:08:25 -0300] "POST /cormun/servlet/trpermisosgoce?c6b473bac6da333133bcaa1a91f84138,gx-no-cache=1757527304958,gx-no-cache=1757527865880 HTTP/1.1" 200 16059
190.95.1.129 - - [10/Sep/2025:15:08:32 -0300] "GET /cormun/servlet/trpermisosgoce? HTTP/1.1" 200 14646
190.95.1.129 - - [10/Sep/2025:15:08:37 -0300] "GET /cormun/static/menuarrow.gif HTTP/1.1" 404 1015
190.95.67.93 - - [10/Sep/2025:15:08:37 -0300] "GET /cormun/servlet/trpermisosadjuntos?14202711,20250901111304,P, HTTP/1.1" 200 6678
190.95.67.93 - - [10/Sep/2025:15:08:44 -0300] "GET /cormun/servlet/permisosadjuntos?INS,14202711,P,20250901111304,, HTTP/1.1" 200 5983
190.95.67.93 - - [10/Sep/2025:15:08:44 -0300] "GET /cormun/static/about:blank HTTP/1.1" 404 1011
190.95.67.93 - - [10/Sep/2025:15:08:51 -0300] "GET /cormun/servlet/trpermisosadjuntos?14202711,20250901111304,P, HTTP/1.1" 200 6678
190.95.1.129 - - [10/Sep/2025:15:08:52 -0300] "POST /cormun/servlet/trpermisosgoce?a5317443972f3b463b0ef75925e10a6a,,gx-no-cache=1757527894383 HTTP/1.1" 200 11908
190.95.67.93 - - [10/Sep/2025:15:08:54 -0300] "GET /cormun/servlet/trpermisosgoce?gx-no-cache=1757527304958 HTTP/1.1" 200 18931
190.95.1.129 - - [10/Sep/2025:15:08:59 -0300] "POST /cormun/servlet/trpermisosgoce?a5317443972f3b463b0ef75925e10a6a,,gx-no-cache=1757527900942 HTTP/1.1" 200 4486
190.95.1.129 - - [10/Sep/2025:15:09:00 -0300] "POST /cormun/servlet/trpermisosgoce?a5317443972f3b463b0ef75925e10a6a,,gx-no-cache=1757527902477 HTTP/1.1" 200 4486
190.95.67.93 - - [10/Sep/2025:15:09:06 -0300] "GET /cormun/servlet/trpermisosadjuntos?14202711,20250901111304,P, HTTP/1.1" 200 6678
190.95.67.93 - - [10/Sep/2025:15:09:07 -0300] "GET /cormun/servlet/permisosadjuntos?INS,14202711,P,20250901111304,, HTTP/1.1" 200 5982
190.95.67.93 - - [10/Sep/2025:15:09:07 -0300] "GET /cormun/static/about:blank HTTP/1.1" 404 1011
190.95.67.95 - - [10/Sep/2025:15:09:07 -0300] "GET /cormun/servlet/trsolicitudot? HTTP/1.1" 200 7221
190.95.67.93 - - [10/Sep/2025:15:09:16 -0300] "POST /cormun/servlet/permisosadjuntos?c6b473bac6da333133bcaa1a91f84138,INS,14202711,P,20250901111304,, HTTP/1.1" 200 116
190.95.67.93 - - [10/Sep/2025:15:09:16 -0300] "GET /cormun/servlet/hpexe_return? HTTP/1.1" 200 1038
190.95.67.93 - - [10/Sep/2025:15:09:16 -0300] "GET /cormun/servlet/trpermisosadjuntos?14202711,20250901111304,P, HTTP/1.1" 200 7222
190.95.67.93 - - [10/Sep/2025:15:09:19 -0300] "POST /cormun/servlet/trpermisosadjuntos?c6b473bac6da333133bcaa1a91f84138,14202711,20250901111304,P,,gx-no-cache=1757527920238 HTTP/1.1" 200 90
190.95.67.93 - - [10/Sep/2025:15:09:19 -0300] "GET /cormun/servlet/hpexe_link HTTP/1.1" 200 1004
190.95.67.93 - - [10/Sep/2025:15:09:19 -0300] "GET /cormun/servlet/trpermisosgoce?gx-no-cache=1757527304958 HTTP/1.1" 200 18931
190.95.67.93 - - [10/Sep/2025:15:09:26 -0300] "POST /cormun/servlet/trpermisosgoce?c6b473bac6da333133bcaa1a91f84138,gx-no-cache=1757527304958,gx-no-cache=1757527927136 HTTP/1.1" 200 16049
190.95.1.129 - - [10/Sep/2025:15:09:30 -0300] "GET /cormun/servlet/trpermisosgoce? HTTP/1.1" 200 7245
190.95.1.129 - - [10/Sep/2025:15:09:33 -0300] "POST /cormun/servlet/trpermisosgoce?a5317443972f3b463b0ef75925e10a6a,,gx-no-cache=1757527935734 HTTP/1.1" 200 4486
190.95.1.129 - - [10/Sep/2025:15:09:38 -0300] "POST /cormun/servlet/trpermisosgoce?a5317443972f3b463b0ef75925e10a6a,,gx-no-cache=1757527940278 HTTP/1.1" 200 11907
190.95.1.129 - - [10/Sep/2025:15:09:55 -0300] "GET /cormun/servlet/trpermisosgoce? HTTP/1.1" 200 14643
190.95.1.129 - - [10/Sep/2025:15:10:12 -0300] "POST /cormun/servlet/trpermisosgoce?a5317443972f3b463b0ef75925e10a6a,,gx-no-cache=1757527973799 HTTP/1.1" 200 11907
190.95.1.129 - - [10/Sep/2025:15:10:16 -0300] "POST /cormun/servlet/trpermisosgoce?a5317443972f3b463b0ef75925e10a6a,,gx-no-cache=1757527978582 HTTP/1.1" 200 11907
190.95.67.95 - - [10/Sep/2025:15:10:28 -0300] "GET /cormun/servlet/trsolicitudot? HTTP/1.1" 200 7221
190.95.1.129 - - [10/Sep/2025:15:10:31 -0300] "POST /cormun/servlet/trpermisosgoce?a5317443972f3b463b0ef75925e10a6a,,gx-no-cache=1757527992942 HTTP/1.1" 200 4486
190.95.67.93 - - [10/Sep/2025:15:10:31 -0300] "GET /cormun/servlet/trpermisosadjuntos?19852529,20250902081500,P, HTTP/1.1" 200 6680
190.95.1.129 - - [10/Sep/2025:15:10:32 -0300] "POST /cormun/servlet/trpermisosgoce?a5317443972f3b463b0ef75925e10a6a,,gx-no-cache=1757527994101 HTTP/1.1" 200 4486
190.95.67.93 - - [10/Sep/2025:15:10:33 -0300] "GET /cormun/servlet/permisosadjuntos?INS,19852529,P,20250902081500,, HTTP/1.1" 200 5984
190.95.67.93 - - [10/Sep/2025:15:10:33 -0300] "GET /cormun/static/about:blank HTTP/1.1" 404 1011
190.95.1.129 - - [10/Sep/2025:15:10:33 -0300] "POST /cormun/servlet/trpermisosgoce?a5317443972f3b463b0ef75925e10a6a,,gx-no-cache=1757527995837 HTTP/1.1" 200 104
190.95.1.129 - - [10/Sep/2025:15:10:34 -0300] "POST /cormun/servlet/trpermisosgoce?a5317443972f3b463b0ef75925e10a6a,,gx-no-cache=1757527995919 HTTP/1.1" 200 4463
190.95.1.129 - - [10/Sep/2025:15:10:34 -0300] "GET /cormun/PermisosGoce-1913.xls HTTP/1.1" 200 4096
190.95.67.95 - - [10/Sep/2025:15:10:47 -0300] "POST /cormun/servlet/trsolicitudot?70f871ffd77d7e5d10c98bf6207d814e,,gx-no-cache=1757528008807 HTTP/1.1" 200 4351
190.95.67.95 - - [10/Sep/2025:15:10:48 -0300] "POST /cormun/servlet/trsolicitudot?70f871ffd77d7e5d10c98bf6207d814e,,gx-no-cache=1757528009646 HTTP/1.1" 200 4350
190.95.67.95 - - [10/Sep/2025:15:10:49 -0300] "POST /cormun/servlet/trsolicitudot?70f871ffd77d7e5d10c98bf6207d814e,,gx-no-cache=1757528010669 HTTP/1.1" 200 4350
190.95.67.95 - - [10/Sep/2025:15:10:49 -0300] "POST /cormun/servlet/trsolicitudot?70f871ffd77d7e5d10c98bf6207d814e,,gx-no-cache=1757528010957 HTTP/1.1" 200 4351
190.95.67.95 - - [10/Sep/2025:15:10:49 -0300] "POST /cormun/servlet/trsolicitudot?70f871ffd77d7e5d10c98bf6207d814e,,gx-no-cache=1757528011237 HTTP/1.1" 200 4351
190.95.67.95 - - [10/Sep/2025:15:10:50 -0300] "POST /cormun/servlet/trsolicitudot?70f871ffd77d7e5d10c98bf6207d814e,,gx-no-cache=1757528011510 HTTP/1.1" 200 4350
190.95.67.95 - - [10/Sep/2025:15:10:50 -0300] "POST /cormun/servlet/trsolicitudot?70f871ffd77d7e5d10c98bf6207d814e,,gx-no-cache=1757528011749 HTTP/1.1" 200 4351
190.95.1.129 - - [10/Sep/2025:15:10:56 -0300] "GET /cormun/servlet/trpermisosgoce? HTTP/1.1" 200 7245
190.95.67.93 - - [10/Sep/2025:15:10:59 -0300] "POST /cormun/servlet/permisosadjuntos?c6b473bac6da333133bcaa1a91f84138,INS,19852529,P,20250902081500,, HTTP/1.1" 200 116
190.95.67.93 - - [10/Sep/2025:15:10:59 -0300] "GET /cormun/servlet/hpexe_return? HTTP/1.1" 200 1039
190.95.67.93 - - [10/Sep/2025:15:10:59 -0300] "GET /cormun/servlet/trpermisosadjuntos?19852529,20250902081500,P, HTTP/1.1" 200 7242
190.95.67.95 - - [10/Sep/2025:15:11:02 -0300] "GET /cormun/servlet/hlogin HTTP/1.1" 200 1721
190.95.67.93 - - [10/Sep/2025:15:11:02 -0300] "POST /cormun/servlet/trpermisosadjuntos?c6b473bac6da333133bcaa1a91f84138,19852529,20250902081500,P,,gx-no-cache=1757528024014 HTTP/1.1" 200 90
190.95.67.93 - - [10/Sep/2025:15:11:02 -0300] "GET /cormun/servlet/hpexe_link HTTP/1.1" 200 1006
190.95.67.93 - - [10/Sep/2025:15:11:03 -0300] "GET /cormun/servlet/trpermisosgoce?gx-no-cache=1757527304958 HTTP/1.1" 200 18931
190.95.67.95 - - [10/Sep/2025:15:11:04 -0300] "POST /cormun/servlet/hlogin?70f871ffd77d7e5d10c98bf6207d814e,gx-no-cache=1757528026369 HTTP/1.1" 200 90
190.95.67.95 - - [10/Sep/2025:15:11:04 -0300] "GET /cormun/servlet/hpexe_link HTTP/1.1" 200 957
190.95.67.95 - - [10/Sep/2025:15:11:04 -0300] "GET /cormun/servlet/trsolicitudot? HTTP/1.1" 200 7226
190.95.67.93 - - [10/Sep/2025:15:11:09 -0300] "POST /cormun/servlet/trpermisosgoce?c6b473bac6da333133bcaa1a91f84138,gx-no-cache=1757527304958,gx-no-cache=1757528030432 HTTP/1.1" 200 16049
190.95.1.129 - - [10/Sep/2025:15:11:09 -0300] "POST /cormun/servlet/trpermisosgoce?a5317443972f3b463b0ef75925e10a6a,,gx-no-cache=1757528031478 HTTP/1.1" 200 5346
190.95.67.93 - - [10/Sep/2025:15:11:24 -0300] "GET /cormun/servlet/trpermisosadjuntos?13944228,20250829082150,P, HTTP/1.1" 200 6683
190.95.67.93 - - [10/Sep/2025:15:11:26 -0300] "GET /cormun/servlet/permisosadjuntos?INS,13944228,P,20250829082150,, HTTP/1.1" 200 5994
190.95.67.93 - - [10/Sep/2025:15:11:26 -0300] "GET /cormun/static/about:blank HTTP/1.1" 404 1011
190.95.67.95 - - [10/Sep/2025:15:11:33 -0300] "POST /cormun/servlet/trsolicitudot?70f871ffd77d7e5d10c98bf6207d814e,,gx-no-cache=1757528055160 HTTP/1.1" 200 4352
190.95.67.95 - - [10/Sep/2025:15:11:35 -0300] "POST /cormun/servlet/trsolicitudot?70f871ffd77d7e5d10c98bf6207d814e,,gx-no-cache=1757528056670 HTTP/1.1" 200 4352
190.95.67.95 - - [10/Sep/2025:15:11:35 -0300] "POST /cormun/servlet/trsolicitudot?70f871ffd77d7e5d10c98bf6207d814e,,gx-no-cache=1757528056910 HTTP/1.1" 200 4352
190.95.67.95 - - [10/Sep/2025:15:11:35 -0300] "POST /cormun/servlet/trsolicitudot?70f871ffd77d7e5d10c98bf6207d814e,,gx-no-cache=1757528057117 HTTP/1.1" 200 4352
190.95.67.95 - - [10/Sep/2025:15:11:35 -0300] "POST /cormun/servlet/trsolicitudot?70f871ffd77d7e5d10c98bf6207d814e,,gx-no-cache=1757528057341 HTTP/1.1" 200 4352
190.95.67.95 - - [10/Sep/2025:15:11:36 -0300] "POST /cormun/servlet/trsolicitudot?70f871ffd77d7e5d10c98bf6207d814e,,gx-no-cache=1757528057534 HTTP/1.1" 200 4350
190.95.67.95 - - [10/Sep/2025:15:11:40 -0300] "POST /cormun/servlet/trsolicitudot?70f871ffd77d7e5d10c98bf6207d814e,,gx-no-cache=1757528062118 HTTP/1.1" 200 4350
190.95.67.95 - - [10/Sep/2025:15:11:41 -0300] "POST /cormun/servlet/trsolicitudot?70f871ffd77d7e5d10c98bf6207d814e,,gx-no-cache=1757528063077 HTTP/1.1" 200 4351
190.95.67.95 - - [10/Sep/2025:15:11:41 -0300] "POST /cormun/servlet/trsolicitudot?70f871ffd77d7e5d10c98bf6207d814e,,gx-no-cache=1757528063309 HTTP/1.1" 200 4350
190.95.67.95 - - [10/Sep/2025:15:11:42 -0300] "POST /cormun/servlet/trsolicitudot?70f871ffd77d7e5d10c98bf6207d814e,,gx-no-cache=1757528063509 HTTP/1.1" 200 4351
190.95.67.93 - - [10/Sep/2025:15:11:43 -0300] "POST /cormun/servlet/permisosadjuntos?c6b473bac6da333133bcaa1a91f84138,INS,13944228,P,20250829082150,, HTTP/1.1" 200 116
190.95.67.93 - - [10/Sep/2025:15:11:43 -0300] "GET /cormun/servlet/hpexe_return? HTTP/1.1" 200 1039
190.95.67.93 - - [10/Sep/2025:15:11:43 -0300] "GET /cormun/servlet/trpermisosadjuntos?13944228,20250829082150,P, HTTP/1.1" 200 7231
190.95.67.93 - - [10/Sep/2025:15:11:46 -0300] "POST /cormun/servlet/trpermisosadjuntos?c6b473bac6da333133bcaa1a91f84138,13944228,20250829082150,P,,gx-no-cache=1757528067455 HTTP/1.1" 200 90
190.95.67.93 - - [10/Sep/2025:15:11:46 -0300] "GET /cormun/servlet/hpexe_link HTTP/1.1" 200 1005
190.95.67.93 - - [10/Sep/2025:15:11:46 -0300] "GET /cormun/servlet/trpermisosgoce?gx-no-cache=1757527304958 HTTP/1.1" 200 18927
179.57.78.71 - - [10/Sep/2025:15:11:55 -0300] "GET /cormun/servlet/hhome HTTP/1.1" 200 3320
179.57.78.71 - - [10/Sep/2025:15:11:55 -0300] "GET /cormun/servlet/hhome HTTP/1.1" 200 3330
179.57.78.71 - - [10/Sep/2025:15:11:55 -0300] "GET /cormun/servlet/hlogin HTTP/1.1" 200 1729
190.95.67.93 - - [10/Sep/2025:15:11:56 -0300] "POST /cormun/servlet/trpermisosgoce?c6b473bac6da333133bcaa1a91f84138,gx-no-cache=1757527304958,gx-no-cache=1757528077040 HTTP/1.1" 200 16038
179.57.78.71 - - [10/Sep/2025:15:12:01 -0300] "POST /cormun/servlet/hlogin?db32fa5e01069e7eeb7dc5389f9f2e0c,gx-no-cache=1757528082570 HTTP/1.1" 200 90
179.57.78.71 - - [10/Sep/2025:15:12:01 -0300] "GET /cormun/servlet/hpexe_link HTTP/1.1" 200 948
179.57.78.71 - - [10/Sep/2025:15:12:01 -0300] "GET /cormun/servlet/hhome HTTP/1.1" 200 4253
179.57.78.71 - - [10/Sep/2025:15:12:05 -0300] "GET /cormun/servlet/trlicencias? HTTP/1.1" 200 13800
190.95.67.93 - - [10/Sep/2025:15:12:18 -0300] "GET /cormun/servlet/trpermisosadjuntos?10452599,20250829102038,P, HTTP/1.1" 200 7241
190.95.67.93 - - [10/Sep/2025:15:12:26 -0300] "GET /cormun/servlet/trpermisosgoce?gx-no-cache=1757527304958 HTTP/1.1" 200 18915
179.57.78.71 - - [10/Sep/2025:15:12:31 -0300] "GET /cormun/servlet/licenciaspermisos?DSP,19019395,L,20250908000000, HTTP/1.1" 200 7367
190.95.67.93 - - [10/Sep/2025:15:12:37 -0300] "GET /cormun/servlet/trpermisosadjuntos?18042341,20250901162751,P, HTTP/1.1" 200 6682
190.95.67.93 - - [10/Sep/2025:15:12:40 -0300] "GET /cormun/servlet/permisosadjuntos?INS,18042341,P,20250901162751,, HTTP/1.1" 200 5989
190.95.67.93 - - [10/Sep/2025:15:12:40 -0300] "GET /cormun/static/about:blank HTTP/1.1" 404 1011
179.57.78.71 - - [10/Sep/2025:15:12:45 -0300] "POST /cormun/servlet/licenciaspermisos?db32fa5e01069e7eeb7dc5389f9f2e0c,DSP,19019395,L,20250908000000,,gx-no-cache=1757528126162 HTTP/1.1" 200 93
179.57.78.71 - - [10/Sep/2025:15:12:45 -0300] "GET /cormun/servlet/hpexe_return? HTTP/1.1" 200 1025
179.57.78.71 - - [10/Sep/2025:15:12:45 -0300] "GET /cormun/static/gxcfg.js?20221129846035 HTTP/1.1" 200 953
179.57.78.71 - - [10/Sep/2025:15:12:45 -0300] "GET /cormun/static/hpexe_return.js?20221129846037 HTTP/1.1" 200 1633
179.57.78.71 - - [10/Sep/2025:15:12:45 -0300] "GET /cormun/servlet/trlicencias HTTP/1.1" 200 13804
190.95.1.129 - - [10/Sep/2025:15:12:54 -0300] "POST /cormun/servlet/trpermisosgoce?a5317443972f3b463b0ef75925e10a6a,,gx-no-cache=1757528136502 HTTP/1.1" 200 5775
190.95.67.99 - - [10/Sep/2025:15:12:59 -0300] "GET /cormun/servlet/permisogoce?INS,0,,, HTTP/1.1" 200 7214
190.95.67.93 - - [10/Sep/2025:15:13:07 -0300] "POST /cormun/servlet/permisosadjuntos?c6b473bac6da333133bcaa1a91f84138,INS,18042341,P,20250901162751,, HTTP/1.1" 200 116
190.95.67.93 - - [10/Sep/2025:15:13:07 -0300] "GET /cormun/servlet/hpexe_return? HTTP/1.1" 200 1040
190.95.67.93 - - [10/Sep/2025:15:13:08 -0300] "GET /cormun/servlet/trpermisosadjuntos?18042341,20250901162751,P, HTTP/1.1" 200 7240
190.95.67.93 - - [10/Sep/2025:15:13:11 -0300] "POST /cormun/servlet/trpermisosadjuntos?c6b473bac6da333133bcaa1a91f84138,18042341,20250901162751,P,,gx-no-cache=1757528152191 HTTP/1.1" 200 90
190.95.67.93 - - [10/Sep/2025:15:13:11 -0300] "GET /cormun/servlet/hpexe_link HTTP/1.1" 200 1007
190.95.1.129 - - [10/Sep/2025:15:13:11 -0300] "POST /cormun/servlet/trpermisosgoce?a5317443972f3b463b0ef75925e10a6a,,gx-no-cache=1757528152950 HTTP/1.1" 200 5345
190.95.67.93 - - [10/Sep/2025:15:13:11 -0300] "GET /cormun/servlet/trpermisosgoce?gx-no-cache=1757527304958 HTTP/1.1" 200 18915
190.95.67.99 - - [10/Sep/2025:15:13:11 -0300] "GET /cormun/servlet/permisogoce?4ec0103c8c3d2ff7631203af77732625a16ae88d7f58b51f5efbbdf087a5ca75570a6ba0bf34e710c9c32cd7fe561cf58c2592f98bf9e60242a37f6798898207,gx-no-cache=1757528151722 HTTP/1.1" 200 84
190.95.67.93 - - [10/Sep/2025:15:13:18 -0300] "POST /cormun/servlet/trpermisosgoce?c6b473bac6da333133bcaa1a91f84138,gx-no-cache=1757527304958,gx-no-cache=1757528159657 HTTP/1.1" 200 16035
190.95.67.99 - - [10/Sep/2025:15:13:20 -0300] "GET /cormun/servlet/permisogoce?4ec0103c8c3d2ff7631203af77732625ad3dd49c7f846b85d2f29d0cec6abac682e436843a1165ec6ef4557ed7d07f35f9145120dc5699014209f18b1768ae07,gx-no-cache=1757528160390 HTTP/1.1" 200 47
190.95.67.93 - - [10/Sep/2025:15:13:23 -0300] "GET /cormun/servlet/trpermisosadjuntos?13945989,20250902081053,P, HTTP/1.1" 200 6681
190.95.67.99 - - [10/Sep/2025:15:13:23 -0300] "POST /cormun/servlet/permisogoce?e2ae9d51cb0b9e1885c35427814734e4,INS,0,,,,gx-no-cache=1757528163481 HTTP/1.1" 200 93
190.95.67.99 - - [10/Sep/2025:15:13:23 -0300] "GET /cormun/servlet/hpexe_return? HTTP/1.1" 200 1011
190.95.67.99 - - [10/Sep/2025:15:13:23 -0300] "GET /cormun/servlet/trpermisosgoce HTTP/1.1" 200 14420
190.95.67.93 - - [10/Sep/2025:15:13:25 -0300] "GET /cormun/servlet/permisosadjuntos?INS,13945989,P,20250902081053,, HTTP/1.1" 200 5985
190.95.67.93 - - [10/Sep/2025:15:13:25 -0300] "GET /cormun/static/about:blank HTTP/1.1" 404 1011
190.95.67.93 - - [10/Sep/2025:15:14:22 -0300] "POST /cormun/servlet/permisosadjuntos?c6b473bac6da333133bcaa1a91f84138,INS,13945989,P,20250902081053,, HTTP/1.1" 200 116
190.95.67.93 - - [10/Sep/2025:15:14:22 -0300] "GET /cormun/servlet/hpexe_return? HTTP/1.1" 200 1040
190.95.67.93 - - [10/Sep/2025:15:14:22 -0300] "GET /cormun/servlet/trpermisosadjuntos?13945989,20250902081053,P, HTTP/1.1" 200 7232
190.95.67.93 - - [10/Sep/2025:15:14:30 -0300] "POST /cormun/servlet/trpermisosadjuntos?c6b473bac6da333133bcaa1a91f84138,13945989,20250902081053,P,,gx-no-cache=1757528231495 HTTP/1.1" 200 90
190.95.67.93 - - [10/Sep/2025:15:14:30 -0300] "GET /cormun/servlet/hpexe_link HTTP/1.1" 200 1007
190.95.67.93 - - [10/Sep/2025:15:14:30 -0300] "GET /cormun/servlet/trpermisosgoce?gx-no-cache=1757527304958 HTTP/1.1" 200 18915
190.95.67.93 - - [10/Sep/2025:15:14:39 -0300] "POST /cormun/servlet/trpermisosgoce?c6b473bac6da333133bcaa1a91f84138,gx-no-cache=1757527304958,gx-no-cache=1757528240465 HTTP/1.1" 200 16030
190.95.67.95 - - [10/Sep/2025:15:14:46 -0300] "GET /cormun/servlet/hlogin HTTP/1.1" 200 1721
190.95.67.95 - - [10/Sep/2025:15:14:49 -0300] "POST /cormun/servlet/hlogin?70f871ffd77d7e5d10c98bf6207d814e,gx-no-cache=1757528251009 HTTP/1.1" 200 90
190.95.67.95 - - [10/Sep/2025:15:14:49 -0300] "GET /cormun/servlet/hpexe_link HTTP/1.1" 200 957
190.95.67.95 - - [10/Sep/2025:15:14:49 -0300] "GET /cormun/servlet/trsolicitudot? HTTP/1.1" 200 7223
190.95.67.95 - - [10/Sep/2025:15:14:54 -0300] "GET /cormun/servlet/solicitudot?INS,0,0,false, HTTP/1.1" 200 16012
190.95.67.93 - - [10/Sep/2025:15:14:59 -0300] "GET /cormun/servlet/trpermisosadjuntos?18379144,20250908111859,P, HTTP/1.1" 200 6686
190.95.67.93 - - [10/Sep/2025:15:15:00 -0300] "GET /cormun/servlet/permisosadjuntos?INS,18379144,P,20250908111859,, HTTP/1.1" 200 5989
190.95.67.93 - - [10/Sep/2025:15:15:00 -0300] "GET /cormun/static/about:blank HTTP/1.1" 404 1011
190.95.67.95 - - [10/Sep/2025:15:15:10 -0300] "POST /cormun/servlet/solicitudot?gx-no-cache=1757528272289 HTTP/1.1" 200 4039
190.95.67.95 - - [10/Sep/2025:15:15:10 -0300] "POST /cormun/servlet/solicitudot?70f871ffd77d7e5d10c98bf6207d814e,INS,0,0,false,,gx-no-cache=1757528272404 HTTP/1.1" 200 12617
190.95.67.93 - - [10/Sep/2025:15:15:11 -0300] "POST /cormun/servlet/permisosadjuntos?c6b473bac6da333133bcaa1a91f84138,INS,18379144,P,20250908111859,, HTTP/1.1" 200 116
190.95.67.93 - - [10/Sep/2025:15:15:11 -0300] "GET /cormun/servlet/hpexe_return? HTTP/1.1" 200 1040
190.95.67.93 - - [10/Sep/2025:15:15:11 -0300] "GET /cormun/servlet/trpermisosadjuntos?18379144,20250908111859,P, HTTP/1.1" 200 7232
190.95.67.95 - - [10/Sep/2025:15:15:12 -0300] "GET /cormun/servlet/solicitudot?2829207e8cad32af108d9838d21efbf2a0c193027c059b8e3be3fbedc16158944940f4273ed7b4dda39907546ea4d47d,gx-no-cache=1757528274230 HTTP/1.1" 200 30
190.95.67.93 - - [10/Sep/2025:15:15:14 -0300] "POST /cormun/servlet/trpermisosadjuntos?c6b473bac6da333133bcaa1a91f84138,18379144,20250908111859,P,,gx-no-cache=1757528275359 HTTP/1.1" 200 90
190.95.67.93 - - [10/Sep/2025:15:15:14 -0300] "GET /cormun/servlet/hpexe_link HTTP/1.1" 200 1007
190.95.67.93 - - [10/Sep/2025:15:15:14 -0300] "GET /cormun/servlet/trpermisosgoce?gx-no-cache=1757527304958 HTTP/1.1" 200 18908
190.95.67.93 - - [10/Sep/2025:15:15:19 -0300] "POST /cormun/servlet/trpermisosgoce?c6b473bac6da333133bcaa1a91f84138,gx-no-cache=1757527304958,gx-no-cache=1757528280225 HTTP/1.1" 200 16029
190.95.67.93 - - [10/Sep/2025:15:15:33 -0300] "GET /cormun/servlet/trpermisosadjuntos?12516879,20250908113640,P, HTTP/1.1" 200 7238
190.95.67.93 - - [10/Sep/2025:15:15:36 -0300] "POST /cormun/servlet/trpermisosadjuntos?c6b473bac6da333133bcaa1a91f84138,12516879,20250908113640,P,,gx-no-cache=1757528297271 HTTP/1.1" 200 90
190.95.67.93 - - [10/Sep/2025:15:15:36 -0300] "GET /cormun/servlet/hpexe_link HTTP/1.1" 200 1007
190.95.67.93 - - [10/Sep/2025:15:15:36 -0300] "GET /cormun/servlet/trpermisosgoce?gx-no-cache=1757527304958 HTTP/1.1" 200 18907
190.95.67.95 - - [10/Sep/2025:15:15:43 -0300] "GET /cormun/servlet/prbanco?,MD,,gxPopupLevel%3D0%3B HTTP/1.1" 200 6670
190.95.67.93 - - [10/Sep/2025:15:15:47 -0300] "GET /cormun/servlet/trpermisosadjuntos?20028060,20250908112129,P, HTTP/1.1" 200 6681
190.95.67.95 - - [10/Sep/2025:15:15:47 -0300] "GET /cormun/servlet/solicitudot?2829207e8cad32af108d9838d21efbf29ed44ee4acc189ecc2d20cae9036d0c0511e693231af8e8eb68c2529d9b2ad71,gx-no-cache=1757528309408 HTTP/1.1" 200 30
