190.95.15.27 - - [08/Sep/2025:08:37:54 -0300] "GET /cormun/servlet/licenciaspermisos?DSP,8350224,L,20250902000000, HTTP/1.1" 200 7031
190.95.15.27 - - [08/Sep/2025:08:37:54 -0300] "GET /cormun/static/gxcfg.js?202012153173 HTTP/1.1" 200 953
190.95.15.27 - - [08/Sep/2025:08:37:54 -0300] "GET /cormun/static/licenciaspermisos.js?2020121532136 HTTP/1.1" 200 38753
190.95.15.27 - - [08/Sep/2025:08:38:00 -0300] "GET /cormun/servlet/trlicencias? HTTP/1.1" 200 10936
190.95.67.99 - - [08/Sep/2025:08:38:07 -0300] "GET /cormun/servlet/trpermisosgoce? HTTP/1.1" 200 13345
190.95.15.27 - - [08/Sep/2025:08:38:08 -0300] "GET /cormun/servlet/licenciaspermisos?DSP,19588671,L,20250902000000, HTTP/1.1" 200 7025
190.95.15.27 - - [08/Sep/2025:08:38:12 -0300] "GET /cormun/servlet/trlicencias? HTTP/1.1" 200 10936
190.95.67.99 - - [08/Sep/2025:08:38:13 -0300] "GET /cormun/servlet/permisogoce?INS,0,,, HTTP/1.1" 200 7212
190.95.15.27 - - [08/Sep/2025:08:38:18 -0300] "GET /cormun/servlet/licenciaspermisos?DSP,15122749,L,20250902000000, HTTP/1.1" 200 7040
190.95.67.99 - - [08/Sep/2025:08:38:19 -0300] "GET /cormun/servlet/prfichaempleado?,MD,,gxPopupLevel%3D0%3B HTTP/1.1" 200 9274
190.95.15.27 - - [08/Sep/2025:08:38:22 -0300] "GET /cormun/servlet/trlicencias? HTTP/1.1" 200 10936
190.95.15.27 - - [08/Sep/2025:08:38:28 -0300] "GET /cormun/servlet/licenciaspermisos?DSP,17906276,L,20250902000000, HTTP/1.1" 200 7034
190.95.67.99 - - [08/Sep/2025:08:38:31 -0300] "POST /cormun/servlet/prfichaempleado?c044b9aa5dd77d67adb80e9b5a9c778c,,MD,,gxPopupLevel%3D0%3B,gx-no-cache=1757331679663 HTTP/1.1" 200 3409
190.95.15.27 - - [08/Sep/2025:08:38:39 -0300] "GET /cormun/servlet/trlicencias? HTTP/1.1" 200 10936
190.95.67.99 - - [08/Sep/2025:08:38:41 -0300] "GET /cormun/servlet/permisogoce?8a550ce2f918d2b7a75a7ed72ab4bb94c5165a6a1a5cb5bbebe09e17ff83fb7ec2623d3ffe37c292d5b28b5918eb06d30322ade9a0704bc4d232ec5e26e25281,gx-no-cache=1757331685216 HTTP/1.1" 200 85
190.95.15.27 - - [08/Sep/2025:08:38:44 -0300] "GET /cormun/servlet/licenciaspermisos?DSP,8350224,L,20250902000000, HTTP/1.1" 200 7031
190.95.15.27 - - [08/Sep/2025:08:38:47 -0300] "GET /cormun/servlet/trlicencias? HTTP/1.1" 200 10936
190.95.67.99 - - [08/Sep/2025:08:38:49 -0300] "GET /cormun/static/menuarrow.gif HTTP/1.1" 404 1015
190.95.15.27 - - [08/Sep/2025:08:38:53 -0300] "GET /cormun/servlet/licenciaspermisos?DSP,20370539,L,20250827000000, HTTP/1.1" 200 7047
190.95.67.99 - - [08/Sep/2025:08:39:01 -0300] "GET /cormun/servlet/permisogoce?8a550ce2f918d2b7a75a7ed72ab4bb949d409e9583a3e5393c39daae608543ad0b4fb693ee5b65992ec0749f285b683a09d1e634373fcfd9975442205b67b5f8,gx-no-cache=1757331711599 HTTP/1.1" 200 47
190.95.15.27 - - [08/Sep/2025:08:39:03 -0300] "GET /cormun/servlet/trlicencias? HTTP/1.1" 200 10936
190.95.15.27 - - [08/Sep/2025:08:39:12 -0300] "GET /cormun/servlet/licenciaspermisos?DSP,14337438,L,20250821000000, HTTP/1.1" 200 7058
190.95.15.27 - - [08/Sep/2025:08:39:16 -0300] "GET /cormun/servlet/trlicencias? HTTP/1.1" 200 10936
190.95.67.99 - - [08/Sep/2025:08:39:51 -0300] "POST /cormun/servlet/permisogoce?c044b9aa5dd77d67adb80e9b5a9c778c,INS,0,,,,gx-no-cache=1757331717799 HTTP/1.1" 200 93
190.95.67.99 - - [08/Sep/2025:08:39:51 -0300] "GET /cormun/servlet/hpexe_return? HTTP/1.1" 200 1009
190.95.67.99 - - [08/Sep/2025:08:39:52 -0300] "GET /cormun/servlet/trpermisosgoce HTTP/1.1" 200 13577
201.186.225.191 - - [08/Sep/2025:08:39:56 -0300] "GET /cormun/servlet/hlogin HTTP/1.1" 200 1728
201.186.225.191 - - [08/Sep/2025:08:40:04 -0300] "GET /cormun/servlet/hlogin HTTP/1.1" 200 1739
190.95.67.99 - - [08/Sep/2025:08:40:04 -0300] "GET /cormun/servlet/apermisogoceprn?13718866,P,20250908084116,PU HTTP/1.1" 200 1658
201.186.225.191 - - [08/Sep/2025:08:40:40 -0300] "POST /cormun/servlet/hlogin?f3338a11e396701c6ce63d55bad090bc,gx-no-cache=1757331809351 HTTP/1.1" 200 90
201.186.225.191 - - [08/Sep/2025:08:40:40 -0300] "GET /cormun/servlet/hpexe_link HTTP/1.1" 200 958
201.186.225.191 - - [08/Sep/2025:08:40:40 -0300] "GET /cormun/servlet/hhome HTTP/1.1" 200 4203
201.186.225.191 - - [08/Sep/2025:08:40:47 -0300] "GET /cormun/servlet/trlicencias? HTTP/1.1" 200 11253
201.186.225.191 - - [08/Sep/2025:08:41:11 -0300] "GET /cormun/servlet/hlogin HTTP/1.1" 200 1745
190.95.67.91 - - [08/Sep/2025:08:42:10 -0300] "POST /cormun/servlet/trlicencias?9a3dff52f3f132c32d72b27e3e2e0f14,,gx-no-cache=1757331894645 HTTP/1.1" 200 16154
190.95.1.185 - - [08/Sep/2025:08:44:04 -0300] "GET /cormun/servlet/hlogin HTTP/1.1" 200 1718
190.95.1.185 - - [08/Sep/2025:08:44:04 -0300] "GET /cormun/servlet/hlogin HTTP/1.1" 200 1728
190.95.1.185 - - [08/Sep/2025:08:44:07 -0300] "POST /cormun/servlet/hlogin?9e3cde4d6be3b5d66ff26a2ad337799d,gx-no-cache=1757332012090 HTTP/1.1" 200 90
190.95.1.185 - - [08/Sep/2025:08:44:20 -0300] "GET /cormun/servlet/hpexe_link HTTP/1.1" 200 950
190.95.1.185 - - [08/Sep/2025:08:44:20 -0300] "GET /cormun/servlet/hhome HTTP/1.1" 200 4478
190.95.1.185 - - [08/Sep/2025:08:44:31 -0300] "GET /cormun/servlet/trpermisosgoce? HTTP/1.1" 200 15175
190.95.1.185 - - [08/Sep/2025:08:44:35 -0300] "GET /cormun/servlet/permisogoce?INS,0,,, HTTP/1.1" 200 7381
190.95.1.185 - - [08/Sep/2025:08:44:35 -0300] "GET /cormun/static/Resources/prompt.gif HTTP/1.1" 304 -
190.95.1.185 - - [08/Sep/2025:08:44:42 -0300] "GET /cormun/servlet/permisogoce?b950aa777dbf0ac4cd6047364f04f83fccea2381b360336ab1dc3f584b40fba083f5709fbac20ead5484349cc239721c1ecf2433c5439644605296f75bf53084,gx-no-cache=1757332046445 HTTP/1.1" 200 81
190.95.1.185 - - [08/Sep/2025:08:44:48 -0300] "GET /cormun/static/menuarrow.gif HTTP/1.1" 404 1015
190.95.1.185 - - [08/Sep/2025:08:44:51 -0300] "GET /cormun/servlet/permisogoce?b950aa777dbf0ac4cd6047364f04f83f48e3a9e84baa9fc80ff30861e525580885a1d0ace213e59ec6431cbf06ec1b5acec290d227ca9a9031557a7333547e71,gx-no-cache=1757332056304 HTTP/1.1" 200 44
190.95.1.185 - - [08/Sep/2025:08:45:01 -0300] "POST /cormun/servlet/permisogoce?9e3cde4d6be3b5d66ff26a2ad337799d,INS,0,,,,gx-no-cache=1757332064434 HTTP/1.1" 200 93
190.95.1.185 - - [08/Sep/2025:08:45:01 -0300] "GET /cormun/servlet/hpexe_return? HTTP/1.1" 200 1008
190.95.1.185 - - [08/Sep/2025:08:45:01 -0300] "GET /cormun/static/gxcfg.js?20221129846035 HTTP/1.1" 304 -
190.95.1.185 - - [08/Sep/2025:08:45:01 -0300] "GET /cormun/static/hpexe_return.js?20221129846037 HTTP/1.1" 304 -
190.95.1.185 - - [08/Sep/2025:08:45:01 -0300] "GET /cormun/servlet/trpermisosgoce HTTP/1.1" 200 15436
190.95.1.185 - - [08/Sep/2025:08:45:04 -0300] "GET /cormun/servlet/apermisogoceprn?19589332,P,20250908084738,PU HTTP/1.1" 200 1672
10.40.40.2 - - [08/Sep/2025:08:48:07 -0300] "POST /cormun/servlet/trlicencias?b7c8319cae6ea174fb0ab0b453f8a089,gx-no-cache=1757332239007 HTTP/1.1" 440 972
10.40.40.2 - - [08/Sep/2025:08:48:08 -0300] "GET /cormun/servlet/trlicencias HTTP/1.1" 200 6046
10.40.40.2 - - [08/Sep/2025:08:48:08 -0300] "GET /cormun/static/RunJS/RunJS.js HTTP/1.1" 200 288
10.40.40.2 - - [08/Sep/2025:08:48:08 -0300] "GET /cormun/static/PXToolsJavascripts/pexe_cookies.js HTTP/1.1" 200 792
10.40.40.2 - - [08/Sep/2025:08:48:08 -0300] "GET /cormun/static/PXToolsJavascripts/pexe_menudivfix.js HTTP/1.1" 200 333
10.40.40.2 - - [08/Sep/2025:08:48:08 -0300] "GET /cormun/static/PXToolsJavascripts/pexe_oav.js HTTP/1.1" 200 645
10.40.40.2 - - [08/Sep/2025:08:48:08 -0300] "GET /cormun/static/PXToolsJavascripts/pexe_picture.js HTTP/1.1" 200 689
10.40.40.2 - - [08/Sep/2025:08:48:08 -0300] "GET /cormun/static/PXToolsJavascripts/pexe_oavdivfix.js HTTP/1.1" 200 639
10.40.40.2 - - [08/Sep/2025:08:48:08 -0300] "GET /cormun/static/PXToolsJavascripts/pexe_tabdivfix.js HTTP/1.1" 200 898
10.40.40.2 - - [08/Sep/2025:08:48:08 -0300] "GET /cormun/static/SmoothNavMenu/resources/SmoothNavMenuRender.js HTTP/1.1" 200 5951
10.40.40.2 - - [08/Sep/2025:08:48:08 -0300] "GET /cormun/static/scaMessage/js/jquery.pnotify.min.js HTTP/1.1" 200 13038
10.40.40.2 - - [08/Sep/2025:08:48:09 -0300] "GET /cormun/servlet/hlogin HTTP/1.1" 200 1734
10.40.40.2 - - [08/Sep/2025:08:48:09 -0300] "GET /cormun/servlet/trlicencias HTTP/1.1" 200 6046
10.40.40.2 - - [08/Sep/2025:08:48:09 -0300] "GET /cormun/static/gxcfg.js?2022112219184450 HTTP/1.1" 200 953
190.95.15.13 - - [08/Sep/2025:08:49:46 -0300] "POST /cormun/servlet/trlicencias?90ff8b18d2f4b865d2f09418240c6b37,,gx-no-cache=1757332348894 HTTP/1.1" 440 972
190.95.15.13 - - [08/Sep/2025:08:49:48 -0300] "GET /cormun/servlet/trlicencias? HTTP/1.1" 200 6054
190.95.15.13 - - [08/Sep/2025:08:49:48 -0300] "GET /cormun/servlet/hlogin HTTP/1.1" 200 1742
201.186.226.5 - - [08/Sep/2025:08:51:22 -0300] "GET /cormun/servlet/hlogin HTTP/1.1" 200 1719
201.186.226.5 - - [08/Sep/2025:08:51:22 -0300] "GET /cormun/servlet/hlogin HTTP/1.1" 200 1730
201.186.226.5 - - [08/Sep/2025:08:51:25 -0300] "POST /cormun/servlet/hlogin?2b8b62c84e367440a21354985bd462bf,gx-no-cache=1757332450031 HTTP/1.1" 200 90
201.186.226.5 - - [08/Sep/2025:08:51:25 -0300] "GET /cormun/servlet/hpexe_link HTTP/1.1" 200 949
201.186.226.5 - - [08/Sep/2025:08:51:25 -0300] "GET /cormun/servlet/hhome HTTP/1.1" 200 3988
201.186.226.5 - - [08/Sep/2025:08:51:40 -0300] "GET /cormun/servlet/trlicencias? HTTP/1.1" 200 9428
200.126.116.145 - - [08/Sep/2025:08:52:40 -0300] "GET /cormun/servlet/hlogin HTTP/1.1" 200 1725
200.126.116.145 - - [08/Sep/2025:08:52:40 -0300] "GET /cormun/servlet/hlogin HTTP/1.1" 200 1736
190.95.67.95 - - [08/Sep/2025:08:53:02 -0300] "GET /cormun/servlet/hlogin HTTP/1.1" 200 1725
190.95.67.95 - - [08/Sep/2025:08:53:02 -0300] "GET /cormun/servlet/hlogin HTTP/1.1" 200 1735
190.95.67.95 - - [08/Sep/2025:08:53:05 -0300] "POST /cormun/servlet/hlogin?33bbf9f0f02742c6459e4cd7775eb6ec,gx-no-cache=1757332546709 HTTP/1.1" 200 445
190.95.67.95 - - [08/Sep/2025:08:53:11 -0300] "POST /cormun/servlet/hlogin?33bbf9f0f02742c6459e4cd7775eb6ec,gx-no-cache=1757332552928 HTTP/1.1" 200 90
190.95.67.95 - - [08/Sep/2025:08:53:11 -0300] "GET /cormun/servlet/hpexe_link HTTP/1.1" 200 954
190.95.67.95 - - [08/Sep/2025:08:53:12 -0300] "GET /cormun/servlet/hhome HTTP/1.1" 200 4008
200.126.116.145 - - [08/Sep/2025:08:53:27 -0300] "POST /cormun/servlet/hlogin?d27c28cc3f3e7a7d2b27400974c7419c,gx-no-cache=1757332577709 HTTP/1.1" 200 90
200.126.116.145 - - [08/Sep/2025:08:53:28 -0300] "GET /cormun/servlet/hpexe_link HTTP/1.1" 200 956
200.126.116.145 - - [08/Sep/2025:08:53:28 -0300] "GET /cormun/servlet/hhome HTTP/1.1" 200 4334
200.126.116.145 - - [08/Sep/2025:08:53:32 -0300] "GET /cormun/servlet/trpermisosgoce? HTTP/1.1" 200 11551
190.95.67.95 - - [08/Sep/2025:08:53:34 -0300] "GET /cormun/servlet/trsolicitudot? HTTP/1.1" 200 8646
190.95.67.95 - - [08/Sep/2025:08:53:37 -0300] "POST /cormun/servlet/trsolicitudot?33bbf9f0f02742c6459e4cd7775eb6ec,,gx-no-cache=1757332578491 HTTP/1.1" 200 107
190.95.67.95 - - [08/Sep/2025:08:53:37 -0300] "GET /cormun/servlet/trsolicitudadjuntos?2025,22939, HTTP/1.1" 200 6121
190.95.67.95 - - [08/Sep/2025:08:53:37 -0300] "GET /cormun/static/Resources/PXToolsGridNew.png HTTP/1.1" 200 427
190.95.67.95 - - [08/Sep/2025:08:53:37 -0300] "GET /cormun/static/gxcfg.js?20201215574222 HTTP/1.1" 200 953
190.95.67.95 - - [08/Sep/2025:08:53:37 -0300] "GET /cormun/static/trsolicitudadjuntos.js?20201215574932 HTTP/1.1" 200 17921
200.126.116.145 - - [08/Sep/2025:08:53:38 -0300] "GET /cormun/servlet/permisogoce?INS,0,,, HTTP/1.1" 200 7229
190.95.1.187 - - [08/Sep/2025:08:53:39 -0300] "GET /cormun/static/menuarrow.gif HTTP/1.1" 404 1015
190.95.67.95 - - [08/Sep/2025:08:53:40 -0300] "GET /cormun/servlet/solicitudotadjuntos?INS,2025,22939,,1, HTTP/1.1" 200 6065
190.95.67.95 - - [08/Sep/2025:08:53:40 -0300] "GET /cormun/static/gxcfg.js?202211298385187 HTTP/1.1" 200 953
190.95.67.95 - - [08/Sep/2025:08:53:40 -0300] "GET /cormun/static/solicitudotadjuntos.js?202211298385196 HTTP/1.1" 200 11771
190.95.67.95 - - [08/Sep/2025:08:53:40 -0300] "GET /cormun/static/about:blank HTTP/1.1" 404 1011
190.95.67.95 - - [08/Sep/2025:08:53:40 -0300] "GET /cormun/servlet/solicitudotadjuntos?6d148acb713b1589d8cb8df75cef36013edf150fdbfd5ce4062506edc0027265da913f59ebb05052ea09c22d3ea4a96a,gx-no-cache=1757332582164 HTTP/1.1" 200 30
190.95.67.95 - - [08/Sep/2025:08:53:41 -0300] "POST /cormun/servlet/solicitudotadjuntos?33bbf9f0f02742c6459e4cd7775eb6ec,INS,2025,22939,,1,,gx-no-cache=1757332582185 HTTP/1.1" 200 3873
190.95.1.187 - - [08/Sep/2025:08:53:43 -0300] "POST /cormun/servlet/trlicencias?e307b1634fee61ceecdcaa7f53c198af,gx-no-cache=1757332585949 HTTP/1.1" 440 972
190.95.67.93 - - [08/Sep/2025:08:53:44 -0300] "GET /cormun/servlet/hlogin HTTP/1.1" 200 1719
190.95.67.93 - - [08/Sep/2025:08:53:45 -0300] "GET /cormun/servlet/hlogin HTTP/1.1" 200 1730
190.95.1.187 - - [08/Sep/2025:08:53:45 -0300] "GET /cormun/servlet/trlicencias HTTP/1.1" 200 6052
190.95.1.187 - - [08/Sep/2025:08:53:45 -0300] "GET /cormun/servlet/hlogin HTTP/1.1" 200 1739
190.95.67.93 - - [08/Sep/2025:08:53:47 -0300] "POST /cormun/servlet/hlogin?5a0e92f880e1f3de2886ca87106d7491,gx-no-cache=1757332591912 HTTP/1.1" 200 90
190.95.67.95 - - [08/Sep/2025:08:53:47 -0300] "POST /cormun/servlet/solicitudotadjuntos?gx-no-cache=1757332588650 HTTP/1.1" 200 26
190.95.67.93 - - [08/Sep/2025:08:53:47 -0300] "GET /cormun/servlet/hpexe_link HTTP/1.1" 200 947
190.95.67.93 - - [08/Sep/2025:08:53:47 -0300] "GET /cormun/servlet/hhome HTTP/1.1" 200 4335
190.95.1.187 - - [08/Sep/2025:08:53:48 -0300] "POST /cormun/servlet/hlogin?2a0335da6f732f3ced0f753d5149ecc8,gx-no-cache=1757332590603 HTTP/1.1" 200 90
190.95.1.187 - - [08/Sep/2025:08:53:48 -0300] "GET /cormun/servlet/hpexe_link HTTP/1.1" 200 959
190.95.1.187 - - [08/Sep/2025:08:53:48 -0300] "GET /cormun/servlet/trlicencias HTTP/1.1" 200 17303
190.95.67.93 - - [08/Sep/2025:08:53:53 -0300] "GET /cormun/servlet/trpermisosgoce? HTTP/1.1" 200 16309
190.95.67.93 - - [08/Sep/2025:08:54:03 -0300] "GET /cormun/servlet/permisogoce?INS,0,,, HTTP/1.1" 200 7230
200.126.116.145 - - [08/Sep/2025:08:54:06 -0300] "GET /cormun/servlet/permisogoce?3b1bd4eac471e65a5e2e726b5f23afb39335126dd7a7bea3748dc7e86d66ec80f695e8d8536737bd29224cb69c7ad5904c74df22e6bec6618576699bd3f8b14f,gx-no-cache=1757332615694 HTTP/1.1" 200 70
200.126.116.145 - - [08/Sep/2025:08:54:09 -0300] "GET /cormun/static/menuarrow.gif HTTP/1.1" 404 1015
200.126.116.145 - - [08/Sep/2025:08:54:18 -0300] "GET /cormun/servlet/permisogoce?3b1bd4eac471e65a5e2e726b5f23afb3b9efb03fd8fecaebbc9e62f2b4ce64839be8cb92e51c36150f50a2bd83f0f959ed9835cdcd464ff48b5ea28daddff78c,gx-no-cache=1757332628675 HTTP/1.1" 200 47
200.126.116.145 - - [08/Sep/2025:08:54:45 -0300] "GET /cormun/servlet/trlicencias? HTTP/1.1" 200 17353
190.95.1.187 - - [08/Sep/2025:08:55:57 -0300] "POST /cormun/servlet/trlicencias?2a0335da6f732f3ced0f753d5149ecc8,gx-no-cache=1757332719903 HTTP/1.1" 200 15334
190.95.15.31 - - [08/Sep/2025:08:56:09 -0300] "GET /cormun/servlet/hlogin HTTP/1.1" 200 1714
190.95.15.31 - - [08/Sep/2025:08:56:10 -0300] "GET /cormun/static/Resources/indicator.gif HTTP/1.1" 200 1553
190.95.15.31 - - [08/Sep/2025:08:56:10 -0300] "GET /cormun/servlet/hlogin HTTP/1.1" 200 1725
185.247.137.176 - - [08/Sep/2025:08:56:13 -0300] "GET / HTTP/1.1" 200 11217
185.247.137.131 - - [08/Sep/2025:08:56:14 -0300] "GET /favicon.ico HTTP/1.1" 200 21630
190.95.15.31 - - [08/Sep/2025:08:56:17 -0300] "POST /cormun/servlet/hlogin?11210b5bb918ed3d33a9c69dd249833f,gx-no-cache=1757332739611 HTTP/1.1" 200 90
190.95.15.31 - - [08/Sep/2025:08:56:17 -0300] "GET /cormun/servlet/hpexe_link HTTP/1.1" 200 946
190.95.15.31 - - [08/Sep/2025:08:56:18 -0300] "GET /cormun/servlet/hhome HTTP/1.1" 200 4351
190.95.15.31 - - [08/Sep/2025:08:56:22 -0300] "GET /cormun/servlet/trlicencias? HTTP/1.1" 200 11205
190.95.1.185 - - [08/Sep/2025:08:59:49 -0300] "GET /cormun/servlet/trpermisosadjuntos?13199614,20250904105148,P, HTTP/1.1" 200 6818
190.95.1.185 - - [08/Sep/2025:08:59:51 -0300] "GET /cormun/servlet/permisosadjuntos?INS,13199614,P,20250904105148,, HTTP/1.1" 200 6121
190.95.1.185 - - [08/Sep/2025:08:59:51 -0300] "GET /cormun/static/about:blank HTTP/1.1" 404 1011
190.95.1.185 - - [08/Sep/2025:08:59:58 -0300] "POST /cormun/servlet/permisosadjuntos?9e3cde4d6be3b5d66ff26a2ad337799d,INS,13199614,P,20250904105148,, HTTP/1.1" 200 116
190.95.1.185 - - [08/Sep/2025:08:59:58 -0300] "GET /cormun/servlet/hpexe_return? HTTP/1.1" 200 1034
190.95.1.185 - - [08/Sep/2025:08:59:58 -0300] "GET /cormun/servlet/trpermisosadjuntos?13199614,20250904105148,P, HTTP/1.1" 200 7317
190.95.1.185 - - [08/Sep/2025:09:00:01 -0300] "POST /cormun/servlet/trpermisosadjuntos?9e3cde4d6be3b5d66ff26a2ad337799d,13199614,20250904105148,P,,gx-no-cache=1757332966267 HTTP/1.1" 200 90
190.95.1.185 - - [08/Sep/2025:09:00:08 -0300] "GET /cormun/servlet/hpexe_link HTTP/1.1" 200 981
190.95.1.185 - - [08/Sep/2025:09:00:08 -0300] "GET /cormun/servlet/trpermisosgoce HTTP/1.1" 200 15432
190.95.1.185 - - [08/Sep/2025:09:00:12 -0300] "POST /cormun/servlet/trpermisosgoce?9e3cde4d6be3b5d66ff26a2ad337799d,gx-no-cache=1757332976268 HTTP/1.1" 200 12550
190.95.1.185 - - [08/Sep/2025:09:00:12 -0300] "GET /cormun/static/Shared/jqueryui/images/ui-icons_82798d_256x240.png HTTP/1.1" 404 1089
190.95.1.185 - - [08/Sep/2025:09:00:12 -0300] "GET /cormun/static/Shared/jqueryui/images/ui-bg_highlight-soft_100_c6c2c8_1x100.png HTTP/1.1" 404 1117
190.95.1.185 - - [08/Sep/2025:09:00:12 -0300] "GET /cormun/static/Shared/jqueryui/images/ui-bg_flat_55_fafafa_40x100.png HTTP/1.1" 404 1097
190.95.1.185 - - [08/Sep/2025:09:00:12 -0300] "GET /cormun/static/Shared/jqueryui/images/ui-icons_8d78a5_256x240.png HTTP/1.1" 404 1089
190.95.1.185 - - [08/Sep/2025:09:00:14 -0300] "GET /cormun/servlet/trpermisosadjuntos?19696057,20250904082316,P, HTTP/1.1" 200 6825
190.95.1.185 - - [08/Sep/2025:09:00:16 -0300] "GET /cormun/servlet/permisosadjuntos?INS,19696057,P,20250904082316,, HTTP/1.1" 200 6125
190.95.1.185 - - [08/Sep/2025:09:00:16 -0300] "GET /cormun/static/about:blank HTTP/1.1" 404 1011
190.95.1.185 - - [08/Sep/2025:09:00:31 -0300] "POST /cormun/servlet/permisosadjuntos?9e3cde4d6be3b5d66ff26a2ad337799d,INS,19696057,P,20250904082316,, HTTP/1.1" 200 116
190.95.1.185 - - [08/Sep/2025:09:00:31 -0300] "GET /cormun/servlet/hpexe_return? HTTP/1.1" 200 1035
190.95.1.185 - - [08/Sep/2025:09:00:31 -0300] "GET /cormun/servlet/trpermisosadjuntos?19696057,20250904082316,P, HTTP/1.1" 200 7322
190.95.67.95 - - [08/Sep/2025:09:01:06 -0300] "GET /cormun/servlet/hlogin HTTP/1.1" 200 1725
190.95.67.95 - - [08/Sep/2025:09:01:14 -0300] "POST /cormun/servlet/hlogin?33bbf9f0f02742c6459e4cd7775eb6ec,gx-no-cache=1757333035597 HTTP/1.1" 200 90
190.95.67.95 - - [08/Sep/2025:09:01:14 -0300] "GET /cormun/servlet/hpexe_link HTTP/1.1" 200 980
190.95.67.95 - - [08/Sep/2025:09:01:14 -0300] "GET /cormun/servlet/solicitudotadjuntos?INS,2025,22939,,1, HTTP/1.1" 200 6060
190.95.67.95 - - [08/Sep/2025:09:01:14 -0300] "GET /cormun/static/about:blank HTTP/1.1" 404 1011
190.95.67.95 - - [08/Sep/2025:09:01:15 -0300] "GET /cormun/servlet/solicitudotadjuntos?6d148acb713b1589d8cb8df75cef36013edf150fdbfd5ce4062506edc0027265da913f59ebb05052ea09c22d3ea4a96a,gx-no-cache=1757333036515 HTTP/1.1" 200 30
190.95.67.95 - - [08/Sep/2025:09:01:15 -0300] "POST /cormun/servlet/solicitudotadjuntos?33bbf9f0f02742c6459e4cd7775eb6ec,INS,2025,22939,,1,,gx-no-cache=1757333036538 HTTP/1.1" 200 3863
190.95.67.95 - - [08/Sep/2025:09:01:18 -0300] "POST /cormun/servlet/solicitudotadjuntos?gx-no-cache=1757333040118 HTTP/1.1" 200 26
190.95.67.95 - - [08/Sep/2025:09:01:33 -0300] "GET /cormun/servlet/solicitudotadjuntos?6d148acb713b1589d8cb8df75cef360144ec9a16a3878ab5b3ba20bfe67f3a43,gx-no-cache=1757333054588 HTTP/1.1" 200 30
190.95.67.95 - - [08/Sep/2025:09:01:33 -0300] "GET /cormun/servlet/solicitudotadjuntos?6d148acb713b1589d8cb8df75cef360144ec9a16a3878ab5b3ba20bfe67f3a43,gx-no-cache=1757333054613 HTTP/1.1" 200 30
190.95.15.15 - - [08/Sep/2025:09:01:33 -0300] "GET /cormun/servlet/trlicencias? HTTP/1.1" 200 6051
190.95.67.95 - - [08/Sep/2025:09:01:33 -0300] "POST /cormun/servlet/solicitudotadjuntos?33bbf9f0f02742c6459e4cd7775eb6ec,INS,2025,22939,,1, HTTP/1.1" 200 116
190.95.67.95 - - [08/Sep/2025:09:01:33 -0300] "GET /cormun/servlet/hpexe_return? HTTP/1.1" 200 1029
190.95.15.15 - - [08/Sep/2025:09:01:33 -0300] "GET /cormun/servlet/hlogin HTTP/1.1" 200 1734
190.95.67.95 - - [08/Sep/2025:09:01:34 -0300] "GET /cormun/servlet/trsolicitudadjuntos?2025,22939, HTTP/1.1" 200 9316
190.95.1.185 - - [08/Sep/2025:09:01:36 -0300] "POST /cormun/servlet/trpermisosadjuntos?9e3cde4d6be3b5d66ff26a2ad337799d,19696057,20250904082316,P,,gx-no-cache=1757333054251 HTTP/1.1" 200 90
190.95.1.185 - - [08/Sep/2025:09:01:36 -0300] "GET /cormun/servlet/hpexe_link HTTP/1.1" 200 1003
190.95.67.95 - - [08/Sep/2025:09:01:36 -0300] "GET /cormun/servlet/solicitudotadjuntos?INS,2025,22939,,1, HTTP/1.1" 200 6065
190.95.1.185 - - [08/Sep/2025:09:01:37 -0300] "GET /cormun/servlet/trpermisosgoce?gx-no-cache=1757332976268 HTTP/1.1" 200 15422
190.95.67.95 - - [08/Sep/2025:09:01:37 -0300] "GET /cormun/static/about:blank HTTP/1.1" 404 1011
190.95.67.95 - - [08/Sep/2025:09:01:37 -0300] "GET /cormun/servlet/solicitudotadjuntos?6d148acb713b1589d8cb8df75cef36013edf150fdbfd5ce4062506edc0027265da913f59ebb05052ea09c22d3ea4a96a,gx-no-cache=1757333058862 HTTP/1.1" 200 30
190.95.67.95 - - [08/Sep/2025:09:01:37 -0300] "POST /cormun/servlet/solicitudotadjuntos?33bbf9f0f02742c6459e4cd7775eb6ec,INS,2025,22939,,1,,gx-no-cache=1757333058916 HTTP/1.1" 200 3874
190.95.15.15 - - [08/Sep/2025:09:01:39 -0300] "POST /cormun/servlet/hlogin?6f4c6a45a9717a62a75635298692baee,gx-no-cache=1757333064399 HTTP/1.1" 200 90
190.95.15.15 - - [08/Sep/2025:09:01:39 -0300] "GET /cormun/servlet/hpexe_link HTTP/1.1" 200 951
190.95.15.15 - - [08/Sep/2025:09:01:40 -0300] "GET /cormun/servlet/trlicencias HTTP/1.1" 200 14967
190.95.1.185 - - [08/Sep/2025:09:01:40 -0300] "POST /cormun/servlet/trpermisosgoce?9e3cde4d6be3b5d66ff26a2ad337799d,gx-no-cache=1757332976268,gx-no-cache=1757333064516 HTTP/1.1" 200 12545
190.95.15.15 - - [08/Sep/2025:09:01:44 -0300] "GET /cormun/servlet/licenciaspermisos?INS,0,,, HTTP/1.1" 200 7603
190.95.67.95 - - [08/Sep/2025:09:01:44 -0300] "POST /cormun/servlet/solicitudotadjuntos?gx-no-cache=1757333066106 HTTP/1.1" 200 26
190.95.15.15 - - [08/Sep/2025:09:01:56 -0300] "GET /cormun/servlet/licenciaspermisos?efe7d8c23c9f199e9b25ab55f3473abf2ef5227a9607459bc28f1139146478f577e7e934e8eb2647804f6d3216c00e85660c83783590b6b2ea5760b26ba7fa09,gx-no-cache=1757333080900 HTTP/1.1" 200 110
190.95.15.15 - - [08/Sep/2025:09:01:56 -0300] "POST /cormun/servlet/licenciaspermisos?6f4c6a45a9717a62a75635298692baee,INS,0,,,,gx-no-cache=1757333080925 HTTP/1.1" 200 4848
181.203.43.30 - - [08/Sep/2025:09:02:13 -0300] "GET /cormun/servlet/hlogin HTTP/1.1" 200 1729
190.95.15.15 - - [08/Sep/2025:09:02:34 -0300] "GET /cormun/static/menuarrow.gif HTTP/1.1" 404 1015
190.95.1.185 - - [08/Sep/2025:09:02:36 -0300] "GET /cormun/servlet/trlicencias? HTTP/1.1" 200 12584
190.95.67.95 - - [08/Sep/2025:09:03:09 -0300] "GET /cormun/servlet/hlogin HTTP/1.1" 200 1725
190.95.67.95 - - [08/Sep/2025:09:03:16 -0300] "POST /cormun/servlet/hlogin?33bbf9f0f02742c6459e4cd7775eb6ec,gx-no-cache=1757333158117 HTTP/1.1" 200 425
190.95.67.95 - - [08/Sep/2025:09:03:23 -0300] "POST /cormun/servlet/hlogin?33bbf9f0f02742c6459e4cd7775eb6ec,gx-no-cache=1757333164320 HTTP/1.1" 200 90
190.95.67.95 - - [08/Sep/2025:09:03:23 -0300] "GET /cormun/servlet/hpexe_link HTTP/1.1" 200 980
190.95.67.95 - - [08/Sep/2025:09:03:23 -0300] "GET /cormun/servlet/solicitudotadjuntos?INS,2025,22939,,1, HTTP/1.1" 200 6060
190.95.67.95 - - [08/Sep/2025:09:03:23 -0300] "GET /cormun/static/about:blank HTTP/1.1" 404 1011
190.95.67.95 - - [08/Sep/2025:09:03:24 -0300] "GET /cormun/servlet/solicitudotadjuntos?6d148acb713b1589d8cb8df75cef36013edf150fdbfd5ce4062506edc0027265da913f59ebb05052ea09c22d3ea4a96a,gx-no-cache=1757333165259 HTTP/1.1" 200 30
190.95.67.95 - - [08/Sep/2025:09:03:24 -0300] "POST /cormun/servlet/solicitudotadjuntos?33bbf9f0f02742c6459e4cd7775eb6ec,INS,2025,22939,,1,,gx-no-cache=1757333165276 HTTP/1.1" 200 3862
190.95.67.95 - - [08/Sep/2025:09:03:26 -0300] "POST /cormun/servlet/solicitudotadjuntos?gx-no-cache=1757333167764 HTTP/1.1" 200 26
190.95.15.15 - - [08/Sep/2025:09:03:45 -0300] "GET /cormun/servlet/licenciaspermisos?efe7d8c23c9f199e9b25ab55f3473abf2b0496b94e4c23aa60dee2bbf64a5b743d958406b10f89f862ff81092c67a7b3a731c6f7da9c771609531cde6d3a76fc7e5fdeec520b7354137169cebfabec6762105900eff9754f51b7c8d2054ce36382ca0b8ec072a349933ae013adfd58eb5dfee342cfe750baaf15871f0e824e0154b0d9f2396daf7d7c8c500a20770247db0c988d17568aa832c5439fd586d839593b6150c22d325318d1114cae414cd6e4e9ede945400eb1c5dde87ade2f877334c1b2d9b9ebbd460e8529034bb75ea273434c76ec4d2239f92639d35fef6df3,gx-no-cache=1757333189534 HTTP/1.1" 200 30
190.95.15.15 - - [08/Sep/2025:09:03:45 -0300] "GET /cormun/servlet/licenciaspermisos?efe7d8c23c9f199e9b25ab55f3473abf069879aece71b5c597b94c6bba650f6a23478ee9e0b4ec8dd111db6578a8d728f3eee3a483ca77136821d853c088f1407581ec282abbb1241211fc754f479de6cbe724936ba974e01f1f48994630bdb60dd1d9b5e0bd259b1dfa8480a639962179a814de76609bb179bf3bb320b499114584d3942bdb7564a00d379fb1311870a629cf64175bf9a9aa1338e493a0b7f70232341c2f234107ae56b2901c570cfb373f67188a2a53c74e296e45304fe07a7d251373b3d7323c80dde17cfec424cb285eb77a6824814492b237b42c42c56f,gx-no-cache=1757333189589 HTTP/1.1" 200 29
190.95.15.15 - - [08/Sep/2025:09:03:45 -0300] "POST /cormun/servlet/licenciaspermisos?6f4c6a45a9717a62a75635298692baee,INS,0,,,,gx-no-cache=1757333189619 HTTP/1.1" 200 93
190.95.15.15 - - [08/Sep/2025:09:03:45 -0300] "GET /cormun/servlet/hpexe_return? HTTP/1.1" 200 1008
190.95.15.15 - - [08/Sep/2025:09:03:45 -0300] "GET /cormun/servlet/trlicencias HTTP/1.1" 200 15331
190.95.15.15 - - [08/Sep/2025:09:03:52 -0300] "GET /cormun/servlet/trlicenciaspermisosadjuntos?12291312,20250908000000,L, HTTP/1.1" 200 6348
190.95.15.15 - - [08/Sep/2025:09:03:52 -0300] "GET /cormun/static/gxui/gxui-all.css?110300 HTTP/1.1" 200 2179
190.95.15.15 - - [08/Sep/2025:09:03:52 -0300] "GET /cormun/static/calendar-system.css?75620 HTTP/1.1" 200 5572
190.95.15.15 - - [08/Sep/2025:09:03:52 -0300] "GET /cormun/static/gxcfg.js?201991422445549 HTTP/1.1" 200 953
190.95.15.15 - - [08/Sep/2025:09:03:52 -0300] "GET /cormun/static/trlicenciaspermisosadjuntos.js?20199142244593 HTTP/1.1" 200 21036
190.95.15.15 - - [08/Sep/2025:09:03:52 -0300] "GET /cormun/static/Resources/Spanish/PXTools.css?2294816 HTTP/1.1" 200 100853
190.95.15.15 - - [08/Sep/2025:09:03:52 -0300] "GET /cormun/static/Shared/ext/resources/css/ext-all.css?205870 HTTP/1.1" 200 416045
190.95.15.15 - - [08/Sep/2025:09:03:54 -0300] "GET /cormun/servlet/licenciaspermisosadjuntos?INS,12291312,L,20250908000000,, HTTP/1.1" 200 5635
190.95.15.15 - - [08/Sep/2025:09:03:54 -0300] "GET /cormun/static/gxcfg.js?20201215114875 HTTP/1.1" 200 953
190.95.15.15 - - [08/Sep/2025:09:03:54 -0300] "GET /cormun/static/licenciaspermisosadjuntos.js?20201215114932 HTTP/1.1" 200 8760
190.95.15.15 - - [08/Sep/2025:09:03:54 -0300] "GET /cormun/static/about:blank HTTP/1.1" 404 1011
190.95.67.95 - - [08/Sep/2025:09:03:56 -0300] "GET /cormun/servlet/solicitudotadjuntos?6d148acb713b1589d8cb8df75cef360144ec9a16a3878ab5b3ba20bfe67f3a43,gx-no-cache=1757333197477 HTTP/1.1" 200 30
190.95.67.95 - - [08/Sep/2025:09:03:56 -0300] "GET /cormun/servlet/solicitudotadjuntos?6d148acb713b1589d8cb8df75cef360144ec9a16a3878ab5b3ba20bfe67f3a43,gx-no-cache=1757333197806 HTTP/1.1" 200 30
190.95.67.95 - - [08/Sep/2025:09:03:57 -0300] "POST /cormun/servlet/solicitudotadjuntos?33bbf9f0f02742c6459e4cd7775eb6ec,INS,2025,22939,,1, HTTP/1.1" 200 116
190.95.67.95 - - [08/Sep/2025:09:03:57 -0300] "GET /cormun/servlet/hpexe_return? HTTP/1.1" 200 1029
190.95.67.95 - - [08/Sep/2025:09:03:57 -0300] "GET /cormun/servlet/trsolicitudadjuntos?2025,22939, HTTP/1.1" 200 9578
190.95.67.95 - - [08/Sep/2025:09:04:00 -0300] "GET /cormun/servlet/solicitudotadjuntos?INS,2025,22939,,1, HTTP/1.1" 200 6065
190.95.67.95 - - [08/Sep/2025:09:04:00 -0300] "GET /cormun/static/about:blank HTTP/1.1" 404 1011
190.95.67.95 - - [08/Sep/2025:09:04:01 -0300] "GET /cormun/servlet/solicitudotadjuntos?6d148acb713b1589d8cb8df75cef36013edf150fdbfd5ce4062506edc0027265da913f59ebb05052ea09c22d3ea4a96a,gx-no-cache=1757333202218 HTTP/1.1" 200 30
190.95.67.95 - - [08/Sep/2025:09:04:01 -0300] "POST /cormun/servlet/solicitudotadjuntos?33bbf9f0f02742c6459e4cd7775eb6ec,INS,2025,22939,,1,,gx-no-cache=1757333202237 HTTP/1.1" 200 3874
190.95.15.15 - - [08/Sep/2025:09:04:03 -0300] "POST /cormun/servlet/licenciaspermisosadjuntos?6f4c6a45a9717a62a75635298692baee,INS,12291312,L,20250908000000,, HTTP/1.1" 200 116
190.95.15.15 - - [08/Sep/2025:09:04:03 -0300] "GET /cormun/servlet/hpexe_return? HTTP/1.1" 200 1039
190.95.15.15 - - [08/Sep/2025:09:04:03 -0300] "GET /cormun/servlet/trlicenciaspermisosadjuntos?12291312,20250908000000,L, HTTP/1.1" 200 6842
190.95.67.95 - - [08/Sep/2025:09:04:05 -0300] "POST /cormun/servlet/solicitudotadjuntos?gx-no-cache=1757333206859 HTTP/1.1" 200 26
190.95.15.15 - - [08/Sep/2025:09:04:06 -0300] "GET /cormun/servlet/trlicencias? HTTP/1.1" 200 15334
190.95.15.15 - - [08/Sep/2025:09:04:08 -0300] "GET /cormun/servlet/alicenciaprn?12291312,L,20250908000000,PU HTTP/1.1" 200 1556
190.95.67.95 - - [08/Sep/2025:09:04:24 -0300] "GET /cormun/servlet/solicitudotadjuntos?6d148acb713b1589d8cb8df75cef360144ec9a16a3878ab5b3ba20bfe67f3a43,gx-no-cache=1757333225227 HTTP/1.1" 200 30
190.95.67.95 - - [08/Sep/2025:09:04:24 -0300] "GET /cormun/servlet/solicitudotadjuntos?6d148acb713b1589d8cb8df75cef360144ec9a16a3878ab5b3ba20bfe67f3a43,gx-no-cache=1757333225261 HTTP/1.1" 200 30
190.95.67.95 - - [08/Sep/2025:09:04:24 -0300] "POST /cormun/servlet/solicitudotadjuntos?33bbf9f0f02742c6459e4cd7775eb6ec,INS,2025,22939,,1, HTTP/1.1" 200 116
190.95.67.95 - - [08/Sep/2025:09:04:24 -0300] "GET /cormun/servlet/hpexe_return? HTTP/1.1" 200 1029
190.95.67.95 - - [08/Sep/2025:09:04:24 -0300] "GET /cormun/servlet/trsolicitudadjuntos?2025,22939, HTTP/1.1" 200 9868
190.95.67.95 - - [08/Sep/2025:09:04:28 -0300] "GET /cormun/servlet/solicitudotadjuntos?INS,2025,22939,,1, HTTP/1.1" 200 6065
190.95.67.95 - - [08/Sep/2025:09:04:28 -0300] "GET /cormun/static/about:blank HTTP/1.1" 404 1011
190.95.67.95 - - [08/Sep/2025:09:04:28 -0300] "GET /cormun/servlet/solicitudotadjuntos?6d148acb713b1589d8cb8df75cef36013edf150fdbfd5ce4062506edc0027265da913f59ebb05052ea09c22d3ea4a96a,gx-no-cache=1757333230036 HTTP/1.1" 200 30
190.95.67.95 - - [08/Sep/2025:09:04:28 -0300] "POST /cormun/servlet/solicitudotadjuntos?33bbf9f0f02742c6459e4cd7775eb6ec,INS,2025,22939,,1,,gx-no-cache=1757333230059 HTTP/1.1" 200 3874
190.95.67.95 - - [08/Sep/2025:09:04:32 -0300] "POST /cormun/servlet/solicitudotadjuntos?gx-no-cache=1757333233931 HTTP/1.1" 200 26
190.95.67.95 - - [08/Sep/2025:09:05:34 -0300] "GET /cormun/servlet/solicitudotadjuntos?6d148acb713b1589d8cb8df75cef360144ec9a16a3878ab5b3ba20bfe67f3a43,gx-no-cache=1757333295459 HTTP/1.1" 200 30
190.95.67.95 - - [08/Sep/2025:09:05:34 -0300] "GET /cormun/servlet/solicitudotadjuntos?6d148acb713b1589d8cb8df75cef360144ec9a16a3878ab5b3ba20bfe67f3a43,gx-no-cache=1757333295498 HTTP/1.1" 200 30
190.95.67.95 - - [08/Sep/2025:09:05:34 -0300] "POST /cormun/servlet/solicitudotadjuntos?33bbf9f0f02742c6459e4cd7775eb6ec,INS,2025,22939,,1, HTTP/1.1" 200 116
190.95.67.95 - - [08/Sep/2025:09:05:34 -0300] "GET /cormun/servlet/hpexe_return? HTTP/1.1" 200 1029
190.95.67.95 - - [08/Sep/2025:09:05:34 -0300] "GET /cormun/servlet/trsolicitudadjuntos?2025,22939, HTTP/1.1" 200 10212
190.95.67.95 - - [08/Sep/2025:09:05:39 -0300] "GET /cormun/servlet/solicitudotadjuntos?INS,2025,22939,,1, HTTP/1.1" 200 6064
190.95.67.95 - - [08/Sep/2025:09:05:39 -0300] "GET /cormun/static/about:blank HTTP/1.1" 404 1011
190.95.67.95 - - [08/Sep/2025:09:05:39 -0300] "GET /cormun/servlet/solicitudotadjuntos?6d148acb713b1589d8cb8df75cef36013edf150fdbfd5ce4062506edc0027265da913f59ebb05052ea09c22d3ea4a96a,gx-no-cache=1757333301062 HTTP/1.1" 200 30
190.95.67.95 - - [08/Sep/2025:09:05:39 -0300] "POST /cormun/servlet/solicitudotadjuntos?33bbf9f0f02742c6459e4cd7775eb6ec,INS,2025,22939,,1,,gx-no-cache=1757333301082 HTTP/1.1" 200 3873
190.95.67.95 - - [08/Sep/2025:09:05:43 -0300] "POST /cormun/servlet/solicitudotadjuntos?gx-no-cache=1757333304467 HTTP/1.1" 200 26
190.95.15.15 - - [08/Sep/2025:09:05:47 -0300] "POST /cormun/servlet/trlicencias?6f4c6a45a9717a62a75635298692baee,,gx-no-cache=1757333311445 HTTP/1.1" 200 13190
190.95.15.15 - - [08/Sep/2025:09:05:47 -0300] "GET /cormun/static/Shared/jqueryui/images/ui-bg_highlight-soft_100_c6c2c8_1x100.png HTTP/1.1" 404 1117
190.95.15.15 - - [08/Sep/2025:09:05:47 -0300] "GET /cormun/static/Shared/jqueryui/images/ui-icons_82798d_256x240.png HTTP/1.1" 404 1089
190.95.15.15 - - [08/Sep/2025:09:05:47 -0300] "GET /cormun/static/Shared/jqueryui/images/ui-bg_flat_55_fafafa_40x100.png HTTP/1.1" 404 1097
190.95.15.15 - - [08/Sep/2025:09:05:47 -0300] "GET /cormun/static/Shared/jqueryui/images/ui-icons_8d78a5_256x240.png HTTP/1.1" 404 1089
190.95.67.93 - - [08/Sep/2025:09:06:36 -0300] "GET /cormun/servlet/permisogoce?b896dcbb67e214fbc1b8b7f92263669df49f32b0a90b5f055bf09529f33bb4a35c05ef6167a4c75ce222f9cf5c1858326a672e2ebce796eee24a066b4020da34,gx-no-cache=1757333360732 HTTP/1.1" 200 81
190.95.67.93 - - [08/Sep/2025:09:06:40 -0300] "GET /cormun/static/menuarrow.gif HTTP/1.1" 404 1015
190.95.67.93 - - [08/Sep/2025:09:06:44 -0300] "GET /cormun/servlet/permisogoce?b896dcbb67e214fbc1b8b7f92263669d539d2b34725d52953ae440431cd4524b8e251e83006bcf0f6e4caa300abcb01333c201166e56d260b8ea391ab7d83a62,gx-no-cache=1757333369267 HTTP/1.1" 200 47
190.95.67.93 - - [08/Sep/2025:09:06:47 -0300] "POST /cormun/servlet/permisogoce?5a0e92f880e1f3de2886ca87106d7491,INS,0,,,,gx-no-cache=1757333371405 HTTP/1.1" 200 93
190.95.67.93 - - [08/Sep/2025:09:06:47 -0300] "GET /cormun/servlet/hpexe_return? HTTP/1.1" 200 1005
190.95.67.93 - - [08/Sep/2025:09:06:48 -0300] "GET /cormun/servlet/trpermisosgoce HTTP/1.1" 200 16534
190.95.67.93 - - [08/Sep/2025:09:06:51 -0300] "GET /cormun/servlet/apermisogoceprn?7594271,P,20250908085706,PU HTTP/1.1" 200 1662
190.95.15.15 - - [08/Sep/2025:09:07:37 -0300] "GET /cormun/servlet/licenciaspermisos?DSP,8615811,L,20250902000000, HTTP/1.1" 200 7122
190.95.15.15 - - [08/Sep/2025:09:07:41 -0300] "POST /cormun/servlet/licenciaspermisos?6f4c6a45a9717a62a75635298692baee,DSP,8615811,L,20250902000000,,gx-no-cache=1757333425568 HTTP/1.1" 200 93
190.95.15.15 - - [08/Sep/2025:09:07:41 -0300] "GET /cormun/servlet/hpexe_return? HTTP/1.1" 200 1025
190.95.15.15 - - [08/Sep/2025:09:07:41 -0300] "GET /cormun/servlet/trlicencias? HTTP/1.1" 200 15277
190.95.1.185 - - [08/Sep/2025:09:08:15 -0300] "GET /cormun/servlet/trpermisosgoce? HTTP/1.1" 200 15419
190.95.67.95 - - [08/Sep/2025:09:09:25 -0300] "GET /cormun/servlet/solicitudotadjuntos?6d148acb713b1589d8cb8df75cef360144ec9a16a3878ab5b3ba20bfe67f3a43,gx-no-cache=1757333526926 HTTP/1.1" 200 30
190.95.67.95 - - [08/Sep/2025:09:09:25 -0300] "GET /cormun/servlet/solicitudotadjuntos?6d148acb713b1589d8cb8df75cef360144ec9a16a3878ab5b3ba20bfe67f3a43,gx-no-cache=1757333526977 HTTP/1.1" 200 30
190.95.67.95 - - [08/Sep/2025:09:09:25 -0300] "POST /cormun/servlet/solicitudotadjuntos?33bbf9f0f02742c6459e4cd7775eb6ec,INS,2025,22939,,1, HTTP/1.1" 200 116
190.95.67.95 - - [08/Sep/2025:09:09:25 -0300] "GET /cormun/servlet/hpexe_return? HTTP/1.1" 200 1029
190.95.67.95 - - [08/Sep/2025:09:09:26 -0300] "GET /cormun/servlet/trsolicitudadjuntos?2025,22939, HTTP/1.1" 200 10437
47.237.6.209 - - [08/Sep/2025:09:09:27 -0300] "GET / HTTP/1.0" 200 11197
47.237.6.209 - - [08/Sep/2025:09:09:27 -0300] "GET / HTTP/1.1" 200 11217
47.237.6.209 - - [08/Sep/2025:09:09:28 -0300] "GET /favicon.ico HTTP/1.1" 200 21630
47.237.6.209 - - [08/Sep/2025:09:09:28 -0300] "GET /favicon.ico HTTP/1.1" 200 21630
190.95.67.95 - - [08/Sep/2025:09:09:28 -0300] "GET /cormun/servlet/solicitudotadjuntos?INS,2025,22939,,1, HTTP/1.1" 200 6065
190.95.67.95 - - [08/Sep/2025:09:09:29 -0300] "GET /cormun/static/about:blank HTTP/1.1" 404 1011
190.95.67.95 - - [08/Sep/2025:09:09:29 -0300] "GET /cormun/servlet/solicitudotadjuntos?6d148acb713b1589d8cb8df75cef36013edf150fdbfd5ce4062506edc0027265da913f59ebb05052ea09c22d3ea4a96a,gx-no-cache=1757333530786 HTTP/1.1" 200 30
190.95.67.95 - - [08/Sep/2025:09:09:29 -0300] "POST /cormun/servlet/solicitudotadjuntos?33bbf9f0f02742c6459e4cd7775eb6ec,INS,2025,22939,,1,,gx-no-cache=1757333530818 HTTP/1.1" 200 3874
190.95.67.95 - - [08/Sep/2025:09:09:37 -0300] "GET /cormun/servlet/trsolicitudot? HTTP/1.1" 200 8657
190.95.67.95 - - [08/Sep/2025:09:09:40 -0300] "POST /cormun/servlet/trsolicitudot?33bbf9f0f02742c6459e4cd7775eb6ec,,gx-no-cache=1757333542041 HTTP/1.1" 200 5824
190.95.67.95 - - [08/Sep/2025:09:09:40 -0300] "GET /cormun/static/Shared/jqueryui/images/ui-bg_highlight-soft_100_c6c2c8_1x100.png HTTP/1.1" 404 1117
190.95.67.95 - - [08/Sep/2025:09:09:41 -0300] "GET /cormun/static/Shared/jqueryui/images/ui-icons_82798d_256x240.png HTTP/1.1" 404 1089
190.95.67.95 - - [08/Sep/2025:09:09:41 -0300] "GET /cormun/static/Shared/jqueryui/images/ui-bg_flat_55_fafafa_40x100.png HTTP/1.1" 404 1097
190.95.67.95 - - [08/Sep/2025:09:09:41 -0300] "GET /cormun/static/Shared/jqueryui/images/ui-icons_8d78a5_256x240.png HTTP/1.1" 404 1089
190.95.15.9 - - [08/Sep/2025:09:10:46 -0300] "GET /cormun/servlet/hlogin HTTP/1.1" 200 1726
190.95.15.9 - - [08/Sep/2025:09:10:47 -0300] "GET /cormun/servlet/hlogin HTTP/1.1" 200 1736
190.95.15.31 - - [08/Sep/2025:09:12:11 -0300] "GET /cormun/servlet/trsolicitudot? HTTP/1.1" 200 7566
190.95.15.31 - - [08/Sep/2025:09:12:45 -0300] "GET /cormun/servlet/trsolicitudot? HTTP/1.1" 200 7566
190.95.15.31 - - [08/Sep/2025:09:12:49 -0300] "GET /cormun/servlet/solicitudot?INS,0,0,false, HTTP/1.1" 200 16359
190.95.15.31 - - [08/Sep/2025:09:13:05 -0300] "POST /cormun/servlet/solicitudot?gx-no-cache=1757333747247 HTTP/1.1" 200 4039
190.95.15.31 - - [08/Sep/2025:09:13:05 -0300] "POST /cormun/servlet/solicitudot?11210b5bb918ed3d33a9c69dd249833f,INS,0,0,false,,gx-no-cache=1757333747388 HTTP/1.1" 200 12889
190.95.15.31 - - [08/Sep/2025:09:13:08 -0300] "GET /cormun/servlet/solicitudot?525fd7460df95fcd52703f48e7433cd4fa20ac564da6737cc9c847e52dc77d461c9e296d23464c4530d49911b3e24c72,gx-no-cache=1757333750693 HTTP/1.1" 200 30
148.222.218.189 - - [08/Sep/2025:09:14:03 -0300] "GET /cormun/servlet/hlogin HTTP/1.1" 200 1726
148.222.218.189 - - [08/Sep/2025:09:14:03 -0300] "GET /cormun/servlet/hlogin HTTP/1.1" 200 1736
148.222.218.189 - - [08/Sep/2025:09:14:05 -0300] "POST /cormun/servlet/hlogin?9b954c25c31247c07fc3a7262be8b73d,gx-no-cache=1757333811948 HTTP/1.1" 200 90
148.222.218.189 - - [08/Sep/2025:09:14:05 -0300] "GET /cormun/servlet/hpexe_link HTTP/1.1" 200 955
148.222.218.189 - - [08/Sep/2025:09:14:05 -0300] "GET /cormun/servlet/hhome HTTP/1.1" 200 4335
148.222.218.189 - - [08/Sep/2025:09:14:11 -0300] "GET /cormun/servlet/trsolicitudot? HTTP/1.1" 200 7556
148.222.218.189 - - [08/Sep/2025:09:14:11 -0300] "GET /cormun/static/gxcfg.js?20221129846531 HTTP/1.1" 200 953
148.222.218.189 - - [08/Sep/2025:09:14:11 -0300] "GET /cormun/static/trsolicitudot.js?202211298465651 HTTP/1.1" 200 54040
148.222.218.189 - - [08/Sep/2025:09:14:15 -0300] "GET /cormun/servlet/trcontratounov2? HTTP/1.1" 200 17774
148.222.218.189 - - [08/Sep/2025:09:14:15 -0300] "GET /cormun/static/gxcfg.js?2020121614367 HTTP/1.1" 200 953
148.222.218.189 - - [08/Sep/2025:09:14:15 -0300] "GET /cormun/static/Resources/PXToolsAddSelectedAction.png HTTP/1.1" 200 523
148.222.218.189 - - [08/Sep/2025:09:14:15 -0300] "GET /cormun/static/trcontratounov2.js?20201216143065 HTTP/1.1" 200 38486
148.222.218.189 - - [08/Sep/2025:09:14:18 -0300] "POST /cormun/servlet/trcontratounov2?9b954c25c31247c07fc3a7262be8b73d,,gx-no-cache=1757333824441 HTTP/1.1" 200 105
148.222.218.189 - - [08/Sep/2025:09:14:18 -0300] "GET /cormun/ContratoUnoV3-6091.xls HTTP/1.1" 200 18432
190.95.15.17 - - [08/Sep/2025:09:14:19 -0300] "GET /cormun/servlet/hlogin HTTP/1.1" 200 1716
190.95.15.17 - - [08/Sep/2025:09:14:21 -0300] "POST /cormun/servlet/hlogin?0cec8c80ddf302012858ad71ee82889c,gx-no-cache=1757333851674 HTTP/1.1" 200 415
190.95.15.17 - - [08/Sep/2025:09:14:24 -0300] "POST /cormun/servlet/hlogin?0cec8c80ddf302012858ad71ee82889c,gx-no-cache=1757333854567 HTTP/1.1" 200 90
190.95.15.17 - - [08/Sep/2025:09:14:24 -0300] "GET /cormun/servlet/hpexe_link HTTP/1.1" 200 946
190.95.15.17 - - [08/Sep/2025:09:14:24 -0300] "GET /cormun/servlet/hhome HTTP/1.1" 200 4376
190.95.15.17 - - [08/Sep/2025:09:14:27 -0300] "GET /cormun/servlet/trlicencias? HTTP/1.1" 200 12285
190.95.15.13 - - [08/Sep/2025:09:15:07 -0300] "POST /cormun/servlet/hlogin?4471eb5e0babe565a17b005cf7b2ccae,gx-no-cache=1757333869163 HTTP/1.1" 200 90
190.95.15.13 - - [08/Sep/2025:09:15:07 -0300] "GET /cormun/servlet/hpexe_link HTTP/1.1" 200 960
190.95.15.13 - - [08/Sep/2025:09:15:07 -0300] "GET /cormun/servlet/trlicencias HTTP/1.1" 200 12603
190.95.15.13 - - [08/Sep/2025:09:15:11 -0300] "GET /cormun/servlet/trpermisosgoce? HTTP/1.1" 200 16863
190.95.15.17 - - [08/Sep/2025:09:15:44 -0300] "POST /cormun/servlet/trlicencias?0cec8c80ddf302012858ad71ee82889c,,gx-no-cache=1757333934921 HTTP/1.1" 200 11056
201.186.225.187 - - [08/Sep/2025:09:15:45 -0300] "GET /cormun/servlet/hlogin HTTP/1.1" 200 1719
201.186.225.187 - - [08/Sep/2025:09:15:45 -0300] "GET /cormun/static/Resources/Spanish/PXTools.css?1759030 HTTP/1.1" 304 -
201.186.225.187 - - [08/Sep/2025:09:15:45 -0300] "GET /cormun/static/gxcfg.js?2022112219184450 HTTP/1.1" 304 -
201.186.225.187 - - [08/Sep/2025:09:15:45 -0300] "GET /cormun/static/Resources/CormunLogin.png HTTP/1.1" 304 -
201.186.225.187 - - [08/Sep/2025:09:15:45 -0300] "GET /cormun/static/messages.spa.js?85251 HTTP/1.1" 304 -
201.186.225.187 - - [08/Sep/2025:09:15:45 -0300] "GET /cormun/static/hlogin.js?2022112219184458 HTTP/1.1" 304 -
201.186.225.187 - - [08/Sep/2025:09:15:45 -0300] "GET /cormun/servlet/hlogin HTTP/1.1" 200 1729
201.186.225.187 - - [08/Sep/2025:09:15:52 -0300] "POST /cormun/servlet/hlogin?84ad3430fcdd9a3d581ea57ccc0cbf8c,gx-no-cache=1757333755933 HTTP/1.1" 200 90
201.186.225.187 - - [08/Sep/2025:09:15:52 -0300] "GET /cormun/servlet/hpexe_link HTTP/1.1" 200 947
201.186.225.187 - - [08/Sep/2025:09:15:52 -0300] "GET /cormun/static/hpexe_link.js?20221129847423 HTTP/1.1" 304 -
201.186.225.187 - - [08/Sep/2025:09:15:52 -0300] "GET /cormun/static/gxcfg.js?20221129847421 HTTP/1.1" 304 -
201.186.225.187 - - [08/Sep/2025:09:15:52 -0300] "GET /cormun/static/Resources/Spanish/PXTools.css?8354383 HTTP/1.1" 304 -
201.186.225.187 - - [08/Sep/2025:09:15:53 -0300] "GET /cormun/servlet/hhome HTTP/1.1" 200 3966
201.186.225.187 - - [08/Sep/2025:09:15:53 -0300] "GET /cormun/static/Resources/Spanish/PXTools.css?14345360 HTTP/1.1" 304 -
201.186.225.187 - - [08/Sep/2025:09:15:53 -0300] "GET /cormun/static/gxcfg.js?20201215495537 HTTP/1.1" 304 -
201.186.225.187 - - [08/Sep/2025:09:15:53 -0300] "GET /cormun/static/Resources/CormunMP2.png HTTP/1.1" 304 -
201.186.225.187 - - [08/Sep/2025:09:15:53 -0300] "GET /cormun/static/hhome.js?20201215495544 HTTP/1.1" 304 -
201.186.225.187 - - [08/Sep/2025:09:15:53 -0300] "GET /cormun/static/hwchdr01.js?2022112219251119 HTTP/1.1" 304 -
201.186.225.187 - - [08/Sep/2025:09:15:53 -0300] "GET /cormun/static/hpexe_recentlink.js?20201214471090 HTTP/1.1" 304 -
201.186.225.187 - - [08/Sep/2025:09:15:53 -0300] "GET /cormun/static/hpexe_scripts.js?20201214471411 HTTP/1.1" 304 -
201.186.225.187 - - [08/Sep/2025:09:15:53 -0300] "GET /cormun/static/hpexe_messagecontroller.js?202211298371222 HTTP/1.1" 304 -
201.186.225.187 - - [08/Sep/2025:09:15:53 -0300] "GET /cormun/static/cmcontrolpreferences.js?20199141926336 HTTP/1.1" 304 -
201.186.225.187 - - [08/Sep/2025:09:15:53 -0300] "GET /cormun/static/hpexe_messagepopupcomponent.js?2020121447232 HTTP/1.1" 304 -
201.186.225.187 - - [08/Sep/2025:09:15:53 -0300] "GET /cormun/static/hpexe_messagegenexuscomponent.js?20221129836373 HTTP/1.1" 304 -
201.186.225.187 - - [08/Sep/2025:09:15:53 -0300] "GET /cormun/static/hmpwkw03.js?20221129844354 HTTP/1.1" 304 -
190.95.1.183 - - [08/Sep/2025:09:15:54 -0300] "POST /cormun/servlet/trlicencias?f5405e309e10fdf3feab9388b2b4a826,,gx-no-cache=1757333921473 HTTP/1.1" 440 972
201.186.225.187 - - [08/Sep/2025:09:15:55 -0300] "GET /cormun/servlet/trlicencias? HTTP/1.1" 200 11057
201.186.225.187 - - [08/Sep/2025:09:15:55 -0300] "GET /cormun/static/gxcfg.js?202211298463625 HTTP/1.1" 304 -
201.186.225.187 - - [08/Sep/2025:09:15:55 -0300] "GET /cormun/static/trlicencias.js?202211298463889 HTTP/1.1" 304 -
190.95.1.183 - - [08/Sep/2025:09:15:55 -0300] "GET /cormun/servlet/trlicencias? HTTP/1.1" 200 6048
190.95.1.183 - - [08/Sep/2025:09:15:56 -0300] "GET /cormun/servlet/hlogin HTTP/1.1" 200 1736
190.95.1.183 - - [08/Sep/2025:09:16:03 -0300] "POST /cormun/servlet/hlogin?5e02c6213982a7f393e0e67eefdb77ca,gx-no-cache=1757333929560 HTTP/1.1" 200 90
190.95.1.183 - - [08/Sep/2025:09:16:03 -0300] "GET /cormun/servlet/hpexe_link HTTP/1.1" 200 953
190.95.1.183 - - [08/Sep/2025:09:16:03 -0300] "GET /cormun/servlet/trlicencias HTTP/1.1" 200 13958
190.95.67.97 - - [08/Sep/2025:09:16:33 -0300] "GET /cormun/servlet/hlogin HTTP/1.1" 200 1723
190.95.67.97 - - [08/Sep/2025:09:16:33 -0300] "GET /cormun/servlet/hlogin HTTP/1.1" 200 1733
201.186.225.187 - - [08/Sep/2025:09:16:39 -0300] "POST /cormun/servlet/trlicencias?84ad3430fcdd9a3d581ea57ccc0cbf8c,,gx-no-cache=1757333802694 HTTP/1.1" 200 8597
190.95.67.97 - - [08/Sep/2025:09:16:45 -0300] "POST /cormun/servlet/hlogin?5dc499625b1b00f14527dd597f9d2bed,gx-no-cache=1757333969040 HTTP/1.1" 200 90
190.95.67.97 - - [08/Sep/2025:09:16:45 -0300] "GET /cormun/servlet/hpexe_link HTTP/1.1" 200 952
190.95.67.97 - - [08/Sep/2025:09:16:45 -0300] "GET /cormun/servlet/hhome HTTP/1.1" 200 3880
190.95.67.97 - - [08/Sep/2025:09:16:50 -0300] "GET /cormun/servlet/trpermisosgoce? HTTP/1.1" 200 13069
190.95.67.97 - - [08/Sep/2025:09:17:42 -0300] "POST /cormun/servlet/trpermisosgoce?5dc499625b1b00f14527dd597f9d2bed,,gx-no-cache=1757334025950 HTTP/1.1" 200 4205
190.95.67.97 - - [08/Sep/2025:09:17:46 -0300] "GET /cormun/static/menuarrow.gif HTTP/1.1" 404 1015
190.95.67.97 - - [08/Sep/2025:09:17:58 -0300] "POST /cormun/servlet/trpermisosgoce?5dc499625b1b00f14527dd597f9d2bed,,gx-no-cache=1757334042697 HTTP/1.1" 200 5292
190.95.67.97 - - [08/Sep/2025:09:18:08 -0300] "GET /cormun/servlet/trlicencias? HTTP/1.1" 200 11278
190.95.67.97 - - [08/Sep/2025:09:18:20 -0300] "POST /cormun/servlet/trlicencias?5dc499625b1b00f14527dd597f9d2bed,,gx-no-cache=1757334064171 HTTP/1.1" 200 5429
190.95.15.31 - - [08/Sep/2025:09:18:25 -0300] "GET /cormun/static/Resources/PXTools/ClosePrompt.png HTTP/1.1" 200 1036
190.95.15.31 - - [08/Sep/2025:09:18:25 -0300] "GET /cormun/servlet/prbanco?,MD,,gxPopupLevel%3D0%3B HTTP/1.1" 200 6766
190.95.15.31 - - [08/Sep/2025:09:18:25 -0300] "GET /cormun/static/prbanco.js?20201216132311 HTTP/1.1" 200 10693
190.95.15.31 - - [08/Sep/2025:09:18:25 -0300] "GET /cormun/static/gxcfg.js?20201216131581 HTTP/1.1" 200 953
190.95.15.31 - - [08/Sep/2025:09:18:33 -0300] "GET /cormun/servlet/solicitudot?525fd7460df95fcd52703f48e7433cd4be88394c8600f1b2396cfaac97c201323296f951fb405c9da7a3f91310bf516a1c9e296d23464c4530d49911b3e24c72,gx-no-cache=1757334075497 HTTP/1.1" 200 30
190.95.15.31 - - [08/Sep/2025:09:18:37 -0300] "GET /cormun/servlet/solicitudot?525fd7460df95fcd52703f48e7433cd4d80e353af7805fbeba414a72bf46004d,gx-no-cache=1757334079836 HTTP/1.1" 200 45
190.95.15.31 - - [08/Sep/2025:09:19:02 -0300] "POST /cormun/servlet/solicitudot?11210b5bb918ed3d33a9c69dd249833f,INS,0,0,false,,gx-no-cache=1757334104577 HTTP/1.1" 200 13110
190.95.15.31 - - [08/Sep/2025:09:19:02 -0300] "GET /cormun/static/Shared/jqueryui/images/ui-bg_flat_55_fafafa_40x100.png HTTP/1.1" 404 1097
190.95.15.31 - - [08/Sep/2025:09:19:02 -0300] "GET /cormun/static/Shared/jqueryui/images/ui-bg_highlight-soft_100_c6c2c8_1x100.png HTTP/1.1" 404 1117
190.95.15.31 - - [08/Sep/2025:09:19:02 -0300] "GET /cormun/static/Shared/jqueryui/images/ui-icons_82798d_256x240.png HTTP/1.1" 404 1089
190.95.15.31 - - [08/Sep/2025:09:19:02 -0300] "GET /cormun/static/Shared/jqueryui/images/ui-icons_8d78a5_256x240.png HTTP/1.1" 404 1089
172.225.83.48 - - [08/Sep/2025:09:19:04 -0300] "GET /cormun/servlet/hlogin HTTP/1.1" 200 1723
172.225.83.48 - - [08/Sep/2025:09:19:04 -0300] "GET /cormun/servlet/hlogin HTTP/1.1" 200 1734
172.225.83.56 - - [08/Sep/2025:09:19:05 -0300] "GET /apple-touch-icon-precomposed.png HTTP/1.1" 404 1025
172.225.83.56 - - [08/Sep/2025:09:19:05 -0300] "GET /apple-touch-icon-precomposed.png HTTP/1.1" 404 1025
172.225.83.56 - - [08/Sep/2025:09:19:05 -0300] "GET /apple-touch-icon.png HTTP/1.1" 404 1001
172.225.83.56 - - [08/Sep/2025:09:19:05 -0300] "GET /apple-touch-icon.png HTTP/1.1" 404 1001
190.95.15.31 - - [08/Sep/2025:09:19:06 -0300] "GET /cormun/servlet/solicitudot?525fd7460df95fcd52703f48e7433cd4022418214b0f3163b2d2af6c422009d69769d077205f18b1a23b733bde3fbb97,gx-no-cache=1757334108278 HTTP/1.1" 200 45
190.95.15.31 - - [08/Sep/2025:09:19:09 -0300] "POST /cormun/servlet/solicitudot?gx-no-cache=1757334111033 HTTP/1.1" 200 240
172.225.83.48 - - [08/Sep/2025:09:19:12 -0300] "POST /cormun/servlet/hlogin?591d960dcc4e87132158b85c48feea37,gx-no-cache=1757334116564 HTTP/1.1" 200 90
172.225.83.48 - - [08/Sep/2025:09:19:12 -0300] "GET /cormun/servlet/hpexe_link HTTP/1.1" 200 953
