179.57.78.9 - - [02/Sep/2025:08:58:42 -0300] "GET /cormun/servlet/hlogin HTTP/1.1" 200 1744
190.95.15.27 - - [02/Sep/2025:08:58:43 -0300] "GET /cormun/servlet/licenciaspermisos?DSP,19264046,L,20250804000000, HTTP/1.1" 200 7008
190.95.15.27 - - [02/Sep/2025:08:58:49 -0300] "GET /cormun/servlet/trlicencias? HTTP/1.1" 200 10367
190.95.15.27 - - [02/Sep/2025:08:59:00 -0300] "GET /cormun/servlet/trpermisosgoce? HTTP/1.1" 200 9800
190.95.15.27 - - [02/Sep/2025:08:59:33 -0300] "GET /cormun/servlet/permisogoce?INS,0,,, HTTP/1.1" 200 6795
190.95.15.27 - - [02/Sep/2025:08:59:58 -0300] "GET /cormun/servlet/permisogoce?7bc1c581d47c86b7907309ddfb53676d41ad75ad0827da11a8fc713ee1e16a7b8f226a5aa6527a0da7eddb0727ed701005e1f323dbdfcb72d715779c1b9108ee,gx-no-cache=1756814572062 HTTP/1.1" 200 85
190.95.15.27 - - [02/Sep/2025:08:59:58 -0300] "GET /cormun/static/menuarrow.gif HTTP/1.1" 404 1015
190.95.15.27 - - [02/Sep/2025:09:00:10 -0300] "GET /cormun/servlet/permisogoce?7bc1c581d47c86b7907309ddfb53676daf49199f7c63214e2451e884c7061806ba7c52b38f8b02e341344a15929c9a994b08264d09e361c20abe9d568eef27c7,gx-no-cache=1756814584170 HTTP/1.1" 200 47
190.95.15.27 - - [02/Sep/2025:09:00:14 -0300] "POST /cormun/servlet/permisogoce?5afcce066d8753c86369d455343899c0,INS,0,,,,gx-no-cache=1756814587241 HTTP/1.1" 200 93
190.95.15.27 - - [02/Sep/2025:09:00:14 -0300] "GET /cormun/servlet/hpexe_return? HTTP/1.1" 200 1010
190.95.15.27 - - [02/Sep/2025:09:00:14 -0300] "GET /cormun/servlet/trpermisosgoce HTTP/1.1" 200 10084
190.95.15.27 - - [02/Sep/2025:09:00:21 -0300] "GET /cormun/servlet/permisogoce?INS,0,,, HTTP/1.1" 200 6795
190.95.15.27 - - [02/Sep/2025:09:00:35 -0300] "GET /cormun/servlet/permisogoce?7bc1c581d47c86b7907309ddfb53676d9795853c92a6a3072f7d2ae2d7527e128f226a5aa6527a0da7eddb0727ed701005e1f323dbdfcb72d715779c1b9108ee,gx-no-cache=1756814608564 HTTP/1.1" 200 79
190.95.67.99 - - [02/Sep/2025:09:00:38 -0300] "GET /cormun/servlet/hhome HTTP/1.1" 200 3317
190.95.15.27 - - [02/Sep/2025:09:00:50 -0300] "GET /cormun/servlet/permisogoce?7bc1c581d47c86b7907309ddfb53676dae5da08e5ceded3a02e14723f8fe84d643ed2788a0b036660683bb40ff47ff4b7549154182e25b8e79dbe81710712a69,gx-no-cache=1756814623583 HTTP/1.1" 200 47
190.95.15.27 - - [02/Sep/2025:09:00:52 -0300] "POST /cormun/servlet/permisogoce?5afcce066d8753c86369d455343899c0,INS,0,,,,gx-no-cache=1756814625390 HTTP/1.1" 200 93
190.95.15.27 - - [02/Sep/2025:09:00:52 -0300] "GET /cormun/servlet/hpexe_return? HTTP/1.1" 200 1010
190.95.15.27 - - [02/Sep/2025:09:00:52 -0300] "GET /cormun/servlet/trpermisosgoce HTTP/1.1" 200 10330
190.95.15.27 - - [02/Sep/2025:09:01:00 -0300] "GET /cormun/servlet/permisogoce?INS,0,,, HTTP/1.1" 200 6795
190.95.15.27 - - [02/Sep/2025:09:01:06 -0300] "GET /cormun/servlet/permisogoce?7bc1c581d47c86b7907309ddfb53676d6347a3eb392f58ffe1418bdc8769d4498f226a5aa6527a0da7eddb0727ed701005e1f323dbdfcb72d715779c1b9108ee,gx-no-cache=1756814640136 HTTP/1.1" 200 78
190.95.15.27 - - [02/Sep/2025:09:01:21 -0300] "GET /cormun/servlet/permisogoce?7bc1c581d47c86b7907309ddfb53676d53c12368661a964a9d838187c20f5de762751b735c0d731f451c6c30dcce93124b08264d09e361c20abe9d568eef27c7,gx-no-cache=1756814655095 HTTP/1.1" 200 48
190.95.15.27 - - [02/Sep/2025:09:01:24 -0300] "POST /cormun/servlet/permisogoce?5afcce066d8753c86369d455343899c0,INS,0,,,,gx-no-cache=1756814657024 HTTP/1.1" 200 93
190.95.15.27 - - [02/Sep/2025:09:01:24 -0300] "GET /cormun/servlet/hpexe_return? HTTP/1.1" 200 1010
190.95.15.27 - - [02/Sep/2025:09:01:24 -0300] "GET /cormun/servlet/trpermisosgoce HTTP/1.1" 200 10539
190.95.15.31 - - [02/Sep/2025:09:05:29 -0300] "GET /cormun/servlet/hlogin HTTP/1.1" 200 1722
190.95.15.31 - - [02/Sep/2025:09:05:33 -0300] "POST /cormun/servlet/hlogin?f2895ba29bf8a4b56af6366224262186,gx-no-cache=1756814906374 HTTP/1.1" 200 90
190.95.15.31 - - [02/Sep/2025:09:05:33 -0300] "GET /cormun/servlet/hpexe_link HTTP/1.1" 200 952
190.95.15.31 - - [02/Sep/2025:09:05:34 -0300] "GET /cormun/servlet/hhome HTTP/1.1" 200 4357
190.95.15.31 - - [02/Sep/2025:09:05:40 -0300] "GET /cormun/servlet/trlicencias? HTTP/1.1" 200 11161
190.95.67.93 - - [02/Sep/2025:09:07:00 -0300] "GET /cormun/servlet/hlogin HTTP/1.1" 200 1723
190.95.67.91 - - [02/Sep/2025:09:07:01 -0300] "GET /cormun/servlet/licenciaspermisos?INS,0,,, HTTP/1.1" 200 6785
190.95.67.91 - - [02/Sep/2025:09:07:02 -0300] "GET /cormun/static/gxcfg.js?202012153173 HTTP/1.1" 200 953
190.95.67.91 - - [02/Sep/2025:09:07:02 -0300] "GET /cormun/static/licenciaspermisos.js?2020121532136 HTTP/1.1" 200 38753
190.95.67.91 - - [02/Sep/2025:09:07:02 -0300] "GET /cormun/servlet/hlogin HTTP/1.1" 200 1747
190.95.67.93 - - [02/Sep/2025:09:07:03 -0300] "POST /cormun/servlet/hlogin?9428cea8fdc517b88205b0d6e22e513e,gx-no-cache=1756814996549 HTTP/1.1" 200 90
190.95.67.93 - - [02/Sep/2025:09:07:03 -0300] "GET /cormun/servlet/hpexe_link HTTP/1.1" 200 951
190.95.67.93 - - [02/Sep/2025:09:07:03 -0300] "GET /cormun/servlet/hhome HTTP/1.1" 200 4339
190.95.15.31 - - [02/Sep/2025:09:07:11 -0300] "GET /cormun/servlet/trsolicitudot? HTTP/1.1" 200 7572
190.95.67.91 - - [02/Sep/2025:09:07:12 -0300] "POST /cormun/servlet/hlogin?662239502a5fdc78efb5132971090ace,gx-no-cache=1756815005926 HTTP/1.1" 200 90
190.95.67.91 - - [02/Sep/2025:09:07:13 -0300] "GET /cormun/servlet/hpexe_link HTTP/1.1" 200 968
190.95.67.91 - - [02/Sep/2025:09:07:13 -0300] "GET /cormun/servlet/licenciaspermisos?INS,0,,, HTTP/1.1" 200 7690
190.95.15.31 - - [02/Sep/2025:09:07:14 -0300] "GET /cormun/servlet/solicitudot?INS,0,0,false, HTTP/1.1" 200 16362
190.95.67.91 - - [02/Sep/2025:09:07:18 -0300] "GET /cormun/servlet/trpermisosgoce? HTTP/1.1" 200 19535
190.95.67.91 - - [02/Sep/2025:09:07:21 -0300] "GET /cormun/servlet/permisogoce?INS,0,,, HTTP/1.1" 200 7130
190.95.67.91 - - [02/Sep/2025:09:07:27 -0300] "GET /cormun/servlet/permisogoce?656718a6271a06a6f3f090cc57bb37585f65e0e6b7ea42a0bd9970837afee3ef416e47dbd89d3f95593ac7451c8f60cf47c2514653a4478ab9d4d7235f5ab34f,gx-no-cache=1756815020185 HTTP/1.1" 200 80
190.95.67.91 - - [02/Sep/2025:09:07:29 -0300] "GET /cormun/static/menuarrow.gif HTTP/1.1" 404 1015
190.95.67.91 - - [02/Sep/2025:09:07:33 -0300] "GET /cormun/servlet/permisogoce?656718a6271a06a6f3f090cc57bb37589b4e3518b6cf8be84c4cc72394ec870b52c7a5a1d3f9a1d0cae082609587d9b0be8c463270e38681bdc2c5391adb7ef5,gx-no-cache=1756815026560 HTTP/1.1" 200 46
190.95.67.93 - - [02/Sep/2025:09:07:33 -0300] "GET /cormun/servlet/trpermisosgoce? HTTP/1.1" 200 16800
190.95.67.99 - - [02/Sep/2025:09:07:34 -0300] "GET /cormun/servlet/hhome HTTP/1.1" 200 3321
190.95.67.93 - - [02/Sep/2025:09:07:37 -0300] "GET /cormun/servlet/permisogoce?INS,0,,, HTTP/1.1" 200 7230
190.95.67.99 - - [02/Sep/2025:09:07:38 -0300] "GET /cormun/servlet/hhome HTTP/1.1" 200 3332
190.95.67.99 - - [02/Sep/2025:09:07:38 -0300] "GET /cormun/servlet/hlogin HTTP/1.1" 200 1730
190.95.15.31 - - [02/Sep/2025:09:07:40 -0300] "POST /cormun/servlet/solicitudot?gx-no-cache=1756815033005 HTTP/1.1" 200 4163
190.95.15.31 - - [02/Sep/2025:09:07:40 -0300] "POST /cormun/servlet/solicitudot?f2895ba29bf8a4b56af6366224262186,INS,0,0,false,,gx-no-cache=1756815033148 HTTP/1.1" 200 13016
190.95.67.91 - - [02/Sep/2025:09:07:44 -0300] "POST /cormun/servlet/permisogoce?662239502a5fdc78efb5132971090ace,INS,0,,,,gx-no-cache=1756815036886 HTTP/1.1" 200 93
190.95.67.91 - - [02/Sep/2025:09:07:44 -0300] "GET /cormun/servlet/hpexe_return? HTTP/1.1" 200 1009
190.95.67.91 - - [02/Sep/2025:09:07:44 -0300] "GET /cormun/servlet/trpermisosgoce HTTP/1.1" 200 19660
190.95.67.91 - - [02/Sep/2025:09:07:46 -0300] "GET /cormun/servlet/trpermisosadjuntos?20660959,20250902081036,P, HTTP/1.1" 200 6559
190.95.67.91 - - [02/Sep/2025:09:07:48 -0300] "GET /cormun/servlet/permisosadjuntos?INS,20660959,P,20250902081036,, HTTP/1.1" 200 5881
190.95.67.91 - - [02/Sep/2025:09:07:48 -0300] "GET /cormun/static/about:blank HTTP/1.1" 404 1011
190.95.67.93 - - [02/Sep/2025:09:07:50 -0300] "GET /cormun/servlet/permisogoce?222d00852de72f907b9f902ed05e2b90759f15866b0711362702834166401f421262779098780ac2c0d1f0b768d9c728f2472193e3eef1db36cfed8e338be93b,gx-no-cache=1756815043386 HTTP/1.1" 200 84
190.95.67.93 - - [02/Sep/2025:09:07:57 -0300] "GET /cormun/static/menuarrow.gif HTTP/1.1" 404 1015
190.95.15.31 - - [02/Sep/2025:09:07:58 -0300] "GET /cormun/servlet/solicitudot?7fcaa16fbc231345289f87eccc39447a7e735938bd51ad3398d52ef69020c079bcba1b8272a3086d951dd45262990044,gx-no-cache=1756815051481 HTTP/1.1" 200 30
190.95.67.93 - - [02/Sep/2025:09:08:03 -0300] "GET /cormun/servlet/permisogoce?222d00852de72f907b9f902ed05e2b903086110d1f3ca780e1cc1333816fe2790ff1c253195cff1212bfe2564d29b0ae68ca1c68a2c6da51b1cd3334516a447a,gx-no-cache=1756815056492 HTTP/1.1" 200 47
190.95.67.99 - - [02/Sep/2025:09:08:03 -0300] "POST /cormun/servlet/hlogin?ad6cec34344716ebb9000c5ff377c3ac,gx-no-cache=1756815063687 HTTP/1.1" 200 90
190.95.67.99 - - [02/Sep/2025:09:08:04 -0300] "GET /cormun/servlet/hpexe_link HTTP/1.1" 200 947
190.95.67.99 - - [02/Sep/2025:09:08:04 -0300] "GET /cormun/servlet/hhome HTTP/1.1" 200 4314
190.95.67.91 - - [02/Sep/2025:09:08:04 -0300] "POST /cormun/servlet/permisosadjuntos?662239502a5fdc78efb5132971090ace,INS,20660959,P,20250902081036,, HTTP/1.1" 200 116
190.95.67.91 - - [02/Sep/2025:09:08:04 -0300] "GET /cormun/servlet/hpexe_return? HTTP/1.1" 200 1037
190.95.67.91 - - [02/Sep/2025:09:08:04 -0300] "GET /cormun/servlet/trpermisosadjuntos?20660959,20250902081036,P, HTTP/1.1" 200 7077
190.95.67.93 - - [02/Sep/2025:09:08:07 -0300] "POST /cormun/servlet/permisogoce?9428cea8fdc517b88205b0d6e22e513e,INS,0,,,,gx-no-cache=1756815059614 HTTP/1.1" 200 93
190.95.67.93 - - [02/Sep/2025:09:08:07 -0300] "GET /cormun/servlet/hpexe_return? HTTP/1.1" 200 1010
190.95.67.93 - - [02/Sep/2025:09:08:07 -0300] "GET /cormun/servlet/trpermisosgoce HTTP/1.1" 200 16969
190.95.67.93 - - [02/Sep/2025:09:08:11 -0300] "GET /cormun/servlet/apermisogoceprn?13945989,P,20250902081053,PU HTTP/1.1" 200 1670
190.95.15.31 - - [02/Sep/2025:09:08:13 -0300] "GET /cormun/servlet/solicitudot?7fcaa16fbc231345289f87eccc39447aada877f9278b084b35b47c99cf62e1f09d8b6276a57e4d7ca736c18e9f72c78abbcfc954cac9f46f0e910439d16df0e1,gx-no-cache=1756815066207 HTTP/1.1" 200 30
190.95.15.31 - - [02/Sep/2025:09:08:13 -0300] "GET /cormun/servlet/solicitudot?7fcaa16fbc231345289f87eccc39447a448592f334238fe5f67ea418ace02f50,gx-no-cache=1756815066224 HTTP/1.1" 200 53
190.95.15.31 - - [02/Sep/2025:09:08:13 -0300] "POST /cormun/servlet/solicitudot?gx-no-cache=1756815066242 HTTP/1.1" 200 255
190.95.15.31 - - [02/Sep/2025:09:08:13 -0300] "GET /cormun/servlet/solicitudot?7fcaa16fbc231345289f87eccc39447a184651d721e15f9581bc7e73d3063da70377cc00607ff81f4f3a7655eceecf1035797cbfe01418b804e31e4f0d78c4a88e031c5d32f868da46c162e727438ea27c284809228e8faf20685f2b46d0d8f5a812dd402d653a6432a7927b713442c7096db333b0757264fadc479173bf61fdbd8a91af42d2d31c69900e75dd1da0a635e3a3940ea80fac52fa9a2da2d286851b8db0e7bfc0e8521ca3d355b29c9fb1cb835df319d60bea2085cbbeeda638388d35b88eaeda32395a390e9ae5343f9f289d594b09b6b4f0ae9056206bc3dca26d7beb71af326df6a10b85f95c542b7894118da73a6446cff0b65d402b9601d4927117bc0039db734e936260f2fab84d717b340b850a41a622e7d129bd62c2312040ebf530d275404ed678c00c8dc6af161d6a4fbdf9f007feb693034bee941d3c4d2e857d023714d464b58782da3ed4742ad85d590c369af598c6080d821c376a090b8b3f93ba007da934c34ed324950ea52ac806d3b4c1ae6ce57684eb5e64,gx-no-cache=1756815066265 HTTP/1.1" 200 30
190.95.67.91 - - [02/Sep/2025:09:08:14 -0300] "POST /cormun/servlet/trpermisosadjuntos?662239502a5fdc78efb5132971090ace,20660959,20250902081036,P,,gx-no-cache=1756815067496 HTTP/1.1" 200 90
190.95.67.91 - - [02/Sep/2025:09:08:14 -0300] "GET /cormun/servlet/hpexe_link HTTP/1.1" 200 982
190.95.67.91 - - [02/Sep/2025:09:08:14 -0300] "GET /cormun/servlet/trpermisosgoce HTTP/1.1" 200 19648
190.95.15.31 - - [02/Sep/2025:09:08:16 -0300] "POST /cormun/servlet/solicitudot?gx-no-cache=1756815069709 HTTP/1.1" 200 30
190.95.67.91 - - [02/Sep/2025:09:08:16 -0300] "POST /cormun/servlet/trpermisosgoce?662239502a5fdc78efb5132971090ace,gx-no-cache=1756815069617 HTTP/1.1" 200 16943
190.95.67.91 - - [02/Sep/2025:09:08:16 -0300] "GET /cormun/static/Shared/jqueryui/images/ui-bg_highlight-soft_100_c6c2c8_1x100.png HTTP/1.1" 404 1117
190.95.67.91 - - [02/Sep/2025:09:08:16 -0300] "GET /cormun/static/Shared/jqueryui/images/ui-icons_82798d_256x240.png HTTP/1.1" 404 1089
190.95.67.91 - - [02/Sep/2025:09:08:17 -0300] "GET /cormun/static/Shared/jqueryui/images/ui-bg_flat_55_fafafa_40x100.png HTTP/1.1" 404 1097
190.95.67.91 - - [02/Sep/2025:09:08:17 -0300] "GET /cormun/static/Shared/jqueryui/images/ui-icons_8d78a5_256x240.png HTTP/1.1" 404 1089
179.57.78.55 - - [02/Sep/2025:09:08:20 -0300] "GET /cormun/servlet/trlicencias? HTTP/1.1" 200 12064
129.222.173.48 - - [02/Sep/2025:09:08:35 -0300] "GET /cormun/servlet/hlogin HTTP/1.1" 200 1724
190.95.15.31 - - [02/Sep/2025:09:08:39 -0300] "POST /cormun/servlet/solicitudot?gx-no-cache=1756815092397 HTTP/1.1" 200 30
129.222.173.48 - - [02/Sep/2025:09:08:40 -0300] "POST /cormun/servlet/hlogin?3a64ef43bd8e834543c8ba9df16d578d,gx-no-cache=1756815093258 HTTP/1.1" 200 90
129.222.173.48 - - [02/Sep/2025:09:08:41 -0300] "GET /cormun/servlet/hpexe_link HTTP/1.1" 200 955
129.222.173.48 - - [02/Sep/2025:09:08:42 -0300] "GET /cormun/servlet/hhome HTTP/1.1" 200 3950
190.95.67.91 - - [02/Sep/2025:09:08:42 -0300] "GET /cormun/servlet/permisogoce?INS,0,,, HTTP/1.1" 200 7129
129.222.173.48 - - [02/Sep/2025:09:08:46 -0300] "GET /cormun/servlet/trpermisosgoce? HTTP/1.1" 200 10468
190.95.67.91 - - [02/Sep/2025:09:08:50 -0300] "GET /cormun/servlet/permisogoce?656718a6271a06a6f3f090cc57bb3758f12a65d5ceff5f4be4bd23a86957b938416e47dbd89d3f95593ac7451c8f60cf47c2514653a4478ab9d4d7235f5ab34f,gx-no-cache=1756815103628 HTTP/1.1" 200 79
129.222.173.48 - - [02/Sep/2025:09:08:54 -0300] "GET /cormun/servlet/permisogoce?INS,0,,, HTTP/1.1" 200 6812
129.222.173.48 - - [02/Sep/2025:09:09:09 -0300] "GET /cormun/servlet/permisogoce?fe93cd8e8a0224ebfa9d379f02192670728923f4b5d699ff10abecf52c75bf319f1321226ce235b36bd74cf34ce73370f899fbc64e2413b6acd393305204e595,gx-no-cache=1756815122384 HTTP/1.1" 200 80
190.95.15.31 - - [02/Sep/2025:09:09:10 -0300] "GET /cormun/servlet/hlogin HTTP/1.1" 200 1722
129.222.173.48 - - [02/Sep/2025:09:09:14 -0300] "GET /cormun/static/menuarrow.gif HTTP/1.1" 404 1015
190.95.67.99 - - [02/Sep/2025:09:09:15 -0300] "GET /cormun/servlet/trpermisosgoce? HTTP/1.1" 200 14179
190.95.15.31 - - [02/Sep/2025:09:09:19 -0300] "POST /cormun/servlet/hlogin?f2895ba29bf8a4b56af6366224262186,gx-no-cache=1756815131852 HTTP/1.1" 200 90
190.95.15.31 - - [02/Sep/2025:09:09:19 -0300] "GET /cormun/servlet/hpexe_link HTTP/1.1" 200 966
190.95.15.31 - - [02/Sep/2025:09:09:19 -0300] "GET /cormun/servlet/solicitudot?INS,0,0,false, HTTP/1.1" 200 16367
190.95.15.31 - - [02/Sep/2025:09:09:29 -0300] "POST /cormun/servlet/solicitudot?gx-no-cache=1756815141874 HTTP/1.1" 200 4163
190.95.15.31 - - [02/Sep/2025:09:09:29 -0300] "POST /cormun/servlet/solicitudot?f2895ba29bf8a4b56af6366224262186,INS,0,0,false,,gx-no-cache=1756815142010 HTTP/1.1" 200 13016
190.95.15.31 - - [02/Sep/2025:09:09:33 -0300] "GET /cormun/servlet/solicitudot?7fcaa16fbc231345289f87eccc39447a7e735938bd51ad3398d52ef69020c079bcba1b8272a3086d951dd45262990044,gx-no-cache=1756815146107 HTTP/1.1" 200 30
190.95.15.31 - - [02/Sep/2025:09:09:33 -0300] "GET /cormun/servlet/solicitudot?7fcaa16fbc231345289f87eccc39447aada877f9278b084b35b47c99cf62e1f09d8b6276a57e4d7ca736c18e9f72c78abbcfc954cac9f46f0e910439d16df0e1,gx-no-cache=1756815146130 HTTP/1.1" 200 30
190.95.15.31 - - [02/Sep/2025:09:09:33 -0300] "GET /cormun/servlet/solicitudot?7fcaa16fbc231345289f87eccc39447a448592f334238fe5f67ea418ace02f50,gx-no-cache=1756815146146 HTTP/1.1" 200 53
190.95.15.31 - - [02/Sep/2025:09:09:33 -0300] "POST /cormun/servlet/solicitudot?gx-no-cache=1756815146165 HTTP/1.1" 200 255
190.95.15.31 - - [02/Sep/2025:09:09:33 -0300] "GET /cormun/servlet/solicitudot?7fcaa16fbc231345289f87eccc39447a184651d721e15f9581bc7e73d3063da70377cc00607ff81f4f3a7655eceecf1035797cbfe01418b804e31e4f0d78c4a88e031c5d32f868da46c162e727438ea27c284809228e8faf20685f2b46d0d8f5a812dd402d653a6432a7927b713442c7096db333b0757264fadc479173bf61fdbd8a91af42d2d31c69900e75dd1da0a635e3a3940ea80fac52fa9a2da2d286851b8db0e7bfc0e8521ca3d355b29c9fb1cb835df319d60bea2085cbbeeda638388d35b88eaeda32395a390e9ae5343f9f289d594b09b6b4f0ae9056206bc3dca26d7beb71af326df6a10b85f95c542b7894118da73a6446cff0b65d402b9601d4927117bc0039db734e936260f2fab84d717b340b850a41a622e7d129bd62c2312040ebf530d275404ed678c00c8dc6af161d6a4fbdf9f007feb693034bee941d3c4d2e857d023714d464b58782da3ed4742ad85d590c369af598c6080d821c376a090b8b3f93ba007da934c34ed324950ea52ac806d3b4c1ae6ce57684eb5e64,gx-no-cache=1756815146189 HTTP/1.1" 200 30
190.95.67.99 - - [02/Sep/2025:09:09:57 -0300] "GET /cormun/servlet/permisogoce?INS,0,,, HTTP/1.1" 200 7209
190.95.67.99 - - [02/Sep/2025:09:10:05 -0300] "GET /cormun/servlet/trpermisosgoce? HTTP/1.1" 200 14179
190.95.67.99 - - [02/Sep/2025:09:10:09 -0300] "GET /cormun/servlet/permisogoce?DSP,10411509,P,20250826131959, HTTP/1.1" 200 7071
190.95.67.99 - - [02/Sep/2025:09:10:11 -0300] "POST /cormun/servlet/permisogoce?ad6cec34344716ebb9000c5ff377c3ac,DSP,10411509,P,20250826131959,,gx-no-cache=1756815191680 HTTP/1.1" 200 93
190.95.67.99 - - [02/Sep/2025:09:10:11 -0300] "GET /cormun/servlet/hpexe_return? HTTP/1.1" 200 1026
190.95.67.99 - - [02/Sep/2025:09:10:12 -0300] "GET /cormun/servlet/trpermisosgoce HTTP/1.1" 200 14186
190.95.15.31 - - [02/Sep/2025:09:10:17 -0300] "POST /cormun/servlet/solicitudot?gx-no-cache=1756815190202 HTTP/1.1" 200 30
190.95.15.31 - - [02/Sep/2025:09:10:17 -0300] "POST /cormun/servlet/solicitudot?gx-no-cache=1756815190236 HTTP/1.1" 200 1481
190.95.15.31 - - [02/Sep/2025:09:10:17 -0300] "POST /cormun/servlet/solicitudot?gx-no-cache=1756815190267 HTTP/1.1" 200 38
190.95.15.31 - - [02/Sep/2025:09:10:17 -0300] "GET /cormun/servlet/solicitudot?7fcaa16fbc231345289f87eccc39447ac775a2cff77e8a1cdee932da5e04fb47a0ef7dc57c64ef14b53250c6d18667af53d9786073174a79918683487f67bab6b704f48b052f28dd767710100aacc65a5af0fc7f5a9264983c613eda35ff7a7f0c042585483b4c8832d91c80cc55c35e,gx-no-cache=1756815190284 HTTP/1.1" 200 110
190.95.15.9 - - [02/Sep/2025:09:10:26 -0300] "POST /cormun/servlet/trlicencias?9599ea3faf9c04b9aabdb6fcaaf08a4a,gx-no-cache=1756815199660 HTTP/1.1" 440 972
190.95.15.9 - - [02/Sep/2025:09:10:28 -0300] "GET /cormun/servlet/trlicencias HTTP/1.1" 200 6054
179.57.78.55 - - [02/Sep/2025:09:10:28 -0300] "POST /cormun/servlet/trlicencias?53b499408f4e23d34bc3a52f6b8a4bca,,gx-no-cache=1756815200560 HTTP/1.1" 200 9630
190.95.15.9 - - [02/Sep/2025:09:10:29 -0300] "GET /cormun/servlet/hlogin HTTP/1.1" 200 1741
190.95.15.9 - - [02/Sep/2025:09:10:32 -0300] "POST /cormun/servlet/hlogin?9d94e1f905303b1eb6984924640006a7,gx-no-cache=1756815205396 HTTP/1.1" 200 90
190.95.15.9 - - [02/Sep/2025:09:10:32 -0300] "GET /cormun/servlet/hpexe_link HTTP/1.1" 200 959
190.95.15.9 - - [02/Sep/2025:09:10:32 -0300] "GET /cormun/servlet/trlicencias HTTP/1.1" 200 14810
190.95.67.99 - - [02/Sep/2025:09:10:34 -0300] "GET /cormun/static/menuarrow.gif HTTP/1.1" 404 1015
190.95.67.91 - - [02/Sep/2025:09:10:44 -0300] "GET /cormun/servlet/permisogoce?656718a6271a06a6f3f090cc57bb3758e5012a982bd437df9b14a58a573bc181ec7559b2d57ee5cf475866871bcf55f8447de5eae3995d15a926856528888da4,gx-no-cache=1756815217487 HTTP/1.1" 200 47
190.95.67.99 - - [02/Sep/2025:09:11:01 -0300] "POST /cormun/servlet/trpermisosgoce?ad6cec34344716ebb9000c5ff377c3ac,gx-no-cache=1756815240914 HTTP/1.1" 200 5934
201.186.226.3 - - [02/Sep/2025:09:11:24 -0300] "GET /cormun/servlet/hlogin HTTP/1.1" 200 1719
201.186.226.3 - - [02/Sep/2025:09:11:24 -0300] "GET /cormun/servlet/hlogin HTTP/1.1" 200 1729
190.95.67.91 - - [02/Sep/2025:09:11:29 -0300] "GET /cormun/servlet/permisogoce?656718a6271a06a6f3f090cc57bb3758e5012a982bd437df9b14a58a573bc1815edca432b8b8cffc986c8e161e310ee4c10087727df8fc05fad0f2e10a391b5f,gx-no-cache=1756815262172 HTTP/1.1" 200 47
190.95.67.91 - - [02/Sep/2025:09:11:29 -0300] "POST /cormun/servlet/permisogoce?662239502a5fdc78efb5132971090ace,INS,0,,,,gx-no-cache=1756815262198 HTTP/1.1" 200 93
190.95.67.91 - - [02/Sep/2025:09:11:29 -0300] "GET /cormun/servlet/hpexe_return? HTTP/1.1" 200 1031
190.95.67.91 - - [02/Sep/2025:09:11:29 -0300] "GET /cormun/servlet/trpermisosgoce?gx-no-cache=1756815069617 HTTP/1.1" 200 19628
201.186.226.3 - - [02/Sep/2025:09:11:35 -0300] "POST /cormun/servlet/hlogin?a10b9cd6d0f493cbb8a278134bb51623,gx-no-cache=1756815268851 HTTP/1.1" 200 90
201.186.226.3 - - [02/Sep/2025:09:11:35 -0300] "GET /cormun/servlet/hpexe_link HTTP/1.1" 200 948
201.186.226.3 - - [02/Sep/2025:09:11:35 -0300] "GET /cormun/servlet/hhome HTTP/1.1" 200 3924
201.186.226.3 - - [02/Sep/2025:09:11:38 -0300] "GET /cormun/servlet/trpermisosgoce? HTTP/1.1" 200 13560
190.95.67.91 - - [02/Sep/2025:09:11:44 -0300] "GET /cormun/servlet/trpermisosadjuntos?19017119,20250902081158,P, HTTP/1.1" 200 6581
190.95.67.93 - - [02/Sep/2025:09:11:45 -0300] "GET /cormun/servlet/permisogoce?INS,0,,, HTTP/1.1" 200 7230
190.95.67.91 - - [02/Sep/2025:09:11:45 -0300] "GET /cormun/servlet/permisosadjuntos?INS,19017119,P,20250902081158,, HTTP/1.1" 200 5881
190.95.67.91 - - [02/Sep/2025:09:11:46 -0300] "GET /cormun/static/about:blank HTTP/1.1" 404 1011
201.186.226.3 - - [02/Sep/2025:09:11:46 -0300] "GET /cormun/servlet/permisogoce?INS,0,,, HTTP/1.1" 200 6785
190.95.15.15 - - [02/Sep/2025:09:11:54 -0300] "GET /cormun/servlet/hlogin HTTP/1.1" 200 1721
190.95.15.27 - - [02/Sep/2025:09:11:55 -0300] "GET /cormun/servlet/trpermisosadjuntos?11554288,20250902080415,P, HTTP/1.1" 200 6254
190.95.15.27 - - [02/Sep/2025:09:11:58 -0300] "GET /cormun/servlet/permisosadjuntos?INS,11554288,P,20250902080415,, HTTP/1.1" 200 5571
190.95.15.27 - - [02/Sep/2025:09:11:59 -0300] "GET /cormun/static/about:blank HTTP/1.1" 404 1011
201.186.226.3 - - [02/Sep/2025:09:12:01 -0300] "GET /cormun/servlet/permisogoce?18b2735fb25bac459c6af7edc8ecbff0416ef06b761b69f46200253610b60c4e60c69005a434eb25819e6027ce046d4df209178ad60b7c54443f3982a4840b5f,gx-no-cache=1756815295226 HTTP/1.1" 200 82
190.95.67.93 - - [02/Sep/2025:09:12:01 -0300] "GET /cormun/servlet/permisogoce?222d00852de72f907b9f902ed05e2b904242f2014a7b2c6290b0ca238d96c42a1262779098780ac2c0d1f0b768d9c728f2472193e3eef1db36cfed8e338be93b,gx-no-cache=1756815294528 HTTP/1.1" 200 77
201.186.226.3 - - [02/Sep/2025:09:12:03 -0300] "GET /cormun/static/menuarrow.gif HTTP/1.1" 404 1015
201.186.226.3 - - [02/Sep/2025:09:12:11 -0300] "GET /cormun/servlet/permisogoce?18b2735fb25bac459c6af7edc8ecbff04095977bbca6bb02c5d3f5a652e7f6deeea1b3236833ff07c851ff7379a8fd770b146f8c90798d506a0a363645d1047c,gx-no-cache=1756815304779 HTTP/1.1" 200 46
201.186.226.3 - - [02/Sep/2025:09:12:14 -0300] "POST /cormun/servlet/permisogoce?a10b9cd6d0f493cbb8a278134bb51623,INS,0,,,,gx-no-cache=1756815307743 HTTP/1.1" 200 93
201.186.226.3 - - [02/Sep/2025:09:12:14 -0300] "GET /cormun/servlet/hpexe_return? HTTP/1.1" 200 1006
190.95.15.27 - - [02/Sep/2025:09:12:15 -0300] "POST /cormun/servlet/permisosadjuntos?5afcce066d8753c86369d455343899c0,INS,11554288,P,20250902080415,, HTTP/1.1" 200 116
201.186.226.3 - - [02/Sep/2025:09:12:15 -0300] "GET /cormun/servlet/trpermisosgoce HTTP/1.1" 200 13796
190.95.15.27 - - [02/Sep/2025:09:12:15 -0300] "GET /cormun/servlet/hpexe_return? HTTP/1.1" 200 1039
190.95.15.27 - - [02/Sep/2025:09:12:15 -0300] "GET /cormun/servlet/trpermisosadjuntos?11554288,20250902080415,P, HTTP/1.1" 200 6753
190.95.15.27 - - [02/Sep/2025:09:12:17 -0300] "POST /cormun/servlet/trpermisosadjuntos?5afcce066d8753c86369d455343899c0,11554288,20250902080415,P,,gx-no-cache=1756815311167 HTTP/1.1" 200 90
190.95.15.27 - - [02/Sep/2025:09:12:18 -0300] "GET /cormun/servlet/hpexe_link HTTP/1.1" 200 984
190.95.15.27 - - [02/Sep/2025:09:12:18 -0300] "GET /cormun/servlet/trpermisosgoce HTTP/1.1" 200 10532
190.95.67.93 - - [02/Sep/2025:09:12:18 -0300] "GET /cormun/servlet/permisogoce?222d00852de72f907b9f902ed05e2b90da397e6f5657293ef47734f6f3f0a8c6b4d1da133b64e04fea0b2240d0ef10f868ca1c68a2c6da51b1cd3334516a447a,gx-no-cache=1756815311324 HTTP/1.1" 200 47
201.186.226.3 - - [02/Sep/2025:09:12:19 -0300] "GET /cormun/servlet/apermisogoceprn?18375139,P,20250902081501,PU HTTP/1.1" 200 1658
190.95.15.27 - - [02/Sep/2025:09:12:21 -0300] "POST /cormun/servlet/trpermisosgoce?5afcce066d8753c86369d455343899c0,gx-no-cache=1756815314815 HTTP/1.1" 200 7899
190.95.67.93 - - [02/Sep/2025:09:12:21 -0300] "POST /cormun/servlet/permisogoce?9428cea8fdc517b88205b0d6e22e513e,INS,0,,,,gx-no-cache=1756815314334 HTTP/1.1" 200 93
190.95.67.93 - - [02/Sep/2025:09:12:21 -0300] "GET /cormun/servlet/hpexe_return? HTTP/1.1" 200 1010
190.95.15.27 - - [02/Sep/2025:09:12:21 -0300] "GET /cormun/static/Shared/jqueryui/images/ui-bg_highlight-soft_100_c6c2c8_1x100.png HTTP/1.1" 404 1117
190.95.15.27 - - [02/Sep/2025:09:12:21 -0300] "GET /cormun/static/Shared/jqueryui/images/ui-icons_82798d_256x240.png HTTP/1.1" 404 1089
190.95.15.27 - - [02/Sep/2025:09:12:21 -0300] "GET /cormun/static/Shared/jqueryui/images/ui-bg_flat_55_fafafa_40x100.png HTTP/1.1" 404 1097
190.95.15.27 - - [02/Sep/2025:09:12:21 -0300] "GET /cormun/static/Shared/jqueryui/images/ui-icons_8d78a5_256x240.png HTTP/1.1" 404 1089
190.95.67.93 - - [02/Sep/2025:09:12:22 -0300] "GET /cormun/servlet/trpermisosgoce HTTP/1.1" 200 17164
190.95.15.27 - - [02/Sep/2025:09:12:26 -0300] "GET /cormun/servlet/trpermisosadjuntos?18649049,20250902080336,P, HTTP/1.1" 200 6256
190.95.67.93 - - [02/Sep/2025:09:12:26 -0300] "GET /cormun/servlet/apermisogoceprn?19852529,P,20250902081500,PU HTTP/1.1" 200 1655
190.95.15.27 - - [02/Sep/2025:09:12:40 -0300] "GET /cormun/servlet/permisosadjuntos?INS,18649049,P,20250902080336,, HTTP/1.1" 200 5571
190.95.15.27 - - [02/Sep/2025:09:12:40 -0300] "GET /cormun/static/about:blank HTTP/1.1" 404 1011
190.95.15.15 - - [02/Sep/2025:09:12:45 -0300] "POST /cormun/servlet/hlogin?0c2183491bd6c029f44c2ebbedec50ee,gx-no-cache=1756815338577 HTTP/1.1" 200 90
190.95.15.15 - - [02/Sep/2025:09:12:45 -0300] "GET /cormun/servlet/hpexe_link HTTP/1.1" 200 952
190.95.15.15 - - [02/Sep/2025:09:12:45 -0300] "GET /cormun/servlet/hhome HTTP/1.1" 200 3990
190.95.15.15 - - [02/Sep/2025:09:12:48 -0300] "GET /cormun/servlet/trlicencias? HTTP/1.1" 200 16743
190.95.15.27 - - [02/Sep/2025:09:12:51 -0300] "POST /cormun/servlet/permisosadjuntos?5afcce066d8753c86369d455343899c0,INS,18649049,P,20250902080336,, HTTP/1.1" 200 116
190.95.15.27 - - [02/Sep/2025:09:12:51 -0300] "GET /cormun/servlet/hpexe_return? HTTP/1.1" 200 1038
190.95.15.27 - - [02/Sep/2025:09:12:51 -0300] "GET /cormun/servlet/trpermisosadjuntos?18649049,20250902080336,P, HTTP/1.1" 200 6756
190.95.15.27 - - [02/Sep/2025:09:12:55 -0300] "POST /cormun/servlet/trpermisosadjuntos?5afcce066d8753c86369d455343899c0,18649049,20250902080336,P,,gx-no-cache=1756815348849 HTTP/1.1" 200 90
190.95.15.27 - - [02/Sep/2025:09:12:55 -0300] "GET /cormun/servlet/hpexe_link HTTP/1.1" 200 1005
190.95.15.27 - - [02/Sep/2025:09:12:55 -0300] "GET /cormun/servlet/trpermisosgoce?gx-no-cache=1756815314815 HTTP/1.1" 200 10536
190.95.15.27 - - [02/Sep/2025:09:12:59 -0300] "POST /cormun/servlet/trpermisosgoce?5afcce066d8753c86369d455343899c0,gx-no-cache=1756815314815,gx-no-cache=1756815352450 HTTP/1.1" 200 7890
190.95.15.27 - - [02/Sep/2025:09:13:01 -0300] "GET /cormun/servlet/trpermisosadjuntos?12366914,20250902080249,P, HTTP/1.1" 200 6281
190.95.15.27 - - [02/Sep/2025:09:13:03 -0300] "GET /cormun/servlet/permisosadjuntos?INS,12366914,P,20250902080249,, HTTP/1.1" 200 5579
190.95.15.27 - - [02/Sep/2025:09:13:03 -0300] "GET /cormun/static/about:blank HTTP/1.1" 404 1011
190.95.15.27 - - [02/Sep/2025:09:13:13 -0300] "POST /cormun/servlet/permisosadjuntos?5afcce066d8753c86369d455343899c0,INS,12366914,P,20250902080249,, HTTP/1.1" 200 116
190.95.15.27 - - [02/Sep/2025:09:13:13 -0300] "GET /cormun/servlet/hpexe_return? HTTP/1.1" 200 1039
190.95.15.27 - - [02/Sep/2025:09:13:13 -0300] "GET /cormun/servlet/trpermisosadjuntos?12366914,20250902080249,P, HTTP/1.1" 200 6762
190.95.15.27 - - [02/Sep/2025:09:13:16 -0300] "POST /cormun/servlet/trpermisosadjuntos?5afcce066d8753c86369d455343899c0,12366914,20250902080249,P,,gx-no-cache=1756815369825 HTTP/1.1" 200 90
190.95.15.27 - - [02/Sep/2025:09:13:16 -0300] "GET /cormun/servlet/hpexe_link HTTP/1.1" 200 1005
190.95.15.27 - - [02/Sep/2025:09:13:16 -0300] "GET /cormun/servlet/trpermisosgoce?gx-no-cache=1756815314815 HTTP/1.1" 200 10528
190.95.15.27 - - [02/Sep/2025:09:13:20 -0300] "POST /cormun/servlet/trpermisosgoce?5afcce066d8753c86369d455343899c0,gx-no-cache=1756815314815,gx-no-cache=1756815373037 HTTP/1.1" 200 7840
190.95.15.27 - - [02/Sep/2025:09:13:24 -0300] "GET /cormun/servlet/trpermisosgoce?gx-no-cache=1756815314815 HTTP/1.1" 200 10470
190.95.15.27 - - [02/Sep/2025:09:13:27 -0300] "GET /cormun/servlet/hlogin HTTP/1.1" 200 1760
190.95.15.27 - - [02/Sep/2025:09:14:10 -0300] "POST /cormun/servlet/hlogin?5afcce066d8753c86369d455343899c0,gx-no-cache=1756815423165 HTTP/1.1" 200 90
190.95.15.27 - - [02/Sep/2025:09:14:10 -0300] "GET /cormun/servlet/hpexe_link HTTP/1.1" 200 952
190.95.15.27 - - [02/Sep/2025:09:14:10 -0300] "GET /cormun/servlet/hhome HTTP/1.1" 200 4201
190.95.15.27 - - [02/Sep/2025:09:14:14 -0300] "GET /cormun/servlet/trautorizarpermisogoce? HTTP/1.1" 200 8368
190.95.15.27 - - [02/Sep/2025:09:14:17 -0300] "POST /cormun/servlet/trautorizarpermisogoce?5afcce066d8753c86369d455343899c0,,gx-no-cache=1756815430870 HTTP/1.1" 200 5549
190.95.15.27 - - [02/Sep/2025:09:14:18 -0300] "POST /cormun/servlet/trautorizarpermisogoce?5afcce066d8753c86369d455343899c0,,gx-no-cache=1756815431535 HTTP/1.1" 200 5280
190.95.15.27 - - [02/Sep/2025:09:14:19 -0300] "POST /cormun/servlet/trautorizarpermisogoce?5afcce066d8753c86369d455343899c0,,gx-no-cache=1756815432159 HTTP/1.1" 200 4531
201.186.226.3 - - [02/Sep/2025:09:15:03 -0300] "GET /cormun/servlet/hlogin HTTP/1.1" 200 1737
179.57.78.71 - - [02/Sep/2025:09:16:01 -0300] "GET /cormun/servlet/hhome HTTP/1.1" 200 3324
179.57.78.71 - - [02/Sep/2025:09:16:02 -0300] "GET /cormun/static/gxgral.js?85251 HTTP/1.1" 304 -
179.57.78.71 - - [02/Sep/2025:09:16:02 -0300] "GET /cormun/servlet/hlogin HTTP/1.1" 200 1732
179.57.78.71 - - [02/Sep/2025:09:16:05 -0300] "POST /cormun/servlet/hlogin?837be7284b0fc41b75cd9f643a6f12a6,gx-no-cache=1756815538702 HTTP/1.1" 200 90
179.57.78.71 - - [02/Sep/2025:09:16:05 -0300] "GET /cormun/servlet/hpexe_link HTTP/1.1" 200 949
179.57.78.71 - - [02/Sep/2025:09:16:05 -0300] "GET /cormun/servlet/hhome HTTP/1.1" 200 4257
190.95.67.91 - - [02/Sep/2025:09:16:08 -0300] "POST /cormun/servlet/permisosadjuntos?662239502a5fdc78efb5132971090ace,INS,19017119,P,20250902081158,, HTTP/1.1" 200 116
190.95.67.91 - - [02/Sep/2025:09:16:08 -0300] "GET /cormun/servlet/hpexe_return? HTTP/1.1" 200 1038
190.95.67.91 - - [02/Sep/2025:09:16:08 -0300] "GET /cormun/servlet/trpermisosadjuntos?19017119,20250902081158,P, HTTP/1.1" 200 7094
190.95.67.91 - - [02/Sep/2025:09:16:11 -0300] "POST /cormun/servlet/trpermisosadjuntos?662239502a5fdc78efb5132971090ace,19017119,20250902081158,P,,gx-no-cache=1756815544078 HTTP/1.1" 200 90
190.95.67.91 - - [02/Sep/2025:09:16:11 -0300] "GET /cormun/servlet/hpexe_link HTTP/1.1" 200 1005
190.95.67.91 - - [02/Sep/2025:09:16:11 -0300] "GET /cormun/servlet/trpermisosgoce?gx-no-cache=1756815069617 HTTP/1.1" 200 19624
190.95.67.91 - - [02/Sep/2025:09:16:14 -0300] "POST /cormun/servlet/trpermisosgoce?662239502a5fdc78efb5132971090ace,gx-no-cache=1756815069617,gx-no-cache=1756815547136 HTTP/1.1" 200 16911
179.57.78.71 - - [02/Sep/2025:09:16:18 -0300] "GET /cormun/servlet/trlicencias? HTTP/1.1" 200 13988
186.189.74.83 - - [02/Sep/2025:09:18:36 -0300] "GET /cormun/servlet/hlogin HTTP/1.1" 200 1721
186.189.74.83 - - [02/Sep/2025:09:18:36 -0300] "GET /cormun/static/Resources/Spanish/PXTools.css?1759030 HTTP/1.1" 200 100853
186.189.74.83 - - [02/Sep/2025:09:18:36 -0300] "GET /cormun/static/gxcfg.js?2022112219184450 HTTP/1.1" 304 -
186.189.74.83 - - [02/Sep/2025:09:18:36 -0300] "GET /cormun/static/gxtimezone.js?85251 HTTP/1.1" 304 -
186.189.74.83 - - [02/Sep/2025:09:18:36 -0300] "GET /cormun/static/gxgral.js?85251 HTTP/1.1" 200 384558
186.189.74.83 - - [02/Sep/2025:09:18:36 -0300] "GET /cormun/static/Resources/CormunLogin.png HTTP/1.1" 200 19132
186.189.74.83 - - [02/Sep/2025:09:18:36 -0300] "GET /cormun/static/messages.spa.js?85251 HTTP/1.1" 200 30736
186.189.74.83 - - [02/Sep/2025:09:18:36 -0300] "GET /cormun/static/hlogin.js?2022112219184458 HTTP/1.1" 304 -
186.189.74.83 - - [02/Sep/2025:09:18:36 -0300] "GET /cormun/static/Resources/PXToolsLoginTop.png HTTP/1.1" 304 -
186.189.74.83 - - [02/Sep/2025:09:18:36 -0300] "GET /cormun/static/Resources/PXToolsLoginBackground.png HTTP/1.1" 304 -
186.189.74.83 - - [02/Sep/2025:09:18:37 -0300] "GET /cormun/static/Resources/PXToolsButtonRight.png HTTP/1.1" 304 -
186.189.74.83 - - [02/Sep/2025:09:18:37 -0300] "GET /cormun/static/Resources/PXToolsButtonLeft.png HTTP/1.1" 304 -
186.189.74.83 - - [02/Sep/2025:09:18:37 -0300] "GET /cormun/static/Resources/PXToolsButtonBackground.png HTTP/1.1" 304 -
186.189.74.83 - - [02/Sep/2025:09:18:37 -0300] "GET /cormun/static/Resources/PXToolsLoginBottom.png HTTP/1.1" 304 -
186.189.74.83 - - [02/Sep/2025:09:18:37 -0300] "GET /cormun/static/Resources/indicator.gif HTTP/1.1" 304 -
186.189.74.83 - - [02/Sep/2025:09:18:37 -0300] "GET /cormun/servlet/hlogin HTTP/1.1" 200 1732
186.189.74.83 - - [02/Sep/2025:09:18:37 -0300] "GET /favicon.ico HTTP/1.1" 200 21630
186.189.74.83 - - [02/Sep/2025:09:18:47 -0300] "POST /cormun/servlet/hlogin?4a788da47aaf6dccf77bc901f89f3f43,gx-no-cache=1756815696290 HTTP/1.1" 200 90
186.189.74.83 - - [02/Sep/2025:09:18:47 -0300] "GET /cormun/servlet/hpexe_link HTTP/1.1" 200 951
186.189.74.83 - - [02/Sep/2025:09:18:47 -0300] "GET /cormun/static/gxcfg.js?20221129847421 HTTP/1.1" 304 -
186.189.74.83 - - [02/Sep/2025:09:18:47 -0300] "GET /cormun/static/hpexe_link.js?20221129847423 HTTP/1.1" 304 -
186.189.74.83 - - [02/Sep/2025:09:18:47 -0300] "GET /cormun/static/Resources/Spanish/PXTools.css?8354383 HTTP/1.1" 200 100853
186.189.74.83 - - [02/Sep/2025:09:18:47 -0300] "GET /cormun/servlet/hhome HTTP/1.1" 200 4273
186.189.74.83 - - [02/Sep/2025:09:18:47 -0300] "GET /cormun/static/gxcfg.js?20201215495537 HTTP/1.1" 304 -
186.189.74.83 - - [02/Sep/2025:09:18:47 -0300] "GET /cormun/static/Shared/jqueryui/jquery-ui.min.css?1345370 HTTP/1.1" 200 30288
186.189.74.83 - - [02/Sep/2025:09:18:47 -0300] "GET /cormun/static/Resources/Spanish/PXTools.css?14345360 HTTP/1.1" 200 100853
186.189.74.83 - - [02/Sep/2025:09:18:48 -0300] "GET /cormun/static/Resources/CormunMP2.png HTTP/1.1" 304 -
186.189.74.83 - - [02/Sep/2025:09:18:48 -0300] "GET /cormun/static/Resources/ImgHome.png HTTP/1.1" 304 -
186.189.74.83 - - [02/Sep/2025:09:18:48 -0300] "GET /cormun/static/Resources/Llave.png HTTP/1.1" 304 -
186.189.74.83 - - [02/Sep/2025:09:18:48 -0300] "GET /cormun/static/Resources/ImgLogin.png HTTP/1.1" 304 -
186.189.74.83 - - [02/Sep/2025:09:18:48 -0300] "GET /cormun/static/Resources/PXToolsDataTitle.png HTTP/1.1" 304 -
186.189.74.83 - - [02/Sep/2025:09:18:48 -0300] "GET /cormun/static/hhome.js?20201215495544 HTTP/1.1" 304 -
186.189.74.83 - - [02/Sep/2025:09:18:48 -0300] "GET /cormun/static/hpexe_recentlink.js?20201214471090 HTTP/1.1" 304 -
186.189.74.83 - - [02/Sep/2025:09:18:48 -0300] "GET /cormun/static/hwchdr01.js?2022112219251119 HTTP/1.1" 304 -
186.189.74.83 - - [02/Sep/2025:09:18:48 -0300] "GET /cormun/static/gxui/gxui-all.js HTTP/1.1" 200 107772
186.189.74.83 - - [02/Sep/2025:09:18:48 -0300] "GET /cormun/static/hpexe_scripts.js?20201214471411 HTTP/1.1" 304 -
186.189.74.83 - - [02/Sep/2025:09:18:48 -0300] "GET /cormun/static/hpexe_messagecontroller.js?202211298371222 HTTP/1.1" 304 -
186.189.74.83 - - [02/Sep/2025:09:18:48 -0300] "GET /cormun/static/Shared/jquery/jquery-1.4.2.min.js HTTP/1.1" 200 72174
186.189.74.83 - - [02/Sep/2025:09:18:48 -0300] "GET /cormun/static/hpexe_messagegenexuscomponent.js?20221129836373 HTTP/1.1" 304 -
186.189.74.83 - - [02/Sep/2025:09:18:48 -0300] "GET /cormun/static/cmcontrolpreferences.js?20199141926336 HTTP/1.1" 304 -
186.189.74.83 - - [02/Sep/2025:09:18:48 -0300] "GET /cormun/static/hpexe_messagepopupcomponent.js?2020121447232 HTTP/1.1" 304 -
186.189.74.83 - - [02/Sep/2025:09:18:48 -0300] "GET /cormun/static/hmpwkw03.js?20221129844354 HTTP/1.1" 304 -
186.189.74.83 - - [02/Sep/2025:09:18:48 -0300] "GET /cormun/static/Shared/jquery/jquery-1.10.2.min.js HTTP/1.1" 200 273199
186.189.74.83 - - [02/Sep/2025:09:18:48 -0300] "GET /cormun/static/Shared/jqueryui/jquery-ui.min.js HTTP/1.1" 200 240427
186.189.74.83 - - [02/Sep/2025:09:18:48 -0300] "GET /cormun/static/Shared/ext/ext-all.js HTTP/1.1" 200 1289687
190.95.2.163 - - [02/Sep/2025:09:18:58 -0300] "GET /cormun/servlet/hlogin HTTP/1.1" 200 1722
190.95.2.163 - - [02/Sep/2025:09:18:58 -0300] "GET /cormun/servlet/hlogin HTTP/1.1" 200 1732
190.95.2.163 - - [02/Sep/2025:09:19:01 -0300] "POST /cormun/servlet/hlogin?03c4b433453dd18a052afc92d4399627,gx-no-cache=1756815713676 HTTP/1.1" 200 90
190.95.2.163 - - [02/Sep/2025:09:19:02 -0300] "GET /cormun/servlet/hpexe_link HTTP/1.1" 200 952
190.95.2.163 - - [02/Sep/2025:09:19:03 -0300] "GET /cormun/servlet/hhome HTTP/1.1" 200 4171
190.95.2.163 - - [02/Sep/2025:09:19:05 -0300] "GET /cormun/servlet/trlicencias? HTTP/1.1" 200 11240
179.57.78.9 - - [02/Sep/2025:09:19:13 -0300] "GET /cormun/servlet/hlogin HTTP/1.1" 200 1724
179.57.78.9 - - [02/Sep/2025:09:19:13 -0300] "GET /cormun/servlet/hlogin HTTP/1.1" 200 1734
179.57.78.9 - - [02/Sep/2025:09:19:16 -0300] "POST /cormun/servlet/hlogin?3c14b8be1c91ab8df5c2d1d37339f85a,gx-no-cache=1756815735400 HTTP/1.1" 200 90
179.57.78.9 - - [02/Sep/2025:09:19:16 -0300] "GET /cormun/servlet/hpexe_link HTTP/1.1" 200 956
179.57.78.9 - - [02/Sep/2025:09:19:16 -0300] "GET /cormun/servlet/hhome HTTP/1.1" 200 4351
179.57.78.9 - - [02/Sep/2025:09:19:18 -0300] "GET /cormun/servlet/trlicencias? HTTP/1.1" 200 12638
186.189.74.83 - - [02/Sep/2025:09:19:26 -0300] "GET /cormun/servlet/trlicencias? HTTP/1.1" 200 14954
186.189.74.83 - - [02/Sep/2025:09:19:26 -0300] "GET /cormun/static/calendar.js?85251 HTTP/1.1" 200 26246
186.189.74.83 - - [02/Sep/2025:09:19:26 -0300] "GET /cormun/static/gxcfg.js?202211298463625 HTTP/1.1" 304 -
186.189.74.83 - - [02/Sep/2025:09:19:26 -0300] "GET /cormun/static/Resources/PXTools/calendar.png HTTP/1.1" 304 -
186.189.74.83 - - [02/Sep/2025:09:19:26 -0300] "GET /cormun/static/gxdec.js?85251 HTTP/1.1" 200 19579
186.189.74.83 - - [02/Sep/2025:09:19:26 -0300] "GET /cormun/static/trlicencias.js?202211298463889 HTTP/1.1" 200 41883
186.189.74.83 - - [02/Sep/2025:09:19:26 -0300] "GET /cormun/static/Shared/ext/resources/css/ext-all.css?215870 HTTP/1.1" 200 416045
186.189.74.83 - - [02/Sep/2025:09:19:26 -0300] "GET /cormun/static/Resources/PXToolsDataSearch.png HTTP/1.1" 304 -
186.189.74.83 - - [02/Sep/2025:09:19:26 -0300] "GET /cormun/static/Resources/PXToolsGridFirstDisabled.gif HTTP/1.1" 304 -
186.189.74.83 - - [02/Sep/2025:09:19:27 -0300] "GET /cormun/static/Resources/PXToolsGridNextDisabled.gif HTTP/1.1" 304 -
186.189.74.83 - - [02/Sep/2025:09:19:27 -0300] "GET /cormun/static/Resources/PXToolsGridLastDisabled.gif HTTP/1.1" 304 -
186.189.74.83 - - [02/Sep/2025:09:19:27 -0300] "GET /cormun/static/Resources/PXToolsGridPage.gif HTTP/1.1" 304 -
186.189.74.83 - - [02/Sep/2025:09:19:27 -0300] "GET /cormun/static/Resources/PXToolsGridPreviousDisabled.gif HTTP/1.1" 304 -
186.189.74.83 - - [02/Sep/2025:09:19:27 -0300] "GET /cormun/static/Resources/PXToolsActionExcel.png HTTP/1.1" 304 -
186.189.74.83 - - [02/Sep/2025:09:19:27 -0300] "GET /cormun/static/Resources/PXToolsAddAllAction.png HTTP/1.1" 304 -
186.189.74.83 - - [02/Sep/2025:09:19:27 -0300] "GET /cormun/static/Resources/desc.gif HTTP/1.1" 304 -
186.189.74.83 - - [02/Sep/2025:09:19:27 -0300] "GET /cormun/static/Resources/asc.gif HTTP/1.1" 304 -
186.189.74.83 - - [02/Sep/2025:09:19:27 -0300] "GET /cormun//static/Resources/PXToolsActionDisabled.gif HTTP/1.1" 304 -
186.189.74.83 - - [02/Sep/2025:09:19:27 -0300] "GET /cormun//static/Resources/PXToolsGridDisplay.png HTTP/1.1" 304 -
186.189.74.83 - - [02/Sep/2025:09:19:27 -0300] "GET /cormun//static/Resources/PXToolsHeaderFavorites.png HTTP/1.1" 304 -
186.189.74.83 - - [02/Sep/2025:09:19:27 -0300] "GET /cormun//static/Resources/PXTools/ActionInsert.png HTTP/1.1" 304 -
186.189.74.83 - - [02/Sep/2025:09:19:27 -0300] "GET /cormun//static/Resources/PXToolsActionPrint.png HTTP/1.1" 304 -
186.189.74.83 - - [02/Sep/2025:09:19:27 -0300] "GET /cormun//static/Resources/PXToolsHeaderHelp.png HTTP/1.1" 304 -
190.95.15.31 - - [02/Sep/2025:09:19:40 -0300] "GET /cormun/servlet/trlicencias? HTTP/1.1" 200 11168
190.95.15.31 - - [02/Sep/2025:09:21:53 -0300] "GET /cormun/servlet/trsolicitudot? HTTP/1.1" 200 7572
190.95.15.31 - - [02/Sep/2025:09:21:58 -0300] "GET /cormun/servlet/solicitudot?INS,0,0,false, HTTP/1.1" 200 16360
190.95.15.31 - - [02/Sep/2025:09:22:09 -0300] "POST /cormun/servlet/solicitudot?gx-no-cache=1756815901912 HTTP/1.1" 200 4153
190.95.15.31 - - [02/Sep/2025:09:22:09 -0300] "POST /cormun/servlet/solicitudot?f2895ba29bf8a4b56af6366224262186,INS,0,0,false,,gx-no-cache=1756815902254 HTTP/1.1" 200 12969
190.95.15.31 - - [02/Sep/2025:09:22:29 -0300] "GET /cormun/servlet/solicitudot?7fcaa16fbc231345289f87eccc39447a82558965b56e7db2726267f5f8d947bbbcba1b8272a3086d951dd45262990044,gx-no-cache=1756815921956 HTTP/1.1" 200 30
190.95.15.31 - - [02/Sep/2025:09:22:29 -0300] "GET /cormun/servlet/solicitudot?7fcaa16fbc231345289f87eccc39447a7d132791d52a5969cce218ef42fae45ab487c63fe58a309fc94f3fcbabf0758b71f547fb9b94164d36131693a46630a0,gx-no-cache=1756815921988 HTTP/1.1" 200 103
190.95.15.31 - - [02/Sep/2025:09:22:29 -0300] "GET /cormun/static/Shared/jqueryui/images/ui-bg_highlight-soft_100_c6c2c8_1x100.png HTTP/1.1" 404 1117
190.95.15.31 - - [02/Sep/2025:09:22:29 -0300] "GET /cormun/static/Shared/jqueryui/images/ui-icons_82798d_256x240.png HTTP/1.1" 404 1089
190.95.15.31 - - [02/Sep/2025:09:22:29 -0300] "GET /cormun/static/Shared/jqueryui/images/ui-bg_flat_55_994d53_40x100.png HTTP/1.1" 404 1097
190.95.15.31 - - [02/Sep/2025:09:22:29 -0300] "GET /cormun/static/Shared/jqueryui/images/ui-icons_ebccce_256x240.png HTTP/1.1" 404 1089
190.95.15.31 - - [02/Sep/2025:09:22:29 -0300] "GET /cormun/servlet/solicitudot?7fcaa16fbc231345289f87eccc39447a448592f334238fe5f67ea418ace02f50,gx-no-cache=1756815922141 HTTP/1.1" 200 53
201.186.225.249 - - [02/Sep/2025:09:22:43 -0300] "GET /cormun/servlet/hlogin HTTP/1.1" 200 1716
201.186.225.249 - - [02/Sep/2025:09:22:50 -0300] "POST /cormun/servlet/hlogin?37b9ccd2b30ecdc4fc06d6dd1368a9a4,gx-no-cache=1756815944089 HTTP/1.1" 200 90
201.186.225.249 - - [02/Sep/2025:09:22:50 -0300] "GET /cormun/servlet/hpexe_link HTTP/1.1" 200 949
201.186.225.249 - - [02/Sep/2025:09:22:50 -0300] "GET /cormun/servlet/hhome HTTP/1.1" 200 4298
201.186.225.249 - - [02/Sep/2025:09:22:52 -0300] "GET /cormun/servlet/trlicencias? HTTP/1.1" 200 13011
201.186.225.249 - - [02/Sep/2025:09:22:56 -0300] "GET /cormun/static/menuarrow.gif HTTP/1.1" 404 1015
201.186.225.249 - - [02/Sep/2025:09:23:08 -0300] "POST /cormun/servlet/trlicencias?37b9ccd2b30ecdc4fc06d6dd1368a9a4,,gx-no-cache=1756815961876 HTTP/1.1" 200 18321
201.186.225.249 - - [02/Sep/2025:09:23:08 -0300] "GET /cormun/static/Resources/PXToolsGridNext.gif HTTP/1.1" 200 369
201.186.225.249 - - [02/Sep/2025:09:23:08 -0300] "GET /cormun/static/Resources/PXToolsGridLast.gif HTTP/1.1" 200 370
201.186.225.249 - - [02/Sep/2025:09:23:12 -0300] "POST /cormun/servlet/trlicencias?37b9ccd2b30ecdc4fc06d6dd1368a9a4,,gx-no-cache=1756815965819 HTTP/1.1" 200 101
201.186.225.249 - - [02/Sep/2025:09:23:12 -0300] "GET /cormun/Licencias-7076.xls HTTP/1.1" 200 29696
190.95.15.31 - - [02/Sep/2025:09:23:13 -0300] "GET /cormun/servlet/solicitudot?7fcaa16fbc231345289f87eccc39447a4ac73532f14623ba4323e00ea919083a7d69f4b6cdd45df4668801bb3d5852e8c315ceb3e349d09afce9b4b1cd5a0a82,gx-no-cache=1756815966527 HTTP/1.1" 200 30
190.95.15.31 - - [02/Sep/2025:09:23:13 -0300] "POST /cormun/servlet/solicitudot?gx-no-cache=1756815966586 HTTP/1.1" 200 240
190.95.15.31 - - [02/Sep/2025:09:23:13 -0300] "GET /cormun/servlet/solicitudot?7fcaa16fbc231345289f87eccc39447a184651d721e15f9581bc7e73d3063da769562bbb0cc243473de9a2a2a60f90c235797cbfe01418b804e31e4f0d78c4a88e031c5d32f868da46c162e727438ea27c284809228e8faf20685f2b46d0d8f5a812dd402d653a6432a7927b713442c7096db333b0757264fadc479173bf61fdbd8a91af42d2d31c69900e75dd1da0a635e3a3940ea80fac52fa9a2da2d286851b8db0e7bfc0e8521ca3d355b29c9fb1cb835df319d60bea2085cbbeeda638388d35b88eaeda32395a390e9ae5343f9f289d594b09b6b4f0ae9056206bc3dca26d7beb71af326df6a10b85f95c542b78e3ad3dd8caff1fe8c3cce7afd629f96d927117bc0039db734e936260f2fab84d5ebb595ed1d90b8635c23b11683a0565f6c7fa045b8515d979ff9e7f263d9d6c0955684ead871034a64d0f7842e27d7fce6e656e0133226860666f9a09ed2cb115591fb3eaf9c9568faacf2e49284d39417e9d0d153e8294cad8888274fc0f0afb38aaa8662b5f0dec370c4035855cf1,gx-no-cache=1756815966622 HTTP/1.1" 200 30
190.95.15.31 - - [02/Sep/2025:09:23:16 -0300] "POST /cormun/servlet/solicitudot?gx-no-cache=1756815969827 HTTP/1.1" 200 30
186.189.74.83 - - [02/Sep/2025:09:23:26 -0300] "GET /cormun/servlet/hlogin HTTP/1.1" 200 1739
190.95.15.31 - - [02/Sep/2025:09:24:48 -0300] "POST /cormun/servlet/solicitudot?gx-no-cache=1756816060992 HTTP/1.1" 200 238
190.95.15.31 - - [02/Sep/2025:09:24:48 -0300] "GET /cormun/servlet/solicitudot?7fcaa16fbc231345289f87eccc39447a184651d721e15f9581bc7e73d3063da769562bbb0cc243473de9a2a2a60f90c235797cbfe01418b804e31e4f0d78c4a88e031c5d32f868da46c162e727438ea27c284809228e8faf20685f2b46d0d8f5a812dd402d653a6432a7927b713442c7096db333b0757264fadc479173bf61fdbd8a91af42d2d31c69900e75dd1da0a635e3a3940ea80fac52fa9a2da2d286851b8db0e7bfc0e8521ca3d355b29c9fb1cb835df319d60bea2085cbbeeda638388d35b88eaeda32395a390e9ae5343f9f289d594b09b6b4f0ae9056206bc3dca26d7beb71af326df6a10b85f95c542b78e3ad3dd8caff1fe8c3cce7afd629f96d927117bc0039db734e936260f2fab84d5ebb595ed1d90b8635c23b11683a0565f6c7fa045b8515d979ff9e7f263d9d6c0955684ead871034a64d0f7842e27d7fce6e656e0133226860666f9a09ed2cb115591fb3eaf9c9568faacf2e49284d39417e9d0d153e8294cad8888274fc0f0a5603014cb5c44659f80dabe23f0ae1a6,gx-no-cache=1756816061039 HTTP/1.1" 200 30
190.95.15.31 - - [02/Sep/2025:09:24:48 -0300] "POST /cormun/servlet/solicitudot?gx-no-cache=1756816061055 HTTP/1.1" 200 30
190.95.15.31 - - [02/Sep/2025:09:24:57 -0300] "GET /cormun/static/Resources/resize.gif HTTP/1.1" 200 77
190.95.15.31 - - [02/Sep/2025:09:24:57 -0300] "GET /cormun/static/Resources/PXTools/ClosePrompt.png HTTP/1.1" 200 1036
190.95.15.31 - - [02/Sep/2025:09:24:57 -0300] "GET /cormun/servlet/prlicenciaspermisos?19849850,L,,MD,,gxPopupLevel%3D0%3B HTTP/1.1" 200 5969
190.95.15.31 - - [02/Sep/2025:09:24:57 -0300] "GET /cormun/static/gxcfg.js?2020121559567 HTTP/1.1" 200 953
190.95.15.31 - - [02/Sep/2025:09:24:57 -0300] "GET /cormun/static/Resources/PXToolsMenuSearch.png HTTP/1.1" 200 336
190.95.15.31 - - [02/Sep/2025:09:24:57 -0300] "GET /cormun/static/prlicenciaspermisos.js?2020121559821 HTTP/1.1" 200 13379
190.95.15.31 - - [02/Sep/2025:09:24:57 -0300] "GET /cormun/static/menusearch.js?20201214473581 HTTP/1.1" 200 1424
190.95.15.31 - - [02/Sep/2025:09:24:57 -0300] "GET /cormun/static/hmpwkw011.js?202211298443482 HTTP/1.1" 200 1968
190.95.15.31 - - [02/Sep/2025:09:24:57 -0300] "GET /cormun/static/Resources/PXToolsMenuSearchCancel.png HTTP/1.1" 200 306
190.95.15.31 - - [02/Sep/2025:09:25:00 -0300] "POST /cormun/servlet/solicitudot?gx-no-cache=1756816072920 HTTP/1.1" 200 1483
190.95.15.31 - - [02/Sep/2025:09:25:04 -0300] "POST /cormun/servlet/solicitudot?gx-no-cache=1756816077432 HTTP/1.1" 200 41
190.95.15.31 - - [02/Sep/2025:09:25:04 -0300] "GET /cormun/servlet/solicitudot?7fcaa16fbc231345289f87eccc39447ac775a2cff77e8a1cdee932da5e04fb47a0ef7dc57c64ef14b53250c6d18667af53d9786073174a79918683487f67bab6b704f48b052f28dd767710100aacc65a5af0fc7f5a9264983c613eda35ff7a7f0c042585483b4c8832d91c80cc55c35e,gx-no-cache=1756816077454 HTTP/1.1" 200 110
190.95.15.31 - - [02/Sep/2025:09:25:04 -0300] "POST /cormun/servlet/solicitudot?gx-no-cache=1756816077534 HTTP/1.1" 200 72
201.186.225.185 - - [02/Sep/2025:09:25:33 -0300] "GET /cormun/servlet/hlogin HTTP/1.1" 200 1720
201.186.225.185 - - [02/Sep/2025:09:25:33 -0300] "GET /cormun/servlet/hlogin HTTP/1.1" 200 1730
201.186.225.185 - - [02/Sep/2025:09:25:36 -0300] "POST /cormun/servlet/hlogin?811aa754594b06964f62050556a11c8e,gx-no-cache=1756816110524 HTTP/1.1" 200 90
201.186.225.185 - - [02/Sep/2025:09:25:36 -0300] "GET /cormun/servlet/hpexe_link HTTP/1.1" 200 952
201.186.225.185 - - [02/Sep/2025:09:25:36 -0300] "GET /cormun/servlet/hhome HTTP/1.1" 200 4230
190.95.15.31 - - [02/Sep/2025:09:25:38 -0300] "GET /cormun/servlet/solicitudot?7fcaa16fbc231345289f87eccc39447a9ed0b44a70f022f16d6c257f497da1bc029df3d79b4c85f117f6c223f47a61042bf5d212ba10af96a9b98d2cc67863ec9de099b00d99a3a0bd5b626e6ea4437b02b760546b8ba6317b3ca3671417b39b6cb8ec1c8da86a9a64fb798935d438b9,gx-no-cache=1756816111619 HTTP/1.1" 200 29
190.95.15.31 - - [02/Sep/2025:09:25:38 -0300] "GET /cormun/static/menuarrow.gif HTTP/1.1" 404 1015
201.186.225.185 - - [02/Sep/2025:09:25:48 -0300] "GET /cormun/servlet/trlicencias? HTTP/1.1" 200 15876
190.95.15.31 - - [02/Sep/2025:09:25:57 -0300] "GET /cormun/servlet/solicitudot?7fcaa16fbc231345289f87eccc39447a3b9dd52c35b7459305017af82b31eb2bbf3e3bf549e464f8dafbbd1989f69d0f,gx-no-cache=1756816130245 HTTP/1.1" 200 134
190.95.15.31 - - [02/Sep/2025:09:25:57 -0300] "POST /cormun/servlet/solicitudot?gx-no-cache=1756816130272 HTTP/1.1" 200 34
190.95.15.31 - - [02/Sep/2025:09:26:05 -0300] "GET /cormun/servlet/solicitudot?7fcaa16fbc231345289f87eccc39447a79963de1fb87997f83b98b0219c5f3136eb10c8d115113f7054d42e4523d8762,gx-no-cache=1756816138753 HTTP/1.1" 200 30
190.95.15.31 - - [02/Sep/2025:09:26:05 -0300] "POST /cormun/servlet/solicitudot?gx-no-cache=1756816138779 HTTP/1.1" 200 34
