201.186.225.191 - - [02/Sep/2025:13:04:06 -0300] "POST /cormun/servlet/permisosadjuntos?7d434adf87bb18f1cd16fac2f91cd68f,INS,15994276,P,20250902120627,, HTTP/1.1" 200 116
201.186.225.191 - - [02/Sep/2025:13:04:06 -0300] "GET /cormun/servlet/hpexe_return? HTTP/1.1" 200 1035
201.186.225.191 - - [02/Sep/2025:13:04:06 -0300] "GET /cormun/servlet/trpermisosadjuntos?15994276,20250902120627,P, HTTP/1.1" 200 7008
201.186.225.191 - - [02/Sep/2025:13:04:11 -0300] "GET /cormun/servlet/trpermisosgoce? HTTP/1.1" 200 15586
201.186.225.191 - - [02/Sep/2025:13:04:14 -0300] "POST /cormun/servlet/trpermisosgoce?7d434adf87bb18f1cd16fac2f91cd68f,,gx-no-cache=1756829226881 HTTP/1.1" 200 12925
201.186.225.191 - - [02/Sep/2025:13:04:14 -0300] "GET /cormun/static/Shared/jqueryui/images/ui-bg_highlight-soft_100_c6c2c8_1x100.png HTTP/1.1" 404 1117
201.186.225.191 - - [02/Sep/2025:13:04:14 -0300] "GET /cormun/static/Shared/jqueryui/images/ui-icons_82798d_256x240.png HTTP/1.1" 404 1089
201.186.225.191 - - [02/Sep/2025:13:04:14 -0300] "GET /cormun/static/Shared/jqueryui/images/ui-icons_8d78a5_256x240.png HTTP/1.1" 404 1089
201.186.225.191 - - [02/Sep/2025:13:04:14 -0300] "GET /cormun/static/Shared/jqueryui/images/ui-bg_flat_55_fafafa_40x100.png HTTP/1.1" 404 1097
201.186.225.191 - - [02/Sep/2025:13:04:28 -0300] "GET /cormun/servlet/permisogoce?INS,0,,, HTTP/1.1" 200 7058
201.186.225.191 - - [02/Sep/2025:13:04:33 -0300] "GET /cormun/servlet/prfichaempleado?,MD,,gxPopupLevel%3D0%3B HTTP/1.1" 200 9125
201.186.225.191 - - [02/Sep/2025:13:04:52 -0300] "POST /cormun/servlet/prfichaempleado?7d434adf87bb18f1cd16fac2f91cd68f,,MD,,gxPopupLevel%3D0%3B,gx-no-cache=1756829265840 HTTP/1.1" 200 3412
201.186.225.191 - - [02/Sep/2025:13:04:55 -0300] "GET /cormun/servlet/permisogoce?6e550f85a2863887d9c3de197649285eece7a15862930eb38d139689ca437d0ce45f0af4e2abb8d5687e8beab33de285ce8d75c7d352798f2b321e53db85e2fe,gx-no-cache=1756829268830 HTTP/1.1" 200 80
201.186.225.191 - - [02/Sep/2025:13:05:06 -0300] "GET /cormun/servlet/permisogoce?6e550f85a2863887d9c3de197649285e1ea391660e8be52c589f3c0ccd12b732ad053b2dfd150995d4536f9e9de31d1db00fcc46f19cce4191371e8d8f99326e,gx-no-cache=1756829279370 HTTP/1.1" 200 48
201.186.225.191 - - [02/Sep/2025:13:05:07 -0300] "POST /cormun/servlet/permisogoce?7d434adf87bb18f1cd16fac2f91cd68f,INS,0,,,,gx-no-cache=1756829280543 HTTP/1.1" 200 93
201.186.225.191 - - [02/Sep/2025:13:05:07 -0300] "GET /cormun/servlet/hpexe_return? HTTP/1.1" 200 1006
201.186.225.191 - - [02/Sep/2025:13:05:08 -0300] "GET /cormun/servlet/trpermisosgoce? HTTP/1.1" 200 15736
201.186.225.191 - - [02/Sep/2025:13:05:10 -0300] "GET /cormun/servlet/trpermisosadjuntos?16923734,20250902120742,P, HTTP/1.1" 200 6514
201.186.225.191 - - [02/Sep/2025:13:05:11 -0300] "GET /cormun/servlet/permisosadjuntos?INS,16923734,P,20250902120742,, HTTP/1.1" 200 5838
201.186.225.191 - - [02/Sep/2025:13:05:12 -0300] "GET /cormun/static/about:blank HTTP/1.1" 404 1011
201.186.225.191 - - [02/Sep/2025:13:05:21 -0300] "POST /cormun/servlet/permisosadjuntos?7d434adf87bb18f1cd16fac2f91cd68f,INS,16923734,P,20250902120742,, HTTP/1.1" 200 116
201.186.225.191 - - [02/Sep/2025:13:05:21 -0300] "GET /cormun/servlet/hpexe_return? HTTP/1.1" 200 1033
201.186.225.191 - - [02/Sep/2025:13:05:21 -0300] "GET /cormun/servlet/trpermisosadjuntos?16923734,20250902120742,P, HTTP/1.1" 200 7004
201.186.225.191 - - [02/Sep/2025:13:05:25 -0300] "GET /cormun/servlet/trpermisosgoce? HTTP/1.1" 200 15743
201.186.225.191 - - [02/Sep/2025:13:05:27 -0300] "POST /cormun/servlet/trpermisosgoce?7d434adf87bb18f1cd16fac2f91cd68f,,gx-no-cache=1756829300417 HTTP/1.1" 200 13085
201.186.225.191 - - [02/Sep/2025:13:05:27 -0300] "GET /cormun/static/Shared/jqueryui/images/ui-bg_highlight-soft_100_c6c2c8_1x100.png HTTP/1.1" 404 1117
201.186.225.191 - - [02/Sep/2025:13:05:27 -0300] "GET /cormun/static/Shared/jqueryui/images/ui-icons_82798d_256x240.png HTTP/1.1" 404 1089
201.186.225.191 - - [02/Sep/2025:13:05:27 -0300] "GET /cormun/static/Shared/jqueryui/images/ui-bg_flat_55_fafafa_40x100.png HTTP/1.1" 404 1097
201.186.225.191 - - [02/Sep/2025:13:05:27 -0300] "GET /cormun/static/Shared/jqueryui/images/ui-icons_8d78a5_256x240.png HTTP/1.1" 404 1089
190.95.15.9 - - [02/Sep/2025:13:05:34 -0300] "POST /cormun/servlet/trlicencias?c31bd522829af24abe57c59f14a8eba1,gx-no-cache=1756829307764 HTTP/1.1" 200 12609
201.186.225.191 - - [02/Sep/2025:13:05:35 -0300] "GET /cormun/servlet/permisogoce?INS,0,,, HTTP/1.1" 200 7057
201.186.225.191 - - [02/Sep/2025:13:05:38 -0300] "GET /cormun/servlet/prfichaempleado?,MD,,gxPopupLevel%3D0%3B HTTP/1.1" 200 9125
201.186.225.191 - - [02/Sep/2025:13:05:48 -0300] "POST /cormun/servlet/prfichaempleado?7d434adf87bb18f1cd16fac2f91cd68f,,MD,,gxPopupLevel%3D0%3B,gx-no-cache=1756829321059 HTTP/1.1" 200 3412
201.186.225.191 - - [02/Sep/2025:13:05:51 -0300] "GET /cormun/servlet/permisogoce?6e550f85a2863887d9c3de197649285e89a9972d5f3a074482a88dfceae959dfe45f0af4e2abb8d5687e8beab33de285ce8d75c7d352798f2b321e53db85e2fe,gx-no-cache=1756829324898 HTTP/1.1" 200 76
201.186.225.191 - - [02/Sep/2025:13:05:58 -0300] "GET /cormun/servlet/permisogoce?6e550f85a2863887d9c3de197649285e2a93d5dbb025ad17a3f8e213f8ef9ad0c07d8debaa006370b452c2a26cbe61a7b00fcc46f19cce4191371e8d8f99326e,gx-no-cache=1756829331086 HTTP/1.1" 200 47
201.186.225.191 - - [02/Sep/2025:13:05:59 -0300] "POST /cormun/servlet/permisogoce?7d434adf87bb18f1cd16fac2f91cd68f,INS,0,,,,gx-no-cache=1756829332307 HTTP/1.1" 200 93
201.186.225.191 - - [02/Sep/2025:13:05:59 -0300] "GET /cormun/servlet/hpexe_return? HTTP/1.1" 200 1006
201.186.225.191 - - [02/Sep/2025:13:05:59 -0300] "GET /cormun/servlet/trpermisosgoce? HTTP/1.1" 200 15977
201.186.225.191 - - [02/Sep/2025:13:06:02 -0300] "GET /cormun/servlet/trpermisosadjuntos?18117433,20250902120850,P, HTTP/1.1" 200 6515
201.186.225.191 - - [02/Sep/2025:13:06:04 -0300] "GET /cormun/servlet/permisosadjuntos?INS,18117433,P,20250902120850,, HTTP/1.1" 200 5838
201.186.225.191 - - [02/Sep/2025:13:06:04 -0300] "GET /cormun/static/about:blank HTTP/1.1" 404 1011
190.95.67.91 - - [02/Sep/2025:13:06:06 -0300] "POST /cormun/servlet/trlicencias?e62d7deac28be3c152878db553f06fbf,gx-no-cache=1756829340083 HTTP/1.1" 200 15254
190.95.15.9 - - [02/Sep/2025:13:06:18 -0300] "POST /cormun/servlet/trlicencias?c31bd522829af24abe57c59f14a8eba1,gx-no-cache=1756829351227 HTTP/1.1" 200 12609
201.186.225.191 - - [02/Sep/2025:13:06:20 -0300] "POST /cormun/servlet/permisosadjuntos?7d434adf87bb18f1cd16fac2f91cd68f,INS,18117433,P,20250902120850,, HTTP/1.1" 200 116
201.186.225.191 - - [02/Sep/2025:13:06:20 -0300] "GET /cormun/servlet/hpexe_return? HTTP/1.1" 200 1035
201.186.225.191 - - [02/Sep/2025:13:06:20 -0300] "GET /cormun/servlet/trpermisosadjuntos?18117433,20250902120850,P, HTTP/1.1" 200 7007
201.186.225.191 - - [02/Sep/2025:13:06:24 -0300] "GET /cormun/servlet/trpermisosgoce? HTTP/1.1" 200 15989
201.186.225.191 - - [02/Sep/2025:13:06:27 -0300] "POST /cormun/servlet/trpermisosgoce?7d434adf87bb18f1cd16fac2f91cd68f,,gx-no-cache=1756829360325 HTTP/1.1" 200 13328
201.186.225.191 - - [02/Sep/2025:13:06:27 -0300] "GET /cormun/static/Shared/jqueryui/images/ui-bg_highlight-soft_100_c6c2c8_1x100.png HTTP/1.1" 404 1117
201.186.225.191 - - [02/Sep/2025:13:06:27 -0300] "GET /cormun/static/Shared/jqueryui/images/ui-icons_82798d_256x240.png HTTP/1.1" 404 1089
201.186.225.191 - - [02/Sep/2025:13:06:27 -0300] "GET /cormun/static/Shared/jqueryui/images/ui-bg_flat_55_fafafa_40x100.png HTTP/1.1" 404 1097
201.186.225.191 - - [02/Sep/2025:13:06:27 -0300] "GET /cormun/static/Shared/jqueryui/images/ui-icons_8d78a5_256x240.png HTTP/1.1" 404 1089
201.186.225.191 - - [02/Sep/2025:13:06:35 -0300] "GET /cormun/servlet/permisogoce?INS,0,,, HTTP/1.1" 200 7058
201.186.225.191 - - [02/Sep/2025:13:06:38 -0300] "GET /cormun/servlet/prfichaempleado?,MD,,gxPopupLevel%3D0%3B HTTP/1.1" 200 9125
201.186.225.191 - - [02/Sep/2025:13:06:46 -0300] "POST /cormun/servlet/prfichaempleado?7d434adf87bb18f1cd16fac2f91cd68f,,MD,,gxPopupLevel%3D0%3B,gx-no-cache=1756829379955 HTTP/1.1" 200 3412
201.186.225.191 - - [02/Sep/2025:13:06:58 -0300] "GET /cormun/servlet/permisogoce?6e550f85a2863887d9c3de197649285e89a9972d5f3a074482a88dfceae959dfe45f0af4e2abb8d5687e8beab33de285ce8d75c7d352798f2b321e53db85e2fe,gx-no-cache=1756829391098 HTTP/1.1" 200 78
201.186.225.187 - - [02/Sep/2025:13:07:09 -0300] "GET /cormun/servlet/trsolicitudot? HTTP/1.1" 200 8593
201.186.225.191 - - [02/Sep/2025:13:07:15 -0300] "GET /cormun/servlet/permisogoce?6e550f85a2863887d9c3de197649285e2a93d5dbb025ad17a3f8e213f8ef9ad05f218053e118ad502373b5c9111e9043b00fcc46f19cce4191371e8d8f99326e,gx-no-cache=1756829408151 HTTP/1.1" 200 47
201.186.225.191 - - [02/Sep/2025:13:07:17 -0300] "POST /cormun/servlet/permisogoce?7d434adf87bb18f1cd16fac2f91cd68f,INS,0,,,,gx-no-cache=1756829410406 HTTP/1.1" 200 93
201.186.225.191 - - [02/Sep/2025:13:07:17 -0300] "GET /cormun/servlet/hpexe_return? HTTP/1.1" 200 1006
201.186.225.191 - - [02/Sep/2025:13:07:18 -0300] "GET /cormun/servlet/trpermisosgoce? HTTP/1.1" 200 16125
201.186.225.191 - - [02/Sep/2025:13:07:24 -0300] "GET /cormun/servlet/trpermisosadjuntos?18117433,20250902120949,P, HTTP/1.1" 200 6515
201.186.225.191 - - [02/Sep/2025:13:07:26 -0300] "GET /cormun/servlet/permisosadjuntos?INS,18117433,P,20250902120949,, HTTP/1.1" 200 5836
201.186.225.191 - - [02/Sep/2025:13:07:26 -0300] "GET /cormun/static/about:blank HTTP/1.1" 404 1011
190.95.1.187 - - [02/Sep/2025:13:07:30 -0300] "GET /cormun/servlet/hlogin HTTP/1.1" 200 1717
190.95.1.187 - - [02/Sep/2025:13:07:30 -0300] "GET /cormun/servlet/hlogin HTTP/1.1" 200 1728
190.95.1.187 - - [02/Sep/2025:13:07:30 -0300] "GET /favicon.ico HTTP/1.1" 200 21630
190.95.1.187 - - [02/Sep/2025:13:07:33 -0300] "POST /cormun/servlet/hlogin?559a2d940688de5fccd01b72c7826c2b,gx-no-cache=1756829426081 HTTP/1.1" 200 90
190.95.1.187 - - [02/Sep/2025:13:07:33 -0300] "GET /cormun/servlet/hpexe_link HTTP/1.1" 200 947
190.95.1.187 - - [02/Sep/2025:13:07:33 -0300] "GET /cormun/servlet/hhome HTTP/1.1" 200 4017
190.95.1.187 - - [02/Sep/2025:13:07:36 -0300] "GET /cormun/servlet/trlicencias? HTTP/1.1" 200 16737
201.186.225.191 - - [02/Sep/2025:13:07:45 -0300] "POST /cormun/servlet/permisosadjuntos?7d434adf87bb18f1cd16fac2f91cd68f,INS,18117433,P,20250902120949,, HTTP/1.1" 200 116
201.186.225.191 - - [02/Sep/2025:13:07:45 -0300] "GET /cormun/servlet/hpexe_return? HTTP/1.1" 200 1034
201.186.225.191 - - [02/Sep/2025:13:07:45 -0300] "GET /cormun/servlet/trpermisosadjuntos?18117433,20250902120949,P, HTTP/1.1" 200 7009
201.186.225.191 - - [02/Sep/2025:13:07:50 -0300] "GET /cormun/servlet/trpermisosgoce? HTTP/1.1" 200 16137
201.186.225.191 - - [02/Sep/2025:13:07:54 -0300] "POST /cormun/servlet/trpermisosgoce?7d434adf87bb18f1cd16fac2f91cd68f,,gx-no-cache=1756829447449 HTTP/1.1" 200 13478
201.186.225.191 - - [02/Sep/2025:13:07:54 -0300] "GET /cormun/static/Shared/jqueryui/images/ui-bg_highlight-soft_100_c6c2c8_1x100.png HTTP/1.1" 404 1117
201.186.225.191 - - [02/Sep/2025:13:07:54 -0300] "GET /cormun/static/Shared/jqueryui/images/ui-icons_82798d_256x240.png HTTP/1.1" 404 1089
201.186.225.191 - - [02/Sep/2025:13:07:54 -0300] "GET /cormun/static/Shared/jqueryui/images/ui-bg_flat_55_fafafa_40x100.png HTTP/1.1" 404 1097
201.186.225.191 - - [02/Sep/2025:13:07:54 -0300] "GET /cormun/static/Shared/jqueryui/images/ui-icons_8d78a5_256x240.png HTTP/1.1" 404 1089
201.186.225.191 - - [02/Sep/2025:13:08:02 -0300] "GET /cormun/servlet/permisogoce?INS,0,,, HTTP/1.1" 200 7058
201.186.225.191 - - [02/Sep/2025:13:08:05 -0300] "GET /cormun/servlet/prfichaempleado?,MD,,gxPopupLevel%3D0%3B HTTP/1.1" 200 9125
201.186.225.191 - - [02/Sep/2025:13:08:14 -0300] "POST /cormun/servlet/prfichaempleado?7d434adf87bb18f1cd16fac2f91cd68f,,MD,,gxPopupLevel%3D0%3B,gx-no-cache=1756829467303 HTTP/1.1" 200 3408
201.186.225.191 - - [02/Sep/2025:13:08:17 -0300] "GET /cormun/servlet/permisogoce?6e550f85a2863887d9c3de197649285e34381ecc75fa55e0fda594e585f1c096e45f0af4e2abb8d5687e8beab33de285ce8d75c7d352798f2b321e53db85e2fe,gx-no-cache=1756829470470 HTTP/1.1" 200 80
201.186.225.187 - - [02/Sep/2025:13:08:23 -0300] "POST /cormun/servlet/trsolicitudot?e5259ae4ad43c63de7e79ccc251d857f,,gx-no-cache=1756829313167 HTTP/1.1" 200 107
201.186.225.187 - - [02/Sep/2025:13:08:23 -0300] "GET /cormun/servlet/trsolicitudadjuntos?2025,22919, HTTP/1.1" 200 6078
201.186.225.187 - - [02/Sep/2025:13:08:23 -0300] "GET /cormun/static/gxcfg.js?20201215574222 HTTP/1.1" 200 953
201.186.225.187 - - [02/Sep/2025:13:08:23 -0300] "GET /cormun/static/trsolicitudadjuntos.js?20201215574932 HTTP/1.1" 200 17921
201.186.225.191 - - [02/Sep/2025:13:08:24 -0300] "GET /cormun/servlet/permisogoce?6e550f85a2863887d9c3de197649285e3cd12af470bb37bb7bc521c1ce036e6b16db5910773b74a27ff26f57594c0770b00fcc46f19cce4191371e8d8f99326e,gx-no-cache=1756829477180 HTTP/1.1" 200 48
201.186.225.191 - - [02/Sep/2025:13:08:25 -0300] "POST /cormun/servlet/permisogoce?7d434adf87bb18f1cd16fac2f91cd68f,INS,0,,,,gx-no-cache=1756829478486 HTTP/1.1" 200 93
201.186.225.191 - - [02/Sep/2025:13:08:25 -0300] "GET /cormun/servlet/hpexe_return? HTTP/1.1" 200 1006
201.186.225.191 - - [02/Sep/2025:13:08:26 -0300] "GET /cormun/servlet/trpermisosgoce? HTTP/1.1" 200 16279
201.186.225.187 - - [02/Sep/2025:13:08:26 -0300] "GET /cormun/servlet/solicitudotadjuntos?INS,2025,22919,,1, HTTP/1.1" 200 6024
201.186.225.187 - - [02/Sep/2025:13:08:26 -0300] "GET /cormun/static/solicitudotadjuntos.js?202211298385196 HTTP/1.1" 200 11771
201.186.225.187 - - [02/Sep/2025:13:08:26 -0300] "GET /cormun/static/gxcfg.js?202211298385187 HTTP/1.1" 200 953
201.186.225.187 - - [02/Sep/2025:13:08:26 -0300] "GET /cormun/static/about:blank HTTP/1.1" 404 1011
201.186.225.187 - - [02/Sep/2025:13:08:27 -0300] "GET /cormun/servlet/solicitudotadjuntos?78790ae3908217e8aa9c19eb1462ff7848102e39493047421d5990e4900fddfc9321d360ddc5aa4ab73dec74df087ae2,gx-no-cache=1756829317076 HTTP/1.1" 200 30
201.186.225.187 - - [02/Sep/2025:13:08:27 -0300] "POST /cormun/servlet/solicitudotadjuntos?e5259ae4ad43c63de7e79ccc251d857f,INS,2025,22919,,1,,gx-no-cache=1756829317135 HTTP/1.1" 200 3901
201.186.225.191 - - [02/Sep/2025:13:08:29 -0300] "GET /cormun/servlet/trpermisosadjuntos?18647851,20250902121116,P, HTTP/1.1" 200 6512
201.186.225.187 - - [02/Sep/2025:13:08:30 -0300] "POST /cormun/servlet/solicitudotadjuntos?gx-no-cache=1756829320416 HTTP/1.1" 200 26
201.186.225.191 - - [02/Sep/2025:13:08:31 -0300] "GET /cormun/servlet/permisosadjuntos?INS,18647851,P,20250902121116,, HTTP/1.1" 200 5832
201.186.225.191 - - [02/Sep/2025:13:08:31 -0300] "GET /cormun/static/about:blank HTTP/1.1" 404 1011
201.186.225.191 - - [02/Sep/2025:13:08:38 -0300] "POST /cormun/servlet/permisosadjuntos?7d434adf87bb18f1cd16fac2f91cd68f,INS,18647851,P,20250902121116,, HTTP/1.1" 200 116
201.186.225.191 - - [02/Sep/2025:13:08:38 -0300] "GET /cormun/servlet/hpexe_return? HTTP/1.1" 200 1035
201.186.225.191 - - [02/Sep/2025:13:08:38 -0300] "GET /cormun/servlet/trpermisosadjuntos?18647851,20250902121116,P, HTTP/1.1" 200 7002
201.186.225.191 - - [02/Sep/2025:13:08:42 -0300] "GET /cormun/servlet/trpermisosgoce? HTTP/1.1" 200 16285
201.186.225.191 - - [02/Sep/2025:13:08:45 -0300] "POST /cormun/servlet/trpermisosgoce?7d434adf87bb18f1cd16fac2f91cd68f,,gx-no-cache=1756829497860 HTTP/1.1" 200 13619
201.186.225.191 - - [02/Sep/2025:13:08:45 -0300] "GET /cormun/static/Shared/jqueryui/images/ui-icons_82798d_256x240.png HTTP/1.1" 404 1089
201.186.225.191 - - [02/Sep/2025:13:08:45 -0300] "GET /cormun/static/Shared/jqueryui/images/ui-bg_highlight-soft_100_c6c2c8_1x100.png HTTP/1.1" 404 1117
201.186.225.191 - - [02/Sep/2025:13:08:45 -0300] "GET /cormun/static/Shared/jqueryui/images/ui-bg_flat_55_fafafa_40x100.png HTTP/1.1" 404 1097
201.186.225.191 - - [02/Sep/2025:13:08:45 -0300] "GET /cormun/static/Shared/jqueryui/images/ui-icons_8d78a5_256x240.png HTTP/1.1" 404 1089
201.186.225.191 - - [02/Sep/2025:13:08:55 -0300] "GET /cormun/servlet/permisogoce?INS,0,,, HTTP/1.1" 200 7057
201.186.225.191 - - [02/Sep/2025:13:09:02 -0300] "GET /cormun/servlet/prfichaempleado?,MD,,gxPopupLevel%3D0%3B HTTP/1.1" 200 9125
201.186.225.191 - - [02/Sep/2025:13:09:11 -0300] "POST /cormun/servlet/prfichaempleado?7d434adf87bb18f1cd16fac2f91cd68f,,MD,,gxPopupLevel%3D0%3B,gx-no-cache=1756829524547 HTTP/1.1" 200 3408
201.186.225.187 - - [02/Sep/2025:13:09:15 -0300] "GET /cormun/servlet/solicitudotadjuntos?78790ae3908217e8aa9c19eb1462ff78c33804268354ccee3c5e0e0f7c9bfc53,gx-no-cache=1756829365222 HTTP/1.1" 200 30
201.186.225.191 - - [02/Sep/2025:13:09:15 -0300] "GET /cormun/servlet/permisogoce?6e550f85a2863887d9c3de197649285e34381ecc75fa55e0fda594e585f1c096e45f0af4e2abb8d5687e8beab33de285ce8d75c7d352798f2b321e53db85e2fe,gx-no-cache=1756829528474 HTTP/1.1" 200 80
201.186.225.187 - - [02/Sep/2025:13:09:15 -0300] "GET /cormun/servlet/solicitudotadjuntos?78790ae3908217e8aa9c19eb1462ff78c33804268354ccee3c5e0e0f7c9bfc53,gx-no-cache=1756829365254 HTTP/1.1" 200 30
201.186.225.187 - - [02/Sep/2025:13:09:15 -0300] "POST /cormun/servlet/solicitudotadjuntos?e5259ae4ad43c63de7e79ccc251d857f,INS,2025,22919,,1, HTTP/1.1" 200 116
201.186.225.187 - - [02/Sep/2025:13:09:15 -0300] "GET /cormun/servlet/hpexe_return? HTTP/1.1" 200 1024
201.186.225.187 - - [02/Sep/2025:13:09:15 -0300] "GET /cormun/servlet/trsolicitudadjuntos?2025,22919, HTTP/1.1" 200 9280
201.186.225.187 - - [02/Sep/2025:13:09:19 -0300] "GET /cormun/servlet/solicitudotadjuntos?INS,2025,22919,,1, HTTP/1.1" 200 6023
201.186.225.187 - - [02/Sep/2025:13:09:19 -0300] "GET /cormun/static/about:blank HTTP/1.1" 404 1011
201.186.225.187 - - [02/Sep/2025:13:09:20 -0300] "GET /cormun/servlet/solicitudotadjuntos?78790ae3908217e8aa9c19eb1462ff7848102e39493047421d5990e4900fddfc9321d360ddc5aa4ab73dec74df087ae2,gx-no-cache=1756829370408 HTTP/1.1" 200 30
201.186.225.187 - - [02/Sep/2025:13:09:20 -0300] "POST /cormun/servlet/solicitudotadjuntos?e5259ae4ad43c63de7e79ccc251d857f,INS,2025,22919,,1,,gx-no-cache=1756829370445 HTTP/1.1" 200 3901
201.186.225.191 - - [02/Sep/2025:13:09:22 -0300] "GET /cormun/servlet/permisogoce?6e550f85a2863887d9c3de197649285e3cd12af470bb37bb7bc521c1ce036e6b930aa0e8f76d1828a9ac6a8bb4dc302eb00fcc46f19cce4191371e8d8f99326e,gx-no-cache=1756829535269 HTTP/1.1" 200 47
201.186.225.191 - - [02/Sep/2025:13:09:23 -0300] "POST /cormun/servlet/permisogoce?7d434adf87bb18f1cd16fac2f91cd68f,INS,0,,,,gx-no-cache=1756829536250 HTTP/1.1" 200 93
201.186.225.191 - - [02/Sep/2025:13:09:23 -0300] "GET /cormun/servlet/hpexe_return? HTTP/1.1" 200 1006
201.186.225.187 - - [02/Sep/2025:13:09:23 -0300] "POST /cormun/servlet/solicitudotadjuntos?gx-no-cache=1756829373366 HTTP/1.1" 200 26
201.186.225.191 - - [02/Sep/2025:13:09:23 -0300] "GET /cormun/servlet/trpermisosgoce? HTTP/1.1" 200 16450
179.57.78.55 - - [02/Sep/2025:13:09:25 -0300] "GET /cormun/servlet/trlicencias? HTTP/1.1" 200 6044
179.57.78.55 - - [02/Sep/2025:13:09:25 -0300] "GET /cormun/servlet/hlogin HTTP/1.1" 200 1732
201.186.225.191 - - [02/Sep/2025:13:09:27 -0300] "GET /cormun/servlet/trpermisosadjuntos?18647851,20250902121209,P, HTTP/1.1" 200 6510
201.186.225.187 - - [02/Sep/2025:13:09:28 -0300] "GET /cormun/servlet/solicitudotadjuntos?78790ae3908217e8aa9c19eb1462ff78c33804268354ccee3c5e0e0f7c9bfc53,gx-no-cache=1756829378633 HTTP/1.1" 200 30
201.186.225.187 - - [02/Sep/2025:13:09:28 -0300] "GET /cormun/servlet/solicitudotadjuntos?78790ae3908217e8aa9c19eb1462ff78c33804268354ccee3c5e0e0f7c9bfc53,gx-no-cache=1756829378652 HTTP/1.1" 200 30
201.186.225.187 - - [02/Sep/2025:13:09:29 -0300] "POST /cormun/servlet/solicitudotadjuntos?e5259ae4ad43c63de7e79ccc251d857f,INS,2025,22919,,1, HTTP/1.1" 200 116
201.186.225.187 - - [02/Sep/2025:13:09:29 -0300] "GET /cormun/servlet/hpexe_return? HTTP/1.1" 200 1024
201.186.225.191 - - [02/Sep/2025:13:09:29 -0300] "GET /cormun/servlet/permisosadjuntos?INS,18647851,P,20250902121209,, HTTP/1.1" 200 5832
201.186.225.187 - - [02/Sep/2025:13:09:29 -0300] "GET /cormun/servlet/trsolicitudadjuntos?2025,22919, HTTP/1.1" 200 9545
201.186.225.191 - - [02/Sep/2025:13:09:29 -0300] "GET /cormun/static/about:blank HTTP/1.1" 404 1011
201.186.225.187 - - [02/Sep/2025:13:09:32 -0300] "GET /cormun/servlet/solicitudotadjuntos?INS,2025,22919,,1, HTTP/1.1" 200 6023
201.186.225.187 - - [02/Sep/2025:13:09:32 -0300] "GET /cormun/static/about:blank HTTP/1.1" 404 1011
201.186.225.187 - - [02/Sep/2025:13:09:33 -0300] "GET /cormun/servlet/solicitudotadjuntos?78790ae3908217e8aa9c19eb1462ff7848102e39493047421d5990e4900fddfc9321d360ddc5aa4ab73dec74df087ae2,gx-no-cache=1756829383493 HTTP/1.1" 200 30
201.186.225.187 - - [02/Sep/2025:13:09:33 -0300] "POST /cormun/servlet/solicitudotadjuntos?e5259ae4ad43c63de7e79ccc251d857f,INS,2025,22919,,1,,gx-no-cache=1756829383521 HTTP/1.1" 200 3901
179.57.78.55 - - [02/Sep/2025:13:09:34 -0300] "POST /cormun/servlet/hlogin?5cc3e5a71f1b8db7e277dc9d573dada3,gx-no-cache=1756829546510 HTTP/1.1" 200 90
179.57.78.55 - - [02/Sep/2025:13:09:34 -0300] "GET /cormun/servlet/hpexe_link HTTP/1.1" 200 950
179.57.78.55 - - [02/Sep/2025:13:09:34 -0300] "GET /cormun/servlet/trlicencias HTTP/1.1" 200 11919
201.186.225.187 - - [02/Sep/2025:13:09:37 -0300] "POST /cormun/servlet/solicitudotadjuntos?gx-no-cache=1756829387675 HTTP/1.1" 200 26
201.186.225.191 - - [02/Sep/2025:13:09:39 -0300] "POST /cormun/servlet/permisosadjuntos?7d434adf87bb18f1cd16fac2f91cd68f,INS,18647851,P,20250902121209,, HTTP/1.1" 200 116
201.186.225.191 - - [02/Sep/2025:13:09:39 -0300] "GET /cormun/servlet/hpexe_return? HTTP/1.1" 200 1034
201.186.225.191 - - [02/Sep/2025:13:09:39 -0300] "GET /cormun/servlet/trpermisosadjuntos?18647851,20250902121209,P, HTTP/1.1" 200 7000
201.186.225.187 - - [02/Sep/2025:13:09:44 -0300] "GET /cormun/servlet/solicitudotadjuntos?78790ae3908217e8aa9c19eb1462ff78c33804268354ccee3c5e0e0f7c9bfc53,gx-no-cache=1756829393848 HTTP/1.1" 200 30
201.186.225.187 - - [02/Sep/2025:13:09:44 -0300] "GET /cormun/servlet/solicitudotadjuntos?78790ae3908217e8aa9c19eb1462ff78c33804268354ccee3c5e0e0f7c9bfc53,gx-no-cache=1756829393878 HTTP/1.1" 200 30
201.186.225.187 - - [02/Sep/2025:13:09:44 -0300] "POST /cormun/servlet/solicitudotadjuntos?e5259ae4ad43c63de7e79ccc251d857f,INS,2025,22919,,1, HTTP/1.1" 200 116
201.186.225.187 - - [02/Sep/2025:13:09:44 -0300] "GET /cormun/servlet/hpexe_return? HTTP/1.1" 200 1024
201.186.225.187 - - [02/Sep/2025:13:09:44 -0300] "GET /cormun/servlet/trsolicitudadjuntos?2025,22919, HTTP/1.1" 200 9783
201.186.225.191 - - [02/Sep/2025:13:09:44 -0300] "GET /cormun/servlet/trpermisosgoce? HTTP/1.1" 200 16461
201.186.225.187 - - [02/Sep/2025:13:09:47 -0300] "GET /cormun/servlet/solicitudotadjuntos?INS,2025,22919,,1, HTTP/1.1" 200 6024
179.57.78.55 - - [02/Sep/2025:13:09:47 -0300] "GET /cormun/servlet/trpermisosgoce? HTTP/1.1" 200 16113
201.186.225.187 - - [02/Sep/2025:13:09:47 -0300] "GET /cormun/static/about:blank HTTP/1.1" 404 1011
201.186.225.187 - - [02/Sep/2025:13:09:48 -0300] "GET /cormun/servlet/solicitudotadjuntos?78790ae3908217e8aa9c19eb1462ff7848102e39493047421d5990e4900fddfc9321d360ddc5aa4ab73dec74df087ae2,gx-no-cache=1756829398329 HTTP/1.1" 200 30
201.186.225.187 - - [02/Sep/2025:13:09:48 -0300] "POST /cormun/servlet/solicitudotadjuntos?e5259ae4ad43c63de7e79ccc251d857f,INS,2025,22919,,1,,gx-no-cache=1756829398359 HTTP/1.1" 200 3902
201.186.225.191 - - [02/Sep/2025:13:09:49 -0300] "POST /cormun/servlet/trpermisosgoce?7d434adf87bb18f1cd16fac2f91cd68f,,gx-no-cache=1756829562388 HTTP/1.1" 200 13780
201.186.225.191 - - [02/Sep/2025:13:09:49 -0300] "GET /cormun/static/Shared/jqueryui/images/ui-bg_highlight-soft_100_c6c2c8_1x100.png HTTP/1.1" 404 1117
201.186.225.191 - - [02/Sep/2025:13:09:49 -0300] "GET /cormun/static/Shared/jqueryui/images/ui-icons_82798d_256x240.png HTTP/1.1" 404 1089
201.186.225.191 - - [02/Sep/2025:13:09:49 -0300] "GET /cormun/static/Shared/jqueryui/images/ui-icons_8d78a5_256x240.png HTTP/1.1" 404 1089
201.186.225.191 - - [02/Sep/2025:13:09:49 -0300] "GET /cormun/static/Shared/jqueryui/images/ui-bg_flat_55_fafafa_40x100.png HTTP/1.1" 404 1097
201.186.225.187 - - [02/Sep/2025:13:09:52 -0300] "POST /cormun/servlet/solicitudotadjuntos?gx-no-cache=1756829402067 HTTP/1.1" 200 26
201.186.225.187 - - [02/Sep/2025:13:09:58 -0300] "GET /cormun/servlet/solicitudotadjuntos?78790ae3908217e8aa9c19eb1462ff78c33804268354ccee3c5e0e0f7c9bfc53,gx-no-cache=1756829408267 HTTP/1.1" 200 30
201.186.225.187 - - [02/Sep/2025:13:09:58 -0300] "GET /cormun/servlet/solicitudotadjuntos?78790ae3908217e8aa9c19eb1462ff78c33804268354ccee3c5e0e0f7c9bfc53,gx-no-cache=1756829408294 HTTP/1.1" 200 30
201.186.225.187 - - [02/Sep/2025:13:09:58 -0300] "POST /cormun/servlet/solicitudotadjuntos?e5259ae4ad43c63de7e79ccc251d857f,INS,2025,22919,,1, HTTP/1.1" 200 116
201.186.225.187 - - [02/Sep/2025:13:09:58 -0300] "GET /cormun/servlet/hpexe_return? HTTP/1.1" 200 1024
201.186.225.187 - - [02/Sep/2025:13:09:58 -0300] "GET /cormun/servlet/trsolicitudadjuntos?2025,22919, HTTP/1.1" 200 10121
201.186.225.187 - - [02/Sep/2025:13:10:01 -0300] "GET /cormun/servlet/solicitudotadjuntos?INS,2025,22919,,1, HTTP/1.1" 200 6024
201.186.225.187 - - [02/Sep/2025:13:10:01 -0300] "GET /cormun/static/about:blank HTTP/1.1" 404 1011
201.186.225.191 - - [02/Sep/2025:13:10:02 -0300] "GET /cormun/servlet/trpermisosgoce? HTTP/1.1" 200 16398
201.186.225.187 - - [02/Sep/2025:13:10:02 -0300] "GET /cormun/servlet/solicitudotadjuntos?78790ae3908217e8aa9c19eb1462ff7848102e39493047421d5990e4900fddfc9321d360ddc5aa4ab73dec74df087ae2,gx-no-cache=1756829412355 HTTP/1.1" 200 30
201.186.225.187 - - [02/Sep/2025:13:10:02 -0300] "POST /cormun/servlet/solicitudotadjuntos?e5259ae4ad43c63de7e79ccc251d857f,INS,2025,22919,,1,,gx-no-cache=1756829412408 HTTP/1.1" 200 3902
201.186.225.187 - - [02/Sep/2025:13:10:06 -0300] "POST /cormun/servlet/solicitudotadjuntos?gx-no-cache=1756829416179 HTTP/1.1" 200 26
201.186.225.191 - - [02/Sep/2025:13:10:07 -0300] "GET /cormun/servlet/permisogoce?INS,0,,, HTTP/1.1" 200 7058
201.186.225.187 - - [02/Sep/2025:13:10:15 -0300] "GET /cormun/servlet/solicitudotadjuntos?78790ae3908217e8aa9c19eb1462ff78c33804268354ccee3c5e0e0f7c9bfc53,gx-no-cache=1756829424899 HTTP/1.1" 200 30
201.186.225.187 - - [02/Sep/2025:13:10:15 -0300] "GET /cormun/servlet/solicitudotadjuntos?78790ae3908217e8aa9c19eb1462ff78c33804268354ccee3c5e0e0f7c9bfc53,gx-no-cache=1756829424936 HTTP/1.1" 200 30
201.186.225.187 - - [02/Sep/2025:13:10:15 -0300] "POST /cormun/servlet/solicitudotadjuntos?e5259ae4ad43c63de7e79ccc251d857f,INS,2025,22919,,1, HTTP/1.1" 200 116
201.186.225.187 - - [02/Sep/2025:13:10:15 -0300] "GET /cormun/servlet/hpexe_return? HTTP/1.1" 200 1024
201.186.225.187 - - [02/Sep/2025:13:10:15 -0300] "GET /cormun/servlet/trsolicitudadjuntos?2025,22919, HTTP/1.1" 200 10388
201.186.225.187 - - [02/Sep/2025:13:10:20 -0300] "GET /cormun/servlet/solicitudotadjuntos?INS,2025,22919,,1, HTTP/1.1" 200 6024
201.186.225.187 - - [02/Sep/2025:13:10:21 -0300] "GET /cormun/static/about:blank HTTP/1.1" 404 1011
201.186.225.187 - - [02/Sep/2025:13:10:22 -0300] "GET /cormun/servlet/solicitudotadjuntos?78790ae3908217e8aa9c19eb1462ff7848102e39493047421d5990e4900fddfc9321d360ddc5aa4ab73dec74df087ae2,gx-no-cache=1756829431985 HTTP/1.1" 200 30
201.186.225.187 - - [02/Sep/2025:13:10:22 -0300] "POST /cormun/servlet/solicitudotadjuntos?e5259ae4ad43c63de7e79ccc251d857f,INS,2025,22919,,1,,gx-no-cache=1756829432045 HTTP/1.1" 200 3902
201.186.225.187 - - [02/Sep/2025:13:10:24 -0300] "POST /cormun/servlet/solicitudotadjuntos?gx-no-cache=1756829434709 HTTP/1.1" 200 26
201.186.225.191 - - [02/Sep/2025:13:10:26 -0300] "GET /cormun/servlet/prfichaempleado?,MD,,gxPopupLevel%3D0%3B HTTP/1.1" 200 9125
190.95.15.9 - - [02/Sep/2025:13:10:28 -0300] "GET /cormun/servlet/trlicencias? HTTP/1.1" 200 15038
190.95.15.9 - - [02/Sep/2025:13:10:33 -0300] "POST /cormun/servlet/trlicencias?c31bd522829af24abe57c59f14a8eba1,,gx-no-cache=1756829606105 HTTP/1.1" 200 12874
201.186.225.187 - - [02/Sep/2025:13:10:33 -0300] "GET /cormun/servlet/solicitudotadjuntos?78790ae3908217e8aa9c19eb1462ff78c33804268354ccee3c5e0e0f7c9bfc53,gx-no-cache=1756829443308 HTTP/1.1" 200 30
201.186.225.187 - - [02/Sep/2025:13:10:33 -0300] "GET /cormun/servlet/solicitudotadjuntos?78790ae3908217e8aa9c19eb1462ff78c33804268354ccee3c5e0e0f7c9bfc53,gx-no-cache=1756829443395 HTTP/1.1" 200 30
201.186.225.187 - - [02/Sep/2025:13:10:34 -0300] "POST /cormun/servlet/solicitudotadjuntos?e5259ae4ad43c63de7e79ccc251d857f,INS,2025,22919,,1, HTTP/1.1" 200 116
201.186.225.187 - - [02/Sep/2025:13:10:34 -0300] "GET /cormun/servlet/hpexe_return? HTTP/1.1" 200 1024
201.186.225.187 - - [02/Sep/2025:13:10:34 -0300] "GET /cormun/servlet/trsolicitudadjuntos?2025,22919, HTTP/1.1" 200 10554
201.186.225.191 - - [02/Sep/2025:13:10:37 -0300] "POST /cormun/servlet/prfichaempleado?7d434adf87bb18f1cd16fac2f91cd68f,,MD,,gxPopupLevel%3D0%3B,gx-no-cache=1756829610135 HTTP/1.1" 200 3408
201.186.225.191 - - [02/Sep/2025:13:10:41 -0300] "GET /cormun/servlet/permisogoce?6e550f85a2863887d9c3de197649285e34381ecc75fa55e0fda594e585f1c096e45f0af4e2abb8d5687e8beab33de285ce8d75c7d352798f2b321e53db85e2fe,gx-no-cache=1756829613957 HTTP/1.1" 200 79
201.186.225.187 - - [02/Sep/2025:13:10:46 -0300] "GET /cormun/servlet/trsolicitudot? HTTP/1.1" 200 8599
201.186.225.191 - - [02/Sep/2025:13:10:49 -0300] "GET /cormun/servlet/permisogoce?6e550f85a2863887d9c3de197649285e3cd12af470bb37bb7bc521c1ce036e6bdb283862095ec37c0fd85c01be816fb0b00fcc46f19cce4191371e8d8f99326e,gx-no-cache=1756829623000 HTTP/1.1" 200 48
201.186.225.191 - - [02/Sep/2025:13:10:53 -0300] "POST /cormun/servlet/permisogoce?7d434adf87bb18f1cd16fac2f91cd68f,INS,0,,,,gx-no-cache=1756829625678 HTTP/1.1" 200 93
201.186.225.191 - - [02/Sep/2025:13:10:53 -0300] "GET /cormun/servlet/hpexe_return? HTTP/1.1" 200 1006
201.186.225.191 - - [02/Sep/2025:13:10:53 -0300] "GET /cormun/servlet/trpermisosgoce HTTP/1.1" 200 16619
201.186.225.191 - - [02/Sep/2025:13:10:56 -0300] "GET /cormun/servlet/trpermisosadjuntos?18647851,20250902121321,P, HTTP/1.1" 200 6511
201.186.225.191 - - [02/Sep/2025:13:10:58 -0300] "GET /cormun/servlet/permisosadjuntos?INS,18647851,P,20250902121321,, HTTP/1.1" 200 5834
201.186.225.191 - - [02/Sep/2025:13:10:58 -0300] "GET /cormun/static/about:blank HTTP/1.1" 404 1011
201.186.225.187 - - [02/Sep/2025:13:11:05 -0300] "POST /cormun/servlet/trsolicitudot?e5259ae4ad43c63de7e79ccc251d857f,,gx-no-cache=1756829475291 HTTP/1.1" 200 4590
201.186.225.187 - - [02/Sep/2025:13:11:05 -0300] "GET /cormun/static/Shared/jqueryui/images/ui-icons_82798d_256x240.png HTTP/1.1" 404 1089
201.186.225.187 - - [02/Sep/2025:13:11:05 -0300] "GET /cormun/static/Shared/jqueryui/images/ui-bg_highlight-soft_100_c6c2c8_1x100.png HTTP/1.1" 404 1117
201.186.225.187 - - [02/Sep/2025:13:11:05 -0300] "GET /cormun/static/Shared/jqueryui/images/ui-icons_8d78a5_256x240.png HTTP/1.1" 404 1089
201.186.225.187 - - [02/Sep/2025:13:11:05 -0300] "GET /cormun/static/Shared/jqueryui/images/ui-bg_flat_55_fafafa_40x100.png HTTP/1.1" 404 1097
201.186.225.187 - - [02/Sep/2025:13:11:05 -0300] "POST /cormun/servlet/trsolicitudot?e5259ae4ad43c63de7e79ccc251d857f,,gx-no-cache=1756829475455 HTTP/1.1" 200 4351
201.186.225.191 - - [02/Sep/2025:13:11:13 -0300] "POST /cormun/servlet/permisosadjuntos?7d434adf87bb18f1cd16fac2f91cd68f,INS,18647851,P,20250902121321,, HTTP/1.1" 200 116
201.186.225.191 - - [02/Sep/2025:13:11:13 -0300] "GET /cormun/servlet/hpexe_return? HTTP/1.1" 200 1035
201.186.225.191 - - [02/Sep/2025:13:11:13 -0300] "GET /cormun/servlet/trpermisosadjuntos?18647851,20250902121321,P, HTTP/1.1" 200 7002
201.186.225.191 - - [02/Sep/2025:13:11:16 -0300] "GET /cormun/servlet/trpermisosgoce? HTTP/1.1" 200 16626
190.95.67.99 - - [02/Sep/2025:13:11:19 -0300] "GET /cormun/servlet/trpermisosgoce? HTTP/1.1" 200 6034
201.186.225.191 - - [02/Sep/2025:13:11:20 -0300] "POST /cormun/servlet/trpermisosgoce?7d434adf87bb18f1cd16fac2f91cd68f,,gx-no-cache=1756829653057 HTTP/1.1" 200 13933
201.186.225.191 - - [02/Sep/2025:13:11:20 -0300] "GET /cormun/static/Shared/jqueryui/images/ui-bg_highlight-soft_100_c6c2c8_1x100.png HTTP/1.1" 404 1117
201.186.225.191 - - [02/Sep/2025:13:11:20 -0300] "GET /cormun/static/Shared/jqueryui/images/ui-icons_82798d_256x240.png HTTP/1.1" 404 1089
201.186.225.191 - - [02/Sep/2025:13:11:20 -0300] "GET /cormun/static/Shared/jqueryui/images/ui-icons_8d78a5_256x240.png HTTP/1.1" 404 1089
201.186.225.191 - - [02/Sep/2025:13:11:20 -0300] "GET /cormun/static/Shared/jqueryui/images/ui-bg_flat_55_fafafa_40x100.png HTTP/1.1" 404 1097
190.95.67.99 - - [02/Sep/2025:13:11:22 -0300] "GET /cormun/servlet/hlogin HTTP/1.1" 200 1738
190.95.67.99 - - [02/Sep/2025:13:11:25 -0300] "POST /cormun/servlet/hlogin?4f95eaf79e7677b6e5a07ffa5376e97b,gx-no-cache=1756829657687 HTTP/1.1" 200 90
190.95.67.99 - - [02/Sep/2025:13:11:25 -0300] "GET /cormun/servlet/hpexe_link HTTP/1.1" 200 955
190.95.67.99 - - [02/Sep/2025:13:11:25 -0300] "GET /cormun/servlet/trpermisosgoce HTTP/1.1" 200 14054
201.186.225.191 - - [02/Sep/2025:13:11:30 -0300] "GET /cormun/servlet/permisogoce?INS,0,,, HTTP/1.1" 200 7058
201.186.225.191 - - [02/Sep/2025:13:11:32 -0300] "GET /cormun/servlet/prfichaempleado?,MD,,gxPopupLevel%3D0%3B HTTP/1.1" 200 9125
201.186.225.191 - - [02/Sep/2025:13:11:41 -0300] "POST /cormun/servlet/prfichaempleado?7d434adf87bb18f1cd16fac2f91cd68f,,MD,,gxPopupLevel%3D0%3B,gx-no-cache=1756829674398 HTTP/1.1" 200 3402
201.186.225.191 - - [02/Sep/2025:13:11:45 -0300] "GET /cormun/servlet/permisogoce?6e550f85a2863887d9c3de197649285eb54632f2f55c93bd76b8641879d116c2e45f0af4e2abb8d5687e8beab33de285ce8d75c7d352798f2b321e53db85e2fe,gx-no-cache=1756829678341 HTTP/1.1" 200 72
201.186.225.191 - - [02/Sep/2025:13:11:51 -0300] "GET /cormun/servlet/permisogoce?6e550f85a2863887d9c3de197649285e7d0de8c4b53a99c29ed8407d9dcdaa0927fe4a5aca5576b8808bb9588d1bb274b00fcc46f19cce4191371e8d8f99326e,gx-no-cache=1756829684050 HTTP/1.1" 200 47
201.186.225.191 - - [02/Sep/2025:13:11:52 -0300] "POST /cormun/servlet/permisogoce?7d434adf87bb18f1cd16fac2f91cd68f,INS,0,,,,gx-no-cache=1756829685262 HTTP/1.1" 200 93
201.186.225.191 - - [02/Sep/2025:13:11:52 -0300] "GET /cormun/servlet/hpexe_return? HTTP/1.1" 200 1006
201.186.225.191 - - [02/Sep/2025:13:11:52 -0300] "GET /cormun/servlet/trpermisosgoce? HTTP/1.1" 200 16823
201.186.225.187 - - [02/Sep/2025:13:11:54 -0300] "GET /cormun/servlet/trpermisosgoce? HTTP/1.1" 200 12682
201.186.225.191 - - [02/Sep/2025:13:11:56 -0300] "GET /cormun/servlet/trpermisosadjuntos?19481360,20250902121444,P, HTTP/1.1" 200 6507
201.186.225.191 - - [02/Sep/2025:13:11:58 -0300] "GET /cormun/servlet/permisosadjuntos?INS,19481360,P,20250902121444,, HTTP/1.1" 200 5834
201.186.225.191 - - [02/Sep/2025:13:11:58 -0300] "GET /cormun/static/about:blank HTTP/1.1" 404 1011
201.186.225.187 - - [02/Sep/2025:13:12:01 -0300] "GET /cormun/servlet/trlicencias? HTTP/1.1" 200 11480
201.186.225.187 - - [02/Sep/2025:13:12:05 -0300] "POST /cormun/servlet/trlicencias?e5259ae4ad43c63de7e79ccc251d857f,,gx-no-cache=1756829535298 HTTP/1.1" 200 8862
201.186.225.191 - - [02/Sep/2025:13:12:07 -0300] "POST /cormun/servlet/permisosadjuntos?7d434adf87bb18f1cd16fac2f91cd68f,INS,19481360,P,20250902121444,, HTTP/1.1" 200 116
201.186.225.191 - - [02/Sep/2025:13:12:07 -0300] "GET /cormun/servlet/hpexe_return? HTTP/1.1" 200 1034
201.186.225.191 - - [02/Sep/2025:13:12:07 -0300] "GET /cormun/servlet/trpermisosadjuntos?19481360,20250902121444,P, HTTP/1.1" 200 6997
201.186.225.187 - - [02/Sep/2025:13:12:07 -0300] "POST /cormun/servlet/trlicencias?e5259ae4ad43c63de7e79ccc251d857f,,gx-no-cache=1756829537272 HTTP/1.1" 200 8862
201.186.225.191 - - [02/Sep/2025:13:12:16 -0300] "GET /cormun/servlet/trpermisosgoce? HTTP/1.1" 200 16835
201.186.225.191 - - [02/Sep/2025:13:12:19 -0300] "POST /cormun/servlet/trpermisosgoce?7d434adf87bb18f1cd16fac2f91cd68f,,gx-no-cache=1756829712284 HTTP/1.1" 200 14140
201.186.225.191 - - [02/Sep/2025:13:12:19 -0300] "GET /cormun/static/Shared/jqueryui/images/ui-icons_82798d_256x240.png HTTP/1.1" 404 1089
201.186.225.191 - - [02/Sep/2025:13:12:19 -0300] "GET /cormun/static/Shared/jqueryui/images/ui-bg_highlight-soft_100_c6c2c8_1x100.png HTTP/1.1" 404 1117
201.186.225.191 - - [02/Sep/2025:13:12:19 -0300] "GET /cormun/static/Shared/jqueryui/images/ui-bg_flat_55_fafafa_40x100.png HTTP/1.1" 404 1097
201.186.225.191 - - [02/Sep/2025:13:12:19 -0300] "GET /cormun/static/Shared/jqueryui/images/ui-icons_8d78a5_256x240.png HTTP/1.1" 404 1089
201.186.225.191 - - [02/Sep/2025:13:12:21 -0300] "GET /cormun/servlet/permisogoce?INS,0,,, HTTP/1.1" 200 7057
201.186.225.191 - - [02/Sep/2025:13:12:26 -0300] "GET /cormun/servlet/prfichaempleado?,MD,,gxPopupLevel%3D0%3B HTTP/1.1" 200 9125
201.186.225.191 - - [02/Sep/2025:13:12:41 -0300] "POST /cormun/servlet/prfichaempleado?7d434adf87bb18f1cd16fac2f91cd68f,,MD,,gxPopupLevel%3D0%3B,gx-no-cache=1756829734050 HTTP/1.1" 200 3465
201.186.225.191 - - [02/Sep/2025:13:12:58 -0300] "GET /cormun/servlet/permisogoce?6e550f85a2863887d9c3de197649285ecdfd7d4eb02a7c6fb8bf4bbdd91ae2b6e45f0af4e2abb8d5687e8beab33de285ce8d75c7d352798f2b321e53db85e2fe,gx-no-cache=1756829751577 HTTP/1.1" 200 79
201.186.225.191 - - [02/Sep/2025:13:13:09 -0300] "GET /cormun/servlet/permisogoce?6e550f85a2863887d9c3de197649285e3e461d28c93cd3f893459ff69df672a96ad04e5a2748a56336d85956c0eecc42b00fcc46f19cce4191371e8d8f99326e,gx-no-cache=1756829762507 HTTP/1.1" 200 47
201.186.225.191 - - [02/Sep/2025:13:13:10 -0300] "POST /cormun/servlet/permisogoce?7d434adf87bb18f1cd16fac2f91cd68f,INS,0,,,,gx-no-cache=1756829763490 HTTP/1.1" 200 93
201.186.225.191 - - [02/Sep/2025:13:13:10 -0300] "GET /cormun/servlet/hpexe_return? HTTP/1.1" 200 1006
201.186.225.191 - - [02/Sep/2025:13:13:11 -0300] "GET /cormun/servlet/trpermisosgoce? HTTP/1.1" 200 17002
201.186.225.191 - - [02/Sep/2025:13:13:13 -0300] "GET /cormun/servlet/trpermisosadjuntos?12515350,20250902121535,P, HTTP/1.1" 200 6509
201.186.225.191 - - [02/Sep/2025:13:13:16 -0300] "GET /cormun/servlet/permisosadjuntos?INS,12515350,P,20250902121535,, HTTP/1.1" 200 5831
201.186.225.191 - - [02/Sep/2025:13:13:16 -0300] "GET /cormun/static/about:blank HTTP/1.1" 404 1011
201.186.225.191 - - [02/Sep/2025:13:13:23 -0300] "POST /cormun/servlet/permisosadjuntos?7d434adf87bb18f1cd16fac2f91cd68f,INS,12515350,P,20250902121535,, HTTP/1.1" 200 116
201.186.225.191 - - [02/Sep/2025:13:13:23 -0300] "GET /cormun/servlet/hpexe_return? HTTP/1.1" 200 1032
201.186.225.191 - - [02/Sep/2025:13:13:23 -0300] "GET /cormun/servlet/trpermisosadjuntos?12515350,20250902121535,P, HTTP/1.1" 200 7002
201.186.225.191 - - [02/Sep/2025:13:13:26 -0300] "GET /cormun/servlet/trpermisosgoce? HTTP/1.1" 200 17008
201.186.225.191 - - [02/Sep/2025:13:13:30 -0300] "POST /cormun/servlet/trpermisosgoce?7d434adf87bb18f1cd16fac2f91cd68f,,gx-no-cache=1756829782740 HTTP/1.1" 200 14312
201.186.225.191 - - [02/Sep/2025:13:13:30 -0300] "GET /cormun/static/Shared/jqueryui/images/ui-bg_highlight-soft_100_c6c2c8_1x100.png HTTP/1.1" 404 1117
201.186.225.191 - - [02/Sep/2025:13:13:30 -0300] "GET /cormun/static/Shared/jqueryui/images/ui-icons_82798d_256x240.png HTTP/1.1" 404 1089
201.186.225.191 - - [02/Sep/2025:13:13:30 -0300] "GET /cormun/static/Shared/jqueryui/images/ui-icons_8d78a5_256x240.png HTTP/1.1" 404 1089
201.186.225.191 - - [02/Sep/2025:13:13:30 -0300] "GET /cormun/static/Shared/jqueryui/images/ui-bg_flat_55_fafafa_40x100.png HTTP/1.1" 404 1097
190.95.15.17 - - [02/Sep/2025:13:13:48 -0300] "POST /cormun/servlet/trlicencias?6c94dd2e6d42990537772dfd5e623569,,gx-no-cache=1756829817756 HTTP/1.1" 440 972
190.95.15.17 - - [02/Sep/2025:13:13:49 -0300] "GET /cormun/servlet/trlicencias? HTTP/1.1" 200 6052
190.95.15.17 - - [02/Sep/2025:13:13:50 -0300] "GET /cormun/servlet/hlogin HTTP/1.1" 200 1741
190.95.15.17 - - [02/Sep/2025:13:13:50 -0300] "GET /favicon.ico HTTP/1.1" 200 21630
190.95.15.17 - - [02/Sep/2025:13:13:53 -0300] "POST /cormun/servlet/hlogin?a38254884c620d730850b7be10802cd0,gx-no-cache=1756829823192 HTTP/1.1" 200 90
190.95.15.17 - - [02/Sep/2025:13:13:53 -0300] "GET /cormun/servlet/hpexe_link HTTP/1.1" 200 960
190.95.15.17 - - [02/Sep/2025:13:13:53 -0300] "GET /cormun/servlet/trlicencias HTTP/1.1" 200 12109
201.186.225.191 - - [02/Sep/2025:13:14:14 -0300] "GET /cormun/servlet/trpermisosgoce? HTTP/1.1" 200 16967
201.186.225.191 - - [02/Sep/2025:13:14:17 -0300] "GET /cormun/servlet/permisogoce?INS,0,,, HTTP/1.1" 200 7058
201.186.225.191 - - [02/Sep/2025:13:14:20 -0300] "GET /cormun/servlet/prfichaempleado?,MD,,gxPopupLevel%3D0%3B HTTP/1.1" 200 9125
201.186.225.191 - - [02/Sep/2025:13:14:31 -0300] "POST /cormun/servlet/prfichaempleado?7d434adf87bb18f1cd16fac2f91cd68f,,MD,,gxPopupLevel%3D0%3B,gx-no-cache=1756829844269 HTTP/1.1" 200 3474
201.186.225.191 - - [02/Sep/2025:13:14:35 -0300] "GET /cormun/servlet/permisogoce?6e550f85a2863887d9c3de197649285e4272e9f42bee865b02059f49fc198c35e45f0af4e2abb8d5687e8beab33de285ce8d75c7d352798f2b321e53db85e2fe,gx-no-cache=1756829848117 HTTP/1.1" 200 83
190.95.15.17 - - [02/Sep/2025:13:14:35 -0300] "GET /cormun/servlet/hlogin HTTP/1.1" 200 1722
190.95.15.17 - - [02/Sep/2025:13:14:38 -0300] "POST /cormun/servlet/hlogin?a38254884c620d730850b7be10802cd0,gx-no-cache=1756829868184 HTTP/1.1" 200 90
190.95.15.17 - - [02/Sep/2025:13:14:38 -0300] "GET /cormun/servlet/hpexe_link HTTP/1.1" 200 960
190.95.15.17 - - [02/Sep/2025:13:14:38 -0300] "GET /cormun/servlet/trlicencias HTTP/1.1" 200 12109
201.186.225.191 - - [02/Sep/2025:13:14:43 -0300] "GET /cormun/servlet/permisogoce?6e550f85a2863887d9c3de197649285eb14f7fdfd0ea74ebb3c2e740aa969bcda6e3f2daa18d7e8a4c9b1ca1864b7870b00fcc46f19cce4191371e8d8f99326e,gx-no-cache=1756829856848 HTTP/1.1" 200 47
201.186.225.191 - - [02/Sep/2025:13:14:45 -0300] "POST /cormun/servlet/permisogoce?7d434adf87bb18f1cd16fac2f91cd68f,INS,0,,,,gx-no-cache=1756829858350 HTTP/1.1" 200 93
201.186.225.191 - - [02/Sep/2025:13:14:45 -0300] "GET /cormun/servlet/hpexe_return? HTTP/1.1" 200 1006
201.186.225.191 - - [02/Sep/2025:13:14:46 -0300] "GET /cormun/servlet/trpermisosgoce HTTP/1.1" 200 17226
201.186.225.191 - - [02/Sep/2025:13:14:48 -0300] "GET /cormun/servlet/trpermisosadjuntos?17507767,20250902121731,P, HTTP/1.1" 200 6516
201.186.225.191 - - [02/Sep/2025:13:14:50 -0300] "GET /cormun/servlet/permisosadjuntos?INS,17507767,P,20250902121731,, HTTP/1.1" 200 5841
201.186.225.191 - - [02/Sep/2025:13:14:50 -0300] "GET /cormun/static/about:blank HTTP/1.1" 404 1011
201.186.225.191 - - [02/Sep/2025:13:15:04 -0300] "POST /cormun/servlet/permisosadjuntos?7d434adf87bb18f1cd16fac2f91cd68f,INS,17507767,P,20250902121731,, HTTP/1.1" 200 116
201.186.225.191 - - [02/Sep/2025:13:15:04 -0300] "GET /cormun/servlet/hpexe_return? HTTP/1.1" 200 1034
201.186.225.191 - - [02/Sep/2025:13:15:04 -0300] "GET /cormun/servlet/trpermisosadjuntos?17507767,20250902121731,P, HTTP/1.1" 200 7007
201.186.225.191 - - [02/Sep/2025:13:15:08 -0300] "GET /cormun/servlet/trpermisosgoce? HTTP/1.1" 200 17235
201.186.225.191 - - [02/Sep/2025:13:15:11 -0300] "POST /cormun/servlet/trpermisosgoce?7d434adf87bb18f1cd16fac2f91cd68f,,gx-no-cache=1756829884084 HTTP/1.1" 200 14547
201.186.225.191 - - [02/Sep/2025:13:15:11 -0300] "GET /cormun/static/Shared/jqueryui/images/ui-bg_highlight-soft_100_c6c2c8_1x100.png HTTP/1.1" 404 1117
201.186.225.191 - - [02/Sep/2025:13:15:11 -0300] "GET /cormun/static/Shared/jqueryui/images/ui-icons_82798d_256x240.png HTTP/1.1" 404 1089
201.186.225.191 - - [02/Sep/2025:13:15:11 -0300] "GET /cormun/static/Shared/jqueryui/images/ui-bg_flat_55_fafafa_40x100.png HTTP/1.1" 404 1097
201.186.225.191 - - [02/Sep/2025:13:15:11 -0300] "GET /cormun/static/Shared/jqueryui/images/ui-icons_8d78a5_256x240.png HTTP/1.1" 404 1089
190.95.1.183 - - [02/Sep/2025:13:15:31 -0300] "GET /cormun/servlet/hlogin HTTP/1.1" 200 1724
190.95.1.183 - - [02/Sep/2025:13:15:31 -0300] "GET /cormun/static/gxtimezone.js?85251 HTTP/1.1" 200 5781
190.95.1.183 - - [02/Sep/2025:13:15:31 -0300] "GET /cormun/static/gxcfg.js?2022112219184450 HTTP/1.1" 200 953
190.95.1.183 - - [02/Sep/2025:13:15:31 -0300] "GET /cormun/static/Resources/CormunLogin.png HTTP/1.1" 200 19132
190.95.1.183 - - [02/Sep/2025:13:15:31 -0300] "GET /cormun/static/messages.spa.js?85251 HTTP/1.1" 200 30736
190.95.1.183 - - [02/Sep/2025:13:15:31 -0300] "GET /cormun/static/Resources/Spanish/PXTools.css?1759030 HTTP/1.1" 200 100853
190.95.1.183 - - [02/Sep/2025:13:15:31 -0300] "GET /cormun/static/hlogin.js?2022112219184458 HTTP/1.1" 200 2156
190.95.1.183 - - [02/Sep/2025:13:15:31 -0300] "GET /cormun/static/gxgral.js?85251 HTTP/1.1" 200 384558
190.95.1.183 - - [02/Sep/2025:13:15:31 -0300] "GET /cormun/static/Resources/PXToolsLoginTop.png HTTP/1.1" 200 1337
190.95.1.183 - - [02/Sep/2025:13:15:31 -0300] "GET /cormun/static/Resources/PXToolsButtonLeft.png HTTP/1.1" 200 1310
190.95.1.183 - - [02/Sep/2025:13:15:31 -0300] "GET /cormun/static/Resources/PXToolsButtonBackground.png HTTP/1.1" 200 1176
190.95.1.183 - - [02/Sep/2025:13:15:31 -0300] "GET /cormun/static/Resources/PXToolsLoginBackground.png HTTP/1.1" 200 1164
190.95.1.183 - - [02/Sep/2025:13:15:31 -0300] "GET /cormun/static/Resources/PXToolsButtonRight.png HTTP/1.1" 200 1294
190.95.1.183 - - [02/Sep/2025:13:15:31 -0300] "GET /cormun/static/Resources/PXToolsLoginBottom.png HTTP/1.1" 200 1389
190.95.1.183 - - [02/Sep/2025:13:15:34 -0300] "POST /cormun/servlet/hlogin?7c79871586cb0a363f33485e188f2d80,gx-no-cache=1756829907357 HTTP/1.1" 200 90
190.95.1.183 - - [02/Sep/2025:13:15:34 -0300] "GET /cormun/servlet/hpexe_link HTTP/1.1" 200 952
190.95.1.183 - - [02/Sep/2025:13:15:34 -0300] "GET /cormun/static/gxcfg.js?20221129847421 HTTP/1.1" 200 953
190.95.1.183 - - [02/Sep/2025:13:15:34 -0300] "GET /cormun/static/hpexe_link.js?20221129847423 HTTP/1.1" 200 625
190.95.1.183 - - [02/Sep/2025:13:15:34 -0300] "GET /cormun/static/Resources/Spanish/PXTools.css?8354383 HTTP/1.1" 200 100853
190.95.1.183 - - [02/Sep/2025:13:15:34 -0300] "GET /cormun/servlet/hhome HTTP/1.1" 200 3976
190.95.1.183 - - [02/Sep/2025:13:15:34 -0300] "GET /cormun/static/Shared/jqueryui/jquery-ui.min.css?1345370 HTTP/1.1" 200 30288
190.95.1.183 - - [02/Sep/2025:13:15:34 -0300] "GET /cormun/static/SmoothNavMenu/resources/ddsmoothmenu.css?1112540 HTTP/1.1" 200 2223
190.95.1.183 - - [02/Sep/2025:13:15:34 -0300] "GET /cormun/static/SmoothNavMenu/resources/ddsmoothmenu-v.css?1112540 HTTP/1.1" 200 1188
190.95.1.183 - - [02/Sep/2025:13:15:34 -0300] "GET /cormun/static/scaMessage/css/jquery.pnotify.default.css?1816380 HTTP/1.1" 200 1707
190.95.1.183 - - [02/Sep/2025:13:15:34 -0300] "GET /cormun/static/gxcfg.js?20201215495537 HTTP/1.1" 200 953
190.95.1.183 - - [02/Sep/2025:13:15:34 -0300] "GET /cormun/static/Resources/Spanish/PXTools.css?14345360 HTTP/1.1" 200 100853
190.95.1.183 - - [02/Sep/2025:13:15:34 -0300] "GET /cormun/static/PXToolsJavascripts/pexe_autoreload.js HTTP/1.1" 200 1762
190.95.1.183 - - [02/Sep/2025:13:15:34 -0300] "GET /cormun/static/PXToolsJavascripts/pexe_grid.js HTTP/1.1" 200 7559
190.95.1.183 - - [02/Sep/2025:13:15:34 -0300] "GET /cormun/static/PXToolsJavascripts/pexe_windows.js HTTP/1.1" 200 15249
190.95.1.183 - - [02/Sep/2025:13:15:34 -0300] "GET /cormun/static/PXToolsJavascripts/pexe_cookies.js HTTP/1.1" 200 792
190.95.1.183 - - [02/Sep/2025:13:15:34 -0300] "GET /cormun/static/PXToolsJavascripts/pexe_griddivfix.js HTTP/1.1" 200 6946
190.95.1.183 - - [02/Sep/2025:13:15:34 -0300] "GET /cormun/static/PXToolsJavascripts/pexe_link.js HTTP/1.1" 200 5671
190.95.1.183 - - [02/Sep/2025:13:15:34 -0300] "GET /cormun/static/PXToolsJavascripts/pexe_menudivfix.js HTTP/1.1" 200 333
190.95.1.183 - - [02/Sep/2025:13:15:34 -0300] "GET /cormun/static/PXToolsJavascripts/pexe_menus.js HTTP/1.1" 200 1286
190.95.1.183 - - [02/Sep/2025:13:15:34 -0300] "GET /cormun/static/PXToolsJavascripts/pexe_layers.js HTTP/1.1" 200 4114
190.95.1.183 - - [02/Sep/2025:13:15:34 -0300] "GET /cormun/static/PXToolsJavascripts/pexe_oav.js HTTP/1.1" 200 645
190.95.1.183 - - [02/Sep/2025:13:15:34 -0300] "GET /cormun/static/PXToolsJavascripts/pexe_oavdivfix.js HTTP/1.1" 200 639
190.95.1.183 - - [02/Sep/2025:13:15:34 -0300] "GET /cormun/static/PXToolsJavascripts/pexe_picture.js HTTP/1.1" 200 689
190.95.1.183 - - [02/Sep/2025:13:15:34 -0300] "GET /cormun/static/PXToolsJavascripts/pexe_popup.js HTTP/1.1" 200 15149
190.95.1.183 - - [02/Sep/2025:13:15:34 -0300] "GET /cormun/static/PXToolsJavascripts/pexe_scrolldiv.js HTTP/1.1" 200 4138
190.95.1.183 - - [02/Sep/2025:13:15:34 -0300] "GET /cormun/static/PXToolsJavascripts/pexe_tabdivfix.js HTTP/1.1" 200 898
190.95.1.183 - - [02/Sep/2025:13:15:34 -0300] "GET /cormun/static/PXToolsJavascripts/pexe_tabs.js HTTP/1.1" 200 3748
190.95.1.183 - - [02/Sep/2025:13:15:34 -0300] "GET /cormun/static/PXToolsJavascripts/pexe_upload.js HTTP/1.1" 200 1423
201.186.225.191 - - [02/Sep/2025:13:15:34 -0300] "GET /cormun/servlet/permisogoce?INS,0,,, HTTP/1.1" 200 7058
190.95.1.183 - - [02/Sep/2025:13:15:34 -0300] "GET /cormun/static/PXToolsJavascripts/PXToolsJavascriptsRender.js HTTP/1.1" 200 367
190.95.1.183 - - [02/Sep/2025:13:15:34 -0300] "GET /cormun/static/Resources/CormunMP2.png HTTP/1.1" 200 6878
190.95.1.183 - - [02/Sep/2025:13:15:34 -0300] "GET /cormun/static/Resources/ImgHome.png HTTP/1.1" 200 1364
190.95.1.183 - - [02/Sep/2025:13:15:34 -0300] "GET /cormun/static/Resources/ImgLogin.png HTTP/1.1" 200 1432
190.95.1.183 - - [02/Sep/2025:13:15:34 -0300] "GET /cormun/static/Resources/Llave.png HTTP/1.1" 200 1395
190.95.1.183 - - [02/Sep/2025:13:15:34 -0300] "GET /cormun/static/RunJS/RunJS.js HTTP/1.1" 200 288
190.95.1.183 - - [02/Sep/2025:13:15:34 -0300] "GET /cormun/static/Shared/ext/locale/ext-lang-en.js HTTP/1.1" 200 10940
190.95.1.183 - - [02/Sep/2025:13:15:34 -0300] "GET /cormun/static/Resources/PXToolsDataTitle.png HTTP/1.1" 200 1173
190.95.1.183 - - [02/Sep/2025:13:15:34 -0300] "GET /cormun/static/hhome.js?20201215495544 HTTP/1.1" 200 777
190.95.1.183 - - [02/Sep/2025:13:15:34 -0300] "GET /cormun/static/hwchdr01.js?2022112219251119 HTTP/1.1" 200 996
190.95.1.183 - - [02/Sep/2025:13:15:34 -0300] "GET /cormun/static/hpexe_recentlink.js?20201214471090 HTTP/1.1" 200 2144
