190.95.15.31 - - [02/Sep/2025:09:51:32 -0300] "GET /cormun/static/Shared/jqueryui/images/ui-bg_flat_55_994d53_40x100.png HTTP/1.1" 404 1097
190.95.15.31 - - [02/Sep/2025:09:51:32 -0300] "GET /cormun/static/Shared/jqueryui/images/ui-icons_ebccce_256x240.png HTTP/1.1" 404 1089
190.95.15.31 - - [02/Sep/2025:09:51:32 -0300] "GET /cormun/PrivateTempStorage/upload_00005583.pdf HTTP/1.1" 200 149926
201.186.226.3 - - [02/Sep/2025:09:51:36 -0300] "GET /cormun/servlet/hlogin HTTP/1.1" 200 1715
190.95.15.31 - - [02/Sep/2025:09:51:38 -0300] "POST /cormun/servlet/solicitudotadjuntos?gx-no-cache=1756817671392 HTTP/1.1" 200 26
190.95.15.13 - - [02/Sep/2025:09:51:42 -0300] "GET /cormun/servlet/hlogin HTTP/1.1" 200 1722
190.95.15.13 - - [02/Sep/2025:09:51:42 -0300] "GET /cormun/servlet/hlogin HTTP/1.1" 200 1732
148.222.218.189 - - [02/Sep/2025:09:51:48 -0300] "POST /cormun/servlet/solicitudot?gx-no-cache=1756817681720 HTTP/1.1" 200 41
201.186.226.3 - - [02/Sep/2025:09:51:48 -0300] "POST /cormun/servlet/hlogin?9d0c7060712c8aa4ffb1060308536ff4,gx-no-cache=1756817682155 HTTP/1.1" 200 90
201.186.226.3 - - [02/Sep/2025:09:51:48 -0300] "GET /cormun/servlet/hpexe_link HTTP/1.1" 200 946
201.186.226.3 - - [02/Sep/2025:09:51:48 -0300] "GET /cormun/servlet/hhome HTTP/1.1" 200 3921
190.95.67.95 - - [02/Sep/2025:09:51:49 -0300] "GET /cormun/servlet/hlogin HTTP/1.1" 200 1716
201.186.226.3 - - [02/Sep/2025:09:51:52 -0300] "GET /cormun/servlet/trpermisosgoce? HTTP/1.1" 200 13790
190.95.67.95 - - [02/Sep/2025:09:51:52 -0300] "POST /cormun/servlet/hlogin?2ec94f7435bcb328a3b04c8f5453e71a,gx-no-cache=1756817685466 HTTP/1.1" 200 90
190.95.67.95 - - [02/Sep/2025:09:51:52 -0300] "GET /cormun/servlet/hpexe_link HTTP/1.1" 200 946
190.95.67.95 - - [02/Sep/2025:09:51:52 -0300] "GET /cormun/servlet/hhome HTTP/1.1" 200 3998
190.95.67.95 - - [02/Sep/2025:09:51:56 -0300] "GET /cormun/servlet/trpermisosgoce? HTTP/1.1" 200 13550
190.95.15.31 - - [02/Sep/2025:09:51:58 -0300] "GET /cormun/servlet/hlogin HTTP/1.1" 200 1722
148.222.218.189 - - [02/Sep/2025:09:51:59 -0300] "GET /cormun/servlet/solicitudot?f1723c1faa6b64a7c2f0c396ee77ec1e056a4b7bec8030d772150fdbca7faf0f71b42b93928b271036ac23e032f0c2f8bbd8c9d45a44cef6bddbe8c5715331fe4da41b8439af70f5b32aa0dfc5dd4502d4bfaef59a39e8835369a3eabc28aed22d2b3f5f94cec0c5602199802e26ff2c,gx-no-cache=1756817692490 HTTP/1.1" 200 110
148.222.218.189 - - [02/Sep/2025:09:51:59 -0300] "POST /cormun/servlet/solicitudot?gx-no-cache=1756817692550 HTTP/1.1" 200 97
190.95.15.31 - - [02/Sep/2025:09:51:59 -0300] "GET /favicon.ico HTTP/1.1" 200 21630
190.95.67.95 - - [02/Sep/2025:09:52:01 -0300] "GET /cormun/servlet/permisogoce?INS,0,,, HTTP/1.1" 200 6866
201.186.226.3 - - [02/Sep/2025:09:52:01 -0300] "GET /cormun/servlet/trpermisosadjuntos?18375139,20250902081501,P, HTTP/1.1" 200 6240
190.95.15.31 - - [02/Sep/2025:09:52:03 -0300] "POST /cormun/servlet/hlogin?f2895ba29bf8a4b56af6366224262186,gx-no-cache=1756817695865 HTTP/1.1" 200 90
190.95.15.31 - - [02/Sep/2025:09:52:03 -0300] "GET /cormun/servlet/hpexe_link HTTP/1.1" 200 977
190.95.15.31 - - [02/Sep/2025:09:52:03 -0300] "GET /cormun/servlet/solicitudotadjuntos?INS,2025,22925,,1, HTTP/1.1" 200 6405
190.95.15.31 - - [02/Sep/2025:09:52:03 -0300] "GET /cormun/static/about:blank HTTP/1.1" 404 1011
190.95.15.31 - - [02/Sep/2025:09:52:04 -0300] "GET /cormun/servlet/solicitudotadjuntos?7fcaa16fbc231345289f87eccc39447a4093da796c048e223a384edbc56c870dd3f00ecd2c7cb3d84ee699d2e6f22f5d,gx-no-cache=1756817697295 HTTP/1.1" 200 30
190.95.15.31 - - [02/Sep/2025:09:52:04 -0300] "POST /cormun/servlet/solicitudotadjuntos?f2895ba29bf8a4b56af6366224262186,INS,2025,22925,,1,,gx-no-cache=1756817697312 HTTP/1.1" 200 4180
201.186.226.3 - - [02/Sep/2025:09:52:05 -0300] "GET /cormun/servlet/permisosadjuntos?INS,18375139,P,20250902081501,, HTTP/1.1" 200 5559
148.222.218.189 - - [02/Sep/2025:09:52:05 -0300] "GET /cormun/servlet/solicitudot?f1723c1faa6b64a7c2f0c396ee77ec1e797f00393f77a16dcd51740405f0d3cbbe36f8d809cc5bcbdbed69c2266b2d305e9e41e468e6255e981325f72eadb9d1ef20ec9b7acbb63c6825ab1aca2a07dce9f6d1f9c04511295cbea71e7f781c57728ccd9ecabf582ba946f40bb5bce6e1f9b93c58e11029ebff6263c690668cf714f64844dbdbf70902a2bc8985cae588ec3840e39a2f9a6a82e333f0c8d8b7be,gx-no-cache=1756817698703 HTTP/1.1" 200 29
201.186.226.3 - - [02/Sep/2025:09:52:06 -0300] "GET /cormun/static/about:blank HTTP/1.1" 404 1011
190.95.15.31 - - [02/Sep/2025:09:52:09 -0300] "GET /cormun/servlet/trsolicitudot? HTTP/1.1" 200 9032
148.222.218.189 - - [02/Sep/2025:09:52:13 -0300] "GET /cormun/servlet/solicitudot?f1723c1faa6b64a7c2f0c396ee77ec1e82879c40c2082b836976a9939ab2b6f0e74bbbcef09044dacce31486254bd575,gx-no-cache=1756817707215 HTTP/1.1" 200 134
148.222.218.189 - - [02/Sep/2025:09:52:13 -0300] "GET /cormun/static/Shared/jqueryui/images/ui-bg_flat_55_994d53_40x100.png HTTP/1.1" 404 1097
148.222.218.189 - - [02/Sep/2025:09:52:14 -0300] "GET /cormun/static/Shared/jqueryui/images/ui-icons_82798d_256x240.png HTTP/1.1" 404 1089
148.222.218.189 - - [02/Sep/2025:09:52:14 -0300] "GET /cormun/static/Shared/jqueryui/images/ui-icons_ebccce_256x240.png HTTP/1.1" 404 1089
148.222.218.189 - - [02/Sep/2025:09:52:14 -0300] "GET /cormun/static/Shared/jqueryui/images/ui-bg_highlight-soft_100_c6c2c8_1x100.png HTTP/1.1" 404 1117
148.222.218.189 - - [02/Sep/2025:09:52:14 -0300] "POST /cormun/servlet/solicitudot?gx-no-cache=1756817707330 HTTP/1.1" 200 34
190.95.15.31 - - [02/Sep/2025:09:52:15 -0300] "POST /cormun/servlet/trsolicitudot?f2895ba29bf8a4b56af6366224262186,,gx-no-cache=1756817707810 HTTP/1.1" 200 107
190.95.15.31 - - [02/Sep/2025:09:52:15 -0300] "GET /cormun/servlet/trsolicitudadjuntos?2025,22925, HTTP/1.1" 200 10449
190.95.67.95 - - [02/Sep/2025:09:52:15 -0300] "GET /cormun/servlet/permisogoce?128c0562169917108b04cad25704daa7b044331d524c999bd0633fad3fda65b0a3ad289860ccef3c87731940d41d070650c1672dd8e019bb8b8a6f4030c7d964,gx-no-cache=1756817708244 HTTP/1.1" 200 81
190.95.67.95 - - [02/Sep/2025:09:52:15 -0300] "GET /cormun/static/menuarrow.gif HTTP/1.1" 404 1015
190.95.15.31 - - [02/Sep/2025:09:52:21 -0300] "GET /cormun/servlet/solicitudotadjuntos?INS,2025,22925,,1, HTTP/1.1" 200 6410
190.95.15.31 - - [02/Sep/2025:09:52:21 -0300] "GET /cormun/static/about:blank HTTP/1.1" 404 1011
190.95.15.31 - - [02/Sep/2025:09:52:21 -0300] "GET /cormun/servlet/solicitudotadjuntos?7fcaa16fbc231345289f87eccc39447a4093da796c048e223a384edbc56c870dd3f00ecd2c7cb3d84ee699d2e6f22f5d,gx-no-cache=1756817714668 HTTP/1.1" 200 30
190.95.15.31 - - [02/Sep/2025:09:52:21 -0300] "POST /cormun/servlet/solicitudotadjuntos?f2895ba29bf8a4b56af6366224262186,INS,2025,22925,,1,,gx-no-cache=1756817714686 HTTP/1.1" 200 4191
190.95.67.95 - - [02/Sep/2025:09:52:27 -0300] "GET /cormun/servlet/permisogoce?128c0562169917108b04cad25704daa74015ca7d2412da46582f7849d19157c2b6eeba76e3f0c196385d5100f5ce3390c0cb831e63755e977e0074444c1c86a2,gx-no-cache=1756817720193 HTTP/1.1" 200 46
190.95.15.31 - - [02/Sep/2025:09:52:27 -0300] "POST /cormun/servlet/solicitudotadjuntos?gx-no-cache=1756817720649 HTTP/1.1" 200 26
190.95.67.95 - - [02/Sep/2025:09:52:32 -0300] "POST /cormun/servlet/permisogoce?2ec94f7435bcb328a3b04c8f5453e71a,INS,0,,,,gx-no-cache=1756817723906 HTTP/1.1" 200 93
190.95.67.95 - - [02/Sep/2025:09:52:32 -0300] "GET /cormun/servlet/hpexe_return? HTTP/1.1" 200 1004
190.95.67.95 - - [02/Sep/2025:09:52:33 -0300] "GET /cormun/servlet/trpermisosgoce HTTP/1.1" 200 13767
190.95.15.31 - - [02/Sep/2025:09:52:37 -0300] "GET /cormun/servlet/solicitudotadjuntos?7fcaa16fbc231345289f87eccc39447a1c83c97d4ec9a24b7d63d97298f93571,gx-no-cache=1756817730535 HTTP/1.1" 200 30
190.95.15.31 - - [02/Sep/2025:09:52:37 -0300] "GET /cormun/servlet/solicitudotadjuntos?7fcaa16fbc231345289f87eccc39447a1c83c97d4ec9a24b7d63d97298f93571,gx-no-cache=1756817730547 HTTP/1.1" 200 30
190.95.15.31 - - [02/Sep/2025:09:52:37 -0300] "POST /cormun/servlet/solicitudotadjuntos?f2895ba29bf8a4b56af6366224262186,INS,2025,22925,,1, HTTP/1.1" 200 116
190.95.15.31 - - [02/Sep/2025:09:52:37 -0300] "GET /cormun/servlet/hpexe_return? HTTP/1.1" 200 1026
190.95.15.31 - - [02/Sep/2025:09:52:38 -0300] "GET /cormun/servlet/trsolicitudadjuntos?2025,22925, HTTP/1.1" 200 10744
201.186.226.3 - - [02/Sep/2025:09:52:38 -0300] "POST /cormun/servlet/permisosadjuntos?9d0c7060712c8aa4ffb1060308536ff4,INS,18375139,P,20250902081501,, HTTP/1.1" 200 116
201.186.226.3 - - [02/Sep/2025:09:52:38 -0300] "GET /cormun/servlet/hpexe_return? HTTP/1.1" 200 1033
201.186.226.3 - - [02/Sep/2025:09:52:38 -0300] "GET /cormun/servlet/trpermisosadjuntos?18375139,20250902081501,P, HTTP/1.1" 200 6719
190.95.15.27 - - [02/Sep/2025:09:52:40 -0300] "GET /cormun/servlet/trfichaempleado HTTP/1.1" 200 14881
190.95.15.31 - - [02/Sep/2025:09:52:42 -0300] "GET /cormun/servlet/solicitudotadjuntos?INS,2025,22925,,1, HTTP/1.1" 200 6410
190.95.15.31 - - [02/Sep/2025:09:52:42 -0300] "GET /cormun/static/about:blank HTTP/1.1" 404 1011
201.186.226.3 - - [02/Sep/2025:09:52:43 -0300] "POST /cormun/servlet/trpermisosadjuntos?9d0c7060712c8aa4ffb1060308536ff4,18375139,20250902081501,P,,gx-no-cache=1756817737007 HTTP/1.1" 200 90
201.186.226.3 - - [02/Sep/2025:09:52:43 -0300] "GET /cormun/servlet/hpexe_link HTTP/1.1" 200 979
190.95.15.31 - - [02/Sep/2025:09:52:43 -0300] "GET /cormun/servlet/solicitudotadjuntos?7fcaa16fbc231345289f87eccc39447a4093da796c048e223a384edbc56c870dd3f00ecd2c7cb3d84ee699d2e6f22f5d,gx-no-cache=1756817736227 HTTP/1.1" 200 30
190.95.15.31 - - [02/Sep/2025:09:52:43 -0300] "POST /cormun/servlet/solicitudotadjuntos?f2895ba29bf8a4b56af6366224262186,INS,2025,22925,,1,,gx-no-cache=1756817736242 HTTP/1.1" 200 4191
190.95.67.95 - - [02/Sep/2025:09:52:43 -0300] "GET /cormun/servlet/apermisogoceprn?17134446,P,20250902085516,PU HTTP/1.1" 200 1659
201.186.226.3 - - [02/Sep/2025:09:52:43 -0300] "GET /cormun/servlet/trpermisosgoce HTTP/1.1" 200 13789
190.95.15.31 - - [02/Sep/2025:09:52:47 -0300] "POST /cormun/servlet/solicitudotadjuntos?gx-no-cache=1756817740048 HTTP/1.1" 200 26
190.95.15.31 - - [02/Sep/2025:09:52:54 -0300] "GET /cormun/servlet/solicitudotadjuntos?7fcaa16fbc231345289f87eccc39447a1c83c97d4ec9a24b7d63d97298f93571,gx-no-cache=1756817747415 HTTP/1.1" 200 30
190.95.15.31 - - [02/Sep/2025:09:52:54 -0300] "GET /cormun/servlet/solicitudotadjuntos?7fcaa16fbc231345289f87eccc39447a1c83c97d4ec9a24b7d63d97298f93571,gx-no-cache=1756817747426 HTTP/1.1" 200 30
201.186.226.3 - - [02/Sep/2025:09:52:54 -0300] "POST /cormun/servlet/trpermisosgoce?9d0c7060712c8aa4ffb1060308536ff4,gx-no-cache=1756817748115 HTTP/1.1" 200 11076
190.95.15.31 - - [02/Sep/2025:09:52:54 -0300] "POST /cormun/servlet/solicitudotadjuntos?f2895ba29bf8a4b56af6366224262186,INS,2025,22925,,1, HTTP/1.1" 200 116
190.95.15.31 - - [02/Sep/2025:09:52:54 -0300] "GET /cormun/servlet/hpexe_return? HTTP/1.1" 200 1026
201.186.226.3 - - [02/Sep/2025:09:52:54 -0300] "GET /cormun/static/Shared/jqueryui/images/ui-bg_highlight-soft_100_c6c2c8_1x100.png HTTP/1.1" 404 1117
201.186.226.3 - - [02/Sep/2025:09:52:54 -0300] "GET /cormun/static/Shared/jqueryui/images/ui-icons_82798d_256x240.png HTTP/1.1" 404 1089
201.186.226.3 - - [02/Sep/2025:09:52:54 -0300] "GET /cormun/static/Shared/jqueryui/images/ui-bg_flat_55_fafafa_40x100.png HTTP/1.1" 404 1097
201.186.226.3 - - [02/Sep/2025:09:52:54 -0300] "GET /cormun/static/Shared/jqueryui/images/ui-icons_8d78a5_256x240.png HTTP/1.1" 404 1089
190.95.15.31 - - [02/Sep/2025:09:52:54 -0300] "GET /cormun/servlet/trsolicitudadjuntos?2025,22925, HTTP/1.1" 200 10917
190.95.15.31 - - [02/Sep/2025:09:53:00 -0300] "GET /cormun/servlet/trsolicitudot? HTTP/1.1" 200 9027
201.186.226.3 - - [02/Sep/2025:09:53:05 -0300] "GET /cormun/servlet/hlogin HTTP/1.1" 200 1732
201.186.226.3 - - [02/Sep/2025:09:53:17 -0300] "POST /cormun/servlet/hlogin?9d0c7060712c8aa4ffb1060308536ff4,gx-no-cache=1756817771450 HTTP/1.1" 200 90
201.186.226.3 - - [02/Sep/2025:09:53:17 -0300] "GET /cormun/servlet/hpexe_link HTTP/1.1" 200 946
201.186.226.3 - - [02/Sep/2025:09:53:17 -0300] "GET /cormun/servlet/hhome HTTP/1.1" 200 4311
190.95.15.31 - - [02/Sep/2025:09:53:18 -0300] "POST /cormun/servlet/trsolicitudot?f2895ba29bf8a4b56af6366224262186,,gx-no-cache=1756817771681 HTTP/1.1" 200 4900
190.95.15.31 - - [02/Sep/2025:09:53:18 -0300] "GET /cormun/static/Shared/jqueryui/images/ui-bg_highlight-soft_100_c6c2c8_1x100.png HTTP/1.1" 404 1117
190.95.15.31 - - [02/Sep/2025:09:53:18 -0300] "GET /cormun/static/Shared/jqueryui/images/ui-icons_82798d_256x240.png HTTP/1.1" 404 1089
190.95.15.31 - - [02/Sep/2025:09:53:18 -0300] "GET /cormun/static/Shared/jqueryui/images/ui-bg_flat_55_fafafa_40x100.png HTTP/1.1" 404 1097
190.95.15.31 - - [02/Sep/2025:09:53:18 -0300] "GET /cormun/static/Shared/jqueryui/images/ui-icons_8d78a5_256x240.png HTTP/1.1" 404 1089
190.95.15.31 - - [02/Sep/2025:09:53:19 -0300] "POST /cormun/servlet/trsolicitudot?f2895ba29bf8a4b56af6366224262186,,gx-no-cache=1756817771906 HTTP/1.1" 200 4632
190.95.15.31 - - [02/Sep/2025:09:53:23 -0300] "GET /cormun/servlet/trautorizarsolicitud? HTTP/1.1" 200 8919
201.186.226.3 - - [02/Sep/2025:09:53:25 -0300] "GET /cormun/servlet/trautorizarpermisogoce? HTTP/1.1" 200 8007
190.95.15.31 - - [02/Sep/2025:09:53:26 -0300] "POST /cormun/servlet/trautorizarsolicitud?f2895ba29bf8a4b56af6366224262186,,gx-no-cache=1756817779409 HTTP/1.1" 200 4823
190.95.15.31 - - [02/Sep/2025:09:53:26 -0300] "POST /cormun/servlet/trautorizarsolicitud?f2895ba29bf8a4b56af6366224262186,,gx-no-cache=1756817779519 HTTP/1.1" 200 4553
201.186.226.3 - - [02/Sep/2025:09:53:33 -0300] "POST /cormun/servlet/trautorizarpermisogoce?9d0c7060712c8aa4ffb1060308536ff4,,gx-no-cache=1756817787198 HTTP/1.1" 200 4515
201.186.226.3 - - [02/Sep/2025:09:53:43 -0300] "GET /cormun/servlet/hlogin HTTP/1.1" 200 1739
201.186.226.3 - - [02/Sep/2025:09:53:54 -0300] "POST /cormun/servlet/hlogin?9d0c7060712c8aa4ffb1060308536ff4,gx-no-cache=1756817808634 HTTP/1.1" 200 90
201.186.226.3 - - [02/Sep/2025:09:53:54 -0300] "GET /cormun/servlet/hpexe_link HTTP/1.1" 200 946
201.186.226.3 - - [02/Sep/2025:09:53:55 -0300] "GET /cormun/servlet/hhome HTTP/1.1" 200 3921
201.186.226.3 - - [02/Sep/2025:09:53:58 -0300] "GET /cormun/servlet/trpermisosgoce? HTTP/1.1" 200 13756
201.186.226.3 - - [02/Sep/2025:09:54:06 -0300] "GET /cormun/servlet/hlogin HTTP/1.1" 200 1733
179.57.78.55 - - [02/Sep/2025:09:56:02 -0300] "GET /cormun/static/menuarrow.gif HTTP/1.1" 404 1015
179.57.78.55 - - [02/Sep/2025:09:56:04 -0300] "GET /cormun/servlet/trpermisosgoce? HTTP/1.1" 200 19357
179.57.78.55 - - [02/Sep/2025:09:56:16 -0300] "POST /cormun/servlet/trpermisosgoce?53b499408f4e23d34bc3a52f6b8a4bca,,gx-no-cache=1756817948129 HTTP/1.1" 200 5303
190.95.15.31 - - [02/Sep/2025:09:56:23 -0300] "GET /cormun/servlet/trautorizarsolicitud? HTTP/1.1" 200 7479
190.95.15.31 - - [02/Sep/2025:09:56:28 -0300] "GET /cormun/servlet/trlicencias? HTTP/1.1" 200 11160
148.222.218.189 - - [02/Sep/2025:09:56:39 -0300] "GET /cormun/servlet/solicitudot?f1723c1faa6b64a7c2f0c396ee77ec1e49d7ea0fb548940bfb963466eb87384d3ebb88f9165c56023ad529b253cac034,gx-no-cache=1756817972527 HTTP/1.1" 200 30
148.222.218.189 - - [02/Sep/2025:09:56:39 -0300] "POST /cormun/servlet/solicitudot?gx-no-cache=1756817972983 HTTP/1.1" 200 34
148.222.218.189 - - [02/Sep/2025:09:57:28 -0300] "POST /cormun/servlet/solicitudot?d4a95c0a1e0071d289458f0760e644db,INS,0,0,false,,gx-no-cache=1756818021161 HTTP/1.1" 200 93
148.222.218.189 - - [02/Sep/2025:09:57:28 -0300] "GET /cormun/servlet/hpexe_return? HTTP/1.1" 200 1006
148.222.218.189 - - [02/Sep/2025:09:57:28 -0300] "GET /cormun/servlet/trsolicitudot HTTP/1.1" 200 8992
148.222.218.189 - - [02/Sep/2025:09:57:29 -0300] "GET /cormun//static/Resources/PXToolsActionView.png HTTP/1.1" 200 398
148.222.218.189 - - [02/Sep/2025:09:57:29 -0300] "GET /cormun//static/Resources/PXToolsRemoveAllAction.png HTTP/1.1" 200 487
148.222.218.189 - - [02/Sep/2025:09:57:34 -0300] "POST /cormun/servlet/trsolicitudot?d4a95c0a1e0071d289458f0760e644db,gx-no-cache=1756818026671 HTTP/1.1" 200 107
148.222.218.189 - - [02/Sep/2025:09:57:34 -0300] "GET /cormun/servlet/trsolicitudadjuntos?2025,22926, HTTP/1.1" 200 6439
148.222.218.189 - - [02/Sep/2025:09:57:34 -0300] "GET /cormun/static/gxcfg.js?20201215574222 HTTP/1.1" 200 953
148.222.218.189 - - [02/Sep/2025:09:57:34 -0300] "GET /cormun/static/Resources/PXToolsGridNew.png HTTP/1.1" 200 427
148.222.218.189 - - [02/Sep/2025:09:57:34 -0300] "GET /cormun/static/trsolicitudadjuntos.js?20201215574932 HTTP/1.1" 200 17921
148.222.218.189 - - [02/Sep/2025:09:57:37 -0300] "GET /cormun/servlet/solicitudotadjuntos?INS,2025,22926,,1, HTTP/1.1" 200 6382
148.222.218.189 - - [02/Sep/2025:09:57:37 -0300] "GET /cormun/static/gxcfg.js?202211298385187 HTTP/1.1" 200 953
148.222.218.189 - - [02/Sep/2025:09:57:37 -0300] "GET /cormun/static/solicitudotadjuntos.js?202211298385196 HTTP/1.1" 200 11771
148.222.218.189 - - [02/Sep/2025:09:57:37 -0300] "GET /cormun/static/about:blank HTTP/1.1" 404 1011
148.222.218.189 - - [02/Sep/2025:09:57:37 -0300] "GET /cormun/servlet/solicitudotadjuntos?f1723c1faa6b64a7c2f0c396ee77ec1e4b269bb639cebbd78c4cc6564d5b6f48bdde3e758ecc11b1eabd65ad507c1914,gx-no-cache=1756818031061 HTTP/1.1" 200 30
148.222.218.189 - - [02/Sep/2025:09:57:37 -0300] "POST /cormun/servlet/solicitudotadjuntos?d4a95c0a1e0071d289458f0760e644db,INS,2025,22926,,1,,gx-no-cache=1756818031132 HTTP/1.1" 200 4179
148.222.218.189 - - [02/Sep/2025:09:57:54 -0300] "POST /cormun/servlet/solicitudotadjuntos?gx-no-cache=1756818047448 HTTP/1.1" 200 26
190.95.15.31 - - [02/Sep/2025:09:58:13 -0300] "GET /cormun/servlet/trsolicitudot? HTTP/1.1" 200 7572
148.222.218.189 - - [02/Sep/2025:09:58:18 -0300] "GET /cormun/servlet/solicitudotadjuntos?f1723c1faa6b64a7c2f0c396ee77ec1ead77c830a2e7b05ac6e4a5e3283d34b2,gx-no-cache=1756818071487 HTTP/1.1" 200 30
148.222.218.189 - - [02/Sep/2025:09:58:18 -0300] "GET /cormun/servlet/solicitudotadjuntos?f1723c1faa6b64a7c2f0c396ee77ec1ead77c830a2e7b05ac6e4a5e3283d34b2,gx-no-cache=1756818071680 HTTP/1.1" 200 30
148.222.218.189 - - [02/Sep/2025:09:58:19 -0300] "POST /cormun/servlet/solicitudotadjuntos?d4a95c0a1e0071d289458f0760e644db,INS,2025,22926,,1, HTTP/1.1" 200 116
148.222.218.189 - - [02/Sep/2025:09:58:19 -0300] "GET /cormun/servlet/hpexe_return? HTTP/1.1" 200 1023
148.222.218.189 - - [02/Sep/2025:09:58:19 -0300] "GET /cormun/servlet/trsolicitudadjuntos?2025,22926, HTTP/1.1" 200 9576
148.222.218.189 - - [02/Sep/2025:09:58:26 -0300] "POST /cormun/servlet/trsolicitudadjuntos?d4a95c0a1e0071d289458f0760e644db,2025,22926,,gx-no-cache=1756818080016 HTTP/1.1" 200 8750
148.222.218.189 - - [02/Sep/2025:09:58:28 -0300] "GET /cormun/servlet/solicitudotadjuntos?INS,2025,22926,,1, HTTP/1.1" 200 6382
148.222.218.189 - - [02/Sep/2025:09:58:28 -0300] "GET /cormun/static/about:blank HTTP/1.1" 404 1011
148.222.218.189 - - [02/Sep/2025:09:58:29 -0300] "GET /cormun/servlet/solicitudotadjuntos?f1723c1faa6b64a7c2f0c396ee77ec1e4b269bb639cebbd78c4cc6564d5b6f48bdde3e758ecc11b1eabd65ad507c1914,gx-no-cache=1756818082928 HTTP/1.1" 200 30
148.222.218.189 - - [02/Sep/2025:09:58:29 -0300] "POST /cormun/servlet/solicitudotadjuntos?d4a95c0a1e0071d289458f0760e644db,INS,2025,22926,,1,,gx-no-cache=1756818082978 HTTP/1.1" 200 4181
148.222.218.189 - - [02/Sep/2025:09:58:31 -0300] "POST /cormun/servlet/solicitudotadjuntos?gx-no-cache=1756818085182 HTTP/1.1" 200 26
148.222.218.189 - - [02/Sep/2025:09:58:39 -0300] "GET /cormun/servlet/solicitudotadjuntos?f1723c1faa6b64a7c2f0c396ee77ec1ead77c830a2e7b05ac6e4a5e3283d34b2,gx-no-cache=1756818092998 HTTP/1.1" 200 30
148.222.218.189 - - [02/Sep/2025:09:58:39 -0300] "GET /cormun/servlet/solicitudotadjuntos?f1723c1faa6b64a7c2f0c396ee77ec1ead77c830a2e7b05ac6e4a5e3283d34b2,gx-no-cache=1756818093044 HTTP/1.1" 200 30
148.222.218.189 - - [02/Sep/2025:09:58:39 -0300] "POST /cormun/servlet/solicitudotadjuntos?d4a95c0a1e0071d289458f0760e644db,INS,2025,22926,,1, HTTP/1.1" 200 116
148.222.218.189 - - [02/Sep/2025:09:58:39 -0300] "GET /cormun/servlet/hpexe_return? HTTP/1.1" 200 1023
148.222.218.189 - - [02/Sep/2025:09:58:39 -0300] "GET /cormun/servlet/trsolicitudadjuntos?2025,22926, HTTP/1.1" 200 9812
148.222.218.189 - - [02/Sep/2025:09:59:18 -0300] "GET /cormun/servlet/solicitudotadjuntos?INS,2025,22926,,1, HTTP/1.1" 200 6382
148.222.218.189 - - [02/Sep/2025:09:59:18 -0300] "GET /cormun/static/about:blank HTTP/1.1" 404 1011
148.222.218.189 - - [02/Sep/2025:09:59:19 -0300] "GET /cormun/servlet/solicitudotadjuntos?f1723c1faa6b64a7c2f0c396ee77ec1e4b269bb639cebbd78c4cc6564d5b6f48bdde3e758ecc11b1eabd65ad507c1914,gx-no-cache=1756818132810 HTTP/1.1" 200 30
148.222.218.189 - - [02/Sep/2025:09:59:19 -0300] "POST /cormun/servlet/solicitudotadjuntos?d4a95c0a1e0071d289458f0760e644db,INS,2025,22926,,1,,gx-no-cache=1756818132892 HTTP/1.1" 200 4181
148.222.218.189 - - [02/Sep/2025:09:59:22 -0300] "POST /cormun/servlet/solicitudotadjuntos?gx-no-cache=1756818135798 HTTP/1.1" 200 26
148.222.218.189 - - [02/Sep/2025:09:59:28 -0300] "GET /cormun/servlet/solicitudotadjuntos?f1723c1faa6b64a7c2f0c396ee77ec1ead77c830a2e7b05ac6e4a5e3283d34b2,gx-no-cache=1756818141982 HTTP/1.1" 200 30
148.222.218.189 - - [02/Sep/2025:09:59:28 -0300] "GET /cormun/servlet/solicitudotadjuntos?f1723c1faa6b64a7c2f0c396ee77ec1ead77c830a2e7b05ac6e4a5e3283d34b2,gx-no-cache=1756818142054 HTTP/1.1" 200 30
148.222.218.189 - - [02/Sep/2025:09:59:28 -0300] "POST /cormun/servlet/solicitudotadjuntos?d4a95c0a1e0071d289458f0760e644db,INS,2025,22926,,1, HTTP/1.1" 200 116
148.222.218.189 - - [02/Sep/2025:09:59:29 -0300] "GET /cormun/servlet/hpexe_return? HTTP/1.1" 200 1023
148.222.218.189 - - [02/Sep/2025:09:59:29 -0300] "GET /cormun/servlet/trsolicitudadjuntos?2025,22926, HTTP/1.1" 200 10064
148.222.218.189 - - [02/Sep/2025:09:59:30 -0300] "GET /cormun/servlet/solicitudotadjuntos?INS,2025,22926,,1, HTTP/1.1" 200 6382
148.222.218.189 - - [02/Sep/2025:09:59:31 -0300] "GET /cormun/static/about:blank HTTP/1.1" 404 1011
148.222.218.189 - - [02/Sep/2025:09:59:31 -0300] "GET /cormun/servlet/solicitudotadjuntos?f1723c1faa6b64a7c2f0c396ee77ec1e4b269bb639cebbd78c4cc6564d5b6f48bdde3e758ecc11b1eabd65ad507c1914,gx-no-cache=1756818144936 HTTP/1.1" 200 30
148.222.218.189 - - [02/Sep/2025:09:59:31 -0300] "POST /cormun/servlet/solicitudotadjuntos?d4a95c0a1e0071d289458f0760e644db,INS,2025,22926,,1,,gx-no-cache=1756818145002 HTTP/1.1" 200 4181
148.222.218.189 - - [02/Sep/2025:09:59:33 -0300] "POST /cormun/servlet/solicitudotadjuntos?gx-no-cache=1756818147150 HTTP/1.1" 200 26
148.222.218.189 - - [02/Sep/2025:09:59:40 -0300] "GET /cormun/servlet/solicitudotadjuntos?f1723c1faa6b64a7c2f0c396ee77ec1ead77c830a2e7b05ac6e4a5e3283d34b2,gx-no-cache=1756818153823 HTTP/1.1" 200 30
148.222.218.189 - - [02/Sep/2025:09:59:40 -0300] "GET /cormun/servlet/solicitudotadjuntos?f1723c1faa6b64a7c2f0c396ee77ec1ead77c830a2e7b05ac6e4a5e3283d34b2,gx-no-cache=1756818153942 HTTP/1.1" 200 30
148.222.218.189 - - [02/Sep/2025:09:59:40 -0300] "POST /cormun/servlet/solicitudotadjuntos?d4a95c0a1e0071d289458f0760e644db,INS,2025,22926,,1, HTTP/1.1" 200 116
148.222.218.189 - - [02/Sep/2025:09:59:40 -0300] "GET /cormun/servlet/hpexe_return? HTTP/1.1" 200 1023
148.222.218.189 - - [02/Sep/2025:09:59:40 -0300] "GET /cormun/servlet/trsolicitudadjuntos?2025,22926, HTTP/1.1" 200 10339
148.222.218.189 - - [02/Sep/2025:09:59:43 -0300] "GET /cormun/servlet/solicitudotadjuntos?INS,2025,22926,,1, HTTP/1.1" 200 6382
148.222.218.189 - - [02/Sep/2025:09:59:44 -0300] "GET /cormun/static/about:blank HTTP/1.1" 404 1011
148.222.218.189 - - [02/Sep/2025:09:59:44 -0300] "GET /cormun/servlet/solicitudotadjuntos?f1723c1faa6b64a7c2f0c396ee77ec1e4b269bb639cebbd78c4cc6564d5b6f48bdde3e758ecc11b1eabd65ad507c1914,gx-no-cache=1756818158180 HTTP/1.1" 200 30
148.222.218.189 - - [02/Sep/2025:09:59:45 -0300] "POST /cormun/servlet/solicitudotadjuntos?d4a95c0a1e0071d289458f0760e644db,INS,2025,22926,,1,,gx-no-cache=1756818158315 HTTP/1.1" 200 4181
148.222.218.189 - - [02/Sep/2025:09:59:50 -0300] "POST /cormun/servlet/solicitudotadjuntos?gx-no-cache=1756818161718 HTTP/1.1" 200 26
148.222.218.189 - - [02/Sep/2025:09:59:53 -0300] "GET /cormun/servlet/solicitudotadjuntos?f1723c1faa6b64a7c2f0c396ee77ec1ead77c830a2e7b05ac6e4a5e3283d34b2,gx-no-cache=1756818167046 HTTP/1.1" 200 30
148.222.218.189 - - [02/Sep/2025:09:59:53 -0300] "GET /cormun/servlet/solicitudotadjuntos?f1723c1faa6b64a7c2f0c396ee77ec1ead77c830a2e7b05ac6e4a5e3283d34b2,gx-no-cache=1756818167212 HTTP/1.1" 200 30
148.222.218.189 - - [02/Sep/2025:09:59:54 -0300] "POST /cormun/servlet/solicitudotadjuntos?d4a95c0a1e0071d289458f0760e644db,INS,2025,22926,,1, HTTP/1.1" 200 116
148.222.218.189 - - [02/Sep/2025:09:59:54 -0300] "GET /cormun/servlet/hpexe_return? HTTP/1.1" 200 1023
148.222.218.189 - - [02/Sep/2025:09:59:54 -0300] "GET /cormun/servlet/trsolicitudadjuntos?2025,22926, HTTP/1.1" 200 10594
148.222.218.189 - - [02/Sep/2025:09:59:56 -0300] "GET /cormun/servlet/solicitudotadjuntos?INS,2025,22926,,1, HTTP/1.1" 200 6382
148.222.218.189 - - [02/Sep/2025:09:59:56 -0300] "GET /cormun/static/about:blank HTTP/1.1" 404 1011
148.222.218.189 - - [02/Sep/2025:09:59:56 -0300] "GET /cormun/servlet/solicitudotadjuntos?f1723c1faa6b64a7c2f0c396ee77ec1e4b269bb639cebbd78c4cc6564d5b6f48bdde3e758ecc11b1eabd65ad507c1914,gx-no-cache=1756818170245 HTTP/1.1" 200 30
148.222.218.189 - - [02/Sep/2025:09:59:57 -0300] "POST /cormun/servlet/solicitudotadjuntos?d4a95c0a1e0071d289458f0760e644db,INS,2025,22926,,1,,gx-no-cache=1756818170292 HTTP/1.1" 200 4182
148.222.218.189 - - [02/Sep/2025:09:59:59 -0300] "POST /cormun/servlet/solicitudotadjuntos?gx-no-cache=1756818172430 HTTP/1.1" 200 26
148.222.218.189 - - [02/Sep/2025:10:00:03 -0300] "GET /cormun/servlet/solicitudotadjuntos?f1723c1faa6b64a7c2f0c396ee77ec1ead77c830a2e7b05ac6e4a5e3283d34b2,gx-no-cache=1756818176791 HTTP/1.1" 200 30
148.222.218.189 - - [02/Sep/2025:10:00:03 -0300] "GET /cormun/servlet/solicitudotadjuntos?f1723c1faa6b64a7c2f0c396ee77ec1ead77c830a2e7b05ac6e4a5e3283d34b2,gx-no-cache=1756818176833 HTTP/1.1" 200 30
148.222.218.189 - - [02/Sep/2025:10:00:03 -0300] "POST /cormun/servlet/solicitudotadjuntos?d4a95c0a1e0071d289458f0760e644db,INS,2025,22926,,1, HTTP/1.1" 200 6656
148.222.218.189 - - [02/Sep/2025:10:00:03 -0300] "GET /cormun/static/Shared/jqueryui/images/ui-icons_82798d_256x240.png HTTP/1.1" 404 1089
148.222.218.189 - - [02/Sep/2025:10:00:03 -0300] "GET /cormun/static/Shared/jqueryui/images/ui-bg_highlight-soft_100_c6c2c8_1x100.png HTTP/1.1" 404 1117
148.222.218.189 - - [02/Sep/2025:10:00:03 -0300] "GET /cormun/static/Shared/jqueryui/images/ui-icons_ebccce_256x240.png HTTP/1.1" 404 1089
148.222.218.189 - - [02/Sep/2025:10:00:03 -0300] "GET /cormun/static/Shared/jqueryui/images/ui-bg_flat_55_994d53_40x100.png HTTP/1.1" 404 1097
148.222.218.189 - - [02/Sep/2025:10:00:04 -0300] "GET /cormun/PrivateTempStorage/upload_00005684.jpg HTTP/1.1" 200 91528
148.222.218.189 - - [02/Sep/2025:10:00:10 -0300] "POST /cormun/servlet/solicitudotadjuntos?d4a95c0a1e0071d289458f0760e644db,INS,2025,22926,,1, HTTP/1.1" 200 116
148.222.218.189 - - [02/Sep/2025:10:00:10 -0300] "GET /cormun/servlet/hpexe_return? HTTP/1.1" 200 1023
148.222.218.189 - - [02/Sep/2025:10:00:10 -0300] "GET /cormun/servlet/trsolicitudadjuntos?2025,22926, HTTP/1.1" 200 10595
148.222.218.189 - - [02/Sep/2025:10:00:44 -0300] "GET /cormun/servlet/solicitudotadjuntos?INS,2025,22926,,1, HTTP/1.1" 200 6382
148.222.218.189 - - [02/Sep/2025:10:00:44 -0300] "GET /cormun/static/about:blank HTTP/1.1" 404 1011
148.222.218.189 - - [02/Sep/2025:10:00:44 -0300] "GET /cormun/servlet/solicitudotadjuntos?f1723c1faa6b64a7c2f0c396ee77ec1e4b269bb639cebbd78c4cc6564d5b6f48bdde3e758ecc11b1eabd65ad507c1914,gx-no-cache=1756818218264 HTTP/1.1" 200 30
148.222.218.189 - - [02/Sep/2025:10:00:45 -0300] "POST /cormun/servlet/solicitudotadjuntos?d4a95c0a1e0071d289458f0760e644db,INS,2025,22926,,1,,gx-no-cache=1756818218348 HTTP/1.1" 200 4182
190.95.67.91 - - [02/Sep/2025:10:00:48 -0300] "GET /cormun/servlet/trlicencias? HTTP/1.1" 200 17320
148.222.218.189 - - [02/Sep/2025:10:00:50 -0300] "POST /cormun/servlet/solicitudotadjuntos?gx-no-cache=1756818223911 HTTP/1.1" 200 26
148.222.218.189 - - [02/Sep/2025:10:00:56 -0300] "GET /cormun/servlet/solicitudotadjuntos?f1723c1faa6b64a7c2f0c396ee77ec1ead77c830a2e7b05ac6e4a5e3283d34b2,gx-no-cache=1756818229503 HTTP/1.1" 200 30
148.222.218.189 - - [02/Sep/2025:10:00:56 -0300] "GET /cormun/servlet/solicitudotadjuntos?f1723c1faa6b64a7c2f0c396ee77ec1ead77c830a2e7b05ac6e4a5e3283d34b2,gx-no-cache=1756818229549 HTTP/1.1" 200 30
148.222.218.189 - - [02/Sep/2025:10:00:56 -0300] "POST /cormun/servlet/solicitudotadjuntos?d4a95c0a1e0071d289458f0760e644db,INS,2025,22926,,1, HTTP/1.1" 200 116
148.222.218.189 - - [02/Sep/2025:10:00:56 -0300] "GET /cormun/servlet/hpexe_return? HTTP/1.1" 200 1023
148.222.218.189 - - [02/Sep/2025:10:00:56 -0300] "GET /cormun/servlet/trsolicitudadjuntos?2025,22926, HTTP/1.1" 200 10757
148.222.218.189 - - [02/Sep/2025:10:01:00 -0300] "GET /cormun/servlet/trsolicitudot? HTTP/1.1" 200 8994
148.222.218.189 - - [02/Sep/2025:10:01:09 -0300] "POST /cormun/servlet/trsolicitudot?d4a95c0a1e0071d289458f0760e644db,,gx-no-cache=1756818242961 HTTP/1.1" 200 4888
148.222.218.189 - - [02/Sep/2025:10:01:09 -0300] "GET /cormun/static/Shared/jqueryui/images/ui-bg_flat_55_fafafa_40x100.png HTTP/1.1" 404 1097
148.222.218.189 - - [02/Sep/2025:10:01:09 -0300] "GET /cormun/static/Shared/jqueryui/images/ui-icons_8d78a5_256x240.png HTTP/1.1" 404 1089
148.222.218.189 - - [02/Sep/2025:10:01:10 -0300] "POST /cormun/servlet/trsolicitudot?d4a95c0a1e0071d289458f0760e644db,,gx-no-cache=1756818243170 HTTP/1.1" 200 4627
148.222.218.189 - - [02/Sep/2025:10:01:13 -0300] "GET /cormun/servlet/trautorizarsolicitud? HTTP/1.1" 200 8883
148.222.218.189 - - [02/Sep/2025:10:01:14 -0300] "GET /cormun/static/gxcfg.js?202211298474254 HTTP/1.1" 200 953
148.222.218.189 - - [02/Sep/2025:10:01:14 -0300] "GET /cormun/static/trautorizarsolicitud.js?202211298474588 HTTP/1.1" 200 53909
201.186.225.191 - - [02/Sep/2025:10:01:18 -0300] "GET /cormun/servlet/hlogin HTTP/1.1" 200 1718
201.186.225.191 - - [02/Sep/2025:10:01:19 -0300] "GET /cormun/servlet/hlogin HTTP/1.1" 200 1728
148.222.218.189 - - [02/Sep/2025:10:01:20 -0300] "POST /cormun/servlet/trautorizarsolicitud?d4a95c0a1e0071d289458f0760e644db,,gx-no-cache=1756818253073 HTTP/1.1" 200 4805
148.222.218.189 - - [02/Sep/2025:10:01:23 -0300] "POST /cormun/servlet/trautorizarsolicitud?d4a95c0a1e0071d289458f0760e644db,,gx-no-cache=1756818255753 HTTP/1.1" 200 4543
148.222.218.189 - - [02/Sep/2025:10:01:43 -0300] "GET /cormun/servlet/trsolicitudot? HTTP/1.1" 200 7547
148.222.218.189 - - [02/Sep/2025:10:01:46 -0300] "GET /cormun/servlet/trcontratounov2? HTTP/1.1" 200 17757
179.57.78.55 - - [02/Sep/2025:10:03:23 -0300] "GET /cormun/servlet/trlicencias? HTTP/1.1" 200 12065
190.95.15.31 - - [02/Sep/2025:10:06:21 -0300] "GET /cormun/servlet/trsolicitudot? HTTP/1.1" 200 7572
190.95.15.31 - - [02/Sep/2025:10:06:26 -0300] "GET /cormun/servlet/solicitudot?INS,0,0,false, HTTP/1.1" 200 16363
190.95.15.31 - - [02/Sep/2025:10:07:01 -0300] "POST /cormun/servlet/solicitudot?gx-no-cache=1756818594035 HTTP/1.1" 200 4154
190.95.15.31 - - [02/Sep/2025:10:07:01 -0300] "POST /cormun/servlet/solicitudot?f2895ba29bf8a4b56af6366224262186,INS,0,0,false,,gx-no-cache=1756818594218 HTTP/1.1" 200 12974
190.95.15.31 - - [02/Sep/2025:10:07:06 -0300] "GET /cormun/servlet/solicitudot?7fcaa16fbc231345289f87eccc39447aa2bc9165b9382bac51a575c961dbb8cebcba1b8272a3086d951dd45262990044,gx-no-cache=1756818599106 HTTP/1.1" 200 30
190.95.15.31 - - [02/Sep/2025:10:07:06 -0300] "GET /cormun/servlet/solicitudot?7fcaa16fbc231345289f87eccc39447a095763e5b9b368cdf205f0a1a26bd18eb3e805cb390fefc83ce34e9b5bb7cb9982bb0ba47a349859611ca77df51ff4e0,gx-no-cache=1756818599136 HTTP/1.1" 200 30
190.95.15.31 - - [02/Sep/2025:10:07:06 -0300] "GET /cormun/servlet/solicitudot?7fcaa16fbc231345289f87eccc39447a448592f334238fe5f67ea418ace02f50,gx-no-cache=1756818599219 HTTP/1.1" 200 53
190.95.15.31 - - [02/Sep/2025:10:07:56 -0300] "POST /cormun/servlet/solicitudot?gx-no-cache=1756818649027 HTTP/1.1" 200 240
190.95.15.31 - - [02/Sep/2025:10:07:56 -0300] "GET /cormun/servlet/solicitudot?7fcaa16fbc231345289f87eccc39447a184651d721e15f9581bc7e73d3063da769562bbb0cc243473de9a2a2a60f90c235797cbfe01418b804e31e4f0d78c4a88e031c5d32f868da46c162e727438ea27c284809228e8faf20685f2b46d0d8f5a812dd402d653a6432a7927b713442c7096db333b0757264fadc479173bf61fdbd8a91af42d2d31c69900e75dd1da0a635e3a3940ea80fac52fa9a2da2d286851b8db0e7bfc0e8521ca3d355b29c9fb1cb835df319d60bea2085cbbeeda638388d35b88eaeda32395a390e9ae5343f9f289d594b09b6b4f0ae9056206bc3dca26d7beb71af326df6a10b85f95c542b78e3ad3dd8caff1fe8c3cce7afd629f96d927117bc0039db734e936260f2fab84d5ebb595ed1d90b8635c23b11683a0565f6c7fa045b8515d979ff9e7f263d9d6c0955684ead871034a64d0f7842e27d7fce6e656e0133226860666f9a09ed2cb115591fb3eaf9c9568faacf2e49284d39417e9d0d153e8294cad8888274fc0f0afb38aaa8662b5f0dec370c4035855cf1,gx-no-cache=1756818649063 HTTP/1.1" 200 30
190.95.15.31 - - [02/Sep/2025:10:07:56 -0300] "POST /cormun/servlet/solicitudot?gx-no-cache=1756818649082 HTTP/1.1" 200 30
190.95.15.31 - - [02/Sep/2025:10:07:56 -0300] "POST /cormun/servlet/solicitudot?gx-no-cache=1756818649108 HTTP/1.1" 200 1481
190.95.15.31 - - [02/Sep/2025:10:07:56 -0300] "POST /cormun/servlet/solicitudot?gx-no-cache=1756818649139 HTTP/1.1" 200 38
190.95.15.31 - - [02/Sep/2025:10:07:56 -0300] "GET /cormun/servlet/solicitudot?7fcaa16fbc231345289f87eccc39447ac775a2cff77e8a1cdee932da5e04fb47a0ef7dc57c64ef14b53250c6d18667af53d9786073174a79918683487f67bab6b704f48b052f28dd767710100aacc65a5af0fc7f5a9264983c613eda35ff7a7f0c042585483b4c8832d91c80cc55c35e,gx-no-cache=1756818649159 HTTP/1.1" 200 110
190.95.15.31 - - [02/Sep/2025:10:07:56 -0300] "POST /cormun/servlet/solicitudot?gx-no-cache=1756818649182 HTTP/1.1" 200 83
190.95.15.31 - - [02/Sep/2025:10:08:21 -0300] "POST /cormun/servlet/solicitudot?gx-no-cache=1756818674402 HTTP/1.1" 200 1481
190.95.15.31 - - [02/Sep/2025:10:08:21 -0300] "POST /cormun/servlet/solicitudot?gx-no-cache=1756818674437 HTTP/1.1" 200 38
190.95.15.31 - - [02/Sep/2025:10:08:21 -0300] "GET /cormun/servlet/solicitudot?7fcaa16fbc231345289f87eccc39447ac775a2cff77e8a1cdee932da5e04fb47a0ef7dc57c64ef14b53250c6d18667af53d9786073174a79918683487f67bab6b704f48b052f28dd767710100aacc65a5af0fc7f5a9264983c613eda35ff7a7f0c042585483b4c8832d91c80cc55c35e,gx-no-cache=1756818674454 HTTP/1.1" 200 110
190.95.15.31 - - [02/Sep/2025:10:08:21 -0300] "POST /cormun/servlet/solicitudot?gx-no-cache=1756818674474 HTTP/1.1" 200 83
190.95.15.31 - - [02/Sep/2025:10:10:03 -0300] "GET /cormun/servlet/trlicencias? HTTP/1.1" 200 11168
201.186.225.191 - - [02/Sep/2025:10:10:13 -0300] "GET /cormun/servlet/hlogin HTTP/1.1" 200 1718
201.186.225.191 - - [02/Sep/2025:10:10:22 -0300] "POST /cormun/servlet/hlogin?993c9139f2463ec70ed9f5acbaeae8be,gx-no-cache=1756818796088 HTTP/1.1" 200 90
201.186.225.191 - - [02/Sep/2025:10:10:22 -0300] "GET /cormun/servlet/hpexe_link HTTP/1.1" 200 949
201.186.225.191 - - [02/Sep/2025:10:10:23 -0300] "GET /cormun/servlet/hhome HTTP/1.1" 200 4195
179.57.78.55 - - [02/Sep/2025:10:10:23 -0300] "POST /cormun/servlet/trlicencias?53b499408f4e23d34bc3a52f6b8a4bca,,gx-no-cache=1756818795226 HTTP/1.1" 200 9655
201.186.225.191 - - [02/Sep/2025:10:10:27 -0300] "GET /cormun/servlet/trlicencias? HTTP/1.1" 200 12232
190.95.15.31 - - [02/Sep/2025:10:10:34 -0300] "GET /cormun/servlet/trsolicitudot? HTTP/1.1" 200 7572
201.186.225.191 - - [02/Sep/2025:10:10:35 -0300] "GET /cormun/servlet/hlogin HTTP/1.1" 200 1736
190.95.15.31 - - [02/Sep/2025:10:10:39 -0300] "GET /cormun/servlet/solicitudot?INS,0,0,false, HTTP/1.1" 200 16363
190.95.15.31 - - [02/Sep/2025:10:10:51 -0300] "POST /cormun/servlet/solicitudot?gx-no-cache=1756818824631 HTTP/1.1" 200 4154
190.95.15.31 - - [02/Sep/2025:10:10:52 -0300] "POST /cormun/servlet/solicitudot?f2895ba29bf8a4b56af6366224262186,INS,0,0,false,,gx-no-cache=1756818824756 HTTP/1.1" 200 12973
190.95.15.31 - - [02/Sep/2025:10:10:54 -0300] "GET /cormun/servlet/solicitudot?7fcaa16fbc231345289f87eccc39447aa2bc9165b9382bac51a575c961dbb8cebcba1b8272a3086d951dd45262990044,gx-no-cache=1756818827697 HTTP/1.1" 200 30
190.95.15.31 - - [02/Sep/2025:10:10:54 -0300] "GET /cormun/servlet/solicitudot?7fcaa16fbc231345289f87eccc39447a095763e5b9b368cdf205f0a1a26bd18eb3e805cb390fefc83ce34e9b5bb7cb9982bb0ba47a349859611ca77df51ff4e0,gx-no-cache=1756818827720 HTTP/1.1" 200 30
190.95.15.31 - - [02/Sep/2025:10:10:54 -0300] "GET /cormun/servlet/solicitudot?7fcaa16fbc231345289f87eccc39447a448592f334238fe5f67ea418ace02f50,gx-no-cache=1756818827737 HTTP/1.1" 200 53
190.95.15.31 - - [02/Sep/2025:10:11:02 -0300] "POST /cormun/servlet/solicitudot?gx-no-cache=1756818834797 HTTP/1.1" 200 240
190.95.15.31 - - [02/Sep/2025:10:11:02 -0300] "GET /cormun/servlet/solicitudot?7fcaa16fbc231345289f87eccc39447a184651d721e15f9581bc7e73d3063da769562bbb0cc243473de9a2a2a60f90c235797cbfe01418b804e31e4f0d78c4a88e031c5d32f868da46c162e727438ea27c284809228e8faf20685f2b46d0d8f5a812dd402d653a6432a7927b713442c7096db333b0757264fadc479173bf61fdbd8a91af42d2d31c69900e75dd1da0a635e3a3940ea80fac52fa9a2da2d286851b8db0e7bfc0e8521ca3d355b29c9fb1cb835df319d60bea2085cbbeeda638388d35b88eaeda32395a390e9ae5343f9f289d594b09b6b4f0ae9056206bc3dca26d7beb71af326df6a10b85f95c542b78e3ad3dd8caff1fe8c3cce7afd629f96d927117bc0039db734e936260f2fab84d5ebb595ed1d90b8635c23b11683a0565f6c7fa045b8515d979ff9e7f263d9d6c0955684ead871034a64d0f7842e27d7fce6e656e0133226860666f9a09ed2cb115591fb3eaf9c9568faacf2e49284d39417e9d0d153e8294cad8888274fc0f0afb38aaa8662b5f0dec370c4035855cf1,gx-no-cache=1756818834823 HTTP/1.1" 200 30
190.95.15.31 - - [02/Sep/2025:10:11:02 -0300] "POST /cormun/servlet/solicitudot?gx-no-cache=1756818834840 HTTP/1.1" 200 30
190.95.15.31 - - [02/Sep/2025:10:11:02 -0300] "POST /cormun/servlet/solicitudot?gx-no-cache=1756818834863 HTTP/1.1" 200 1481
190.95.15.31 - - [02/Sep/2025:10:11:02 -0300] "POST /cormun/servlet/solicitudot?gx-no-cache=1756818834896 HTTP/1.1" 200 38
190.95.15.31 - - [02/Sep/2025:10:11:02 -0300] "GET /cormun/servlet/solicitudot?7fcaa16fbc231345289f87eccc39447ac775a2cff77e8a1cdee932da5e04fb47a0ef7dc57c64ef14b53250c6d18667af53d9786073174a79918683487f67bab6b704f48b052f28dd767710100aacc65a5af0fc7f5a9264983c613eda35ff7a7f0c042585483b4c8832d91c80cc55c35e,gx-no-cache=1756818834913 HTTP/1.1" 200 110
190.95.15.31 - - [02/Sep/2025:10:11:02 -0300] "POST /cormun/servlet/solicitudot?gx-no-cache=1756818834932 HTTP/1.1" 200 83
190.95.15.31 - - [02/Sep/2025:10:11:15 -0300] "POST /cormun/servlet/solicitudot?gx-no-cache=1756818848042 HTTP/1.1" 200 1481
190.95.15.31 - - [02/Sep/2025:10:11:15 -0300] "POST /cormun/servlet/solicitudot?gx-no-cache=1756818848069 HTTP/1.1" 200 38
190.95.15.31 - - [02/Sep/2025:10:11:15 -0300] "GET /cormun/servlet/solicitudot?7fcaa16fbc231345289f87eccc39447ac775a2cff77e8a1cdee932da5e04fb47a0ef7dc57c64ef14b53250c6d18667af53d9786073174a79918683487f67bab6b704f48b052f28dd767710100aacc65a5af0fc7f5a9264983c613eda35ff7a7f0c042585483b4c8832d91c80cc55c35e,gx-no-cache=1756818848085 HTTP/1.1" 200 110
190.95.15.31 - - [02/Sep/2025:10:11:15 -0300] "POST /cormun/servlet/solicitudot?gx-no-cache=1756818848102 HTTP/1.1" 200 83
190.95.15.31 - - [02/Sep/2025:10:11:23 -0300] "GET /cormun/servlet/solicitudot?7fcaa16fbc231345289f87eccc39447a9ed0b44a70f022f16d6c257f497da1bc029df3d79b4c85f117f6c223f47a61042bf5d212ba10af96a9b98d2cc67863ec9de099b00d99a3a0bd5b626e6ea4437b02b760546b8ba6317b3ca3671417b39b6cb8ec1c8da86a9a64fb798935d438b9,gx-no-cache=1756818856214 HTTP/1.1" 200 29
190.95.15.31 - - [02/Sep/2025:10:11:23 -0300] "GET /cormun/static/menuarrow.gif HTTP/1.1" 404 1015
190.95.15.31 - - [02/Sep/2025:10:11:28 -0300] "GET /cormun/servlet/solicitudot?7fcaa16fbc231345289f87eccc39447a79963de1fb87997f83b98b0219c5f3138d1ad5ef92ee22028a5d7d02114e0186,gx-no-cache=1756818861493 HTTP/1.1" 200 30
190.95.15.31 - - [02/Sep/2025:10:11:33 -0300] "POST /cormun/servlet/solicitudot?gx-no-cache=1756818866326 HTTP/1.1" 200 30
190.95.15.31 - - [02/Sep/2025:10:12:25 -0300] "POST /cormun/servlet/solicitudot?f2895ba29bf8a4b56af6366224262186,INS,0,0,false,,gx-no-cache=1756818918543 HTTP/1.1" 200 93
190.95.15.31 - - [02/Sep/2025:10:12:25 -0300] "GET /cormun/servlet/hpexe_return? HTTP/1.1" 200 1010
190.95.15.31 - - [02/Sep/2025:10:12:26 -0300] "GET /cormun/servlet/trsolicitudot HTTP/1.1" 200 9001
190.95.15.31 - - [02/Sep/2025:10:16:13 -0300] "POST /cormun/servlet/trsolicitudot?f2895ba29bf8a4b56af6366224262186,gx-no-cache=1756819146623 HTTP/1.1" 200 4878
190.95.15.31 - - [02/Sep/2025:10:16:13 -0300] "GET /cormun/static/Shared/jqueryui/images/ui-bg_highlight-soft_100_c6c2c8_1x100.png HTTP/1.1" 404 1117
190.95.15.31 - - [02/Sep/2025:10:16:13 -0300] "GET /cormun/static/Shared/jqueryui/images/ui-bg_flat_55_fafafa_40x100.png HTTP/1.1" 404 1097
190.95.15.31 - - [02/Sep/2025:10:16:13 -0300] "GET /cormun/static/Shared/jqueryui/images/ui-icons_8d78a5_256x240.png HTTP/1.1" 404 1089
190.95.15.31 - - [02/Sep/2025:10:16:13 -0300] "GET /cormun/static/Shared/jqueryui/images/ui-icons_82798d_256x240.png HTTP/1.1" 404 1089
190.95.15.31 - - [02/Sep/2025:10:16:14 -0300] "POST /cormun/servlet/trsolicitudot?f2895ba29bf8a4b56af6366224262186,gx-no-cache=1756819146759 HTTP/1.1" 200 4619
190.95.15.31 - - [02/Sep/2025:10:16:17 -0300] "GET /cormun/servlet/trautorizarsolicitud? HTTP/1.1" 200 8895
190.95.15.31 - - [02/Sep/2025:10:16:20 -0300] "POST /cormun/servlet/trautorizarsolicitud?f2895ba29bf8a4b56af6366224262186,,gx-no-cache=1756819153615 HTTP/1.1" 200 4806
190.95.15.31 - - [02/Sep/2025:10:16:20 -0300] "POST /cormun/servlet/trautorizarsolicitud?f2895ba29bf8a4b56af6366224262186,,gx-no-cache=1756819153711 HTTP/1.1" 200 4551
148.222.218.189 - - [02/Sep/2025:10:18:53 -0300] "GET /cormun/servlet/hlogin HTTP/1.1" 200 1718
148.222.218.189 - - [02/Sep/2025:10:18:56 -0300] "POST /cormun/servlet/hlogin?d4a95c0a1e0071d289458f0760e644db,gx-no-cache=1756819310144 HTTP/1.1" 200 90
148.222.218.189 - - [02/Sep/2025:10:18:56 -0300] "GET /cormun/servlet/hpexe_link HTTP/1.1" 200 954
148.222.218.189 - - [02/Sep/2025:10:18:57 -0300] "GET /cormun/servlet/trcontratounov2 HTTP/1.1" 200 17755
190.95.15.13 - - [02/Sep/2025:10:19:48 -0300] "POST /cormun/servlet/hlogin?d3fd0285c044a5478b9b52cdcf1bd456,gx-no-cache=1756819357406 HTTP/1.1" 200 90
190.95.15.13 - - [02/Sep/2025:10:19:48 -0300] "GET /cormun/servlet/hpexe_link HTTP/1.1" 200 954
190.95.15.13 - - [02/Sep/2025:10:19:48 -0300] "GET /cormun/servlet/hhome HTTP/1.1" 200 3949
190.95.15.13 - - [02/Sep/2025:10:19:48 -0300] "GET /favicon.ico HTTP/1.1" 200 21630
190.95.15.13 - - [02/Sep/2025:10:19:50 -0300] "GET /cormun/servlet/trpermisosgoce? HTTP/1.1" 200 14626
190.95.15.13 - - [02/Sep/2025:10:19:54 -0300] "GET /cormun/servlet/permisogoce?INS,0,,, HTTP/1.1" 200 6811
201.186.226.3 - - [02/Sep/2025:10:20:05 -0300] "GET /cormun/servlet/hlogin HTTP/1.1" 200 1715
190.95.15.13 - - [02/Sep/2025:10:20:06 -0300] "GET /cormun/servlet/permisogoce?1b82ff823394bafe5983e1be8241d84b34fd4c96222dad68756a8a059656bb9192f8d71538d93ccd9cd2b51b5065cac564c373a898339595996a1ceee02aa88c,gx-no-cache=1756819375646 HTTP/1.1" 200 83
190.95.15.13 - - [02/Sep/2025:10:20:06 -0300] "GET /cormun/static/menuarrow.gif HTTP/1.1" 404 1015
190.95.15.13 - - [02/Sep/2025:10:20:13 -0300] "GET /cormun/servlet/permisogoce?1b82ff823394bafe5983e1be8241d84b0c34e0c0dc32377a884abae1e3894a3e42807c83b9395554ea68c8a46436521df8db7a1e8f74d6efe8d6af75b297d3a4,gx-no-cache=1756819383100 HTTP/1.1" 200 47
201.186.226.3 - - [02/Sep/2025:10:20:16 -0300] "POST /cormun/servlet/hlogin?9d0c7060712c8aa4ffb1060308536ff4,gx-no-cache=1756819389810 HTTP/1.1" 200 90
201.186.226.3 - - [02/Sep/2025:10:20:16 -0300] "GET /cormun/servlet/hpexe_link HTTP/1.1" 200 952
201.186.226.3 - - [02/Sep/2025:10:20:16 -0300] "GET /cormun/servlet/trpermisosgoce HTTP/1.1" 200 13755
190.95.15.13 - - [02/Sep/2025:10:20:16 -0300] "POST /cormun/servlet/permisogoce?d3fd0285c044a5478b9b52cdcf1bd456,INS,0,,,,gx-no-cache=1756819385799 HTTP/1.1" 200 93
190.95.15.13 - - [02/Sep/2025:10:20:16 -0300] "GET /cormun/servlet/hpexe_return? HTTP/1.1" 200 1012
190.95.15.13 - - [02/Sep/2025:10:20:17 -0300] "GET /cormun/servlet/trpermisosgoce HTTP/1.1" 200 14840
201.186.226.3 - - [02/Sep/2025:10:20:23 -0300] "GET /cormun/servlet/trlicencias? HTTP/1.1" 200 10687
148.222.218.189 - - [02/Sep/2025:10:20:28 -0300] "GET /cormun/servlet/trpermisosgoce? HTTP/1.1" 200 11010
201.186.226.3 - - [02/Sep/2025:10:20:33 -0300] "GET /cormun/servlet/hlogin HTTP/1.1" 200 1731
148.222.218.189 - - [02/Sep/2025:10:21:11 -0300] "POST /cormun/servlet/trpermisosgoce?d4a95c0a1e0071d289458f0760e644db,,gx-no-cache=1756819444150 HTTP/1.1" 200 8181
148.222.218.189 - - [02/Sep/2025:10:21:12 -0300] "GET /cormun/servlet/permisogoce?INS,0,,, HTTP/1.1" 200 7224
148.222.218.189 - - [02/Sep/2025:10:21:30 -0300] "GET /cormun/servlet/permisogoce?25626540f6d00130b6c8fe67373817cd8c8011b86b094f5f74d6025117b67789a0aac56d2fce59c8ed18bf477c55297e4c26eaf9ea0320465171d1e69870c5c8,gx-no-cache=1756819463648 HTTP/1.1" 200 86
148.222.218.189 - - [02/Sep/2025:10:21:30 -0300] "GET /cormun/static/menuarrow.gif HTTP/1.1" 404 1015
148.222.218.189 - - [02/Sep/2025:10:21:48 -0300] "GET /cormun/servlet/permisogoce?25626540f6d00130b6c8fe67373817cd75adb30a4338cff21f38f0f3e2b42b5552bc29b247306f136a5cf36486134d655c4e4cd656bf974dcf2f675e87a74d65,gx-no-cache=1756819481790 HTTP/1.1" 200 47
201.186.225.189 - - [02/Sep/2025:10:21:57 -0300] "GET /cormun/servlet/hlogin HTTP/1.1" 200 1715
201.186.225.189 - - [02/Sep/2025:10:21:57 -0300] "GET /cormun/servlet/hlogin HTTP/1.1" 200 1725
148.222.218.189 - - [02/Sep/2025:10:22:00 -0300] "POST /cormun/servlet/permisogoce?d4a95c0a1e0071d289458f0760e644db,INS,0,,,,gx-no-cache=1756819493376 HTTP/1.1" 200 93
148.222.218.189 - - [02/Sep/2025:10:22:00 -0300] "GET /cormun/servlet/hpexe_return? HTTP/1.1" 200 1007
148.222.218.189 - - [02/Sep/2025:10:22:00 -0300] "GET /cormun/servlet/trpermisosgoce? HTTP/1.1" 200 11281
148.222.218.189 - - [02/Sep/2025:10:22:04 -0300] "GET /cormun/servlet/trpermisosadjuntos?15994441,20250902092427,P, HTTP/1.1" 200 6658
148.222.218.189 - - [02/Sep/2025:10:22:06 -0300] "GET /cormun/servlet/permisosadjuntos?INS,15994441,P,20250902092427,, HTTP/1.1" 200 5981
148.222.218.189 - - [02/Sep/2025:10:22:06 -0300] "GET /cormun/static/about:blank HTTP/1.1" 404 1011
201.186.225.189 - - [02/Sep/2025:10:22:07 -0300] "POST /cormun/servlet/hlogin?a5ec3e9d30231376eedfd33b3887cbde,gx-no-cache=1756819499890 HTTP/1.1" 200 90
201.186.225.189 - - [02/Sep/2025:10:22:07 -0300] "GET /cormun/servlet/hpexe_link HTTP/1.1" 200 947
201.186.225.189 - - [02/Sep/2025:10:22:07 -0300] "GET /cormun/servlet/hhome HTTP/1.1" 200 4359
201.186.225.189 - - [02/Sep/2025:10:22:13 -0300] "GET /cormun/servlet/trlicencias? HTTP/1.1" 200 12171
148.222.218.189 - - [02/Sep/2025:10:22:31 -0300] "POST /cormun/servlet/permisosadjuntos?d4a95c0a1e0071d289458f0760e644db,INS,15994441,P,20250902092427,, HTTP/1.1" 200 116
148.222.218.189 - - [02/Sep/2025:10:22:31 -0300] "GET /cormun/servlet/hpexe_return? HTTP/1.1" 200 1036
148.222.218.189 - - [02/Sep/2025:10:22:31 -0300] "GET /cormun/servlet/trpermisosadjuntos?15994441,20250902092427,P, HTTP/1.1" 200 7158
148.222.218.189 - - [02/Sep/2025:10:22:40 -0300] "GET /cormun/servlet/trpermisosgoce? HTTP/1.1" 200 11277
148.222.218.189 - - [02/Sep/2025:10:22:44 -0300] "POST /cormun/servlet/trpermisosgoce?d4a95c0a1e0071d289458f0760e644db,,gx-no-cache=1756819538033 HTTP/1.1" 200 8465
148.222.218.189 - - [02/Sep/2025:10:22:45 -0300] "GET /cormun/static/Shared/jqueryui/images/ui-bg_highlight-soft_100_c6c2c8_1x100.png HTTP/1.1" 404 1117
148.222.218.189 - - [02/Sep/2025:10:22:45 -0300] "GET /cormun/static/Shared/jqueryui/images/ui-icons_82798d_256x240.png HTTP/1.1" 404 1089
148.222.218.189 - - [02/Sep/2025:10:22:45 -0300] "GET /cormun/static/Shared/jqueryui/images/ui-icons_8d78a5_256x240.png HTTP/1.1" 404 1089
148.222.218.189 - - [02/Sep/2025:10:22:45 -0300] "GET /cormun/static/Shared/jqueryui/images/ui-bg_flat_55_fafafa_40x100.png HTTP/1.1" 404 1097
148.222.218.189 - - [02/Sep/2025:10:22:49 -0300] "GET /cormun/servlet/trautorizarpermisogoce? HTTP/1.1" 200 8018
148.222.218.189 - - [02/Sep/2025:10:22:53 -0300] "POST /cormun/servlet/trautorizarpermisogoce?d4a95c0a1e0071d289458f0760e644db,,gx-no-cache=1756819546192 HTTP/1.1" 200 4525
190.95.15.31 - - [02/Sep/2025:10:23:01 -0300] "GET /cormun/servlet/trlicencias? HTTP/1.1" 200 11160
190.95.15.13 - - [02/Sep/2025:10:23:22 -0300] "GET /cormun/servlet/trlicencias? HTTP/1.1" 200 14042
190.95.15.13 - - [02/Sep/2025:10:23:25 -0300] "POST /cormun/servlet/trlicencias?d3fd0285c044a5478b9b52cdcf1bd456,,gx-no-cache=1756819575024 HTTP/1.1" 200 11902
190.95.1.183 - - [02/Sep/2025:10:23:47 -0300] "POST /cormun/servlet/trlicencias?c52045ca86405897366a82898216d837,gx-no-cache=1756819600572 HTTP/1.1" 440 972
190.95.1.183 - - [02/Sep/2025:10:23:48 -0300] "GET /cormun/servlet/trlicencias HTTP/1.1" 200 6048
190.95.1.183 - - [02/Sep/2025:10:23:48 -0300] "GET /cormun/servlet/hlogin HTTP/1.1" 200 1734
190.95.1.183 - - [02/Sep/2025:10:23:54 -0300] "POST /cormun/servlet/hlogin?e79b28deaadd40489c8df904283042c5,gx-no-cache=1756819608079 HTTP/1.1" 200 90
190.95.1.183 - - [02/Sep/2025:10:23:54 -0300] "GET /cormun/servlet/hpexe_link HTTP/1.1" 200 952
190.95.1.183 - - [02/Sep/2025:10:23:55 -0300] "GET /cormun/servlet/trlicencias HTTP/1.1" 200 13727
10.40.40.2 - - [02/Sep/2025:10:44:17 -0300] "POST /cormun/servlet/trlicenciasgenerales?a059093e8e10091f42c5ce4927abc1f7,gx-no-cache=1756820826802 HTTP/1.1" 440 972
10.40.40.2 - - [02/Sep/2025:10:44:18 -0300] "GET /cormun/servlet/trlicenciasgenerales HTTP/1.1" 200 9187
10.40.40.2 - - [02/Sep/2025:10:44:19 -0300] "GET /cormun/static/RunJS/RunJS.js HTTP/1.1" 200 288
10.40.40.2 - - [02/Sep/2025:10:44:19 -0300] "GET /cormun/static/PXToolsJavascripts/pexe_cookies.js HTTP/1.1" 200 792
10.40.40.2 - - [02/Sep/2025:10:44:19 -0300] "GET /cormun/static/PXToolsJavascripts/pexe_menudivfix.js HTTP/1.1" 200 333
