190.95.15.9 - - [29/Aug/2025:09:38:51 -0300] "POST /cormun/servlet/trsolicitudot?68b4314553c4df88a00402d074586378,,gx-no-cache=1756471310500 HTTP/1.1" 200 4614
190.95.15.9 - - [29/Aug/2025:09:38:51 -0300] "GET /cormun/SolicitudOT-5412.xls HTTP/1.1" 200 4608
191.125.173.52 - - [29/Aug/2025:09:38:55 -0300] "GET /cormun/servlet/solicitudotadjuntos?INS,2025,22917,,1, HTTP/1.1" 200 5965
190.95.15.9 - - [29/Aug/2025:09:38:55 -0300] "GET /cormun/servlet/solicitudot?INS,0,0,false, HTTP/1.1" 200 16268
191.125.173.52 - - [29/Aug/2025:09:38:55 -0300] "GET /cormun/static/about:blank HTTP/1.1" 404 1011
191.125.173.52 - - [29/Aug/2025:09:38:55 -0300] "GET /cormun/servlet/solicitudotadjuntos?8f5e919fbb948412c6deb0a016b39e109fea35098fc095ad3706d7c9d7a7bef8ec51a0316ce964d20fa22c9b14163924,gx-no-cache=1756471315027 HTTP/1.1" 200 30
191.125.173.52 - - [29/Aug/2025:09:38:55 -0300] "POST /cormun/servlet/solicitudotadjuntos?58342390b3d2829a5a57c07166372eb7,INS,2025,22917,,1,,gx-no-cache=1756471315087 HTTP/1.1" 200 3871
191.125.173.52 - - [29/Aug/2025:09:39:03 -0300] "POST /cormun/servlet/solicitudotadjuntos?gx-no-cache=1756471322515 HTTP/1.1" 200 26
191.125.173.52 - - [29/Aug/2025:09:39:08 -0300] "GET /cormun/servlet/solicitudotadjuntos?8f5e919fbb948412c6deb0a016b39e105339b7ef30cf930afed6c097ab421e01,gx-no-cache=1756471328147 HTTP/1.1" 200 30
191.125.173.52 - - [29/Aug/2025:09:39:09 -0300] "GET /cormun/servlet/solicitudotadjuntos?8f5e919fbb948412c6deb0a016b39e105339b7ef30cf930afed6c097ab421e01,gx-no-cache=1756471328207 HTTP/1.1" 200 30
191.125.173.52 - - [29/Aug/2025:09:39:09 -0300] "POST /cormun/servlet/solicitudotadjuntos?58342390b3d2829a5a57c07166372eb7,INS,2025,22917,,1, HTTP/1.1" 200 116
191.125.173.52 - - [29/Aug/2025:09:39:09 -0300] "GET /cormun/servlet/hpexe_return? HTTP/1.1" 200 1024
191.125.173.52 - - [29/Aug/2025:09:39:09 -0300] "GET /cormun/servlet/trsolicitudadjuntos?2025,22917, HTTP/1.1" 200 9663
191.125.173.52 - - [29/Aug/2025:09:39:12 -0300] "GET /cormun/servlet/solicitudotadjuntos?INS,2025,22917,,1, HTTP/1.1" 200 5965
191.125.173.52 - - [29/Aug/2025:09:39:12 -0300] "GET /cormun/static/about:blank HTTP/1.1" 404 1011
191.125.173.52 - - [29/Aug/2025:09:39:12 -0300] "GET /cormun/servlet/solicitudotadjuntos?8f5e919fbb948412c6deb0a016b39e109fea35098fc095ad3706d7c9d7a7bef8ec51a0316ce964d20fa22c9b14163924,gx-no-cache=1756471332067 HTTP/1.1" 200 30
191.125.173.52 - - [29/Aug/2025:09:39:12 -0300] "POST /cormun/servlet/solicitudotadjuntos?58342390b3d2829a5a57c07166372eb7,INS,2025,22917,,1,,gx-no-cache=1756471332126 HTTP/1.1" 200 3871
201.186.226.3 - - [29/Aug/2025:09:39:15 -0300] "GET /cormun/servlet/hlogin HTTP/1.1" 200 1725
191.125.173.52 - - [29/Aug/2025:09:39:15 -0300] "POST /cormun/servlet/solicitudotadjuntos?gx-no-cache=1756471335005 HTTP/1.1" 200 26
201.186.225.187 - - [29/Aug/2025:09:39:29 -0300] "POST /cormun/servlet/trlicencias?795bc54712c0bc654ed7fa26f02bcdfc,,gx-no-cache=1756471183555 HTTP/1.1" 440 972
201.186.225.187 - - [29/Aug/2025:09:39:30 -0300] "GET /cormun/servlet/trlicencias? HTTP/1.1" 200 6045
201.186.225.187 - - [29/Aug/2025:09:39:31 -0300] "GET /cormun/servlet/hlogin HTTP/1.1" 200 1733
201.186.225.183 - - [29/Aug/2025:09:39:31 -0300] "GET /cormun/servlet/permisogoce?INS,0,,, HTTP/1.1" 200 6822
201.186.225.183 - - [29/Aug/2025:09:39:32 -0300] "GET /cormun/static/gxcfg.js?20201215124560 HTTP/1.1" 200 953
201.186.225.183 - - [29/Aug/2025:09:39:32 -0300] "GET /cormun/static/permisogoce.js?20201215124939 HTTP/1.1" 200 27790
201.186.225.183 - - [29/Aug/2025:09:39:37 -0300] "GET /cormun/servlet/permisogoce?275daac340d65ad1808630929b54947828384213c69238064442baf4522ae3bf59664a37977bbd26594e709f0f5ac9f7e259dcc73fab8ea8ac1478c993235396,gx-no-cache=1756471357315 HTTP/1.1" 200 72
201.186.225.187 - - [29/Aug/2025:09:39:37 -0300] "POST /cormun/servlet/hlogin?745a081bdd0a442d6fc6f870e4f89c22,gx-no-cache=1756471192174 HTTP/1.1" 200 90
201.186.225.187 - - [29/Aug/2025:09:39:37 -0300] "GET /cormun/servlet/hpexe_link HTTP/1.1" 200 951
201.186.225.187 - - [29/Aug/2025:09:39:38 -0300] "GET /cormun/servlet/trlicencias HTTP/1.1" 200 10904
201.186.225.183 - - [29/Aug/2025:09:39:39 -0300] "GET /cormun/static/menuarrow.gif HTTP/1.1" 404 1015
201.186.225.187 - - [29/Aug/2025:09:39:41 -0300] "GET /cormun/servlet/trlicencias? HTTP/1.1" 200 10902
201.186.225.187 - - [29/Aug/2025:09:39:44 -0300] "POST /cormun/servlet/trlicencias?745a081bdd0a442d6fc6f870e4f89c22,,gx-no-cache=1756471198476 HTTP/1.1" 200 8315
191.125.173.52 - - [29/Aug/2025:09:39:47 -0300] "GET /cormun/servlet/solicitudotadjuntos?8f5e919fbb948412c6deb0a016b39e105339b7ef30cf930afed6c097ab421e01,gx-no-cache=1756471366893 HTTP/1.1" 200 30
191.125.173.52 - - [29/Aug/2025:09:39:47 -0300] "GET /cormun/servlet/solicitudotadjuntos?8f5e919fbb948412c6deb0a016b39e105339b7ef30cf930afed6c097ab421e01,gx-no-cache=1756471366994 HTTP/1.1" 200 30
191.125.173.52 - - [29/Aug/2025:09:39:48 -0300] "POST /cormun/servlet/solicitudotadjuntos?58342390b3d2829a5a57c07166372eb7,INS,2025,22917,,1, HTTP/1.1" 200 116
191.125.173.52 - - [29/Aug/2025:09:39:48 -0300] "GET /cormun/servlet/hpexe_return? HTTP/1.1" 200 1024
191.125.173.52 - - [29/Aug/2025:09:39:48 -0300] "GET /cormun/servlet/trsolicitudadjuntos?2025,22917, HTTP/1.1" 200 9963
201.186.225.183 - - [29/Aug/2025:09:39:48 -0300] "GET /cormun/servlet/permisogoce?275daac340d65ad1808630929b549478bbe2755225d61b2091adc6f6b06b91fccb1e776c5a1a1ca8d5f634914b74eb925ff9abc36eebe6a4748073ae3ab8ac8b,gx-no-cache=1756471368326 HTTP/1.1" 200 47
191.125.173.52 - - [29/Aug/2025:09:39:50 -0300] "GET /cormun/servlet/solicitudotadjuntos?INS,2025,22917,,1, HTTP/1.1" 200 5964
191.125.173.52 - - [29/Aug/2025:09:39:50 -0300] "GET /cormun/static/about:blank HTTP/1.1" 404 1011
191.125.173.52 - - [29/Aug/2025:09:39:51 -0300] "GET /cormun/servlet/solicitudotadjuntos?8f5e919fbb948412c6deb0a016b39e109fea35098fc095ad3706d7c9d7a7bef8ec51a0316ce964d20fa22c9b14163924,gx-no-cache=1756471370368 HTTP/1.1" 200 30
201.186.225.183 - - [29/Aug/2025:09:39:51 -0300] "POST /cormun/servlet/permisogoce?2a267371ac2ad8dd3098d6f354e7aef8,INS,0,,,,gx-no-cache=1756471369554 HTTP/1.1" 200 93
201.186.225.183 - - [29/Aug/2025:09:39:51 -0300] "GET /cormun/servlet/hpexe_return? HTTP/1.1" 200 1002
191.125.173.52 - - [29/Aug/2025:09:39:51 -0300] "POST /cormun/servlet/solicitudotadjuntos?58342390b3d2829a5a57c07166372eb7,INS,2025,22917,,1,,gx-no-cache=1756471370422 HTTP/1.1" 200 3871
201.186.225.183 - - [29/Aug/2025:09:39:51 -0300] "GET /cormun/servlet/trpermisosgoce HTTP/1.1" 200 8037
191.125.173.52 - - [29/Aug/2025:09:39:53 -0300] "POST /cormun/servlet/solicitudotadjuntos?gx-no-cache=1756471372975 HTTP/1.1" 200 26
201.186.225.183 - - [29/Aug/2025:09:39:55 -0300] "POST /cormun/servlet/trpermisosgoce?2a267371ac2ad8dd3098d6f354e7aef8,gx-no-cache=1756471375342 HTTP/1.1" 200 16075
201.186.225.183 - - [29/Aug/2025:09:39:56 -0300] "GET /cormun/static/Resources/PXToolsGridNext.gif HTTP/1.1" 200 369
201.186.225.183 - - [29/Aug/2025:09:39:56 -0300] "GET /cormun/static/Resources/PXToolsGridLast.gif HTTP/1.1" 200 370
201.186.225.183 - - [29/Aug/2025:09:39:57 -0300] "GET /cormun/servlet/apermisogoceprn?19679065,P,20250829084258,PU HTTP/1.1" 200 1644
191.125.173.52 - - [29/Aug/2025:09:40:00 -0300] "GET /cormun/servlet/solicitudotadjuntos?8f5e919fbb948412c6deb0a016b39e105339b7ef30cf930afed6c097ab421e01,gx-no-cache=1756471379173 HTTP/1.1" 200 30
191.125.173.52 - - [29/Aug/2025:09:40:00 -0300] "GET /cormun/servlet/solicitudotadjuntos?8f5e919fbb948412c6deb0a016b39e105339b7ef30cf930afed6c097ab421e01,gx-no-cache=1756471379222 HTTP/1.1" 200 30
191.125.173.52 - - [29/Aug/2025:09:40:00 -0300] "POST /cormun/servlet/solicitudotadjuntos?58342390b3d2829a5a57c07166372eb7,INS,2025,22917,,1, HTTP/1.1" 200 116
191.125.173.52 - - [29/Aug/2025:09:40:00 -0300] "GET /cormun/servlet/hpexe_return? HTTP/1.1" 200 1024
191.125.173.52 - - [29/Aug/2025:09:40:00 -0300] "GET /cormun/servlet/trsolicitudadjuntos?2025,22917, HTTP/1.1" 200 10187
191.125.24.52 - - [29/Aug/2025:09:40:22 -0300] "GET /cormun/servlet/solicitudotadjuntos?INS,2025,22917,,1, HTTP/1.1" 200 5964
191.125.24.52 - - [29/Aug/2025:09:40:22 -0300] "GET /cormun/static/about:blank HTTP/1.1" 404 1011
191.125.24.52 - - [29/Aug/2025:09:40:23 -0300] "GET /cormun/servlet/solicitudotadjuntos?8f5e919fbb948412c6deb0a016b39e109fea35098fc095ad3706d7c9d7a7bef8ec51a0316ce964d20fa22c9b14163924,gx-no-cache=1756471402566 HTTP/1.1" 200 30
191.125.24.52 - - [29/Aug/2025:09:40:23 -0300] "POST /cormun/servlet/solicitudotadjuntos?58342390b3d2829a5a57c07166372eb7,INS,2025,22917,,1,,gx-no-cache=1756471402625 HTTP/1.1" 200 3871
191.125.24.52 - - [29/Aug/2025:09:40:26 -0300] "POST /cormun/servlet/solicitudotadjuntos?gx-no-cache=1756471405239 HTTP/1.1" 200 26
191.125.24.52 - - [29/Aug/2025:09:40:32 -0300] "GET /cormun/servlet/solicitudotadjuntos?8f5e919fbb948412c6deb0a016b39e105339b7ef30cf930afed6c097ab421e01,gx-no-cache=1756471411221 HTTP/1.1" 200 30
191.125.24.52 - - [29/Aug/2025:09:40:32 -0300] "GET /cormun/servlet/solicitudotadjuntos?8f5e919fbb948412c6deb0a016b39e105339b7ef30cf930afed6c097ab421e01,gx-no-cache=1756471411285 HTTP/1.1" 200 30
191.125.24.52 - - [29/Aug/2025:09:40:32 -0300] "POST /cormun/servlet/solicitudotadjuntos?58342390b3d2829a5a57c07166372eb7,INS,2025,22917,,1, HTTP/1.1" 200 116
191.125.24.52 - - [29/Aug/2025:09:40:32 -0300] "GET /cormun/servlet/hpexe_return? HTTP/1.1" 200 1024
191.125.24.52 - - [29/Aug/2025:09:40:32 -0300] "GET /cormun/servlet/trsolicitudadjuntos?2025,22917, HTTP/1.1" 200 10391
201.186.225.183 - - [29/Aug/2025:09:40:45 -0300] "POST /cormun/servlet/trpermisosgoce?2a267371ac2ad8dd3098d6f354e7aef8,gx-no-cache=1756471425427 HTTP/1.1" 200 5317
201.186.225.183 - - [29/Aug/2025:09:40:48 -0300] "GET /cormun/servlet/trpermisosadjuntos?15123974,20250731151338,P, HTTP/1.1" 200 6277
201.186.225.183 - - [29/Aug/2025:09:40:49 -0300] "GET /cormun/servlet/permisosadjuntos?INS,15123974,P,20250731151338,, HTTP/1.1" 200 5601
201.186.225.183 - - [29/Aug/2025:09:40:49 -0300] "GET /cormun/static/about:blank HTTP/1.1" 404 1011
190.95.15.17 - - [29/Aug/2025:09:40:51 -0300] "GET /cormun/servlet/hlogin HTTP/1.1" 200 1718
190.95.15.17 - - [29/Aug/2025:09:40:54 -0300] "POST /cormun/servlet/hlogin?41cd906ecc7f33985668a38fbf75afb0,gx-no-cache=1756471443313 HTTP/1.1" 200 90
190.95.15.17 - - [29/Aug/2025:09:40:54 -0300] "GET /cormun/servlet/hpexe_link HTTP/1.1" 200 950
190.95.15.17 - - [29/Aug/2025:09:40:54 -0300] "GET /cormun/servlet/hhome HTTP/1.1" 200 4380
190.95.15.17 - - [29/Aug/2025:09:40:58 -0300] "GET /cormun/servlet/trsolicitudot? HTTP/1.1" 200 7606
190.95.15.17 - - [29/Aug/2025:09:40:58 -0300] "GET /cormun/static/gxcfg.js?20221129846531 HTTP/1.1" 200 953
190.95.15.17 - - [29/Aug/2025:09:40:58 -0300] "GET /cormun/static/trsolicitudot.js?202211298465651 HTTP/1.1" 200 54040
190.95.15.17 - - [29/Aug/2025:09:41:01 -0300] "GET /cormun/servlet/solicitudot?INS,0,0,false, HTTP/1.1" 200 16377
190.95.15.17 - - [29/Aug/2025:09:41:02 -0300] "GET /cormun/static/gxcfg.js?20221129840861 HTTP/1.1" 200 953
190.95.15.17 - - [29/Aug/2025:09:41:02 -0300] "GET /cormun/static/Resources/prompt.gif HTTP/1.1" 200 902
190.95.15.17 - - [29/Aug/2025:09:41:02 -0300] "GET /cormun/static/solicitudot.js?20221129840983 HTTP/1.1" 200 74072
201.186.225.183 - - [29/Aug/2025:09:41:09 -0300] "POST /cormun/servlet/permisosadjuntos?2a267371ac2ad8dd3098d6f354e7aef8,INS,15123974,P,20250731151338,, HTTP/1.1" 200 116
201.186.225.183 - - [29/Aug/2025:09:41:09 -0300] "GET /cormun/servlet/hpexe_return? HTTP/1.1" 200 1029
201.186.225.183 - - [29/Aug/2025:09:41:09 -0300] "GET /cormun/servlet/trpermisosadjuntos?15123974,20250731151338,P, HTTP/1.1" 200 6745
201.186.225.183 - - [29/Aug/2025:09:41:12 -0300] "GET /cormun/servlet/trpermisosgoce? HTTP/1.1" 200 8034
201.186.225.183 - - [29/Aug/2025:09:41:15 -0300] "POST /cormun/servlet/trpermisosgoce?2a267371ac2ad8dd3098d6f354e7aef8,,gx-no-cache=1756471454403 HTTP/1.1" 200 5353
201.186.225.183 - - [29/Aug/2025:09:41:28 -0300] "GET /cormun/servlet/trpermisosadjuntos?12291026,20250825100602,P, HTTP/1.1" 200 6271
201.186.225.183 - - [29/Aug/2025:09:41:30 -0300] "GET /cormun/servlet/permisosadjuntos?INS,12291026,P,20250825100602,, HTTP/1.1" 200 5590
201.186.225.183 - - [29/Aug/2025:09:41:30 -0300] "GET /cormun/static/about:blank HTTP/1.1" 404 1011
201.186.225.183 - - [29/Aug/2025:09:41:48 -0300] "POST /cormun/servlet/permisosadjuntos?2a267371ac2ad8dd3098d6f354e7aef8,INS,12291026,P,20250825100602,,,gx-no-cache=1756471487922 HTTP/1.1" 200 93
201.186.225.183 - - [29/Aug/2025:09:41:48 -0300] "GET /cormun/servlet/hpexe_return? HTTP/1.1" 200 1029
201.186.225.183 - - [29/Aug/2025:09:41:48 -0300] "GET /cormun/servlet/trpermisosadjuntos?12291026,20250825100602,P, HTTP/1.1" 200 6275
201.186.225.183 - - [29/Aug/2025:09:41:50 -0300] "GET /cormun/servlet/trpermisosgoce? HTTP/1.1" 200 8046
201.186.225.183 - - [29/Aug/2025:09:41:58 -0300] "POST /cormun/servlet/trpermisosgoce?2a267371ac2ad8dd3098d6f354e7aef8,,gx-no-cache=1756471497706 HTTP/1.1" 200 5081
201.186.225.183 - - [29/Aug/2025:09:42:00 -0300] "GET /cormun/servlet/trpermisosadjuntos?17136588,20250825100035,P, HTTP/1.1" 200 6293
201.186.225.183 - - [29/Aug/2025:09:42:01 -0300] "GET /cormun/servlet/permisosadjuntos?INS,17136588,P,20250825100035,, HTTP/1.1" 200 5614
201.186.225.183 - - [29/Aug/2025:09:42:01 -0300] "GET /cormun/static/about:blank HTTP/1.1" 404 1011
201.186.225.183 - - [29/Aug/2025:09:42:06 -0300] "POST /cormun/servlet/permisosadjuntos?2a267371ac2ad8dd3098d6f354e7aef8,INS,17136588,P,20250825100035,, HTTP/1.1" 200 116
201.186.225.183 - - [29/Aug/2025:09:42:06 -0300] "GET /cormun/servlet/hpexe_return? HTTP/1.1" 200 1030
201.186.225.183 - - [29/Aug/2025:09:42:06 -0300] "GET /cormun/servlet/trpermisosadjuntos?17136588,20250825100035,P, HTTP/1.1" 200 6756
201.186.225.183 - - [29/Aug/2025:09:42:07 -0300] "GET /cormun/servlet/trpermisosgoce? HTTP/1.1" 200 7778
201.186.225.183 - - [29/Aug/2025:09:42:09 -0300] "POST /cormun/servlet/trpermisosgoce?2a267371ac2ad8dd3098d6f354e7aef8,,gx-no-cache=1756471508939 HTTP/1.1" 200 5070
201.186.225.183 - - [29/Aug/2025:09:42:16 -0300] "POST /cormun/servlet/trpermisosgoce?2a267371ac2ad8dd3098d6f354e7aef8,,gx-no-cache=1756471516065 HTTP/1.1" 200 5054
201.186.225.183 - - [29/Aug/2025:09:42:18 -0300] "GET /cormun/servlet/trpermisosadjuntos?20371772,20250825101949,P, HTTP/1.1" 200 6277
201.186.225.183 - - [29/Aug/2025:09:42:22 -0300] "GET /cormun/servlet/permisosadjuntos?INS,20371772,P,20250825101949,, HTTP/1.1" 200 5598
201.186.225.183 - - [29/Aug/2025:09:42:22 -0300] "GET /cormun/static/about:blank HTTP/1.1" 404 1011
129.222.173.48 - - [29/Aug/2025:09:42:37 -0300] "GET /cormun/servlet/hlogin HTTP/1.1" 200 1717
201.186.225.183 - - [29/Aug/2025:09:42:42 -0300] "POST /cormun/servlet/permisosadjuntos?2a267371ac2ad8dd3098d6f354e7aef8,INS,20371772,P,20250825101949,, HTTP/1.1" 200 116
201.186.225.183 - - [29/Aug/2025:09:42:42 -0300] "GET /cormun/servlet/hpexe_return? HTTP/1.1" 200 1029
201.186.225.183 - - [29/Aug/2025:09:42:43 -0300] "GET /cormun/servlet/trpermisosadjuntos?20371772,20250825101949,P, HTTP/1.1" 200 6738
190.95.15.17 - - [29/Aug/2025:09:42:43 -0300] "POST /cormun/servlet/solicitudot?gx-no-cache=1756471551963 HTTP/1.1" 200 4146
190.95.15.17 - - [29/Aug/2025:09:42:43 -0300] "POST /cormun/servlet/solicitudot?41cd906ecc7f33985668a38fbf75afb0,INS,0,0,false,,gx-no-cache=1756471552105 HTTP/1.1" 200 12979
201.186.225.183 - - [29/Aug/2025:09:42:45 -0300] "GET /cormun/servlet/trpermisosgoce? HTTP/1.1" 200 7751
201.186.225.183 - - [29/Aug/2025:09:42:47 -0300] "POST /cormun/servlet/trpermisosgoce?2a267371ac2ad8dd3098d6f354e7aef8,,gx-no-cache=1756471546539 HTTP/1.1" 200 5048
201.186.225.183 - - [29/Aug/2025:09:42:55 -0300] "POST /cormun/servlet/trpermisosgoce?2a267371ac2ad8dd3098d6f354e7aef8,,gx-no-cache=1756471555393 HTTP/1.1" 200 5067
201.186.225.183 - - [29/Aug/2025:09:42:58 -0300] "GET /cormun/servlet/trpermisosadjuntos?15523885,20250825095349,P, HTTP/1.1" 200 6284
190.95.15.17 - - [29/Aug/2025:09:42:58 -0300] "GET /cormun/servlet/solicitudot?bbdbcead20386c1cae9cb10b51e5f152d2b5967a79e12a17afee9986dd1a7d0b87213dde1a553d79ba47caab42977aac,gx-no-cache=1756471567361 HTTP/1.1" 200 30
190.95.15.17 - - [29/Aug/2025:09:42:58 -0300] "GET /cormun/servlet/solicitudot?bbdbcead20386c1cae9cb10b51e5f1529291c8eb60beac802e15e3abb239831f37d0f7e2765be96369af64de1f9e9aa5,gx-no-cache=1756471567400 HTTP/1.1" 200 103
190.95.15.17 - - [29/Aug/2025:09:42:58 -0300] "GET /cormun/static/Shared/jqueryui/images/ui-bg_highlight-soft_100_c6c2c8_1x100.png HTTP/1.1" 404 1117
190.95.15.17 - - [29/Aug/2025:09:42:58 -0300] "GET /cormun/static/Shared/jqueryui/images/ui-icons_82798d_256x240.png HTTP/1.1" 404 1089
190.95.15.17 - - [29/Aug/2025:09:42:58 -0300] "GET /cormun/static/Shared/jqueryui/images/ui-bg_flat_55_994d53_40x100.png HTTP/1.1" 404 1097
190.95.15.17 - - [29/Aug/2025:09:42:58 -0300] "GET /cormun/static/Shared/jqueryui/images/ui-icons_ebccce_256x240.png HTTP/1.1" 404 1089
190.95.15.17 - - [29/Aug/2025:09:42:58 -0300] "GET /cormun/servlet/solicitudot?bbdbcead20386c1cae9cb10b51e5f152ce8cca292c78e1de8c7ee631f3d9b541,gx-no-cache=1756471567457 HTTP/1.1" 200 53
201.186.225.183 - - [29/Aug/2025:09:42:59 -0300] "GET /cormun/servlet/permisosadjuntos?INS,15523885,P,20250825095349,, HTTP/1.1" 200 5602
201.186.225.183 - - [29/Aug/2025:09:42:59 -0300] "GET /cormun/static/about:blank HTTP/1.1" 404 1011
190.95.15.17 - - [29/Aug/2025:09:43:07 -0300] "POST /cormun/servlet/solicitudot?gx-no-cache=1756471576155 HTTP/1.1" 200 240
190.95.15.17 - - [29/Aug/2025:09:43:07 -0300] "GET /cormun/servlet/solicitudot?bbdbcead20386c1cae9cb10b51e5f152ccb6a47a3aef715963ad4473d96a28e3868ac2a86645af06d8a605f09585a76239f0a08cc66f7a35212602dc480814dfca3ef864937e3f68b9444585ea10ac832781a476c27361011cf60c2ced42dce8767d8cc593e98f4731370d9caa75eebe3a524f18f834cc5e50bf9f1ab68b1e50aa7e327e2407f2b3f3121493a734a07d0287c96cb0e3f119e72ac5467b0100f2ea57c89fb9ad925029a50fe35ae11e5fb3797d7798c94e79851aaf36672424817b059ebb955cbbe86bce2fa83925db98340c2c3c8bbeabaf11c01cfb211d816e11b20b2810c769940631192d20d4a335578565265f744af909b6f3788dc8021260ffc877b157c67fa65c326c0c70c948ffe5e8ca107b34c606fdbf8b669a58e8675d0e41ac5d7825ba993f48c01fffa8de75d37a3492d0f0c1a84e57677c80d2d93097e9ba3b89dc2671e0b40a3975b143c64da87503c9ab91f70c836727cf9a027ff816f1a460f0021fa2aeac610bd098a5e0fa538007b805bd5692e53554a7,gx-no-cache=1756471576188 HTTP/1.1" 200 30
201.186.225.183 - - [29/Aug/2025:09:43:08 -0300] "POST /cormun/servlet/permisosadjuntos?2a267371ac2ad8dd3098d6f354e7aef8,INS,15523885,P,20250825095349,, HTTP/1.1" 200 116
201.186.225.183 - - [29/Aug/2025:09:43:08 -0300] "GET /cormun/servlet/hpexe_return? HTTP/1.1" 200 1030
201.186.225.183 - - [29/Aug/2025:09:43:08 -0300] "GET /cormun/servlet/trpermisosadjuntos?15523885,20250825095349,P, HTTP/1.1" 200 6746
201.186.225.183 - - [29/Aug/2025:09:43:10 -0300] "GET /cormun/servlet/trpermisosgoce? HTTP/1.1" 200 7762
201.186.225.183 - - [29/Aug/2025:09:43:12 -0300] "POST /cormun/servlet/trpermisosgoce?2a267371ac2ad8dd3098d6f354e7aef8,,gx-no-cache=1756471571754 HTTP/1.1" 200 5053
190.95.15.17 - - [29/Aug/2025:09:43:16 -0300] "POST /cormun/servlet/solicitudot?gx-no-cache=1756471585469 HTTP/1.1" 200 30
201.186.225.183 - - [29/Aug/2025:09:43:19 -0300] "POST /cormun/servlet/trpermisosgoce?2a267371ac2ad8dd3098d6f354e7aef8,,gx-no-cache=1756471578617 HTTP/1.1" 200 5073
201.186.225.183 - - [29/Aug/2025:09:43:24 -0300] "GET /cormun/servlet/trpermisosadjuntos?11365302,20250825095753,P, HTTP/1.1" 200 6290
201.186.225.183 - - [29/Aug/2025:09:43:25 -0300] "GET /cormun/servlet/permisosadjuntos?INS,11365302,P,20250825095753,, HTTP/1.1" 200 5611
201.186.225.183 - - [29/Aug/2025:09:43:25 -0300] "GET /cormun/static/about:blank HTTP/1.1" 404 1011
201.186.225.183 - - [29/Aug/2025:09:43:31 -0300] "POST /cormun/servlet/permisosadjuntos?2a267371ac2ad8dd3098d6f354e7aef8,INS,11365302,P,20250825095753,, HTTP/1.1" 200 116
201.186.225.183 - - [29/Aug/2025:09:43:31 -0300] "GET /cormun/servlet/hpexe_return? HTTP/1.1" 200 1030
201.186.225.183 - - [29/Aug/2025:09:43:31 -0300] "GET /cormun/servlet/trpermisosadjuntos?11365302,20250825095753,P, HTTP/1.1" 200 6751
201.186.225.183 - - [29/Aug/2025:09:43:32 -0300] "GET /cormun/servlet/trpermisosgoce? HTTP/1.1" 200 7772
201.186.225.183 - - [29/Aug/2025:09:43:34 -0300] "POST /cormun/servlet/trpermisosgoce?2a267371ac2ad8dd3098d6f354e7aef8,,gx-no-cache=1756471593986 HTTP/1.1" 200 5062
201.186.225.183 - - [29/Aug/2025:09:43:46 -0300] "POST /cormun/servlet/trpermisosgoce?2a267371ac2ad8dd3098d6f354e7aef8,,gx-no-cache=1756471605833 HTTP/1.1" 200 5327
201.186.225.183 - - [29/Aug/2025:09:43:48 -0300] "GET /cormun/servlet/trpermisosadjuntos?20027912,20250827110852,P, HTTP/1.1" 200 6287
201.186.225.183 - - [29/Aug/2025:09:43:49 -0300] "GET /cormun/servlet/permisosadjuntos?INS,20027912,P,20250827110852,, HTTP/1.1" 200 5606
201.186.225.183 - - [29/Aug/2025:09:43:49 -0300] "GET /cormun/static/about:blank HTTP/1.1" 404 1011
201.186.225.183 - - [29/Aug/2025:09:43:54 -0300] "POST /cormun/servlet/permisosadjuntos?2a267371ac2ad8dd3098d6f354e7aef8,INS,20027912,P,20250827110852,, HTTP/1.1" 200 116
201.186.225.183 - - [29/Aug/2025:09:43:54 -0300] "GET /cormun/servlet/hpexe_return? HTTP/1.1" 200 1029
201.186.225.183 - - [29/Aug/2025:09:43:54 -0300] "GET /cormun/servlet/trpermisosadjuntos?20027912,20250827110852,P, HTTP/1.1" 200 6746
201.186.225.183 - - [29/Aug/2025:09:43:56 -0300] "GET /cormun/servlet/trpermisosgoce? HTTP/1.1" 200 8022
201.186.225.183 - - [29/Aug/2025:09:43:58 -0300] "POST /cormun/servlet/trpermisosgoce?2a267371ac2ad8dd3098d6f354e7aef8,,gx-no-cache=1756471617498 HTTP/1.1" 200 5300
191.125.24.52 - - [29/Aug/2025:09:44:03 -0300] "GET /cormun/servlet/trsolicitudot? HTTP/1.1" 200 8554
201.186.225.183 - - [29/Aug/2025:09:44:05 -0300] "POST /cormun/servlet/trpermisosgoce?2a267371ac2ad8dd3098d6f354e7aef8,,gx-no-cache=1756471624785 HTTP/1.1" 200 5308
201.186.225.183 - - [29/Aug/2025:09:44:08 -0300] "GET /cormun/servlet/trpermisosadjuntos?15125405,20250827110326,P, HTTP/1.1" 200 6276
201.186.225.183 - - [29/Aug/2025:09:44:09 -0300] "GET /cormun/servlet/permisosadjuntos?INS,15125405,P,20250827110326,, HTTP/1.1" 200 5598
201.186.225.183 - - [29/Aug/2025:09:44:09 -0300] "GET /cormun/static/about:blank HTTP/1.1" 404 1011
201.186.225.183 - - [29/Aug/2025:09:44:14 -0300] "POST /cormun/servlet/permisosadjuntos?2a267371ac2ad8dd3098d6f354e7aef8,INS,15125405,P,20250827110326,, HTTP/1.1" 200 116
201.186.225.183 - - [29/Aug/2025:09:44:14 -0300] "GET /cormun/servlet/hpexe_return? HTTP/1.1" 200 1031
201.186.225.183 - - [29/Aug/2025:09:44:14 -0300] "GET /cormun/servlet/trpermisosadjuntos?15125405,20250827110326,P, HTTP/1.1" 200 6739
201.186.225.183 - - [29/Aug/2025:09:44:16 -0300] "GET /cormun/servlet/trpermisosgoce? HTTP/1.1" 200 8008
201.186.225.183 - - [29/Aug/2025:09:44:18 -0300] "POST /cormun/servlet/trpermisosgoce?2a267371ac2ad8dd3098d6f354e7aef8,,gx-no-cache=1756471637886 HTTP/1.1" 200 5284
201.186.225.183 - - [29/Aug/2025:09:44:25 -0300] "POST /cormun/servlet/trpermisosgoce?2a267371ac2ad8dd3098d6f354e7aef8,,gx-no-cache=1756471644905 HTTP/1.1" 200 5360
190.95.15.13 - - [29/Aug/2025:09:44:26 -0300] "GET /cormun/servlet/permisogoce?INS,0,,, HTTP/1.1" 200 6809
201.186.225.183 - - [29/Aug/2025:09:44:27 -0300] "GET /cormun/servlet/trpermisosadjuntos?9813073,20250825100432,P, HTTP/1.1" 200 6278
201.186.225.183 - - [29/Aug/2025:09:44:29 -0300] "GET /cormun/servlet/permisosadjuntos?INS,9813073,P,20250825100432,, HTTP/1.1" 200 5597
201.186.225.183 - - [29/Aug/2025:09:44:29 -0300] "GET /cormun/static/about:blank HTTP/1.1" 404 1011
190.95.15.13 - - [29/Aug/2025:09:44:31 -0300] "GET /cormun/servlet/trpermisosgoce? HTTP/1.1" 200 18652
201.186.225.183 - - [29/Aug/2025:09:44:34 -0300] "POST /cormun/servlet/permisosadjuntos?2a267371ac2ad8dd3098d6f354e7aef8,INS,9813073,P,20250825100432,, HTTP/1.1" 200 116
201.186.225.183 - - [29/Aug/2025:09:44:34 -0300] "GET /cormun/servlet/hpexe_return? HTTP/1.1" 200 1028
201.186.225.183 - - [29/Aug/2025:09:44:34 -0300] "GET /cormun/servlet/trpermisosadjuntos?9813073,20250825100432,P, HTTP/1.1" 200 6740
201.186.225.183 - - [29/Aug/2025:09:44:36 -0300] "GET /cormun/servlet/trpermisosgoce? HTTP/1.1" 200 8058
201.186.225.183 - - [29/Aug/2025:09:44:38 -0300] "POST /cormun/servlet/trpermisosgoce?2a267371ac2ad8dd3098d6f354e7aef8,,gx-no-cache=1756471657778 HTTP/1.1" 200 5331
190.95.15.13 - - [29/Aug/2025:09:44:41 -0300] "POST /cormun/servlet/trpermisosgoce?4c99ebff6450074046c9772fea66cbbc,,gx-no-cache=1756471660212 HTTP/1.1" 200 5899
201.186.225.183 - - [29/Aug/2025:09:44:51 -0300] "POST /cormun/servlet/trpermisosgoce?2a267371ac2ad8dd3098d6f354e7aef8,,gx-no-cache=1756471670777 HTTP/1.1" 200 5478
201.186.225.183 - - [29/Aug/2025:09:44:54 -0300] "GET /cormun/servlet/trpermisosadjuntos?18798710,20250825102345,P, HTTP/1.1" 200 6277
201.186.225.183 - - [29/Aug/2025:09:44:55 -0300] "GET /cormun/servlet/permisosadjuntos?INS,18798710,P,20250825102345,, HTTP/1.1" 200 5595
201.186.225.183 - - [29/Aug/2025:09:44:55 -0300] "GET /cormun/static/about:blank HTTP/1.1" 404 1011
190.95.15.17 - - [29/Aug/2025:09:44:59 -0300] "GET /cormun/servlet/solicitudot?bbdbcead20386c1cae9cb10b51e5f15253aeaa4af38d8f30856a8f9340b32a223ace2608ab0e38573a7afb36a7eb4443d294bdfb579aed9a21bf024d9b15a7f2,gx-no-cache=1756471688798 HTTP/1.1" 200 30
190.95.15.17 - - [29/Aug/2025:09:44:59 -0300] "POST /cormun/servlet/solicitudot?gx-no-cache=1756471688853 HTTP/1.1" 200 240
190.95.15.17 - - [29/Aug/2025:09:44:59 -0300] "GET /cormun/servlet/solicitudot?bbdbcead20386c1cae9cb10b51e5f152ccb6a47a3aef715963ad4473d96a28e3868ac2a86645af06d8a605f09585a76239f0a08cc66f7a35212602dc480814dfca3ef864937e3f68b9444585ea10ac832781a476c27361011cf60c2ced42dce8767d8cc593e98f4731370d9caa75eebe3a524f18f834cc5e50bf9f1ab68b1e50aa7e327e2407f2b3f3121493a734a07d0287c96cb0e3f119e72ac5467b0100f2ea57c89fb9ad925029a50fe35ae11e5fb3797d7798c94e79851aaf36672424817b059ebb955cbbe86bce2fa83925db98340c2c3c8bbeabaf11c01cfb211d816e11b20b2810c769940631192d20d4a335578565265f744af909b6f3788dc8021260ffc877b157c67fa65c326c0c70c948ffe5e8ca107b34c606fdbf8b669a58e8675d0e41ac5d7825ba993f48c01fffa8de75d37a3492d0f0c1a84e57677c80d2d93097e9ba3b89dc2671e0b40a3975b143c64da87503c9ab91f70c836727cf9a027ff816f1a460f0021fa2aeac610bd0303a3babc1d07382d12cf82434312ab5,gx-no-cache=1756471688890 HTTP/1.1" 200 30
190.95.15.17 - - [29/Aug/2025:09:44:59 -0300] "POST /cormun/servlet/solicitudot?gx-no-cache=1756471688917 HTTP/1.1" 200 30
201.186.225.183 - - [29/Aug/2025:09:45:00 -0300] "POST /cormun/servlet/permisosadjuntos?2a267371ac2ad8dd3098d6f354e7aef8,INS,18798710,P,20250825102345,, HTTP/1.1" 200 116
201.186.225.183 - - [29/Aug/2025:09:45:00 -0300] "GET /cormun/servlet/hpexe_return? HTTP/1.1" 200 1030
201.186.225.183 - - [29/Aug/2025:09:45:00 -0300] "GET /cormun/servlet/trpermisosadjuntos?18798710,20250825102345,P, HTTP/1.1" 200 6740
201.186.225.183 - - [29/Aug/2025:09:45:01 -0300] "GET /cormun/servlet/trpermisosgoce? HTTP/1.1" 200 8186
201.186.225.183 - - [29/Aug/2025:09:45:03 -0300] "POST /cormun/servlet/trpermisosgoce?2a267371ac2ad8dd3098d6f354e7aef8,,gx-no-cache=1756471682986 HTTP/1.1" 200 5452
179.57.78.9 - - [29/Aug/2025:09:45:08 -0300] "GET /cormun/servlet/hlogin HTTP/1.1" 200 1715
190.95.15.17 - - [29/Aug/2025:09:45:13 -0300] "POST /cormun/servlet/solicitudot?gx-no-cache=1756471702038 HTTP/1.1" 200 1481
190.95.15.17 - - [29/Aug/2025:09:45:13 -0300] "GET /cormun/static/menuarrow.gif HTTP/1.1" 404 1015
201.186.225.183 - - [29/Aug/2025:09:45:13 -0300] "POST /cormun/servlet/trpermisosgoce?2a267371ac2ad8dd3098d6f354e7aef8,,gx-no-cache=1756471692949 HTTP/1.1" 200 5065
201.186.225.183 - - [29/Aug/2025:09:45:15 -0300] "GET /cormun/servlet/trpermisosadjuntos?11528777,20250827110921,P, HTTP/1.1" 200 6278
179.57.78.9 - - [29/Aug/2025:09:45:16 -0300] "POST /cormun/servlet/hlogin?f48bcc1ada91d915fa597cd3e02f1b72,gx-no-cache=1756471694713 HTTP/1.1" 200 90
179.57.78.9 - - [29/Aug/2025:09:45:16 -0300] "GET /cormun/servlet/hpexe_link HTTP/1.1" 200 946
179.57.78.9 - - [29/Aug/2025:09:45:16 -0300] "GET /cormun/servlet/hhome HTTP/1.1" 200 4341
201.186.225.183 - - [29/Aug/2025:09:45:17 -0300] "GET /cormun/servlet/permisosadjuntos?INS,11528777,P,20250827110921,, HTTP/1.1" 200 5597
201.186.225.183 - - [29/Aug/2025:09:45:17 -0300] "GET /cormun/static/about:blank HTTP/1.1" 404 1011
201.186.225.183 - - [29/Aug/2025:09:45:24 -0300] "POST /cormun/servlet/permisosadjuntos?2a267371ac2ad8dd3098d6f354e7aef8,INS,11528777,P,20250827110921,, HTTP/1.1" 200 116
201.186.225.183 - - [29/Aug/2025:09:45:24 -0300] "GET /cormun/servlet/hpexe_return? HTTP/1.1" 200 1030
201.186.225.183 - - [29/Aug/2025:09:45:24 -0300] "GET /cormun/servlet/trpermisosadjuntos?11528777,20250827110921,P, HTTP/1.1" 200 6739
201.186.225.183 - - [29/Aug/2025:09:45:27 -0300] "GET /cormun/servlet/trpermisosgoce? HTTP/1.1" 200 7758
201.186.225.183 - - [29/Aug/2025:09:45:28 -0300] "POST /cormun/servlet/trpermisosgoce?2a267371ac2ad8dd3098d6f354e7aef8,,gx-no-cache=1756471708218 HTTP/1.1" 200 5051
201.186.225.183 - - [29/Aug/2025:09:45:35 -0300] "POST /cormun/servlet/trpermisosgoce?2a267371ac2ad8dd3098d6f354e7aef8,,gx-no-cache=1756471714505 HTTP/1.1" 200 5070
190.95.15.17 - - [29/Aug/2025:09:45:36 -0300] "POST /cormun/servlet/solicitudot?gx-no-cache=1756471725091 HTTP/1.1" 200 41
201.186.225.183 - - [29/Aug/2025:09:45:36 -0300] "GET /cormun/servlet/trpermisosadjuntos?14203927,20250825102103,P, HTTP/1.1" 200 6281
201.186.225.183 - - [29/Aug/2025:09:45:39 -0300] "GET /cormun/servlet/permisosadjuntos?INS,14203927,P,20250825102103,, HTTP/1.1" 200 5602
201.186.225.183 - - [29/Aug/2025:09:45:39 -0300] "GET /cormun/static/about:blank HTTP/1.1" 404 1011
201.186.225.183 - - [29/Aug/2025:09:45:45 -0300] "POST /cormun/servlet/permisosadjuntos?2a267371ac2ad8dd3098d6f354e7aef8,INS,14203927,P,20250825102103,, HTTP/1.1" 200 116
201.186.225.183 - - [29/Aug/2025:09:45:45 -0300] "GET /cormun/servlet/hpexe_return? HTTP/1.1" 200 1030
201.186.225.183 - - [29/Aug/2025:09:45:46 -0300] "GET /cormun/servlet/trpermisosadjuntos?14203927,20250825102103,P, HTTP/1.1" 200 6745
201.186.225.183 - - [29/Aug/2025:09:45:47 -0300] "GET /cormun/servlet/trpermisosgoce? HTTP/1.1" 200 7764
201.186.225.183 - - [29/Aug/2025:09:45:49 -0300] "POST /cormun/servlet/trpermisosgoce?2a267371ac2ad8dd3098d6f354e7aef8,,gx-no-cache=1756471728798 HTTP/1.1" 200 5059
201.186.225.183 - - [29/Aug/2025:09:45:56 -0300] "POST /cormun/servlet/trpermisosgoce?2a267371ac2ad8dd3098d6f354e7aef8,,gx-no-cache=1756471735965 HTTP/1.1" 200 5314
201.186.225.183 - - [29/Aug/2025:09:45:58 -0300] "GET /cormun/servlet/trpermisosadjuntos?10738512,20250825100224,P, HTTP/1.1" 200 6278
201.186.225.183 - - [29/Aug/2025:09:45:59 -0300] "GET /cormun/servlet/permisosadjuntos?INS,10738512,P,20250825100224,, HTTP/1.1" 200 5600
201.186.225.183 - - [29/Aug/2025:09:45:59 -0300] "GET /cormun/static/about:blank HTTP/1.1" 404 1011
201.186.225.183 - - [29/Aug/2025:09:46:05 -0300] "POST /cormun/servlet/permisosadjuntos?2a267371ac2ad8dd3098d6f354e7aef8,INS,10738512,P,20250825100224,, HTTP/1.1" 200 116
201.186.225.183 - - [29/Aug/2025:09:46:05 -0300] "GET /cormun/servlet/hpexe_return? HTTP/1.1" 200 1030
201.186.225.183 - - [29/Aug/2025:09:46:05 -0300] "GET /cormun/servlet/trpermisosadjuntos?10738512,20250825100224,P, HTTP/1.1" 200 6742
201.186.225.183 - - [29/Aug/2025:09:46:15 -0300] "GET /cormun/servlet/trpermisosgoce? HTTP/1.1" 200 8012
201.186.225.183 - - [29/Aug/2025:09:46:17 -0300] "POST /cormun/servlet/trpermisosgoce?2a267371ac2ad8dd3098d6f354e7aef8,,gx-no-cache=1756471757226 HTTP/1.1" 200 5286
190.95.15.17 - - [29/Aug/2025:09:46:25 -0300] "GET /cormun/servlet/solicitudot?bbdbcead20386c1cae9cb10b51e5f15250b2ad527945fe1a6c05dbbffa36a50d2dd3c8e23ae5c9c349fd691c4551a7422017b8de31e71880892c8aa77a36cc3572239073f785fa4c18efa6ee98c3cad150bfeebcfa73b74203364b297393e885b3bc1e8d5ce908d253f8bca6ebeeca35,gx-no-cache=1756471774538 HTTP/1.1" 200 110
190.95.15.17 - - [29/Aug/2025:09:46:25 -0300] "POST /cormun/servlet/solicitudot?gx-no-cache=1756471774580 HTTP/1.1" 200 97
190.95.15.17 - - [29/Aug/2025:09:47:24 -0300] "GET /cormun/servlet/solicitudot?bbdbcead20386c1cae9cb10b51e5f152bef057023fd1ad6ac881846fd8d9519529d33d5bef1399a078bbce9cfcaddc5130cadc391b7628adb96e3ac7426331329aebf018f746d2b8cd0f99768969658e7d83f32b99755d85a973a4d442b43893bf1793102f3de200058edcd7d6f27779b2b0d8af30157c8e6c2198d836b4f82fc4f49f52b1b9b99a401299a900abf7562e775d527e496c6179e15d0096e635bd,gx-no-cache=1756471833422 HTTP/1.1" 200 29
190.95.15.17 - - [29/Aug/2025:09:47:31 -0300] "GET /cormun/servlet/solicitudot?bbdbcead20386c1cae9cb10b51e5f1520a89b314914c921bd63ad07aed416edf35e44614715cbd2cff08a43c8a008d49,gx-no-cache=1756471840527 HTTP/1.1" 200 30
190.95.15.17 - - [29/Aug/2025:09:47:31 -0300] "POST /cormun/servlet/solicitudot?gx-no-cache=1756471840557 HTTP/1.1" 200 34
190.95.15.13 - - [29/Aug/2025:09:48:06 -0300] "POST /cormun/servlet/trpermisosgoce?4c99ebff6450074046c9772fea66cbbc,,gx-no-cache=1756471864969 HTTP/1.1" 200 5467
190.95.15.17 - - [29/Aug/2025:09:48:06 -0300] "POST /cormun/servlet/solicitudot?41cd906ecc7f33985668a38fbf75afb0,INS,0,0,false,,gx-no-cache=1756471874951 HTTP/1.1" 200 93
190.95.15.17 - - [29/Aug/2025:09:48:06 -0300] "GET /cormun/servlet/hpexe_return? HTTP/1.1" 200 1008
190.95.15.17 - - [29/Aug/2025:09:48:06 -0300] "GET /cormun/static/gxcfg.js?20221129846035 HTTP/1.1" 200 953
190.95.15.17 - - [29/Aug/2025:09:48:06 -0300] "GET /cormun/static/hpexe_return.js?20221129846037 HTTP/1.1" 200 1633
190.95.15.17 - - [29/Aug/2025:09:48:07 -0300] "GET /cormun/servlet/trsolicitudot HTTP/1.1" 200 9055
190.95.15.17 - - [29/Aug/2025:09:48:07 -0300] "GET /cormun//static/Resources/PXToolsActionView.png HTTP/1.1" 200 398
190.95.15.17 - - [29/Aug/2025:09:48:07 -0300] "GET /cormun//static/Resources/PXToolsGridUpdate.png HTTP/1.1" 200 470
190.95.15.17 - - [29/Aug/2025:09:48:07 -0300] "GET /cormun//static/Resources/PXToolsGridDelete.png HTTP/1.1" 200 538
190.95.15.17 - - [29/Aug/2025:09:48:07 -0300] "GET /cormun//static/Resources/PXToolsRemoveAllAction.png HTTP/1.1" 200 487
190.95.15.17 - - [29/Aug/2025:09:48:13 -0300] "POST /cormun/servlet/trsolicitudot?41cd906ecc7f33985668a38fbf75afb0,gx-no-cache=1756471882944 HTTP/1.1" 200 107
190.95.15.17 - - [29/Aug/2025:09:48:14 -0300] "GET /cormun/servlet/trsolicitudadjuntos?2025,22918, HTTP/1.1" 200 6490
190.95.15.17 - - [29/Aug/2025:09:48:14 -0300] "GET /cormun/static/gxcfg.js?20201215574222 HTTP/1.1" 200 953
190.95.15.17 - - [29/Aug/2025:09:48:14 -0300] "GET /cormun/static/trsolicitudadjuntos.js?20201215574932 HTTP/1.1" 200 17921
190.95.15.17 - - [29/Aug/2025:09:48:14 -0300] "GET /cormun/static/Resources/PXToolsGridNew.png HTTP/1.1" 200 427
190.95.15.17 - - [29/Aug/2025:09:48:16 -0300] "GET /cormun/servlet/solicitudotadjuntos?INS,2025,22918,,1, HTTP/1.1" 200 6430
190.95.15.17 - - [29/Aug/2025:09:48:17 -0300] "GET /cormun/static/gxcfg.js?202211298385187 HTTP/1.1" 200 953
190.95.15.17 - - [29/Aug/2025:09:48:17 -0300] "GET /cormun/static/solicitudotadjuntos.js?202211298385196 HTTP/1.1" 200 11771
190.95.15.17 - - [29/Aug/2025:09:48:17 -0300] "GET /cormun/static/about:blank HTTP/1.1" 404 1011
190.95.15.17 - - [29/Aug/2025:09:48:17 -0300] "GET /cormun/servlet/solicitudotadjuntos?bbdbcead20386c1cae9cb10b51e5f152638c6c803ad13754feaabf7fbcd7c8d47c1f805330b93dc7de08e40cf2322130,gx-no-cache=1756471886742 HTTP/1.1" 200 30
190.95.15.17 - - [29/Aug/2025:09:48:17 -0300] "POST /cormun/servlet/solicitudotadjuntos?41cd906ecc7f33985668a38fbf75afb0,INS,2025,22918,,1,,gx-no-cache=1756471886774 HTTP/1.1" 200 4186
190.95.15.17 - - [29/Aug/2025:09:48:26 -0300] "POST /cormun/servlet/solicitudotadjuntos?gx-no-cache=1756471895288 HTTP/1.1" 200 26
190.95.15.17 - - [29/Aug/2025:09:48:40 -0300] "GET /cormun/servlet/solicitudotadjuntos?bbdbcead20386c1cae9cb10b51e5f152f6adc27a4081a21bd0412a00f46a6011,gx-no-cache=1756471908981 HTTP/1.1" 200 30
190.95.15.17 - - [29/Aug/2025:09:48:40 -0300] "GET /cormun/servlet/solicitudotadjuntos?bbdbcead20386c1cae9cb10b51e5f152f6adc27a4081a21bd0412a00f46a6011,gx-no-cache=1756471908994 HTTP/1.1" 200 30
190.95.15.17 - - [29/Aug/2025:09:48:40 -0300] "POST /cormun/servlet/solicitudotadjuntos?41cd906ecc7f33985668a38fbf75afb0,INS,2025,22918,,1, HTTP/1.1" 200 116
190.95.15.17 - - [29/Aug/2025:09:48:40 -0300] "GET /cormun/servlet/hpexe_return? HTTP/1.1" 200 1026
190.95.15.17 - - [29/Aug/2025:09:48:40 -0300] "GET /cormun/servlet/trsolicitudadjuntos?2025,22918, HTTP/1.1" 200 9632
190.95.15.17 - - [29/Aug/2025:09:48:44 -0300] "GET /cormun/servlet/solicitudotadjuntos?INS,2025,22918,,1, HTTP/1.1" 200 6430
190.95.15.17 - - [29/Aug/2025:09:48:44 -0300] "GET /cormun/static/about:blank HTTP/1.1" 404 1011
190.95.15.17 - - [29/Aug/2025:09:48:44 -0300] "GET /cormun/servlet/solicitudotadjuntos?bbdbcead20386c1cae9cb10b51e5f152638c6c803ad13754feaabf7fbcd7c8d47c1f805330b93dc7de08e40cf2322130,gx-no-cache=1756471913866 HTTP/1.1" 200 30
190.95.15.17 - - [29/Aug/2025:09:48:44 -0300] "POST /cormun/servlet/solicitudotadjuntos?41cd906ecc7f33985668a38fbf75afb0,INS,2025,22918,,1,,gx-no-cache=1756471913893 HTTP/1.1" 200 4188
190.95.15.17 - - [29/Aug/2025:09:48:49 -0300] "POST /cormun/servlet/solicitudotadjuntos?gx-no-cache=1756471918005 HTTP/1.1" 200 26
201.186.226.3 - - [29/Aug/2025:09:48:52 -0300] "GET /cormun/servlet/hlogin HTTP/1.1" 200 1725
190.95.15.17 - - [29/Aug/2025:09:48:58 -0300] "GET /cormun/servlet/solicitudotadjuntos?bbdbcead20386c1cae9cb10b51e5f152f6adc27a4081a21bd0412a00f46a6011,gx-no-cache=1756471927868 HTTP/1.1" 200 30
190.95.15.17 - - [29/Aug/2025:09:48:58 -0300] "GET /cormun/servlet/solicitudotadjuntos?bbdbcead20386c1cae9cb10b51e5f152f6adc27a4081a21bd0412a00f46a6011,gx-no-cache=1756471927882 HTTP/1.1" 200 30
190.95.15.17 - - [29/Aug/2025:09:48:59 -0300] "POST /cormun/servlet/solicitudotadjuntos?41cd906ecc7f33985668a38fbf75afb0,INS,2025,22918,,1, HTTP/1.1" 200 116
190.95.15.17 - - [29/Aug/2025:09:48:59 -0300] "GET /cormun/servlet/hpexe_return? HTTP/1.1" 200 1026
190.95.15.17 - - [29/Aug/2025:09:48:59 -0300] "GET /cormun/servlet/trsolicitudadjuntos?2025,22918, HTTP/1.1" 200 9869
190.95.15.17 - - [29/Aug/2025:09:49:02 -0300] "GET /cormun/servlet/solicitudotadjuntos?INS,2025,22918,,1, HTTP/1.1" 200 6430
190.95.15.17 - - [29/Aug/2025:09:49:02 -0300] "GET /cormun/static/about:blank HTTP/1.1" 404 1011
190.95.15.17 - - [29/Aug/2025:09:49:03 -0300] "GET /cormun/servlet/solicitudotadjuntos?bbdbcead20386c1cae9cb10b51e5f152638c6c803ad13754feaabf7fbcd7c8d47c1f805330b93dc7de08e40cf2322130,gx-no-cache=1756471932300 HTTP/1.1" 200 30
201.186.226.3 - - [29/Aug/2025:09:49:03 -0300] "POST /cormun/servlet/hlogin?001eee8006bc85e29b954587685e413a,gx-no-cache=1756471922244 HTTP/1.1" 200 90
190.95.15.17 - - [29/Aug/2025:09:49:03 -0300] "POST /cormun/servlet/solicitudotadjuntos?41cd906ecc7f33985668a38fbf75afb0,INS,2025,22918,,1,,gx-no-cache=1756471932331 HTTP/1.1" 200 4188
201.186.226.3 - - [29/Aug/2025:09:49:03 -0300] "GET /cormun/servlet/hpexe_link HTTP/1.1" 200 952
201.186.226.3 - - [29/Aug/2025:09:49:03 -0300] "GET /cormun/servlet/hhome HTTP/1.1" 200 3928
190.95.15.17 - - [29/Aug/2025:09:49:06 -0300] "POST /cormun/servlet/solicitudotadjuntos?gx-no-cache=1756471935573 HTTP/1.1" 200 26
201.186.226.3 - - [29/Aug/2025:09:49:09 -0300] "GET /cormun/servlet/trlicencias? HTTP/1.1" 200 10691
201.186.226.3 - - [29/Aug/2025:09:49:13 -0300] "GET /cormun/servlet/trpermisosgoce? HTTP/1.1" 200 13605
190.95.15.17 - - [29/Aug/2025:09:49:15 -0300] "GET /cormun/servlet/solicitudotadjuntos?bbdbcead20386c1cae9cb10b51e5f152f6adc27a4081a21bd0412a00f46a6011,gx-no-cache=1756471944645 HTTP/1.1" 200 30
190.95.15.17 - - [29/Aug/2025:09:49:15 -0300] "GET /cormun/servlet/solicitudotadjuntos?bbdbcead20386c1cae9cb10b51e5f152f6adc27a4081a21bd0412a00f46a6011,gx-no-cache=1756471944654 HTTP/1.1" 200 30
190.95.15.17 - - [29/Aug/2025:09:49:15 -0300] "POST /cormun/servlet/solicitudotadjuntos?41cd906ecc7f33985668a38fbf75afb0,INS,2025,22918,,1, HTTP/1.1" 200 116
190.95.15.17 - - [29/Aug/2025:09:49:15 -0300] "GET /cormun/servlet/hpexe_return? HTTP/1.1" 200 1026
190.95.15.17 - - [29/Aug/2025:09:49:15 -0300] "GET /cormun/servlet/trsolicitudadjuntos?2025,22918, HTTP/1.1" 200 10115
190.95.15.17 - - [29/Aug/2025:09:49:20 -0300] "GET /cormun/servlet/solicitudotadjuntos?INS,2025,22918,,1, HTTP/1.1" 200 6430
190.95.15.17 - - [29/Aug/2025:09:49:20 -0300] "GET /cormun/static/about:blank HTTP/1.1" 404 1011
190.95.15.17 - - [29/Aug/2025:09:49:20 -0300] "GET /cormun/servlet/solicitudotadjuntos?bbdbcead20386c1cae9cb10b51e5f152638c6c803ad13754feaabf7fbcd7c8d47c1f805330b93dc7de08e40cf2322130,gx-no-cache=1756471949925 HTTP/1.1" 200 30
190.95.15.17 - - [29/Aug/2025:09:49:21 -0300] "POST /cormun/servlet/solicitudotadjuntos?41cd906ecc7f33985668a38fbf75afb0,INS,2025,22918,,1,,gx-no-cache=1756471949939 HTTP/1.1" 200 4188
190.95.15.17 - - [29/Aug/2025:09:49:27 -0300] "POST /cormun/servlet/solicitudotadjuntos?gx-no-cache=1756471956373 HTTP/1.1" 200 26
201.186.226.3 - - [29/Aug/2025:09:49:29 -0300] "GET /cormun/servlet/permisogoce?INS,0,,, HTTP/1.1" 200 6789
201.186.226.3 - - [29/Aug/2025:09:49:29 -0300] "GET /cormun/static/gxcfg.js?20201215124560 HTTP/1.1" 200 953
201.186.226.3 - - [29/Aug/2025:09:49:29 -0300] "GET /cormun/static/Resources/prompt.gif HTTP/1.1" 200 902
201.186.226.3 - - [29/Aug/2025:09:49:29 -0300] "GET /cormun/static/permisogoce.js?20201215124939 HTTP/1.1" 200 27790
190.95.15.17 - - [29/Aug/2025:09:49:35 -0300] "GET /cormun/servlet/solicitudotadjuntos?bbdbcead20386c1cae9cb10b51e5f152f6adc27a4081a21bd0412a00f46a6011,gx-no-cache=1756471964653 HTTP/1.1" 200 30
190.95.15.17 - - [29/Aug/2025:09:49:35 -0300] "GET /cormun/servlet/solicitudotadjuntos?bbdbcead20386c1cae9cb10b51e5f152f6adc27a4081a21bd0412a00f46a6011,gx-no-cache=1756471964665 HTTP/1.1" 200 30
190.95.15.17 - - [29/Aug/2025:09:49:35 -0300] "POST /cormun/servlet/solicitudotadjuntos?41cd906ecc7f33985668a38fbf75afb0,INS,2025,22918,,1, HTTP/1.1" 200 116
190.95.15.17 - - [29/Aug/2025:09:49:35 -0300] "GET /cormun/servlet/hpexe_return? HTTP/1.1" 200 1026
190.95.15.17 - - [29/Aug/2025:09:49:35 -0300] "GET /cormun/servlet/trsolicitudadjuntos?2025,22918, HTTP/1.1" 200 10397
190.95.15.17 - - [29/Aug/2025:09:49:39 -0300] "GET /cormun/servlet/solicitudotadjuntos?INS,2025,22918,,1, HTTP/1.1" 200 6430
190.95.15.17 - - [29/Aug/2025:09:49:39 -0300] "GET /cormun/static/about:blank HTTP/1.1" 404 1011
190.95.15.17 - - [29/Aug/2025:09:49:39 -0300] "GET /cormun/servlet/solicitudotadjuntos?bbdbcead20386c1cae9cb10b51e5f152638c6c803ad13754feaabf7fbcd7c8d47c1f805330b93dc7de08e40cf2322130,gx-no-cache=1756471968689 HTTP/1.1" 200 30
190.95.15.17 - - [29/Aug/2025:09:49:39 -0300] "POST /cormun/servlet/solicitudotadjuntos?41cd906ecc7f33985668a38fbf75afb0,INS,2025,22918,,1,,gx-no-cache=1756471968704 HTTP/1.1" 200 4188
190.95.15.17 - - [29/Aug/2025:09:49:43 -0300] "POST /cormun/servlet/solicitudotadjuntos?gx-no-cache=1756471972485 HTTP/1.1" 200 26
190.95.15.17 - - [29/Aug/2025:09:49:50 -0300] "GET /cormun/servlet/solicitudotadjuntos?bbdbcead20386c1cae9cb10b51e5f152f6adc27a4081a21bd0412a00f46a6011,gx-no-cache=1756471979837 HTTP/1.1" 200 30
190.95.15.17 - - [29/Aug/2025:09:49:50 -0300] "GET /cormun/servlet/solicitudotadjuntos?bbdbcead20386c1cae9cb10b51e5f152f6adc27a4081a21bd0412a00f46a6011,gx-no-cache=1756471979849 HTTP/1.1" 200 30
190.95.15.17 - - [29/Aug/2025:09:49:51 -0300] "POST /cormun/servlet/solicitudotadjuntos?41cd906ecc7f33985668a38fbf75afb0,INS,2025,22918,,1, HTTP/1.1" 200 116
190.95.15.17 - - [29/Aug/2025:09:49:51 -0300] "GET /cormun/servlet/hpexe_return? HTTP/1.1" 200 1026
190.95.15.17 - - [29/Aug/2025:09:49:51 -0300] "GET /cormun/servlet/trsolicitudadjuntos?2025,22918, HTTP/1.1" 200 10623
190.95.15.17 - - [29/Aug/2025:09:49:54 -0300] "GET /cormun/servlet/solicitudotadjuntos?INS,2025,22918,,1, HTTP/1.1" 200 6430
190.95.15.17 - - [29/Aug/2025:09:49:55 -0300] "GET /cormun/static/about:blank HTTP/1.1" 404 1011
190.95.15.17 - - [29/Aug/2025:09:49:55 -0300] "GET /cormun/servlet/solicitudotadjuntos?bbdbcead20386c1cae9cb10b51e5f152638c6c803ad13754feaabf7fbcd7c8d47c1f805330b93dc7de08e40cf2322130,gx-no-cache=1756471984591 HTTP/1.1" 200 30
190.95.15.17 - - [29/Aug/2025:09:49:55 -0300] "POST /cormun/servlet/solicitudotadjuntos?41cd906ecc7f33985668a38fbf75afb0,INS,2025,22918,,1,,gx-no-cache=1756471984607 HTTP/1.1" 200 4188
190.95.15.17 - - [29/Aug/2025:09:50:00 -0300] "POST /cormun/servlet/solicitudotadjuntos?gx-no-cache=1756471988972 HTTP/1.1" 200 26
201.186.226.3 - - [29/Aug/2025:09:50:01 -0300] "GET /cormun/servlet/permisogoce?3cbbd7bc706f44be64975c8a998d0e7eb320ed88e82ff47dc2c9664a9dd5329db6133351f4864a0a7ee4a94da6213ad880a745d870249969eab332a0eee8eda7,gx-no-cache=1756471980663 HTTP/1.1" 200 80
201.186.226.3 - - [29/Aug/2025:09:50:05 -0300] "GET /cormun/static/menuarrow.gif HTTP/1.1" 404 1015
190.95.15.17 - - [29/Aug/2025:09:50:07 -0300] "GET /cormun/servlet/solicitudotadjuntos?bbdbcead20386c1cae9cb10b51e5f152f6adc27a4081a21bd0412a00f46a6011,gx-no-cache=1756471996005 HTTP/1.1" 200 30
190.95.15.17 - - [29/Aug/2025:09:50:07 -0300] "GET /cormun/servlet/solicitudotadjuntos?bbdbcead20386c1cae9cb10b51e5f152f6adc27a4081a21bd0412a00f46a6011,gx-no-cache=1756471996018 HTTP/1.1" 200 30
190.95.15.17 - - [29/Aug/2025:09:50:07 -0300] "POST /cormun/servlet/solicitudotadjuntos?41cd906ecc7f33985668a38fbf75afb0,INS,2025,22918,,1, HTTP/1.1" 200 116
190.95.15.17 - - [29/Aug/2025:09:50:07 -0300] "GET /cormun/servlet/hpexe_return? HTTP/1.1" 200 1026
190.95.15.17 - - [29/Aug/2025:09:50:07 -0300] "GET /cormun/servlet/trsolicitudadjuntos?2025,22918, HTTP/1.1" 200 10773
190.95.15.17 - - [29/Aug/2025:09:50:17 -0300] "POST /cormun/servlet/acontrolpreferencessavestate?None,RPEREZ,true HTTP/1.1" 200 35
201.186.226.3 - - [29/Aug/2025:09:50:17 -0300] "GET /cormun/servlet/permisogoce?3cbbd7bc706f44be64975c8a998d0e7ef905ecb8444af10e54ecedf11bf6f739ca68b4c89ff89bc06da633a0b53509b37cf2c4dab022f8856258a805d54834b7,gx-no-cache=1756471996288 HTTP/1.1" 200 46
190.95.15.17 - - [29/Aug/2025:09:50:17 -0300] "POST /cormun/servlet/trsolicitudadjuntos?41cd906ecc7f33985668a38fbf75afb0,2025,22918,,gx-no-cache=1756472006697 HTTP/1.1" 200 90
190.95.15.17 - - [29/Aug/2025:09:50:17 -0300] "GET /cormun/servlet/hpexe_link HTTP/1.1" 200 968
190.95.15.17 - - [29/Aug/2025:09:50:17 -0300] "GET /cormun/servlet/trsolicitudot HTTP/1.1" 200 9053
190.95.15.17 - - [29/Aug/2025:09:50:23 -0300] "POST /cormun/servlet/trsolicitudot?41cd906ecc7f33985668a38fbf75afb0,gx-no-cache=1756472012207 HTTP/1.1" 200 4875
190.95.15.17 - - [29/Aug/2025:09:50:23 -0300] "GET /cormun/static/Shared/jqueryui/images/ui-bg_flat_55_fafafa_40x100.png HTTP/1.1" 404 1097
190.95.15.17 - - [29/Aug/2025:09:50:23 -0300] "GET /cormun/static/Shared/jqueryui/images/ui-icons_8d78a5_256x240.png HTTP/1.1" 404 1089
190.95.15.17 - - [29/Aug/2025:09:50:23 -0300] "POST /cormun/servlet/trsolicitudot?41cd906ecc7f33985668a38fbf75afb0,gx-no-cache=1756472012339 HTTP/1.1" 200 4613
190.95.15.17 - - [29/Aug/2025:09:50:26 -0300] "GET /cormun/servlet/trautorizarsolicitud? HTTP/1.1" 200 8946
190.95.15.17 - - [29/Aug/2025:09:50:26 -0300] "GET /cormun/static/gxcfg.js?202211298474254 HTTP/1.1" 200 953
190.95.15.17 - - [29/Aug/2025:09:50:26 -0300] "GET /cormun/static/trautorizarsolicitud.js?202211298474588 HTTP/1.1" 200 53909
201.186.226.3 - - [29/Aug/2025:09:50:28 -0300] "POST /cormun/servlet/permisogoce?001eee8006bc85e29b954587685e413a,INS,0,,,,gx-no-cache=1756472006253 HTTP/1.1" 200 93
201.186.226.3 - - [29/Aug/2025:09:50:28 -0300] "GET /cormun/servlet/hpexe_return? HTTP/1.1" 200 1010
201.186.226.3 - - [29/Aug/2025:09:50:28 -0300] "GET /cormun/static/gxcfg.js?20221129846035 HTTP/1.1" 200 953
201.186.226.3 - - [29/Aug/2025:09:50:28 -0300] "GET /cormun/static/hpexe_return.js?20221129846037 HTTP/1.1" 200 1633
201.186.226.3 - - [29/Aug/2025:09:50:28 -0300] "GET /cormun/servlet/trpermisosgoce HTTP/1.1" 200 13872
190.95.15.17 - - [29/Aug/2025:09:50:29 -0300] "POST /cormun/servlet/trautorizarsolicitud?41cd906ecc7f33985668a38fbf75afb0,,gx-no-cache=1756472018183 HTTP/1.1" 200 4804
190.95.15.17 - - [29/Aug/2025:09:50:29 -0300] "POST /cormun/servlet/trautorizarsolicitud?41cd906ecc7f33985668a38fbf75afb0,,gx-no-cache=1756472018341 HTTP/1.1" 200 4543
201.186.226.3 - - [29/Aug/2025:09:50:32 -0300] "GET /cormun/servlet/apermisogoceprn?10453079,P,20250829085255,PU HTTP/1.1" 200 1651
190.95.15.17 - - [29/Aug/2025:09:50:33 -0300] "GET /cormun/servlet/trautorizarsolicitud? HTTP/1.1" 200 7501
201.186.226.3 - - [29/Aug/2025:09:51:37 -0300] "GET /cormun/servlet/permisogoce?INS,0,,, HTTP/1.1" 200 6789
201.186.226.3 - - [29/Aug/2025:09:52:12 -0300] "GET /cormun/servlet/permisogoce?3cbbd7bc706f44be64975c8a998d0e7ea600d31fb5d5e9e116a406359e20b47ab6133351f4864a0a7ee4a94da6213ad880a745d870249969eab332a0eee8eda7,gx-no-cache=1756472111427 HTTP/1.1" 200 76
201.186.226.3 - - [29/Aug/2025:09:52:48 -0300] "GET /cormun/servlet/permisogoce?3cbbd7bc706f44be64975c8a998d0e7eee8ece46841a790f6934636a60a37b2285fe812d165906b406ff320496a2be877cf2c4dab022f8856258a805d54834b7,gx-no-cache=1756472147480 HTTP/1.1" 200 46
201.186.226.3 - - [29/Aug/2025:09:53:05 -0300] "POST /cormun/servlet/permisogoce?001eee8006bc85e29b954587685e413a,INS,0,,,,gx-no-cache=1756472163653 HTTP/1.1" 200 93
201.186.226.3 - - [29/Aug/2025:09:53:05 -0300] "GET /cormun/servlet/hpexe_return? HTTP/1.1" 200 1010
201.186.226.3 - - [29/Aug/2025:09:53:05 -0300] "GET /cormun/servlet/trpermisosgoce HTTP/1.1" 200 14103
190.95.15.9 - - [29/Aug/2025:09:53:13 -0300] "GET /cormun/servlet/trsolicitudot? HTTP/1.1" 200 7483
201.186.226.3 - - [29/Aug/2025:09:53:23 -0300] "GET /cormun/servlet/apermisogoceprn?17138296,P,20250829085503,PU HTTP/1.1" 200 1645
201.186.225.191 - - [29/Aug/2025:09:53:46 -0300] "GET /cormun/servlet/hlogin HTTP/1.1" 200 1714
201.186.225.191 - - [29/Aug/2025:09:53:58 -0300] "POST /cormun/servlet/hlogin?f2405beeecad293d49e853af0c6f70b2,gx-no-cache=1756472217523 HTTP/1.1" 200 90
201.186.225.191 - - [29/Aug/2025:09:53:58 -0300] "GET /cormun/servlet/hpexe_link HTTP/1.1" 200 946
