190.95.1.185 - - [29/Aug/2025:09:08:20 -0300] "GET /cormun/servlet/solicitudot?a9fa05ecb3d911cb9fde27f02a105a46b2b8a84e00091c3265ebc67405412730c00a7c4d8279decde89d0267065cdadd4b3ec81bd0b4a2be0c06ea356d80dcf7d96690cbb025828927f34d6d239d27b8f7ea3163504b8b7e49235591ff523e51fdf5bdb328b839a1156b4c257dadb135,gx-no-cache=1756469464273 HTTP/1.1" 200 110
190.95.1.185 - - [29/Aug/2025:09:08:20 -0300] "POST /cormun/servlet/solicitudot?gx-no-cache=1756469464493 HTTP/1.1" 200 97
190.95.1.185 - - [29/Aug/2025:09:08:25 -0300] "GET /cormun/servlet/solicitudot?a9fa05ecb3d911cb9fde27f02a105a46a8f22031c15fcb2445c68d9df0cc34d770fcddfbb2170c32314eea32a51e17896ade86d061b690056adf6b95364ca6fe6488080a264de3c92b5142bef05b0ac82a23fcaaeb6bec9c36536f6b64f024c66adc63970d72730d851dae8f6f98161d0488ec2fc8b5bc5d11aa87fe68cc1acb1c167abf04392fd0a0a7788bc9f2b19fe75961940fee3b0c6dcc2811a73c63d5,gx-no-cache=1756469470046 HTTP/1.1" 200 29
190.95.1.185 - - [29/Aug/2025:09:08:25 -0300] "GET /cormun/static/menuarrow.gif HTTP/1.1" 404 1015
190.95.1.185 - - [29/Aug/2025:09:08:31 -0300] "GET /cormun/servlet/solicitudot?a9fa05ecb3d911cb9fde27f02a105a46af06255e353e162f11f064236ea5bfa9584e6ffd459174d02a2fc0ec2416f74c,gx-no-cache=1756469476196 HTTP/1.1" 200 30
201.186.225.187 - - [29/Aug/2025:09:08:41 -0300] "POST /cormun/servlet/trlicencias?795bc54712c0bc654ed7fa26f02bcdfc,,gx-no-cache=1756469336147 HTTP/1.1" 200 8580
190.95.1.185 - - [29/Aug/2025:09:08:42 -0300] "POST /cormun/servlet/solicitudot?gx-no-cache=1756469487138 HTTP/1.1" 200 30
201.186.225.187 - - [29/Aug/2025:09:08:46 -0300] "POST /cormun/servlet/trlicencias?795bc54712c0bc654ed7fa26f02bcdfc,,gx-no-cache=1756469340650 HTTP/1.1" 200 8579
190.95.67.93 - - [29/Aug/2025:09:08:47 -0300] "POST /cormun/servlet/trpermisosgoce?07068c407eba57d2bc549f28eda6fcc2,,gx-no-cache=1756469505353 HTTP/1.1" 200 16387
190.95.67.93 - - [29/Aug/2025:09:08:47 -0300] "GET /cormun/static/Resources/PXToolsGridNext.gif HTTP/1.1" 200 369
190.95.67.93 - - [29/Aug/2025:09:08:47 -0300] "GET /cormun/static/Resources/PXToolsGridLast.gif HTTP/1.1" 200 370
190.95.1.185 - - [29/Aug/2025:09:08:56 -0300] "POST /cormun/servlet/solicitudot?5705e686a67fdd23576e266d7312219e,INS,0,0,false,,gx-no-cache=1756469500087 HTTP/1.1" 200 93
190.95.1.185 - - [29/Aug/2025:09:08:56 -0300] "GET /cormun/servlet/hpexe_return? HTTP/1.1" 200 1009
190.95.1.185 - - [29/Aug/2025:09:08:56 -0300] "GET /cormun/static/gxcfg.js?20221129846035 HTTP/1.1" 200 953
190.95.1.185 - - [29/Aug/2025:09:08:56 -0300] "GET /cormun/static/hpexe_return.js?20221129846037 HTTP/1.1" 200 1633
190.95.1.185 - - [29/Aug/2025:09:08:56 -0300] "GET /cormun/servlet/trsolicitudot HTTP/1.1" 200 9124
190.95.1.185 - - [29/Aug/2025:09:08:57 -0300] "GET /cormun//static/Resources/PXToolsActionView.png HTTP/1.1" 200 398
190.95.1.185 - - [29/Aug/2025:09:08:57 -0300] "GET /cormun//static/Resources/PXToolsGridUpdate.png HTTP/1.1" 200 470
190.95.1.185 - - [29/Aug/2025:09:08:57 -0300] "GET /cormun//static/Resources/PXToolsRemoveAllAction.png HTTP/1.1" 200 487
190.95.1.185 - - [29/Aug/2025:09:08:57 -0300] "GET /cormun//static/Resources/PXToolsGridDelete.png HTTP/1.1" 200 538
190.95.67.93 - - [29/Aug/2025:09:09:01 -0300] "POST /cormun/servlet/trpermisosgoce?07068c407eba57d2bc549f28eda6fcc2,,gx-no-cache=1756469520043 HTTP/1.1" 200 5322
190.95.1.185 - - [29/Aug/2025:09:09:02 -0300] "GET /cormun/servlet/solicitudot?INS,0,0,false, HTTP/1.1" 200 16492
190.95.1.185 - - [29/Aug/2025:09:09:07 -0300] "POST /cormun/servlet/solicitudot?gx-no-cache=1756469511718 HTTP/1.1" 200 4096
190.95.1.185 - - [29/Aug/2025:09:09:07 -0300] "GET /cormun/static/Shared/jqueryui/images/ui-icons_82798d_256x240.png HTTP/1.1" 404 1089
190.95.1.185 - - [29/Aug/2025:09:09:07 -0300] "GET /cormun/static/Shared/jqueryui/images/ui-bg_highlight-soft_100_c6c2c8_1x100.png HTTP/1.1" 404 1117
190.95.1.185 - - [29/Aug/2025:09:09:07 -0300] "GET /cormun/static/Shared/jqueryui/images/ui-bg_flat_55_994d53_40x100.png HTTP/1.1" 404 1097
190.95.1.185 - - [29/Aug/2025:09:09:07 -0300] "GET /cormun/static/Shared/jqueryui/images/ui-icons_ebccce_256x240.png HTTP/1.1" 404 1089
190.95.1.185 - - [29/Aug/2025:09:09:07 -0300] "GET /cormun/servlet/solicitudot?a9fa05ecb3d911cb9fde27f02a105a468c85b186442f69941f38a2db348c16ba,gx-no-cache=1756469511784 HTTP/1.1" 200 111
190.95.1.185 - - [29/Aug/2025:09:09:07 -0300] "GET /cormun/servlet/solicitudot?a9fa05ecb3d911cb9fde27f02a105a4621963e51201843f0f1824706a23378c1,gx-no-cache=1756469511802 HTTP/1.1" 200 94
190.95.1.185 - - [29/Aug/2025:09:09:07 -0300] "GET /cormun/servlet/solicitudot?a9fa05ecb3d911cb9fde27f02a105a467a893ee4f59e669ae97d33c85390e1f5,gx-no-cache=1756469511818 HTTP/1.1" 200 29
190.95.1.185 - - [29/Aug/2025:09:09:09 -0300] "GET /cormun/servlet/solicitudot?a9fa05ecb3d911cb9fde27f02a105a46e420bed17762f3024939ced51f197502934c7d883d5f02f95798b859fdb3a95dbf44591a00d32813a5ccaab1f919579431655acf1384215b210f526b6dca8defc4ecf41508bcdabe4a323089c9e3e4ee27d80ef5709d97e50a68a58a658b665030963ad09c58c388e5260d7ec55c79279c4e598453759a558f3b1ff66fd8d13043fd1d12c7cf1f997b5cb68e03b5259ed843def5e9153ae23abbd4a0866a19c353b12d07fdc0aa038d0210e4bfa71b5c93b88278d25ad60756801260e8659d394500fa1a06051874a361a3542e0152478777bc143daa803d0bdd4a4da2a5236f70fcddfbb2170c32314eea32a51e1789ec4ef65d276551e7aca0daea30b685071a59e83951cecbf837e9d00b5c0e49436bfb8cca5ea4a76038d7b7aed06b5e30eeec4e0be6b8d556247cd936e921e95b80022942d24a165a7ee6f32094970944,gx-no-cache=1756469513774 HTTP/1.1" 200 240
190.95.1.185 - - [29/Aug/2025:09:09:12 -0300] "GET /cormun/servlet/solicitudot?a9fa05ecb3d911cb9fde27f02a105a465e8b9b2ea6c757c2046308383ff90227a8e8e1f7bfa06b8783e33c3ad5ffc3d9b5f13ed94d2ed9bbc6b3e47677461bdfb394979f7f5469e87ceaa3d33c337ea72efa88f03bbeee4191c69fe0db58b312f2198c891cfcd00549257c813bdc84d157a422cffbe1f46df3568cd9471c58c5cc982f86e195e54a34ae045a978466e6906f0fbd113830d1f3b113ffdea9138f8d229cd947c4d61f3fa700b8b147d49c5d4d045cb11b3b12eb38918b9ebbc5d40671665d98bf27966c56ef869cf32e6d6150191eeef77683b98670a6ef8a55f50a6e6ea51b0527d29de7f020228857fe00050e1ef2adc0b0b806ef85ae0f24915d7cbfcb11242f55e34d0fb288676826ada2efb6596284ec229c165929c4146b194dc5c9ac68d489920f4c26ca04357a2bf9b62d0aaff0bd2bc9d6df98aa74bec3c700e94287979c08a100741ba954a167879ac0e6ec4913c47f091f13f2a6555c404b205abdd13469af065dc59f86a7032fea7c790c172dc41686417524b548,gx-no-cache=1756469516330 HTTP/1.1" 200 30
190.95.1.185 - - [29/Aug/2025:09:09:16 -0300] "POST /cormun/servlet/solicitudot?gx-no-cache=1756469520695 HTTP/1.1" 200 30
190.95.1.185 - - [29/Aug/2025:09:09:18 -0300] "GET /cormun/static/Resources/PXTools/ClosePrompt.png HTTP/1.1" 200 1036
190.95.1.185 - - [29/Aug/2025:09:09:18 -0300] "GET /cormun/static/Resources/resize.gif HTTP/1.1" 200 77
190.95.67.93 - - [29/Aug/2025:09:09:18 -0300] "POST /cormun/servlet/trpermisosgoce?07068c407eba57d2bc549f28eda6fcc2,,gx-no-cache=1756469536577 HTTP/1.1" 200 12997
190.95.1.185 - - [29/Aug/2025:09:09:18 -0300] "GET /cormun/servlet/prfichaempleado?,MD,,gxPopupLevel%3D0%3B HTTP/1.1" 200 9451
190.95.1.185 - - [29/Aug/2025:09:09:18 -0300] "GET /cormun/static/Resources/PXToolsMenuSearch.png HTTP/1.1" 200 336
190.95.1.185 - - [29/Aug/2025:09:09:18 -0300] "GET /cormun/static/prfichaempleado.js?20201215572193 HTTP/1.1" 200 16005
190.95.1.185 - - [29/Aug/2025:09:09:18 -0300] "GET /cormun/static/gxcfg.js?20201215571085 HTTP/1.1" 200 953
190.95.1.185 - - [29/Aug/2025:09:09:18 -0300] "GET /cormun/static/menusearch.js?20201214473581 HTTP/1.1" 200 1424
190.95.1.185 - - [29/Aug/2025:09:09:19 -0300] "GET /cormun/static/hmpwkw011.js?202211298443482 HTTP/1.1" 200 1968
190.95.1.185 - - [29/Aug/2025:09:09:19 -0300] "GET /cormun/static/Resources/PXToolsMenuSearchCancel.png HTTP/1.1" 200 306
190.95.1.185 - - [29/Aug/2025:09:09:26 -0300] "POST /cormun/servlet/prfichaempleado?5705e686a67fdd23576e266d7312219e,,MD,,gxPopupLevel%3D0%3B,gx-no-cache=1756469531079 HTTP/1.1" 200 4859
190.95.1.185 - - [29/Aug/2025:09:09:38 -0300] "GET /cormun/servlet/prlicenciaspermisos?18445965,L,,MD,,gxPopupLevel%3D0%3B HTTP/1.1" 200 7189
190.95.1.185 - - [29/Aug/2025:09:09:38 -0300] "GET /cormun/static/gxcfg.js?2020121559567 HTTP/1.1" 200 953
190.95.1.185 - - [29/Aug/2025:09:09:38 -0300] "GET /cormun/static/prlicenciaspermisos.js?2020121559821 HTTP/1.1" 200 13379
190.95.1.185 - - [29/Aug/2025:09:09:43 -0300] "POST /cormun/servlet/solicitudot?gx-no-cache=1756469547422 HTTP/1.1" 200 1481
190.95.1.185 - - [29/Aug/2025:09:10:23 -0300] "GET /cormun/servlet/trsolicitudot? HTTP/1.1" 200 9123
190.95.67.99 - - [29/Aug/2025:09:12:46 -0300] "GET /cormun/servlet/hhome HTTP/1.1" 200 3322
190.95.67.99 - - [29/Aug/2025:09:12:49 -0300] "GET /cormun/servlet/hlogin HTTP/1.1" 200 1729
190.95.67.99 - - [29/Aug/2025:09:12:52 -0300] "POST /cormun/servlet/hlogin?1dceec9796c939fe54b73a0b9d5ccd64,gx-no-cache=1756469754073 HTTP/1.1" 200 90
190.95.67.99 - - [29/Aug/2025:09:12:52 -0300] "GET /cormun/servlet/hpexe_link HTTP/1.1" 200 949
190.95.67.99 - - [29/Aug/2025:09:12:52 -0300] "GET /cormun/servlet/hhome HTTP/1.1" 200 4315
190.95.67.99 - - [29/Aug/2025:09:13:03 -0300] "GET /cormun/servlet/trpermisosgoce? HTTP/1.1" 200 14542
201.186.225.249 - - [29/Aug/2025:09:15:46 -0300] "GET /cormun/servlet/hlogin HTTP/1.1" 200 1720
201.186.225.249 - - [29/Aug/2025:09:15:46 -0300] "GET /favicon.ico HTTP/1.1" 200 21630
201.186.225.249 - - [29/Aug/2025:09:15:53 -0300] "POST /cormun/servlet/hlogin?436ebc9c6bd3d66a8694f20d63ff155d,gx-no-cache=1756469932179 HTTP/1.1" 200 90
201.186.225.249 - - [29/Aug/2025:09:15:53 -0300] "GET /cormun/servlet/hpexe_link HTTP/1.1" 200 951
201.186.225.249 - - [29/Aug/2025:09:15:53 -0300] "GET /cormun/servlet/hhome HTTP/1.1" 200 4304
179.57.78.71 - - [29/Aug/2025:09:16:05 -0300] "GET /cormun/servlet/hlogin HTTP/1.1" 200 1720
201.186.225.249 - - [29/Aug/2025:09:16:06 -0300] "GET /cormun/servlet/hlogin HTTP/1.1" 200 1720
179.57.78.71 - - [29/Aug/2025:09:16:09 -0300] "POST /cormun/servlet/hlogin?cc820da7fa1fba8d876db07d6ed20472,gx-no-cache=1756469948070 HTTP/1.1" 200 90
179.57.78.71 - - [29/Aug/2025:09:16:09 -0300] "GET /cormun/servlet/hpexe_link HTTP/1.1" 200 951
179.57.78.71 - - [29/Aug/2025:09:16:09 -0300] "GET /cormun/servlet/hhome HTTP/1.1" 200 4257
179.57.78.71 - - [29/Aug/2025:09:16:13 -0300] "GET /cormun/servlet/trlicencias? HTTP/1.1" 200 15823
201.186.225.249 - - [29/Aug/2025:09:18:22 -0300] "GET /cormun/servlet/trsolicitudot? HTTP/1.1" 200 6501
201.186.225.249 - - [29/Aug/2025:09:18:22 -0300] "GET /cormun/servlet/hlogin HTTP/1.1" 200 1739
190.95.67.93 - - [29/Aug/2025:09:18:24 -0300] "GET /cormun/servlet/permisogoce?INS,0,,, HTTP/1.1" 200 7234
201.186.225.249 - - [29/Aug/2025:09:18:46 -0300] "POST /cormun/servlet/hlogin?436ebc9c6bd3d66a8694f20d63ff155d,gx-no-cache=1756470105956 HTTP/1.1" 200 90
201.186.225.249 - - [29/Aug/2025:09:18:47 -0300] "GET /cormun/servlet/hpexe_link HTTP/1.1" 200 957
201.186.225.249 - - [29/Aug/2025:09:18:47 -0300] "GET /cormun/servlet/trsolicitudot HTTP/1.1" 200 7521
201.186.225.249 - - [29/Aug/2025:09:18:49 -0300] "GET /cormun/servlet/trsolicitudot? HTTP/1.1" 200 7520
201.186.225.249 - - [29/Aug/2025:09:18:52 -0300] "GET /cormun/static/menuarrow.gif HTTP/1.1" 404 1015
190.95.67.93 - - [29/Aug/2025:09:19:03 -0300] "GET /cormun/servlet/permisogoce?45b0646e906b2d7e24c3c53f03120da318dd8075a41dedf76f098fcb8f4e6b379b8a7cf3c537fffa44deae0fe3fea252fc031554608b2b8f90390d0906bb13a7,gx-no-cache=1756470122288 HTTP/1.1" 200 80
190.95.67.93 - - [29/Aug/2025:09:19:19 -0300] "GET /cormun/static/menuarrow.gif HTTP/1.1" 404 1015
190.95.67.93 - - [29/Aug/2025:09:19:28 -0300] "GET /cormun/servlet/permisogoce?45b0646e906b2d7e24c3c53f03120da3b058e9b0f6070286826f03c6e436d40be127f53c9effeec7229d3873d2bdba68c46256e64303a85b166bb7921a9f6181,gx-no-cache=1756470147041 HTTP/1.1" 200 48
201.186.225.249 - - [29/Aug/2025:09:19:44 -0300] "POST /cormun/servlet/trsolicitudot?436ebc9c6bd3d66a8694f20d63ff155d,,gx-no-cache=1756470163077 HTTP/1.1" 200 6051
190.95.67.93 - - [29/Aug/2025:09:20:04 -0300] "POST /cormun/servlet/permisogoce?07068c407eba57d2bc549f28eda6fcc2,INS,0,,,,gx-no-cache=1756470182181 HTTP/1.1" 200 93
190.95.67.93 - - [29/Aug/2025:09:20:04 -0300] "GET /cormun/servlet/hpexe_return? HTTP/1.1" 200 1012
190.95.67.93 - - [29/Aug/2025:09:20:04 -0300] "GET /cormun/servlet/trpermisosgoce? HTTP/1.1" 200 15869
201.186.225.249 - - [29/Aug/2025:09:20:06 -0300] "POST /cormun/servlet/trsolicitudot?436ebc9c6bd3d66a8694f20d63ff155d,,gx-no-cache=1756470185028 HTTP/1.1" 200 6396
190.95.67.93 - - [29/Aug/2025:09:20:07 -0300] "GET /cormun/servlet/apermisogoceprn?13944228,P,20250829082150,PU HTTP/1.1" 200 1659
190.95.1.187 - - [29/Aug/2025:09:21:04 -0300] "GET /cormun/servlet/hlogin HTTP/1.1" 200 1721
190.95.1.187 - - [29/Aug/2025:09:21:04 -0300] "GET /cormun/servlet/hlogin HTTP/1.1" 200 1732
190.95.1.187 - - [29/Aug/2025:09:21:07 -0300] "POST /cormun/servlet/hlogin?81f85cc90f7558cf844621ff812a0396,gx-no-cache=1756470241553 HTTP/1.1" 200 90
190.95.1.187 - - [29/Aug/2025:09:21:07 -0300] "GET /cormun/servlet/hpexe_link HTTP/1.1" 200 952
190.95.1.187 - - [29/Aug/2025:09:21:07 -0300] "GET /cormun/servlet/hhome HTTP/1.1" 200 4021
190.95.1.187 - - [29/Aug/2025:09:21:13 -0300] "GET /cormun/servlet/trlicencias? HTTP/1.1" 200 17408
186.173.85.56 - - [29/Aug/2025:09:22:04 -0300] "GET /cormun/servlet/hlogin HTTP/1.1" 200 1718
186.173.85.56 - - [29/Aug/2025:09:22:05 -0300] "GET /cormun/static/gxtimezone.js?85251 HTTP/1.1" 200 5781
186.173.85.56 - - [29/Aug/2025:09:22:05 -0300] "GET /cormun/static/Resources/Spanish/PXTools.css?1759030 HTTP/1.1" 200 100853
186.173.85.56 - - [29/Aug/2025:09:22:05 -0300] "GET /cormun/static/gxcfg.js?2022112219184450 HTTP/1.1" 200 953
186.173.85.56 - - [29/Aug/2025:09:22:05 -0300] "GET /cormun/static/Resources/CormunLogin.png HTTP/1.1" 200 19132
186.173.85.56 - - [29/Aug/2025:09:22:05 -0300] "GET /cormun/static/messages.spa.js?85251 HTTP/1.1" 200 30736
186.173.85.56 - - [29/Aug/2025:09:22:06 -0300] "GET /cormun/static/hlogin.js?2022112219184458 HTTP/1.1" 200 2156
186.173.85.56 - - [29/Aug/2025:09:22:08 -0300] "GET /cormun/static/gxgral.js?85251 HTTP/1.1" 200 384558
186.173.85.56 - - [29/Aug/2025:09:22:10 -0300] "GET /cormun/static/Resources/PXToolsLoginTop.png HTTP/1.1" 200 1337
186.173.85.56 - - [29/Aug/2025:09:22:10 -0300] "GET /cormun/static/Resources/PXToolsLoginBackground.png HTTP/1.1" 200 1164
186.173.85.56 - - [29/Aug/2025:09:22:10 -0300] "GET /cormun/static/Resources/PXToolsButtonLeft.png HTTP/1.1" 200 1310
186.173.85.56 - - [29/Aug/2025:09:22:10 -0300] "GET /cormun/static/Resources/PXToolsButtonRight.png HTTP/1.1" 200 1294
186.173.85.56 - - [29/Aug/2025:09:22:10 -0300] "GET /cormun/servlet/hlogin HTTP/1.1" 200 1729
186.173.85.56 - - [29/Aug/2025:09:22:10 -0300] "GET /cormun/static/Resources/PXToolsLoginBottom.png HTTP/1.1" 200 1389
186.173.85.56 - - [29/Aug/2025:09:22:10 -0300] "GET /cormun/static/Resources/indicator.gif HTTP/1.1" 200 1553
186.173.85.56 - - [29/Aug/2025:09:22:10 -0300] "GET /cormun/static/Resources/PXToolsButtonBackground.png HTTP/1.1" 200 1176
186.173.85.56 - - [29/Aug/2025:09:22:11 -0300] "GET /cormun/static/Resources/PXToolsButtonBackground.png HTTP/1.1" 200 1176
186.173.85.56 - - [29/Aug/2025:09:22:11 -0300] "GET /cormun/static/Resources/PXToolsLoginBottom.png HTTP/1.1" 200 1389
186.173.85.56 - - [29/Aug/2025:09:22:11 -0300] "GET /cormun/static/Resources/indicator.gif HTTP/1.1" 200 1553
186.173.85.56 - - [29/Aug/2025:09:22:11 -0300] "GET /favicon.ico HTTP/1.1" 200 21630
186.173.85.56 - - [29/Aug/2025:09:22:33 -0300] "POST /cormun/servlet/hlogin?3fe0c8b6ece818a43326e8771d8aca00,gx-no-cache=1756470331834 HTTP/1.1" 200 446
186.173.85.56 - - [29/Aug/2025:09:23:23 -0300] "POST /cormun/servlet/hlogin?3fe0c8b6ece818a43326e8771d8aca00,gx-no-cache=1756470381967 HTTP/1.1" 200 446
190.95.15.13 - - [29/Aug/2025:09:23:44 -0300] "GET /cormun/servlet/hlogin HTTP/1.1" 200 1722
190.95.15.13 - - [29/Aug/2025:09:23:56 -0300] "POST /cormun/servlet/hlogin?4c99ebff6450074046c9772fea66cbbc,gx-no-cache=1756470414827 HTTP/1.1" 200 90
190.95.15.13 - - [29/Aug/2025:09:23:56 -0300] "GET /cormun/servlet/hpexe_link HTTP/1.1" 200 950
190.95.15.13 - - [29/Aug/2025:09:23:56 -0300] "GET /cormun/servlet/hhome HTTP/1.1" 200 3946
190.95.15.13 - - [29/Aug/2025:09:23:59 -0300] "GET /cormun/servlet/trlicencias? HTTP/1.1" 200 14065
179.57.78.71 - - [29/Aug/2025:09:24:18 -0300] "GET /cormun/servlet/hlogin HTTP/1.1" 200 1720
179.57.78.71 - - [29/Aug/2025:09:24:25 -0300] "POST /cormun/servlet/hlogin?cc820da7fa1fba8d876db07d6ed20472,gx-no-cache=1756470444414 HTTP/1.1" 200 90
179.57.78.71 - - [29/Aug/2025:09:24:25 -0300] "GET /cormun/servlet/hpexe_link HTTP/1.1" 200 955
179.57.78.71 - - [29/Aug/2025:09:24:25 -0300] "GET /cormun/servlet/trlicencias HTTP/1.1" 200 15828
179.57.78.71 - - [29/Aug/2025:09:24:35 -0300] "GET /cormun/servlet/trsolicitudot? HTTP/1.1" 200 7470
179.57.78.71 - - [29/Aug/2025:09:24:38 -0300] "GET /cormun/servlet/solicitudot?INS,0,0,false, HTTP/1.1" 200 16255
179.57.78.71 - - [29/Aug/2025:09:25:06 -0300] "POST /cormun/servlet/solicitudot?gx-no-cache=1756470485354 HTTP/1.1" 200 4161
179.57.78.71 - - [29/Aug/2025:09:25:06 -0300] "POST /cormun/servlet/solicitudot?cc820da7fa1fba8d876db07d6ed20472,INS,0,0,false,,gx-no-cache=1756470485517 HTTP/1.1" 200 12977
179.57.78.71 - - [29/Aug/2025:09:25:19 -0300] "GET /cormun/servlet/solicitudot?ee86041055880637a57f326bac98b3bb00ce3f74bc5b7429927521441b688f1806c08248687488f1ae42cba16af08718,gx-no-cache=1756470498364 HTTP/1.1" 200 30
191.125.24.52 - - [29/Aug/2025:09:25:43 -0300] "GET /cormun/servlet/hlogin HTTP/1.1" 200 1722
191.125.24.52 - - [29/Aug/2025:09:25:46 -0300] "POST /cormun/servlet/hlogin?58342390b3d2829a5a57c07166372eb7,gx-no-cache=1756470526059 HTTP/1.1" 200 90
191.125.24.52 - - [29/Aug/2025:09:25:47 -0300] "GET /cormun/servlet/hpexe_link HTTP/1.1" 200 947
191.125.24.52 - - [29/Aug/2025:09:25:47 -0300] "GET /cormun/servlet/hhome HTTP/1.1" 200 3909
191.125.24.52 - - [29/Aug/2025:09:25:50 -0300] "GET /cormun/servlet/trsolicitudot? HTTP/1.1" 200 7127
191.125.24.52 - - [29/Aug/2025:09:25:50 -0300] "GET /cormun/static/gxcfg.js?20221129846531 HTTP/1.1" 200 953
191.125.173.52 - - [29/Aug/2025:09:25:50 -0300] "GET /cormun/static/trsolicitudot.js?202211298465651 HTTP/1.1" 200 54040
191.125.173.52 - - [29/Aug/2025:09:25:56 -0300] "GET /cormun/static/menuarrow.gif HTTP/1.1" 404 1015
191.125.173.52 - - [29/Aug/2025:09:26:03 -0300] "GET /cormun/servlet/trlicencias? HTTP/1.1" 200 10494
179.57.78.71 - - [29/Aug/2025:09:26:14 -0300] "GET /cormun/servlet/solicitudot?ee86041055880637a57f326bac98b3bb0932a10d6c7dc98b2a4cbe2a78d787349d17b95e203905b7f5b56679731b9533214d62d9a7ac2485ccc71918db0034e0,gx-no-cache=1756470553203 HTTP/1.1" 200 30
179.57.78.71 - - [29/Aug/2025:09:26:14 -0300] "GET /cormun/servlet/solicitudot?ee86041055880637a57f326bac98b3bb9039cd1bd7e949187e6dbfdc8f0c8b0b,gx-no-cache=1756470553266 HTTP/1.1" 200 53
179.57.78.71 - - [29/Aug/2025:09:26:14 -0300] "POST /cormun/servlet/solicitudot?gx-no-cache=1756470553299 HTTP/1.1" 200 240
179.57.78.71 - - [29/Aug/2025:09:26:14 -0300] "GET /cormun/servlet/solicitudot?ee86041055880637a57f326bac98b3bb92c8f622b2541e03da08872e69abf5e5caaa0ebc47c7373d2e10db6dead40b5818545cc34bcf216e469f0859990e013d10dfb0f15c1ef2aae5fc3662e7de3c8df4c6be68d19f8b43105e5ff75c4fb57ca2c8b2677caba4ad01e11c3826b651ae0fd6d2ff138976f97b398f4825c4569d528131db84099be7341a5aa8464d2eb0f2bb76dc1e2c70c6d7fe9d5be573ae688f856f956e0829cc5957927c85ff01a1e0f56b7db00a507f50278f9a8911b1a43659c87227ac188d1268c1285dbe15fc85d9096a774d73e14311927e7dc0afe056244be85413b395bbbf62a8867bb0e09eb95d37c48d4217916160470bd4fc8750da7b61951c9071846f214d14fb27ac60921cbc5b14ad3fcd2c952dd0df0e1f5522436688858bfc0a2a2a88f3822256af49d2667a4ce9292dcd7b92018ff861c6165706e24cac644fc9060526e3cc4ab97ae10cf9634ab8ee831bcf608ff0d080602f6906867b7bbb6a49a460c761547e5a0ccd587b2830b28f0b50d1fad4cb,gx-no-cache=1756470553338 HTTP/1.1" 200 30
179.57.78.71 - - [29/Aug/2025:09:26:14 -0300] "POST /cormun/servlet/solicitudot?gx-no-cache=1756470553366 HTTP/1.1" 200 30
179.57.78.71 - - [29/Aug/2025:09:26:14 -0300] "POST /cormun/servlet/solicitudot?gx-no-cache=1756470553401 HTTP/1.1" 200 1479
179.57.78.71 - - [29/Aug/2025:09:26:14 -0300] "POST /cormun/servlet/solicitudot?gx-no-cache=1756470553441 HTTP/1.1" 200 38
179.57.78.71 - - [29/Aug/2025:09:26:14 -0300] "GET /cormun/servlet/solicitudot?ee86041055880637a57f326bac98b3bb8ce5ce1b4a0e9506b8b05f8971f625192ab4487ec1f5d92c9fe26bc12735206a3175dcb3544f72f60202a087452e1596b270a6138916a1ad613934c35ade8fca420cb0e267a5f8803ff7fcba084952bbaede87cbe2c9e6d74acac8aad0b25c4e,gx-no-cache=1756470553463 HTTP/1.1" 200 110
190.95.67.99 - - [29/Aug/2025:09:26:22 -0300] "GET /cormun/servlet/trpermisosgoce? HTTP/1.1" 200 14539
179.57.78.71 - - [29/Aug/2025:09:26:30 -0300] "POST /cormun/servlet/solicitudot?gx-no-cache=1756470569838 HTTP/1.1" 200 110
190.95.15.13 - - [29/Aug/2025:09:26:36 -0300] "GET /cormun/static/menuarrow.gif HTTP/1.1" 404 1015
190.95.67.99 - - [29/Aug/2025:09:26:37 -0300] "GET /cormun/servlet/permisogoce?INS,0,,, HTTP/1.1" 200 7209
190.95.67.97 - - [29/Aug/2025:09:26:51 -0300] "GET /cormun/servlet/hlogin HTTP/1.1" 200 1720
190.95.15.13 - - [29/Aug/2025:09:26:54 -0300] "POST /cormun/servlet/trlicencias?4c99ebff6450074046c9772fea66cbbc,,gx-no-cache=1756470592733 HTTP/1.1" 200 4148
190.95.67.99 - - [29/Aug/2025:09:26:54 -0300] "GET /cormun/servlet/permisogoce?4ba4dba1f816efb32fb2c8858fe32cbcd2823afc0030ffaf729bd3f9d94281a4217131aa800333ae69b2c8d08ad179951cde77b7d1c625091bfccd73a705baca,gx-no-cache=1756470596681 HTTP/1.1" 200 86
190.95.15.13 - - [29/Aug/2025:09:26:57 -0300] "GET /cormun/servlet/trpermisosgoce? HTTP/1.1" 200 15323
190.95.67.97 - - [29/Aug/2025:09:27:01 -0300] "POST /cormun/servlet/hlogin?8933f88a212a191d75caac5add5ccb1e,gx-no-cache=1756470599650 HTTP/1.1" 200 90
190.95.67.97 - - [29/Aug/2025:09:27:01 -0300] "GET /cormun/servlet/hpexe_link HTTP/1.1" 200 951
190.95.67.97 - - [29/Aug/2025:09:27:01 -0300] "GET /cormun/servlet/hhome HTTP/1.1" 200 3871
179.57.78.71 - - [29/Aug/2025:09:27:01 -0300] "POST /cormun/servlet/solicitudot?gx-no-cache=1756470600538 HTTP/1.1" 200 1479
179.57.78.71 - - [29/Aug/2025:09:27:01 -0300] "POST /cormun/servlet/solicitudot?gx-no-cache=1756470600592 HTTP/1.1" 200 38
179.57.78.71 - - [29/Aug/2025:09:27:01 -0300] "GET /cormun/servlet/solicitudot?ee86041055880637a57f326bac98b3bb8ce5ce1b4a0e9506b8b05f8971f625192ab4487ec1f5d92c9fe26bc12735206a3175dcb3544f72f60202a087452e1596b270a6138916a1ad613934c35ade8fca420cb0e267a5f8803ff7fcba084952bbaede87cbe2c9e6d74acac8aad0b25c4e,gx-no-cache=1756470600619 HTTP/1.1" 200 110
179.57.78.71 - - [29/Aug/2025:09:27:01 -0300] "POST /cormun/servlet/solicitudot?gx-no-cache=1756470600645 HTTP/1.1" 200 110
190.95.67.99 - - [29/Aug/2025:09:27:02 -0300] "GET /cormun/servlet/permisogoce?4ba4dba1f816efb32fb2c8858fe32cbc76b5bfb53bb99902996862fb65095b24dde4d12a8b4f89baa9a0f82a4bb92e4a8fc801d1eb55c82e91dee66a39ef731e,gx-no-cache=1756470604345 HTTP/1.1" 200 48
190.95.67.97 - - [29/Aug/2025:09:27:04 -0300] "GET /cormun/servlet/trlicencias? HTTP/1.1" 200 11677
190.95.67.97 - - [29/Aug/2025:09:27:04 -0300] "GET /cormun/static/gxcfg.js?202211298463625 HTTP/1.1" 200 953
190.95.67.97 - - [29/Aug/2025:09:27:04 -0300] "GET /cormun/static/trlicencias.js?202211298463889 HTTP/1.1" 200 41883
190.95.67.99 - - [29/Aug/2025:09:27:10 -0300] "POST /cormun/servlet/permisogoce?1dceec9796c939fe54b73a0b9d5ccd64,INS,0,,,,gx-no-cache=1756470612362 HTTP/1.1" 200 93
190.95.67.99 - - [29/Aug/2025:09:27:10 -0300] "GET /cormun/servlet/hpexe_return? HTTP/1.1" 200 1007
190.95.67.99 - - [29/Aug/2025:09:27:11 -0300] "GET /cormun/servlet/trpermisosgoce HTTP/1.1" 200 14822
190.95.67.97 - - [29/Aug/2025:09:27:12 -0300] "GET /cormun/servlet/alicenciaprn?17835936,L,20250822000000,PU HTTP/1.1" 200 1545
190.95.67.99 - - [29/Aug/2025:09:27:15 -0300] "GET /cormun/servlet/apermisogoceprn?21125297,P,20250829083003,PU HTTP/1.1" 200 1661
179.57.78.71 - - [29/Aug/2025:09:27:16 -0300] "GET /cormun/servlet/solicitudot?ee86041055880637a57f326bac98b3bba16c4d561a9272555b54ce63f5df112d30359e9d03e94eaedd9a85c3285411584ca925cd87f5925e2079184ba6ecf192fb42eb0bd927d2e574150b5aa49d50ce6d3ab77bcb29358a5b93e5af3287111c34cc1e5ef26b129033183816ca17ac98,gx-no-cache=1756470615551 HTTP/1.1" 200 29
190.95.15.13 - - [29/Aug/2025:09:27:18 -0300] "POST /cormun/servlet/trpermisosgoce?4c99ebff6450074046c9772fea66cbbc,,gx-no-cache=1756470617427 HTTP/1.1" 200 5291
201.186.225.183 - - [29/Aug/2025:09:27:24 -0300] "GET /cormun/servlet/trpermisosgoce? HTTP/1.1" 200 18707
190.95.15.13 - - [29/Aug/2025:09:27:27 -0300] "GET /cormun/servlet/permisogoce?INS,0,,, HTTP/1.1" 200 6809
190.95.67.97 - - [29/Aug/2025:09:27:32 -0300] "GET /cormun/servlet/alicenciaprn?17835936,L,20250807000000,PU HTTP/1.1" 200 1544
201.186.225.183 - - [29/Aug/2025:09:27:34 -0300] "POST /cormun/servlet/trpermisosgoce?2a267371ac2ad8dd3098d6f354e7aef8,,gx-no-cache=1756470633378 HTTP/1.1" 200 5047
190.95.15.13 - - [29/Aug/2025:09:27:36 -0300] "GET /cormun/servlet/permisogoce?aef436cce31d9b80fd1df7930d968b7830a17a71227b8543e19d4341fd27d898cd466ae89c1aefb0a467f810c0d3db1a175ae5d67cf2f3a8bb8796e07857dc4a,gx-no-cache=1756470635067 HTTP/1.1" 200 65
190.95.15.13 - - [29/Aug/2025:09:27:41 -0300] "GET /cormun/servlet/permisogoce?aef436cce31d9b80fd1df7930d968b7871b47a54de244a7c02d86f3060ae9fbafff8be0acddc14da7873a64cf5c98817182d97b93bae258afcf78a65f076a3bf,gx-no-cache=1756470640217 HTTP/1.1" 200 47
179.57.78.71 - - [29/Aug/2025:09:27:43 -0300] "GET /cormun/servlet/solicitudot?ee86041055880637a57f326bac98b3bbe5056a9a9d0d7122c323cb8230f55eaacf93ac43e0f39630898a553692259412,gx-no-cache=1756470642696 HTTP/1.1" 200 30
190.95.67.97 - - [29/Aug/2025:09:27:47 -0300] "GET /cormun/servlet/alicenciaprn?17835936,L,20250804000000,PU HTTP/1.1" 200 1541
190.95.15.13 - - [29/Aug/2025:09:27:47 -0300] "POST /cormun/servlet/permisogoce?4c99ebff6450074046c9772fea66cbbc,INS,0,,,,gx-no-cache=1756470645963 HTTP/1.1" 200 93
190.95.15.13 - - [29/Aug/2025:09:27:48 -0300] "GET /cormun/servlet/hpexe_return? HTTP/1.1" 200 1009
190.95.15.13 - - [29/Aug/2025:09:27:48 -0300] "GET /cormun/servlet/trpermisosgoce? HTTP/1.1" 200 8190
190.95.67.97 - - [29/Aug/2025:09:28:06 -0300] "GET /cormun/static/menuarrow.gif HTTP/1.1" 404 1015
190.95.2.157 - - [29/Aug/2025:09:28:07 -0300] "GET /cormun/servlet/hlogin HTTP/1.1" 200 1721
190.95.2.157 - - [29/Aug/2025:09:28:07 -0300] "GET /favicon.ico HTTP/1.1" 200 21630
201.186.225.183 - - [29/Aug/2025:09:28:08 -0300] "GET /cormun/servlet/trpermisosadjuntos?14083819,20250827111322,P, HTTP/1.1" 200 6287
201.186.225.183 - - [29/Aug/2025:09:28:08 -0300] "GET /cormun/static/gxcfg.js?2020121641683 HTTP/1.1" 200 953
201.186.225.183 - - [29/Aug/2025:09:28:08 -0300] "GET /cormun/static/trpermisosadjuntos.js?2020121642996 HTTP/1.1" 200 20158
179.57.78.71 - - [29/Aug/2025:09:28:08 -0300] "POST /cormun/servlet/solicitudot?gx-no-cache=1756470667821 HTTP/1.1" 200 30
201.186.225.183 - - [29/Aug/2025:09:28:10 -0300] "GET /cormun/servlet/permisosadjuntos?INS,14083819,P,20250827111322,, HTTP/1.1" 200 5604
201.186.225.183 - - [29/Aug/2025:09:28:10 -0300] "GET /cormun/static/gxcfg.js?20201215134212 HTTP/1.1" 200 953
201.186.225.183 - - [29/Aug/2025:09:28:10 -0300] "GET /cormun/static/permisosadjuntos.js?20201215134285 HTTP/1.1" 200 8724
201.186.225.183 - - [29/Aug/2025:09:28:10 -0300] "GET /cormun/static/about:blank HTTP/1.1" 404 1011
190.95.67.97 - - [29/Aug/2025:09:28:19 -0300] "POST /cormun/servlet/trlicencias?8933f88a212a191d75caac5add5ccb1e,,gx-no-cache=1756470677394 HTTP/1.1" 200 15449
201.186.225.183 - - [29/Aug/2025:09:28:32 -0300] "POST /cormun/servlet/permisosadjuntos?2a267371ac2ad8dd3098d6f354e7aef8,INS,14083819,P,20250827111322,, HTTP/1.1" 200 116
201.186.225.183 - - [29/Aug/2025:09:28:32 -0300] "GET /cormun/servlet/hpexe_return? HTTP/1.1" 200 1031
201.186.225.183 - - [29/Aug/2025:09:28:32 -0300] "GET /cormun/servlet/trpermisosadjuntos?14083819,20250827111322,P, HTTP/1.1" 200 6746
201.186.225.183 - - [29/Aug/2025:09:28:35 -0300] "GET /cormun/servlet/trpermisosgoce? HTTP/1.1" 200 7759
201.186.225.183 - - [29/Aug/2025:09:28:37 -0300] "POST /cormun/servlet/trpermisosgoce?2a267371ac2ad8dd3098d6f354e7aef8,,gx-no-cache=1756470696705 HTTP/1.1" 200 5055
201.186.225.183 - - [29/Aug/2025:09:28:37 -0300] "GET /cormun/static/Shared/jqueryui/images/ui-bg_highlight-soft_100_c6c2c8_1x100.png HTTP/1.1" 404 1117
201.186.225.183 - - [29/Aug/2025:09:28:37 -0300] "GET /cormun/static/Shared/jqueryui/images/ui-icons_82798d_256x240.png HTTP/1.1" 404 1089
201.186.225.183 - - [29/Aug/2025:09:28:37 -0300] "GET /cormun/static/Shared/jqueryui/images/ui-icons_8d78a5_256x240.png HTTP/1.1" 404 1089
201.186.225.183 - - [29/Aug/2025:09:28:37 -0300] "GET /cormun/static/Shared/jqueryui/images/ui-bg_flat_55_fafafa_40x100.png HTTP/1.1" 404 1097
201.186.225.183 - - [29/Aug/2025:09:28:44 -0300] "POST /cormun/servlet/trpermisosgoce?2a267371ac2ad8dd3098d6f354e7aef8,,gx-no-cache=1756470704143 HTTP/1.1" 200 5051
201.186.225.183 - - [29/Aug/2025:09:28:50 -0300] "POST /cormun/servlet/trpermisosgoce?2a267371ac2ad8dd3098d6f354e7aef8,,gx-no-cache=1756470709471 HTTP/1.1" 200 5344
190.95.15.13 - - [29/Aug/2025:09:28:52 -0300] "POST /cormun/servlet/trpermisosgoce?4c99ebff6450074046c9772fea66cbbc,,gx-no-cache=1756470709162 HTTP/1.1" 200 5275
201.186.225.183 - - [29/Aug/2025:09:28:52 -0300] "GET /cormun/servlet/trpermisosadjuntos?9816920,20250825101022,P, HTTP/1.1" 200 6285
201.186.225.183 - - [29/Aug/2025:09:28:54 -0300] "GET /cormun/servlet/permisosadjuntos?INS,9816920,P,20250825101022,, HTTP/1.1" 200 5601
201.186.225.183 - - [29/Aug/2025:09:28:54 -0300] "GET /cormun/static/about:blank HTTP/1.1" 404 1011
190.95.15.13 - - [29/Aug/2025:09:28:55 -0300] "GET /cormun/servlet/permisogoce?INS,0,,, HTTP/1.1" 200 6808
201.186.225.183 - - [29/Aug/2025:09:29:01 -0300] "POST /cormun/servlet/permisosadjuntos?2a267371ac2ad8dd3098d6f354e7aef8,INS,9816920,P,20250825101022,, HTTP/1.1" 200 116
201.186.225.183 - - [29/Aug/2025:09:29:01 -0300] "GET /cormun/servlet/hpexe_return? HTTP/1.1" 200 1029
201.186.225.183 - - [29/Aug/2025:09:29:01 -0300] "GET /cormun/servlet/trpermisosadjuntos?9816920,20250825101022,P, HTTP/1.1" 200 6746
190.95.15.13 - - [29/Aug/2025:09:29:03 -0300] "GET /cormun/servlet/permisogoce?aef436cce31d9b80fd1df7930d968b78c1cfc1dee0e1e0841cab836045925435cd466ae89c1aefb0a467f810c0d3db1a175ae5d67cf2f3a8bb8796e07857dc4a,gx-no-cache=1756470722098 HTTP/1.1" 200 80
201.186.225.183 - - [29/Aug/2025:09:29:04 -0300] "GET /cormun/servlet/trpermisosgoce? HTTP/1.1" 200 8042
201.186.225.183 - - [29/Aug/2025:09:29:06 -0300] "POST /cormun/servlet/trpermisosgoce?2a267371ac2ad8dd3098d6f354e7aef8,,gx-no-cache=1756470725828 HTTP/1.1" 200 5315
191.125.173.52 - - [29/Aug/2025:09:29:08 -0300] "GET /cormun/servlet/licenciaspermisos?INS,0,,, HTTP/1.1" 200 7517
191.125.173.52 - - [29/Aug/2025:09:29:08 -0300] "GET /cormun/static/gxcfg.js?202012153173 HTTP/1.1" 200 953
191.125.24.52 - - [29/Aug/2025:09:29:08 -0300] "GET /cormun/static/licenciaspermisos.js?2020121532136 HTTP/1.1" 200 38753
190.95.15.13 - - [29/Aug/2025:09:29:10 -0300] "GET /cormun/servlet/permisogoce?aef436cce31d9b80fd1df7930d968b78a3a4757b6b5075a07a48939338b253eddb4ec894167fc86962005ea2e6026280182d97b93bae258afcf78a65f076a3bf,gx-no-cache=1756470729177 HTTP/1.1" 200 48
201.186.225.183 - - [29/Aug/2025:09:29:14 -0300] "POST /cormun/servlet/trpermisosgoce?2a267371ac2ad8dd3098d6f354e7aef8,,gx-no-cache=1756470733619 HTTP/1.1" 200 5068
190.95.15.13 - - [29/Aug/2025:09:29:14 -0300] "POST /cormun/servlet/permisogoce?4c99ebff6450074046c9772fea66cbbc,INS,0,,,,gx-no-cache=1756470732610 HTTP/1.1" 200 93
190.95.15.13 - - [29/Aug/2025:09:29:14 -0300] "GET /cormun/servlet/hpexe_return? HTTP/1.1" 200 1009
190.95.15.13 - - [29/Aug/2025:09:29:14 -0300] "GET /cormun/servlet/trpermisosgoce? HTTP/1.1" 200 8164
201.186.225.183 - - [29/Aug/2025:09:29:16 -0300] "GET /cormun/servlet/trpermisosadjuntos?18598184,20250825095919,P, HTTP/1.1" 200 6279
201.186.225.183 - - [29/Aug/2025:09:29:18 -0300] "GET /cormun/servlet/permisosadjuntos?INS,18598184,P,20250825095919,, HTTP/1.1" 200 5600
190.95.67.97 - - [29/Aug/2025:09:29:18 -0300] "GET /cormun/servlet/alicenciaprn?17835936,L,20250721000000,PU HTTP/1.1" 200 1543
201.186.225.183 - - [29/Aug/2025:09:29:18 -0300] "GET /cormun/static/about:blank HTTP/1.1" 404 1011
201.186.225.183 - - [29/Aug/2025:09:29:28 -0300] "POST /cormun/servlet/permisosadjuntos?2a267371ac2ad8dd3098d6f354e7aef8,INS,18598184,P,20250825095919,, HTTP/1.1" 200 116
201.186.225.183 - - [29/Aug/2025:09:29:28 -0300] "GET /cormun/servlet/hpexe_return? HTTP/1.1" 200 1031
201.186.225.183 - - [29/Aug/2025:09:29:28 -0300] "GET /cormun/servlet/trpermisosadjuntos?18598184,20250825095919,P, HTTP/1.1" 200 6739
201.186.225.183 - - [29/Aug/2025:09:29:30 -0300] "GET /cormun/servlet/trpermisosgoce? HTTP/1.1" 200 7762
201.186.225.183 - - [29/Aug/2025:09:29:33 -0300] "POST /cormun/servlet/trpermisosgoce?2a267371ac2ad8dd3098d6f354e7aef8,,gx-no-cache=1756470752828 HTTP/1.1" 200 5057
191.125.24.52 - - [29/Aug/2025:09:29:38 -0300] "POST /cormun/servlet/licenciaspermisos?58342390b3d2829a5a57c07166372eb7,INS,0,,,,gx-no-cache=1756470757203 HTTP/1.1" 200 93
191.125.24.52 - - [29/Aug/2025:09:29:38 -0300] "GET /cormun/servlet/hpexe_return? HTTP/1.1" 200 1010
191.125.24.52 - - [29/Aug/2025:09:29:38 -0300] "GET /cormun/servlet/trlicencias HTTP/1.1" 200 10500
191.125.24.52 - - [29/Aug/2025:09:29:41 -0300] "GET /cormun/servlet/trsolicitudot? HTTP/1.1" 200 7126
201.186.225.183 - - [29/Aug/2025:09:29:41 -0300] "POST /cormun/servlet/trpermisosgoce?2a267371ac2ad8dd3098d6f354e7aef8,,gx-no-cache=1756470761283 HTTP/1.1" 200 5553
201.186.225.183 - - [29/Aug/2025:09:29:46 -0300] "GET /cormun/servlet/trpermisosadjuntos?12291516,20250825100731,P, HTTP/1.1" 200 6284
201.186.225.183 - - [29/Aug/2025:09:29:48 -0300] "GET /cormun/servlet/permisosadjuntos?INS,12291516,P,20250825100731,, HTTP/1.1" 200 5606
201.186.225.183 - - [29/Aug/2025:09:29:48 -0300] "GET /cormun/static/about:blank HTTP/1.1" 404 1011
201.186.225.183 - - [29/Aug/2025:09:29:56 -0300] "POST /cormun/servlet/permisosadjuntos?2a267371ac2ad8dd3098d6f354e7aef8,INS,12291516,P,20250825100731,, HTTP/1.1" 200 116
201.186.225.183 - - [29/Aug/2025:09:29:56 -0300] "GET /cormun/servlet/hpexe_return? HTTP/1.1" 200 1030
201.186.225.183 - - [29/Aug/2025:09:29:56 -0300] "GET /cormun/servlet/trpermisosadjuntos?12291516,20250825100731,P, HTTP/1.1" 200 6746
190.95.15.13 - - [29/Aug/2025:09:29:58 -0300] "POST /cormun/servlet/trpermisosgoce?4c99ebff6450074046c9772fea66cbbc,,gx-no-cache=1756470776546 HTTP/1.1" 200 5716
201.186.225.183 - - [29/Aug/2025:09:29:59 -0300] "GET /cormun/servlet/trpermisosgoce? HTTP/1.1" 200 8272
201.186.225.183 - - [29/Aug/2025:09:30:02 -0300] "POST /cormun/servlet/trpermisosgoce?2a267371ac2ad8dd3098d6f354e7aef8,,gx-no-cache=1756470781668 HTTP/1.1" 200 5549
190.95.15.13 - - [29/Aug/2025:09:30:04 -0300] "GET /cormun/servlet/permisogoce?INS,0,,, HTTP/1.1" 200 6808
201.186.225.183 - - [29/Aug/2025:09:30:12 -0300] "POST /cormun/servlet/trpermisosgoce?2a267371ac2ad8dd3098d6f354e7aef8,,gx-no-cache=1756470791707 HTTP/1.1" 200 5355
190.95.15.13 - - [29/Aug/2025:09:30:13 -0300] "GET /cormun/servlet/permisogoce?aef436cce31d9b80fd1df7930d968b78fbecdfa77115babc01f9482023a2cdc0cd466ae89c1aefb0a467f810c0d3db1a175ae5d67cf2f3a8bb8796e07857dc4a,gx-no-cache=1756470792025 HTTP/1.1" 200 90
201.186.225.183 - - [29/Aug/2025:09:30:17 -0300] "GET /cormun/servlet/trpermisosadjuntos?13598462,20250825100645,P, HTTP/1.1" 200 6278
201.186.225.183 - - [29/Aug/2025:09:30:19 -0300] "GET /cormun/servlet/permisosadjuntos?INS,13598462,P,20250825100645,, HTTP/1.1" 200 5600
201.186.225.183 - - [29/Aug/2025:09:30:19 -0300] "GET /cormun/static/about:blank HTTP/1.1" 404 1011
190.95.15.13 - - [29/Aug/2025:09:30:22 -0300] "GET /cormun/servlet/permisogoce?aef436cce31d9b80fd1df7930d968b784800027d308eebe966700d1dfec131d90a792c9397a882e3aab5756dad2c9088af6641d01acea6ae86c699b8bbd246f1,gx-no-cache=1756470800872 HTTP/1.1" 200 47
191.125.173.52 - - [29/Aug/2025:09:30:22 -0300] "GET /cormun/servlet/solicitudot?INS,0,0,false, HTTP/1.1" 200 15916
191.125.24.52 - - [29/Aug/2025:09:30:22 -0300] "GET /cormun/static/gxcfg.js?20221129840861 HTTP/1.1" 200 953
191.125.173.52 - - [29/Aug/2025:09:30:22 -0300] "GET /cormun/static/solicitudot.js?20221129840983 HTTP/1.1" 200 74072
190.95.15.13 - - [29/Aug/2025:09:30:24 -0300] "POST /cormun/servlet/permisogoce?4c99ebff6450074046c9772fea66cbbc,INS,0,,,,gx-no-cache=1756470802993 HTTP/1.1" 200 93
190.95.15.13 - - [29/Aug/2025:09:30:24 -0300] "GET /cormun/servlet/hpexe_return? HTTP/1.1" 200 1009
190.95.15.13 - - [29/Aug/2025:09:30:24 -0300] "GET /cormun/servlet/trpermisosgoce? HTTP/1.1" 200 8619
201.186.225.183 - - [29/Aug/2025:09:30:26 -0300] "POST /cormun/servlet/permisosadjuntos?2a267371ac2ad8dd3098d6f354e7aef8,INS,13598462,P,20250825100645,, HTTP/1.1" 200 116
201.186.225.183 - - [29/Aug/2025:09:30:26 -0300] "GET /cormun/servlet/hpexe_return? HTTP/1.1" 200 1029
201.186.225.183 - - [29/Aug/2025:09:30:26 -0300] "GET /cormun/servlet/trpermisosadjuntos?13598462,20250825100645,P, HTTP/1.1" 200 6741
179.57.78.71 - - [29/Aug/2025:09:30:28 -0300] "POST /cormun/servlet/solicitudot?cc820da7fa1fba8d876db07d6ed20472,INS,0,0,false,,gx-no-cache=1756470807457 HTTP/1.1" 200 93
179.57.78.71 - - [29/Aug/2025:09:30:28 -0300] "GET /cormun/servlet/hpexe_return? HTTP/1.1" 200 1007
179.57.78.71 - - [29/Aug/2025:09:30:29 -0300] "GET /cormun/servlet/trsolicitudot HTTP/1.1" 200 8870
201.186.225.183 - - [29/Aug/2025:09:30:29 -0300] "GET /cormun/servlet/trpermisosgoce? HTTP/1.1" 200 8055
201.186.225.183 - - [29/Aug/2025:09:30:32 -0300] "POST /cormun/servlet/trpermisosgoce?2a267371ac2ad8dd3098d6f354e7aef8,,gx-no-cache=1756470811884 HTTP/1.1" 200 5333
191.125.173.52 - - [29/Aug/2025:09:30:35 -0300] "POST /cormun/servlet/solicitudot?gx-no-cache=1756470814673 HTTP/1.1" 200 4046
191.125.173.52 - - [29/Aug/2025:09:30:35 -0300] "POST /cormun/servlet/solicitudot?58342390b3d2829a5a57c07166372eb7,INS,0,0,false,,gx-no-cache=1756470814895 HTTP/1.1" 200 12620
191.125.173.52 - - [29/Aug/2025:09:30:37 -0300] "GET /cormun/servlet/solicitudot?8f5e919fbb948412c6deb0a016b39e104eccad1647d05bf250e227d4201cd2775a61d43cbdee1d9e761b725aa46d2877,gx-no-cache=1756470817036 HTTP/1.1" 200 30
201.186.225.183 - - [29/Aug/2025:09:30:41 -0300] "POST /cormun/servlet/trpermisosgoce?2a267371ac2ad8dd3098d6f354e7aef8,,gx-no-cache=1756470821179 HTTP/1.1" 200 5330
190.95.67.97 - - [29/Aug/2025:09:31:27 -0300] "POST /cormun/servlet/trlicencias?8933f88a212a191d75caac5add5ccb1e,,gx-no-cache=1756470865648 HTTP/1.1" 200 17488
179.57.78.71 - - [29/Aug/2025:09:31:38 -0300] "POST /cormun/servlet/trsolicitudot?cc820da7fa1fba8d876db07d6ed20472,gx-no-cache=1756470876867 HTTP/1.1" 200 4858
179.57.78.71 - - [29/Aug/2025:09:31:38 -0300] "GET /cormun/static/Shared/jqueryui/images/ui-bg_highlight-soft_100_c6c2c8_1x100.png HTTP/1.1" 404 1117
179.57.78.71 - - [29/Aug/2025:09:31:38 -0300] "GET /cormun/static/Shared/jqueryui/images/ui-icons_82798d_256x240.png HTTP/1.1" 404 1089
179.57.78.71 - - [29/Aug/2025:09:31:38 -0300] "GET /cormun/static/Shared/jqueryui/images/ui-bg_flat_55_fafafa_40x100.png HTTP/1.1" 404 1097
179.57.78.71 - - [29/Aug/2025:09:31:38 -0300] "GET /cormun/static/Shared/jqueryui/images/ui-icons_8d78a5_256x240.png HTTP/1.1" 404 1089
179.57.78.71 - - [29/Aug/2025:09:31:38 -0300] "POST /cormun/servlet/trsolicitudot?cc820da7fa1fba8d876db07d6ed20472,gx-no-cache=1756470877050 HTTP/1.1" 200 4611
201.186.225.183 - - [29/Aug/2025:09:32:21 -0300] "GET /cormun/servlet/trpermisosadjuntos?12291026,20250825100602,P, HTTP/1.1" 200 6271
201.186.225.183 - - [29/Aug/2025:09:32:23 -0300] "GET /cormun/servlet/permisosadjuntos?INS,12291026,P,20250825100602,, HTTP/1.1" 200 5590
201.186.225.183 - - [29/Aug/2025:09:32:23 -0300] "GET /cormun/static/about:blank HTTP/1.1" 404 1011
190.95.15.15 - - [29/Aug/2025:09:33:30 -0300] "GET /cormun/servlet/trlicencias? HTTP/1.1" 200 6055
190.95.15.15 - - [29/Aug/2025:09:33:30 -0300] "GET /cormun/servlet/hlogin HTTP/1.1" 200 1740
190.95.15.15 - - [29/Aug/2025:09:33:37 -0300] "POST /cormun/servlet/hlogin?429f37e761f9171553b57a4443fb36ec,gx-no-cache=1756470996197 HTTP/1.1" 200 90
190.95.15.15 - - [29/Aug/2025:09:33:37 -0300] "GET /cormun/servlet/hpexe_link HTTP/1.1" 200 957
190.95.15.15 - - [29/Aug/2025:09:33:37 -0300] "GET /cormun/servlet/trlicencias HTTP/1.1" 200 16579
201.186.225.183 - - [29/Aug/2025:09:33:39 -0300] "POST /cormun/servlet/permisosadjuntos?2a267371ac2ad8dd3098d6f354e7aef8,INS,12291026,P,20250825100602,,,gx-no-cache=1756470999139 HTTP/1.1" 200 93
201.186.225.183 - - [29/Aug/2025:09:33:40 -0300] "GET /cormun/servlet/hpexe_return? HTTP/1.1" 200 1029
201.186.225.183 - - [29/Aug/2025:09:33:40 -0300] "GET /cormun/servlet/trpermisosadjuntos?12291026,20250825100602,P, HTTP/1.1" 200 6275
201.186.225.183 - - [29/Aug/2025:09:33:43 -0300] "GET /cormun/servlet/trpermisosgoce? HTTP/1.1" 200 8033
190.95.15.13 - - [29/Aug/2025:09:34:21 -0300] "GET /cormun/servlet/trpermisosgoce? HTTP/1.1" 200 8614
190.95.15.13 - - [29/Aug/2025:09:34:27 -0300] "POST /cormun/servlet/trpermisosgoce?4c99ebff6450074046c9772fea66cbbc,,gx-no-cache=1756471045626 HTTP/1.1" 200 15956
191.125.173.52 - - [29/Aug/2025:09:35:09 -0300] "GET /cormun/servlet/solicitudot?8f5e919fbb948412c6deb0a016b39e101415ba77ce27a20b1804ee87c415d0c66b0f80c90ac4acca439818b763ea2304cbaa4bd261a660b341b2e02db8fe4b75,gx-no-cache=1756471088925 HTTP/1.1" 200 30
191.125.173.52 - - [29/Aug/2025:09:35:12 -0300] "GET /cormun/servlet/solicitudot?8f5e919fbb948412c6deb0a016b39e1029d1efc2e137a0565e86e469ad83dff0,gx-no-cache=1756471091461 HTTP/1.1" 200 53
191.125.173.52 - - [29/Aug/2025:09:35:28 -0300] "POST /cormun/servlet/solicitudot?gx-no-cache=1756471107294 HTTP/1.1" 200 297
191.125.173.52 - - [29/Aug/2025:09:35:28 -0300] "GET /cormun/servlet/solicitudot?8f5e919fbb948412c6deb0a016b39e1076605ce5d2a52bf4f31bcdef2978b75ee3bef540169de34342acae2a98f8928af18c8a978af3aeb1b3107f549737da367ebca27399c98750bd9fd183a83ba1051080fa7119b1b14ba992a144a7b0edb079e505efb160e1c4ecbccc08389730822c19812e6c7758b60fe408c4bc4a115cd617facb6f409cda539668e1a20ec1d7206cf8522d2e390b9cf0a461788fa82dfc82621634086c041ab864cb88f3e2a4a4c812aee15c26dbd33d826662d2a60b11db31e8e58fb3026f207c24ab401989ace79bd24eb4fc549729f2d9be2ecd27ae7c894850ffecb84f6ba75714b507fafe5cd2038e8b29cc9f499400cb1264bf602cc0b67fecbf304344c072375dd1869abfb69dfa5ee20000d032edf0642e8585867d2edba9150a6de8d49c3bf2d4f8a8ca0f8eb0073158083ad4587ef491f5cbaef7378206611dbfb4da327af5f10c6293244d20bb0c466b0c097650ad8a79972d966fcd632a3c8ca5334a8b30e6fc630a004394a923895072551568ef2665936ec697bc054d3e8e18be462849fdd7,gx-no-cache=1756471107375 HTTP/1.1" 200 30
191.125.173.52 - - [29/Aug/2025:09:35:47 -0300] "POST /cormun/servlet/solicitudot?gx-no-cache=1756471126686 HTTP/1.1" 200 30
191.125.24.52 - - [29/Aug/2025:09:36:36 -0300] "POST /cormun/servlet/solicitudot?gx-no-cache=1756471175672 HTTP/1.1" 200 1484
191.125.24.52 - - [29/Aug/2025:09:36:47 -0300] "POST /cormun/servlet/solicitudot?gx-no-cache=1756471186489 HTTP/1.1" 200 41
191.125.24.52 - - [29/Aug/2025:09:36:54 -0300] "GET /cormun/servlet/solicitudot?8f5e919fbb948412c6deb0a016b39e10ed07f0683a882eb55ebae8004152dacdd94aa9b9c74a86d1d416be9024fc24d2e753e9af55a6fd91ec45766e1db5bb24e31f58f624d977d25cb46ab8afc4b050428471bae7860a11ac9b21b78e2df5e3a2c422fe766fc7113dfbb176534eaaac,gx-no-cache=1756471193433 HTTP/1.1" 200 110
191.125.24.52 - - [29/Aug/2025:09:36:54 -0300] "POST /cormun/servlet/solicitudot?gx-no-cache=1756471193510 HTTP/1.1" 200 64
191.125.24.52 - - [29/Aug/2025:09:37:01 -0300] "GET /cormun/servlet/solicitudot?8f5e919fbb948412c6deb0a016b39e10ca84ba2dcdb7e009d398f59e87775144b78b3f4612d24f2d88712b4527c2dadca7194b1b4da0210c48d9e28ce8b4c34ef16749521e4af3e760d1778acc819f840191100bd40a17dcefaa4e96e5fcb1534326de5d69da79aa3ca27f687e68acfe,gx-no-cache=1756471201064 HTTP/1.1" 200 29
191.125.24.52 - - [29/Aug/2025:09:37:10 -0300] "GET /cormun/servlet/solicitudot?8f5e919fbb948412c6deb0a016b39e1032cb15890e4c446a7f50d128c282fc3a5acc331d9b670cb3827da3986b2d909e,gx-no-cache=1756471209712 HTTP/1.1" 200 30
191.125.24.52 - - [29/Aug/2025:09:37:10 -0300] "POST /cormun/servlet/solicitudot?gx-no-cache=1756471209786 HTTP/1.1" 200 34
191.125.24.52 - - [29/Aug/2025:09:37:11 -0300] "POST /cormun/servlet/solicitudot?58342390b3d2829a5a57c07166372eb7,INS,0,0,false,,gx-no-cache=1756471209877 HTTP/1.1" 200 93
191.125.24.52 - - [29/Aug/2025:09:37:11 -0300] "GET /cormun/servlet/hpexe_return? HTTP/1.1" 200 1008
191.125.24.52 - - [29/Aug/2025:09:37:11 -0300] "GET /cormun/servlet/trsolicitudot HTTP/1.1" 200 8553
191.125.24.52 - - [29/Aug/2025:09:37:11 -0300] "GET /cormun//static/Resources/PXToolsRemoveAllAction.png HTTP/1.1" 200 487
191.125.24.52 - - [29/Aug/2025:09:37:11 -0300] "GET /cormun//static/Resources/PXToolsActionView.png HTTP/1.1" 200 398
191.125.24.52 - - [29/Aug/2025:09:37:55 -0300] "POST /cormun/servlet/trsolicitudot?58342390b3d2829a5a57c07166372eb7,gx-no-cache=1756471254637 HTTP/1.1" 200 107
191.125.24.52 - - [29/Aug/2025:09:37:55 -0300] "GET /cormun/servlet/trsolicitudadjuntos?2025,22917, HTTP/1.1" 200 6025
191.125.24.52 - - [29/Aug/2025:09:37:55 -0300] "GET /cormun/static/gxcfg.js?20201215574222 HTTP/1.1" 200 953
191.125.173.52 - - [29/Aug/2025:09:37:55 -0300] "GET /cormun/static/trsolicitudadjuntos.js?20201215574932 HTTP/1.1" 200 17921
191.125.24.52 - - [29/Aug/2025:09:37:55 -0300] "GET /cormun/static/Resources/PXToolsGridNew.png HTTP/1.1" 200 427
191.125.24.52 - - [29/Aug/2025:09:37:58 -0300] "GET /cormun/servlet/solicitudotadjuntos?INS,2025,22917,,1, HTTP/1.1" 200 5963
191.125.24.52 - - [29/Aug/2025:09:37:58 -0300] "GET /cormun/static/gxcfg.js?202211298385187 HTTP/1.1" 200 953
191.125.173.52 - - [29/Aug/2025:09:37:58 -0300] "GET /cormun/static/solicitudotadjuntos.js?202211298385196 HTTP/1.1" 200 11771
191.125.173.52 - - [29/Aug/2025:09:37:58 -0300] "GET /cormun/static/about:blank HTTP/1.1" 404 1011
191.125.173.52 - - [29/Aug/2025:09:37:59 -0300] "GET /cormun/servlet/solicitudotadjuntos?8f5e919fbb948412c6deb0a016b39e109fea35098fc095ad3706d7c9d7a7bef8ec51a0316ce964d20fa22c9b14163924,gx-no-cache=1756471258514 HTTP/1.1" 200 30
191.125.173.52 - - [29/Aug/2025:09:37:59 -0300] "POST /cormun/servlet/solicitudotadjuntos?58342390b3d2829a5a57c07166372eb7,INS,2025,22917,,1,,gx-no-cache=1756471258562 HTTP/1.1" 200 3870
190.95.15.9 - - [29/Aug/2025:09:38:01 -0300] "POST /cormun/servlet/hlogin?9244056aa620167d6ec6ee5c78e41ec8,gx-no-cache=1756471259811 HTTP/1.1" 440 972
191.125.173.52 - - [29/Aug/2025:09:38:02 -0300] "POST /cormun/servlet/solicitudotadjuntos?gx-no-cache=1756471261395 HTTP/1.1" 200 26
190.95.15.9 - - [29/Aug/2025:09:38:03 -0300] "GET /cormun/servlet/hlogin HTTP/1.1" 200 1736
190.95.15.9 - - [29/Aug/2025:09:38:08 -0300] "POST /cormun/servlet/hlogin?68b4314553c4df88a00402d074586378,gx-no-cache=1756471267143 HTTP/1.1" 200 90
190.95.15.9 - - [29/Aug/2025:09:38:08 -0300] "GET /cormun/servlet/hpexe_link HTTP/1.1" 200 953
190.95.15.9 - - [29/Aug/2025:09:38:08 -0300] "GET /cormun/servlet/hhome HTTP/1.1" 200 4269
191.125.173.52 - - [29/Aug/2025:09:38:11 -0300] "GET /cormun/servlet/solicitudotadjuntos?8f5e919fbb948412c6deb0a016b39e105339b7ef30cf930afed6c097ab421e01,gx-no-cache=1756471270761 HTTP/1.1" 200 30
191.125.173.52 - - [29/Aug/2025:09:38:11 -0300] "GET /cormun/servlet/solicitudotadjuntos?8f5e919fbb948412c6deb0a016b39e105339b7ef30cf930afed6c097ab421e01,gx-no-cache=1756471270823 HTTP/1.1" 200 30
191.125.173.52 - - [29/Aug/2025:09:38:11 -0300] "POST /cormun/servlet/solicitudotadjuntos?58342390b3d2829a5a57c07166372eb7,INS,2025,22917,,1, HTTP/1.1" 200 116
191.125.173.52 - - [29/Aug/2025:09:38:12 -0300] "GET /cormun/servlet/hpexe_return? HTTP/1.1" 200 1024
191.125.173.52 - - [29/Aug/2025:09:38:12 -0300] "GET /cormun/servlet/trsolicitudadjuntos?2025,22917, HTTP/1.1" 200 9144
190.95.15.9 - - [29/Aug/2025:09:38:14 -0300] "GET /cormun/servlet/trlicencias? HTTP/1.1" 200 15088
191.125.173.52 - - [29/Aug/2025:09:38:15 -0300] "GET /cormun/servlet/solicitudotadjuntos?INS,2025,22917,,1, HTTP/1.1" 200 5963
191.125.173.52 - - [29/Aug/2025:09:38:15 -0300] "GET /cormun/static/about:blank HTTP/1.1" 404 1011
191.125.173.52 - - [29/Aug/2025:09:38:16 -0300] "GET /cormun/servlet/solicitudotadjuntos?8f5e919fbb948412c6deb0a016b39e109fea35098fc095ad3706d7c9d7a7bef8ec51a0316ce964d20fa22c9b14163924,gx-no-cache=1756471275235 HTTP/1.1" 200 30
191.125.173.52 - - [29/Aug/2025:09:38:16 -0300] "POST /cormun/servlet/solicitudotadjuntos?58342390b3d2829a5a57c07166372eb7,INS,2025,22917,,1,,gx-no-cache=1756471275303 HTTP/1.1" 200 3870
190.95.15.9 - - [29/Aug/2025:09:38:20 -0300] "POST /cormun/servlet/trlicencias?68b4314553c4df88a00402d074586378,,gx-no-cache=1756471279012 HTTP/1.1" 200 13027
191.125.173.52 - - [29/Aug/2025:09:38:20 -0300] "POST /cormun/servlet/solicitudotadjuntos?gx-no-cache=1756471279546 HTTP/1.1" 200 26
191.125.173.52 - - [29/Aug/2025:09:38:29 -0300] "GET /cormun/servlet/solicitudotadjuntos?8f5e919fbb948412c6deb0a016b39e105339b7ef30cf930afed6c097ab421e01,gx-no-cache=1756471288787 HTTP/1.1" 200 30
191.125.173.52 - - [29/Aug/2025:09:38:29 -0300] "GET /cormun/servlet/solicitudotadjuntos?8f5e919fbb948412c6deb0a016b39e105339b7ef30cf930afed6c097ab421e01,gx-no-cache=1756471288849 HTTP/1.1" 200 30
191.125.173.52 - - [29/Aug/2025:09:38:29 -0300] "POST /cormun/servlet/solicitudotadjuntos?58342390b3d2829a5a57c07166372eb7,INS,2025,22917,,1, HTTP/1.1" 200 116
191.125.173.52 - - [29/Aug/2025:09:38:29 -0300] "GET /cormun/servlet/hpexe_return? HTTP/1.1" 200 1024
191.125.173.52 - - [29/Aug/2025:09:38:30 -0300] "GET /cormun/servlet/trsolicitudadjuntos?2025,22917, HTTP/1.1" 200 9418
190.95.15.9 - - [29/Aug/2025:09:38:48 -0300] "GET /cormun/servlet/trsolicitudot? HTTP/1.1" 200 7483
190.95.15.9 - - [29/Aug/2025:09:38:51 -0300] "POST /cormun/servlet/trsolicitudot?68b4314553c4df88a00402d074586378,,gx-no-cache=1756471310418 HTTP/1.1" 200 103
