201.186.225.183 - - [25/Aug/2025:10:51:01 -0300] "GET /cormun/servlet/permisogoce?402e9f4fe9cc7360ce14ee6c98aa7c38d257a0c9aa05e3160e2b6bcfdbbb1b684dd8774c871edd7fe5779be15e7f7a1cf8e8489ce9fad8a13ba611c8e6941add,gx-no-cache=1756130047083 HTTP/1.1" 200 47
201.186.225.183 - - [25/Aug/2025:10:51:03 -0300] "POST /cormun/servlet/permisogoce?1ba429d410d86ccf79b4ddadff58267e,INS,0,,,,gx-no-cache=1756130048237 HTTP/1.1" 200 93
201.186.225.183 - - [25/Aug/2025:10:51:03 -0300] "GET /cormun/servlet/hpexe_return? HTTP/1.1" 200 1008
201.186.225.183 - - [25/Aug/2025:10:51:03 -0300] "GET /cormun/servlet/trpermisosgoce HTTP/1.1" 200 15400
201.186.225.183 - - [25/Aug/2025:10:51:07 -0300] "GET /cormun/servlet/apermisogoceprn?15106727,P,20250825095420,PU HTTP/1.1" 200 1649
201.186.225.183 - - [25/Aug/2025:10:51:24 -0300] "GET /cormun/servlet/permisogoce?INS,0,,, HTTP/1.1" 200 6824
201.186.225.183 - - [25/Aug/2025:10:51:32 -0300] "GET /cormun/servlet/permisogoce?402e9f4fe9cc7360ce14ee6c98aa7c38839f52793cf857296ea88e0cab6f4f085998df6b2a6329bab04c331315267dce2e10278445f6917efa321a07e091dda4,gx-no-cache=1756130077275 HTTP/1.1" 200 81
201.186.225.183 - - [25/Aug/2025:10:51:36 -0300] "GET /cormun/servlet/permisogoce?402e9f4fe9cc7360ce14ee6c98aa7c3828213fb272a4c09bafd6b45982ad57c57764bf0aea0f7ec149a304d462ffc0b46a3a1bdfeedae7c857f63ac78fa9e380,gx-no-cache=1756130082254 HTTP/1.1" 200 48
201.186.225.183 - - [25/Aug/2025:10:51:38 -0300] "POST /cormun/servlet/permisogoce?1ba429d410d86ccf79b4ddadff58267e,INS,0,,,,gx-no-cache=1756130083277 HTTP/1.1" 200 93
201.186.225.183 - - [25/Aug/2025:10:51:38 -0300] "GET /cormun/servlet/hpexe_return? HTTP/1.1" 200 1008
201.186.225.183 - - [25/Aug/2025:10:51:38 -0300] "GET /cormun/servlet/trpermisosgoce HTTP/1.1" 200 15607
201.186.225.183 - - [25/Aug/2025:10:51:41 -0300] "GET /cormun/servlet/apermisogoceprn?10264376,P,20250825095459,PU HTTP/1.1" 200 1645
201.186.225.183 - - [25/Aug/2025:10:51:55 -0300] "GET /cormun/servlet/trlicencias? HTTP/1.1" 200 16673
190.95.67.91 - - [25/Aug/2025:10:52:30 -0300] "GET /cormun/servlet/trpermisosgoce? HTTP/1.1" 200 6030
190.95.67.91 - - [25/Aug/2025:10:52:30 -0300] "GET /cormun/static/gxcfg.js?2020121631564 HTTP/1.1" 200 953
190.95.67.91 - - [25/Aug/2025:10:52:31 -0300] "GET /cormun/static/trpermisosgoce.js?2020121633681 HTTP/1.1" 200 35904
190.95.67.91 - - [25/Aug/2025:10:52:31 -0300] "GET /cormun/static/Resources/Spanish/PXTools.css?14345360 HTTP/1.1" 200 100853
190.95.67.91 - - [25/Aug/2025:10:52:31 -0300] "GET /cormun/servlet/hlogin HTTP/1.1" 200 1736
190.95.67.91 - - [25/Aug/2025:10:52:31 -0300] "GET /cormun/static/gxcfg.js?2022112219184450 HTTP/1.1" 200 953
190.95.67.91 - - [25/Aug/2025:10:52:31 -0300] "GET /cormun/static/Resources/CormunLogin.png HTTP/1.1" 200 19132
190.95.67.91 - - [25/Aug/2025:10:52:31 -0300] "GET /cormun/static/hlogin.js?2022112219184458 HTTP/1.1" 200 2156
190.95.67.91 - - [25/Aug/2025:10:52:31 -0300] "GET /cormun/static/Resources/Spanish/PXTools.css?1759030 HTTP/1.1" 200 100853
190.95.67.91 - - [25/Aug/2025:10:52:31 -0300] "GET /cormun/static/Resources/PXToolsLoginBackground.png HTTP/1.1" 200 1164
190.95.67.91 - - [25/Aug/2025:10:52:31 -0300] "GET /cormun/static/Resources/PXToolsButtonRight.png HTTP/1.1" 200 1294
190.95.67.91 - - [25/Aug/2025:10:52:31 -0300] "GET /cormun/static/Resources/PXToolsLoginTop.png HTTP/1.1" 200 1337
190.95.67.91 - - [25/Aug/2025:10:52:31 -0300] "GET /cormun/static/Resources/PXToolsButtonLeft.png HTTP/1.1" 200 1310
190.95.67.91 - - [25/Aug/2025:10:52:31 -0300] "GET /cormun/static/Resources/PXToolsButtonBackground.png HTTP/1.1" 200 1176
190.95.67.91 - - [25/Aug/2025:10:52:31 -0300] "GET /cormun/static/Resources/PXToolsLoginBottom.png HTTP/1.1" 200 1389
190.95.67.91 - - [25/Aug/2025:10:52:39 -0300] "POST /cormun/servlet/hlogin?85071d88fdec7d2b4c6e612c403508f5,gx-no-cache=1756130144123 HTTP/1.1" 200 90
190.95.67.91 - - [25/Aug/2025:10:52:39 -0300] "GET /cormun/servlet/hpexe_link HTTP/1.1" 200 955
190.95.67.91 - - [25/Aug/2025:10:52:40 -0300] "GET /cormun/static/hpexe_link.js?20221129847423 HTTP/1.1" 200 625
190.95.67.91 - - [25/Aug/2025:10:52:40 -0300] "GET /cormun/static/gxcfg.js?20221129847421 HTTP/1.1" 200 953
190.95.67.91 - - [25/Aug/2025:10:52:40 -0300] "GET /cormun/servlet/trpermisosgoce HTTP/1.1" 200 19522
190.95.67.91 - - [25/Aug/2025:10:52:40 -0300] "GET /cormun//static/Resources/PXToolsGridDelete.png HTTP/1.1" 200 538
201.186.225.183 - - [25/Aug/2025:10:52:48 -0300] "GET /cormun/servlet/permisogoce?INS,0,,, HTTP/1.1" 200 6826
190.95.67.91 - - [25/Aug/2025:10:52:54 -0300] "GET /cormun/servlet/permisogoce?INS,0,,, HTTP/1.1" 200 7126
190.95.67.91 - - [25/Aug/2025:10:52:54 -0300] "GET /cormun/static/Resources/prompt.gif HTTP/1.1" 200 902
190.95.67.91 - - [25/Aug/2025:10:52:54 -0300] "GET /cormun/static/gxcfg.js?20201215124560 HTTP/1.1" 200 953
190.95.67.91 - - [25/Aug/2025:10:52:54 -0300] "GET /cormun/static/permisogoce.js?20201215124939 HTTP/1.1" 200 27790
201.186.225.183 - - [25/Aug/2025:10:52:54 -0300] "GET /cormun/servlet/permisogoce?402e9f4fe9cc7360ce14ee6c98aa7c38b059cdb92fee7608f2b94d98062cc7fd5998df6b2a6329bab04c331315267dce2e10278445f6917efa321a07e091dda4,gx-no-cache=1756130159836 HTTP/1.1" 200 83
201.186.225.183 - - [25/Aug/2025:10:52:59 -0300] "GET /cormun/servlet/permisogoce?402e9f4fe9cc7360ce14ee6c98aa7c3820148d9857721431666d4954c18dc0ee7ad01d8e78d7c7aab2dd2b803d36f6186a3a1bdfeedae7c857f63ac78fa9e380,gx-no-cache=1756130164419 HTTP/1.1" 200 48
201.186.225.183 - - [25/Aug/2025:10:53:00 -0300] "POST /cormun/servlet/permisogoce?1ba429d410d86ccf79b4ddadff58267e,INS,0,,,,gx-no-cache=1756130165249 HTTP/1.1" 200 93
201.186.225.183 - - [25/Aug/2025:10:53:00 -0300] "GET /cormun/servlet/hpexe_return? HTTP/1.1" 200 1010
201.186.225.183 - - [25/Aug/2025:10:53:00 -0300] "GET /cormun/servlet/trlicencias HTTP/1.1" 200 16679
201.186.225.183 - - [25/Aug/2025:10:53:09 -0300] "GET /cormun/servlet/trpermisosgoce? HTTP/1.1" 200 15873
201.186.225.183 - - [25/Aug/2025:10:53:12 -0300] "GET /cormun/servlet/apermisogoceprn?20916630,P,20250825095622,PU HTTP/1.1" 200 1654
190.95.67.91 - - [25/Aug/2025:10:53:28 -0300] "GET /cormun/servlet/permisogoce?bcdb0e10148a5483a8c70a85fc445e460af352cb1c5c071b46bff04ead0c09c77726400665c7dd7fe0ee60f7b66e1e53e374d74a13476cc06b5177e6c5bc2abd,gx-no-cache=1756130192543 HTTP/1.1" 200 77
190.95.67.91 - - [25/Aug/2025:10:53:29 -0300] "GET /cormun/static/menuarrow.gif HTTP/1.1" 404 1015
190.95.67.91 - - [25/Aug/2025:10:53:35 -0300] "GET /cormun/servlet/permisogoce?bcdb0e10148a5483a8c70a85fc445e46fd81c3dca8eed2d5af838cf97bf26e189d74c4e12c07d7be91354ee436fc98172af465f18db36f4ab6a549ce99da8c6c,gx-no-cache=1756130199478 HTTP/1.1" 200 48
201.186.225.183 - - [25/Aug/2025:10:53:38 -0300] "GET /cormun/servlet/permisogoce?INS,0,,, HTTP/1.1" 200 6825
201.186.225.183 - - [25/Aug/2025:10:53:43 -0300] "GET /cormun/servlet/permisogoce?402e9f4fe9cc7360ce14ee6c98aa7c38e68d331533a99fc91f46832fc5bffca15998df6b2a6329bab04c331315267dce2e10278445f6917efa321a07e091dda4,gx-no-cache=1756130208712 HTTP/1.1" 200 87
190.95.67.91 - - [25/Aug/2025:10:53:44 -0300] "POST /cormun/servlet/permisogoce?85071d88fdec7d2b4c6e612c403508f5,INS,0,,,,gx-no-cache=1756130207979 HTTP/1.1" 200 93
190.95.67.91 - - [25/Aug/2025:10:53:44 -0300] "GET /cormun/servlet/hpexe_return? HTTP/1.1" 200 1007
190.95.67.91 - - [25/Aug/2025:10:53:45 -0300] "GET /cormun/static/gxcfg.js?20221129846035 HTTP/1.1" 200 953
190.95.67.91 - - [25/Aug/2025:10:53:45 -0300] "GET /cormun/static/hpexe_return.js?20221129846037 HTTP/1.1" 200 1633
190.95.67.91 - - [25/Aug/2025:10:53:45 -0300] "GET /cormun/servlet/trpermisosgoce HTTP/1.1" 200 19572
190.95.67.91 - - [25/Aug/2025:10:53:45 -0300] "GET /cormun//static/Resources/PXToolsGridUpdate.png HTTP/1.1" 200 470
190.95.67.91 - - [25/Aug/2025:10:53:47 -0300] "GET /cormun/servlet/trpermisosadjuntos?9595204,20250825095628,P, HTTP/1.1" 200 6554
190.95.67.91 - - [25/Aug/2025:10:53:47 -0300] "GET /cormun/static/gxcfg.js?2020121641683 HTTP/1.1" 200 953
190.95.67.91 - - [25/Aug/2025:10:53:47 -0300] "GET /cormun/static/trpermisosadjuntos.js?2020121642996 HTTP/1.1" 200 20158
190.95.67.91 - - [25/Aug/2025:10:53:49 -0300] "GET /cormun/servlet/permisosadjuntos?INS,9595204,P,20250825095628,, HTTP/1.1" 200 5878
190.95.67.91 - - [25/Aug/2025:10:53:49 -0300] "GET /cormun/static/gxcfg.js?20201215134212 HTTP/1.1" 200 953
190.95.67.91 - - [25/Aug/2025:10:53:49 -0300] "GET /cormun/static/permisosadjuntos.js?20201215134285 HTTP/1.1" 200 8724
190.95.67.91 - - [25/Aug/2025:10:53:49 -0300] "GET /cormun/static/about:blank HTTP/1.1" 404 1011
201.186.225.183 - - [25/Aug/2025:10:53:53 -0300] "GET /cormun/servlet/permisogoce?402e9f4fe9cc7360ce14ee6c98aa7c38d5376baae893fa6c30c9ab43672eeb2427c397aeaf3d4e029100b8afd3dc7933f8e8489ce9fad8a13ba611c8e6941add,gx-no-cache=1756130218455 HTTP/1.1" 200 47
201.186.225.183 - - [25/Aug/2025:10:53:54 -0300] "POST /cormun/servlet/permisogoce?1ba429d410d86ccf79b4ddadff58267e,INS,0,,,,gx-no-cache=1756130219473 HTTP/1.1" 200 93
201.186.225.183 - - [25/Aug/2025:10:53:54 -0300] "GET /cormun/servlet/hpexe_return? HTTP/1.1" 200 1008
201.186.225.183 - - [25/Aug/2025:10:53:54 -0300] "GET /cormun/servlet/trpermisosgoce HTTP/1.1" 200 16099
190.95.67.91 - - [25/Aug/2025:10:53:58 -0300] "POST /cormun/servlet/permisosadjuntos?85071d88fdec7d2b4c6e612c403508f5,INS,9595204,P,20250825095628,, HTTP/1.1" 200 116
190.95.67.91 - - [25/Aug/2025:10:53:58 -0300] "GET /cormun/servlet/hpexe_return? HTTP/1.1" 200 1034
201.186.225.183 - - [25/Aug/2025:10:53:58 -0300] "GET /cormun/servlet/apermisogoceprn?17522124,P,20250825095713,PU HTTP/1.1" 200 1658
190.95.67.91 - - [25/Aug/2025:10:53:58 -0300] "GET /cormun/servlet/trpermisosadjuntos?9595204,20250825095628,P, HTTP/1.1" 200 7083
190.95.67.91 - - [25/Aug/2025:10:54:01 -0300] "POST /cormun/servlet/trpermisosadjuntos?85071d88fdec7d2b4c6e612c403508f5,9595204,20250825095628,P,,gx-no-cache=1756130225551 HTTP/1.1" 200 90
190.95.67.91 - - [25/Aug/2025:10:54:01 -0300] "GET /cormun/servlet/hpexe_link HTTP/1.1" 200 980
190.95.67.91 - - [25/Aug/2025:10:54:01 -0300] "GET /cormun/servlet/trpermisosgoce HTTP/1.1" 200 19568
190.95.67.91 - - [25/Aug/2025:10:54:03 -0300] "POST /cormun/servlet/trpermisosgoce?85071d88fdec7d2b4c6e612c403508f5,gx-no-cache=1756130227454 HTTP/1.1" 200 16678
190.95.67.91 - - [25/Aug/2025:10:54:03 -0300] "GET /cormun/static/Shared/jqueryui/images/ui-icons_82798d_256x240.png HTTP/1.1" 404 1089
190.95.67.91 - - [25/Aug/2025:10:54:03 -0300] "GET /cormun/static/Shared/jqueryui/images/ui-bg_highlight-soft_100_c6c2c8_1x100.png HTTP/1.1" 404 1117
190.95.67.91 - - [25/Aug/2025:10:54:03 -0300] "GET /cormun/static/Shared/jqueryui/images/ui-bg_flat_55_fafafa_40x100.png HTTP/1.1" 404 1097
190.95.67.91 - - [25/Aug/2025:10:54:03 -0300] "GET /cormun/static/Shared/jqueryui/images/ui-icons_8d78a5_256x240.png HTTP/1.1" 404 1089
190.95.67.91 - - [25/Aug/2025:10:54:03 -0300] "GET /cormun/static/Resources/PXToolsGridNext.gif HTTP/1.1" 200 369
190.95.67.91 - - [25/Aug/2025:10:54:03 -0300] "GET /cormun/static/Resources/PXToolsGridLast.gif HTTP/1.1" 200 370
201.186.225.183 - - [25/Aug/2025:10:54:18 -0300] "GET /cormun/servlet/permisogoce?INS,0,,, HTTP/1.1" 200 6825
190.95.67.91 - - [25/Aug/2025:10:54:21 -0300] "GET /cormun/servlet/trpermisosgoce? HTTP/1.1" 200 19493
201.186.225.183 - - [25/Aug/2025:10:54:23 -0300] "GET /cormun/servlet/permisogoce?402e9f4fe9cc7360ce14ee6c98aa7c387b63ffa96c3e5aaf4061c20b2fea92cd5998df6b2a6329bab04c331315267dce2e10278445f6917efa321a07e091dda4,gx-no-cache=1756130248944 HTTP/1.1" 200 93
190.95.67.91 - - [25/Aug/2025:10:54:27 -0300] "GET /cormun/servlet/trautorizarpermisogoce? HTTP/1.1" 200 9398
190.95.67.91 - - [25/Aug/2025:10:54:27 -0300] "GET /cormun/static/gxcfg.js?2020121645532 HTTP/1.1" 200 953
190.95.67.91 - - [25/Aug/2025:10:54:27 -0300] "GET /cormun/static/trautorizarpermisogoce.js?2020121651492 HTTP/1.1" 200 34948
201.186.225.183 - - [25/Aug/2025:10:54:28 -0300] "GET /cormun/servlet/permisogoce?402e9f4fe9cc7360ce14ee6c98aa7c38204da8da231532643730d40b82fce82b072f3d97ce97d41b24787b0167b98a81f8e8489ce9fad8a13ba611c8e6941add,gx-no-cache=1756130254097 HTTP/1.1" 200 47
190.95.67.91 - - [25/Aug/2025:10:54:29 -0300] "POST /cormun/servlet/trautorizarpermisogoce?85071d88fdec7d2b4c6e612c403508f5,,gx-no-cache=1756130253876 HTTP/1.1" 200 6524
201.186.225.183 - - [25/Aug/2025:10:54:30 -0300] "POST /cormun/servlet/permisogoce?1ba429d410d86ccf79b4ddadff58267e,INS,0,,,,gx-no-cache=1756130255041 HTTP/1.1" 200 93
201.186.225.183 - - [25/Aug/2025:10:54:30 -0300] "GET /cormun/servlet/hpexe_return? HTTP/1.1" 200 1008
190.95.67.91 - - [25/Aug/2025:10:54:30 -0300] "POST /cormun/servlet/trautorizarpermisogoce?85071d88fdec7d2b4c6e612c403508f5,,gx-no-cache=1756130254387 HTTP/1.1" 200 6316
201.186.225.183 - - [25/Aug/2025:10:54:30 -0300] "GET /cormun/servlet/trpermisosgoce HTTP/1.1" 200 16312
190.95.67.91 - - [25/Aug/2025:10:54:31 -0300] "POST /cormun/servlet/trautorizarpermisogoce?85071d88fdec7d2b4c6e612c403508f5,,gx-no-cache=1756130255043 HTTP/1.1" 200 6085
190.95.67.91 - - [25/Aug/2025:10:54:31 -0300] "POST /cormun/servlet/trautorizarpermisogoce?85071d88fdec7d2b4c6e612c403508f5,,gx-no-cache=1756130255842 HTTP/1.1" 200 5845
190.95.67.91 - - [25/Aug/2025:10:54:32 -0300] "POST /cormun/servlet/trautorizarpermisogoce?85071d88fdec7d2b4c6e612c403508f5,,gx-no-cache=1756130256795 HTTP/1.1" 200 5601
201.186.225.183 - - [25/Aug/2025:10:54:33 -0300] "GET /cormun/servlet/apermisogoceprn?11365302,P,20250825095753,PU HTTP/1.1" 200 1657
190.95.67.91 - - [25/Aug/2025:10:54:33 -0300] "POST /cormun/servlet/trautorizarpermisogoce?85071d88fdec7d2b4c6e612c403508f5,,gx-no-cache=1756130257538 HTTP/1.1" 200 5282
190.95.67.91 - - [25/Aug/2025:10:54:34 -0300] "POST /cormun/servlet/trautorizarpermisogoce?85071d88fdec7d2b4c6e612c403508f5,,gx-no-cache=1756130258259 HTTP/1.1" 200 4524
190.95.67.91 - - [25/Aug/2025:10:54:36 -0300] "GET /cormun/servlet/trpermisosgoce? HTTP/1.1" 200 19476
190.95.67.91 - - [25/Aug/2025:10:54:46 -0300] "POST /cormun/servlet/trpermisosgoce?85071d88fdec7d2b4c6e612c403508f5,,gx-no-cache=1756130270109 HTTP/1.1" 200 16618
190.95.67.91 - - [25/Aug/2025:10:54:48 -0300] "POST /cormun/servlet/trpermisosgoce?85071d88fdec7d2b4c6e612c403508f5,,gx-no-cache=1756130272741 HTTP/1.1" 200 104
190.95.67.91 - - [25/Aug/2025:10:54:49 -0300] "GET /cormun/PermisosGoce-3108.xls HTTP/1.1" 200 77312
201.186.225.183 - - [25/Aug/2025:10:54:54 -0300] "GET /cormun/servlet/permisogoce?INS,0,,, HTTP/1.1" 200 6824
201.186.225.183 - - [25/Aug/2025:10:55:11 -0300] "GET /cormun/servlet/permisogoce?402e9f4fe9cc7360ce14ee6c98aa7c38d96ab2aa592edc2f978230bd90ce92575998df6b2a6329bab04c331315267dce2e10278445f6917efa321a07e091dda4,gx-no-cache=1756130297088 HTTP/1.1" 200 79
201.186.225.183 - - [25/Aug/2025:10:55:21 -0300] "GET /cormun/servlet/permisogoce?402e9f4fe9cc7360ce14ee6c98aa7c3887405040ec6ac541dd3c23279c7fce3ccc9078f7b0c9c05f9de2bdda70e640126a3a1bdfeedae7c857f63ac78fa9e380,gx-no-cache=1756130306490 HTTP/1.1" 200 47
201.186.225.183 - - [25/Aug/2025:10:55:22 -0300] "POST /cormun/servlet/permisogoce?1ba429d410d86ccf79b4ddadff58267e,INS,0,,,,gx-no-cache=1756130307369 HTTP/1.1" 200 93
201.186.225.183 - - [25/Aug/2025:10:55:22 -0300] "GET /cormun/servlet/hpexe_return? HTTP/1.1" 200 1008
201.186.225.183 - - [25/Aug/2025:10:55:22 -0300] "GET /cormun/servlet/trpermisosgoce HTTP/1.1" 200 16560
179.57.78.55 - - [25/Aug/2025:10:55:23 -0300] "GET /cormun/servlet/trlicencias? HTTP/1.1" 200 6059
179.57.78.55 - - [25/Aug/2025:10:55:23 -0300] "GET /cormun/servlet/hlogin HTTP/1.1" 200 1738
201.186.225.183 - - [25/Aug/2025:10:55:29 -0300] "GET /cormun/servlet/apermisogoceprn?21706000,P,20250825095829,PU HTTP/1.1" 200 1654
179.57.78.55 - - [25/Aug/2025:10:55:29 -0300] "POST /cormun/servlet/hlogin?514ef47c6bf643074b62e25291198195,gx-no-cache=1756130313757 HTTP/1.1" 200 90
179.57.78.55 - - [25/Aug/2025:10:55:29 -0300] "GET /cormun/servlet/hpexe_link HTTP/1.1" 200 957
179.57.78.55 - - [25/Aug/2025:10:55:29 -0300] "GET /cormun/servlet/trlicencias HTTP/1.1" 200 12199
201.186.225.183 - - [25/Aug/2025:10:55:44 -0300] "GET /cormun/servlet/permisogoce?INS,0,,, HTTP/1.1" 200 6824
201.186.225.183 - - [25/Aug/2025:10:55:54 -0300] "GET /cormun/servlet/permisogoce?402e9f4fe9cc7360ce14ee6c98aa7c383d254daffaf7ccd21cdbc6219d006e225998df6b2a6329bab04c331315267dce2e10278445f6917efa321a07e091dda4,gx-no-cache=1756130339352 HTTP/1.1" 200 82
201.186.225.183 - - [25/Aug/2025:10:55:57 -0300] "GET /cormun/servlet/permisogoce?402e9f4fe9cc7360ce14ee6c98aa7c389f5d5df2d0e3d7bd8108193e2e6cf4dfd7fc918e2a4a6109707c07a9432e87c96a3a1bdfeedae7c857f63ac78fa9e380,gx-no-cache=1756130343218 HTTP/1.1" 200 48
201.186.225.183 - - [25/Aug/2025:10:55:59 -0300] "POST /cormun/servlet/permisogoce?1ba429d410d86ccf79b4ddadff58267e,INS,0,,,,gx-no-cache=1756130344193 HTTP/1.1" 200 93
201.186.225.183 - - [25/Aug/2025:10:55:59 -0300] "GET /cormun/servlet/hpexe_return? HTTP/1.1" 200 1008
201.186.225.183 - - [25/Aug/2025:10:55:59 -0300] "GET /cormun/servlet/trpermisosgoce HTTP/1.1" 200 16774
201.186.225.183 - - [25/Aug/2025:10:56:08 -0300] "GET /cormun/servlet/apermisogoceprn?18598184,P,20250825095919,PU HTTP/1.1" 200 1654
201.186.225.183 - - [25/Aug/2025:10:56:29 -0300] "GET /cormun/servlet/permisogoce?INS,0,,, HTTP/1.1" 200 6821
201.186.225.183 - - [25/Aug/2025:10:56:36 -0300] "GET /cormun/servlet/permisogoce?402e9f4fe9cc7360ce14ee6c98aa7c38332eee456c1a637f75f74c701860f9265998df6b2a6329bab04c331315267dce2e10278445f6917efa321a07e091dda4,gx-no-cache=1756130381504 HTTP/1.1" 200 79
201.186.225.183 - - [25/Aug/2025:10:56:41 -0300] "GET /cormun/servlet/permisogoce?402e9f4fe9cc7360ce14ee6c98aa7c38dbad1fbbdf1e817a272fecfd6f4cd910d689ac72fea677ac8d928926870ee122f8e8489ce9fad8a13ba611c8e6941add,gx-no-cache=1756130386735 HTTP/1.1" 200 48
201.186.225.183 - - [25/Aug/2025:10:56:46 -0300] "POST /cormun/servlet/permisogoce?1ba429d410d86ccf79b4ddadff58267e,INS,0,,,,gx-no-cache=1756130391121 HTTP/1.1" 200 93
201.186.225.183 - - [25/Aug/2025:10:56:46 -0300] "GET /cormun/servlet/hpexe_return? HTTP/1.1" 200 1008
201.186.225.183 - - [25/Aug/2025:10:56:46 -0300] "GET /cormun/servlet/trpermisosgoce HTTP/1.1" 200 16962
201.186.225.183 - - [25/Aug/2025:10:56:50 -0300] "GET /cormun/servlet/apermisogoceprn?18645771,P,20250825100004,PU HTTP/1.1" 200 1645
201.186.225.183 - - [25/Aug/2025:10:57:01 -0300] "GET /cormun/servlet/permisogoce?INS,0,,, HTTP/1.1" 200 6823
201.186.225.183 - - [25/Aug/2025:10:57:07 -0300] "GET /cormun/servlet/permisogoce?402e9f4fe9cc7360ce14ee6c98aa7c38f072a437b8e78ed39c41a91c7e16274e5998df6b2a6329bab04c331315267dce2e10278445f6917efa321a07e091dda4,gx-no-cache=1756130412960 HTTP/1.1" 200 93
201.186.225.183 - - [25/Aug/2025:10:57:14 -0300] "GET /cormun/servlet/permisogoce?402e9f4fe9cc7360ce14ee6c98aa7c38712bce1eadf8f562669b7a682ce118e5e598321b5e4ef13482def15d2425e4ab6a3a1bdfeedae7c857f63ac78fa9e380,gx-no-cache=1756130419345 HTTP/1.1" 200 47
201.186.225.183 - - [25/Aug/2025:10:57:15 -0300] "POST /cormun/servlet/permisogoce?1ba429d410d86ccf79b4ddadff58267e,INS,0,,,,gx-no-cache=1756130420425 HTTP/1.1" 200 93
201.186.225.183 - - [25/Aug/2025:10:57:15 -0300] "GET /cormun/servlet/hpexe_return? HTTP/1.1" 200 1008
201.186.225.183 - - [25/Aug/2025:10:57:15 -0300] "GET /cormun/servlet/trpermisosgoce HTTP/1.1" 200 17168
201.186.225.183 - - [25/Aug/2025:10:57:24 -0300] "GET /cormun/servlet/apermisogoceprn?17136588,P,20250825100035,PU HTTP/1.1" 200 1662
201.186.225.183 - - [25/Aug/2025:10:57:47 -0300] "GET /cormun/servlet/permisogoce?INS,0,,, HTTP/1.1" 200 6824
201.186.225.183 - - [25/Aug/2025:10:57:55 -0300] "GET /cormun/servlet/permisogoce?402e9f4fe9cc7360ce14ee6c98aa7c38a7e69cd0d4df46a419907e1359140a405998df6b2a6329bab04c331315267dce2e10278445f6917efa321a07e091dda4,gx-no-cache=1756130460555 HTTP/1.1" 200 80
201.186.225.183 - - [25/Aug/2025:10:58:02 -0300] "GET /cormun/servlet/permisogoce?402e9f4fe9cc7360ce14ee6c98aa7c38ff2f469ccdcbdebbda8a33d4bec8b47c1fe538dc45c8ac9cdfc2f1c4b40ffc74f8e8489ce9fad8a13ba611c8e6941add,gx-no-cache=1756130468166 HTTP/1.1" 200 47
201.186.225.183 - - [25/Aug/2025:10:58:04 -0300] "POST /cormun/servlet/permisogoce?1ba429d410d86ccf79b4ddadff58267e,INS,0,,,,gx-no-cache=1756130469157 HTTP/1.1" 200 93
201.186.225.183 - - [25/Aug/2025:10:58:04 -0300] "GET /cormun/servlet/hpexe_return? HTTP/1.1" 200 1008
201.186.225.183 - - [25/Aug/2025:10:58:04 -0300] "GET /cormun/servlet/trpermisosgoce HTTP/1.1" 200 17402
201.186.225.183 - - [25/Aug/2025:10:58:08 -0300] "GET /cormun/servlet/apermisogoceprn?15107975,P,20250825100122,PU HTTP/1.1" 200 1646
10.40.40.2 - - [25/Aug/2025:10:58:14 -0300] "POST /cormun/servlet/trlicenciasgenerales?e2ac3d85e2b236e818a2f8c413911bcd,,gx-no-cache=1756130452110 HTTP/1.1" 200 5345
201.186.225.183 - - [25/Aug/2025:10:58:20 -0300] "GET /cormun/servlet/permisogoce?INS,0,,, HTTP/1.1" 200 6824
201.186.225.183 - - [25/Aug/2025:10:58:25 -0300] "GET /cormun/servlet/permisogoce?402e9f4fe9cc7360ce14ee6c98aa7c38a7e69cd0d4df46a419907e1359140a405998df6b2a6329bab04c331315267dce2e10278445f6917efa321a07e091dda4,gx-no-cache=1756130490584 HTTP/1.1" 200 82
10.40.40.2 - - [25/Aug/2025:10:58:27 -0300] "POST /cormun/servlet/trlicenciasgenerales?e2ac3d85e2b236e818a2f8c413911bcd,,gx-no-cache=1756130464841 HTTP/1.1" 200 5345
201.186.225.183 - - [25/Aug/2025:10:58:30 -0300] "GET /cormun/servlet/permisogoce?402e9f4fe9cc7360ce14ee6c98aa7c38ff2f469ccdcbdebbda8a33d4bec8b47cd4d50e3a8c51592368bc1ac06e644a71f8e8489ce9fad8a13ba611c8e6941add,gx-no-cache=1756130495559 HTTP/1.1" 200 48
201.186.225.183 - - [25/Aug/2025:10:58:31 -0300] "POST /cormun/servlet/permisogoce?1ba429d410d86ccf79b4ddadff58267e,INS,0,,,,gx-no-cache=1756130496485 HTTP/1.1" 200 93
201.186.225.183 - - [25/Aug/2025:10:58:31 -0300] "GET /cormun/servlet/hpexe_return? HTTP/1.1" 200 1008
201.186.225.183 - - [25/Aug/2025:10:58:31 -0300] "GET /cormun/servlet/trpermisosgoce HTTP/1.1" 200 17530
201.186.225.183 - - [25/Aug/2025:10:58:36 -0300] "GET /cormun/servlet/apermisogoceprn?15107975,P,20250825100155,PU HTTP/1.1" 200 1647
10.40.40.2 - - [25/Aug/2025:10:58:45 -0300] "POST /cormun/servlet/trlicenciasgenerales?e2ac3d85e2b236e818a2f8c413911bcd,,gx-no-cache=1756130482656 HTTP/1.1" 200 6461
201.186.225.183 - - [25/Aug/2025:10:58:49 -0300] "GET /cormun/servlet/permisogoce?INS,0,,, HTTP/1.1" 200 6824
201.186.225.183 - - [25/Aug/2025:10:58:59 -0300] "GET /cormun/servlet/permisogoce?402e9f4fe9cc7360ce14ee6c98aa7c38e74898bc8835b461a451d418dc9e62e85998df6b2a6329bab04c331315267dce2e10278445f6917efa321a07e091dda4,gx-no-cache=1756130524272 HTTP/1.1" 200 81
201.186.225.183 - - [25/Aug/2025:10:59:03 -0300] "GET /cormun/servlet/permisogoce?402e9f4fe9cc7360ce14ee6c98aa7c38da7bb089a79633cbfc2cf67dfda60ef8e0134700dba653abf1513f91c1ecfcff6a3a1bdfeedae7c857f63ac78fa9e380,gx-no-cache=1756130529197 HTTP/1.1" 200 48
201.186.225.183 - - [25/Aug/2025:10:59:05 -0300] "POST /cormun/servlet/permisogoce?1ba429d410d86ccf79b4ddadff58267e,INS,0,,,,gx-no-cache=1756130530149 HTTP/1.1" 200 93
201.186.225.183 - - [25/Aug/2025:10:59:05 -0300] "GET /cormun/servlet/hpexe_return? HTTP/1.1" 200 1008
201.186.225.183 - - [25/Aug/2025:10:59:05 -0300] "GET /cormun/servlet/trpermisosgoce HTTP/1.1" 200 17717
201.186.225.193 - - [25/Aug/2025:10:59:54 -0300] "GET /cormun/static/menuarrow.gif HTTP/1.1" 404 1015
201.186.225.193 - - [25/Aug/2025:11:00:02 -0300] "POST /cormun/servlet/trlicencias?ab76b3687250c34273c572adea222157,,gx-no-cache=1756130586589 HTTP/1.1" 200 17155
201.186.225.183 - - [25/Aug/2025:11:00:41 -0300] "GET /cormun/servlet/trpermisosgoce? HTTP/1.1" 200 17706
201.186.225.183 - - [25/Aug/2025:11:00:44 -0300] "GET /cormun/servlet/apermisogoceprn?10738512,P,20250825100224,PU HTTP/1.1" 200 1651
201.186.225.187 - - [25/Aug/2025:11:00:48 -0300] "GET /cormun/servlet/hlogin HTTP/1.1" 200 1721
201.186.225.193 - - [25/Aug/2025:11:00:50 -0300] "POST /cormun/servlet/trlicencias?ab76b3687250c34273c572adea222157,,gx-no-cache=1756130634622 HTTP/1.1" 200 17177
201.186.225.191 - - [25/Aug/2025:11:00:56 -0300] "GET /cormun/servlet/hlogin HTTP/1.1" 200 1725
201.186.225.183 - - [25/Aug/2025:11:00:57 -0300] "GET /cormun/servlet/permisogoce?INS,0,,, HTTP/1.1" 200 6824
201.186.225.183 - - [25/Aug/2025:11:01:07 -0300] "GET /cormun/servlet/permisogoce?402e9f4fe9cc7360ce14ee6c98aa7c380d5254c831f112724e8c93b1cca55a182e42859a833ce988e1e9a3cd570bfa12fe52b16e34b8634c7790350fe496e1c8,gx-no-cache=1756130652851 HTTP/1.1" 200 78
201.186.225.187 - - [25/Aug/2025:11:01:09 -0300] "GET /cormun/servlet/hlogin HTTP/1.1" 200 1732
201.186.225.193 - - [25/Aug/2025:11:01:11 -0300] "POST /cormun/servlet/trlicencias?ab76b3687250c34273c572adea222157,,gx-no-cache=1756130655375 HTTP/1.1" 200 17176
201.186.225.183 - - [25/Aug/2025:11:01:12 -0300] "GET /cormun/servlet/permisogoce?402e9f4fe9cc7360ce14ee6c98aa7c387f3ba0d4af98e35e4756c41e3cb7f350fa4cf921084c326d3c160cf3d1a48a7794f2236bdc4ca1ae6b6e71342c4f9730,gx-no-cache=1756130657627 HTTP/1.1" 200 46
201.186.225.183 - - [25/Aug/2025:11:01:13 -0300] "POST /cormun/servlet/permisogoce?1ba429d410d86ccf79b4ddadff58267e,INS,0,,,,gx-no-cache=1756130658749 HTTP/1.1" 200 93
201.186.225.183 - - [25/Aug/2025:11:01:13 -0300] "GET /cormun/servlet/hpexe_return? HTTP/1.1" 200 1008
201.186.225.183 - - [25/Aug/2025:11:01:14 -0300] "GET /cormun/servlet/trpermisosgoce HTTP/1.1" 200 17945
201.186.225.183 - - [25/Aug/2025:11:01:16 -0300] "GET /cormun/servlet/apermisogoceprn?9813073,P,20250825100432,PU HTTP/1.1" 200 1647
201.186.225.187 - - [25/Aug/2025:11:01:20 -0300] "POST /cormun/servlet/hlogin?3f71d766e1a028575a73ae12bef8d965,gx-no-cache=1756130986892 HTTP/1.1" 200 90
201.186.225.187 - - [25/Aug/2025:11:01:20 -0300] "GET /cormun/servlet/hpexe_link HTTP/1.1" 200 952
201.186.225.187 - - [25/Aug/2025:11:01:20 -0300] "GET /cormun/servlet/hhome HTTP/1.1" 200 3971
201.186.225.187 - - [25/Aug/2025:11:01:25 -0300] "GET /cormun/servlet/trlicencias? HTTP/1.1" 200 10440
201.186.225.183 - - [25/Aug/2025:11:01:28 -0300] "GET /cormun/servlet/permisogoce?INS,0,,, HTTP/1.1" 200 6825
201.186.225.183 - - [25/Aug/2025:11:01:34 -0300] "GET /cormun/servlet/permisogoce?402e9f4fe9cc7360ce14ee6c98aa7c38c630d6ad2728fba355439cba70bd9f495998df6b2a6329bab04c331315267dce2e10278445f6917efa321a07e091dda4,gx-no-cache=1756130680050 HTTP/1.1" 200 83
201.186.225.183 - - [25/Aug/2025:11:01:38 -0300] "GET /cormun/servlet/permisogoce?402e9f4fe9cc7360ce14ee6c98aa7c38487454165e106c3b2eb1921b11aab741919f0bd3c992e3b6e23887d64e7665e96a3a1bdfeedae7c857f63ac78fa9e380,gx-no-cache=1756130684238 HTTP/1.1" 200 48
201.186.225.183 - - [25/Aug/2025:11:01:40 -0300] "POST /cormun/servlet/permisogoce?1ba429d410d86ccf79b4ddadff58267e,INS,0,,,,gx-no-cache=1756130685021 HTTP/1.1" 200 93
201.186.225.183 - - [25/Aug/2025:11:01:40 -0300] "GET /cormun/servlet/hpexe_return? HTTP/1.1" 200 1008
201.186.225.183 - - [25/Aug/2025:11:01:40 -0300] "GET /cormun/servlet/trpermisosgoce HTTP/1.1" 200 18142
201.186.225.183 - - [25/Aug/2025:11:02:09 -0300] "GET /cormun/servlet/trpermisosgoce HTTP/1.1" 200 18146
201.186.225.183 - - [25/Aug/2025:11:02:11 -0300] "GET /cormun/servlet/apermisogoceprn?19592816,P,20250825100502,PU HTTP/1.1" 200 1654
10.40.40.2 - - [25/Aug/2025:11:02:13 -0300] "GET /cormun/servlet/hlogin HTTP/1.1" 200 1716
10.40.40.2 - - [25/Aug/2025:11:02:13 -0300] "GET /cormun/static/gxcfg.js?2022112219184450 HTTP/1.1" 200 953
10.40.40.2 - - [25/Aug/2025:11:02:13 -0300] "GET /cormun/static/Resources/indicator.gif HTTP/1.1" 200 1553
10.40.40.2 - - [25/Aug/2025:11:02:21 -0300] "POST /cormun/servlet/hlogin?e2ac3d85e2b236e818a2f8c413911bcd,gx-no-cache=1756130699343 HTTP/1.1" 200 425
201.186.225.187 - - [25/Aug/2025:11:02:23 -0300] "GET /cormun/servlet/licenciaspermisos?DSP,19203342,L,20250822000000, HTTP/1.1" 200 7089
201.186.225.187 - - [25/Aug/2025:11:02:23 -0300] "GET /cormun/static/gxcfg.js?202012153173 HTTP/1.1" 200 953
201.186.225.187 - - [25/Aug/2025:11:02:23 -0300] "GET /cormun/static/Resources/prompt.gif HTTP/1.1" 200 902
201.186.225.187 - - [25/Aug/2025:11:02:23 -0300] "GET /cormun/static/licenciaspermisos.js?2020121532136 HTTP/1.1" 200 38753
201.186.225.183 - - [25/Aug/2025:11:02:28 -0300] "GET /cormun/servlet/permisogoce?INS,0,,, HTTP/1.1" 200 6825
201.186.225.187 - - [25/Aug/2025:11:02:30 -0300] "GET /cormun/servlet/trlicencias? HTTP/1.1" 200 10440
201.186.225.187 - - [25/Aug/2025:11:02:35 -0300] "GET /cormun/servlet/licenciaspermisos?DSP,19203342,L,20250807000000, HTTP/1.1" 200 7082
10.40.40.2 - - [25/Aug/2025:11:02:35 -0300] "POST /cormun/servlet/hlogin?e2ac3d85e2b236e818a2f8c413911bcd,gx-no-cache=1756130712717 HTTP/1.1" 200 90
10.40.40.2 - - [25/Aug/2025:11:02:35 -0300] "GET /cormun/servlet/hpexe_link HTTP/1.1" 200 957
10.40.40.2 - - [25/Aug/2025:11:02:35 -0300] "GET /cormun/static/hpexe_link.js?20221129847423 HTTP/1.1" 200 625
10.40.40.2 - - [25/Aug/2025:11:02:35 -0300] "GET /cormun/servlet/trlicenciasgenerales? HTTP/1.1" 200 9092
10.40.40.2 - - [25/Aug/2025:11:02:35 -0300] "GET /cormun/static/gxui/gxui-all.css?110300 HTTP/1.1" 200 2179
10.40.40.2 - - [25/Aug/2025:11:02:35 -0300] "GET /cormun/static/gxcfg.js?201991422444547 HTTP/1.1" 200 953
10.40.40.2 - - [25/Aug/2025:11:02:35 -0300] "GET /cormun/static/RunJS/RunJS.js HTTP/1.1" 200 288
201.186.225.183 - - [25/Aug/2025:11:02:35 -0300] "GET /cormun/servlet/permisogoce?402e9f4fe9cc7360ce14ee6c98aa7c38bb6593a2c2afe6f1018acab384e06e035998df6b2a6329bab04c331315267dce2e10278445f6917efa321a07e091dda4,gx-no-cache=1756130740907 HTTP/1.1" 200 65
10.40.40.2 - - [25/Aug/2025:11:02:35 -0300] "GET /cormun/static/Shared/ext/locale/ext-lang-en.js HTTP/1.1" 200 10940
10.40.40.2 - - [25/Aug/2025:11:02:35 -0300] "GET /cormun/static/hwchdr01.js?2022112219251119 HTTP/1.1" 200 996
10.40.40.2 - - [25/Aug/2025:11:02:35 -0300] "GET /cormun/static/trlicenciasgenerales.js?201991422445161 HTTP/1.1" 200 16384
10.40.40.2 - - [25/Aug/2025:11:02:35 -0300] "GET /cormun/static/hpexe_messagepopupcomponent.js?2020121447232 HTTP/1.1" 200 605
10.40.40.2 - - [25/Aug/2025:11:02:35 -0300] "GET /cormun/static/SmoothNavMenu/resources/ddsmoothmenu.js HTTP/1.1" 200 12712
10.40.40.2 - - [25/Aug/2025:11:02:35 -0300] "GET /cormun/static/SmoothNavMenu/resources/SmoothNavMenuRender.js HTTP/1.1" 200 5951
201.186.225.183 - - [25/Aug/2025:11:02:40 -0300] "GET /cormun/servlet/permisogoce?402e9f4fe9cc7360ce14ee6c98aa7c3888a7ae65617767f67221e12a7b5593750c56ff81825fed49936cc90ace05fd27f8e8489ce9fad8a13ba611c8e6941add,gx-no-cache=1756130745632 HTTP/1.1" 200 47
201.186.225.183 - - [25/Aug/2025:11:02:41 -0300] "POST /cormun/servlet/permisogoce?1ba429d410d86ccf79b4ddadff58267e,INS,0,,,,gx-no-cache=1756130746668 HTTP/1.1" 200 93
201.186.225.183 - - [25/Aug/2025:11:02:41 -0300] "GET /cormun/servlet/hpexe_return? HTTP/1.1" 200 1008
201.186.225.183 - - [25/Aug/2025:11:02:42 -0300] "GET /cormun/servlet/trpermisosgoce HTTP/1.1" 200 18334
201.186.225.187 - - [25/Aug/2025:11:02:42 -0300] "GET /cormun/servlet/trlicencias? HTTP/1.1" 200 10440
201.186.225.183 - - [25/Aug/2025:11:02:45 -0300] "GET /cormun/servlet/trsolicitudot? HTTP/1.1" 200 7186
201.186.225.183 - - [25/Aug/2025:11:02:45 -0300] "GET /cormun/static/gxcfg.js?20221129846531 HTTP/1.1" 200 953
201.186.225.183 - - [25/Aug/2025:11:02:45 -0300] "GET /cormun/static/trsolicitudot.js?202211298465651 HTTP/1.1" 200 54040
201.186.225.187 - - [25/Aug/2025:11:02:45 -0300] "GET /cormun/servlet/licenciaspermisos?DSP,9781429,L,20250818000000, HTTP/1.1" 200 7078
201.186.225.191 - - [25/Aug/2025:11:02:48 -0300] "POST /cormun/servlet/hlogin?d9ac85ef3594d5ccb39549721c7b846d,gx-no-cache=1756130752237 HTTP/1.1" 200 90
201.186.225.187 - - [25/Aug/2025:11:02:48 -0300] "GET /cormun/servlet/trlicencias? HTTP/1.1" 200 10440
201.186.225.191 - - [25/Aug/2025:11:02:48 -0300] "GET /cormun/servlet/hpexe_link HTTP/1.1" 200 954
201.186.225.191 - - [25/Aug/2025:11:02:48 -0300] "GET /cormun/servlet/hhome HTTP/1.1" 200 4200
201.186.225.183 - - [25/Aug/2025:11:02:49 -0300] "GET /cormun/servlet/trpermisosgoce? HTTP/1.1" 200 18313
201.186.225.183 - - [25/Aug/2025:11:02:52 -0300] "GET /cormun/servlet/apermisogoceprn?12291026,P,20250825100602,PU HTTP/1.1" 200 1638
201.186.225.187 - - [25/Aug/2025:11:02:53 -0300] "GET /cormun/servlet/licenciaspermisos?DSP,15524011,L,20250811000000, HTTP/1.1" 200 7076
201.186.225.187 - - [25/Aug/2025:11:02:58 -0300] "GET /cormun/servlet/trlicencias? HTTP/1.1" 200 10440
201.186.225.191 - - [25/Aug/2025:11:03:03 -0300] "GET /cormun/servlet/trpermisosgoce? HTTP/1.1" 200 14006
201.186.225.183 - - [25/Aug/2025:11:03:10 -0300] "GET /cormun/servlet/permisogoce?INS,0,,, HTTP/1.1" 200 6824
201.186.225.183 - - [25/Aug/2025:11:03:19 -0300] "GET /cormun/servlet/permisogoce?402e9f4fe9cc7360ce14ee6c98aa7c3823d8b839a704563ff53f4a06d2b6a72f5998df6b2a6329bab04c331315267dce2e10278445f6917efa321a07e091dda4,gx-no-cache=1756130784659 HTTP/1.1" 200 82
201.186.225.183 - - [25/Aug/2025:11:03:29 -0300] "GET /cormun/servlet/permisogoce?402e9f4fe9cc7360ce14ee6c98aa7c381e7f37b0ec5a07fe34c850947347bb3e7bd41e9fb03009c53e760233824d0fca6a3a1bdfeedae7c857f63ac78fa9e380,gx-no-cache=1756130795010 HTTP/1.1" 200 47
201.186.225.183 - - [25/Aug/2025:11:03:31 -0300] "POST /cormun/servlet/permisogoce?1ba429d410d86ccf79b4ddadff58267e,INS,0,,,,gx-no-cache=1756130795941 HTTP/1.1" 200 93
201.186.225.183 - - [25/Aug/2025:11:03:31 -0300] "GET /cormun/servlet/hpexe_return? HTTP/1.1" 200 1008
201.186.225.183 - - [25/Aug/2025:11:03:31 -0300] "GET /cormun/servlet/trpermisosgoce HTTP/1.1" 200 18564
201.186.225.183 - - [25/Aug/2025:11:03:35 -0300] "GET /cormun/servlet/trpermisosgoce HTTP/1.1" 200 18564
201.186.225.183 - - [25/Aug/2025:11:03:42 -0300] "GET /cormun/servlet/apermisogoceprn?13598462,P,20250825100645,PU HTTP/1.1" 200 1647
201.186.225.183 - - [25/Aug/2025:11:03:57 -0300] "GET /cormun/servlet/permisogoce?INS,0,,, HTTP/1.1" 200 6825
201.186.225.183 - - [25/Aug/2025:11:04:03 -0300] "GET /cormun/servlet/permisogoce?402e9f4fe9cc7360ce14ee6c98aa7c380bc9f2c352edfd04cdd494363f59b0175998df6b2a6329bab04c331315267dce2e10278445f6917efa321a07e091dda4,gx-no-cache=1756130828714 HTTP/1.1" 200 86
201.186.225.183 - - [25/Aug/2025:11:04:08 -0300] "GET /cormun/servlet/permisogoce?402e9f4fe9cc7360ce14ee6c98aa7c3888a7ae65617767f67221e12a7b559375af531815d1ab99e9dfa2fd434053175cf8e8489ce9fad8a13ba611c8e6941add,gx-no-cache=1756130833547 HTTP/1.1" 200 48
201.186.225.183 - - [25/Aug/2025:11:04:09 -0300] "POST /cormun/servlet/permisogoce?1ba429d410d86ccf79b4ddadff58267e,INS,0,,,,gx-no-cache=1756130834501 HTTP/1.1" 200 93
201.186.225.183 - - [25/Aug/2025:11:04:09 -0300] "GET /cormun/servlet/hpexe_return? HTTP/1.1" 200 1008
201.186.225.183 - - [25/Aug/2025:11:04:09 -0300] "GET /cormun/servlet/trpermisosgoce HTTP/1.1" 200 18492
201.186.225.183 - - [25/Aug/2025:11:04:16 -0300] "GET /cormun/servlet/apermisogoceprn?12291516,P,20250825100731,PU HTTP/1.1" 200 1650
201.186.225.183 - - [25/Aug/2025:11:04:36 -0300] "GET /cormun/servlet/permisogoce?INS,0,,, HTTP/1.1" 200 6824
201.186.225.183 - - [25/Aug/2025:11:04:41 -0300] "GET /cormun/servlet/permisogoce?402e9f4fe9cc7360ce14ee6c98aa7c38fe804383b2e1ec98a8897a310da523bd5998df6b2a6329bab04c331315267dce2e10278445f6917efa321a07e091dda4,gx-no-cache=1756130866936 HTTP/1.1" 200 79
201.186.225.183 - - [25/Aug/2025:11:04:46 -0300] "GET /cormun/servlet/permisogoce?402e9f4fe9cc7360ce14ee6c98aa7c3837d9b90710ebb0fda284d49e86613f2dd32a897f904866724bdb7bff4941019e6a3a1bdfeedae7c857f63ac78fa9e380,gx-no-cache=1756130871321 HTTP/1.1" 200 47
201.186.225.183 - - [25/Aug/2025:11:04:47 -0300] "POST /cormun/servlet/permisogoce?1ba429d410d86ccf79b4ddadff58267e,INS,0,,,,gx-no-cache=1756130872344 HTTP/1.1" 200 93
201.186.225.183 - - [25/Aug/2025:11:04:47 -0300] "GET /cormun/servlet/hpexe_return? HTTP/1.1" 200 1008
201.186.225.183 - - [25/Aug/2025:11:04:47 -0300] "GET /cormun/servlet/trpermisosgoce HTTP/1.1" 200 18489
201.186.225.183 - - [25/Aug/2025:11:04:50 -0300] "GET /cormun/servlet/trsolicitudot? HTTP/1.1" 200 7186
201.186.225.183 - - [25/Aug/2025:11:04:54 -0300] "GET /cormun/servlet/trpermisosgoce? HTTP/1.1" 200 18475
201.186.225.183 - - [25/Aug/2025:11:04:57 -0300] "GET /cormun/servlet/apermisogoceprn?18040976,P,20250825100810,PU HTTP/1.1" 200 1647
201.186.225.191 - - [25/Aug/2025:11:05:01 -0300] "GET /cormun/static/menuarrow.gif HTTP/1.1" 404 1015
201.186.225.183 - - [25/Aug/2025:11:05:11 -0300] "GET /cormun/servlet/permisogoce?INS,0,,, HTTP/1.1" 200 6824
201.186.225.183 - - [25/Aug/2025:11:05:18 -0300] "GET /cormun/servlet/permisogoce?402e9f4fe9cc7360ce14ee6c98aa7c387395ee3ce4026d06192185e573dbb3b92e42859a833ce988e1e9a3cd570bfa12fe52b16e34b8634c7790350fe496e1c8,gx-no-cache=1756130903799 HTTP/1.1" 200 86
201.186.225.191 - - [25/Aug/2025:11:05:20 -0300] "POST /cormun/servlet/trpermisosgoce?d9ac85ef3594d5ccb39549721c7b846d,,gx-no-cache=1756130904421 HTTP/1.1" 200 4494
201.186.225.183 - - [25/Aug/2025:11:05:23 -0300] "GET /cormun/servlet/permisogoce?402e9f4fe9cc7360ce14ee6c98aa7c380fb8a34896ab9b817fd52baf9d13d563b70692b8e001f0cfaa7d4430d65a5ad394f2236bdc4ca1ae6b6e71342c4f9730,gx-no-cache=1756130908682 HTTP/1.1" 200 47
201.186.225.183 - - [25/Aug/2025:11:05:24 -0300] "POST /cormun/servlet/permisogoce?1ba429d410d86ccf79b4ddadff58267e,INS,0,,,,gx-no-cache=1756130909721 HTTP/1.1" 200 93
201.186.225.183 - - [25/Aug/2025:11:05:24 -0300] "GET /cormun/servlet/hpexe_return? HTTP/1.1" 200 1008
201.186.225.183 - - [25/Aug/2025:11:05:25 -0300] "GET /cormun/servlet/trpermisosgoce HTTP/1.1" 200 18473
201.186.225.183 - - [25/Aug/2025:11:05:27 -0300] "GET /cormun/servlet/apermisogoceprn?7067109,P,20250825100846,PU HTTP/1.1" 200 1646
201.186.225.183 - - [25/Aug/2025:11:05:40 -0300] "GET /cormun/servlet/permisogoce?INS,0,,, HTTP/1.1" 200 6824
201.186.225.183 - - [25/Aug/2025:11:05:45 -0300] "GET /cormun/servlet/permisogoce?402e9f4fe9cc7360ce14ee6c98aa7c38435330588bd8938aa9566bdb4b5bbe845998df6b2a6329bab04c331315267dce2e10278445f6917efa321a07e091dda4,gx-no-cache=1756130931007 HTTP/1.1" 200 82
201.186.225.183 - - [25/Aug/2025:11:05:50 -0300] "GET /cormun/servlet/permisogoce?402e9f4fe9cc7360ce14ee6c98aa7c38df84af8a993cc4da5cd19d19675aa25d3de6d974051ef3fd9b15765ec27466ec6a3a1bdfeedae7c857f63ac78fa9e380,gx-no-cache=1756130936026 HTTP/1.1" 200 47
201.186.225.183 - - [25/Aug/2025:11:05:51 -0300] "POST /cormun/servlet/permisogoce?1ba429d410d86ccf79b4ddadff58267e,INS,0,,,,gx-no-cache=1756130936792 HTTP/1.1" 200 93
201.186.225.183 - - [25/Aug/2025:11:05:52 -0300] "GET /cormun/servlet/hpexe_return? HTTP/1.1" 200 1008
201.186.225.183 - - [25/Aug/2025:11:05:52 -0300] "GET /cormun/servlet/trpermisosgoce HTTP/1.1" 200 18464
201.186.225.183 - - [25/Aug/2025:11:05:55 -0300] "GET /cormun/servlet/apermisogoceprn?15807275,P,20250825100914,PU HTTP/1.1" 200 1650
201.186.225.183 - - [25/Aug/2025:11:06:11 -0300] "GET /cormun/servlet/permisogoce?INS,0,,, HTTP/1.1" 200 6824
201.186.225.183 - - [25/Aug/2025:11:06:18 -0300] "GET /cormun/servlet/permisogoce?402e9f4fe9cc7360ce14ee6c98aa7c38298da0800152dc14dbc6e4d0f46718e45998df6b2a6329bab04c331315267dce2e10278445f6917efa321a07e091dda4,gx-no-cache=1756130963406 HTTP/1.1" 200 82
201.186.225.183 - - [25/Aug/2025:11:06:22 -0300] "GET /cormun/servlet/permisogoce?402e9f4fe9cc7360ce14ee6c98aa7c3880c0976173896577df35e3ad5bd5bd85a062739ee01fca022ff5018ac5bf2fcc6a3a1bdfeedae7c857f63ac78fa9e380,gx-no-cache=1756130968173 HTTP/1.1" 200 47
201.186.225.183 - - [25/Aug/2025:11:06:24 -0300] "POST /cormun/servlet/permisogoce?1ba429d410d86ccf79b4ddadff58267e,INS,0,,,,gx-no-cache=1756130969120 HTTP/1.1" 200 93
201.186.225.183 - - [25/Aug/2025:11:06:24 -0300] "GET /cormun/servlet/hpexe_return? HTTP/1.1" 200 1008
201.186.225.183 - - [25/Aug/2025:11:06:24 -0300] "GET /cormun/servlet/trpermisosgoce HTTP/1.1" 200 18451
201.186.225.183 - - [25/Aug/2025:11:06:31 -0300] "GET /cormun/servlet/apermisogoceprn?16879501,P,20250825100946,PU HTTP/1.1" 200 1647
201.186.225.183 - - [25/Aug/2025:11:06:47 -0300] "GET /cormun/servlet/permisogoce?INS,0,,, HTTP/1.1" 200 6823
201.186.225.183 - - [25/Aug/2025:11:06:55 -0300] "GET /cormun/servlet/permisogoce?402e9f4fe9cc7360ce14ee6c98aa7c38e350719a9d8862a79da6d9f30333f5c92e42859a833ce988e1e9a3cd570bfa12fe52b16e34b8634c7790350fe496e1c8,gx-no-cache=1756131001017 HTTP/1.1" 200 82
201.186.225.183 - - [25/Aug/2025:11:06:56 -0300] "GET /cormun/static/menuarrow.gif HTTP/1.1" 404 1015
201.186.225.183 - - [25/Aug/2025:11:07:01 -0300] "GET /cormun/servlet/permisogoce?402e9f4fe9cc7360ce14ee6c98aa7c3855aec284b454d83a6c94000a4d0b50236c56ace0fb29abcfd3894096572a3e9494f2236bdc4ca1ae6b6e71342c4f9730,gx-no-cache=1756131006619 HTTP/1.1" 200 48
201.186.225.183 - - [25/Aug/2025:11:07:02 -0300] "POST /cormun/servlet/permisogoce?1ba429d410d86ccf79b4ddadff58267e,INS,0,,,,gx-no-cache=1756131007529 HTTP/1.1" 200 93
201.186.225.183 - - [25/Aug/2025:11:07:02 -0300] "GET /cormun/servlet/hpexe_return? HTTP/1.1" 200 1008
201.186.225.183 - - [25/Aug/2025:11:07:02 -0300] "GET /cormun/servlet/trpermisosgoce HTTP/1.1" 200 18422
201.186.225.183 - - [25/Aug/2025:11:07:08 -0300] "GET /cormun/servlet/apermisogoceprn?9816920,P,20250825101022,PU HTTP/1.1" 200 1646
201.186.225.183 - - [25/Aug/2025:11:07:24 -0300] "GET /cormun/servlet/permisogoce?INS,0,,, HTTP/1.1" 200 6824
201.186.225.183 - - [25/Aug/2025:11:07:31 -0300] "GET /cormun/servlet/permisogoce?402e9f4fe9cc7360ce14ee6c98aa7c38bd98b7edbb7d951d7d2c426c6093879d5998df6b2a6329bab04c331315267dce2e10278445f6917efa321a07e091dda4,gx-no-cache=1756131036543 HTTP/1.1" 200 79
201.186.225.183 - - [25/Aug/2025:11:07:35 -0300] "GET /cormun/servlet/permisogoce?402e9f4fe9cc7360ce14ee6c98aa7c386811f27cb6a2cd1fdad46b04df61deb61c14a946b9c0841f51858af8a5448929f8e8489ce9fad8a13ba611c8e6941add,gx-no-cache=1756131040894 HTTP/1.1" 200 47
201.186.225.183 - - [25/Aug/2025:11:07:36 -0300] "POST /cormun/servlet/permisogoce?1ba429d410d86ccf79b4ddadff58267e,INS,0,,,,gx-no-cache=1756131041808 HTTP/1.1" 200 93
201.186.225.183 - - [25/Aug/2025:11:07:36 -0300] "GET /cormun/servlet/hpexe_return? HTTP/1.1" 200 1008
201.186.225.183 - - [25/Aug/2025:11:07:37 -0300] "GET /cormun/servlet/trpermisosgoce HTTP/1.1" 200 18426
201.186.225.183 - - [25/Aug/2025:11:07:44 -0300] "GET /cormun/servlet/apermisogoceprn?18732539,P,20250825101059,PU HTTP/1.1" 200 1652
201.186.225.183 - - [25/Aug/2025:11:08:02 -0300] "GET /cormun/servlet/permisogoce?INS,0,,, HTTP/1.1" 200 6824
201.186.225.183 - - [25/Aug/2025:11:08:13 -0300] "GET /cormun/servlet/permisogoce?402e9f4fe9cc7360ce14ee6c98aa7c389facbe72412541b803df93672a2811e15998df6b2a6329bab04c331315267dce2e10278445f6917efa321a07e091dda4,gx-no-cache=1756131079187 HTTP/1.1" 200 78
201.186.225.183 - - [25/Aug/2025:11:08:18 -0300] "GET /cormun/servlet/permisogoce?402e9f4fe9cc7360ce14ee6c98aa7c388bf615ccd708dce1a593c98f0e7f101561b1985ec7e0e6bf24c158adc0657c886a3a1bdfeedae7c857f63ac78fa9e380,gx-no-cache=1756131083714 HTTP/1.1" 200 45
201.186.225.183 - - [25/Aug/2025:11:08:19 -0300] "POST /cormun/servlet/permisogoce?1ba429d410d86ccf79b4ddadff58267e,INS,0,,,,gx-no-cache=1756131084576 HTTP/1.1" 200 93
201.186.225.183 - - [25/Aug/2025:11:08:19 -0300] "GET /cormun/servlet/hpexe_return? HTTP/1.1" 200 1008
201.186.225.183 - - [25/Aug/2025:11:08:19 -0300] "GET /cormun/servlet/trpermisosgoce HTTP/1.1" 200 18437
201.186.225.183 - - [25/Aug/2025:11:08:25 -0300] "GET /cormun/servlet/trpermisosgoce HTTP/1.1" 200 18455
201.186.225.183 - - [25/Aug/2025:11:08:30 -0300] "GET /cormun/servlet/apermisogoceprn?17137412,P,20250825101136,PU HTTP/1.1" 200 1648
201.186.225.183 - - [25/Aug/2025:11:08:46 -0300] "GET /cormun/servlet/permisogoce?INS,0,,, HTTP/1.1" 200 6824
201.186.225.183 - - [25/Aug/2025:11:09:27 -0300] "GET /cormun/servlet/permisogoce?402e9f4fe9cc7360ce14ee6c98aa7c388a1efbc80d3f4c4d28a3c2ffdeefbc302e42859a833ce988e1e9a3cd570bfa12fe52b16e34b8634c7790350fe496e1c8,gx-no-cache=1756131152765 HTTP/1.1" 200 226
201.186.225.183 - - [25/Aug/2025:11:09:27 -0300] "GET /cormun/static/Shared/jqueryui/images/ui-bg_highlight-soft_100_c6c2c8_1x100.png HTTP/1.1" 404 1117
201.186.225.183 - - [25/Aug/2025:11:09:27 -0300] "GET /cormun/static/Shared/jqueryui/images/ui-icons_82798d_256x240.png HTTP/1.1" 404 1089
201.186.225.183 - - [25/Aug/2025:11:09:27 -0300] "GET /cormun/static/Shared/jqueryui/images/ui-icons_ebccce_256x240.png HTTP/1.1" 404 1089
201.186.225.183 - - [25/Aug/2025:11:09:27 -0300] "GET /cormun/static/Shared/jqueryui/images/ui-bg_flat_55_994d53_40x100.png HTTP/1.1" 404 1097
201.186.225.183 - - [25/Aug/2025:11:09:33 -0300] "GET /cormun/servlet/permisogoce?402e9f4fe9cc7360ce14ee6c98aa7c382cbfd846e7263cd67397f72a285acb145998df6b2a6329bab04c331315267dce2e10278445f6917efa321a07e091dda4,gx-no-cache=1756131158643 HTTP/1.1" 200 174
201.186.225.183 - - [25/Aug/2025:11:09:43 -0300] "GET /cormun/servlet/permisogoce?402e9f4fe9cc7360ce14ee6c98aa7c382cbfd846e7263cd67397f72a285acb145998df6b2a6329bab04c331315267dce2e10278445f6917efa321a07e091dda4,gx-no-cache=1756131168409 HTTP/1.1" 200 174
201.186.225.183 - - [25/Aug/2025:11:10:49 -0300] "GET /cormun/servlet/permisogoce?402e9f4fe9cc7360ce14ee6c98aa7c38b783913cb5a7a906b6c3c8c10c6de3a15998df6b2a6329bab04c331315267dce2e10278445f6917efa321a07e091dda4,gx-no-cache=1756131234897 HTTP/1.1" 200 84
201.186.225.183 - - [25/Aug/2025:11:11:08 -0300] "GET /cormun/servlet/permisogoce?402e9f4fe9cc7360ce14ee6c98aa7c38416ca0595662be7e253cf11ee878d8985ee8555d953019dfb309c5c786a685676a3a1bdfeedae7c857f63ac78fa9e380,gx-no-cache=1756131253286 HTTP/1.1" 200 44
201.186.225.183 - - [25/Aug/2025:11:11:09 -0300] "POST /cormun/servlet/permisogoce?1ba429d410d86ccf79b4ddadff58267e,INS,0,,,,gx-no-cache=1756131254205 HTTP/1.1" 200 93
201.186.225.183 - - [25/Aug/2025:11:11:09 -0300] "GET /cormun/servlet/hpexe_return? HTTP/1.1" 200 1008
201.186.225.183 - - [25/Aug/2025:11:11:09 -0300] "GET /cormun/servlet/trpermisosgoce HTTP/1.1" 200 18426
201.186.225.183 - - [25/Aug/2025:11:11:13 -0300] "GET /cormun/servlet/apermisogoceprn?20369080,P,20250825101220,PU HTTP/1.1" 200 1665
201.186.225.183 - - [25/Aug/2025:11:11:23 -0300] "GET /cormun/servlet/permisogoce?INS,0,,, HTTP/1.1" 200 6823
201.186.225.183 - - [25/Aug/2025:11:11:28 -0300] "GET /cormun/servlet/permisogoce?402e9f4fe9cc7360ce14ee6c98aa7c38b783913cb5a7a906b6c3c8c10c6de3a15998df6b2a6329bab04c331315267dce2e10278445f6917efa321a07e091dda4,gx-no-cache=1756131274035 HTTP/1.1" 200 87
201.186.225.183 - - [25/Aug/2025:11:11:34 -0300] "GET /cormun/servlet/permisogoce?402e9f4fe9cc7360ce14ee6c98aa7c38416ca0595662be7e253cf11ee878d8985e98b8f30f0535a166ba6ae2cc02d5f66a3a1bdfeedae7c857f63ac78fa9e380,gx-no-cache=1756131279637 HTTP/1.1" 200 48
201.186.225.183 - - [25/Aug/2025:11:11:35 -0300] "POST /cormun/servlet/permisogoce?1ba429d410d86ccf79b4ddadff58267e,INS,0,,,,gx-no-cache=1756131280540 HTTP/1.1" 200 93
201.186.225.183 - - [25/Aug/2025:11:11:35 -0300] "GET /cormun/servlet/hpexe_return? HTTP/1.1" 200 1008
201.186.225.183 - - [25/Aug/2025:11:11:35 -0300] "GET /cormun/servlet/trpermisosgoce HTTP/1.1" 200 18451
201.186.225.183 - - [25/Aug/2025:11:11:38 -0300] "GET /cormun/servlet/apermisogoceprn?20369080,P,20250825101458,PU HTTP/1.1" 200 1655
201.186.225.183 - - [25/Aug/2025:11:11:52 -0300] "GET /cormun/servlet/permisogoce?INS,0,,, HTTP/1.1" 200 6824
201.186.225.183 - - [25/Aug/2025:11:12:04 -0300] "GET /cormun/servlet/permisogoce?402e9f4fe9cc7360ce14ee6c98aa7c38b1023491258848559172578dd00b6b785998df6b2a6329bab04c331315267dce2e10278445f6917efa321a07e091dda4,gx-no-cache=1756131307629 HTTP/1.1" 200 78
201.186.225.183 - - [25/Aug/2025:11:12:11 -0300] "GET /cormun/servlet/permisogoce?402e9f4fe9cc7360ce14ee6c98aa7c38997896357180c9c6f0c261e8abcf4ef98792a2a94e136c6f00ce761b738d6ca16a3a1bdfeedae7c857f63ac78fa9e380,gx-no-cache=1756131316662 HTTP/1.1" 200 47
201.186.225.183 - - [25/Aug/2025:11:12:15 -0300] "POST /cormun/servlet/permisogoce?1ba429d410d86ccf79b4ddadff58267e,INS,0,,,,gx-no-cache=1756131317580 HTTP/1.1" 200 93
201.186.225.183 - - [25/Aug/2025:11:12:15 -0300] "GET /cormun/servlet/hpexe_return? HTTP/1.1" 200 1008
201.186.225.183 - - [25/Aug/2025:11:12:16 -0300] "GET /cormun/servlet/trpermisosgoce HTTP/1.1" 200 18464
201.186.225.183 - - [25/Aug/2025:11:12:18 -0300] "GET /cormun/servlet/apermisogoceprn?10525086,P,20250825101526,PU HTTP/1.1" 200 1647
201.186.225.183 - - [25/Aug/2025:11:12:31 -0300] "GET /cormun/servlet/permisogoce?INS,0,,, HTTP/1.1" 200 6824
201.186.225.183 - - [25/Aug/2025:11:12:38 -0300] "GET /cormun/servlet/permisogoce?402e9f4fe9cc7360ce14ee6c98aa7c3877e1bdb6d4dd8aeb4d2e481e844b97b95998df6b2a6329bab04c331315267dce2e10278445f6917efa321a07e091dda4,gx-no-cache=1756131343387 HTTP/1.1" 200 89
201.186.225.183 - - [25/Aug/2025:11:12:43 -0300] "GET /cormun/servlet/permisogoce?402e9f4fe9cc7360ce14ee6c98aa7c3845f2a8872c25700063e80ac39144760c336d3030ab9584ccda9062f906a8cbaf6a3a1bdfeedae7c857f63ac78fa9e380,gx-no-cache=1756131348567 HTTP/1.1" 200 48
201.186.225.183 - - [25/Aug/2025:11:12:52 -0300] "POST /cormun/servlet/permisogoce?1ba429d410d86ccf79b4ddadff58267e,INS,0,,,,gx-no-cache=1756131349524 HTTP/1.1" 200 93
201.186.225.183 - - [25/Aug/2025:11:12:52 -0300] "GET /cormun/servlet/hpexe_return? HTTP/1.1" 200 1008
201.186.225.183 - - [25/Aug/2025:11:12:52 -0300] "GET /cormun/servlet/trpermisosgoce HTTP/1.1" 200 18446
201.186.225.183 - - [25/Aug/2025:11:13:03 -0300] "GET /cormun/servlet/apermisogoceprn?17235429,P,20250825101606,PU HTTP/1.1" 200 1648
201.186.225.183 - - [25/Aug/2025:11:13:16 -0300] "GET /cormun/servlet/permisogoce?INS,0,,, HTTP/1.1" 200 6823
201.186.225.183 - - [25/Aug/2025:11:13:21 -0300] "GET /cormun/servlet/permisogoce?402e9f4fe9cc7360ce14ee6c98aa7c3860fb762de4980b6a4cf9a488050dbdc45998df6b2a6329bab04c331315267dce2e10278445f6917efa321a07e091dda4,gx-no-cache=1756131386220 HTTP/1.1" 200 80
201.186.225.183 - - [25/Aug/2025:11:13:25 -0300] "GET /cormun/servlet/permisogoce?402e9f4fe9cc7360ce14ee6c98aa7c38c10543fec1fc8b77fe4b5fc5b69424dcd787f5d19f547380b51cc188189d26346a3a1bdfeedae7c857f63ac78fa9e380,gx-no-cache=1756131390629 HTTP/1.1" 200 48
201.186.225.183 - - [25/Aug/2025:11:13:29 -0300] "POST /cormun/servlet/permisogoce?1ba429d410d86ccf79b4ddadff58267e,INS,0,,,,gx-no-cache=1756131391572 HTTP/1.1" 200 93
