190.95.15.9 - - [22/Aug/2025:10:34:26 -0300] "POST /cormun/servlet/hlogin?52fc0aa869a1e1ddb8f473bf02559f75,gx-no-cache=1755869854179 HTTP/1.1" 200 90
190.95.15.9 - - [22/Aug/2025:10:34:26 -0300] "GET /cormun/servlet/hpexe_link HTTP/1.1" 200 946
190.95.15.9 - - [22/Aug/2025:10:34:26 -0300] "GET /cormun/servlet/hhome HTTP/1.1" 200 4257
190.95.15.9 - - [22/Aug/2025:10:34:29 -0300] "GET /cormun/servlet/trsolicitudot? HTTP/1.1" 200 7478
190.95.15.9 - - [22/Aug/2025:10:34:36 -0300] "POST /cormun/servlet/trsolicitudot?52fc0aa869a1e1ddb8f473bf02559f75,,gx-no-cache=1755869864396 HTTP/1.1" 200 6033
190.95.15.9 - - [22/Aug/2025:10:34:47 -0300] "POST /cormun/servlet/trsolicitudot?52fc0aa869a1e1ddb8f473bf02559f75,,gx-no-cache=1755869875006 HTTP/1.1" 200 107
190.95.15.9 - - [22/Aug/2025:10:34:47 -0300] "GET /cormun/servlet/trsolicitudadjuntos?2025,22888, HTTP/1.1" 200 10629
190.95.15.9 - - [22/Aug/2025:10:34:52 -0300] "GET /cormun/servlet/trsolicitudot? HTTP/1.1" 200 8889
190.95.15.9 - - [22/Aug/2025:10:35:01 -0300] "POST /cormun/servlet/trsolicitudot?52fc0aa869a1e1ddb8f473bf02559f75,,gx-no-cache=1755869889301 HTTP/1.1" 200 6009
190.95.15.9 - - [22/Aug/2025:10:35:02 -0300] "POST /cormun/servlet/trsolicitudot?52fc0aa869a1e1ddb8f473bf02559f75,,gx-no-cache=1755869890610 HTTP/1.1" 200 6009
190.95.15.9 - - [22/Aug/2025:10:35:12 -0300] "POST /cormun/servlet/trsolicitudot?52fc0aa869a1e1ddb8f473bf02559f75,,gx-no-cache=1755869899955 HTTP/1.1" 200 4623
190.95.15.9 - - [22/Aug/2025:10:35:19 -0300] "POST /cormun/servlet/trsolicitudot?52fc0aa869a1e1ddb8f473bf02559f75,,gx-no-cache=1755869907579 HTTP/1.1" 200 6033
190.95.15.9 - - [22/Aug/2025:10:35:25 -0300] "GET /cormun/servlet/vesolicitudot?2025,22888,, HTTP/1.1" 200 8609
190.95.15.9 - - [22/Aug/2025:10:35:25 -0300] "GET /cormun/static/gxcfg.js?202211298465857 HTTP/1.1" 200 953
190.95.15.9 - - [22/Aug/2025:10:35:25 -0300] "GET /cormun/pexe_scrolldiv.js HTTP/1.1" 404 1009
190.95.15.9 - - [22/Aug/2025:10:35:25 -0300] "GET /cormun/static/Resources/PXToolsTabFirstSelected.png HTTP/1.1" 200 1270
190.95.15.9 - - [22/Aug/2025:10:35:25 -0300] "GET /cormun/static/vesolicitudot.js?202211298465886 HTTP/1.1" 200 6091
190.95.15.9 - - [22/Aug/2025:10:35:25 -0300] "GET /cormun/static/hwcviewtabs.js?201991422154026 HTTP/1.1" 200 1074
190.95.15.9 - - [22/Aug/2025:10:35:25 -0300] "GET /cormun/static/hpexe_tabsview.js?2020121447381 HTTP/1.1" 200 1661
190.95.15.9 - - [22/Aug/2025:10:35:25 -0300] "GET /cormun/static/Resources/PXToolsTabLastUnselected.png HTTP/1.1" 200 1297
190.95.15.9 - - [22/Aug/2025:10:35:25 -0300] "GET /cormun/static/Resources/PXToolsTabPrevious.gif HTTP/1.1" 200 172
190.95.15.9 - - [22/Aug/2025:10:35:25 -0300] "GET /cormun/static/tbsolicitudot01.js?20201214462316 HTTP/1.1" 200 30566
190.95.15.9 - - [22/Aug/2025:10:35:25 -0300] "GET /cormun/static/Resources/PXToolsTabNext.gif HTTP/1.1" 200 168
190.95.15.9 - - [22/Aug/2025:10:35:26 -0300] "GET /cormun/static/calendar-system.css HTTP/1.1" 200 5572
190.95.15.9 - - [22/Aug/2025:10:35:26 -0300] "GET /cormun/static/Resources/PXToolsTabBackSelected.png HTTP/1.1" 200 1157
190.95.15.9 - - [22/Aug/2025:10:35:26 -0300] "GET /cormun/static/Resources/PXToolsTabBackUnselected.png HTTP/1.1" 200 1175
190.95.15.9 - - [22/Aug/2025:10:35:26 -0300] "GET /cormun/static/Resources/PXToolsTabSelectedUnselected.png HTTP/1.1" 200 1451
190.95.15.9 - - [22/Aug/2025:10:35:26 -0300] "GET /cormun/static/Resources/PXToolsTabUnselectedUnselected.png HTTP/1.1" 200 1470
190.95.15.9 - - [22/Aug/2025:10:35:30 -0300] "POST /cormun/servlet/vesolicitudot?52fc0aa869a1e1ddb8f473bf02559f75,2025,22888,,,gx-no-cache=1755869918087 HTTP/1.1" 200 93
190.95.15.9 - - [22/Aug/2025:10:35:30 -0300] "GET /cormun/servlet/hpexe_return? HTTP/1.1" 200 1005
190.95.15.9 - - [22/Aug/2025:10:35:30 -0300] "GET /cormun/servlet/trsolicitudot? HTTP/1.1" 200 8891
190.95.15.9 - - [22/Aug/2025:10:35:34 -0300] "POST /cormun/servlet/trsolicitudot?52fc0aa869a1e1ddb8f473bf02559f75,,gx-no-cache=1755869922646 HTTP/1.1" 200 6014
190.95.15.9 - - [22/Aug/2025:10:35:36 -0300] "POST /cormun/servlet/trsolicitudot?52fc0aa869a1e1ddb8f473bf02559f75,,gx-no-cache=1755869924146 HTTP/1.1" 200 6013
190.95.15.9 - - [22/Aug/2025:10:35:42 -0300] "POST /cormun/servlet/trsolicitudot?52fc0aa869a1e1ddb8f473bf02559f75,,gx-no-cache=1755869930538 HTTP/1.1" 200 6013
190.95.15.9 - - [22/Aug/2025:10:35:44 -0300] "POST /cormun/servlet/trsolicitudot?52fc0aa869a1e1ddb8f473bf02559f75,,gx-no-cache=1755869932049 HTTP/1.1" 200 6014
190.95.15.9 - - [22/Aug/2025:10:35:52 -0300] "POST /cormun/servlet/trsolicitudot?52fc0aa869a1e1ddb8f473bf02559f75,,gx-no-cache=1755869939875 HTTP/1.1" 200 6013
190.95.15.9 - - [22/Aug/2025:10:35:55 -0300] "GET /cormun/servlet/trautorizarsolicitud? HTTP/1.1" 200 8783
190.95.15.9 - - [22/Aug/2025:10:35:55 -0300] "GET /cormun/static/gxcfg.js?202211298474254 HTTP/1.1" 200 953
190.95.15.9 - - [22/Aug/2025:10:35:55 -0300] "GET /cormun/static/trautorizarsolicitud.js?202211298474588 HTTP/1.1" 200 53909
190.95.15.9 - - [22/Aug/2025:10:36:03 -0300] "POST /cormun/servlet/trautorizarsolicitud?52fc0aa869a1e1ddb8f473bf02559f75,,gx-no-cache=1755869950991 HTTP/1.1" 200 4792
190.95.15.9 - - [22/Aug/2025:10:36:03 -0300] "GET /cormun/static/Shared/jqueryui/images/ui-bg_highlight-soft_100_c6c2c8_1x100.png HTTP/1.1" 404 1117
190.95.15.9 - - [22/Aug/2025:10:36:03 -0300] "GET /cormun/static/Shared/jqueryui/images/ui-icons_82798d_256x240.png HTTP/1.1" 404 1089
190.95.15.9 - - [22/Aug/2025:10:36:03 -0300] "GET /cormun/static/Shared/jqueryui/images/ui-bg_flat_55_fafafa_40x100.png HTTP/1.1" 404 1097
190.95.15.9 - - [22/Aug/2025:10:36:03 -0300] "GET /cormun/static/Shared/jqueryui/images/ui-icons_8d78a5_256x240.png HTTP/1.1" 404 1089
190.95.15.9 - - [22/Aug/2025:10:36:03 -0300] "POST /cormun/servlet/trautorizarsolicitud?52fc0aa869a1e1ddb8f473bf02559f75,,gx-no-cache=1755869951197 HTTP/1.1" 200 4537
10.40.40.2 - - [22/Aug/2025:10:39:26 -0300] "GET /cormun/servlet/hlogin HTTP/1.1" 200 1720
10.40.40.2 - - [22/Aug/2025:10:39:26 -0300] "GET /cormun/static/gxcfg.js?2022112219184450 HTTP/1.1" 200 953
10.40.40.2 - - [22/Aug/2025:10:39:26 -0300] "GET /cormun/static/Resources/Spanish/PXTools.css?1759030 HTTP/1.1" 200 40960
10.40.40.2 - - [22/Aug/2025:10:39:26 -0300] "GET /cormun/static/hlogin.js?2022112219184458 HTTP/1.1" 200 2156
10.40.40.2 - - [22/Aug/2025:10:39:26 -0300] "GET /cormun/static/Resources/CormunLogin.png HTTP/1.1" 200 19132
10.40.40.2 - - [22/Aug/2025:10:39:26 -0300] "GET /cormun/static/Resources/PXToolsLoginTop.png HTTP/1.1" 200 1337
10.40.40.2 - - [22/Aug/2025:10:39:26 -0300] "GET /cormun/static/Resources/PXToolsLoginBackground.png HTTP/1.1" 200 1164
10.40.40.2 - - [22/Aug/2025:10:39:26 -0300] "GET /cormun/static/Resources/PXToolsButtonLeft.png HTTP/1.1" 200 1310
10.40.40.2 - - [22/Aug/2025:10:39:26 -0300] "GET /cormun/static/Resources/PXToolsButtonRight.png HTTP/1.1" 200 1294
10.40.40.2 - - [22/Aug/2025:10:39:26 -0300] "GET /cormun/static/Resources/PXToolsButtonBackground.png HTTP/1.1" 200 1176
10.40.40.2 - - [22/Aug/2025:10:39:26 -0300] "GET /cormun/static/Resources/PXToolsLoginBottom.png HTTP/1.1" 200 1389
10.40.40.2 - - [22/Aug/2025:10:39:26 -0300] "GET /cormun/servlet/hlogin HTTP/1.1" 200 1731
10.40.40.2 - - [22/Aug/2025:10:39:26 -0300] "GET /cormun/static/Resources/indicator.gif HTTP/1.1" 200 1553
10.40.40.2 - - [22/Aug/2025:10:39:26 -0300] "GET /favicon.ico HTTP/1.1" 200 21630
10.40.40.2 - - [22/Aug/2025:10:39:48 -0300] "POST /cormun/servlet/hlogin?1794b898d96c144b1534804de24b118f,gx-no-cache=1755870157331 HTTP/1.1" 200 90
10.40.40.2 - - [22/Aug/2025:10:39:48 -0300] "GET /cormun/servlet/hpexe_link HTTP/1.1" 200 950
10.40.40.2 - - [22/Aug/2025:10:39:48 -0300] "GET /cormun/static/hpexe_link.js?20221129847423 HTTP/1.1" 200 625
10.40.40.2 - - [22/Aug/2025:10:39:48 -0300] "GET /cormun/static/gxcfg.js?20221129847421 HTTP/1.1" 200 953
10.40.40.2 - - [22/Aug/2025:10:39:48 -0300] "GET /cormun/static/Resources/Spanish/PXTools.css?8354383 HTTP/1.1" 200 100853
10.40.40.2 - - [22/Aug/2025:10:39:48 -0300] "GET /cormun/servlet/hhome HTTP/1.1" 200 3478
10.40.40.2 - - [22/Aug/2025:10:39:48 -0300] "GET /cormun/static/SmoothNavMenu/resources/ddsmoothmenu-v.css?1112540 HTTP/1.1" 200 1188
10.40.40.2 - - [22/Aug/2025:10:39:48 -0300] "GET /cormun/static/scaMessage/css/jquery.pnotify.default.css?1816380 HTTP/1.1" 200 1707
10.40.40.2 - - [22/Aug/2025:10:39:48 -0300] "GET /cormun/static/SmoothNavMenu/resources/ddsmoothmenu.css?1112540 HTTP/1.1" 200 2223
10.40.40.2 - - [22/Aug/2025:10:39:48 -0300] "GET /cormun/static/gxcfg.js?20201215495537 HTTP/1.1" 200 953
10.40.40.2 - - [22/Aug/2025:10:39:48 -0300] "GET /cormun/static/Resources/Spanish/PXTools.css?14345360 HTTP/1.1" 200 16384
10.40.40.2 - - [22/Aug/2025:10:39:48 -0300] "GET /cormun/static/PXToolsJavascripts/pexe_cookies.js HTTP/1.1" 200 792
10.40.40.2 - - [22/Aug/2025:10:39:48 -0300] "GET /cormun/static/Shared/jqueryui/jquery-ui.min.css?1345370 HTTP/1.1" 200 30288
10.40.40.2 - - [22/Aug/2025:10:39:48 -0300] "GET /cormun/static/PXToolsJavascripts/pexe_oavdivfix.js HTTP/1.1" 200 639
10.40.40.2 - - [22/Aug/2025:10:39:48 -0300] "GET /cormun/static/PXToolsJavascripts/pexe_menudivfix.js HTTP/1.1" 200 333
10.40.40.2 - - [22/Aug/2025:10:39:48 -0300] "GET /cormun/static/PXToolsJavascripts/pexe_picture.js HTTP/1.1" 200 689
10.40.40.2 - - [22/Aug/2025:10:39:48 -0300] "GET /cormun/static/PXToolsJavascripts/pexe_oav.js HTTP/1.1" 200 645
10.40.40.2 - - [22/Aug/2025:10:39:48 -0300] "GET /cormun/static/PXToolsJavascripts/pexe_tabdivfix.js HTTP/1.1" 200 898
10.40.40.2 - - [22/Aug/2025:10:39:48 -0300] "GET /cormun/static/hhome.js?20201215495544 HTTP/1.1" 200 777
10.40.40.2 - - [22/Aug/2025:10:39:48 -0300] "GET /cormun/static/PXToolsJavascripts/PXToolsJavascriptsRender.js HTTP/1.1" 200 367
10.40.40.2 - - [22/Aug/2025:10:39:48 -0300] "GET /cormun/static/RunJS/RunJS.js HTTP/1.1" 200 288
10.40.40.2 - - [22/Aug/2025:10:39:48 -0300] "GET /cormun/static/hwchdr01.js?2022112219251119 HTTP/1.1" 200 996
10.40.40.2 - - [22/Aug/2025:10:39:48 -0300] "GET /cormun/static/hpexe_messagecontroller.js?202211298371222 HTTP/1.1" 200 870
10.40.40.2 - - [22/Aug/2025:10:39:48 -0300] "GET /cormun/static/hpexe_messagegenexuscomponent.js?20221129836373 HTTP/1.1" 200 587
10.40.40.2 - - [22/Aug/2025:10:39:48 -0300] "GET /cormun/static/Resources/CormunMP2.png HTTP/1.1" 200 6878
10.40.40.2 - - [22/Aug/2025:10:39:48 -0300] "GET /cormun/static/Resources/ImgLogin.png HTTP/1.1" 200 1432
10.40.40.2 - - [22/Aug/2025:10:39:48 -0300] "GET /cormun/static/hpexe_messagepopupcomponent.js?2020121447232 HTTP/1.1" 200 605
10.40.40.2 - - [22/Aug/2025:10:39:48 -0300] "GET /cormun/static/Resources/ImgHome.png HTTP/1.1" 200 1364
10.40.40.2 - - [22/Aug/2025:10:39:48 -0300] "GET /cormun/static/Resources/Llave.png HTTP/1.1" 200 1395
10.40.40.2 - - [22/Aug/2025:10:39:49 -0300] "GET /cormun/static/Resources/PXToolsDataTitle.png HTTP/1.1" 200 1173
10.40.40.2 - - [22/Aug/2025:10:39:49 -0300] "GET /favicon.ico HTTP/1.1" 200 21630
10.40.40.2 - - [22/Aug/2025:10:39:49 -0300] "GET /cormun/static/SmoothNavMenu/resources/images/down.gif HTTP/1.1" 200 854
10.40.40.2 - - [22/Aug/2025:10:39:49 -0300] "GET /cormun/static/SmoothNavMenu/resources/images/right.gif HTTP/1.1" 200 860
10.40.40.2 - - [22/Aug/2025:10:39:57 -0300] "GET /cormun/servlet/trlicenciasgenerales? HTTP/1.1" 200 9472
10.40.40.2 - - [22/Aug/2025:10:39:57 -0300] "GET /cormun/static/calendar-system.css?75620 HTTP/1.1" 200 5572
10.40.40.2 - - [22/Aug/2025:10:39:57 -0300] "GET /cormun/static/gxui/gxui-all.css?110300 HTTP/1.1" 200 2179
10.40.40.2 - - [22/Aug/2025:10:39:57 -0300] "GET /cormun/static/gxcfg.js?201991422444547 HTTP/1.1" 200 953
10.40.40.2 - - [22/Aug/2025:10:39:57 -0300] "GET /cormun/static/trlicenciasgenerales.js?201991422445161 HTTP/1.1" 200 37698
10.40.40.2 - - [22/Aug/2025:10:39:57 -0300] "GET /cormun/static/Resources/Spanish/PXTools.css?2294816 HTTP/1.1" 200 100853
10.40.40.2 - - [22/Aug/2025:10:39:57 -0300] "GET /cormun/static/Resources/PXTools/calendar.png HTTP/1.1" 200 1306
10.40.40.2 - - [22/Aug/2025:10:39:57 -0300] "GET /cormun/static/Resources/PXToolsDataSearch.png HTTP/1.1" 200 435
10.40.40.2 - - [22/Aug/2025:10:39:57 -0300] "GET /cormun/static/Resources/PXToolsGridFirstDisabled.gif HTTP/1.1" 200 100
10.40.40.2 - - [22/Aug/2025:10:39:57 -0300] "GET /cormun/static/Resources/PXToolsGridPreviousDisabled.gif HTTP/1.1" 200 90
10.40.40.2 - - [22/Aug/2025:10:39:57 -0300] "GET /cormun/static/Resources/PXToolsGridNextDisabled.gif HTTP/1.1" 200 90
10.40.40.2 - - [22/Aug/2025:10:39:57 -0300] "GET /cormun/static/Resources/PXToolsGridLastDisabled.gif HTTP/1.1" 200 98
10.40.40.2 - - [22/Aug/2025:10:39:57 -0300] "GET /cormun/static/Resources/PXToolsActionExcel.png HTTP/1.1" 200 727
10.40.40.2 - - [22/Aug/2025:10:39:57 -0300] "GET /cormun/static/Resources/PXToolsGridPage.gif HTTP/1.1" 200 725
10.40.40.2 - - [22/Aug/2025:10:39:57 -0300] "GET /favicon.ico HTTP/1.1" 200 21630
10.40.40.2 - - [22/Aug/2025:10:39:57 -0300] "GET /cormun//static/Resources/PXToolsHeaderFavorites.png HTTP/1.1" 200 1414
10.40.40.2 - - [22/Aug/2025:10:39:57 -0300] "GET /cormun/static/Resources/asc.gif HTTP/1.1" 200 67
10.40.40.2 - - [22/Aug/2025:10:39:57 -0300] "GET /cormun/static/Resources/desc.gif HTTP/1.1" 200 65
10.40.40.2 - - [22/Aug/2025:10:39:57 -0300] "GET /cormun//static/Resources/PXToolsGridDisplay.png HTTP/1.1" 200 525
10.40.40.2 - - [22/Aug/2025:10:39:57 -0300] "GET /cormun//static/Resources/PXTools/ActionInsert.png HTTP/1.1" 200 1482
10.40.40.2 - - [22/Aug/2025:10:39:57 -0300] "GET /cormun//static/Resources/PXToolsHeaderHelp.png HTTP/1.1" 200 1333
10.40.40.2 - - [22/Aug/2025:10:39:57 -0300] "GET /cormun/static/Shared/ext/resources/themes/images/default/panel/bg-headersPanel.png HTTP/1.1" 200 255
10.40.40.2 - - [22/Aug/2025:10:39:57 -0300] "GET /cormun/static/Shared/ext/resources/themes/images/default/tools/tool-sprites.gif HTTP/1.1" 200 5434
10.40.40.2 - - [22/Aug/2025:10:40:02 -0300] "GET /cormun/servlet/licenciasgenerales?DSP,14136625,L,20250819000000, HTTP/1.1" 200 5894
10.40.40.2 - - [22/Aug/2025:10:40:02 -0300] "GET /cormun/static/gxcfg.js?201991422271497 HTTP/1.1" 200 953
10.40.40.2 - - [22/Aug/2025:10:40:02 -0300] "GET /cormun/static/Resources/prompt.gif HTTP/1.1" 200 902
10.40.40.2 - - [22/Aug/2025:10:40:02 -0300] "GET /cormun/static/licenciasgenerales.js?201991422271531 HTTP/1.1" 200 19918
10.40.40.2 - - [22/Aug/2025:10:40:07 -0300] "POST /cormun/servlet/licenciasgenerales?1794b898d96c144b1534804de24b118f,DSP,14136625,L,20250819000000,,gx-no-cache=1755870176142 HTTP/1.1" 200 93
10.40.40.2 - - [22/Aug/2025:10:40:07 -0300] "GET /cormun/servlet/hpexe_return? HTTP/1.1" 200 1025
10.40.40.2 - - [22/Aug/2025:10:40:07 -0300] "GET /cormun/static/gxcfg.js?20221129846035 HTTP/1.1" 200 953
10.40.40.2 - - [22/Aug/2025:10:40:07 -0300] "GET /cormun/static/hpexe_return.js?20221129846037 HTTP/1.1" 200 1633
10.40.40.2 - - [22/Aug/2025:10:40:07 -0300] "GET /favicon.ico HTTP/1.1" 200 21630
10.40.40.2 - - [22/Aug/2025:10:40:07 -0300] "GET /cormun/servlet/trlicenciasgenerales HTTP/1.1" 200 9474
10.40.40.2 - - [22/Aug/2025:10:41:00 -0300] "POST /cormun/servlet/trlicenciasgenerales?1794b898d96c144b1534804de24b118f,gx-no-cache=1755870229774 HTTP/1.1" 200 5338
10.40.40.2 - - [22/Aug/2025:10:41:02 -0300] "POST /cormun/servlet/trlicenciasgenerales?1794b898d96c144b1534804de24b118f,gx-no-cache=1755870231411 HTTP/1.1" 200 5337
10.40.40.2 - - [22/Aug/2025:10:41:06 -0300] "POST /cormun/servlet/acontrolpreferencessavestate?None,CBUSTOS,true HTTP/1.1" 200 35
10.40.40.2 - - [22/Aug/2025:10:41:08 -0300] "POST /cormun/servlet/trlicenciasgenerales?1794b898d96c144b1534804de24b118f,gx-no-cache=1755870237372 HTTP/1.1" 200 90
10.40.40.2 - - [22/Aug/2025:10:41:08 -0300] "GET /cormun/servlet/hpexe_link HTTP/1.1" 200 957
10.40.40.2 - - [22/Aug/2025:10:41:08 -0300] "GET /cormun/servlet/hhome HTTP/1.1" 200 3478
10.40.40.2 - - [22/Aug/2025:10:41:12 -0300] "GET /cormun/servlet/trlicenciasgenerales? HTTP/1.1" 200 8062
20.65.193.61 - - [22/Aug/2025:10:42:11 -0300] "GET / HTTP/1.1" 200 11217
190.95.1.187 - - [22/Aug/2025:10:42:21 -0300] "GET /cormun/servlet/hlogin HTTP/1.1" 200 1724
190.95.1.187 - - [22/Aug/2025:10:42:23 -0300] "POST /cormun/servlet/hlogin?0c69481f6a714b0d42eb30dc2809abbe,gx-no-cache=1755870331885 HTTP/1.1" 200 90
190.95.1.187 - - [22/Aug/2025:10:42:23 -0300] "GET /cormun/servlet/hpexe_link HTTP/1.1" 200 954
190.95.1.187 - - [22/Aug/2025:10:42:23 -0300] "GET /cormun/servlet/hhome HTTP/1.1" 200 4021
190.95.1.187 - - [22/Aug/2025:10:42:26 -0300] "GET /cormun/servlet/trlicencias? HTTP/1.1" 200 16441
190.95.15.17 - - [22/Aug/2025:10:43:51 -0300] "GET /cormun/servlet/hlogin HTTP/1.1" 200 1719
190.95.15.17 - - [22/Aug/2025:10:43:54 -0300] "POST /cormun/servlet/hlogin?f2ca5728db72c1a842777f1c23954dac,gx-no-cache=1755870423030 HTTP/1.1" 200 90
190.95.15.17 - - [22/Aug/2025:10:43:54 -0300] "GET /cormun/servlet/hpexe_link HTTP/1.1" 200 950
190.95.15.17 - - [22/Aug/2025:10:43:55 -0300] "GET /cormun/servlet/hhome HTTP/1.1" 200 4378
129.222.173.48 - - [22/Aug/2025:10:46:25 -0300] "GET /cormun/servlet/hlogin HTTP/1.1" 200 1722
129.222.173.48 - - [22/Aug/2025:10:46:27 -0300] "POST /cormun/servlet/hlogin?f8826141b2e2fbe2f40377126fb96d29,gx-no-cache=1755870576374 HTTP/1.1" 200 90
129.222.173.48 - - [22/Aug/2025:10:46:27 -0300] "GET /cormun/servlet/hpexe_link HTTP/1.1" 200 951
129.222.173.48 - - [22/Aug/2025:10:46:28 -0300] "GET /cormun/servlet/hhome HTTP/1.1" 200 3946
129.222.173.48 - - [22/Aug/2025:10:46:48 -0300] "GET /cormun/servlet/trpermisosgoce? HTTP/1.1" 200 9870
129.222.173.48 - - [22/Aug/2025:10:46:53 -0300] "GET /cormun/servlet/permisogoce?INS,0,,, HTTP/1.1" 200 6808
129.222.173.48 - - [22/Aug/2025:10:47:12 -0300] "GET /cormun/servlet/permisogoce?d3cc2574791bad8cbec3f273994d39d112ecb2fa654107c8b8f03ea294e2a4904b7e081e568603128120c08ae1ea8a039d4a55eadd684782aff5bc5bf9f003bf,gx-no-cache=1755870620887 HTTP/1.1" 200 77
129.222.173.48 - - [22/Aug/2025:10:47:13 -0300] "GET /cormun/static/menuarrow.gif HTTP/1.1" 404 1015
201.186.226.5 - - [22/Aug/2025:10:47:14 -0300] "GET /cormun/servlet/solicitudotadjuntos?c4db58a42a16100a4a7149a6847c10dadcfa8bd76bf0ec8d4e96c8a5ff85b349,gx-no-cache=1755870623158 HTTP/1.1" 200 30
201.186.226.5 - - [22/Aug/2025:10:47:14 -0300] "GET /cormun/servlet/solicitudotadjuntos?c4db58a42a16100a4a7149a6847c10dadcfa8bd76bf0ec8d4e96c8a5ff85b349,gx-no-cache=1755870623179 HTTP/1.1" 200 30
201.186.226.5 - - [22/Aug/2025:10:47:14 -0300] "POST /cormun/servlet/solicitudotadjuntos?a52fca1e74ec3d2ef76cc2cb858aa994,INS,2025,22889,,1, HTTP/1.1" 200 116
201.186.226.5 - - [22/Aug/2025:10:47:14 -0300] "GET /cormun/servlet/hpexe_return? HTTP/1.1" 200 1027
201.186.226.5 - - [22/Aug/2025:10:47:15 -0300] "GET /cormun/servlet/trsolicitudadjuntos?2025,22889, HTTP/1.1" 200 10376
129.222.173.48 - - [22/Aug/2025:10:47:23 -0300] "GET /cormun/servlet/permisogoce?d3cc2574791bad8cbec3f273994d39d14145b3b45846a9e27122f7671081feba7e8799e3f662d3d2c2c621f867c237a71bc21cd183be2b075257e611000f17d5,gx-no-cache=1755870632477 HTTP/1.1" 200 47
201.186.226.5 - - [22/Aug/2025:10:47:29 -0300] "GET /cormun/servlet/solicitudotadjuntos?INS,2025,22889,,1, HTTP/1.1" 200 6051
201.186.226.5 - - [22/Aug/2025:10:47:29 -0300] "GET /cormun/static/about:blank HTTP/1.1" 404 1011
201.186.226.5 - - [22/Aug/2025:10:47:30 -0300] "GET /cormun/servlet/solicitudotadjuntos?c4db58a42a16100a4a7149a6847c10da775a3923f995bd05206f67aa4e837eabf0b5015281573a6f62e0e5b7e3032ef9,gx-no-cache=1755870638445 HTTP/1.1" 200 30
201.186.226.5 - - [22/Aug/2025:10:47:30 -0300] "POST /cormun/servlet/solicitudotadjuntos?a52fca1e74ec3d2ef76cc2cb858aa994,INS,2025,22889,,1,,gx-no-cache=1755870638475 HTTP/1.1" 200 3878
201.186.226.5 - - [22/Aug/2025:10:47:33 -0300] "POST /cormun/servlet/solicitudotadjuntos?gx-no-cache=1755870642336 HTTP/1.1" 200 26
129.222.173.48 - - [22/Aug/2025:10:47:41 -0300] "POST /cormun/servlet/permisogoce?f8826141b2e2fbe2f40377126fb96d29,INS,0,,,,gx-no-cache=1755870649143 HTTP/1.1" 200 93
129.222.173.48 - - [22/Aug/2025:10:47:41 -0300] "GET /cormun/servlet/hpexe_return? HTTP/1.1" 200 1011
129.222.173.48 - - [22/Aug/2025:10:47:41 -0300] "GET /cormun/servlet/trpermisosgoce HTTP/1.1" 200 10203
129.222.173.48 - - [22/Aug/2025:10:47:45 -0300] "GET /cormun/servlet/permisogoce?INS,0,,, HTTP/1.1" 200 6807
201.186.226.5 - - [22/Aug/2025:10:48:14 -0300] "GET /cormun/servlet/solicitudotadjuntos?c4db58a42a16100a4a7149a6847c10dadcfa8bd76bf0ec8d4e96c8a5ff85b349,gx-no-cache=1755870682615 HTTP/1.1" 200 30
201.186.226.5 - - [22/Aug/2025:10:48:14 -0300] "GET /cormun/servlet/solicitudotadjuntos?c4db58a42a16100a4a7149a6847c10dadcfa8bd76bf0ec8d4e96c8a5ff85b349,gx-no-cache=1755870682637 HTTP/1.1" 200 30
201.186.226.5 - - [22/Aug/2025:10:48:14 -0300] "POST /cormun/servlet/solicitudotadjuntos?a52fca1e74ec3d2ef76cc2cb858aa994,INS,2025,22889,,1, HTTP/1.1" 200 116
201.186.226.5 - - [22/Aug/2025:10:48:14 -0300] "GET /cormun/servlet/hpexe_return? HTTP/1.1" 200 1027
201.186.226.5 - - [22/Aug/2025:10:48:14 -0300] "GET /cormun/servlet/trsolicitudadjuntos?2025,22889, HTTP/1.1" 200 10595
129.222.173.48 - - [22/Aug/2025:10:48:14 -0300] "GET /cormun/servlet/permisogoce?d3cc2574791bad8cbec3f273994d39d160f6a1018ac12778859bdd90e0be3e124b7e081e568603128120c08ae1ea8a039d4a55eadd684782aff5bc5bf9f003bf,gx-no-cache=1755870683426 HTTP/1.1" 200 81
129.222.173.48 - - [22/Aug/2025:10:48:28 -0300] "GET /cormun/servlet/permisogoce?d3cc2574791bad8cbec3f273994d39d1635f9a0a40958157d2eaedd2b8471013dfaf431cadfcea3d3ebe1e7338d5d97e1bc21cd183be2b075257e611000f17d5,gx-no-cache=1755870697101 HTTP/1.1" 200 45
129.222.173.48 - - [22/Aug/2025:10:48:35 -0300] "POST /cormun/servlet/permisogoce?f8826141b2e2fbe2f40377126fb96d29,INS,0,,,,gx-no-cache=1755870703366 HTTP/1.1" 200 93
129.222.173.48 - - [22/Aug/2025:10:48:35 -0300] "GET /cormun/servlet/hpexe_return? HTTP/1.1" 200 1011
129.222.173.48 - - [22/Aug/2025:10:48:35 -0300] "GET /cormun/servlet/trpermisosgoce HTTP/1.1" 200 10432
201.186.226.5 - - [22/Aug/2025:10:48:39 -0300] "POST /cormun/servlet/acontrolpreferencessavestate?None,CA-L%2FE,true HTTP/1.1" 200 35
201.186.226.5 - - [22/Aug/2025:10:48:39 -0300] "POST /cormun/servlet/trsolicitudadjuntos?a52fca1e74ec3d2ef76cc2cb858aa994,2025,22889,,gx-no-cache=1755870707441 HTTP/1.1" 200 90
201.186.226.5 - - [22/Aug/2025:10:48:39 -0300] "GET /cormun/servlet/hpexe_link HTTP/1.1" 200 970
201.186.226.5 - - [22/Aug/2025:10:48:39 -0300] "GET /cormun/servlet/trsolicitudot HTTP/1.1" 200 8643
129.222.173.48 - - [22/Aug/2025:10:48:44 -0300] "GET /cormun/servlet/permisogoce?INS,0,,, HTTP/1.1" 200 6808
201.186.226.5 - - [22/Aug/2025:10:48:50 -0300] "POST /cormun/servlet/trsolicitudot?a52fca1e74ec3d2ef76cc2cb858aa994,gx-no-cache=1755870718715 HTTP/1.1" 200 4601
201.186.226.5 - - [22/Aug/2025:10:48:50 -0300] "GET /cormun/static/Shared/jqueryui/images/ui-icons_82798d_256x240.png HTTP/1.1" 404 1089
201.186.226.5 - - [22/Aug/2025:10:48:50 -0300] "GET /cormun/static/Shared/jqueryui/images/ui-bg_highlight-soft_100_c6c2c8_1x100.png HTTP/1.1" 404 1117
201.186.226.5 - - [22/Aug/2025:10:48:50 -0300] "GET /cormun/static/Shared/jqueryui/images/ui-bg_flat_55_fafafa_40x100.png HTTP/1.1" 404 1097
201.186.226.5 - - [22/Aug/2025:10:48:50 -0300] "GET /cormun/static/Shared/jqueryui/images/ui-icons_8d78a5_256x240.png HTTP/1.1" 404 1089
201.186.226.5 - - [22/Aug/2025:10:48:50 -0300] "POST /cormun/servlet/trsolicitudot?a52fca1e74ec3d2ef76cc2cb858aa994,gx-no-cache=1755870718891 HTTP/1.1" 200 4336
10.40.40.2 - - [22/Aug/2025:10:49:34 -0300] "POST /cormun/servlet/trlicenciasgenerales?1794b898d96c144b1534804de24b118f,,gx-no-cache=1755870742987 HTTP/1.1" 200 5344
10.40.40.2 - - [22/Aug/2025:10:49:35 -0300] "POST /cormun/servlet/trlicenciasgenerales?1794b898d96c144b1534804de24b118f,,gx-no-cache=1755870744159 HTTP/1.1" 200 5345
10.40.40.2 - - [22/Aug/2025:10:49:41 -0300] "POST /cormun/servlet/trlicenciasgenerales?1794b898d96c144b1534804de24b118f,,gx-no-cache=1755870749910 HTTP/1.1" 200 5344
192.168.10.19 - - [22/Aug/2025:10:49:48 -0300] "GET /cormun/servlet/hlogin HTTP/1.1" 200 1710
10.40.40.2 - - [22/Aug/2025:10:49:50 -0300] "POST /cormun/servlet/trlicenciasgenerales?1794b898d96c144b1534804de24b118f,,gx-no-cache=1755870759650 HTTP/1.1" 200 5345
192.168.10.19 - - [22/Aug/2025:10:49:53 -0300] "POST /cormun/servlet/hlogin?19dc77dd5c4589a9e6b97540abb173c1,gx-no-cache=1755870814331 HTTP/1.1" 200 90
192.168.10.19 - - [22/Aug/2025:10:49:53 -0300] "GET /cormun/servlet/hpexe_link HTTP/1.1" 200 949
192.168.10.19 - - [22/Aug/2025:10:49:53 -0300] "GET /cormun/servlet/trsolicitudgral? HTTP/1.1" 200 14528
10.40.40.2 - - [22/Aug/2025:10:50:01 -0300] "POST /cormun/servlet/trlicenciasgenerales?1794b898d96c144b1534804de24b118f,,gx-no-cache=1755870769919 HTTP/1.1" 200 5346
192.168.10.19 - - [22/Aug/2025:10:50:03 -0300] "POST /cormun/servlet/trsolicitudgral?19dc77dd5c4589a9e6b97540abb173c1,,gx-no-cache=1755870824630 HTTP/1.1" 200 5252
192.168.10.19 - - [22/Aug/2025:10:50:06 -0300] "POST /cormun/servlet/trsolicitudgral?19dc77dd5c4589a9e6b97540abb173c1,,gx-no-cache=1755870827275 HTTP/1.1" 200 5252
10.40.40.2 - - [22/Aug/2025:10:50:09 -0300] "POST /cormun/servlet/trlicenciasgenerales?1794b898d96c144b1534804de24b118f,,gx-no-cache=1755870778320 HTTP/1.1" 200 5341
10.40.40.2 - - [22/Aug/2025:10:50:16 -0300] "POST /cormun/servlet/trlicenciasgenerales?1794b898d96c144b1534804de24b118f,,gx-no-cache=1755870785119 HTTP/1.1" 200 5339
10.40.40.2 - - [22/Aug/2025:10:50:21 -0300] "POST /cormun/servlet/trlicenciasgenerales?1794b898d96c144b1534804de24b118f,,gx-no-cache=1755870789919 HTTP/1.1" 200 5342
129.222.173.48 - - [22/Aug/2025:10:50:22 -0300] "GET /cormun/servlet/permisogoce?d3cc2574791bad8cbec3f273994d39d17347de09537e5efe504b43716c2821ce4b7e081e568603128120c08ae1ea8a039d4a55eadd684782aff5bc5bf9f003bf,gx-no-cache=1755870811217 HTTP/1.1" 200 81
10.40.40.2 - - [22/Aug/2025:10:50:25 -0300] "POST /cormun/servlet/trlicenciasgenerales?1794b898d96c144b1534804de24b118f,,gx-no-cache=1755870794238 HTTP/1.1" 200 6902
129.222.173.48 - - [22/Aug/2025:10:50:39 -0300] "GET /cormun/servlet/permisogoce?d3cc2574791bad8cbec3f273994d39d164438487ae61f4fac16ce154c3d42e9c11d0c6e261169c1121f37976bb21226c1bc21cd183be2b075257e611000f17d5,gx-no-cache=1755870828382 HTTP/1.1" 200 47
129.222.173.48 - - [22/Aug/2025:10:50:43 -0300] "POST /cormun/servlet/permisogoce?f8826141b2e2fbe2f40377126fb96d29,INS,0,,,,gx-no-cache=1755870830773 HTTP/1.1" 200 93
129.222.173.48 - - [22/Aug/2025:10:50:43 -0300] "GET /cormun/servlet/hpexe_return? HTTP/1.1" 200 1011
129.222.173.48 - - [22/Aug/2025:10:50:43 -0300] "GET /cormun/servlet/trpermisosgoce HTTP/1.1" 200 10643
10.40.40.2 - - [22/Aug/2025:10:50:48 -0300] "POST /cormun/servlet/trlicenciasgenerales?1794b898d96c144b1534804de24b118f,,gx-no-cache=1755870817787 HTTP/1.1" 200 5339
129.222.173.48 - - [22/Aug/2025:10:50:48 -0300] "GET /cormun/servlet/permisogoce?INS,0,,, HTTP/1.1" 200 6807
10.40.40.2 - - [22/Aug/2025:10:50:50 -0300] "POST /cormun/servlet/trlicenciasgenerales?1794b898d96c144b1534804de24b118f,,gx-no-cache=1755870819067 HTTP/1.1" 200 5339
201.186.226.5 - - [22/Aug/2025:10:50:52 -0300] "GET /cormun/servlet/hlogin HTTP/1.1" 200 1720
10.40.40.2 - - [22/Aug/2025:10:50:54 -0300] "POST /cormun/servlet/trlicenciasgenerales?1794b898d96c144b1534804de24b118f,,gx-no-cache=1755870823208 HTTP/1.1" 200 5341
10.40.40.2 - - [22/Aug/2025:10:50:58 -0300] "POST /cormun/servlet/trlicenciasgenerales?1794b898d96c144b1534804de24b118f,,gx-no-cache=1755870827511 HTTP/1.1" 200 5341
10.40.40.2 - - [22/Aug/2025:10:50:59 -0300] "POST /cormun/servlet/trlicenciasgenerales?1794b898d96c144b1534804de24b118f,,gx-no-cache=1755870828446 HTTP/1.1" 200 5341
201.186.226.5 - - [22/Aug/2025:10:51:03 -0300] "POST /cormun/servlet/hlogin?a52fca1e74ec3d2ef76cc2cb858aa994,gx-no-cache=1755870851600 HTTP/1.1" 200 90
201.186.226.5 - - [22/Aug/2025:10:51:03 -0300] "GET /cormun/servlet/hpexe_link HTTP/1.1" 200 951
201.186.226.5 - - [22/Aug/2025:10:51:03 -0300] "GET /cormun/servlet/hhome HTTP/1.1" 200 4130
10.40.40.2 - - [22/Aug/2025:10:51:03 -0300] "POST /cormun/servlet/trlicenciasgenerales?1794b898d96c144b1534804de24b118f,,gx-no-cache=1755870832503 HTTP/1.1" 200 6462
201.186.226.5 - - [22/Aug/2025:10:51:03 -0300] "GET /cormun/static/SmoothNavMenu/resources/images/right.gif HTTP/1.1" 200 860
129.222.173.48 - - [22/Aug/2025:10:51:18 -0300] "GET /cormun/servlet/permisogoce?d3cc2574791bad8cbec3f273994d39d1acad404b2a5a1af3dcc5f7205f0bf6804b7e081e568603128120c08ae1ea8a039d4a55eadd684782aff5bc5bf9f003bf,gx-no-cache=1755870867237 HTTP/1.1" 200 82
129.222.173.48 - - [22/Aug/2025:10:51:27 -0300] "GET /cormun/servlet/permisogoce?d3cc2574791bad8cbec3f273994d39d1d4f768632578b2513d95eed75bbd94906773d094fbf82c93fc938e5bd16421da1bc21cd183be2b075257e611000f17d5,gx-no-cache=1755870875957 HTTP/1.1" 200 48
201.186.226.5 - - [22/Aug/2025:10:51:28 -0300] "GET /cormun/servlet/trautorizarsolicitud? HTTP/1.1" 200 8650
201.186.226.5 - - [22/Aug/2025:10:51:28 -0300] "GET /cormun/static/gxcfg.js?202211298474254 HTTP/1.1" 200 953
201.186.226.5 - - [22/Aug/2025:10:51:28 -0300] "GET /cormun/static/trautorizarsolicitud.js?202211298474588 HTTP/1.1" 200 53909
201.186.226.5 - - [22/Aug/2025:10:51:41 -0300] "POST /cormun/servlet/trautorizarsolicitud?a52fca1e74ec3d2ef76cc2cb858aa994,,gx-no-cache=1755870890082 HTTP/1.1" 200 4800
129.222.173.48 - - [22/Aug/2025:10:51:41 -0300] "POST /cormun/servlet/permisogoce?f8826141b2e2fbe2f40377126fb96d29,INS,0,,,,gx-no-cache=1755870889390 HTTP/1.1" 200 93
201.186.226.5 - - [22/Aug/2025:10:51:41 -0300] "GET /cormun/static/Shared/jqueryui/images/ui-bg_highlight-soft_100_c6c2c8_1x100.png HTTP/1.1" 404 1117
201.186.226.5 - - [22/Aug/2025:10:51:41 -0300] "GET /cormun/static/Shared/jqueryui/images/ui-icons_82798d_256x240.png HTTP/1.1" 404 1089
201.186.226.5 - - [22/Aug/2025:10:51:41 -0300] "GET /cormun/static/Shared/jqueryui/images/ui-bg_flat_55_fafafa_40x100.png HTTP/1.1" 404 1097
201.186.226.5 - - [22/Aug/2025:10:51:41 -0300] "GET /cormun/static/Shared/jqueryui/images/ui-icons_8d78a5_256x240.png HTTP/1.1" 404 1089
201.186.226.5 - - [22/Aug/2025:10:51:41 -0300] "POST /cormun/servlet/trautorizarsolicitud?a52fca1e74ec3d2ef76cc2cb858aa994,,gx-no-cache=1755870890269 HTTP/1.1" 200 4533
129.222.173.48 - - [22/Aug/2025:10:51:42 -0300] "GET /cormun/servlet/hpexe_return? HTTP/1.1" 200 1011
129.222.173.48 - - [22/Aug/2025:10:51:42 -0300] "GET /cormun/servlet/trpermisosgoce HTTP/1.1" 200 10886
201.186.226.5 - - [22/Aug/2025:10:51:57 -0300] "GET /cormun/servlet/hlogin HTTP/1.1" 200 1745
129.222.173.48 - - [22/Aug/2025:10:52:03 -0300] "GET /cormun/servlet/permisogoce?INS,0,,, HTTP/1.1" 200 6807
200.126.116.145 - - [22/Aug/2025:10:52:14 -0300] "POST /cormun/servlet/hlogin?375d69b849bbcad078609368b04384a1,gx-no-cache=1755870924358 HTTP/1.1" 440 972
200.126.116.145 - - [22/Aug/2025:10:52:16 -0300] "GET /cormun/servlet/hlogin HTTP/1.1" 200 1728
129.222.173.48 - - [22/Aug/2025:10:52:22 -0300] "GET /cormun/servlet/permisogoce?d3cc2574791bad8cbec3f273994d39d11d394809f93068a215b3eeaa564ace994b7e081e568603128120c08ae1ea8a039d4a55eadd684782aff5bc5bf9f003bf,gx-no-cache=1755870930946 HTTP/1.1" 200 86
129.222.173.48 - - [22/Aug/2025:10:52:29 -0300] "GET /cormun/servlet/permisogoce?d3cc2574791bad8cbec3f273994d39d1c560709742272e87134b99c9d87025f3c0ebc79ce49e63185f24e1be46a96a571bc21cd183be2b075257e611000f17d5,gx-no-cache=1755870938214 HTTP/1.1" 200 48
129.222.173.48 - - [22/Aug/2025:10:52:35 -0300] "POST /cormun/servlet/permisogoce?f8826141b2e2fbe2f40377126fb96d29,INS,0,,,,gx-no-cache=1755870943646 HTTP/1.1" 200 93
129.222.173.48 - - [22/Aug/2025:10:52:35 -0300] "GET /cormun/servlet/hpexe_return? HTTP/1.1" 200 1011
129.222.173.48 - - [22/Aug/2025:10:52:35 -0300] "GET /cormun/servlet/trpermisosgoce HTTP/1.1" 200 11108
129.222.173.48 - - [22/Aug/2025:10:53:17 -0300] "GET /cormun/servlet/permisogoce?INS,0,,, HTTP/1.1" 200 6808
200.126.116.145 - - [22/Aug/2025:10:53:27 -0300] "POST /cormun/servlet/hlogin?cd6fb6ef511ff084c216e13ba69ed117,gx-no-cache=1755870996590 HTTP/1.1" 200 90
200.126.116.145 - - [22/Aug/2025:10:53:27 -0300] "GET /cormun/servlet/hpexe_link HTTP/1.1" 200 950
200.126.116.145 - - [22/Aug/2025:10:53:27 -0300] "GET /cormun/servlet/hhome HTTP/1.1" 200 4326
129.222.173.48 - - [22/Aug/2025:10:53:28 -0300] "GET /cormun/servlet/permisogoce?d3cc2574791bad8cbec3f273994d39d11297682714687bc5eef172fdc4f60e064b7e081e568603128120c08ae1ea8a039d4a55eadd684782aff5bc5bf9f003bf,gx-no-cache=1755870996775 HTTP/1.1" 200 77
200.126.116.145 - - [22/Aug/2025:10:53:29 -0300] "GET /cormun/servlet/trsolicitudot? HTTP/1.1" 200 7541
200.126.116.145 - - [22/Aug/2025:10:53:32 -0300] "GET /cormun/servlet/solicitudot?INS,0,0,false, HTTP/1.1" 200 16319
190.95.67.99 - - [22/Aug/2025:10:54:48 -0300] "GET /cormun/servlet/trpermisosgoce HTTP/1.1" 200 6037
190.95.67.99 - - [22/Aug/2025:10:54:58 -0300] "GET /cormun/static/calendar-system.css?85620 HTTP/1.1" 200 5572
190.95.67.99 - - [22/Aug/2025:10:54:58 -0300] "GET /cormun/static/gxui/gxui-all.css?120300 HTTP/1.1" 200 2179
190.95.67.99 - - [22/Aug/2025:10:54:58 -0300] "GET /cormun/servlet/hhome HTTP/1.1" 200 3324
190.95.67.99 - - [22/Aug/2025:10:54:58 -0300] "GET /cormun/static/Shared/jqueryui/jquery-ui.min.css?1345370 HTTP/1.1" 200 30288
190.95.67.99 - - [22/Aug/2025:10:54:58 -0300] "GET /cormun/static/Resources/Spanish/PXTools.css?14345360 HTTP/1.1" 200 100853
190.95.67.99 - - [22/Aug/2025:10:54:58 -0300] "GET /cormun/static/Shared/ext/resources/css/ext-all.css?215870 HTTP/1.1" 200 352256
190.95.67.99 - - [22/Aug/2025:10:54:59 -0300] "GET /cormun/static/gxcfg.js?20201215495537 HTTP/1.1" 200 953
190.95.67.99 - - [22/Aug/2025:10:54:59 -0300] "GET /cormun/static/gxtimezone.js?85251 HTTP/1.1" 200 5781
190.95.67.99 - - [22/Aug/2025:10:54:59 -0300] "GET /cormun/static/PXToolsJavascripts/pexe_layers.js HTTP/1.1" 200 4114
190.95.67.99 - - [22/Aug/2025:10:54:59 -0300] "GET /cormun/static/PXToolsJavascripts/pexe_tabs.js HTTP/1.1" 200 3748
190.95.67.99 - - [22/Aug/2025:10:54:59 -0300] "GET /cormun/static/SmoothNavMenu/resources/ddsmoothmenu.css?1112540 HTTP/1.1" 200 2223
190.95.67.99 - - [22/Aug/2025:10:54:59 -0300] "GET /cormun/static/Shared/jqueryui/jquery-ui.min.css?1345370 HTTP/1.1" 200 30288
129.222.173.48 - - [22/Aug/2025:10:55:00 -0300] "GET /cormun/servlet/permisogoce?d3cc2574791bad8cbec3f273994d39d1d4f768632578b2513d95eed75bbd94901d637fa68236c294afc827f062c0b7881bc21cd183be2b075257e611000f17d5,gx-no-cache=1755871088897 HTTP/1.1" 200 47
190.95.67.99 - - [22/Aug/2025:10:55:00 -0300] "GET /cormun/static/SmoothNavMenu/resources/ddsmoothmenu-v.css?1112540 HTTP/1.1" 200 1188
190.95.67.99 - - [22/Aug/2025:10:55:00 -0300] "GET /cormun/static/scaMessage/css/jquery.pnotify.default.css?1816380 HTTP/1.1" 200 1707
190.95.67.99 - - [22/Aug/2025:10:55:00 -0300] "GET /cormun/static/Resources/Spanish/PXTools.css?14345360 HTTP/1.1" 200 100853
190.95.67.99 - - [22/Aug/2025:10:55:01 -0300] "GET /cormun/static/PXToolsJavascripts/pexe_oav.js HTTP/1.1" 200 645
190.95.67.99 - - [22/Aug/2025:10:55:01 -0300] "GET /cormun/static/PXToolsJavascripts/pexe_upload.js HTTP/1.1" 200 1423
190.95.67.99 - - [22/Aug/2025:10:55:01 -0300] "GET /cormun/static/PXToolsJavascripts/pexe_popup.js HTTP/1.1" 200 15149
190.95.67.99 - - [22/Aug/2025:10:55:03 -0300] "GET /cormun/static/PXToolsJavascripts/pexe_scrolldiv.js HTTP/1.1" 200 4138
190.95.67.99 - - [22/Aug/2025:10:55:03 -0300] "GET /cormun/static/PXToolsJavascripts/pexe_grid.js HTTP/1.1" 200 7559
190.95.67.99 - - [22/Aug/2025:10:55:03 -0300] "GET /cormun/static/PXToolsJavascripts/pexe_griddivfix.js HTTP/1.1" 200 6946
190.95.67.99 - - [22/Aug/2025:10:55:03 -0300] "GET /cormun/static/PXToolsJavascripts/pexe_windows.js HTTP/1.1" 200 15249
190.95.67.99 - - [22/Aug/2025:10:55:03 -0300] "GET /cormun/static/PXToolsJavascripts/PXToolsJavascriptsRender.js HTTP/1.1" 200 367
190.95.67.99 - - [22/Aug/2025:10:55:03 -0300] "GET /cormun/static/gxgral.js?85251 HTTP/1.1" 200 384558
129.222.173.48 - - [22/Aug/2025:10:55:04 -0300] "POST /cormun/servlet/permisogoce?f8826141b2e2fbe2f40377126fb96d29,INS,0,,,,gx-no-cache=1755871092717 HTTP/1.1" 200 93
129.222.173.48 - - [22/Aug/2025:10:55:05 -0300] "GET /cormun/servlet/hpexe_return? HTTP/1.1" 200 1011
129.222.173.48 - - [22/Aug/2025:10:55:05 -0300] "GET /cormun/servlet/trpermisosgoce HTTP/1.1" 200 11375
190.95.67.99 - - [22/Aug/2025:10:55:05 -0300] "GET /cormun/static/PXToolsJavascripts/pexe_tabdivfix.js HTTP/1.1" 200 898
190.95.67.99 - - [22/Aug/2025:10:55:05 -0300] "GET /cormun/static/PXToolsJavascripts/pexe_menudivfix.js HTTP/1.1" 200 333
190.95.67.99 - - [22/Aug/2025:10:55:05 -0300] "GET /cormun/static/PXToolsJavascripts/pexe_menus.js HTTP/1.1" 200 1286
190.95.67.99 - - [22/Aug/2025:10:55:05 -0300] "GET /cormun/static/PXToolsJavascripts/pexe_cookies.js HTTP/1.1" 200 792
190.95.67.99 - - [22/Aug/2025:10:55:05 -0300] "GET /cormun/static/PXToolsJavascripts/pexe_oavdivfix.js HTTP/1.1" 200 639
190.95.67.99 - - [22/Aug/2025:10:55:05 -0300] "GET /cormun/static/PXToolsJavascripts/pexe_link.js HTTP/1.1" 200 5671
190.95.67.99 - - [22/Aug/2025:10:55:05 -0300] "GET /cormun/static/PXToolsJavascripts/pexe_picture.js HTTP/1.1" 200 689
190.95.67.99 - - [22/Aug/2025:10:55:05 -0300] "GET /cormun/static/PXToolsJavascripts/pexe_autoreload.js HTTP/1.1" 200 1762
190.95.67.99 - - [22/Aug/2025:10:55:05 -0300] "GET /cormun/static/Resources/ImgHome.png HTTP/1.1" 200 1364
190.95.67.99 - - [22/Aug/2025:10:55:05 -0300] "GET /cormun/static/Resources/CormunMP2.png HTTP/1.1" 200 6878
190.95.67.99 - - [22/Aug/2025:10:55:06 -0300] "GET /cormun/static/Resources/Llave.png HTTP/1.1" 200 1395
190.95.67.99 - - [22/Aug/2025:10:55:06 -0300] "GET /cormun/static/Shared/ext/locale/ext-lang-en.js HTTP/1.1" 200 10940
190.95.67.99 - - [22/Aug/2025:10:55:06 -0300] "GET /cormun/static/Resources/ImgLogin.png HTTP/1.1" 200 1432
190.95.67.99 - - [22/Aug/2025:10:55:06 -0300] "GET /cormun/static/RunJS/RunJS.js HTTP/1.1" 200 288
190.95.67.99 - - [22/Aug/2025:10:55:06 -0300] "GET /cormun/static/gxui/gxui-all.js HTTP/1.1" 200 107772
190.95.67.99 - - [22/Aug/2025:10:55:06 -0300] "GET /cormun/static/messages.spa.js?85251 HTTP/1.1" 200 30736
190.95.67.99 - - [22/Aug/2025:10:55:06 -0300] "GET /cormun/static/hhome.js?20201215495544 HTTP/1.1" 200 777
190.95.67.99 - - [22/Aug/2025:10:55:06 -0300] "GET /cormun/static/hwchdr01.js?2022112219251119 HTTP/1.1" 200 996
190.95.67.99 - - [22/Aug/2025:10:55:06 -0300] "GET /cormun/static/hpexe_recentlink.js?20201214471090 HTTP/1.1" 200 2144
190.95.67.99 - - [22/Aug/2025:10:55:06 -0300] "GET /cormun/static/hpexe_scripts.js?20201214471411 HTTP/1.1" 200 1544
190.95.67.99 - - [22/Aug/2025:10:55:07 -0300] "GET /cormun/static/hpexe_messagecontroller.js?202211298371222 HTTP/1.1" 200 870
190.95.67.99 - - [22/Aug/2025:10:55:07 -0300] "GET /cormun/static/hpexe_messagepopupcomponent.js?2020121447232 HTTP/1.1" 200 605
190.95.67.99 - - [22/Aug/2025:10:55:07 -0300] "GET /cormun/static/hpexe_messagegenexuscomponent.js?20221129836373 HTTP/1.1" 200 587
190.95.67.99 - - [22/Aug/2025:10:55:07 -0300] "GET /cormun/static/cmcontrolpreferences.js?20199141926336 HTTP/1.1" 200 1375
190.95.67.99 - - [22/Aug/2025:10:55:07 -0300] "GET /cormun/static/Shared/ext/ext-all.js HTTP/1.1" 200 1289687
190.95.67.99 - - [22/Aug/2025:10:55:07 -0300] "GET /cormun/static/Shared/jquery/jquery-1.4.2.min.js HTTP/1.1" 200 72174
190.95.67.99 - - [22/Aug/2025:10:55:08 -0300] "GET /cormun/static/Resources/PXToolsDataTitle.png HTTP/1.1" 200 1173
190.95.67.99 - - [22/Aug/2025:10:55:08 -0300] "GET /cormun/static/Shared/jquery/jquery-1.10.2.min.js HTTP/1.1" 200 273199
190.95.67.99 - - [22/Aug/2025:10:55:08 -0300] "GET /cormun/static/Shared/jqueryui/jquery-ui.min.js HTTP/1.1" 200 240427
190.95.67.99 - - [22/Aug/2025:10:55:09 -0300] "GET /cormun/static/SmoothNavMenu/resources/ddsmoothmenu.js HTTP/1.1" 200 12712
190.95.67.99 - - [22/Aug/2025:10:55:10 -0300] "GET /cormun/static/SmoothNavMenu/resources/SmoothNavMenuRender.js HTTP/1.1" 200 5951
190.95.67.99 - - [22/Aug/2025:10:55:12 -0300] "GET /cormun/static/scaMessage/js/jquery.pnotify.min.js HTTP/1.1" 200 13038
190.95.67.99 - - [22/Aug/2025:10:55:13 -0300] "GET /cormun/static/scaMessage/scaMessageRender.js HTTP/1.1" 200 11977
190.95.67.99 - - [22/Aug/2025:10:55:13 -0300] "GET /cormun/static/hmpwkw03.js?20221129844354 HTTP/1.1" 200 3971
190.95.67.99 - - [22/Aug/2025:10:55:15 -0300] "GET /cormun/static/Resources/indicator.gif HTTP/1.1" 200 1553
190.95.67.99 - - [22/Aug/2025:10:55:15 -0300] "GET /cormun/servlet/hlogin HTTP/1.1" 200 1733
190.95.67.99 - - [22/Aug/2025:10:55:15 -0300] "GET /cormun/static/gxcfg.js?2022112219184450 HTTP/1.1" 200 953
190.95.67.99 - - [22/Aug/2025:10:55:15 -0300] "GET /cormun/static/hlogin.js?2022112219184458 HTTP/1.1" 200 2156
190.95.67.99 - - [22/Aug/2025:10:55:15 -0300] "GET /cormun/static/Resources/CormunLogin.png HTTP/1.1" 200 19132
190.95.67.99 - - [22/Aug/2025:10:55:15 -0300] "GET /cormun/static/Resources/Spanish/PXTools.css?1759030 HTTP/1.1" 200 100853
190.95.67.99 - - [22/Aug/2025:10:55:16 -0300] "GET /cormun/static/Resources/PXToolsLoginBackground.png HTTP/1.1" 200 1164
190.95.67.99 - - [22/Aug/2025:10:55:16 -0300] "GET /cormun/static/Resources/PXToolsButtonLeft.png HTTP/1.1" 200 1310
190.95.67.99 - - [22/Aug/2025:10:55:16 -0300] "GET /cormun/static/Resources/PXToolsLoginTop.png HTTP/1.1" 200 1337
190.95.67.99 - - [22/Aug/2025:10:55:16 -0300] "GET /cormun/static/Resources/PXToolsButtonRight.png HTTP/1.1" 200 1294
190.95.67.99 - - [22/Aug/2025:10:55:16 -0300] "GET /cormun/static/Resources/PXToolsButtonBackground.png HTTP/1.1" 200 1176
190.95.67.99 - - [22/Aug/2025:10:55:16 -0300] "GET /cormun/static/Resources/PXToolsLoginBottom.png HTTP/1.1" 200 1389
190.95.67.99 - - [22/Aug/2025:10:55:16 -0300] "GET /cormun/static/Resources/indicator.gif HTTP/1.1" 200 1553
190.95.67.99 - - [22/Aug/2025:10:55:16 -0300] "GET /favicon.ico HTTP/1.1" 200 21630
200.126.116.145 - - [22/Aug/2025:10:57:36 -0300] "POST /cormun/servlet/solicitudot?gx-no-cache=1755871245842 HTTP/1.1" 200 4152
200.126.116.145 - - [22/Aug/2025:10:57:36 -0300] "POST /cormun/servlet/solicitudot?cd6fb6ef511ff084c216e13ba69ed117,INS,0,0,false,,gx-no-cache=1755871245990 HTTP/1.1" 200 12989
200.126.116.145 - - [22/Aug/2025:10:57:45 -0300] "GET /cormun/servlet/solicitudot?f5563143531419073f4b8b6631171d807d64d1856a9caa841cdb0bedca55b93c22c58ccd2031c17629220eb77658e93f,gx-no-cache=1755871254729 HTTP/1.1" 200 30
200.126.116.145 - - [22/Aug/2025:10:57:45 -0300] "GET /cormun/servlet/solicitudot?f5563143531419073f4b8b6631171d8025b4db341704d3831c50932b855aee3aa6af99edd7c463d672a47cf50e3725e11668288728e3e7a8e34c4aa50a81bce3,gx-no-cache=1755871254760 HTTP/1.1" 200 30
200.126.116.145 - - [22/Aug/2025:10:57:45 -0300] "GET /cormun/servlet/solicitudot?f5563143531419073f4b8b6631171d805e5818587e1fb3c5f3778c0cbb384bed,gx-no-cache=1755871254782 HTTP/1.1" 200 51
200.126.116.145 - - [22/Aug/2025:10:57:45 -0300] "POST /cormun/servlet/solicitudot?gx-no-cache=1755871254812 HTTP/1.1" 200 240
200.126.116.145 - - [22/Aug/2025:10:57:45 -0300] "GET /cormun/servlet/solicitudot?f5563143531419073f4b8b6631171d80db936d60f8e28fb98ccdccf205fbc3fa507d4e11ef68deca794df1bde02d3a771e496f2a678e450a430880dcb8de6ade60bf4a635f7060effe3dc976a142ad1921b97ba0f0492fcb2252176f16e4a953569f57481f39f72e0c987010eb4923ce7d064361d7367cf3d48e9d2d679695aa8f7f43919fb77fc92b7c5bbb01f594476796ac445f67f6a7c5686b11e590472807db9d368689dabbaef24625d0f256919e746809e4fcdc4ecb59668af713e2eb8e73cf19201ea4eae2d83bd811b9bb5b7864acde11eaf987cef6dd48e062e45983f8bdb1b9bf00ae6fc1cce6d5e3edfcea777e47f6ad5785d42dc0741496e448df156a8064136b02919749b53f7e407a42c7fbf971f958182d30b39d0ee829b050d0690633fec6a1214ab42028b1ea94735776dae04f372809b56a8604cdac54037ff6c1bc9833e23e22e0041f624b69ee63982a1de567c10abe9d1af55902c1f84c868f342a5322091821dda0eae104f1527de1071640b2b1b2e2935bd65c3f,gx-no-cache=1755871254848 HTTP/1.1" 200 30
200.126.116.145 - - [22/Aug/2025:10:57:46 -0300] "POST /cormun/servlet/solicitudot?gx-no-cache=1755871256276 HTTP/1.1" 200 30
200.126.116.145 - - [22/Aug/2025:10:57:49 -0300] "POST /cormun/servlet/solicitudot?gx-no-cache=1755871258920 HTTP/1.1" 200 1481
200.126.116.145 - - [22/Aug/2025:10:57:49 -0300] "POST /cormun/servlet/solicitudot?gx-no-cache=1755871258951 HTTP/1.1" 200 38
200.126.116.145 - - [22/Aug/2025:10:57:49 -0300] "GET /cormun/servlet/solicitudot?f5563143531419073f4b8b6631171d80db4db3bc40bfadb386776f4413583ba890dc1cf79d04c6ba3e1054d505c6898f89e7c924cf026537511e1fa66aa1a711c0397ef27bb1361a6110c69ecd7dfc802e330674b4107ea682c7d5fb6c7b0aca31b839c812a412edbd7f33d8ab712ac6,gx-no-cache=1755871258975 HTTP/1.1" 200 110
190.95.15.13 - - [22/Aug/2025:11:03:23 -0300] "POST /cormun/servlet/trlicencias?5b135dc0f8fb2694ee5d1b30c1c76096,,gx-no-cache=1755871588674 HTTP/1.1" 440 972
190.95.15.13 - - [22/Aug/2025:11:03:25 -0300] "GET /cormun/servlet/trlicencias? HTTP/1.1" 200 6055
190.95.15.13 - - [22/Aug/2025:11:03:25 -0300] "GET /cormun/servlet/hlogin HTTP/1.1" 200 1743
200.126.116.145 - - [22/Aug/2025:11:03:44 -0300] "POST /cormun/servlet/solicitudot?gx-no-cache=1755871613943 HTTP/1.1" 200 97
200.126.116.145 - - [22/Aug/2025:11:03:55 -0300] "GET /cormun/servlet/solicitudot?f5563143531419073f4b8b6631171d80a9156cc549521703216e02704a51ea2002cc452f41aa3aec1c55b734b6913105d2bbda5242cba3121f704a9a0a03238a084624b1eb2589ca0f73c3f227fee9604208f8d583b645a617f1f59fdf13a98b0e9831591d3a912d1dc921fb94b63a898613dd444c6e9ff0f0a7ad38c8654aecc429eeff8fff7685cbbf2c187c9cb188f64bec90af5ceeccfc5a02b4ef013ff8,gx-no-cache=1755871624828 HTTP/1.1" 200 29
200.126.116.145 - - [22/Aug/2025:11:03:55 -0300] "GET /cormun/static/menuarrow.gif HTTP/1.1" 404 1015
200.126.116.145 - - [22/Aug/2025:11:04:00 -0300] "GET /cormun/servlet/solicitudot?f5563143531419073f4b8b6631171d808a92dab92a6b9db6cba515e7e81cd35f67d68d3783a7b590631a415991be99e3,gx-no-cache=1755871629666 HTTP/1.1" 200 30
200.126.116.145 - - [22/Aug/2025:11:04:05 -0300] "POST /cormun/servlet/solicitudot?gx-no-cache=1755871635006 HTTP/1.1" 200 30
200.126.116.145 - - [22/Aug/2025:11:04:14 -0300] "POST /cormun/servlet/solicitudot?cd6fb6ef511ff084c216e13ba69ed117,INS,0,0,false,,gx-no-cache=1755871644021 HTTP/1.1" 200 93
200.126.116.145 - - [22/Aug/2025:11:04:14 -0300] "GET /cormun/servlet/hpexe_return? HTTP/1.1" 200 1007
200.126.116.145 - - [22/Aug/2025:11:04:14 -0300] "GET /cormun/servlet/trsolicitudot HTTP/1.1" 200 8969
200.126.116.145 - - [22/Aug/2025:11:04:34 -0300] "GET /cormun/servlet/solicitudot?INS,0,0,false, HTTP/1.1" 200 16318
200.126.116.145 - - [22/Aug/2025:11:05:40 -0300] "POST /cormun/servlet/solicitudot?gx-no-cache=1755871730179 HTTP/1.1" 200 4152
200.126.116.145 - - [22/Aug/2025:11:05:40 -0300] "POST /cormun/servlet/solicitudot?cd6fb6ef511ff084c216e13ba69ed117,INS,0,0,false,,gx-no-cache=1755871730359 HTTP/1.1" 200 12986
200.126.116.145 - - [22/Aug/2025:11:05:44 -0300] "GET /cormun/servlet/solicitudot?f5563143531419073f4b8b6631171d807d64d1856a9caa841cdb0bedca55b93c22c58ccd2031c17629220eb77658e93f,gx-no-cache=1755871734113 HTTP/1.1" 200 30
200.126.116.145 - - [22/Aug/2025:11:05:44 -0300] "GET /cormun/servlet/solicitudot?f5563143531419073f4b8b6631171d8025b4db341704d3831c50932b855aee3aa6af99edd7c463d672a47cf50e3725e11668288728e3e7a8e34c4aa50a81bce3,gx-no-cache=1755871734152 HTTP/1.1" 200 30
200.126.116.145 - - [22/Aug/2025:11:05:44 -0300] "GET /cormun/servlet/solicitudot?f5563143531419073f4b8b6631171d805e5818587e1fb3c5f3778c0cbb384bed,gx-no-cache=1755871734186 HTTP/1.1" 200 51
200.126.116.145 - - [22/Aug/2025:11:05:44 -0300] "POST /cormun/servlet/solicitudot?gx-no-cache=1755871734207 HTTP/1.1" 200 240
200.126.116.145 - - [22/Aug/2025:11:05:44 -0300] "GET /cormun/servlet/solicitudot?f5563143531419073f4b8b6631171d80db936d60f8e28fb98ccdccf205fbc3fa507d4e11ef68deca794df1bde02d3a771e496f2a678e450a430880dcb8de6ade60bf4a635f7060effe3dc976a142ad1921b97ba0f0492fcb2252176f16e4a953569f57481f39f72e0c987010eb4923ce7d064361d7367cf3d48e9d2d679695aa8f7f43919fb77fc92b7c5bbb01f594476796ac445f67f6a7c5686b11e590472807db9d368689dabbaef24625d0f256919e746809e4fcdc4ecb59668af713e2eb8e73cf19201ea4eae2d83bd811b9bb5b7864acde11eaf987cef6dd48e062e45983f8bdb1b9bf00ae6fc1cce6d5e3edfcea777e47f6ad5785d42dc0741496e448df156a8064136b02919749b53f7e407a42c7fbf971f958182d30b39d0ee829b050d0690633fec6a1214ab42028b1ea94735776dae04f372809b56a8604cdac54037ff6c1bc9833e23e22e0041f624b69ee63982a1de567c10abe9d1af55902c1f84c868f342a5322091821dda0eae104f1527de1071640b2b1b2e2935bd65c3f,gx-no-cache=1755871734231 HTTP/1.1" 200 30
200.126.116.145 - - [22/Aug/2025:11:06:16 -0300] "POST /cormun/servlet/solicitudot?gx-no-cache=1755871765686 HTTP/1.1" 200 30
200.126.116.145 - - [22/Aug/2025:11:06:16 -0300] "POST /cormun/servlet/solicitudot?gx-no-cache=1755871765736 HTTP/1.1" 200 1481
200.126.116.145 - - [22/Aug/2025:11:06:16 -0300] "POST /cormun/servlet/solicitudot?gx-no-cache=1755871765783 HTTP/1.1" 200 38
200.126.116.145 - - [22/Aug/2025:11:06:16 -0300] "GET /cormun/servlet/solicitudot?f5563143531419073f4b8b6631171d80db4db3bc40bfadb386776f4413583ba890dc1cf79d04c6ba3e1054d505c6898f89e7c924cf026537511e1fa66aa1a711c0397ef27bb1361a6110c69ecd7dfc802e330674b4107ea682c7d5fb6c7b0aca31b839c812a412edbd7f33d8ab712ac6,gx-no-cache=1755871765802 HTTP/1.1" 200 110
200.126.116.145 - - [22/Aug/2025:11:06:26 -0300] "POST /cormun/servlet/solicitudot?gx-no-cache=1755871775957 HTTP/1.1" 200 72
190.95.1.185 - - [22/Aug/2025:11:06:47 -0300] "GET /cormun/servlet/trlicencias? HTTP/1.1" 200 6057
190.95.1.185 - - [22/Aug/2025:11:06:47 -0300] "GET /cormun/servlet/hlogin HTTP/1.1" 200 1738
190.95.1.185 - - [22/Aug/2025:11:06:50 -0300] "POST /cormun/servlet/hlogin?83d76f422a777d38be90a21e43f3b8b9,gx-no-cache=1755871798698 HTTP/1.1" 200 90
190.95.1.185 - - [22/Aug/2025:11:06:50 -0300] "GET /cormun/servlet/hpexe_link HTTP/1.1" 200 956
190.95.1.185 - - [22/Aug/2025:11:06:50 -0300] "GET /cormun/servlet/trlicencias HTTP/1.1" 200 13490
190.95.15.13 - - [22/Aug/2025:11:07:44 -0300] "POST /cormun/servlet/hlogin?4c9d97d3fbdbd5456c59fd496fd364db,gx-no-cache=1755871852812 HTTP/1.1" 200 90
