192.168.10.19 - - [18/Aug/2025:16:09:49 -0300] "POST /cormun/servlet/trsolicitudgral?e070e485652fb6b87d63be1314dc5f6e,,gx-no-cache=1755544419484 HTTP/1.1" 200 6672
192.168.10.19 - - [18/Aug/2025:16:09:51 -0300] "GET /cormun/servlet/vesolicitudgral?2025,22774,, HTTP/1.1" 200 8408
192.168.10.19 - - [18/Aug/2025:16:09:51 -0300] "GET /cormun/pexe_scrolldiv.js HTTP/1.1" 404 1009
192.168.10.19 - - [18/Aug/2025:16:09:53 -0300] "GET /cormun/servlet/vesolicitudgral?2025,22774,,SolicitudOTAdjuntos HTTP/1.1" 200 11296
192.168.10.19 - - [18/Aug/2025:16:09:53 -0300] "GET /cormun/pexe_scrolldiv.js HTTP/1.1" 404 1009
192.168.10.19 - - [18/Aug/2025:16:09:54 -0300] "POST /cormun/servlet/acontrolpreferencessavestate?None,RRHH+DANIELA,true HTTP/1.1" 200 35
192.168.10.19 - - [18/Aug/2025:16:09:54 -0300] "GET /cormun/PublicTempStorage/carnet_german3733665.pdf HTTP/1.1" 200 580416
190.95.15.15 - - [18/Aug/2025:16:09:54 -0300] "POST /cormun/servlet/hlogin?9974690cf5b35a11116ac668196ba612,gx-no-cache=1755544387984 HTTP/1.1" 200 475
190.95.15.15 - - [18/Aug/2025:16:09:58 -0300] "GET /cormun/servlet/hlogin HTTP/1.1" 200 1723
192.168.10.19 - - [18/Aug/2025:16:10:00 -0300] "GET /cormun/servlet/vesolicitudgral?2025,22774,,SolicitudOTAdjuntos HTTP/1.1" 200 11296
192.168.10.19 - - [18/Aug/2025:16:10:01 -0300] "POST /cormun/servlet/acontrolpreferencessavestate?None,RRHH+DANIELA,true HTTP/1.1" 200 35
179.57.78.55 - - [18/Aug/2025:16:10:03 -0300] "GET /cormun/servlet/trpermisosgoce? HTTP/1.1" 200 6025
179.57.78.55 - - [18/Aug/2025:16:10:03 -0300] "GET /cormun/servlet/hlogin HTTP/1.1" 200 1745
179.57.78.55 - - [18/Aug/2025:16:10:10 -0300] "POST /cormun/servlet/hlogin?8e8b4226769f48701996c000dd3ce683,gx-no-cache=1755544400545 HTTP/1.1" 200 90
179.57.78.55 - - [18/Aug/2025:16:10:10 -0300] "GET /cormun/servlet/hpexe_link HTTP/1.1" 200 960
179.57.78.55 - - [18/Aug/2025:16:10:11 -0300] "GET /cormun/servlet/trpermisosgoce HTTP/1.1" 200 14957
192.168.10.19 - - [18/Aug/2025:16:10:13 -0300] "GET /cormun/PublicTempStorage/carnet_german7583247.pdf HTTP/1.1" 200 580416
179.57.78.55 - - [18/Aug/2025:16:10:14 -0300] "GET /cormun/servlet/trlicencias? HTTP/1.1" 200 12112
190.95.15.15 - - [18/Aug/2025:16:10:16 -0300] "POST /cormun/servlet/hlogin?9974690cf5b35a11116ac668196ba612,gx-no-cache=1755544409609 HTTP/1.1" 200 429
179.57.78.55 - - [18/Aug/2025:16:10:24 -0300] "POST /cormun/servlet/trlicencias?8e8b4226769f48701996c000dd3ce683,,gx-no-cache=1755544414410 HTTP/1.1" 200 9740
190.95.67.91 - - [18/Aug/2025:16:10:37 -0300] "GET /cormun/servlet/trsolicitudot? HTTP/1.1" 200 7456
190.95.67.91 - - [18/Aug/2025:16:10:39 -0300] "GET /cormun/servlet/solicitudot?INS,0,0,false, HTTP/1.1" 200 16233
190.95.67.91 - - [18/Aug/2025:16:10:44 -0300] "GET /cormun/servlet/trpermisosgoce? HTTP/1.1" 200 19340
190.95.67.91 - - [18/Aug/2025:16:10:46 -0300] "GET /cormun/servlet/permisogoce?INS,0,,, HTTP/1.1" 200 7130
190.95.67.91 - - [18/Aug/2025:16:10:54 -0300] "GET /cormun/servlet/permisogoce?22aedd6a85fb5b7d93d24f0233359288679b67d97f33086cdf45ffec0af5cb8fd89e4fef4750a77740e55a565a2a6157d5f40fa5ce444fd5f15ddbe57b446c7e,gx-no-cache=1755544449386 HTTP/1.1" 200 77
179.57.78.55 - - [18/Aug/2025:16:11:03 -0300] "POST /cormun/servlet/trlicencias?8e8b4226769f48701996c000dd3ce683,,gx-no-cache=1755544452834 HTTP/1.1" 200 9740
190.95.15.15 - - [18/Aug/2025:16:11:30 -0300] "POST /cormun/servlet/hlogin?9974690cf5b35a11116ac668196ba612,gx-no-cache=1755544483589 HTTP/1.1" 200 429
192.168.10.19 - - [18/Aug/2025:16:11:31 -0300] "GET /cormun/servlet/hlogin HTTP/1.1" 200 1720
190.95.15.15 - - [18/Aug/2025:16:11:35 -0300] "GET /cormun/servlet/hlogin HTTP/1.1" 200 1723
190.95.15.15 - - [18/Aug/2025:16:11:42 -0300] "POST /cormun/servlet/hlogin?9974690cf5b35a11116ac668196ba612,gx-no-cache=1755544495556 HTTP/1.1" 200 90
190.95.15.15 - - [18/Aug/2025:16:11:42 -0300] "GET /cormun/servlet/hpexe_link HTTP/1.1" 200 981
190.95.15.15 - - [18/Aug/2025:16:11:42 -0300] "GET /cormun/servlet/trsolicitudot?gx-no-cache=1755543989250 HTTP/1.1" 200 7193
192.168.10.19 - - [18/Aug/2025:16:11:46 -0300] "POST /cormun/servlet/hlogin?e070e485652fb6b87d63be1314dc5f6e,gx-no-cache=1755544536257 HTTP/1.1" 200 90
192.168.10.19 - - [18/Aug/2025:16:11:46 -0300] "GET /cormun/servlet/hpexe_link HTTP/1.1" 200 949
192.168.10.19 - - [18/Aug/2025:16:11:46 -0300] "GET /cormun/servlet/hhome HTTP/1.1" 200 4823
192.168.10.19 - - [18/Aug/2025:16:11:46 -0300] "GET /cormun/static/SmoothNavMenu/resources/images/right.gif HTTP/1.1" 200 860
190.95.15.15 - - [18/Aug/2025:16:11:50 -0300] "GET /cormun/servlet/trlicencias? HTTP/1.1" 200 15195
190.95.15.15 - - [18/Aug/2025:16:11:53 -0300] "GET /cormun/servlet/hlogin HTTP/1.1" 200 1740
192.168.10.19 - - [18/Aug/2025:16:11:55 -0300] "GET /cormun/servlet/trsecurityuser01? HTTP/1.1" 200 12301
192.168.10.19 - - [18/Aug/2025:16:11:55 -0300] "GET /cormun/static/gxcfg.js?201991419585080 HTTP/1.1" 200 953
192.168.10.19 - - [18/Aug/2025:16:11:55 -0300] "GET /cormun/static/trsecurityuser01.js?201991419585536 HTTP/1.1" 200 19557
192.168.10.19 - - [18/Aug/2025:16:11:55 -0300] "GET /cormun/static/Resources/Spanish/PXTools.css?19172979 HTTP/1.1" 200 100853
192.168.10.19 - - [18/Aug/2025:16:11:55 -0300] "GET /cormun/static/Resources/PXToolsAddAllAction.png HTTP/1.1" 200 495
192.168.10.19 - - [18/Aug/2025:16:11:55 -0300] "GET /cormun//static/Resources/PXToolsHeaderPreferences.png HTTP/1.1" 200 1395
192.168.10.19 - - [18/Aug/2025:16:11:55 -0300] "GET /cormun//static/Resources/PXToolsAddAllAction.png HTTP/1.1" 200 495
192.168.10.19 - - [18/Aug/2025:16:12:02 -0300] "POST /cormun/servlet/trsecurityuser01?e070e485652fb6b87d63be1314dc5f6e,,gx-no-cache=1755544551820 HTTP/1.1" 200 5327
192.168.10.19 - - [18/Aug/2025:16:12:04 -0300] "GET /cormun/servlet/securityusers?UPD,26, HTTP/1.1" 200 8019
192.168.10.19 - - [18/Aug/2025:16:12:04 -0300] "GET /cormun/static/gxcfg.js?202012150861 HTTP/1.1" 200 953
192.168.10.19 - - [18/Aug/2025:16:12:04 -0300] "GET /cormun/static/securityusers.js?2020121501060 HTTP/1.1" 200 21447
190.95.15.15 - - [18/Aug/2025:16:12:05 -0300] "POST /cormun/servlet/hlogin?9974690cf5b35a11116ac668196ba612,gx-no-cache=1755544519088 HTTP/1.1" 200 451
190.95.15.15 - - [18/Aug/2025:16:12:42 -0300] "POST /cormun/servlet/hlogin?9974690cf5b35a11116ac668196ba612,gx-no-cache=1755544555934 HTTP/1.1" 200 90
190.95.15.15 - - [18/Aug/2025:16:12:42 -0300] "GET /cormun/servlet/hpexe_link HTTP/1.1" 200 955
190.95.15.15 - - [18/Aug/2025:16:12:42 -0300] "GET /cormun/servlet/hhome HTTP/1.1" 200 4226
190.95.15.15 - - [18/Aug/2025:16:12:42 -0300] "GET /cormun/static/SmoothNavMenu/resources/images/right.gif HTTP/1.1" 200 860
192.168.10.19 - - [18/Aug/2025:16:12:44 -0300] "POST /cormun/servlet/securityusers?e070e485652fb6b87d63be1314dc5f6e,UPD,26,,gx-no-cache=1755544594094 HTTP/1.1" 200 93
192.168.10.19 - - [18/Aug/2025:16:12:44 -0300] "GET /cormun/servlet/hpexe_return? HTTP/1.1" 200 1007
192.168.10.19 - - [18/Aug/2025:16:12:44 -0300] "GET /cormun/static/hpexe_return.js?20221129846037 HTTP/1.1" 200 1633
192.168.10.19 - - [18/Aug/2025:16:12:44 -0300] "GET /cormun/static/gxcfg.js?20221129846035 HTTP/1.1" 200 953
192.168.10.19 - - [18/Aug/2025:16:12:44 -0300] "GET /cormun/servlet/trsecurityuser01? HTTP/1.1" 200 7819
190.95.2.163 - - [18/Aug/2025:16:13:43 -0300] "GET /cormun/servlet/trfichaempleado? HTTP/1.1" 200 14820
201.186.225.193 - - [18/Aug/2025:16:13:44 -0300] "GET /cormun/static/menuarrow.gif HTTP/1.1" 404 1015
190.95.2.163 - - [18/Aug/2025:16:13:57 -0300] "GET /cormun/servlet/trfichaempleado HTTP/1.1" 200 14750
201.186.225.193 - - [18/Aug/2025:16:14:02 -0300] "POST /cormun/servlet/trlicencias?4afe70ee5da49d868f63e9cb8f5d9e4f,,gx-no-cache=1755544635839 HTTP/1.1" 200 8596
201.186.225.193 - - [18/Aug/2025:16:14:18 -0300] "POST /cormun/servlet/trlicencias?4afe70ee5da49d868f63e9cb8f5d9e4f,,gx-no-cache=1755544652230 HTTP/1.1" 200 4439
190.95.15.15 - - [18/Aug/2025:16:14:25 -0300] "GET /cormun/servlet/trautorizarsolicitud? HTTP/1.1" 200 8732
190.95.15.15 - - [18/Aug/2025:16:14:25 -0300] "GET /cormun/static/gxcfg.js?202211298474254 HTTP/1.1" 200 953
190.95.15.15 - - [18/Aug/2025:16:14:25 -0300] "GET /cormun/static/trautorizarsolicitud.js?202211298474588 HTTP/1.1" 200 53909
201.186.225.193 - - [18/Aug/2025:16:14:31 -0300] "POST /cormun/servlet/trlicencias?4afe70ee5da49d868f63e9cb8f5d9e4f,,gx-no-cache=1755544664966 HTTP/1.1" 200 4546
190.95.15.15 - - [18/Aug/2025:16:14:37 -0300] "POST /cormun/servlet/trautorizarsolicitud?9974690cf5b35a11116ac668196ba612,,gx-no-cache=1755544670962 HTTP/1.1" 200 4776
190.95.15.15 - - [18/Aug/2025:16:14:37 -0300] "GET /cormun/static/Shared/jqueryui/images/ui-icons_82798d_256x240.png HTTP/1.1" 404 1089
190.95.15.15 - - [18/Aug/2025:16:14:37 -0300] "GET /cormun/static/Shared/jqueryui/images/ui-bg_highlight-soft_100_c6c2c8_1x100.png HTTP/1.1" 404 1117
190.95.15.15 - - [18/Aug/2025:16:14:37 -0300] "GET /cormun/static/Shared/jqueryui/images/ui-bg_flat_55_fafafa_40x100.png HTTP/1.1" 404 1097
190.95.15.15 - - [18/Aug/2025:16:14:37 -0300] "GET /cormun/static/Shared/jqueryui/images/ui-icons_8d78a5_256x240.png HTTP/1.1" 404 1089
190.95.15.15 - - [18/Aug/2025:16:14:37 -0300] "POST /cormun/servlet/trautorizarsolicitud?9974690cf5b35a11116ac668196ba612,,gx-no-cache=1755544671075 HTTP/1.1" 200 4538
201.186.225.193 - - [18/Aug/2025:16:14:40 -0300] "POST /cormun/servlet/trlicencias?4afe70ee5da49d868f63e9cb8f5d9e4f,,gx-no-cache=1755544673813 HTTP/1.1" 200 9941
190.95.15.15 - - [18/Aug/2025:16:15:00 -0300] "GET /cormun/servlet/hlogin HTTP/1.1" 200 1745
190.95.15.15 - - [18/Aug/2025:16:15:08 -0300] "POST /cormun/servlet/hlogin?9974690cf5b35a11116ac668196ba612,gx-no-cache=1755544701907 HTTP/1.1" 200 90
190.95.15.15 - - [18/Aug/2025:16:15:08 -0300] "GET /cormun/servlet/hpexe_link HTTP/1.1" 200 955
190.95.15.15 - - [18/Aug/2025:16:15:08 -0300] "GET /cormun/servlet/hhome HTTP/1.1" 200 3977
190.95.15.15 - - [18/Aug/2025:16:15:10 -0300] "GET /cormun/servlet/trlicencias? HTTP/1.1" 200 15321
190.95.67.91 - - [18/Aug/2025:16:15:28 -0300] "GET /cormun/static/menuarrow.gif HTTP/1.1" 404 1015
192.168.10.19 - - [18/Aug/2025:16:15:36 -0300] "GET /cormun/servlet/hlogin HTTP/1.1" 200 1720
190.95.67.91 - - [18/Aug/2025:16:15:37 -0300] "GET /cormun/servlet/permisogoce?22aedd6a85fb5b7d93d24f0233359288c89fe88c527efe805b2388606511ce258afefc99fd4fd6ce15ef70a378e0f936eb9853e5d5191dab31308f875bd40584,gx-no-cache=1755544732748 HTTP/1.1" 200 47
192.168.10.19 - - [18/Aug/2025:16:15:40 -0300] "POST /cormun/servlet/hlogin?e070e485652fb6b87d63be1314dc5f6e,gx-no-cache=1755544770113 HTTP/1.1" 200 90
192.168.10.19 - - [18/Aug/2025:16:15:40 -0300] "GET /cormun/servlet/hpexe_link HTTP/1.1" 200 949
192.168.10.19 - - [18/Aug/2025:16:15:40 -0300] "GET /cormun/servlet/hhome HTTP/1.1" 200 3817
192.168.10.19 - - [18/Aug/2025:16:15:43 -0300] "GET /cormun/servlet/trsolicitudgral? HTTP/1.1" 200 9741
192.168.10.19 - - [18/Aug/2025:16:15:55 -0300] "POST /cormun/servlet/trsolicitudgral?e070e485652fb6b87d63be1314dc5f6e,,gx-no-cache=1755544784826 HTTP/1.1" 200 12411
201.186.225.193 - - [18/Aug/2025:16:15:58 -0300] "POST /cormun/servlet/trlicencias?4afe70ee5da49d868f63e9cb8f5d9e4f,,gx-no-cache=1755544751725 HTTP/1.1" 200 9939
201.186.225.193 - - [18/Aug/2025:16:16:00 -0300] "POST /cormun/servlet/trlicencias?4afe70ee5da49d868f63e9cb8f5d9e4f,,gx-no-cache=1755544753917 HTTP/1.1" 200 9940
190.95.67.91 - - [18/Aug/2025:16:16:06 -0300] "POST /cormun/servlet/permisogoce?489640a33cd981313ebb6ae92885b712,INS,0,,,,gx-no-cache=1755544761184 HTTP/1.1" 200 93
190.95.67.91 - - [18/Aug/2025:16:16:06 -0300] "GET /cormun/servlet/hpexe_return? HTTP/1.1" 200 1009
190.95.67.91 - - [18/Aug/2025:16:16:06 -0300] "GET /cormun/servlet/trpermisosgoce HTTP/1.1" 200 19458
192.168.10.19 - - [18/Aug/2025:16:16:09 -0300] "GET /cormun/servlet/vesolicitudgral?2025,22864,, HTTP/1.1" 200 8404
192.168.10.19 - - [18/Aug/2025:16:16:09 -0300] "GET /cormun/pexe_scrolldiv.js HTTP/1.1" 404 1009
190.95.67.91 - - [18/Aug/2025:16:16:11 -0300] "GET /cormun/servlet/trpermisosadjuntos?8997537,20250818151435,P, HTTP/1.1" 200 6558
201.186.225.193 - - [18/Aug/2025:16:16:13 -0300] "POST /cormun/servlet/trlicencias?4afe70ee5da49d868f63e9cb8f5d9e4f,,gx-no-cache=1755544766637 HTTP/1.1" 200 4438
190.95.67.91 - - [18/Aug/2025:16:16:13 -0300] "GET /cormun/servlet/permisosadjuntos?INS,8997537,P,20250818151435,, HTTP/1.1" 200 5886
190.95.67.91 - - [18/Aug/2025:16:16:13 -0300] "GET /cormun/static/about:blank HTTP/1.1" 404 1011
192.168.10.19 - - [18/Aug/2025:16:16:17 -0300] "GET /cormun/servlet/trsolicitudgral? HTTP/1.1" 200 15505
192.168.10.19 - - [18/Aug/2025:16:16:19 -0300] "GET /cormun/static/menuarrow.gif HTTP/1.1" 404 1015
201.186.225.193 - - [18/Aug/2025:16:16:22 -0300] "POST /cormun/servlet/trlicencias?4afe70ee5da49d868f63e9cb8f5d9e4f,,gx-no-cache=1755544775973 HTTP/1.1" 200 4551
201.186.225.193 - - [18/Aug/2025:16:16:23 -0300] "POST /cormun/servlet/trlicencias?4afe70ee5da49d868f63e9cb8f5d9e4f,,gx-no-cache=1755544777508 HTTP/1.1" 200 5677
190.95.67.91 - - [18/Aug/2025:16:16:29 -0300] "POST /cormun/servlet/permisosadjuntos?489640a33cd981313ebb6ae92885b712,INS,8997537,P,20250818151435,, HTTP/1.1" 200 116
190.95.67.91 - - [18/Aug/2025:16:16:29 -0300] "GET /cormun/servlet/hpexe_return? HTTP/1.1" 200 1037
190.95.67.91 - - [18/Aug/2025:16:16:29 -0300] "GET /cormun/servlet/trpermisosadjuntos?8997537,20250818151435,P, HTTP/1.1" 200 7098
192.168.10.19 - - [18/Aug/2025:16:16:31 -0300] "POST /cormun/servlet/trsolicitudgral?e070e485652fb6b87d63be1314dc5f6e,,gx-no-cache=1755544820819 HTTP/1.1" 200 8756
192.168.10.19 - - [18/Aug/2025:16:16:38 -0300] "POST /cormun/servlet/trsolicitudgral?e070e485652fb6b87d63be1314dc5f6e,,gx-no-cache=1755544828210 HTTP/1.1" 200 12411
190.95.67.91 - - [18/Aug/2025:16:16:39 -0300] "POST /cormun/servlet/trpermisosadjuntos?489640a33cd981313ebb6ae92885b712,8997537,20250818151435,P,,gx-no-cache=1755544794800 HTTP/1.1" 200 90
190.95.67.91 - - [18/Aug/2025:16:16:39 -0300] "GET /cormun/servlet/hpexe_link HTTP/1.1" 200 982
190.95.67.91 - - [18/Aug/2025:16:16:40 -0300] "GET /cormun/servlet/trpermisosgoce HTTP/1.1" 200 19454
190.95.67.91 - - [18/Aug/2025:16:16:42 -0300] "POST /cormun/servlet/trpermisosgoce?489640a33cd981313ebb6ae92885b712,gx-no-cache=1755544797267 HTTP/1.1" 200 16790
190.95.67.91 - - [18/Aug/2025:16:16:42 -0300] "GET /cormun/static/Shared/jqueryui/images/ui-bg_highlight-soft_100_c6c2c8_1x100.png HTTP/1.1" 404 1117
190.95.67.91 - - [18/Aug/2025:16:16:42 -0300] "GET /cormun/static/Shared/jqueryui/images/ui-icons_82798d_256x240.png HTTP/1.1" 404 1089
190.95.67.91 - - [18/Aug/2025:16:16:42 -0300] "GET /cormun/static/Shared/jqueryui/images/ui-bg_flat_55_fafafa_40x100.png HTTP/1.1" 404 1097
190.95.67.91 - - [18/Aug/2025:16:16:42 -0300] "GET /cormun/static/Shared/jqueryui/images/ui-icons_8d78a5_256x240.png HTTP/1.1" 404 1089
192.168.10.19 - - [18/Aug/2025:16:16:44 -0300] "GET /cormun/servlet/vesolicitudgral?2025,22864,, HTTP/1.1" 200 8404
192.168.10.19 - - [18/Aug/2025:16:16:44 -0300] "GET /cormun/pexe_scrolldiv.js HTTP/1.1" 404 1009
201.186.225.193 - - [18/Aug/2025:16:16:44 -0300] "POST /cormun/servlet/trlicencias?4afe70ee5da49d868f63e9cb8f5d9e4f,,gx-no-cache=1755544798453 HTTP/1.1" 200 8618
192.168.10.19 - - [18/Aug/2025:16:17:15 -0300] "GET /cormun/servlet/trsolicitudgral? HTTP/1.1" 200 15507
201.186.225.193 - - [18/Aug/2025:16:17:28 -0300] "POST /cormun/servlet/trlicencias?4afe70ee5da49d868f63e9cb8f5d9e4f,,gx-no-cache=1755544841964 HTTP/1.1" 200 8628
201.186.225.193 - - [18/Aug/2025:16:17:58 -0300] "POST /cormun/servlet/trlicencias?4afe70ee5da49d868f63e9cb8f5d9e4f,,gx-no-cache=1755544871908 HTTP/1.1" 200 9861
201.186.225.193 - - [18/Aug/2025:16:18:00 -0300] "POST /cormun/servlet/trlicencias?4afe70ee5da49d868f63e9cb8f5d9e4f,,gx-no-cache=1755544874052 HTTP/1.1" 200 9862
52.167.144.222 - - [18/Aug/2025:16:18:23 -0300] "GET /cormun/servlet/hlogin HTTP/1.1" 200 1720
201.186.225.193 - - [18/Aug/2025:16:18:30 -0300] "POST /cormun/servlet/trlicencias?4afe70ee5da49d868f63e9cb8f5d9e4f,,gx-no-cache=1755544904028 HTTP/1.1" 200 12773
190.95.67.95 - - [18/Aug/2025:16:19:00 -0300] "GET /cormun/servlet/hlogin HTTP/1.1" 200 1721
201.186.225.193 - - [18/Aug/2025:16:19:01 -0300] "POST /cormun/servlet/trlicencias?4afe70ee5da49d868f63e9cb8f5d9e4f,,gx-no-cache=1755544934692 HTTP/1.1" 200 12774
201.186.225.193 - - [18/Aug/2025:16:19:03 -0300] "POST /cormun/servlet/trlicencias?4afe70ee5da49d868f63e9cb8f5d9e4f,,gx-no-cache=1755544936811 HTTP/1.1" 200 12774
190.95.67.95 - - [18/Aug/2025:16:19:04 -0300] "POST /cormun/servlet/hlogin?4f9ea304da36b7814c641b695926c8cf,gx-no-cache=1755544938093 HTTP/1.1" 200 90
190.95.67.95 - - [18/Aug/2025:16:19:04 -0300] "GET /cormun/servlet/hpexe_link HTTP/1.1" 200 952
190.95.67.95 - - [18/Aug/2025:16:19:04 -0300] "GET /cormun/servlet/hhome HTTP/1.1" 200 4006
190.95.67.95 - - [18/Aug/2025:16:19:14 -0300] "GET /cormun/servlet/trpermisosgoce? HTTP/1.1" 200 13761
201.186.225.193 - - [18/Aug/2025:16:19:19 -0300] "POST /cormun/servlet/trlicencias?4afe70ee5da49d868f63e9cb8f5d9e4f,,gx-no-cache=1755544952860 HTTP/1.1" 200 4431
190.95.67.95 - - [18/Aug/2025:16:19:20 -0300] "GET /cormun/servlet/permisogoce?INS,0,,, HTTP/1.1" 200 6875
201.186.225.193 - - [18/Aug/2025:16:19:22 -0300] "POST /cormun/servlet/trlicencias?4afe70ee5da49d868f63e9cb8f5d9e4f,,gx-no-cache=1755544955587 HTTP/1.1" 200 4429
201.186.225.193 - - [18/Aug/2025:16:19:23 -0300] "POST /cormun/servlet/trlicencias?4afe70ee5da49d868f63e9cb8f5d9e4f,,gx-no-cache=1755544957251 HTTP/1.1" 200 4428
201.186.225.193 - - [18/Aug/2025:16:19:38 -0300] "POST /cormun/servlet/trlicencias?4afe70ee5da49d868f63e9cb8f5d9e4f,,gx-no-cache=1755544972067 HTTP/1.1" 200 4548
190.95.67.95 - - [18/Aug/2025:16:19:38 -0300] "GET /cormun/servlet/permisogoce?f7cd1f1982acb0aa0a92ae8435632de7e64dd80ed763e0a1322b4ec21e0daaafca4d8cc7428197081c40005a7f98a64a15ecf06fe0c1ff85125d56507df83c19,gx-no-cache=1755544972622 HTTP/1.1" 200 75
190.95.67.95 - - [18/Aug/2025:16:19:38 -0300] "GET /cormun/static/menuarrow.gif HTTP/1.1" 404 1015
201.186.225.193 - - [18/Aug/2025:16:19:41 -0300] "POST /cormun/servlet/trlicencias?4afe70ee5da49d868f63e9cb8f5d9e4f,,gx-no-cache=1755544974794 HTTP/1.1" 200 7450
190.95.67.95 - - [18/Aug/2025:16:19:49 -0300] "GET /cormun/servlet/permisogoce?f7cd1f1982acb0aa0a92ae8435632de761dff2f6a243916aadc30db8ef21b650053849b7a985f27d15ed0b73163affb67a494522818e72a9096df032061be471,gx-no-cache=1755544982828 HTTP/1.1" 200 48
190.95.67.95 - - [18/Aug/2025:16:19:53 -0300] "POST /cormun/servlet/permisogoce?4f9ea304da36b7814c641b695926c8cf,INS,0,,,,gx-no-cache=1755544987198 HTTP/1.1" 200 93
190.95.67.95 - - [18/Aug/2025:16:19:53 -0300] "GET /cormun/servlet/hpexe_return? HTTP/1.1" 200 1011
190.95.67.95 - - [18/Aug/2025:16:19:54 -0300] "GET /cormun/servlet/trpermisosgoce HTTP/1.1" 200 14028
190.95.67.95 - - [18/Aug/2025:16:20:01 -0300] "GET /cormun/servlet/apermisogoceprn?11274732,P,20250818152308,PU HTTP/1.1" 200 1650
201.186.225.193 - - [18/Aug/2025:16:20:32 -0300] "POST /cormun/servlet/trlicencias?4afe70ee5da49d868f63e9cb8f5d9e4f,,gx-no-cache=1755545025875 HTTP/1.1" 200 7449
201.186.225.193 - - [18/Aug/2025:16:20:35 -0300] "POST /cormun/servlet/trlicencias?4afe70ee5da49d868f63e9cb8f5d9e4f,,gx-no-cache=1755545028970 HTTP/1.1" 200 7450
201.186.225.193 - - [18/Aug/2025:16:20:45 -0300] "POST /cormun/servlet/trlicencias?4afe70ee5da49d868f63e9cb8f5d9e4f,,gx-no-cache=1755545038634 HTTP/1.1" 200 17166
190.95.67.91 - - [18/Aug/2025:16:23:09 -0300] "GET /cormun/servlet/permisogoce?INS,0,,, HTTP/1.1" 200 7130
190.95.67.91 - - [18/Aug/2025:16:23:16 -0300] "GET /cormun/servlet/permisogoce?22aedd6a85fb5b7d93d24f02333592881bb56c7e543be1845f9b1dc62448d5174df3219748192c7b73ca3e232ad78601953da3ee16148e8853227e9630f59570,gx-no-cache=1755545191516 HTTP/1.1" 200 81
190.95.67.91 - - [18/Aug/2025:16:23:18 -0300] "GET /cormun/static/menuarrow.gif HTTP/1.1" 404 1015
201.186.225.193 - - [18/Aug/2025:16:23:20 -0300] "POST /cormun/servlet/trlicencias?4afe70ee5da49d868f63e9cb8f5d9e4f,,gx-no-cache=1755545193666 HTTP/1.1" 200 15491
190.95.67.91 - - [18/Aug/2025:16:23:25 -0300] "GET /cormun/servlet/permisogoce?22aedd6a85fb5b7d93d24f02333592881d9f399c35a33d2100efb318c651eb9c7b7a97ed89d4edb962b23ded52500540727285bd58479f748ba2c181d45c658e,gx-no-cache=1755545200281 HTTP/1.1" 200 48
190.95.67.91 - - [18/Aug/2025:16:23:35 -0300] "POST /cormun/servlet/permisogoce?489640a33cd981313ebb6ae92885b712,INS,0,,,,gx-no-cache=1755545210480 HTTP/1.1" 200 93
190.95.67.91 - - [18/Aug/2025:16:23:35 -0300] "GET /cormun/servlet/hpexe_return? HTTP/1.1" 200 1032
190.95.67.91 - - [18/Aug/2025:16:23:36 -0300] "GET /cormun/servlet/trpermisosgoce?gx-no-cache=1755544797267 HTTP/1.1" 200 19446
190.95.67.91 - - [18/Aug/2025:16:23:48 -0300] "GET /cormun/servlet/trpermisosadjuntos?17373965,20250818152657,P, HTTP/1.1" 200 6585
190.95.67.91 - - [18/Aug/2025:16:23:50 -0300] "GET /cormun/servlet/permisosadjuntos?INS,17373965,P,20250818152657,, HTTP/1.1" 200 5888
190.95.67.91 - - [18/Aug/2025:16:23:50 -0300] "GET /cormun/static/about:blank HTTP/1.1" 404 1011
190.95.2.163 - - [18/Aug/2025:16:24:06 -0300] "GET /cormun/servlet/hlogin HTTP/1.1" 200 1718
190.95.67.91 - - [18/Aug/2025:16:24:15 -0300] "POST /cormun/servlet/permisosadjuntos?489640a33cd981313ebb6ae92885b712,INS,17373965,P,20250818152657,, HTTP/1.1" 200 116
190.95.67.91 - - [18/Aug/2025:16:24:15 -0300] "GET /cormun/servlet/hpexe_return? HTTP/1.1" 200 1039
190.95.67.91 - - [18/Aug/2025:16:24:15 -0300] "GET /cormun/servlet/trpermisosadjuntos?17373965,20250818152657,P, HTTP/1.1" 200 7099
190.95.2.163 - - [18/Aug/2025:16:24:18 -0300] "POST /cormun/servlet/hlogin?d172be9e3c4ef45b6702d4827e5e341c,gx-no-cache=1755545252018 HTTP/1.1" 200 90
190.95.2.163 - - [18/Aug/2025:16:24:18 -0300] "GET /cormun/servlet/hpexe_link HTTP/1.1" 200 949
190.95.2.163 - - [18/Aug/2025:16:24:18 -0300] "GET /cormun/servlet/hhome HTTP/1.1" 200 3995
190.95.67.91 - - [18/Aug/2025:16:24:18 -0300] "POST /cormun/servlet/trpermisosadjuntos?489640a33cd981313ebb6ae92885b712,17373965,20250818152657,P,,gx-no-cache=1755545253792 HTTP/1.1" 200 90
190.95.67.91 - - [18/Aug/2025:16:24:18 -0300] "GET /cormun/servlet/hpexe_link HTTP/1.1" 200 1005
190.95.67.91 - - [18/Aug/2025:16:24:19 -0300] "GET /cormun/servlet/trpermisosgoce?gx-no-cache=1755544797267 HTTP/1.1" 200 19443
190.95.67.91 - - [18/Aug/2025:16:24:21 -0300] "POST /cormun/servlet/trpermisosgoce?489640a33cd981313ebb6ae92885b712,gx-no-cache=1755544797267,gx-no-cache=1755545256274 HTTP/1.1" 200 16777
190.95.67.91 - - [18/Aug/2025:16:24:21 -0300] "GET /cormun/static/Shared/jqueryui/images/ui-bg_highlight-soft_100_c6c2c8_1x100.png HTTP/1.1" 404 1117
190.95.67.91 - - [18/Aug/2025:16:24:21 -0300] "GET /cormun/static/Shared/jqueryui/images/ui-icons_82798d_256x240.png HTTP/1.1" 404 1089
190.95.67.91 - - [18/Aug/2025:16:24:21 -0300] "GET /cormun/static/Shared/jqueryui/images/ui-bg_flat_55_fafafa_40x100.png HTTP/1.1" 404 1097
190.95.67.91 - - [18/Aug/2025:16:24:21 -0300] "GET /cormun/static/Shared/jqueryui/images/ui-icons_8d78a5_256x240.png HTTP/1.1" 404 1089
190.95.2.163 - - [18/Aug/2025:16:24:21 -0300] "GET /cormun/servlet/trlicencias? HTTP/1.1" 200 12787
190.95.2.163 - - [18/Aug/2025:16:25:28 -0300] "GET /cormun/Manuales/ManualSolicitud.pdf HTTP/1.1" 200 850295
190.95.2.163 - - [18/Aug/2025:16:25:56 -0300] "GET /cormun/servlet/hlogin HTTP/1.1" 200 1738
179.57.78.55 - - [18/Aug/2025:16:26:18 -0300] "GET /cormun/servlet/trpermisosgoce? HTTP/1.1" 200 14956
179.57.78.55 - - [18/Aug/2025:16:26:20 -0300] "GET /cormun/servlet/permisogoce?INS,0,,, HTTP/1.1" 200 6850
179.57.78.55 - - [18/Aug/2025:16:26:39 -0300] "GET /cormun/servlet/permisogoce?7290904b42eceac209fdde702ed6c11b49b38be0c1d9f35cf92dac430eb354871603b3ce61fc04c2983377e00a4676ab721e664d35f3ec9d9b4ec39af159eea2,gx-no-cache=1755545389458 HTTP/1.1" 200 93
179.57.78.55 - - [18/Aug/2025:16:26:42 -0300] "GET /cormun/static/menuarrow.gif HTTP/1.1" 404 1015
190.95.2.163 - - [18/Aug/2025:16:26:45 -0300] "GET /cormun/servlet/trlicencias? HTTP/1.1" 200 12784
179.57.78.55 - - [18/Aug/2025:16:26:46 -0300] "GET /cormun/servlet/permisogoce?7290904b42eceac209fdde702ed6c11ba284bb050b619fd94382a1e10979601cd5652eee32303ef784e7002b83312091555718bcfca3758b312f9e4f648d798e,gx-no-cache=1755545396691 HTTP/1.1" 200 47
179.57.78.55 - - [18/Aug/2025:16:26:55 -0300] "POST /cormun/servlet/permisogoce?8e8b4226769f48701996c000dd3ce683,INS,0,,,,gx-no-cache=1755545404560 HTTP/1.1" 200 93
179.57.78.55 - - [18/Aug/2025:16:26:55 -0300] "GET /cormun/servlet/hpexe_return? HTTP/1.1" 200 1012
179.57.78.55 - - [18/Aug/2025:16:26:55 -0300] "GET /cormun/servlet/trpermisosgoce HTTP/1.1" 200 15180
179.57.78.55 - - [18/Aug/2025:16:26:59 -0300] "GET /cormun/servlet/apermisogoceprn?9517647,P,20250818153008,PU HTTP/1.1" 200 1660
179.57.78.55 - - [18/Aug/2025:16:28:23 -0300] "GET /cormun/servlet/trlicencias? HTTP/1.1" 200 12112
190.95.67.91 - - [18/Aug/2025:16:29:19 -0300] "GET /cormun/servlet/permisogoce?INS,0,,, HTTP/1.1" 200 7150
190.95.67.91 - - [18/Aug/2025:16:29:30 -0300] "GET /cormun/servlet/permisogoce?22aedd6a85fb5b7d93d24f023335928887e812417b187bb287af03546d93ee3c4df3219748192c7b73ca3e232ad78601953da3ee16148e8853227e9630f59570,gx-no-cache=1755545565795 HTTP/1.1" 200 78
190.95.67.91 - - [18/Aug/2025:16:29:49 -0300] "GET /cormun/servlet/permisogoce?22aedd6a85fb5b7d93d24f0233359288e525ddfe978fb40a1cd08634c4d509e9519f6327dcd96087ffeb0928c51c9096e707048b884a1cfdc33b47b521d16ec5,gx-no-cache=1755545584680 HTTP/1.1" 200 48
190.95.67.91 - - [18/Aug/2025:16:30:31 -0300] "POST /cormun/servlet/permisogoce?489640a33cd981313ebb6ae92885b712,INS,0,,,,gx-no-cache=1755545626079 HTTP/1.1" 200 93
190.95.67.91 - - [18/Aug/2025:16:30:31 -0300] "GET /cormun/servlet/hpexe_return? HTTP/1.1" 200 1032
190.95.67.91 - - [18/Aug/2025:16:30:31 -0300] "GET /cormun/servlet/trpermisosgoce?gx-no-cache=1755544797267 HTTP/1.1" 200 19522
190.95.67.91 - - [18/Aug/2025:16:30:37 -0300] "GET /cormun/servlet/trpermisosadjuntos?17508246,20250818153308,P, HTTP/1.1" 200 6577
190.95.67.91 - - [18/Aug/2025:16:30:39 -0300] "GET /cormun/servlet/permisosadjuntos?INS,17508246,P,20250818153308,, HTTP/1.1" 200 5883
190.95.67.91 - - [18/Aug/2025:16:30:39 -0300] "GET /cormun/static/about:blank HTTP/1.1" 404 1011
190.95.67.91 - - [18/Aug/2025:16:30:55 -0300] "POST /cormun/servlet/permisosadjuntos?489640a33cd981313ebb6ae92885b712,INS,17508246,P,20250818153308,, HTTP/1.1" 200 116
190.95.67.91 - - [18/Aug/2025:16:30:55 -0300] "GET /cormun/servlet/hpexe_return? HTTP/1.1" 200 1038
190.95.67.91 - - [18/Aug/2025:16:30:55 -0300] "GET /cormun/servlet/trpermisosadjuntos?17508246,20250818153308,P, HTTP/1.1" 200 7087
190.95.67.91 - - [18/Aug/2025:16:31:09 -0300] "POST /cormun/servlet/trpermisosadjuntos?489640a33cd981313ebb6ae92885b712,17508246,20250818153308,P,,gx-no-cache=1755545664928 HTTP/1.1" 200 90
190.95.67.91 - - [18/Aug/2025:16:31:09 -0300] "GET /cormun/servlet/hpexe_link HTTP/1.1" 200 1004
190.95.67.91 - - [18/Aug/2025:16:31:10 -0300] "GET /cormun/servlet/trpermisosgoce?gx-no-cache=1755544797267 HTTP/1.1" 200 19518
190.95.67.91 - - [18/Aug/2025:16:31:14 -0300] "POST /cormun/servlet/trpermisosgoce?489640a33cd981313ebb6ae92885b712,gx-no-cache=1755544797267,gx-no-cache=1755545669202 HTTP/1.1" 200 16813
190.95.67.91 - - [18/Aug/2025:16:31:16 -0300] "GET /cormun/servlet/permisogoce?INS,0,,, HTTP/1.1" 200 7150
190.95.67.91 - - [18/Aug/2025:16:31:23 -0300] "GET /cormun/servlet/permisogoce?22aedd6a85fb5b7d93d24f02333592887482dfcd5adb2a1ce6c5fd1dfc1e325f4df3219748192c7b73ca3e232ad78601953da3ee16148e8853227e9630f59570,gx-no-cache=1755545678154 HTTP/1.1" 200 79
190.95.67.91 - - [18/Aug/2025:16:31:31 -0300] "GET /cormun/servlet/permisogoce?22aedd6a85fb5b7d93d24f02333592885106acad2032c6ee49c15eb5ca40119249f8c05450dad0c83c45a31bf9a19256e707048b884a1cfdc33b47b521d16ec5,gx-no-cache=1755545686695 HTTP/1.1" 200 48
190.95.67.91 - - [18/Aug/2025:16:31:46 -0300] "POST /cormun/servlet/permisogoce?489640a33cd981313ebb6ae92885b712,INS,0,,,,gx-no-cache=1755545700982 HTTP/1.1" 200 93
190.95.67.91 - - [18/Aug/2025:16:31:46 -0300] "GET /cormun/servlet/hpexe_return? HTTP/1.1" 200 1032
190.95.67.91 - - [18/Aug/2025:16:31:46 -0300] "GET /cormun/servlet/trpermisosgoce?gx-no-cache=1755544797267 HTTP/1.1" 200 19502
190.95.67.91 - - [18/Aug/2025:16:32:18 -0300] "GET /cormun/servlet/trpermisosadjuntos?10409144,20250818153505,P, HTTP/1.1" 200 6575
190.95.67.91 - - [18/Aug/2025:16:32:20 -0300] "GET /cormun/servlet/permisosadjuntos?INS,10409144,P,20250818153505,, HTTP/1.1" 200 5881
190.95.67.91 - - [18/Aug/2025:16:32:20 -0300] "GET /cormun/static/about:blank HTTP/1.1" 404 1011
190.95.67.91 - - [18/Aug/2025:16:32:26 -0300] "POST /cormun/servlet/permisosadjuntos?489640a33cd981313ebb6ae92885b712,INS,10409144,P,20250818153505,, HTTP/1.1" 200 116
190.95.67.91 - - [18/Aug/2025:16:32:26 -0300] "GET /cormun/servlet/hpexe_return? HTTP/1.1" 200 1038
190.95.67.91 - - [18/Aug/2025:16:32:27 -0300] "GET /cormun/servlet/trpermisosadjuntos?10409144,20250818153505,P, HTTP/1.1" 200 7103
190.95.67.91 - - [18/Aug/2025:16:32:29 -0300] "POST /cormun/servlet/trpermisosadjuntos?489640a33cd981313ebb6ae92885b712,10409144,20250818153505,P,,gx-no-cache=1755545744359 HTTP/1.1" 200 90
190.95.67.91 - - [18/Aug/2025:16:32:29 -0300] "GET /cormun/servlet/hpexe_link HTTP/1.1" 200 1005
190.95.67.91 - - [18/Aug/2025:16:32:29 -0300] "GET /cormun/servlet/trpermisosgoce?gx-no-cache=1755544797267 HTTP/1.1" 200 19499
179.57.78.55 - - [18/Aug/2025:16:32:30 -0300] "POST /cormun/servlet/trlicencias?8e8b4226769f48701996c000dd3ce683,,gx-no-cache=1755545739595 HTTP/1.1" 200 9740
179.57.78.55 - - [18/Aug/2025:16:32:31 -0300] "POST /cormun/servlet/trlicencias?8e8b4226769f48701996c000dd3ce683,,gx-no-cache=1755545740918 HTTP/1.1" 200 9739
190.95.67.91 - - [18/Aug/2025:16:32:32 -0300] "POST /cormun/servlet/trpermisosgoce?489640a33cd981313ebb6ae92885b712,gx-no-cache=1755544797267,gx-no-cache=1755545747450 HTTP/1.1" 200 16835
190.95.15.15 - - [18/Aug/2025:16:34:49 -0300] "GET /cormun/servlet/hlogin HTTP/1.1" 200 1722
190.95.15.15 - - [18/Aug/2025:16:34:57 -0300] "POST /cormun/servlet/hlogin?452a9143c7f928b9080292e8c722e203,gx-no-cache=1755545888529 HTTP/1.1" 200 90
190.95.15.15 - - [18/Aug/2025:16:34:57 -0300] "GET /cormun/servlet/hpexe_link HTTP/1.1" 200 952
190.95.15.15 - - [18/Aug/2025:16:34:57 -0300] "GET /cormun/servlet/hhome HTTP/1.1" 200 3977
190.95.15.15 - - [18/Aug/2025:16:35:01 -0300] "GET /cormun/servlet/trlicencias? HTTP/1.1" 200 15318
190.95.15.15 - - [18/Aug/2025:16:35:08 -0300] "GET /cormun/servlet/licenciaspermisos?DSP,19261676,L,20250816000000, HTTP/1.1" 200 7120
190.95.15.15 - - [18/Aug/2025:16:35:08 -0300] "GET /cormun/static/gxcfg.js?202012153173 HTTP/1.1" 200 953
190.95.15.15 - - [18/Aug/2025:16:35:08 -0300] "GET /cormun/static/Resources/prompt.gif HTTP/1.1" 200 902
190.95.15.15 - - [18/Aug/2025:16:35:08 -0300] "GET /cormun/static/licenciaspermisos.js?2020121532136 HTTP/1.1" 200 38753
190.95.15.15 - - [18/Aug/2025:16:35:12 -0300] "GET /cormun/servlet/trlicencias? HTTP/1.1" 200 15318
179.57.78.55 - - [18/Aug/2025:16:37:10 -0300] "POST /cormun/servlet/trlicencias?8e8b4226769f48701996c000dd3ce683,,gx-no-cache=1755546019758 HTTP/1.1" 200 9740
179.57.78.55 - - [18/Aug/2025:16:37:11 -0300] "POST /cormun/servlet/trlicencias?8e8b4226769f48701996c000dd3ce683,,gx-no-cache=1755546021454 HTTP/1.1" 200 9740
190.95.15.13 - - [18/Aug/2025:16:37:20 -0300] "POST /cormun/servlet/trpermisosgoce?e375a6de6acf9433cc069251d22b5333,,gx-no-cache=1755546031151 HTTP/1.1" 440 972
190.95.15.13 - - [18/Aug/2025:16:37:21 -0300] "GET /cormun/servlet/trpermisosgoce? HTTP/1.1" 200 6028
190.95.15.13 - - [18/Aug/2025:16:37:21 -0300] "GET /cormun/servlet/hlogin HTTP/1.1" 200 1735
89.116.14.15 - - [18/Aug/2025:16:37:41 -0300] "GET /cormun/servlet/hlogin HTTP/1.1" 200 1724
190.95.1.183 - - [18/Aug/2025:16:41:43 -0300] "GET /cormun/servlet/hlogin HTTP/1.1" 200 1719
190.95.1.183 - - [18/Aug/2025:16:41:44 -0300] "GET /cormun/static/gxtimezone.js?85251 HTTP/1.1" 200 5781
190.95.1.183 - - [18/Aug/2025:16:41:44 -0300] "GET /cormun/static/gxcfg.js?2022112219184450 HTTP/1.1" 200 953
190.95.1.183 - - [18/Aug/2025:16:41:44 -0300] "GET /cormun/static/Resources/CormunLogin.png HTTP/1.1" 200 19132
190.95.1.183 - - [18/Aug/2025:16:41:44 -0300] "GET /cormun/static/messages.spa.js?85251 HTTP/1.1" 200 30736
190.95.1.183 - - [18/Aug/2025:16:41:44 -0300] "GET /cormun/static/Resources/Spanish/PXTools.css?1759030 HTTP/1.1" 200 100853
190.95.1.183 - - [18/Aug/2025:16:41:44 -0300] "GET /cormun/static/hlogin.js?2022112219184458 HTTP/1.1" 200 2156
190.95.1.183 - - [18/Aug/2025:16:41:44 -0300] "GET /cormun/static/gxgral.js?85251 HTTP/1.1" 200 384558
190.95.1.183 - - [18/Aug/2025:16:41:44 -0300] "GET /cormun/static/Resources/PXToolsLoginTop.png HTTP/1.1" 200 1337
190.95.1.183 - - [18/Aug/2025:16:41:44 -0300] "GET /cormun/static/Resources/PXToolsButtonLeft.png HTTP/1.1" 200 1310
190.95.1.183 - - [18/Aug/2025:16:41:44 -0300] "GET /cormun/static/Resources/PXToolsLoginBackground.png HTTP/1.1" 200 1164
190.95.1.183 - - [18/Aug/2025:16:41:44 -0300] "GET /cormun/static/Resources/PXToolsButtonBackground.png HTTP/1.1" 200 1176
190.95.1.183 - - [18/Aug/2025:16:41:44 -0300] "GET /cormun/static/Resources/PXToolsLoginBottom.png HTTP/1.1" 200 1389
190.95.1.183 - - [18/Aug/2025:16:41:44 -0300] "GET /cormun/static/Resources/PXToolsButtonRight.png HTTP/1.1" 200 1294
190.95.1.183 - - [18/Aug/2025:16:41:44 -0300] "GET /cormun/static/Resources/indicator.gif HTTP/1.1" 200 1553
190.95.1.183 - - [18/Aug/2025:16:41:44 -0300] "GET /cormun/servlet/hlogin HTTP/1.1" 200 1729
190.95.1.183 - - [18/Aug/2025:16:41:44 -0300] "GET /favicon.ico HTTP/1.1" 200 21630
190.95.1.183 - - [18/Aug/2025:16:41:46 -0300] "POST /cormun/servlet/hlogin?2a9f2ea9be8fb52171adf6c841016a72,gx-no-cache=1755546300771 HTTP/1.1" 200 90
190.95.1.183 - - [18/Aug/2025:16:41:46 -0300] "GET /cormun/servlet/hpexe_link HTTP/1.1" 200 950
190.95.1.183 - - [18/Aug/2025:16:41:46 -0300] "GET /cormun/static/gxcfg.js?20221129847421 HTTP/1.1" 200 953
190.95.1.183 - - [18/Aug/2025:16:41:46 -0300] "GET /cormun/static/hpexe_link.js?20221129847423 HTTP/1.1" 200 625
190.95.1.183 - - [18/Aug/2025:16:41:46 -0300] "GET /cormun/static/Resources/Spanish/PXTools.css?8354383 HTTP/1.1" 200 100853
190.95.1.183 - - [18/Aug/2025:16:41:46 -0300] "GET /cormun/servlet/hhome HTTP/1.1" 200 4200
190.95.1.183 - - [18/Aug/2025:16:41:46 -0300] "GET /cormun/static/SmoothNavMenu/resources/ddsmoothmenu.css?1112540 HTTP/1.1" 200 2223
190.95.1.183 - - [18/Aug/2025:16:41:46 -0300] "GET /cormun/static/SmoothNavMenu/resources/ddsmoothmenu-v.css?1112540 HTTP/1.1" 200 1188
190.95.1.183 - - [18/Aug/2025:16:41:46 -0300] "GET /cormun/static/gxcfg.js?20201215495537 HTTP/1.1" 200 953
190.95.1.183 - - [18/Aug/2025:16:41:46 -0300] "GET /cormun/static/scaMessage/css/jquery.pnotify.default.css?1816380 HTTP/1.1" 200 1707
190.95.1.183 - - [18/Aug/2025:16:41:46 -0300] "GET /cormun/static/Resources/Spanish/PXTools.css?14345360 HTTP/1.1" 200 100853
190.95.1.183 - - [18/Aug/2025:16:41:46 -0300] "GET /cormun/static/Shared/jqueryui/jquery-ui.min.css?1345370 HTTP/1.1" 200 30288
190.95.1.183 - - [18/Aug/2025:16:41:46 -0300] "GET /cormun/static/PXToolsJavascripts/pexe_autoreload.js HTTP/1.1" 200 1762
190.95.1.183 - - [18/Aug/2025:16:41:46 -0300] "GET /cormun/static/PXToolsJavascripts/pexe_grid.js HTTP/1.1" 200 7559
190.95.1.183 - - [18/Aug/2025:16:41:46 -0300] "GET /cormun/static/PXToolsJavascripts/pexe_cookies.js HTTP/1.1" 200 792
190.95.1.183 - - [18/Aug/2025:16:41:46 -0300] "GET /cormun/static/PXToolsJavascripts/pexe_windows.js HTTP/1.1" 200 15249
190.95.1.183 - - [18/Aug/2025:16:41:46 -0300] "GET /cormun/static/PXToolsJavascripts/pexe_griddivfix.js HTTP/1.1" 200 6946
190.95.1.183 - - [18/Aug/2025:16:41:46 -0300] "GET /cormun/static/PXToolsJavascripts/pexe_link.js HTTP/1.1" 200 5671
190.95.1.183 - - [18/Aug/2025:16:41:46 -0300] "GET /cormun/static/PXToolsJavascripts/pexe_menus.js HTTP/1.1" 200 1286
190.95.1.183 - - [18/Aug/2025:16:41:46 -0300] "GET /cormun/static/PXToolsJavascripts/pexe_menudivfix.js HTTP/1.1" 200 333
190.95.1.183 - - [18/Aug/2025:16:41:46 -0300] "GET /cormun/static/PXToolsJavascripts/pexe_oavdivfix.js HTTP/1.1" 200 639
190.95.1.183 - - [18/Aug/2025:16:41:46 -0300] "GET /cormun/static/PXToolsJavascripts/pexe_oav.js HTTP/1.1" 200 645
190.95.1.183 - - [18/Aug/2025:16:41:46 -0300] "GET /cormun/static/PXToolsJavascripts/pexe_layers.js HTTP/1.1" 200 4114
190.95.1.183 - - [18/Aug/2025:16:41:46 -0300] "GET /cormun/static/PXToolsJavascripts/pexe_picture.js HTTP/1.1" 200 689
190.95.1.183 - - [18/Aug/2025:16:41:46 -0300] "GET /cormun/static/PXToolsJavascripts/pexe_popup.js HTTP/1.1" 200 15149
190.95.1.183 - - [18/Aug/2025:16:41:46 -0300] "GET /cormun/static/PXToolsJavascripts/pexe_scrolldiv.js HTTP/1.1" 200 4138
190.95.1.183 - - [18/Aug/2025:16:41:46 -0300] "GET /cormun/static/PXToolsJavascripts/pexe_tabdivfix.js HTTP/1.1" 200 898
190.95.1.183 - - [18/Aug/2025:16:41:46 -0300] "GET /cormun/static/PXToolsJavascripts/pexe_tabs.js HTTP/1.1" 200 3748
190.95.1.183 - - [18/Aug/2025:16:41:47 -0300] "GET /cormun/static/PXToolsJavascripts/pexe_upload.js HTTP/1.1" 200 1423
190.95.1.183 - - [18/Aug/2025:16:41:47 -0300] "GET /cormun/static/PXToolsJavascripts/PXToolsJavascriptsRender.js HTTP/1.1" 200 367
190.95.1.183 - - [18/Aug/2025:16:41:47 -0300] "GET /cormun/static/Resources/CormunMP2.png HTTP/1.1" 200 6878
190.95.1.183 - - [18/Aug/2025:16:41:47 -0300] "GET /cormun/static/Resources/ImgHome.png HTTP/1.1" 200 1364
190.95.1.183 - - [18/Aug/2025:16:41:47 -0300] "GET /cormun/static/Resources/ImgLogin.png HTTP/1.1" 200 1432
190.95.1.183 - - [18/Aug/2025:16:41:47 -0300] "GET /cormun/static/Resources/Llave.png HTTP/1.1" 200 1395
190.95.1.183 - - [18/Aug/2025:16:41:47 -0300] "GET /cormun/static/RunJS/RunJS.js HTTP/1.1" 200 288
190.95.1.183 - - [18/Aug/2025:16:41:47 -0300] "GET /cormun/static/Resources/PXToolsDataTitle.png HTTP/1.1" 200 1173
190.95.1.183 - - [18/Aug/2025:16:41:47 -0300] "GET /cormun/static/Shared/ext/locale/ext-lang-en.js HTTP/1.1" 200 10940
190.95.1.183 - - [18/Aug/2025:16:41:47 -0300] "GET /cormun/static/hhome.js?20201215495544 HTTP/1.1" 200 777
190.95.1.183 - - [18/Aug/2025:16:41:47 -0300] "GET /cormun/static/hwchdr01.js?2022112219251119 HTTP/1.1" 200 996
190.95.1.183 - - [18/Aug/2025:16:41:47 -0300] "GET /cormun/static/hpexe_recentlink.js?20201214471090 HTTP/1.1" 200 2144
190.95.1.183 - - [18/Aug/2025:16:41:47 -0300] "GET /cormun/static/gxui/gxui-all.js HTTP/1.1" 200 107772
190.95.1.183 - - [18/Aug/2025:16:41:47 -0300] "GET /cormun/static/hpexe_messagecontroller.js?202211298371222 HTTP/1.1" 200 870
190.95.1.183 - - [18/Aug/2025:16:41:47 -0300] "GET /cormun/static/hpexe_scripts.js?20201214471411 HTTP/1.1" 200 1544
190.95.1.183 - - [18/Aug/2025:16:41:47 -0300] "GET /cormun/static/hpexe_messagepopupcomponent.js?2020121447232 HTTP/1.1" 200 605
190.95.1.183 - - [18/Aug/2025:16:41:47 -0300] "GET /cormun/static/hpexe_messagegenexuscomponent.js?20221129836373 HTTP/1.1" 200 587
190.95.1.183 - - [18/Aug/2025:16:41:47 -0300] "GET /cormun/static/cmcontrolpreferences.js?20199141926336 HTTP/1.1" 200 1375
190.95.1.183 - - [18/Aug/2025:16:41:47 -0300] "GET /cormun/static/SmoothNavMenu/resources/ddsmoothmenu.js HTTP/1.1" 200 12712
190.95.1.183 - - [18/Aug/2025:16:41:47 -0300] "GET /cormun/static/Shared/jquery/jquery-1.4.2.min.js HTTP/1.1" 200 72174
190.95.1.183 - - [18/Aug/2025:16:41:47 -0300] "GET /cormun/static/SmoothNavMenu/resources/SmoothNavMenuRender.js HTTP/1.1" 200 5951
190.95.1.183 - - [18/Aug/2025:16:41:47 -0300] "GET /cormun/static/scaMessage/js/jquery.pnotify.min.js HTTP/1.1" 200 13038
190.95.1.183 - - [18/Aug/2025:16:41:47 -0300] "GET /cormun/static/scaMessage/scaMessageRender.js HTTP/1.1" 200 11977
190.95.1.183 - - [18/Aug/2025:16:41:47 -0300] "GET /cormun/static/hmpwkw03.js?20221129844354 HTTP/1.1" 200 3971
190.95.1.183 - - [18/Aug/2025:16:41:47 -0300] "GET /cormun/static/Shared/jquery/jquery-1.10.2.min.js HTTP/1.1" 200 273199
190.95.1.183 - - [18/Aug/2025:16:41:47 -0300] "GET /cormun/static/Shared/jqueryui/jquery-ui.min.js HTTP/1.1" 200 240427
190.95.1.183 - - [18/Aug/2025:16:41:47 -0300] "GET /cormun/static/Shared/ext/ext-all.js HTTP/1.1" 200 1289687
190.95.1.183 - - [18/Aug/2025:16:41:47 -0300] "GET /cormun/static/SmoothNavMenu/resources/images/down.gif HTTP/1.1" 200 854
190.95.1.183 - - [18/Aug/2025:16:41:47 -0300] "GET /cormun/static/SmoothNavMenu/resources/images/right.gif HTTP/1.1" 200 860
190.95.1.183 - - [18/Aug/2025:16:41:53 -0300] "GET /cormun/servlet/trautorizarsolicitud? HTTP/1.1" 200 8752
190.95.1.183 - - [18/Aug/2025:16:41:53 -0300] "GET /cormun/static/calendar-system.css?85620 HTTP/1.1" 200 5572
190.95.1.183 - - [18/Aug/2025:16:41:53 -0300] "GET /cormun/static/gxcfg.js?202211298474254 HTTP/1.1" 200 953
190.95.1.183 - - [18/Aug/2025:16:41:53 -0300] "GET /cormun/static/gxui/gxui-all.css?120300 HTTP/1.1" 200 2179
190.95.1.183 - - [18/Aug/2025:16:41:53 -0300] "GET /cormun/static/calendar.js?85251 HTTP/1.1" 200 26246
190.95.1.183 - - [18/Aug/2025:16:41:53 -0300] "GET /cormun/static/calendar-setup.js?85251 HTTP/1.1" 200 2588
190.95.1.183 - - [18/Aug/2025:16:41:54 -0300] "GET /cormun/static/calendar-es.js?85251 HTTP/1.1" 200 1901
190.95.1.183 - - [18/Aug/2025:16:41:54 -0300] "GET /cormun/static/Resources/PXTools/calendar.png HTTP/1.1" 200 1306
190.95.1.183 - - [18/Aug/2025:16:41:54 -0300] "GET /cormun/static/gxdec.js?85251 HTTP/1.1" 200 19579
190.95.1.183 - - [18/Aug/2025:16:41:54 -0300] "GET /cormun/static/trautorizarsolicitud.js?202211298474588 HTTP/1.1" 200 53909
190.95.1.183 - - [18/Aug/2025:16:41:54 -0300] "GET /cormun/static/Shared/ext/resources/css/ext-all.css?215870 HTTP/1.1" 200 416045
190.95.1.183 - - [18/Aug/2025:16:41:54 -0300] "GET /cormun/static/Resources/PXToolsDataSearch.png HTTP/1.1" 200 435
190.95.1.183 - - [18/Aug/2025:16:41:54 -0300] "GET /cormun/static/Resources/PXToolsGridFirstDisabled.gif HTTP/1.1" 200 100
190.95.1.183 - - [18/Aug/2025:16:41:54 -0300] "GET /cormun/static/Resources/PXToolsGridPreviousDisabled.gif HTTP/1.1" 200 90
190.95.1.183 - - [18/Aug/2025:16:41:54 -0300] "GET /cormun/static/Resources/PXToolsGridNextDisabled.gif HTTP/1.1" 200 90
190.95.1.183 - - [18/Aug/2025:16:41:54 -0300] "GET /cormun/static/Resources/PXToolsActionExcel.png HTTP/1.1" 200 727
190.95.1.183 - - [18/Aug/2025:16:41:54 -0300] "GET /cormun/static/Resources/PXToolsGridLastDisabled.gif HTTP/1.1" 200 98
190.95.1.183 - - [18/Aug/2025:16:41:54 -0300] "GET /cormun/static/Resources/PXToolsGridPage.gif HTTP/1.1" 200 725
190.95.1.183 - - [18/Aug/2025:16:41:54 -0300] "GET /cormun/static/Resources/asc.gif HTTP/1.1" 200 67
190.95.1.183 - - [18/Aug/2025:16:41:54 -0300] "GET /cormun/static/Resources/desc.gif HTTP/1.1" 200 65
190.95.1.183 - - [18/Aug/2025:16:41:54 -0300] "GET /cormun//static/Resources/PXToolsActionView.png HTTP/1.1" 200 398
190.95.1.183 - - [18/Aug/2025:16:41:54 -0300] "GET /cormun//static/Resources/PXToolsGridUpdate.png HTTP/1.1" 200 470
190.95.1.183 - - [18/Aug/2025:16:41:54 -0300] "GET /cormun//static/Resources/PXToolsGridDelete.png HTTP/1.1" 200 538
190.95.1.183 - - [18/Aug/2025:16:41:54 -0300] "GET /cormun//static/Resources/PXToolsRemoveAllAction.png HTTP/1.1" 200 487
190.95.1.183 - - [18/Aug/2025:16:41:54 -0300] "GET /cormun//static/Resources/PXTools/ActionInsert.png HTTP/1.1" 200 1482
190.95.1.183 - - [18/Aug/2025:16:41:54 -0300] "GET /cormun/static/Shared/ext/resources/themes/images/default/panel/bg-headersPanel.png HTTP/1.1" 200 255
190.95.1.183 - - [18/Aug/2025:16:41:54 -0300] "GET /cormun/static/Shared/ext/resources/themes/images/default/tools/tool-sprites.gif HTTP/1.1" 200 5434
190.95.1.183 - - [18/Aug/2025:16:42:02 -0300] "POST /cormun/servlet/trautorizarsolicitud?2a9f2ea9be8fb52171adf6c841016a72,,gx-no-cache=1755546316652 HTTP/1.1" 200 4792
190.95.1.183 - - [18/Aug/2025:16:42:02 -0300] "GET /cormun/static/Shared/jqueryui/images/ui-bg_flat_55_fafafa_40x100.png HTTP/1.1" 404 1097
190.95.1.183 - - [18/Aug/2025:16:42:02 -0300] "GET /cormun/static/Shared/jqueryui/images/ui-icons_8d78a5_256x240.png HTTP/1.1" 404 1089
190.95.1.183 - - [18/Aug/2025:16:42:02 -0300] "GET /cormun/static/Shared/jqueryui/images/ui-bg_highlight-soft_100_c6c2c8_1x100.png HTTP/1.1" 404 1117
190.95.1.183 - - [18/Aug/2025:16:42:02 -0300] "GET /cormun/static/Shared/jqueryui/images/ui-icons_82798d_256x240.png HTTP/1.1" 404 1089
190.95.1.183 - - [18/Aug/2025:16:42:02 -0300] "POST /cormun/servlet/trautorizarsolicitud?2a9f2ea9be8fb52171adf6c841016a72,,gx-no-cache=1755546316771 HTTP/1.1" 200 4532
190.95.2.163 - - [18/Aug/2025:16:44:14 -0300] "GET /cormun/servlet/trfichaempleado? HTTP/1.1" 200 14741
201.186.226.3 - - [18/Aug/2025:16:45:56 -0300] "GET /cormun/servlet/hlogin HTTP/1.1" 200 1719
201.186.226.3 - - [18/Aug/2025:16:46:09 -0300] "POST /cormun/servlet/hlogin?0491e2abcfca4d0722c95ff40ab29220,gx-no-cache=1755546563217 HTTP/1.1" 200 90
201.186.226.3 - - [18/Aug/2025:16:46:09 -0300] "GET /cormun/servlet/hpexe_link HTTP/1.1" 200 949
201.186.226.3 - - [18/Aug/2025:16:46:10 -0300] "GET /cormun/servlet/hhome HTTP/1.1" 200 3926
201.186.226.3 - - [18/Aug/2025:16:46:16 -0300] "GET /cormun/servlet/trpermisosgoce? HTTP/1.1" 200 13598
201.186.226.3 - - [18/Aug/2025:16:46:29 -0300] "GET /cormun/servlet/trpermisosadjuntos?11530122,20250818141245,P, HTTP/1.1" 200 6247
201.186.226.3 - - [18/Aug/2025:16:46:32 -0300] "GET /cormun/servlet/permisosadjuntos?INS,11530122,P,20250818141245,, HTTP/1.1" 200 5565
201.186.226.3 - - [18/Aug/2025:16:46:32 -0300] "GET /cormun/static/about:blank HTTP/1.1" 404 1011
201.186.226.3 - - [18/Aug/2025:16:47:33 -0300] "POST /cormun/servlet/permisosadjuntos?0491e2abcfca4d0722c95ff40ab29220,INS,11530122,P,20250818141245,, HTTP/1.1" 200 116
201.186.226.3 - - [18/Aug/2025:16:47:33 -0300] "GET /cormun/servlet/hpexe_return? HTTP/1.1" 200 1036
201.186.226.3 - - [18/Aug/2025:16:47:33 -0300] "GET /cormun/servlet/trpermisosadjuntos?11530122,20250818141245,P, HTTP/1.1" 200 6727
201.186.226.3 - - [18/Aug/2025:16:47:38 -0300] "POST /cormun/servlet/trpermisosadjuntos?0491e2abcfca4d0722c95ff40ab29220,11530122,20250818141245,P,,gx-no-cache=1755546652278 HTTP/1.1" 200 90
201.186.226.3 - - [18/Aug/2025:16:47:38 -0300] "GET /cormun/servlet/hpexe_link HTTP/1.1" 200 981
201.186.226.3 - - [18/Aug/2025:16:47:39 -0300] "GET /cormun/servlet/trpermisosgoce HTTP/1.1" 200 13599
190.95.67.91 - - [18/Aug/2025:16:49:11 -0300] "GET /cormun/servlet/trautorizarpermisogoce? HTTP/1.1" 200 9176
190.95.67.91 - - [18/Aug/2025:16:49:14 -0300] "POST /cormun/servlet/trautorizarpermisogoce?489640a33cd981313ebb6ae92885b712,,gx-no-cache=1755546748970 HTTP/1.1" 200 6306
190.95.67.91 - - [18/Aug/2025:16:49:14 -0300] "GET /cormun/static/Shared/jqueryui/images/ui-bg_highlight-soft_100_c6c2c8_1x100.png HTTP/1.1" 404 1117
190.95.67.91 - - [18/Aug/2025:16:49:14 -0300] "GET /cormun/static/Shared/jqueryui/images/ui-icons_82798d_256x240.png HTTP/1.1" 404 1089
190.95.67.91 - - [18/Aug/2025:16:49:14 -0300] "GET /cormun/static/Shared/jqueryui/images/ui-icons_8d78a5_256x240.png HTTP/1.1" 404 1089
190.95.67.91 - - [18/Aug/2025:16:49:14 -0300] "GET /cormun/static/Shared/jqueryui/images/ui-bg_flat_55_fafafa_40x100.png HTTP/1.1" 404 1097
190.95.67.91 - - [18/Aug/2025:16:49:14 -0300] "POST /cormun/servlet/trautorizarpermisogoce?489640a33cd981313ebb6ae92885b712,,gx-no-cache=1755546749614 HTTP/1.1" 200 6063
190.95.67.91 - - [18/Aug/2025:16:49:15 -0300] "POST /cormun/servlet/trautorizarpermisogoce?489640a33cd981313ebb6ae92885b712,,gx-no-cache=1755546750285 HTTP/1.1" 200 5816
190.95.67.91 - - [18/Aug/2025:16:49:16 -0300] "POST /cormun/servlet/trautorizarpermisogoce?489640a33cd981313ebb6ae92885b712,,gx-no-cache=1755546750917 HTTP/1.1" 200 5557
190.95.67.91 - - [18/Aug/2025:16:49:16 -0300] "POST /cormun/servlet/trautorizarpermisogoce?489640a33cd981313ebb6ae92885b712,,gx-no-cache=1755546751485 HTTP/1.1" 200 5292
190.95.67.91 - - [18/Aug/2025:16:49:17 -0300] "POST /cormun/servlet/trautorizarpermisogoce?489640a33cd981313ebb6ae92885b712,,gx-no-cache=1755546752077 HTTP/1.1" 200 4536
190.95.67.91 - - [18/Aug/2025:16:49:19 -0300] "GET /cormun/servlet/trlicencias? HTTP/1.1" 200 17690
36.152.102.46 - - [18/Aug/2025:16:49:22 -0300] "GET /boaform/admin/formLogin?username=adminisp&psd=adminisp HTTP/1.0" 404 1007
201.186.226.3 - - [18/Aug/2025:16:49:52 -0300] "POST /cormun/servlet/trpermisosgoce?0491e2abcfca4d0722c95ff40ab29220,gx-no-cache=1755546785864 HTTP/1.1" 200 10846
201.186.226.3 - - [18/Aug/2025:16:49:52 -0300] "GET /cormun/static/Shared/jqueryui/images/ui-bg_highlight-soft_100_c6c2c8_1x100.png HTTP/1.1" 404 1117
201.186.226.3 - - [18/Aug/2025:16:49:52 -0300] "GET /cormun/static/Shared/jqueryui/images/ui-icons_82798d_256x240.png HTTP/1.1" 404 1089
201.186.226.3 - - [18/Aug/2025:16:49:52 -0300] "GET /cormun/static/Shared/jqueryui/images/ui-bg_flat_55_fafafa_40x100.png HTTP/1.1" 404 1097
201.186.226.3 - - [18/Aug/2025:16:49:52 -0300] "GET /cormun/static/Shared/jqueryui/images/ui-icons_8d78a5_256x240.png HTTP/1.1" 404 1089
201.186.226.3 - - [18/Aug/2025:16:50:08 -0300] "GET /cormun/servlet/hlogin HTTP/1.1" 200 1739
201.186.226.3 - - [18/Aug/2025:16:50:27 -0300] "POST /cormun/servlet/hlogin?0491e2abcfca4d0722c95ff40ab29220,gx-no-cache=1755546820984 HTTP/1.1" 200 90
201.186.226.3 - - [18/Aug/2025:16:50:27 -0300] "GET /cormun/servlet/hpexe_link HTTP/1.1" 200 949
201.186.226.3 - - [18/Aug/2025:16:50:27 -0300] "GET /cormun/servlet/hhome HTTP/1.1" 200 4316
201.186.226.3 - - [18/Aug/2025:16:50:32 -0300] "GET /cormun/servlet/trautorizarpermisogoce? HTTP/1.1" 200 8013
201.186.226.3 - - [18/Aug/2025:16:50:42 -0300] "POST /cormun/servlet/trautorizarpermisogoce?0491e2abcfca4d0722c95ff40ab29220,,gx-no-cache=1755546835780 HTTP/1.1" 200 4522
201.186.226.3 - - [18/Aug/2025:16:50:54 -0300] "GET /cormun/servlet/hlogin HTTP/1.1" 200 1743
201.186.226.3 - - [18/Aug/2025:16:51:07 -0300] "POST /cormun/servlet/hlogin?0491e2abcfca4d0722c95ff40ab29220,gx-no-cache=1755546861177 HTTP/1.1" 200 90
201.186.226.3 - - [18/Aug/2025:16:51:07 -0300] "GET /cormun/servlet/hpexe_link HTTP/1.1" 200 949
