201.186.226.5 - - [11/Aug/2025:10:48:49 -0300] "GET /cormun/servlet/trsolicitudadjuntos?2025,22852, HTTP/1.1" 200 9278
201.186.226.5 - - [11/Aug/2025:10:49:46 -0300] "POST /cormun/servlet/acontrolpreferencessavestate?None,CA-L%2FE,true HTTP/1.1" 200 35
201.186.226.5 - - [11/Aug/2025:10:50:15 -0300] "GET /cormun/servlet/trsolicitudot? HTTP/1.1" 200 9031
201.186.226.5 - - [11/Aug/2025:10:50:28 -0300] "GET /cormun/servlet/solicitudot?INS,0,0,false, HTTP/1.1" 200 15991
190.95.67.93 - - [11/Aug/2025:10:50:48 -0300] "GET /cormun/servlet/trpermisosgoce? HTTP/1.1" 200 15057
201.186.226.5 - - [11/Aug/2025:10:50:51 -0300] "POST /cormun/servlet/solicitudot?gx-no-cache=1754920455462 HTTP/1.1" 200 4039
201.186.226.5 - - [11/Aug/2025:10:50:52 -0300] "POST /cormun/servlet/solicitudot?26ec2c6c413af710dadef52328eca081,INS,0,0,false,,gx-no-cache=1754920455584 HTTP/1.1" 200 12618
201.186.226.5 - - [11/Aug/2025:10:51:02 -0300] "POST /cormun/servlet/solicitudot?26ec2c6c413af710dadef52328eca081,INS,0,0,false,,gx-no-cache=1754920465812 HTTP/1.1" 200 12970
201.186.226.5 - - [11/Aug/2025:10:51:02 -0300] "GET /cormun/static/Shared/jqueryui/images/ui-bg_highlight-soft_100_c6c2c8_1x100.png HTTP/1.1" 404 1117
201.186.226.5 - - [11/Aug/2025:10:51:02 -0300] "GET /cormun/static/Shared/jqueryui/images/ui-icons_82798d_256x240.png HTTP/1.1" 404 1089
201.186.226.5 - - [11/Aug/2025:10:51:02 -0300] "GET /cormun/static/Shared/jqueryui/images/ui-bg_flat_55_994d53_40x100.png HTTP/1.1" 404 1097
201.186.226.5 - - [11/Aug/2025:10:51:02 -0300] "GET /cormun/static/Shared/jqueryui/images/ui-icons_ebccce_256x240.png HTTP/1.1" 404 1089
201.186.226.5 - - [11/Aug/2025:10:51:08 -0300] "GET /cormun/servlet/solicitudot?a6b2d02a239546162219890fdcabafee895ed2a925153c1e48e6136d81c3b3ddc3a8972e355f8395dea09033c858fff8,gx-no-cache=1754920471551 HTTP/1.1" 200 30
179.57.78.9 - - [11/Aug/2025:10:51:11 -0300] "GET /cormun/servlet/hlogin HTTP/1.1" 200 1716
179.57.78.9 - - [11/Aug/2025:10:51:11 -0300] "GET /cormun/servlet/hlogin HTTP/1.1" 200 1726
179.57.78.9 - - [11/Aug/2025:10:51:14 -0300] "POST /cormun/servlet/hlogin?238ae166fded9ce20260df8eb6b7653d,gx-no-cache=1754920483005 HTTP/1.1" 200 90
179.57.78.9 - - [11/Aug/2025:10:51:14 -0300] "GET /cormun/servlet/hpexe_link HTTP/1.1" 200 948
179.57.78.9 - - [11/Aug/2025:10:51:14 -0300] "GET /cormun/servlet/hhome HTTP/1.1" 200 4341
179.57.78.9 - - [11/Aug/2025:10:51:16 -0300] "GET /cormun/servlet/trlicencias? HTTP/1.1" 200 13270
190.95.1.187 - - [11/Aug/2025:10:51:55 -0300] "POST /cormun/servlet/hlogin?a58573f10023889ed2f00083ab9ff2ed,gx-no-cache=1754920519107 HTTP/1.1" 440 972
190.95.1.187 - - [11/Aug/2025:10:51:57 -0300] "GET /cormun/servlet/hlogin HTTP/1.1" 200 1733
190.95.1.187 - - [11/Aug/2025:10:52:00 -0300] "POST /cormun/servlet/hlogin?1cff9f5a8efaa3a99e46138ab97d6bd6,gx-no-cache=1754920523482 HTTP/1.1" 200 90
190.95.1.187 - - [11/Aug/2025:10:52:00 -0300] "GET /cormun/servlet/hpexe_link HTTP/1.1" 200 954
190.95.1.187 - - [11/Aug/2025:10:52:00 -0300] "GET /cormun/servlet/hhome HTTP/1.1" 200 4023
190.95.1.187 - - [11/Aug/2025:10:52:04 -0300] "GET /cormun/servlet/trsolicitudot? HTTP/1.1" 200 7238
190.95.1.187 - - [11/Aug/2025:10:52:06 -0300] "GET /cormun/servlet/solicitudot?INS,0,0,false, HTTP/1.1" 200 16029
190.95.1.187 - - [11/Aug/2025:10:52:17 -0300] "POST /cormun/servlet/solicitudot?gx-no-cache=1754920540684 HTTP/1.1" 200 4039
190.95.1.187 - - [11/Aug/2025:10:52:17 -0300] "POST /cormun/servlet/solicitudot?1cff9f5a8efaa3a99e46138ab97d6bd6,INS,0,0,false,,gx-no-cache=1754920540784 HTTP/1.1" 200 12613
190.95.1.187 - - [11/Aug/2025:10:52:22 -0300] "GET /cormun/servlet/solicitudot?e602adfe25d8e72376e3eaa237304bb84a5fae0c6b9849f92eea0e450c0ac0c7849bcc62728b1597d2f91b6d1ee99033,gx-no-cache=1754920545489 HTTP/1.1" 200 30
201.186.226.5 - - [11/Aug/2025:10:53:02 -0300] "GET /cormun/servlet/solicitudot?a6b2d02a239546162219890fdcabafee2a8d7534e7b898da13dd0f59342cfcfc,gx-no-cache=1754920586225 HTTP/1.1" 200 94
190.95.67.93 - - [11/Aug/2025:10:54:51 -0300] "GET /cormun/servlet/permisogoce?INS,0,,, HTTP/1.1" 200 7231
190.95.67.93 - - [11/Aug/2025:10:55:01 -0300] "GET /cormun/servlet/permisogoce?dac239edccf297d51d1e75a4363abdc0478596cac54f6832d512bffa601fb12bfc66da8214bbf2020e735d0ed5428f67ef6d165e6fb7c04b3deb596792d7d6d0,gx-no-cache=1754920704749 HTTP/1.1" 200 78
190.95.67.93 - - [11/Aug/2025:10:55:19 -0300] "GET /cormun/static/menuarrow.gif HTTP/1.1" 404 1015
190.95.67.93 - - [11/Aug/2025:10:55:25 -0300] "GET /cormun/servlet/permisogoce?dac239edccf297d51d1e75a4363abdc053108949cf7a31664c6eca033797dfb4f9bf04e38fb60ff1756784539e2cf74191f31e66f50ee1f71da6010f1c330be5,gx-no-cache=1754920729111 HTTP/1.1" 200 47
190.95.67.93 - - [11/Aug/2025:10:55:29 -0300] "POST /cormun/servlet/permisogoce?b21d6603dc2eafde5b35d4bc0024e87e,INS,0,,,,gx-no-cache=1754920732114 HTTP/1.1" 200 93
190.95.67.93 - - [11/Aug/2025:10:55:29 -0300] "GET /cormun/servlet/hpexe_return? HTTP/1.1" 200 1009
190.95.67.93 - - [11/Aug/2025:10:55:29 -0300] "GET /cormun/servlet/trpermisosgoce HTTP/1.1" 200 15260
190.95.67.93 - - [11/Aug/2025:10:55:32 -0300] "GET /cormun/servlet/apermisogoceprn?16882863,P,20250811095857,PU HTTP/1.1" 200 1651
190.95.67.93 - - [11/Aug/2025:10:56:32 -0300] "GET /cormun/servlet/permisogoce?INS,0,,, HTTP/1.1" 200 7231
201.186.226.5 - - [11/Aug/2025:10:56:42 -0300] "GET /cormun/servlet/solicitudot?a6b2d02a239546162219890fdcabafee47f0b726b18c110f7996b6bd8050e524ff9704061d763f8016da6df92da76cc6,gx-no-cache=1754920806007 HTTP/1.1" 200 30
201.186.226.5 - - [11/Aug/2025:10:56:42 -0300] "GET /cormun/servlet/solicitudot?a6b2d02a239546162219890fdcabafeea48fd30c8870b9bb1874f3bf2f8eea8d,gx-no-cache=1754920806272 HTTP/1.1" 200 29
190.95.67.93 - - [11/Aug/2025:10:56:44 -0300] "GET /cormun/servlet/permisogoce?dac239edccf297d51d1e75a4363abdc01dc96dd29f3d0e3f8c0f2536c3b8328ffc66da8214bbf2020e735d0ed5428f67ef6d165e6fb7c04b3deb596792d7d6d0,gx-no-cache=1754920807616 HTTP/1.1" 200 83
190.95.67.93 - - [11/Aug/2025:10:56:51 -0300] "GET /cormun/servlet/permisogoce?dac239edccf297d51d1e75a4363abdc06c5dc3eef322598b07f2e4407af6c56213909fec4d49f41b8daa23524f3048d3d5530bea50cb4bf3ea81e5877aaed98e,gx-no-cache=1754920815334 HTTP/1.1" 200 45
190.95.67.93 - - [11/Aug/2025:10:56:55 -0300] "POST /cormun/servlet/permisogoce?b21d6603dc2eafde5b35d4bc0024e87e,INS,0,,,,gx-no-cache=1754920818665 HTTP/1.1" 200 93
190.95.67.93 - - [11/Aug/2025:10:56:55 -0300] "GET /cormun/servlet/hpexe_return? HTTP/1.1" 200 1009
190.95.67.93 - - [11/Aug/2025:10:56:55 -0300] "GET /cormun/servlet/trpermisosgoce HTTP/1.1" 200 15429
190.95.67.93 - - [11/Aug/2025:10:56:58 -0300] "GET /cormun/servlet/apermisogoceprn?13117033,P,20250811100038,PU HTTP/1.1" 200 1662
201.186.226.5 - - [11/Aug/2025:10:57:03 -0300] "GET /cormun/servlet/solicitudot?a6b2d02a239546162219890fdcabafeea1f5f2c5ef87e72e2b84daa61b750815,gx-no-cache=1754920826845 HTTP/1.1" 200 53
201.186.226.5 - - [11/Aug/2025:10:57:15 -0300] "GET /cormun/servlet/prbanco?,MD,,gxPopupLevel%3D0%3B HTTP/1.1" 200 6648
190.95.67.93 - - [11/Aug/2025:10:57:17 -0300] "GET /cormun/servlet/permisogoce?INS,0,,, HTTP/1.1" 200 7231
190.95.67.93 - - [11/Aug/2025:10:57:23 -0300] "GET /cormun/servlet/permisogoce?dac239edccf297d51d1e75a4363abdc01dc96dd29f3d0e3f8c0f2536c3b8328ffc66da8214bbf2020e735d0ed5428f67ef6d165e6fb7c04b3deb596792d7d6d0,gx-no-cache=1754920846520 HTTP/1.1" 200 85
201.186.226.5 - - [11/Aug/2025:10:57:30 -0300] "GET /cormun/servlet/solicitudot?a6b2d02a239546162219890fdcabafeee77c09aca6f2336122a882ec33edd49e0c9d1774bd05e0a96656d31b6f7f25b261c46cab6a4a0fa5af6ad360d8874513,gx-no-cache=1754920853750 HTTP/1.1" 200 70
190.95.67.93 - - [11/Aug/2025:10:57:30 -0300] "GET /cormun/servlet/permisogoce?dac239edccf297d51d1e75a4363abdc06c5dc3eef322598b07f2e4407af6c56263790e32257894fada1e0cd4ed7d66dcd5530bea50cb4bf3ea81e5877aaed98e,gx-no-cache=1754920854366 HTTP/1.1" 200 48
190.95.67.93 - - [11/Aug/2025:10:57:34 -0300] "POST /cormun/servlet/permisogoce?b21d6603dc2eafde5b35d4bc0024e87e,INS,0,,,,gx-no-cache=1754920857281 HTTP/1.1" 200 93
190.95.67.93 - - [11/Aug/2025:10:57:34 -0300] "GET /cormun/servlet/hpexe_return? HTTP/1.1" 200 1009
190.95.67.93 - - [11/Aug/2025:10:57:34 -0300] "GET /cormun/servlet/trpermisosgoce HTTP/1.1" 200 15576
190.95.67.93 - - [11/Aug/2025:10:57:38 -0300] "GET /cormun/servlet/apermisogoceprn?13117033,P,20250811100123,PU HTTP/1.1" 200 1661
201.186.225.189 - - [11/Aug/2025:10:58:11 -0300] "GET /cormun/servlet/alicenciaprn?19588780,L,20250726000000,PU HTTP/1.1" 200 1547
201.186.225.189 - - [11/Aug/2025:10:58:11 -0300] "GET /cormun/servlet/alicenciaprn?19588780,L,20250726000000,PU HTTP/1.1" 200 1547
201.186.226.5 - - [11/Aug/2025:10:58:25 -0300] "POST /cormun/servlet/solicitudot?gx-no-cache=1754920909140 HTTP/1.1" 200 255
201.186.226.5 - - [11/Aug/2025:10:58:34 -0300] "GET /cormun/servlet/solicitudot?a6b2d02a239546162219890fdcabafee2e7b1c14a9484e2fa3de6a1fa6582316dff4547ae1d5ca750a46b44290c9d3fb50825a27210a0f7823882df3ddcf81df524859a35f927b8480c18a328a7a1d5ea560c1266627e03102ca301740efe63beb3f1ca75517c6f01cf8db6acbc191f1a8b3a9999ec7e50b2ef588b4cdf91bd0f13a8f2486e0449015c1e5f952edc67c94f7a93634c074d34ce702b142e352723e36d21eca1d1c5f68241f15db7d6305246a88104081c9572c5d12299559662c91b297ca4ee12f063de2f2fdc85567a1b29257f0b6b7f6881b618dd336fe2529fb8c39859752a864d372d992ac6868df9efa8b848472691be3fa163ddd66dae76708baafb91acc52bf4b44df4a4b3f2395b648c3bee79c6b7ca583c821c1f2f9c99296f2f0a905d183d87e1d8d2c146df1a4a673e78989bc85b18ff978527abed0b05149a862e1c76820f681126781d7a982ef13aef1fa729ab916e68e7dabd15ffc0307aa16628c1b28f51678735ecd0a54f8d349256f2b00797fef38b77103,gx-no-cache=1754920918501 HTTP/1.1" 200 30
104.28.63.196 - - [11/Aug/2025:11:00:35 -0300] "-" 400 -
104.28.63.196 - - [11/Aug/2025:11:00:35 -0300] "üOX¨=‡ ³éÇYf/áՀ7)ð*ˆ<Ë|h ë…èLècŒˆ‡ÛNªP£G¯aе€ßöÿ‚°oü*::À,À+Ì©À0À/̨À " 400 -
104.28.63.196 - - [11/Aug/2025:11:00:35 -0300] "üN/ñ;ßì¢â’¢ñåÀŸ«š5àú˜Ë2´ÓƒŒÜÒR£ ê¹b?í@örw”JIó|F¢-3Xé¾ûÛ!yš–‘n*ŠŠÀ,À+Ì©À0À/̨À " 400 -
104.28.63.196 - - [11/Aug/2025:11:00:35 -0300] "ü–ϱ=²àÿ*^GÒGˆ¬ª„áZP8?ºÝp¯Ù¬ 1%µIJ‹I½?³p(T‘›ûа9}eÄ¢*ŠŠÀ,À+Ì©À0À/̨À " 400 -
104.28.63.196 - - [11/Aug/2025:11:00:36 -0300] "GET /cormun/servlet/hlogin HTTP/1.1" 200 1726
104.28.63.196 - - [11/Aug/2025:11:00:36 -0300] "GET /cormun/static/gxtimezone.js?85251 HTTP/1.1" 200 5781
104.28.63.196 - - [11/Aug/2025:11:00:36 -0300] "GET /cormun/static/Resources/Spanish/PXTools.css?1759030 HTTP/1.1" 200 100853
104.28.63.196 - - [11/Aug/2025:11:00:36 -0300] "GET /cormun/static/hlogin.js?2022112219184458 HTTP/1.1" 200 2156
104.28.63.196 - - [11/Aug/2025:11:00:36 -0300] "GET /cormun/static/gxcfg.js?2022112219184450 HTTP/1.1" 200 953
104.28.63.196 - - [11/Aug/2025:11:00:36 -0300] "GET /cormun/static/messages.spa.js?85251 HTTP/1.1" 200 30736
104.28.63.196 - - [11/Aug/2025:11:00:36 -0300] "GET /cormun/static/gxgral.js?85251 HTTP/1.1" 200 384558
104.28.63.196 - - [11/Aug/2025:11:00:38 -0300] "GET /cormun/static/Resources/CormunLogin.png HTTP/1.1" 200 19132
104.28.63.196 - - [11/Aug/2025:11:00:39 -0300] "GET /cormun/static/Resources/indicator.gif HTTP/1.1" 200 1553
104.28.63.196 - - [11/Aug/2025:11:00:39 -0300] "GET /cormun/static/Resources/PXToolsLoginTop.png HTTP/1.1" 200 1337
104.28.63.196 - - [11/Aug/2025:11:00:39 -0300] "GET /cormun/static/Resources/PXToolsButtonRight.png HTTP/1.1" 200 1294
104.28.63.196 - - [11/Aug/2025:11:00:39 -0300] "GET /cormun/static/Resources/PXToolsLoginBottom.png HTTP/1.1" 200 1389
104.28.63.196 - - [11/Aug/2025:11:00:39 -0300] "GET /cormun/static/Resources/PXToolsButtonBackground.png HTTP/1.1" 200 1176
104.28.63.196 - - [11/Aug/2025:11:00:39 -0300] "GET /cormun/static/Resources/PXToolsButtonLeft.png HTTP/1.1" 200 1310
104.28.63.196 - - [11/Aug/2025:11:00:39 -0300] "GET /cormun/static/Resources/PXToolsLoginBackground.png HTTP/1.1" 200 1164
104.28.63.201 - - [11/Aug/2025:11:01:02 -0300] "POST /cormun/servlet/hlogin?6e6abf931a5bda35dec2ad2744295ffb,gx-no-cache=1754921065694 HTTP/1.1" 200 90
104.28.63.201 - - [11/Aug/2025:11:01:02 -0300] "GET /cormun/servlet/hpexe_link HTTP/1.1" 200 954
104.28.63.201 - - [11/Aug/2025:11:01:03 -0300] "GET /cormun/servlet/hhome HTTP/1.1" 200 4259
104.28.63.201 - - [11/Aug/2025:11:01:03 -0300] "GET /cormun/static/gxcfg.js?20201215495537 HTTP/1.1" 200 953
104.28.63.201 - - [11/Aug/2025:11:01:03 -0300] "GET /cormun/static/Resources/Llave.png HTTP/1.1" 304 -
104.28.63.201 - - [11/Aug/2025:11:01:03 -0300] "GET /cormun/static/Resources/ImgHome.png HTTP/1.1" 200 1364
104.28.63.201 - - [11/Aug/2025:11:01:03 -0300] "GET /cormun/static/Shared/ext/ext-all.js HTTP/1.1" 200 1289687
104.28.63.201 - - [11/Aug/2025:11:01:05 -0300] "GET /cormun/static/SmoothNavMenu/resources/images/down.gif HTTP/1.1" 200 854
192.168.10.19 - - [11/Aug/2025:11:01:08 -0300] "GET /cormun/servlet/hlogin HTTP/1.1" 200 1716
192.168.10.19 - - [11/Aug/2025:11:01:08 -0300] "GET /cormun/servlet/hlogin HTTP/1.1" 200 1727
192.168.10.19 - - [11/Aug/2025:11:01:13 -0300] "POST /cormun/servlet/hlogin?fda215f231019937af7d28892d2301a1,gx-no-cache=1754921119338 HTTP/1.1" 200 90
192.168.10.19 - - [11/Aug/2025:11:01:13 -0300] "GET /cormun/servlet/hpexe_link HTTP/1.1" 200 948
192.168.10.19 - - [11/Aug/2025:11:01:13 -0300] "GET /cormun/servlet/hhome HTTP/1.1" 200 3815
104.28.63.201 - - [11/Aug/2025:11:01:14 -0300] "GET /cormun/servlet/trautorizarsolicitud? HTTP/1.1" 200 9946
104.28.63.201 - - [11/Aug/2025:11:01:14 -0300] "GET /cormun/static/Resources/PXToolsGridNextDisabled.gif HTTP/1.1" 200 90
104.28.63.201 - - [11/Aug/2025:11:01:14 -0300] "GET /cormun/static/Resources/PXToolsGridLastDisabled.gif HTTP/1.1" 200 98
104.28.63.201 - - [11/Aug/2025:11:01:14 -0300] "GET /cormun/static/trautorizarsolicitud.js?202211298474588 HTTP/1.1" 200 53909
104.28.63.201 - - [11/Aug/2025:11:01:14 -0300] "GET /cormun/static/Resources/PXToolsActionExcel.png HTTP/1.1" 304 -
104.28.63.201 - - [11/Aug/2025:11:01:14 -0300] "GET /cormun/static/Resources/PXToolsGridPage.gif HTTP/1.1" 304 -
104.28.63.201 - - [11/Aug/2025:11:01:15 -0300] "GET /cormun/static/Resources/asc.gif HTTP/1.1" 200 67
104.28.63.201 - - [11/Aug/2025:11:01:15 -0300] "GET /cormun//static/Resources/PXToolsRemoveAllAction.png HTTP/1.1" 200 487
104.28.63.201 - - [11/Aug/2025:11:01:15 -0300] "GET /cormun//static/Resources/PXToolsGridUpdate.png HTTP/1.1" 200 470
104.28.63.201 - - [11/Aug/2025:11:01:15 -0300] "GET /cormun//static/Resources/PXToolsGridDelete.png HTTP/1.1" 200 538
104.28.63.201 - - [11/Aug/2025:11:01:15 -0300] "GET /apple-touch-icon-precomposed.png HTTP/1.1" 404 1025
104.28.63.201 - - [11/Aug/2025:11:01:15 -0300] "GET /apple-touch-icon.png HTTP/1.1" 404 1001
104.28.63.201 - - [11/Aug/2025:11:01:15 -0300] "GET /favicon.ico HTTP/1.1" 200 21630
192.168.10.19 - - [11/Aug/2025:11:01:17 -0300] "GET /cormun/servlet/trsolicitudgral? HTTP/1.1" 200 23398
104.28.63.201 - - [11/Aug/2025:11:01:20 -0300] "POST /cormun/servlet/trautorizarsolicitud?6e6abf931a5bda35dec2ad2744295ffb,,gx-no-cache=1754921083306 HTTP/1.1" 200 6819
104.28.63.201 - - [11/Aug/2025:11:01:20 -0300] "GET /cormun/static/Shared/jqueryui/images/ui-bg_highlight-soft_100_c6c2c8_1x100.png HTTP/1.1" 404 1117
104.28.63.201 - - [11/Aug/2025:11:01:20 -0300] "GET /cormun/static/Shared/jqueryui/images/ui-icons_82798d_256x240.png HTTP/1.1" 404 1089
104.28.63.201 - - [11/Aug/2025:11:01:20 -0300] "GET /cormun/static/Shared/jqueryui/images/ui-bg_flat_55_fafafa_40x100.png HTTP/1.1" 404 1097
104.28.63.201 - - [11/Aug/2025:11:01:20 -0300] "GET /cormun/static/Shared/jqueryui/images/ui-icons_8d78a5_256x240.png HTTP/1.1" 404 1089
104.28.63.201 - - [11/Aug/2025:11:01:20 -0300] "POST /cormun/servlet/trautorizarsolicitud?6e6abf931a5bda35dec2ad2744295ffb,,gx-no-cache=1754921083858 HTTP/1.1" 200 6762
104.28.63.201 - - [11/Aug/2025:11:01:24 -0300] "POST /cormun/servlet/trautorizarsolicitud?6e6abf931a5bda35dec2ad2744295ffb,,gx-no-cache=1754921086883 HTTP/1.1" 200 6413
104.28.63.201 - - [11/Aug/2025:11:01:24 -0300] "POST /cormun/servlet/trautorizarsolicitud?6e6abf931a5bda35dec2ad2744295ffb,,gx-no-cache=1754921087443 HTTP/1.1" 200 6356
104.28.63.201 - - [11/Aug/2025:11:01:30 -0300] "POST /cormun/servlet/trautorizarsolicitud?6e6abf931a5bda35dec2ad2744295ffb,,gx-no-cache=1754921093564 HTTP/1.1" 200 5991
104.28.63.201 - - [11/Aug/2025:11:01:30 -0300] "POST /cormun/servlet/trautorizarsolicitud?6e6abf931a5bda35dec2ad2744295ffb,,gx-no-cache=1754921093922 HTTP/1.1" 200 5937
104.28.63.201 - - [11/Aug/2025:11:01:32 -0300] "POST /cormun/servlet/trautorizarsolicitud?6e6abf931a5bda35dec2ad2744295ffb,,gx-no-cache=1754921095585 HTTP/1.1" 200 4786
104.28.63.201 - - [11/Aug/2025:11:01:32 -0300] "POST /cormun/servlet/trautorizarsolicitud?6e6abf931a5bda35dec2ad2744295ffb,,gx-no-cache=1754921096053 HTTP/1.1" 200 4538
104.28.63.201 - - [11/Aug/2025:11:01:39 -0300] "GET /cormun/servlet/trautorizarsolicitud? HTTP/1.1" 200 7373
104.28.63.201 - - [11/Aug/2025:11:01:41 -0300] "GET /cormun/servlet/hlogin HTTP/1.1" 200 1745
190.95.67.91 - - [11/Aug/2025:11:01:44 -0300] "GET /cormun/servlet/licenciaspermisos?DSP,10193452,L,20250808000000, HTTP/1.1" 200 6267
190.95.67.91 - - [11/Aug/2025:11:01:44 -0300] "GET /cormun/static/gxcfg.js?202012153173 HTTP/1.1" 200 953
190.95.67.91 - - [11/Aug/2025:11:01:44 -0300] "GET /cormun/static/licenciaspermisos.js?2020121532136 HTTP/1.1" 200 38753
190.95.67.91 - - [11/Aug/2025:11:01:44 -0300] "GET /cormun/servlet/hlogin HTTP/1.1" 200 1768
190.95.67.91 - - [11/Aug/2025:11:01:51 -0300] "POST /cormun/servlet/hlogin?9a78c378081149c7c51a5b325e9ff9d2,gx-no-cache=1754921115642 HTTP/1.1" 200 90
190.95.67.91 - - [11/Aug/2025:11:01:51 -0300] "GET /cormun/servlet/hpexe_link HTTP/1.1" 200 987
190.95.67.91 - - [11/Aug/2025:11:01:51 -0300] "GET /cormun/servlet/licenciaspermisos?DSP,10193452,L,20250808000000, HTTP/1.1" 200 7181
190.95.67.91 - - [11/Aug/2025:11:01:58 -0300] "POST /cormun/servlet/licenciaspermisos?9a78c378081149c7c51a5b325e9ff9d2,DSP,10193452,L,20250808000000,,gx-no-cache=1754921122388 HTTP/1.1" 200 93
190.95.67.91 - - [11/Aug/2025:11:01:58 -0300] "GET /cormun/servlet/hpexe_return? HTTP/1.1" 200 1031
190.95.67.91 - - [11/Aug/2025:11:01:58 -0300] "GET /cormun/servlet/hhome HTTP/1.1" 200 4248
190.95.67.91 - - [11/Aug/2025:11:02:01 -0300] "GET /cormun/servlet/trlicencias? HTTP/1.1" 200 18629
201.186.226.5 - - [11/Aug/2025:11:06:23 -0300] "POST /cormun/servlet/solicitudot?gx-no-cache=1754921386827 HTTP/1.1" 200 30
201.186.226.5 - - [11/Aug/2025:11:06:25 -0300] "POST /cormun/servlet/solicitudot?gx-no-cache=1754921389370 HTTP/1.1" 200 1479
201.186.226.5 - - [11/Aug/2025:11:06:25 -0300] "POST /cormun/servlet/solicitudot?gx-no-cache=1754921389432 HTTP/1.1" 200 38
201.186.226.5 - - [11/Aug/2025:11:07:09 -0300] "GET /cormun/servlet/solicitudot?a6b2d02a239546162219890fdcabafee8e3b7e52452f87eefc7311909663db2cf36d1b3cc0726f228df9df2a93cc7d89df6eb6d12ecaccb5e4b6d964948b990df7338c24774ebb6bb4302d5b44f6a4932ceebb2a50e1b89ac799f768356f20e70c882f5ec4a27dcc78f505b7e8ae1575,gx-no-cache=1754921432662 HTTP/1.1" 200 110
201.186.226.5 - - [11/Aug/2025:11:07:17 -0300] "POST /cormun/servlet/solicitudot?gx-no-cache=1754921441495 HTTP/1.1" 200 110
157.55.39.13 - - [11/Aug/2025:11:07:19 -0300] "GET /cormun/servlet/hlogin HTTP/1.1" 200 1720
52.167.144.215 - - [11/Aug/2025:11:07:29 -0300] "GET /cormun/static/Resources/Spanish/PXTools.css?1759030 HTTP/1.1" 200 100853
40.77.167.77 - - [11/Aug/2025:11:07:32 -0300] "GET /cormun/static/gxcfg.js?2022112219184450 HTTP/1.1" 200 953
157.55.39.13 - - [11/Aug/2025:11:07:34 -0300] "GET /cormun/static/gxgral.js?85251 HTTP/1.1" 200 384558
157.55.39.13 - - [11/Aug/2025:11:07:35 -0300] "GET /cormun/static/hlogin.js?2022112219184458 HTTP/1.1" 200 2156
40.77.167.77 - - [11/Aug/2025:11:07:42 -0300] "GET /cormun/static/messages.spa.js?85251 HTTP/1.1" 200 30736
40.77.167.77 - - [11/Aug/2025:11:07:42 -0300] "GET /cormun/static/gxtimezone.js?85251 HTTP/1.1" 200 5781
192.168.10.19 - - [11/Aug/2025:11:09:29 -0300] "GET /cormun/servlet/trsolicitudgral? HTTP/1.1" 200 24728
192.168.10.19 - - [11/Aug/2025:11:09:29 -0300] "GET /favicon.ico HTTP/1.1" 200 21630
190.95.67.97 - - [11/Aug/2025:11:20:08 -0300] "GET /cormun/servlet/trpermisosgoce? HTTP/1.1" 200 6030
190.95.67.97 - - [11/Aug/2025:11:20:09 -0300] "GET /cormun/servlet/hlogin HTTP/1.1" 200 1738
190.95.67.93 - - [11/Aug/2025:11:20:16 -0300] "GET /cormun/servlet/hlogin HTTP/1.1" 200 1720
190.95.67.93 - - [11/Aug/2025:11:20:20 -0300] "POST /cormun/servlet/hlogin?b21d6603dc2eafde5b35d4bc0024e87e,gx-no-cache=1754922224319 HTTP/1.1" 200 90
190.95.67.93 - - [11/Aug/2025:11:20:20 -0300] "GET /cormun/servlet/hpexe_link HTTP/1.1" 200 955
190.95.67.93 - - [11/Aug/2025:11:20:21 -0300] "GET /cormun/servlet/trpermisosgoce HTTP/1.1" 200 15573
190.95.67.93 - - [11/Aug/2025:11:20:26 -0300] "GET /cormun/servlet/trlicencias? HTTP/1.1" 200 10370
190.95.67.97 - - [11/Aug/2025:11:21:28 -0300] "POST /cormun/servlet/hlogin?0c4218c080deb548f2a86acd99c3eb61,gx-no-cache=1754921738711 HTTP/1.1" 200 90
190.95.67.97 - - [11/Aug/2025:11:21:28 -0300] "GET /cormun/servlet/hpexe_link HTTP/1.1" 200 956
190.95.67.97 - - [11/Aug/2025:11:21:28 -0300] "GET /cormun/servlet/trpermisosgoce HTTP/1.1" 200 11082
190.95.67.97 - - [11/Aug/2025:11:21:32 -0300] "GET /cormun/servlet/permisogoce?INS,0,,, HTTP/1.1" 200 6732
190.95.67.97 - - [11/Aug/2025:11:21:35 -0300] "GET /cormun/servlet/trpermisosgoce? HTTP/1.1" 200 11088
201.186.226.5 - - [11/Aug/2025:11:21:41 -0300] "POST /cormun/servlet/solicitudot?gx-no-cache=1754922305339 HTTP/1.1" 200 30
201.186.226.5 - - [11/Aug/2025:11:21:41 -0300] "POST /cormun/servlet/solicitudot?gx-no-cache=1754922305400 HTTP/1.1" 200 1482
201.186.226.5 - - [11/Aug/2025:11:21:41 -0300] "POST /cormun/servlet/solicitudot?gx-no-cache=1754922305435 HTTP/1.1" 200 38
201.186.226.5 - - [11/Aug/2025:11:21:41 -0300] "GET /cormun/servlet/solicitudot?a6b2d02a239546162219890fdcabafee8e3b7e52452f87eefc7311909663db2cf36d1b3cc0726f228df9df2a93cc7d89df6eb6d12ecaccb5e4b6d964948b990df7338c24774ebb6bb4302d5b44f6a4932ceebb2a50e1b89ac799f768356f20e70c882f5ec4a27dcc78f505b7e8ae1575,gx-no-cache=1754922305466 HTTP/1.1" 200 110
201.186.226.5 - - [11/Aug/2025:11:21:41 -0300] "POST /cormun/servlet/solicitudot?gx-no-cache=1754922305494 HTTP/1.1" 200 110
201.186.226.5 - - [11/Aug/2025:11:21:41 -0300] "GET /cormun/servlet/solicitudot?a6b2d02a239546162219890fdcabafee056633cc1a59256b1eed1a63dd825f7fc1d7cf68eb91c78f875da0071f8859207d6731928542be42b526ee505306ec50c5aa623568858dc13272aa3b5e8a49931d265380d034b1cbe9f5748212bffed94e703ddc274a032d510d99374bcca0cb,gx-no-cache=1754922305528 HTTP/1.1" 200 29
201.186.226.5 - - [11/Aug/2025:11:21:42 -0300] "GET /cormun/static/menuarrow.gif HTTP/1.1" 404 1015
190.95.67.97 - - [11/Aug/2025:11:21:44 -0300] "GET /cormun/servlet/trlicencias? HTTP/1.1" 200 10242
201.186.226.5 - - [11/Aug/2025:11:21:44 -0300] "GET /cormun/servlet/solicitudot?a6b2d02a239546162219890fdcabafee2e7b1c14a9484e2fa3de6a1fa6582316dff4547ae1d5ca750a46b44290c9d3fb50825a27210a0f7823882df3ddcf81df524859a35f927b8480c18a328a7a1d5ea560c1266627e03102ca301740efe63beb3f1ca75517c6f01cf8db6acbc191f1a8b3a9999ec7e50b2ef588b4cdf91bd0f13a8f2486e0449015c1e5f952edc67c94f7a93634c074d34ce702b142e352723e36d21eca1d1c5f68241f15db7d6305246a88104081c9572c5d12299559662c91b297ca4ee12f063de2f2fdc85567a1b29257f0b6b7f6881b618dd336fe2529fb8c39859752a864d372d992ac6868df9efa8b848472691be3fa163ddd66dae76708baafb91acc52bf4b44df4a4b3f2395b648c3bee79c6b7ca583c821c1f2f9c99296f2f0a905d183d87e1d8d2c146df1a4a673e78989bc85b18ff978527abed0b05149a862e1c76820f681126781d7a982ef13aef1fa729ab916e68e7dabd15ffc0307aa16628c1b28f51678735ecd0a54f8d349256f2b00797fef38b77103,gx-no-cache=1754922308139 HTTP/1.1" 200 30
201.186.226.5 - - [11/Aug/2025:11:21:44 -0300] "POST /cormun/servlet/solicitudot?gx-no-cache=1754922308171 HTTP/1.1" 200 30
201.186.226.5 - - [11/Aug/2025:11:21:44 -0300] "POST /cormun/servlet/solicitudot?gx-no-cache=1754922308216 HTTP/1.1" 200 1482
201.186.226.5 - - [11/Aug/2025:11:21:44 -0300] "POST /cormun/servlet/solicitudot?gx-no-cache=1754922308294 HTTP/1.1" 200 38
201.186.226.5 - - [11/Aug/2025:11:21:44 -0300] "GET /cormun/servlet/solicitudot?a6b2d02a239546162219890fdcabafee8e3b7e52452f87eefc7311909663db2cf36d1b3cc0726f228df9df2a93cc7d89df6eb6d12ecaccb5e4b6d964948b990df7338c24774ebb6bb4302d5b44f6a4932ceebb2a50e1b89ac799f768356f20e70c882f5ec4a27dcc78f505b7e8ae1575,gx-no-cache=1754922308315 HTTP/1.1" 200 110
201.186.226.5 - - [11/Aug/2025:11:21:44 -0300] "POST /cormun/servlet/solicitudot?gx-no-cache=1754922308337 HTTP/1.1" 200 110
201.186.226.5 - - [11/Aug/2025:11:21:47 -0300] "GET /cormun/servlet/solicitudot?a6b2d02a239546162219890fdcabafee80cf754a489fab667658d7e32f11c6322efbf395bf89a214cf89bee0dcdda3a6,gx-no-cache=1754922311056 HTTP/1.1" 200 30
190.95.67.97 - - [11/Aug/2025:11:22:01 -0300] "GET /cormun/servlet/licenciaspermisos?INS,0,,, HTTP/1.1" 200 7480
190.95.67.97 - - [11/Aug/2025:11:22:01 -0300] "GET /cormun/static/gxcfg.js?202012153173 HTTP/1.1" 200 953
190.95.67.97 - - [11/Aug/2025:11:22:01 -0300] "GET /cormun/static/licenciaspermisos.js?2020121532136 HTTP/1.1" 200 38753
190.95.67.97 - - [11/Aug/2025:11:22:04 -0300] "GET /cormun/servlet/trpermisosgoce? HTTP/1.1" 200 11089
190.95.67.97 - - [11/Aug/2025:11:22:06 -0300] "GET /cormun/servlet/permisogoce?INS,0,,, HTTP/1.1" 200 6732
190.95.67.97 - - [11/Aug/2025:11:22:11 -0300] "GET /cormun/servlet/permisogoce?33f8ab7cb0484e3b0004e336a957f98f12b1eb6df6062fd23371ebb5d26436b48bc1698a40132716d63458c3b78d2bb9dc4abaab6db10f76a2db45aed37501c6,gx-no-cache=1754921781176 HTTP/1.1" 200 226
190.95.67.97 - - [11/Aug/2025:11:22:11 -0300] "GET /cormun/static/Shared/jqueryui/images/ui-icons_82798d_256x240.png HTTP/1.1" 404 1089
190.95.67.97 - - [11/Aug/2025:11:22:11 -0300] "GET /cormun/static/Shared/jqueryui/images/ui-bg_highlight-soft_100_c6c2c8_1x100.png HTTP/1.1" 404 1117
190.95.67.97 - - [11/Aug/2025:11:22:11 -0300] "GET /cormun/static/Shared/jqueryui/images/ui-bg_flat_55_994d53_40x100.png HTTP/1.1" 404 1097
190.95.67.97 - - [11/Aug/2025:11:22:11 -0300] "GET /cormun/static/Shared/jqueryui/images/ui-icons_ebccce_256x240.png HTTP/1.1" 404 1089
190.95.67.97 - - [11/Aug/2025:11:22:16 -0300] "GET /cormun/servlet/permisogoce?33f8ab7cb0484e3b0004e336a957f98f7026ffb3e9f7e3fcb0127f0a30cc9ab9a4fef56bf4023046c4b72bfcfc22d9721dd97aca502cf739dd3f674ee1d88312,gx-no-cache=1754921786484 HTTP/1.1" 200 84
190.95.67.97 - - [11/Aug/2025:11:22:21 -0300] "GET /cormun/static/menuarrow.gif HTTP/1.1" 404 1015
190.95.67.97 - - [11/Aug/2025:11:22:26 -0300] "GET /cormun/servlet/permisogoce?33f8ab7cb0484e3b0004e336a957f98fc533d0869c46e35952861fdb6e635dc846605ac8c9756dd4315118405f0fa69ac7482c475a9a293cbf7a1d95a49e3dd9,gx-no-cache=1754921796622 HTTP/1.1" 200 47
190.95.67.97 - - [11/Aug/2025:11:22:28 -0300] "POST /cormun/servlet/permisogoce?0c4218c080deb548f2a86acd99c3eb61,INS,0,,,,gx-no-cache=1754921798444 HTTP/1.1" 200 93
190.95.67.97 - - [11/Aug/2025:11:22:29 -0300] "GET /cormun/servlet/hpexe_return? HTTP/1.1" 200 1009
190.95.67.97 - - [11/Aug/2025:11:22:29 -0300] "GET /cormun/servlet/trpermisosgoce HTTP/1.1" 200 11341
190.95.67.99 - - [11/Aug/2025:11:22:33 -0300] "GET /cormun/servlet/trlicencias? HTTP/1.1" 200 6056
190.95.67.99 - - [11/Aug/2025:11:22:33 -0300] "GET /cormun/static/gxcfg.js?202211298463625 HTTP/1.1" 200 953
190.95.67.99 - - [11/Aug/2025:11:22:33 -0300] "GET /cormun/static/trlicencias.js?202211298463889 HTTP/1.1" 200 41883
190.95.67.99 - - [11/Aug/2025:11:22:35 -0300] "GET /cormun/servlet/hlogin HTTP/1.1" 200 1737
190.95.67.99 - - [11/Aug/2025:11:22:38 -0300] "POST /cormun/servlet/hlogin?a96bcccd3d0da9744ac0f3391e84fff4,gx-no-cache=1754922367731 HTTP/1.1" 200 90
190.95.67.99 - - [11/Aug/2025:11:22:38 -0300] "GET /cormun/servlet/hpexe_link HTTP/1.1" 200 956
190.95.67.99 - - [11/Aug/2025:11:22:38 -0300] "GET /cormun/servlet/trlicencias HTTP/1.1" 200 9931
190.95.67.97 - - [11/Aug/2025:11:22:47 -0300] "GET /cormun/servlet/trlicencias? HTTP/1.1" 200 10241
190.95.67.97 - - [11/Aug/2025:11:23:07 -0300] "POST /cormun/servlet/trlicencias?0c4218c080deb548f2a86acd99c3eb61,,gx-no-cache=1754921838038 HTTP/1.1" 200 7163
201.186.225.193 - - [11/Aug/2025:11:23:52 -0300] "GET /cormun/servlet/hhome HTTP/1.1" 200 3324
201.186.225.193 - - [11/Aug/2025:11:23:52 -0300] "GET /cormun/servlet/hlogin HTTP/1.1" 200 1730
201.186.225.193 - - [11/Aug/2025:11:23:56 -0300] "POST /cormun/servlet/hlogin?7996f87e7103a42e39b1e9b953808d0e,gx-no-cache=1754922439622 HTTP/1.1" 200 90
201.186.225.193 - - [11/Aug/2025:11:23:56 -0300] "GET /cormun/servlet/hpexe_link HTTP/1.1" 200 949
201.186.225.193 - - [11/Aug/2025:11:23:56 -0300] "GET /cormun/servlet/hhome HTTP/1.1" 200 4294
201.186.225.193 - - [11/Aug/2025:11:23:58 -0300] "GET /cormun/servlet/trlicencias? HTTP/1.1" 200 11604
190.95.67.97 - - [11/Aug/2025:11:24:03 -0300] "GET /cormun/servlet/trpermisosgoce? HTTP/1.1" 200 11337
201.186.225.193 - - [11/Aug/2025:11:24:03 -0300] "POST /cormun/servlet/trlicencias?7996f87e7103a42e39b1e9b953808d0e,,gx-no-cache=1754922447391 HTTP/1.1" 200 100
201.186.225.193 - - [11/Aug/2025:11:24:04 -0300] "POST /cormun/servlet/trlicencias?7996f87e7103a42e39b1e9b953808d0e,,gx-no-cache=1754922447567 HTTP/1.1" 200 9077
201.186.225.193 - - [11/Aug/2025:11:24:04 -0300] "GET /cormun/Licencias-668.xls HTTP/1.1" 200 8192
20.40.115.27 - - [11/Aug/2025:11:24:04 -0300] "GET /cormun/Licencias-668.xls HTTP/1.1" 200 8192
201.186.225.193 - - [11/Aug/2025:11:24:06 -0300] "GET /cormun/Licencias-668.xls HTTP/1.1" 304 -
201.186.225.193 - - [11/Aug/2025:11:24:17 -0300] "GET /cormun/Licencias-668.xls HTTP/1.1" 304 -
190.95.67.97 - - [11/Aug/2025:11:24:18 -0300] "POST /cormun/servlet/trpermisosgoce?0c4218c080deb548f2a86acd99c3eb61,,gx-no-cache=1754921908689 HTTP/1.1" 200 5470
190.95.67.99 - - [11/Aug/2025:11:26:29 -0300] "GET /cormun/servlet/trpermisosgoce? HTTP/1.1" 200 14214
190.95.67.99 - - [11/Aug/2025:11:26:45 -0300] "GET /cormun/static/menuarrow.gif HTTP/1.1" 404 1015
190.95.67.99 - - [11/Aug/2025:11:26:51 -0300] "POST /cormun/servlet/trpermisosgoce?a96bcccd3d0da9744ac0f3391e84fff4,,gx-no-cache=1754922620597 HTTP/1.1" 200 6267
201.186.226.5 - - [11/Aug/2025:11:26:54 -0300] "POST /cormun/servlet/solicitudot?gx-no-cache=1754922618177 HTTP/1.1" 200 30
201.186.226.5 - - [11/Aug/2025:11:26:55 -0300] "POST /cormun/servlet/solicitudot?26ec2c6c413af710dadef52328eca081,INS,0,0,false,,gx-no-cache=1754922618217 HTTP/1.1" 200 93
201.186.226.5 - - [11/Aug/2025:11:26:55 -0300] "GET /cormun/servlet/hpexe_return? HTTP/1.1" 200 1010
201.186.226.5 - - [11/Aug/2025:11:26:55 -0300] "GET /cormun/servlet/trsolicitudot HTTP/1.1" 200 9473
190.95.67.97 - - [11/Aug/2025:11:27:39 -0300] "GET /cormun/servlet/trlicencias? HTTP/1.1" 200 9513
201.186.226.5 - - [11/Aug/2025:11:27:52 -0300] "POST /cormun/servlet/trsolicitudot?26ec2c6c413af710dadef52328eca081,gx-no-cache=1754922675703 HTTP/1.1" 200 107
201.186.226.5 - - [11/Aug/2025:11:27:52 -0300] "GET /cormun/servlet/trsolicitudadjuntos?2025,22854, HTTP/1.1" 200 6106
201.186.226.5 - - [11/Aug/2025:11:27:56 -0300] "GET /cormun/servlet/solicitudotadjuntos?INS,2025,22854,,1, HTTP/1.1" 200 6050
201.186.226.5 - - [11/Aug/2025:11:27:56 -0300] "GET /cormun/static/about:blank HTTP/1.1" 404 1011
201.186.226.5 - - [11/Aug/2025:11:27:57 -0300] "GET /cormun/servlet/solicitudotadjuntos?a6b2d02a239546162219890fdcabafee88e063012fe44facb294c5d25aea8afe38b7bca0204ce3481f8ba9fb7aee58f7,gx-no-cache=1754922680644 HTTP/1.1" 200 30
201.186.226.5 - - [11/Aug/2025:11:27:57 -0300] "POST /cormun/servlet/solicitudotadjuntos?26ec2c6c413af710dadef52328eca081,INS,2025,22854,,1,,gx-no-cache=1754922680679 HTTP/1.1" 200 3909
201.186.226.5 - - [11/Aug/2025:11:28:02 -0300] "POST /cormun/servlet/solicitudotadjuntos?gx-no-cache=1754922685921 HTTP/1.1" 200 26
201.186.226.5 - - [11/Aug/2025:11:28:15 -0300] "POST /cormun/servlet/solicitudotadjuntos?gx-no-cache=1754922699242 HTTP/1.1" 200 26
201.186.226.5 - - [11/Aug/2025:11:28:49 -0300] "POST /cormun/servlet/solicitudotadjuntos?gx-no-cache=1754922733426 HTTP/1.1" 200 26
201.186.226.5 - - [11/Aug/2025:11:29:06 -0300] "POST /cormun/servlet/solicitudotadjuntos?gx-no-cache=1754922750123 HTTP/1.1" 200 26
190.95.67.99 - - [11/Aug/2025:11:29:22 -0300] "GET /cormun/servlet/permisogoce?INS,0,,, HTTP/1.1" 200 7212
201.186.226.5 - - [11/Aug/2025:11:29:24 -0300] "POST /cormun/servlet/solicitudotadjuntos?gx-no-cache=1754922767867 HTTP/1.1" 200 26
190.95.67.99 - - [11/Aug/2025:11:29:49 -0300] "GET /cormun/servlet/permisogoce?05da691c48cb7121d94365df206089a7bcbaa2728867a0de76570fc24876347e32df9b3538462df1aaecb9ffb6dd3f1b51f343725d9793480335db55fc8ec502,gx-no-cache=1754922798572 HTTP/1.1" 200 82
190.95.67.99 - - [11/Aug/2025:11:29:55 -0300] "GET /cormun/servlet/permisogoce?05da691c48cb7121d94365df206089a7dcc8696418d822fe076c3e318ececf5064f4802d7d1ec921e375c5321275caa06ba62ea143a37fcea36d1b3d16013cd5,gx-no-cache=1754922804692 HTTP/1.1" 200 48
190.95.67.99 - - [11/Aug/2025:11:30:00 -0300] "POST /cormun/servlet/permisogoce?a96bcccd3d0da9744ac0f3391e84fff4,INS,0,,,,gx-no-cache=1754922808990 HTTP/1.1" 200 93
190.95.67.99 - - [11/Aug/2025:11:30:00 -0300] "GET /cormun/servlet/hpexe_return? HTTP/1.1" 200 1009
190.95.67.99 - - [11/Aug/2025:11:30:00 -0300] "GET /cormun/servlet/trpermisosgoce? HTTP/1.1" 200 9290
190.95.67.99 - - [11/Aug/2025:11:30:04 -0300] "GET /cormun/servlet/apermisogoceprn?12515149,P,20250811103328,PU HTTP/1.1" 200 1650
190.95.2.163 - - [11/Aug/2025:11:31:00 -0300] "GET /cormun/servlet/hlogin HTTP/1.1" 200 1718
190.95.2.163 - - [11/Aug/2025:11:31:00 -0300] "GET /cormun/static/gxcfg.js?2022112219184450 HTTP/1.1" 200 953
190.95.2.163 - - [11/Aug/2025:11:31:00 -0300] "GET /cormun/static/hlogin.js?2022112219184458 HTTP/1.1" 200 2156
190.95.2.163 - - [11/Aug/2025:11:31:00 -0300] "GET /cormun/static/Resources/CormunLogin.png HTTP/1.1" 200 19132
190.95.2.163 - - [11/Aug/2025:11:31:00 -0300] "GET /cormun/static/Resources/Spanish/PXTools.css?1759030 HTTP/1.1" 200 100853
190.95.2.163 - - [11/Aug/2025:11:31:00 -0300] "GET /cormun/static/Resources/PXToolsButtonLeft.png HTTP/1.1" 200 1310
190.95.2.163 - - [11/Aug/2025:11:31:00 -0300] "GET /cormun/static/Resources/PXToolsLoginBackground.png HTTP/1.1" 200 1164
190.95.2.163 - - [11/Aug/2025:11:31:00 -0300] "GET /cormun/static/Resources/PXToolsLoginTop.png HTTP/1.1" 200 1337
190.95.2.163 - - [11/Aug/2025:11:31:00 -0300] "GET /cormun/static/Resources/PXToolsButtonRight.png HTTP/1.1" 200 1294
190.95.2.163 - - [11/Aug/2025:11:31:00 -0300] "GET /cormun/static/Resources/PXToolsButtonBackground.png HTTP/1.1" 200 1176
190.95.2.163 - - [11/Aug/2025:11:31:00 -0300] "GET /cormun/static/Resources/PXToolsLoginBottom.png HTTP/1.1" 200 1389
190.95.2.163 - - [11/Aug/2025:11:31:00 -0300] "GET /cormun/servlet/hlogin HTTP/1.1" 200 1729
190.95.2.163 - - [11/Aug/2025:11:31:03 -0300] "POST /cormun/servlet/hlogin?dcaa17ce1ef89461df50e24513965bdd,gx-no-cache=1754922866805 HTTP/1.1" 200 90
190.95.2.163 - - [11/Aug/2025:11:31:03 -0300] "GET /cormun/servlet/hpexe_link HTTP/1.1" 200 950
190.95.2.163 - - [11/Aug/2025:11:31:03 -0300] "GET /cormun/static/gxcfg.js?20221129847421 HTTP/1.1" 200 953
190.95.2.163 - - [11/Aug/2025:11:31:03 -0300] "GET /cormun/static/hpexe_link.js?20221129847423 HTTP/1.1" 200 625
190.95.2.163 - - [11/Aug/2025:11:31:03 -0300] "GET /cormun/servlet/hhome HTTP/1.1" 200 3996
190.95.2.163 - - [11/Aug/2025:11:31:04 -0300] "GET /cormun/static/gxcfg.js?20201215495537 HTTP/1.1" 200 953
190.95.2.163 - - [11/Aug/2025:11:31:04 -0300] "GET /cormun/static/hhome.js?20201215495544 HTTP/1.1" 200 777
190.95.2.163 - - [11/Aug/2025:11:31:04 -0300] "GET /cormun/static/Resources/Spanish/PXTools.css?14345360 HTTP/1.1" 200 100853
190.95.2.163 - - [11/Aug/2025:11:31:08 -0300] "GET /cormun/servlet/trlicencias? HTTP/1.1" 200 12409
201.186.226.5 - - [11/Aug/2025:11:32:12 -0300] "POST /cormun/servlet/solicitudotadjuntos?gx-no-cache=1754922936026 HTTP/1.1" 200 26
190.95.67.97 - - [11/Aug/2025:11:32:27 -0300] "GET /cormun/servlet/trpermisosgoce? HTTP/1.1" 200 8175
190.95.67.97 - - [11/Aug/2025:11:32:30 -0300] "POST /cormun/servlet/trpermisosgoce?0c4218c080deb548f2a86acd99c3eb61,,gx-no-cache=1754922400978 HTTP/1.1" 200 5468
201.186.226.5 - - [11/Aug/2025:11:33:20 -0300] "GET /cormun/servlet/solicitudotadjuntos?a6b2d02a239546162219890fdcabafeee0d7ca36903307e7e90761d5449002b0,gx-no-cache=1754923003554 HTTP/1.1" 200 30
201.186.226.5 - - [11/Aug/2025:11:33:20 -0300] "GET /cormun/servlet/solicitudotadjuntos?a6b2d02a239546162219890fdcabafeee0d7ca36903307e7e90761d5449002b0,gx-no-cache=1754923003573 HTTP/1.1" 200 30
201.186.226.5 - - [11/Aug/2025:11:33:23 -0300] "POST /cormun/servlet/solicitudotadjuntos?26ec2c6c413af710dadef52328eca081,INS,2025,22854,,1, HTTP/1.1" 200 116
201.186.226.5 - - [11/Aug/2025:11:33:23 -0300] "GET /cormun/servlet/hpexe_return? HTTP/1.1" 200 1027
201.186.226.5 - - [11/Aug/2025:11:33:23 -0300] "GET /cormun/servlet/trsolicitudadjuntos?2025,22854, HTTP/1.1" 200 9306
201.186.226.5 - - [11/Aug/2025:11:34:06 -0300] "GET /cormun/servlet/trsolicitudot? HTTP/1.1" 200 9477
190.95.67.97 - - [11/Aug/2025:11:34:50 -0300] "GET /cormun/servlet/trlicencias? HTTP/1.1" 200 9513
201.186.226.5 - - [11/Aug/2025:11:35:34 -0300] "POST /cormun/servlet/trsolicitudot?26ec2c6c413af710dadef52328eca081,,gx-no-cache=1754923137756 HTTP/1.1" 200 6821
201.186.226.5 - - [11/Aug/2025:11:35:34 -0300] "GET /cormun/static/Shared/jqueryui/images/ui-bg_highlight-soft_100_c6c2c8_1x100.png HTTP/1.1" 404 1117
201.186.226.5 - - [11/Aug/2025:11:35:34 -0300] "GET /cormun/static/Shared/jqueryui/images/ui-icons_82798d_256x240.png HTTP/1.1" 404 1089
201.186.226.5 - - [11/Aug/2025:11:35:34 -0300] "GET /cormun/static/Shared/jqueryui/images/ui-bg_flat_55_fafafa_40x100.png HTTP/1.1" 404 1097
201.186.226.5 - - [11/Aug/2025:11:35:34 -0300] "GET /cormun/static/Shared/jqueryui/images/ui-icons_8d78a5_256x240.png HTTP/1.1" 404 1089
201.186.226.5 - - [11/Aug/2025:11:35:50 -0300] "POST /cormun/servlet/trsolicitudot?26ec2c6c413af710dadef52328eca081,,gx-no-cache=1754923153553 HTTP/1.1" 200 6821
201.186.226.5 - - [11/Aug/2025:11:36:07 -0300] "POST /cormun/servlet/trsolicitudot?26ec2c6c413af710dadef52328eca081,,gx-no-cache=1754923168746 HTTP/1.1" 200 6284
201.186.226.5 - - [11/Aug/2025:11:36:08 -0300] "POST /cormun/servlet/trsolicitudot?26ec2c6c413af710dadef52328eca081,,gx-no-cache=1754923171473 HTTP/1.1" 200 6228
201.186.226.5 - - [11/Aug/2025:11:36:14 -0300] "POST /cormun/servlet/trsolicitudot?26ec2c6c413af710dadef52328eca081,,gx-no-cache=1754923177656 HTTP/1.1" 200 6455
190.95.67.97 - - [11/Aug/2025:11:36:21 -0300] "GET /cormun/servlet/trpermisosgoce? HTTP/1.1" 200 8175
201.186.226.5 - - [11/Aug/2025:11:36:22 -0300] "POST /cormun/servlet/trsolicitudot?26ec2c6c413af710dadef52328eca081,,gx-no-cache=1754923185946 HTTP/1.1" 200 6430
201.186.226.5 - - [11/Aug/2025:11:36:29 -0300] "POST /cormun/servlet/trsolicitudot?26ec2c6c413af710dadef52328eca081,,gx-no-cache=1754923193026 HTTP/1.1" 200 107
201.186.226.5 - - [11/Aug/2025:11:36:29 -0300] "GET /cormun/servlet/trsolicitudadjuntos?2025,22841, HTTP/1.1" 200 9280
201.186.226.5 - - [11/Aug/2025:11:36:34 -0300] "GET /cormun/servlet/solicitudotadjuntos?DLT,2025,22841,CV,0, HTTP/1.1" 200 6046
201.186.226.5 - - [11/Aug/2025:11:36:35 -0300] "GET /cormun/PublicTempStorage/carlos_fernando_moraga_cv_%281%299110761.pdf HTTP/1.1" 200 66700
201.186.226.5 - - [11/Aug/2025:11:36:46 -0300] "POST /cormun/servlet/solicitudotadjuntos?26ec2c6c413af710dadef52328eca081,DLT,2025,22841,CV,0,,gx-no-cache=1754923207194 HTTP/1.1" 200 93
201.186.226.5 - - [11/Aug/2025:11:36:46 -0300] "GET /cormun/servlet/hpexe_return? HTTP/1.1" 200 1029
190.95.67.97 - - [11/Aug/2025:11:36:51 -0300] "GET /cormun/servlet/trlicencias? HTTP/1.1" 200 9513
190.95.67.97 - - [11/Aug/2025:11:36:54 -0300] "GET /cormun/servlet/trpermisosgoce? HTTP/1.1" 200 8175
201.186.226.5 - - [11/Aug/2025:11:37:06 -0300] "GET /cormun/servlet/trsolicitudadjuntos?2025,22841, HTTP/1.1" 200 6110
190.95.67.97 - - [11/Aug/2025:11:38:00 -0300] "POST /cormun/servlet/trpermisosgoce?0c4218c080deb548f2a86acd99c3eb61,,gx-no-cache=1754922725934 HTTP/1.1" 200 5244
190.95.67.97 - - [11/Aug/2025:11:38:00 -0300] "POST /cormun/servlet/trpermisosgoce?0c4218c080deb548f2a86acd99c3eb61,,gx-no-cache=1754922730470 HTTP/1.1" 200 5225
190.95.67.97 - - [11/Aug/2025:11:38:02 -0300] "GET /cormun/servlet/permisogoce?INS,0,,, HTTP/1.1" 200 6732
190.95.67.97 - - [11/Aug/2025:11:38:05 -0300] "GET /cormun/servlet/trpermisosgoce? HTTP/1.1" 200 7942
190.95.67.97 - - [11/Aug/2025:11:38:12 -0300] "GET /cormun/servlet/permisogoce?INS,0,,, HTTP/1.1" 200 6732
201.186.226.5 - - [11/Aug/2025:11:38:13 -0300] "GET /cormun/servlet/trsolicitudot? HTTP/1.1" 200 9104
190.95.67.97 - - [11/Aug/2025:11:38:18 -0300] "GET /cormun/servlet/permisogoce?33f8ab7cb0484e3b0004e336a957f98f12b1eb6df6062fd23371ebb5d26436b48bc1698a40132716d63458c3b78d2bb9dc4abaab6db10f76a2db45aed37501c6,gx-no-cache=1754922749063 HTTP/1.1" 200 226
201.186.226.5 - - [11/Aug/2025:11:38:20 -0300] "POST /cormun/servlet/trsolicitudot?26ec2c6c413af710dadef52328eca081,,gx-no-cache=1754923303491 HTTP/1.1" 200 6474
190.95.67.97 - - [11/Aug/2025:11:38:24 -0300] "GET /cormun/servlet/permisogoce?33f8ab7cb0484e3b0004e336a957f98f7026ffb3e9f7e3fcb0127f0a30cc9ab9a4fef56bf4023046c4b72bfcfc22d9721dd97aca502cf739dd3f674ee1d88312,gx-no-cache=1754922754204 HTTP/1.1" 200 84
190.95.67.97 - - [11/Aug/2025:11:38:30 -0300] "GET /cormun/servlet/permisogoce?33f8ab7cb0484e3b0004e336a957f98fc533d0869c46e35952861fdb6e635dc8cc339cd6f9742d89da1ef313e176bbe7c7482c475a9a293cbf7a1d95a49e3dd9,gx-no-cache=1754922761129 HTTP/1.1" 200 45
190.95.67.97 - - [11/Aug/2025:11:38:33 -0300] "POST /cormun/servlet/permisogoce?0c4218c080deb548f2a86acd99c3eb61,INS,0,,,,gx-no-cache=1754922762960 HTTP/1.1" 200 93
190.95.67.97 - - [11/Aug/2025:11:38:33 -0300] "GET /cormun/servlet/hpexe_return? HTTP/1.1" 200 1009
190.95.67.97 - - [11/Aug/2025:11:38:33 -0300] "GET /cormun/servlet/trpermisosgoce HTTP/1.1" 200 8173
201.186.226.5 - - [11/Aug/2025:11:38:51 -0300] "POST /cormun/servlet/trsolicitudot?26ec2c6c413af710dadef52328eca081,,gx-no-cache=1754923335306 HTTP/1.1" 200 112
201.186.226.5 - - [11/Aug/2025:11:38:52 -0300] "GET /cormun/servlet/solicitudot?UPD,2025,22841,false, HTTP/1.1" 200 16581
201.186.226.5 - - [11/Aug/2025:11:38:52 -0300] "POST /cormun/servlet/solicitudot?gx-no-cache=1754923336318 HTTP/1.1" 200 4120
201.186.226.5 - - [11/Aug/2025:11:38:53 -0300] "POST /cormun/servlet/solicitudot?26ec2c6c413af710dadef52328eca081,UPD,2025,22841,false,,gx-no-cache=1754923336478 HTTP/1.1" 200 12750
201.186.226.5 - - [11/Aug/2025:11:38:53 -0300] "GET /cormun/servlet/solicitudot?a6b2d02a239546162219890fdcabafeee271166327b3773b9ce8bbc0c9d62eedc3a8972e355f8395dea09033c858fff8,gx-no-cache=1754923336617 HTTP/1.1" 200 30
201.186.226.5 - - [11/Aug/2025:11:38:53 -0300] "GET /cormun/servlet/solicitudot?a6b2d02a239546162219890fdcabafeed51ac50aca954a12974f4002f507c1f0dd580cdfdf169a79873012a39e8db3c7e854ab169fc9134682970fa0adf8082b64bdd9c1457e817935f2648f486984a2,gx-no-cache=1754923336641 HTTP/1.1" 200 30
201.186.226.5 - - [11/Aug/2025:11:38:53 -0300] "GET /cormun/servlet/solicitudot?a6b2d02a239546162219890fdcabafee5d5af7f993e8b7b692a22c554665a5d28d08a1305357fe692f70f1afc7847e77,gx-no-cache=1754923336659 HTTP/1.1" 200 42
201.186.226.5 - - [11/Aug/2025:11:38:53 -0300] "POST /cormun/servlet/solicitudot?gx-no-cache=1754923336683 HTTP/1.1" 200 241
201.186.226.5 - - [11/Aug/2025:11:38:53 -0300] "GET /cormun/servlet/solicitudot?a6b2d02a239546162219890fdcabafee2e7b1c14a9484e2fa3de6a1fa6582316135c083a99bd8220a7445ff62fc330b950825a27210a0f7823882df3ddcf81df524859a35f927b8480c18a328a7a1d5ea560c1266627e03102ca301740efe63beb3f1ca75517c6f01cf8db6acbc191f1a8b3a9999ec7e50b2ef588b4cdf91bd0f13a8f2486e0449015c1e5f952edc67c94f7a93634c074d34ce702b142e352723e36d21eca1d1c5f68241f15db7d6305246a88104081c9572c5d12299559662c91b297ca4ee12f063de2f2fdc85567a1b29257f0b6b7f6881b618dd336fe2529fb8c39859752a864d372d992ac6868df7153c3ed32e4d4654a08ddf4f8edf8be6708baafb91acc52bf4b44df4a4b3f234f679bfcd2dceaac1a34cafde6dd91d42c1807e3aa4f83e5d8dd468728fa4a8e356e121a9cbc8981f24b8c782fc4b9ef240ecd8360538ce301fe48f68cd146fbcad5707eca46d3ab085ab3ae63cbe846d37c818c06017456b44e5fb0ff9b47cf686116aa8f5d8704b2d366b7512e44cd,gx-no-cache=1754923336715 HTTP/1.1" 200 30
201.186.226.5 - - [11/Aug/2025:11:38:53 -0300] "POST /cormun/servlet/solicitudot?gx-no-cache=1754923336744 HTTP/1.1" 200 30
201.186.226.5 - - [11/Aug/2025:11:38:53 -0300] "POST /cormun/servlet/solicitudot?gx-no-cache=1754923336783 HTTP/1.1" 200 1479
201.186.226.5 - - [11/Aug/2025:11:38:53 -0300] "POST /cormun/servlet/solicitudot?gx-no-cache=1754923336830 HTTP/1.1" 200 41
201.186.226.5 - - [11/Aug/2025:11:39:19 -0300] "POST /cormun/servlet/solicitudot?gx-no-cache=1754923362632 HTTP/1.1" 200 30
201.186.226.5 - - [11/Aug/2025:11:39:19 -0300] "POST /cormun/servlet/solicitudot?gx-no-cache=1754923362664 HTTP/1.1" 200 1479
201.186.226.5 - - [11/Aug/2025:11:39:19 -0300] "POST /cormun/servlet/solicitudot?gx-no-cache=1754923362692 HTTP/1.1" 200 41
201.186.226.5 - - [11/Aug/2025:11:39:19 -0300] "GET /cormun/servlet/solicitudot?a6b2d02a239546162219890fdcabafee8e3b7e52452f87eefc7311909663db2cf36d1b3cc0726f228df9df2a93cc7d89df6eb6d12ecaccb5e4b6d964948b990df7338c24774ebb6bb4302d5b44f6a4932ceebb2a50e1b89ac799f768356f20e70c882f5ec4a27dcc78f505b7e8ae1575,gx-no-cache=1754923362712 HTTP/1.1" 200 110
201.186.226.5 - - [11/Aug/2025:11:39:19 -0300] "POST /cormun/servlet/solicitudot?gx-no-cache=1754923362733 HTTP/1.1" 200 64
201.186.226.5 - - [11/Aug/2025:11:39:19 -0300] "GET /cormun/servlet/solicitudot?a6b2d02a239546162219890fdcabafeebfa40bc77521bc38c41ca163648b78182d1de02c6d75f511a8c767c459b18488b3528cbd98e09d4777365516f8d5501cc5ebdbdd779d3c885cb20971fb24fcf6c32e27091157aa464679b64d1c076973129c781379627081663773553deb8beb,gx-no-cache=1754923362754 HTTP/1.1" 200 29
201.186.226.5 - - [11/Aug/2025:11:39:19 -0300] "GET /cormun/servlet/solicitudot?a6b2d02a239546162219890fdcabafee80cf754a489fab667658d7e32f11c632bff2d17322b205e366db9dace051748c,gx-no-cache=1754923362773 HTTP/1.1" 200 30
201.186.226.5 - - [11/Aug/2025:11:39:19 -0300] "POST /cormun/servlet/solicitudot?gx-no-cache=1754923362789 HTTP/1.1" 200 30
201.186.226.5 - - [11/Aug/2025:11:39:19 -0300] "POST /cormun/servlet/solicitudot?26ec2c6c413af710dadef52328eca081,UPD,2025,22841,false,,gx-no-cache=1754923362818 HTTP/1.1" 200 93
201.186.226.5 - - [11/Aug/2025:11:39:19 -0300] "GET /cormun/servlet/hpexe_return? HTTP/1.1" 200 1015
201.186.226.5 - - [11/Aug/2025:11:39:19 -0300] "GET /cormun/servlet/trsolicitudot? HTTP/1.1" 200 9101
201.186.226.5 - - [11/Aug/2025:11:39:24 -0300] "POST /cormun/servlet/trsolicitudot?26ec2c6c413af710dadef52328eca081,,gx-no-cache=1754923367939 HTTP/1.1" 200 107
201.186.226.5 - - [11/Aug/2025:11:39:24 -0300] "GET /cormun/servlet/trsolicitudadjuntos?2025,22841, HTTP/1.1" 200 6106
201.186.226.5 - - [11/Aug/2025:11:39:26 -0300] "GET /cormun/servlet/solicitudotadjuntos?INS,2025,22841,,1, HTTP/1.1" 200 6051
201.186.226.5 - - [11/Aug/2025:11:39:26 -0300] "GET /cormun/static/about:blank HTTP/1.1" 404 1011
201.186.226.5 - - [11/Aug/2025:11:39:27 -0300] "GET /cormun/servlet/solicitudotadjuntos?a6b2d02a239546162219890fdcabafee885cd6bd578f93c26ea2d6a9b2fffe32278483af42aa943f58c899c8753295d6,gx-no-cache=1754923370895 HTTP/1.1" 200 30
201.186.226.5 - - [11/Aug/2025:11:39:27 -0300] "POST /cormun/servlet/solicitudotadjuntos?26ec2c6c413af710dadef52328eca081,INS,2025,22841,,1,,gx-no-cache=1754923370927 HTTP/1.1" 200 3877
201.186.226.5 - - [11/Aug/2025:11:39:37 -0300] "POST /cormun/servlet/solicitudotadjuntos?gx-no-cache=1754923380910 HTTP/1.1" 200 26
190.95.67.97 - - [11/Aug/2025:11:39:53 -0300] "GET /cormun/servlet/trpermisosgoce? HTTP/1.1" 200 8169
190.95.67.97 - - [11/Aug/2025:11:39:57 -0300] "GET /cormun/servlet/permisogoce?INS,0,,, HTTP/1.1" 200 6732
190.95.67.97 - - [11/Aug/2025:11:40:03 -0300] "GET /cormun/servlet/permisogoce?33f8ab7cb0484e3b0004e336a957f98f12b1eb6df6062fd23371ebb5d26436b48bc1698a40132716d63458c3b78d2bb9dc4abaab6db10f76a2db45aed37501c6,gx-no-cache=1754922853937 HTTP/1.1" 200 226
190.95.67.97 - - [11/Aug/2025:11:40:15 -0300] "GET /cormun/servlet/permisogoce?33f8ab7cb0484e3b0004e336a957f98f7026ffb3e9f7e3fcb0127f0a30cc9ab9a4fef56bf4023046c4b72bfcfc22d9721dd97aca502cf739dd3f674ee1d88312,gx-no-cache=1754922865360 HTTP/1.1" 200 86
157.55.39.63 - - [11/Aug/2025:11:40:42 -0300] "GET /cormun/servlet/hlogin HTTP/1.1" 200 1714
190.95.67.97 - - [11/Aug/2025:11:40:48 -0300] "GET /cormun/servlet/trlicencias? HTTP/1.1" 200 9523
201.186.226.5 - - [11/Aug/2025:11:41:26 -0300] "POST /cormun/servlet/solicitudotadjuntos?gx-no-cache=1754923490193 HTTP/1.1" 200 26
201.186.226.5 - - [11/Aug/2025:11:42:10 -0300] "POST /cormun/servlet/solicitudotadjuntos?gx-no-cache=1754923533841 HTTP/1.1" 200 26
201.186.226.5 - - [11/Aug/2025:11:42:26 -0300] "POST /cormun/servlet/solicitudotadjuntos?gx-no-cache=1754923549729 HTTP/1.1" 200 26
201.186.226.5 - - [11/Aug/2025:11:42:48 -0300] "POST /cormun/servlet/solicitudotadjuntos?gx-no-cache=1754923571730 HTTP/1.1" 200 26
201.186.226.5 - - [11/Aug/2025:11:43:57 -0300] "POST /cormun/servlet/solicitudotadjuntos?gx-no-cache=1754923640713 HTTP/1.1" 200 26
201.186.226.5 - - [11/Aug/2025:11:44:12 -0300] "POST /cormun/servlet/solicitudotadjuntos?gx-no-cache=1754923656081 HTTP/1.1" 200 26
201.186.226.5 - - [11/Aug/2025:11:44:31 -0300] "POST /cormun/servlet/solicitudotadjuntos?gx-no-cache=1754923674513 HTTP/1.1" 200 26
201.186.226.5 - - [11/Aug/2025:11:44:39 -0300] "GET /cormun/servlet/solicitudotadjuntos?a6b2d02a239546162219890fdcabafeee0d7ca36903307e7e90761d5449002b0,gx-no-cache=1754923682944 HTTP/1.1" 200 30
201.186.226.5 - - [11/Aug/2025:11:44:39 -0300] "GET /cormun/servlet/solicitudotadjuntos?a6b2d02a239546162219890fdcabafeee0d7ca36903307e7e90761d5449002b0,gx-no-cache=1754923682958 HTTP/1.1" 200 30
201.186.226.5 - - [11/Aug/2025:11:44:39 -0300] "POST /cormun/servlet/solicitudotadjuntos?26ec2c6c413af710dadef52328eca081,INS,2025,22841,,1, HTTP/1.1" 200 116
201.186.226.5 - - [11/Aug/2025:11:44:40 -0300] "GET /cormun/servlet/hpexe_return? HTTP/1.1" 200 1027
