190.95.67.93 - - [06/Aug/2025:10:26:49 -0300] "POST /cormun/servlet/trpermisosgoce?85f7535e702c1249452907ed2634678b,,gx-no-cache=1754486964967 HTTP/1.1" 200 5547
190.95.1.129 - - [06/Aug/2025:10:27:19 -0300] "POST /cormun/servlet/trlicencias?eaa25147f2f1fe37e066217a9c82e244,,gx-no-cache=1754486995104 HTTP/1.1" 200 5967
190.95.1.129 - - [06/Aug/2025:10:27:38 -0300] "POST /cormun/servlet/trlicencias?eaa25147f2f1fe37e066217a9c82e244,,gx-no-cache=1754487014185 HTTP/1.1" 200 4435
10.40.40.2 - - [06/Aug/2025:10:27:56 -0300] "POST /cormun/servlet/trlicencias?26f99ab2f7a5ef04afdf8d3e3f4044ba,,gx-no-cache=1754486992029 HTTP/1.1" 200 17622
190.95.1.129 - - [06/Aug/2025:10:27:59 -0300] "POST /cormun/servlet/trlicencias?eaa25147f2f1fe37e066217a9c82e244,,gx-no-cache=1754487034401 HTTP/1.1" 200 4436
190.95.67.91 - - [06/Aug/2025:10:28:10 -0300] "GET /cormun/servlet/permisogoce?INS,0,,, HTTP/1.1" 200 7135
190.95.67.91 - - [06/Aug/2025:10:28:10 -0300] "GET /cormun/static/gxcfg.js?20201215124560 HTTP/1.1" 200 953
190.95.67.91 - - [06/Aug/2025:10:28:10 -0300] "GET /cormun/static/Resources/prompt.gif HTTP/1.1" 200 902
190.95.67.91 - - [06/Aug/2025:10:28:10 -0300] "GET /cormun/static/permisogoce.js?20201215124939 HTTP/1.1" 200 27790
190.95.1.129 - - [06/Aug/2025:10:28:14 -0300] "POST /cormun/servlet/trlicencias?eaa25147f2f1fe37e066217a9c82e244,,gx-no-cache=1754487050313 HTTP/1.1" 200 4434
190.95.1.129 - - [06/Aug/2025:10:28:17 -0300] "POST /cormun/servlet/trlicencias?eaa25147f2f1fe37e066217a9c82e244,,gx-no-cache=1754487052353 HTTP/1.1" 200 4435
190.95.1.129 - - [06/Aug/2025:10:28:32 -0300] "POST /cormun/servlet/trlicencias?eaa25147f2f1fe37e066217a9c82e244,,gx-no-cache=1754487067667 HTTP/1.1" 200 4436
190.95.1.129 - - [06/Aug/2025:10:28:48 -0300] "POST /cormun/servlet/trlicencias?eaa25147f2f1fe37e066217a9c82e244,,gx-no-cache=1754487083499 HTTP/1.1" 200 5978
190.95.1.129 - - [06/Aug/2025:10:29:12 -0300] "POST /cormun/servlet/trlicencias?eaa25147f2f1fe37e066217a9c82e244,,gx-no-cache=1754487107427 HTTP/1.1" 200 5674
190.95.1.129 - - [06/Aug/2025:10:29:33 -0300] "POST /cormun/servlet/trlicencias?eaa25147f2f1fe37e066217a9c82e244,,gx-no-cache=1754487128988 HTTP/1.1" 200 6951
190.95.1.129 - - [06/Aug/2025:10:29:36 -0300] "POST /cormun/servlet/trlicencias?eaa25147f2f1fe37e066217a9c82e244,,gx-no-cache=1754487131588 HTTP/1.1" 200 101
190.95.1.129 - - [06/Aug/2025:10:29:36 -0300] "POST /cormun/servlet/trlicencias?eaa25147f2f1fe37e066217a9c82e244,,gx-no-cache=1754487131631 HTTP/1.1" 200 6928
190.95.1.129 - - [06/Aug/2025:10:29:36 -0300] "GET /cormun/Licencias-1475.xls HTTP/1.1" 200 6144
128.241.235.44 - - [06/Aug/2025:10:29:52 -0300] "GET /docs/deployer-howto.html HTTP/1.1" 200 26558
190.95.1.129 - - [06/Aug/2025:10:30:09 -0300] "POST /cormun/servlet/trlicencias?eaa25147f2f1fe37e066217a9c82e244,,gx-no-cache=1754487164740 HTTP/1.1" 200 4439
190.95.1.129 - - [06/Aug/2025:10:30:22 -0300] "POST /cormun/servlet/trlicencias?eaa25147f2f1fe37e066217a9c82e244,,gx-no-cache=1754487177916 HTTP/1.1" 200 8267
190.95.1.129 - - [06/Aug/2025:10:30:26 -0300] "POST /cormun/servlet/trlicencias?eaa25147f2f1fe37e066217a9c82e244,,gx-no-cache=1754487182252 HTTP/1.1" 200 101
190.95.1.129 - - [06/Aug/2025:10:30:26 -0300] "POST /cormun/servlet/trlicencias?eaa25147f2f1fe37e066217a9c82e244,,gx-no-cache=1754487182303 HTTP/1.1" 200 8243
190.95.1.129 - - [06/Aug/2025:10:30:27 -0300] "GET /cormun/Licencias-8412.xls HTTP/1.1" 200 7680
190.95.1.129 - - [06/Aug/2025:10:31:29 -0300] "POST /cormun/servlet/trlicencias?eaa25147f2f1fe37e066217a9c82e244,,gx-no-cache=1754487244326 HTTP/1.1" 200 6460
190.95.1.129 - - [06/Aug/2025:10:31:49 -0300] "POST /cormun/servlet/trlicencias?eaa25147f2f1fe37e066217a9c82e244,,gx-no-cache=1754487265229 HTTP/1.1" 200 6684
190.95.67.91 - - [06/Aug/2025:10:31:50 -0300] "GET /cormun/servlet/permisogoce?ea3de4ce699f7fcc456270c30189c85da8d5f8717a7926136fea19be0a487892f071f6aeb393387c72baa3653d758b19b47e23642abc546c1bc99a73ab4d8368,gx-no-cache=1754487267070 HTTP/1.1" 200 79
190.95.67.91 - - [06/Aug/2025:10:31:53 -0300] "GET /cormun/static/menuarrow.gif HTTP/1.1" 404 1015
190.95.67.91 - - [06/Aug/2025:10:32:03 -0300] "GET /cormun/servlet/permisogoce?ea3de4ce699f7fcc456270c30189c85daabf21776ef145014c91e172e77cfefd16c14452dc4a94f3698e51683c7c6734e3b494ea9a1fc4b4512f11838d71c5ae,gx-no-cache=1754487280070 HTTP/1.1" 200 46
190.95.1.129 - - [06/Aug/2025:10:32:14 -0300] "POST /cormun/servlet/trlicencias?eaa25147f2f1fe37e066217a9c82e244,,gx-no-cache=1754487289518 HTTP/1.1" 200 5952
190.95.67.91 - - [06/Aug/2025:10:32:15 -0300] "POST /cormun/servlet/permisogoce?042d610a01f8755894c5f0ffa845f3a8,INS,0,,,,gx-no-cache=1754487290444 HTTP/1.1" 200 93
190.95.67.91 - - [06/Aug/2025:10:32:15 -0300] "GET /cormun/servlet/hpexe_return? HTTP/1.1" 200 1014
190.95.67.91 - - [06/Aug/2025:10:32:15 -0300] "GET /cormun/static/gxcfg.js?20221129846035 HTTP/1.1" 200 953
190.95.67.91 - - [06/Aug/2025:10:32:15 -0300] "GET /cormun/static/hpexe_return.js?20221129846037 HTTP/1.1" 200 1633
190.95.67.91 - - [06/Aug/2025:10:32:15 -0300] "GET /cormun/servlet/trpermisosgoce HTTP/1.1" 200 19128
190.95.67.91 - - [06/Aug/2025:10:32:15 -0300] "GET /cormun//static/Resources/PXToolsGridUpdate.png HTTP/1.1" 200 470
190.95.67.91 - - [06/Aug/2025:10:32:19 -0300] "GET /cormun/servlet/trpermisosadjuntos?15107009,20250806093059,P, HTTP/1.1" 200 6564
190.95.67.91 - - [06/Aug/2025:10:32:19 -0300] "GET /cormun/static/gxcfg.js?2020121641683 HTTP/1.1" 200 953
190.95.67.91 - - [06/Aug/2025:10:32:19 -0300] "GET /cormun/static/trpermisosadjuntos.js?2020121642996 HTTP/1.1" 200 20158
190.95.67.91 - - [06/Aug/2025:10:32:21 -0300] "GET /cormun/servlet/permisosadjuntos?INS,15107009,P,20250806093059,, HTTP/1.1" 200 5887
190.95.67.91 - - [06/Aug/2025:10:32:21 -0300] "GET /cormun/static/gxcfg.js?20201215134212 HTTP/1.1" 200 953
190.95.67.91 - - [06/Aug/2025:10:32:21 -0300] "GET /cormun/static/permisosadjuntos.js?20201215134285 HTTP/1.1" 200 8724
190.95.67.91 - - [06/Aug/2025:10:32:21 -0300] "GET /cormun/static/about:blank HTTP/1.1" 404 1011
190.95.67.91 - - [06/Aug/2025:10:32:27 -0300] "POST /cormun/servlet/permisosadjuntos?042d610a01f8755894c5f0ffa845f3a8,INS,15107009,P,20250806093059,, HTTP/1.1" 200 116
190.95.67.91 - - [06/Aug/2025:10:32:27 -0300] "GET /cormun/servlet/hpexe_return? HTTP/1.1" 200 1042
190.95.67.91 - - [06/Aug/2025:10:32:27 -0300] "GET /cormun/servlet/trpermisosadjuntos?15107009,20250806093059,P, HTTP/1.1" 200 7094
190.95.1.129 - - [06/Aug/2025:10:32:27 -0300] "POST /cormun/servlet/trlicencias?eaa25147f2f1fe37e066217a9c82e244,,gx-no-cache=1754487303254 HTTP/1.1" 200 6226
190.95.67.91 - - [06/Aug/2025:10:32:36 -0300] "POST /cormun/servlet/trpermisosadjuntos?042d610a01f8755894c5f0ffa845f3a8,15107009,20250806093059,P,,gx-no-cache=1754487313047 HTTP/1.1" 200 90
190.95.67.91 - - [06/Aug/2025:10:32:36 -0300] "GET /cormun/servlet/hpexe_link HTTP/1.1" 200 988
190.95.67.91 - - [06/Aug/2025:10:32:36 -0300] "GET /cormun/servlet/trpermisosgoce HTTP/1.1" 200 19131
190.95.67.91 - - [06/Aug/2025:10:32:39 -0300] "POST /cormun/servlet/trpermisosgoce?042d610a01f8755894c5f0ffa845f3a8,gx-no-cache=1754487315975 HTTP/1.1" 200 16247
190.95.67.91 - - [06/Aug/2025:10:32:40 -0300] "GET /cormun/static/Shared/jqueryui/images/ui-bg_highlight-soft_100_c6c2c8_1x100.png HTTP/1.1" 404 1117
190.95.67.91 - - [06/Aug/2025:10:32:40 -0300] "GET /cormun/static/Shared/jqueryui/images/ui-icons_82798d_256x240.png HTTP/1.1" 404 1089
190.95.67.91 - - [06/Aug/2025:10:32:40 -0300] "GET /cormun/static/Shared/jqueryui/images/ui-bg_flat_55_fafafa_40x100.png HTTP/1.1" 404 1097
190.95.67.91 - - [06/Aug/2025:10:32:40 -0300] "GET /cormun/static/Shared/jqueryui/images/ui-icons_8d78a5_256x240.png HTTP/1.1" 404 1089
190.95.67.91 - - [06/Aug/2025:10:32:40 -0300] "GET /cormun/static/Resources/PXToolsGridNext.gif HTTP/1.1" 200 369
190.95.67.91 - - [06/Aug/2025:10:32:40 -0300] "GET /cormun/static/Resources/PXToolsGridLast.gif HTTP/1.1" 200 370
190.95.67.91 - - [06/Aug/2025:10:32:41 -0300] "GET /cormun/servlet/permisogoce?INS,0,,, HTTP/1.1" 200 7133
190.95.67.91 - - [06/Aug/2025:10:32:47 -0300] "GET /cormun/servlet/permisogoce?ea3de4ce699f7fcc456270c30189c85dd55f4419c57e4343caaa349fe037a546f071f6aeb393387c72baa3653d758b19b47e23642abc546c1bc99a73ab4d8368,gx-no-cache=1754487324164 HTTP/1.1" 200 80
190.95.1.129 - - [06/Aug/2025:10:32:57 -0300] "POST /cormun/servlet/trlicencias?eaa25147f2f1fe37e066217a9c82e244,,gx-no-cache=1754487332958 HTTP/1.1" 200 5973
190.95.1.129 - - [06/Aug/2025:10:33:14 -0300] "POST /cormun/servlet/trlicencias?eaa25147f2f1fe37e066217a9c82e244,,gx-no-cache=1754487349599 HTTP/1.1" 200 4438
190.95.1.129 - - [06/Aug/2025:10:33:38 -0300] "POST /cormun/servlet/trlicencias?eaa25147f2f1fe37e066217a9c82e244,,gx-no-cache=1754487374199 HTTP/1.1" 200 4436
190.95.1.129 - - [06/Aug/2025:10:33:50 -0300] "POST /cormun/servlet/trlicencias?eaa25147f2f1fe37e066217a9c82e244,,gx-no-cache=1754487385999 HTTP/1.1" 200 7703
190.95.1.129 - - [06/Aug/2025:10:33:53 -0300] "POST /cormun/servlet/trlicencias?eaa25147f2f1fe37e066217a9c82e244,,gx-no-cache=1754487389311 HTTP/1.1" 200 100
190.95.1.129 - - [06/Aug/2025:10:33:54 -0300] "POST /cormun/servlet/trlicencias?eaa25147f2f1fe37e066217a9c82e244,,gx-no-cache=1754487389364 HTTP/1.1" 200 7682
190.95.1.129 - - [06/Aug/2025:10:33:54 -0300] "GET /cormun/Licencias-970.xls HTTP/1.1" 200 7168
190.95.1.129 - - [06/Aug/2025:10:34:22 -0300] "POST /cormun/servlet/trlicencias?eaa25147f2f1fe37e066217a9c82e244,,gx-no-cache=1754487417776 HTTP/1.1" 200 4438
190.95.67.91 - - [06/Aug/2025:10:34:27 -0300] "GET /cormun/servlet/permisogoce?ea3de4ce699f7fcc456270c30189c85d6f950d57178af5c7cfb66839df398825e2bfcfe679a752fffb8f4a982606a92c7b01da6a7bfdd5105061955864a9cf1b,gx-no-cache=1754487423517 HTTP/1.1" 200 47
190.95.67.91 - - [06/Aug/2025:10:34:31 -0300] "POST /cormun/servlet/permisogoce?042d610a01f8755894c5f0ffa845f3a8,INS,0,,,,gx-no-cache=1754487427467 HTTP/1.1" 200 93
190.95.67.91 - - [06/Aug/2025:10:34:31 -0300] "GET /cormun/servlet/hpexe_return? HTTP/1.1" 200 1037
190.95.67.91 - - [06/Aug/2025:10:34:31 -0300] "GET /cormun/servlet/trpermisosgoce?gx-no-cache=1754487315975 HTTP/1.1" 200 19168
190.95.67.91 - - [06/Aug/2025:10:34:36 -0300] "GET /cormun/servlet/trpermisosadjuntos?19274884,20250806093530,P, HTTP/1.1" 200 6585
190.95.1.129 - - [06/Aug/2025:10:34:36 -0300] "POST /cormun/servlet/trlicencias?eaa25147f2f1fe37e066217a9c82e244,,gx-no-cache=1754487431816 HTTP/1.1" 200 5688
190.95.67.91 - - [06/Aug/2025:10:34:37 -0300] "GET /cormun/servlet/permisosadjuntos?INS,19274884,P,20250806093530,, HTTP/1.1" 200 5889
190.95.67.91 - - [06/Aug/2025:10:34:37 -0300] "GET /cormun/static/about:blank HTTP/1.1" 404 1011
190.95.67.91 - - [06/Aug/2025:10:34:42 -0300] "POST /cormun/servlet/permisosadjuntos?042d610a01f8755894c5f0ffa845f3a8,INS,19274884,P,20250806093530,, HTTP/1.1" 200 116
190.95.67.91 - - [06/Aug/2025:10:34:42 -0300] "GET /cormun/servlet/hpexe_return? HTTP/1.1" 200 1043
190.95.67.91 - - [06/Aug/2025:10:34:42 -0300] "GET /cormun/servlet/trpermisosadjuntos?19274884,20250806093530,P, HTTP/1.1" 200 7116
190.95.67.91 - - [06/Aug/2025:10:34:50 -0300] "POST /cormun/servlet/trpermisosadjuntos?042d610a01f8755894c5f0ffa845f3a8,19274884,20250806093530,P,,gx-no-cache=1754487446907 HTTP/1.1" 200 90
190.95.67.91 - - [06/Aug/2025:10:34:50 -0300] "GET /cormun/servlet/hpexe_link HTTP/1.1" 200 1010
190.95.67.91 - - [06/Aug/2025:10:34:50 -0300] "GET /cormun/servlet/trpermisosgoce?gx-no-cache=1754487315975 HTTP/1.1" 200 19165
190.95.1.129 - - [06/Aug/2025:10:34:52 -0300] "POST /cormun/servlet/trlicencias?eaa25147f2f1fe37e066217a9c82e244,,gx-no-cache=1754487447624 HTTP/1.1" 200 4438
190.95.67.91 - - [06/Aug/2025:10:34:52 -0300] "POST /cormun/servlet/trpermisosgoce?042d610a01f8755894c5f0ffa845f3a8,gx-no-cache=1754487315975,gx-no-cache=1754487448950 HTTP/1.1" 200 16301
190.95.67.91 - - [06/Aug/2025:10:34:54 -0300] "GET /cormun/servlet/permisogoce?INS,0,,, HTTP/1.1" 200 7157
190.95.67.91 - - [06/Aug/2025:10:35:00 -0300] "GET /cormun/servlet/permisogoce?ea3de4ce699f7fcc456270c30189c85d1b917e04e055d4e9828111c013801ddef071f6aeb393387c72baa3653d758b19b47e23642abc546c1bc99a73ab4d8368,gx-no-cache=1754487457212 HTTP/1.1" 200 83
190.95.1.129 - - [06/Aug/2025:10:35:05 -0300] "POST /cormun/servlet/trlicencias?eaa25147f2f1fe37e066217a9c82e244,,gx-no-cache=1754487460640 HTTP/1.1" 200 4437
10.40.40.2 - - [06/Aug/2025:10:35:07 -0300] "POST /cormun/servlet/trlicencias?26f99ab2f7a5ef04afdf8d3e3f4044ba,,gx-no-cache=1754487423109 HTTP/1.1" 200 17661
190.95.67.91 - - [06/Aug/2025:10:35:09 -0300] "GET /cormun/servlet/permisogoce?ea3de4ce699f7fcc456270c30189c85d5a27c092e1c2146281a142d1957fc5be013eac5689a69070041b2b5bb295ead27b01da6a7bfdd5105061955864a9cf1b,gx-no-cache=1754487465597 HTTP/1.1" 200 47
10.40.40.2 - - [06/Aug/2025:10:35:13 -0300] "POST /cormun/servlet/trlicencias?26f99ab2f7a5ef04afdf8d3e3f4044ba,,gx-no-cache=1754487428762 HTTP/1.1" 200 17661
10.40.40.2 - - [06/Aug/2025:10:35:19 -0300] "POST /cormun/servlet/trlicencias?26f99ab2f7a5ef04afdf8d3e3f4044ba,,gx-no-cache=1754487435170 HTTP/1.1" 200 4795
190.95.67.91 - - [06/Aug/2025:10:35:21 -0300] "POST /cormun/servlet/permisogoce?042d610a01f8755894c5f0ffa845f3a8,INS,0,,,,gx-no-cache=1754487477299 HTTP/1.1" 200 93
190.95.67.91 - - [06/Aug/2025:10:35:21 -0300] "GET /cormun/servlet/hpexe_return? HTTP/1.1" 200 1037
190.95.67.91 - - [06/Aug/2025:10:35:21 -0300] "GET /cormun/servlet/trpermisosgoce?gx-no-cache=1754487315975 HTTP/1.1" 200 19194
190.95.67.91 - - [06/Aug/2025:10:35:25 -0300] "GET /cormun/servlet/trpermisosadjuntos?19592046,20250806093743,P, HTTP/1.1" 200 6582
190.95.67.91 - - [06/Aug/2025:10:35:26 -0300] "GET /cormun/servlet/permisosadjuntos?INS,19592046,P,20250806093743,, HTTP/1.1" 200 5887
190.95.67.91 - - [06/Aug/2025:10:35:26 -0300] "GET /cormun/static/about:blank HTTP/1.1" 404 1011
190.95.1.129 - - [06/Aug/2025:10:35:31 -0300] "POST /cormun/servlet/trlicencias?eaa25147f2f1fe37e066217a9c82e244,,gx-no-cache=1754487486385 HTTP/1.1" 200 5971
190.95.67.91 - - [06/Aug/2025:10:35:31 -0300] "POST /cormun/servlet/permisosadjuntos?042d610a01f8755894c5f0ffa845f3a8,INS,19592046,P,20250806093743,, HTTP/1.1" 200 116
190.95.67.91 - - [06/Aug/2025:10:35:31 -0300] "GET /cormun/servlet/hpexe_return? HTTP/1.1" 200 1043
190.95.67.91 - - [06/Aug/2025:10:35:31 -0300] "GET /cormun/servlet/trpermisosadjuntos?19592046,20250806093743,P, HTTP/1.1" 200 7090
190.95.67.91 - - [06/Aug/2025:10:35:33 -0300] "POST /cormun/servlet/trpermisosadjuntos?042d610a01f8755894c5f0ffa845f3a8,19592046,20250806093743,P,,gx-no-cache=1754487489731 HTTP/1.1" 200 90
190.95.67.91 - - [06/Aug/2025:10:35:33 -0300] "GET /cormun/servlet/hpexe_link HTTP/1.1" 200 1010
190.95.67.91 - - [06/Aug/2025:10:35:33 -0300] "GET /cormun/servlet/trpermisosgoce?gx-no-cache=1754487315975 HTTP/1.1" 200 19191
190.95.67.91 - - [06/Aug/2025:10:35:37 -0300] "POST /cormun/servlet/trpermisosgoce?042d610a01f8755894c5f0ffa845f3a8,gx-no-cache=1754487315975,gx-no-cache=1754487493037 HTTP/1.1" 200 16325
190.95.67.91 - - [06/Aug/2025:10:35:46 -0300] "GET /cormun/servlet/permisogoce?INS,0,,, HTTP/1.1" 200 7159
190.95.1.129 - - [06/Aug/2025:10:35:47 -0300] "POST /cormun/servlet/trlicencias?eaa25147f2f1fe37e066217a9c82e244,,gx-no-cache=1754487502345 HTTP/1.1" 200 6222
190.95.67.91 - - [06/Aug/2025:10:35:53 -0300] "GET /cormun/servlet/permisogoce?ea3de4ce699f7fcc456270c30189c85d1ceb7490c5740adacb236d6a2f7e33aff071f6aeb393387c72baa3653d758b19b47e23642abc546c1bc99a73ab4d8368,gx-no-cache=1754487510062 HTTP/1.1" 200 78
190.95.1.129 - - [06/Aug/2025:10:36:03 -0300] "POST /cormun/servlet/trlicencias?eaa25147f2f1fe37e066217a9c82e244,,gx-no-cache=1754487519105 HTTP/1.1" 200 5679
190.95.67.91 - - [06/Aug/2025:10:36:05 -0300] "GET /cormun/servlet/permisogoce?ea3de4ce699f7fcc456270c30189c85d7c6c665414518e99f9dc192c71d64660c8c83f4e6e0bf923f2e7f8cb2be7a101e3b494ea9a1fc4b4512f11838d71c5ae,gx-no-cache=1754487522139 HTTP/1.1" 200 47
190.95.67.91 - - [06/Aug/2025:10:36:08 -0300] "POST /cormun/servlet/permisogoce?042d610a01f8755894c5f0ffa845f3a8,INS,0,,,,gx-no-cache=1754487524259 HTTP/1.1" 200 93
190.95.67.91 - - [06/Aug/2025:10:36:08 -0300] "GET /cormun/servlet/hpexe_return? HTTP/1.1" 200 1037
190.95.67.91 - - [06/Aug/2025:10:36:08 -0300] "GET /cormun/servlet/trpermisosgoce?gx-no-cache=1754487315975 HTTP/1.1" 200 19186
190.95.67.91 - - [06/Aug/2025:10:36:10 -0300] "GET /cormun/servlet/trpermisosadjuntos?15105457,20250806093836,P, HTTP/1.1" 200 6585
190.95.67.91 - - [06/Aug/2025:10:36:12 -0300] "GET /cormun/servlet/permisosadjuntos?INS,15105457,P,20250806093836,, HTTP/1.1" 200 5889
190.95.67.91 - - [06/Aug/2025:10:36:12 -0300] "GET /cormun/static/about:blank HTTP/1.1" 404 1011
190.95.67.91 - - [06/Aug/2025:10:36:16 -0300] "POST /cormun/servlet/permisosadjuntos?042d610a01f8755894c5f0ffa845f3a8,INS,15105457,P,20250806093836,, HTTP/1.1" 200 116
190.95.67.91 - - [06/Aug/2025:10:36:16 -0300] "GET /cormun/servlet/hpexe_return? HTTP/1.1" 200 1042
190.95.67.91 - - [06/Aug/2025:10:36:16 -0300] "GET /cormun/servlet/trpermisosadjuntos?15105457,20250806093836,P, HTTP/1.1" 200 7092
190.95.1.129 - - [06/Aug/2025:10:36:18 -0300] "POST /cormun/servlet/trlicencias?eaa25147f2f1fe37e066217a9c82e244,,gx-no-cache=1754487533545 HTTP/1.1" 200 8688
190.95.1.129 - - [06/Aug/2025:10:36:21 -0300] "POST /cormun/servlet/trlicencias?eaa25147f2f1fe37e066217a9c82e244,,gx-no-cache=1754487536409 HTTP/1.1" 200 101
190.95.1.129 - - [06/Aug/2025:10:36:21 -0300] "POST /cormun/servlet/trlicencias?eaa25147f2f1fe37e066217a9c82e244,,gx-no-cache=1754487536464 HTTP/1.1" 200 8665
190.95.1.129 - - [06/Aug/2025:10:36:21 -0300] "GET /cormun/Licencias-6819.xls HTTP/1.1" 200 8192
190.95.67.91 - - [06/Aug/2025:10:36:24 -0300] "POST /cormun/servlet/trpermisosadjuntos?042d610a01f8755894c5f0ffa845f3a8,15105457,20250806093836,P,,gx-no-cache=1754487540292 HTTP/1.1" 200 90
190.95.67.91 - - [06/Aug/2025:10:36:24 -0300] "GET /cormun/servlet/hpexe_link HTTP/1.1" 200 1010
190.95.67.91 - - [06/Aug/2025:10:36:24 -0300] "GET /cormun/servlet/trpermisosgoce?gx-no-cache=1754487315975 HTTP/1.1" 200 19183
190.95.67.91 - - [06/Aug/2025:10:36:27 -0300] "POST /cormun/servlet/trpermisosgoce?042d610a01f8755894c5f0ffa845f3a8,gx-no-cache=1754487315975,gx-no-cache=1754487543006 HTTP/1.1" 200 16323
190.95.67.91 - - [06/Aug/2025:10:36:29 -0300] "GET /cormun/servlet/permisogoce?INS,0,,, HTTP/1.1" 200 7158
190.95.67.91 - - [06/Aug/2025:10:36:36 -0300] "GET /cormun/servlet/permisogoce?ea3de4ce699f7fcc456270c30189c85db900eff1960ff0dc7d411e7edf7694cef071f6aeb393387c72baa3653d758b19b47e23642abc546c1bc99a73ab4d8368,gx-no-cache=1754487552350 HTTP/1.1" 200 78
190.95.67.91 - - [06/Aug/2025:10:36:44 -0300] "GET /cormun/servlet/permisogoce?ea3de4ce699f7fcc456270c30189c85de8c66bd1808720f0954584e2d7df3c889b9f5195ff16d7e061d1dce62fa6bd037b01da6a7bfdd5105061955864a9cf1b,gx-no-cache=1754487561140 HTTP/1.1" 200 44
190.95.1.129 - - [06/Aug/2025:10:36:52 -0300] "POST /cormun/servlet/trlicencias?eaa25147f2f1fe37e066217a9c82e244,,gx-no-cache=1754487568058 HTTP/1.1" 200 5995
190.95.67.91 - - [06/Aug/2025:10:37:04 -0300] "POST /cormun/servlet/permisogoce?042d610a01f8755894c5f0ffa845f3a8,INS,0,,,,gx-no-cache=1754487580771 HTTP/1.1" 200 93
190.95.67.91 - - [06/Aug/2025:10:37:04 -0300] "GET /cormun/servlet/hpexe_return? HTTP/1.1" 200 1037
190.95.67.91 - - [06/Aug/2025:10:37:05 -0300] "GET /cormun/servlet/trpermisosgoce?gx-no-cache=1754487315975 HTTP/1.1" 200 19199
190.95.67.91 - - [06/Aug/2025:10:37:08 -0300] "GET /cormun/servlet/trpermisosadjuntos?15960047,20250806093918,P, HTTP/1.1" 200 6586
190.95.67.91 - - [06/Aug/2025:10:37:09 -0300] "GET /cormun/servlet/permisosadjuntos?INS,15960047,P,20250806093918,, HTTP/1.1" 200 5887
190.95.67.91 - - [06/Aug/2025:10:37:09 -0300] "GET /cormun/static/about:blank HTTP/1.1" 404 1011
190.95.1.129 - - [06/Aug/2025:10:37:09 -0300] "POST /cormun/servlet/trlicencias?eaa25147f2f1fe37e066217a9c82e244,,gx-no-cache=1754487585298 HTTP/1.1" 200 5973
190.95.67.91 - - [06/Aug/2025:10:37:14 -0300] "POST /cormun/servlet/permisosadjuntos?042d610a01f8755894c5f0ffa845f3a8,INS,15960047,P,20250806093918,, HTTP/1.1" 200 116
190.95.67.91 - - [06/Aug/2025:10:37:14 -0300] "GET /cormun/servlet/hpexe_return? HTTP/1.1" 200 1043
190.95.67.91 - - [06/Aug/2025:10:37:14 -0300] "GET /cormun/servlet/trpermisosadjuntos?15960047,20250806093918,P, HTTP/1.1" 200 7101
190.95.67.91 - - [06/Aug/2025:10:37:17 -0300] "POST /cormun/servlet/trpermisosadjuntos?042d610a01f8755894c5f0ffa845f3a8,15960047,20250806093918,P,,gx-no-cache=1754487593563 HTTP/1.1" 200 90
190.95.67.91 - - [06/Aug/2025:10:37:17 -0300] "GET /cormun/servlet/hpexe_link HTTP/1.1" 200 1010
190.95.67.91 - - [06/Aug/2025:10:37:17 -0300] "GET /cormun/servlet/trpermisosgoce?gx-no-cache=1754487315975 HTTP/1.1" 200 19193
190.95.67.91 - - [06/Aug/2025:10:37:19 -0300] "POST /cormun/servlet/trpermisosgoce?042d610a01f8755894c5f0ffa845f3a8,gx-no-cache=1754487315975,gx-no-cache=1754487595774 HTTP/1.1" 200 16341
190.95.1.129 - - [06/Aug/2025:10:37:23 -0300] "POST /cormun/servlet/trlicencias?eaa25147f2f1fe37e066217a9c82e244,,gx-no-cache=1754487599018 HTTP/1.1" 200 6206
190.95.67.91 - - [06/Aug/2025:10:37:28 -0300] "GET /cormun/servlet/permisogoce?INS,0,,, HTTP/1.1" 200 7157
190.95.67.91 - - [06/Aug/2025:10:37:35 -0300] "GET /cormun/servlet/permisogoce?ea3de4ce699f7fcc456270c30189c85da54b7b9a80750f74507e020c5d78279ef071f6aeb393387c72baa3653d758b19b47e23642abc546c1bc99a73ab4d8368,gx-no-cache=1754487611428 HTTP/1.1" 200 74
190.95.67.91 - - [06/Aug/2025:10:37:41 -0300] "GET /cormun/servlet/permisogoce?ea3de4ce699f7fcc456270c30189c85d13e1d732bbc1c0f5615c3aff744c0bf25266649baa39cf47a7031309870f40837b01da6a7bfdd5105061955864a9cf1b,gx-no-cache=1754487617573 HTTP/1.1" 200 45
190.95.67.91 - - [06/Aug/2025:10:37:47 -0300] "POST /cormun/servlet/permisogoce?042d610a01f8755894c5f0ffa845f3a8,INS,0,,,,gx-no-cache=1754487623379 HTTP/1.1" 200 93
190.95.67.91 - - [06/Aug/2025:10:37:47 -0300] "GET /cormun/servlet/hpexe_return? HTTP/1.1" 200 1037
190.95.67.91 - - [06/Aug/2025:10:37:47 -0300] "GET /cormun/servlet/trpermisosgoce?gx-no-cache=1754487315975 HTTP/1.1" 200 19143
190.95.67.91 - - [06/Aug/2025:10:37:50 -0300] "GET /cormun/servlet/trpermisosadjuntos?19925768,20250806094017,P, HTTP/1.1" 200 6586
190.95.67.91 - - [06/Aug/2025:10:37:51 -0300] "GET /cormun/servlet/permisosadjuntos?INS,19925768,P,20250806094017,, HTTP/1.1" 200 5886
190.95.67.91 - - [06/Aug/2025:10:37:51 -0300] "GET /cormun/static/about:blank HTTP/1.1" 404 1011
190.95.67.91 - - [06/Aug/2025:10:37:56 -0300] "POST /cormun/servlet/permisosadjuntos?042d610a01f8755894c5f0ffa845f3a8,INS,19925768,P,20250806094017,, HTTP/1.1" 200 116
190.95.67.91 - - [06/Aug/2025:10:37:56 -0300] "GET /cormun/servlet/hpexe_return? HTTP/1.1" 200 1042
190.95.67.91 - - [06/Aug/2025:10:37:56 -0300] "GET /cormun/servlet/trpermisosadjuntos?19925768,20250806094017,P, HTTP/1.1" 200 7080
190.95.67.91 - - [06/Aug/2025:10:37:58 -0300] "POST /cormun/servlet/trpermisosadjuntos?042d610a01f8755894c5f0ffa845f3a8,19925768,20250806094017,P,,gx-no-cache=1754487634660 HTTP/1.1" 200 90
190.95.67.91 - - [06/Aug/2025:10:37:58 -0300] "GET /cormun/servlet/hpexe_link HTTP/1.1" 200 1010
190.95.67.91 - - [06/Aug/2025:10:37:58 -0300] "GET /cormun/servlet/trpermisosgoce?gx-no-cache=1754487315975 HTTP/1.1" 200 19139
190.95.1.129 - - [06/Aug/2025:10:38:00 -0300] "POST /cormun/servlet/trlicencias?eaa25147f2f1fe37e066217a9c82e244,,gx-no-cache=1754487635787 HTTP/1.1" 200 4438
190.95.67.91 - - [06/Aug/2025:10:38:00 -0300] "POST /cormun/servlet/trpermisosgoce?042d610a01f8755894c5f0ffa845f3a8,gx-no-cache=1754487315975,gx-no-cache=1754487636934 HTTP/1.1" 200 16281
190.95.67.91 - - [06/Aug/2025:10:38:09 -0300] "GET /cormun/servlet/permisogoce?INS,0,,, HTTP/1.1" 200 7157
190.95.1.129 - - [06/Aug/2025:10:38:13 -0300] "POST /cormun/servlet/trlicencias?eaa25147f2f1fe37e066217a9c82e244,,gx-no-cache=1754487648651 HTTP/1.1" 200 6929
190.95.67.91 - - [06/Aug/2025:10:38:16 -0300] "GET /cormun/servlet/permisogoce?ea3de4ce699f7fcc456270c30189c85d3926cb48e3503135d625d358d6f578106a2b42c6200c5360d3a7262598685dcb80c037921a20e1fd92992adffb068fce,gx-no-cache=1754487652998 HTTP/1.1" 200 82
190.95.67.91 - - [06/Aug/2025:10:38:23 -0300] "GET /cormun/servlet/permisogoce?ea3de4ce699f7fcc456270c30189c85dd97559d78333f02e503da084f6951daaa6819a0b17e6813715f06f2c2a65b4a64c0486c058753ec3167e53e255668178,gx-no-cache=1754487659926 HTTP/1.1" 200 47
190.95.67.91 - - [06/Aug/2025:10:38:32 -0300] "POST /cormun/servlet/permisogoce?042d610a01f8755894c5f0ffa845f3a8,INS,0,,,,gx-no-cache=1754487667963 HTTP/1.1" 200 93
190.95.67.91 - - [06/Aug/2025:10:38:32 -0300] "GET /cormun/servlet/hpexe_return? HTTP/1.1" 200 1037
190.95.67.91 - - [06/Aug/2025:10:38:32 -0300] "GET /cormun/servlet/trpermisosgoce?gx-no-cache=1754487315975 HTTP/1.1" 200 19171
190.95.1.129 - - [06/Aug/2025:10:38:34 -0300] "POST /cormun/servlet/trlicencias?eaa25147f2f1fe37e066217a9c82e244,,gx-no-cache=1754487669339 HTTP/1.1" 200 7202
190.95.67.91 - - [06/Aug/2025:10:38:34 -0300] "GET /cormun/servlet/trpermisosadjuntos?8731238,20250806094059,P, HTTP/1.1" 200 6587
190.95.67.91 - - [06/Aug/2025:10:38:36 -0300] "GET /cormun/servlet/permisosadjuntos?INS,8731238,P,20250806094059,, HTTP/1.1" 200 5893
190.95.67.91 - - [06/Aug/2025:10:38:36 -0300] "GET /cormun/static/about:blank HTTP/1.1" 404 1011
190.95.67.91 - - [06/Aug/2025:10:38:42 -0300] "POST /cormun/servlet/permisosadjuntos?042d610a01f8755894c5f0ffa845f3a8,INS,8731238,P,20250806094059,, HTTP/1.1" 200 116
190.95.67.91 - - [06/Aug/2025:10:38:42 -0300] "GET /cormun/servlet/hpexe_return? HTTP/1.1" 200 1041
190.95.67.91 - - [06/Aug/2025:10:38:42 -0300] "GET /cormun/servlet/trpermisosadjuntos?8731238,20250806094059,P, HTTP/1.1" 200 7113
200.126.117.15 - - [06/Aug/2025:10:38:48 -0300] "GET /cormun/servlet/hlogin HTTP/1.1" 200 1725
190.95.67.91 - - [06/Aug/2025:10:38:53 -0300] "POST /cormun/servlet/trpermisosadjuntos?042d610a01f8755894c5f0ffa845f3a8,8731238,20250806094059,P,,gx-no-cache=1754487690260 HTTP/1.1" 200 90
190.95.67.91 - - [06/Aug/2025:10:38:54 -0300] "GET /cormun/servlet/hpexe_link HTTP/1.1" 200 1009
190.95.67.91 - - [06/Aug/2025:10:38:54 -0300] "GET /cormun/servlet/trpermisosgoce?gx-no-cache=1754487315975 HTTP/1.1" 200 19166
190.95.67.91 - - [06/Aug/2025:10:38:56 -0300] "POST /cormun/servlet/trpermisosgoce?042d610a01f8755894c5f0ffa845f3a8,gx-no-cache=1754487315975,gx-no-cache=1754487692462 HTTP/1.1" 200 16328
200.126.117.15 - - [06/Aug/2025:10:38:57 -0300] "POST /cormun/servlet/hlogin?7034ca87978848c811918ba748f2a3c7,gx-no-cache=1754487693969 HTTP/1.1" 200 429
190.95.67.91 - - [06/Aug/2025:10:39:01 -0300] "GET /cormun/servlet/trautorizarpermisogoce? HTTP/1.1" 200 9323
190.95.67.91 - - [06/Aug/2025:10:39:02 -0300] "GET /cormun/static/gxcfg.js?2020121645532 HTTP/1.1" 200 953
190.95.67.91 - - [06/Aug/2025:10:39:02 -0300] "GET /cormun/static/trautorizarpermisogoce.js?2020121651492 HTTP/1.1" 200 34948
190.95.67.91 - - [06/Aug/2025:10:39:04 -0300] "POST /cormun/servlet/trautorizarpermisogoce?042d610a01f8755894c5f0ffa845f3a8,,gx-no-cache=1754487700428 HTTP/1.1" 200 6449
190.95.67.91 - - [06/Aug/2025:10:39:04 -0300] "POST /cormun/servlet/trautorizarpermisogoce?042d610a01f8755894c5f0ffa845f3a8,,gx-no-cache=1754487701083 HTTP/1.1" 200 6256
190.95.67.91 - - [06/Aug/2025:10:39:05 -0300] "POST /cormun/servlet/trautorizarpermisogoce?042d610a01f8755894c5f0ffa845f3a8,,gx-no-cache=1754487701771 HTTP/1.1" 200 6027
200.126.117.15 - - [06/Aug/2025:10:39:06 -0300] "POST /cormun/servlet/hlogin?7034ca87978848c811918ba748f2a3c7,gx-no-cache=1754487702763 HTTP/1.1" 200 90
200.126.117.15 - - [06/Aug/2025:10:39:06 -0300] "GET /cormun/servlet/hpexe_link HTTP/1.1" 200 956
190.95.67.91 - - [06/Aug/2025:10:39:06 -0300] "POST /cormun/servlet/trautorizarpermisogoce?042d610a01f8755894c5f0ffa845f3a8,,gx-no-cache=1754487702419 HTTP/1.1" 200 5795
200.126.117.15 - - [06/Aug/2025:10:39:06 -0300] "GET /cormun/servlet/hhome HTTP/1.1" 200 4327
190.95.1.129 - - [06/Aug/2025:10:39:06 -0300] "POST /cormun/servlet/trlicencias?eaa25147f2f1fe37e066217a9c82e244,,gx-no-cache=1754487701764 HTTP/1.1" 200 6712
190.95.67.91 - - [06/Aug/2025:10:39:06 -0300] "POST /cormun/servlet/trautorizarpermisogoce?042d610a01f8755894c5f0ffa845f3a8,,gx-no-cache=1754487703059 HTTP/1.1" 200 5577
190.95.67.91 - - [06/Aug/2025:10:39:07 -0300] "POST /cormun/servlet/trautorizarpermisogoce?042d610a01f8755894c5f0ffa845f3a8,,gx-no-cache=1754487703675 HTTP/1.1" 200 5300
190.95.67.91 - - [06/Aug/2025:10:39:08 -0300] "POST /cormun/servlet/trautorizarpermisogoce?042d610a01f8755894c5f0ffa845f3a8,,gx-no-cache=1754487704259 HTTP/1.1" 200 4542
200.126.117.15 - - [06/Aug/2025:10:39:10 -0300] "GET /cormun/servlet/trlicencias? HTTP/1.1" 200 11142
190.95.67.91 - - [06/Aug/2025:10:39:13 -0300] "GET /cormun/servlet/trpermisosgoce? HTTP/1.1" 200 19121
190.95.67.91 - - [06/Aug/2025:10:39:22 -0300] "POST /cormun/servlet/trpermisosgoce?042d610a01f8755894c5f0ffa845f3a8,,gx-no-cache=1754487718173 HTTP/1.1" 200 16296
190.95.67.91 - - [06/Aug/2025:10:39:25 -0300] "POST /cormun/servlet/trpermisosgoce?042d610a01f8755894c5f0ffa845f3a8,,gx-no-cache=1754487721125 HTTP/1.1" 200 104
190.95.67.91 - - [06/Aug/2025:10:39:25 -0300] "GET /cormun/PermisosGoce-4009.xls HTTP/1.1" 200 69632
190.95.1.129 - - [06/Aug/2025:10:40:01 -0300] "POST /cormun/servlet/trlicencias?eaa25147f2f1fe37e066217a9c82e244,,gx-no-cache=1754487756461 HTTP/1.1" 200 6683
190.95.1.129 - - [06/Aug/2025:10:40:29 -0300] "POST /cormun/servlet/trlicencias?eaa25147f2f1fe37e066217a9c82e244,,gx-no-cache=1754487784326 HTTP/1.1" 200 6667
190.95.1.129 - - [06/Aug/2025:10:40:56 -0300] "POST /cormun/servlet/trlicencias?eaa25147f2f1fe37e066217a9c82e244,,gx-no-cache=1754487811869 HTTP/1.1" 200 6496
190.95.1.129 - - [06/Aug/2025:10:41:17 -0300] "POST /cormun/servlet/trlicencias?eaa25147f2f1fe37e066217a9c82e244,,gx-no-cache=1754487832982 HTTP/1.1" 200 7443
190.95.1.129 - - [06/Aug/2025:10:41:21 -0300] "POST /cormun/servlet/trlicencias?eaa25147f2f1fe37e066217a9c82e244,,gx-no-cache=1754487836494 HTTP/1.1" 200 101
190.95.1.129 - - [06/Aug/2025:10:41:21 -0300] "POST /cormun/servlet/trlicencias?eaa25147f2f1fe37e066217a9c82e244,,gx-no-cache=1754487836550 HTTP/1.1" 200 7419
190.95.1.129 - - [06/Aug/2025:10:41:21 -0300] "GET /cormun/Licencias-4809.xls HTTP/1.1" 200 6656
190.95.1.129 - - [06/Aug/2025:10:41:48 -0300] "POST /cormun/servlet/trlicencias?eaa25147f2f1fe37e066217a9c82e244,,gx-no-cache=1754487863478 HTTP/1.1" 200 5670
190.95.1.129 - - [06/Aug/2025:10:42:14 -0300] "POST /cormun/servlet/trlicencias?eaa25147f2f1fe37e066217a9c82e244,,gx-no-cache=1754487890151 HTTP/1.1" 200 7220
190.95.1.129 - - [06/Aug/2025:10:42:16 -0300] "POST /cormun/servlet/trlicencias?eaa25147f2f1fe37e066217a9c82e244,,gx-no-cache=1754487892207 HTTP/1.1" 200 101
190.95.1.129 - - [06/Aug/2025:10:42:17 -0300] "POST /cormun/servlet/trlicencias?eaa25147f2f1fe37e066217a9c82e244,,gx-no-cache=1754487892356 HTTP/1.1" 200 7197
190.95.1.129 - - [06/Aug/2025:10:42:17 -0300] "GET /cormun/Licencias-2063.xls HTTP/1.1" 200 6144
190.95.1.129 - - [06/Aug/2025:10:42:45 -0300] "POST /cormun/servlet/trlicencias?eaa25147f2f1fe37e066217a9c82e244,,gx-no-cache=1754487920463 HTTP/1.1" 200 10337
190.95.1.129 - - [06/Aug/2025:10:42:47 -0300] "POST /cormun/servlet/trlicencias?eaa25147f2f1fe37e066217a9c82e244,,gx-no-cache=1754487922943 HTTP/1.1" 200 101
190.95.1.129 - - [06/Aug/2025:10:42:47 -0300] "POST /cormun/servlet/trlicencias?eaa25147f2f1fe37e066217a9c82e244,,gx-no-cache=1754487923023 HTTP/1.1" 200 10313
190.95.1.129 - - [06/Aug/2025:10:42:47 -0300] "GET /cormun/Licencias-8951.xls HTTP/1.1" 200 10240
190.95.1.129 - - [06/Aug/2025:10:43:17 -0300] "POST /cormun/servlet/trlicencias?eaa25147f2f1fe37e066217a9c82e244,,gx-no-cache=1754487952320 HTTP/1.1" 200 6233
190.95.1.129 - - [06/Aug/2025:10:43:38 -0300] "POST /cormun/servlet/trlicencias?eaa25147f2f1fe37e066217a9c82e244,,gx-no-cache=1754487973856 HTTP/1.1" 200 5953
190.95.1.129 - - [06/Aug/2025:10:43:55 -0300] "POST /cormun/servlet/trlicencias?eaa25147f2f1fe37e066217a9c82e244,,gx-no-cache=1754487990536 HTTP/1.1" 200 8211
190.95.1.129 - - [06/Aug/2025:10:43:59 -0300] "POST /cormun/servlet/trlicencias?eaa25147f2f1fe37e066217a9c82e244,,gx-no-cache=1754487994840 HTTP/1.1" 200 101
190.95.1.129 - - [06/Aug/2025:10:43:59 -0300] "POST /cormun/servlet/trlicencias?eaa25147f2f1fe37e066217a9c82e244,,gx-no-cache=1754487994895 HTTP/1.1" 200 8168
190.95.1.129 - - [06/Aug/2025:10:43:59 -0300] "GET /cormun/Licencias-6545.xls HTTP/1.1" 200 8192
201.186.225.193 - - [06/Aug/2025:10:44:19 -0300] "POST /cormun/servlet/trlicencias?7cd45e6761b726494b9c22cf82a83815,,gx-no-cache=1754488014584 HTTP/1.1" 200 101
201.186.225.193 - - [06/Aug/2025:10:44:19 -0300] "POST /cormun/servlet/trlicencias?7cd45e6761b726494b9c22cf82a83815,,gx-no-cache=1754488014762 HTTP/1.1" 200 9252
201.186.225.193 - - [06/Aug/2025:10:44:19 -0300] "GET /cormun/Licencias-9205.xls HTTP/1.1" 200 8704
20.40.115.24 - - [06/Aug/2025:10:44:19 -0300] "GET /cormun/Licencias-9205.xls HTTP/1.1" 200 8704
201.186.225.193 - - [06/Aug/2025:10:44:22 -0300] "GET /cormun/Licencias-9205.xls HTTP/1.1" 304 -
190.95.1.129 - - [06/Aug/2025:10:44:28 -0300] "POST /cormun/servlet/trlicencias?eaa25147f2f1fe37e066217a9c82e244,,gx-no-cache=1754488024010 HTTP/1.1" 200 7177
190.95.1.129 - - [06/Aug/2025:10:44:30 -0300] "POST /cormun/servlet/trlicencias?eaa25147f2f1fe37e066217a9c82e244,,gx-no-cache=1754488026289 HTTP/1.1" 200 101
190.95.1.129 - - [06/Aug/2025:10:44:31 -0300] "POST /cormun/servlet/trlicencias?eaa25147f2f1fe37e066217a9c82e244,,gx-no-cache=1754488026336 HTTP/1.1" 200 7154
190.95.1.129 - - [06/Aug/2025:10:44:31 -0300] "GET /cormun/Licencias-2298.xls HTTP/1.1" 200 6144
190.95.1.129 - - [06/Aug/2025:10:44:59 -0300] "POST /cormun/servlet/trlicencias?eaa25147f2f1fe37e066217a9c82e244,,gx-no-cache=1754488055097 HTTP/1.1" 200 6944
152.53.86.216 - - [06/Aug/2025:10:46:31 -0300] "GET /docs/ssl-howto.html HTTP/1.1" 200 41526
37.221.199.180 - - [06/Aug/2025:10:46:51 -0300] "GET /docs/config/index.html HTTP/1.1" 200 10964
190.95.1.129 - - [06/Aug/2025:10:46:56 -0300] "POST /cormun/servlet/trlicencias?eaa25147f2f1fe37e066217a9c82e244,,gx-no-cache=1754488171339 HTTP/1.1" 200 12487
190.95.1.129 - - [06/Aug/2025:10:46:57 -0300] "POST /cormun/servlet/trlicencias?eaa25147f2f1fe37e066217a9c82e244,,gx-no-cache=1754488173276 HTTP/1.1" 200 101
190.95.1.129 - - [06/Aug/2025:10:46:58 -0300] "POST /cormun/servlet/trlicencias?eaa25147f2f1fe37e066217a9c82e244,,gx-no-cache=1754488173353 HTTP/1.1" 200 12465
190.95.1.129 - - [06/Aug/2025:10:46:58 -0300] "GET /cormun/Licencias-8569.xls HTTP/1.1" 200 13312
190.95.1.129 - - [06/Aug/2025:10:47:33 -0300] "POST /cormun/servlet/trlicencias?eaa25147f2f1fe37e066217a9c82e244,,gx-no-cache=1754488209003 HTTP/1.1" 200 6942
190.95.1.129 - - [06/Aug/2025:10:48:06 -0300] "POST /cormun/servlet/trlicencias?eaa25147f2f1fe37e066217a9c82e244,,gx-no-cache=1754488241436 HTTP/1.1" 200 5677
190.95.67.93 - - [06/Aug/2025:10:48:08 -0300] "POST /cormun/servlet/trpermisosgoce?85f7535e702c1249452907ed2634678b,,gx-no-cache=1754488243162 HTTP/1.1" 200 5323
128.241.235.42 - - [06/Aug/2025:10:48:21 -0300] "GET /docs/setup.html HTTP/1.1" 200 15660
190.95.1.129 - - [06/Aug/2025:10:48:21 -0300] "POST /cormun/servlet/trlicencias?eaa25147f2f1fe37e066217a9c82e244,,gx-no-cache=1754488256732 HTTP/1.1" 200 5675
190.95.1.129 - - [06/Aug/2025:10:48:42 -0300] "POST /cormun/servlet/trlicencias?eaa25147f2f1fe37e066217a9c82e244,,gx-no-cache=1754488277419 HTTP/1.1" 200 7204
190.95.1.129 - - [06/Aug/2025:10:48:45 -0300] "POST /cormun/servlet/trlicencias?eaa25147f2f1fe37e066217a9c82e244,,gx-no-cache=1754488280764 HTTP/1.1" 200 101
190.95.1.129 - - [06/Aug/2025:10:48:45 -0300] "POST /cormun/servlet/trlicencias?eaa25147f2f1fe37e066217a9c82e244,,gx-no-cache=1754488280813 HTTP/1.1" 200 7181
190.95.1.129 - - [06/Aug/2025:10:48:45 -0300] "GET /cormun/Licencias-8010.xls HTTP/1.1" 200 6144
190.95.1.129 - - [06/Aug/2025:10:49:12 -0300] "POST /cormun/servlet/trlicencias?eaa25147f2f1fe37e066217a9c82e244,,gx-no-cache=1754488308060 HTTP/1.1" 200 6459
190.95.1.129 - - [06/Aug/2025:10:49:40 -0300] "POST /cormun/servlet/trlicencias?eaa25147f2f1fe37e066217a9c82e244,,gx-no-cache=1754488335492 HTTP/1.1" 200 6226
190.95.1.129 - - [06/Aug/2025:10:49:55 -0300] "POST /cormun/servlet/trlicencias?eaa25147f2f1fe37e066217a9c82e244,,gx-no-cache=1754488350916 HTTP/1.1" 200 4437
129.222.173.48 - - [06/Aug/2025:10:51:45 -0300] "GET /cormun/servlet/hlogin HTTP/1.1" 200 1724
129.222.173.48 - - [06/Aug/2025:10:51:45 -0300] "GET /cormun/servlet/hlogin HTTP/1.1" 200 1734
129.222.173.48 - - [06/Aug/2025:10:51:48 -0300] "POST /cormun/servlet/hlogin?ccb99b90b19a3f7faa9d996e93eb143e,gx-no-cache=1754488464156 HTTP/1.1" 200 90
129.222.173.48 - - [06/Aug/2025:10:51:48 -0300] "GET /cormun/servlet/hpexe_link HTTP/1.1" 200 952
129.222.173.48 - - [06/Aug/2025:10:51:48 -0300] "GET /cormun/servlet/hhome HTTP/1.1" 200 3961
129.222.173.48 - - [06/Aug/2025:10:51:52 -0300] "GET /cormun/servlet/trpermisosgoce? HTTP/1.1" 200 9995
129.222.173.48 - - [06/Aug/2025:10:51:59 -0300] "GET /cormun/servlet/permisogoce?INS,0,,, HTTP/1.1" 200 6825
10.40.40.2 - - [06/Aug/2025:10:52:12 -0300] "GET /cormun/servlet/licenciasgenerales?DSP,13945930,L,20250721000000, HTTP/1.1" 200 5508
10.40.40.2 - - [06/Aug/2025:10:52:12 -0300] "GET /cormun/static/gxcfg.js?201991422271497 HTTP/1.1" 200 953
10.40.40.2 - - [06/Aug/2025:10:52:12 -0300] "GET /cormun/static/RunJS/RunJS.js HTTP/1.1" 200 288
10.40.40.2 - - [06/Aug/2025:10:52:12 -0300] "GET /cormun/static/PXToolsJavascripts/pexe_cookies.js HTTP/1.1" 200 792
10.40.40.2 - - [06/Aug/2025:10:52:12 -0300] "GET /cormun/static/PXToolsJavascripts/pexe_menudivfix.js HTTP/1.1" 200 333
10.40.40.2 - - [06/Aug/2025:10:52:12 -0300] "GET /cormun/static/Resources/CormunMP2.png HTTP/1.1" 200 6878
10.40.40.2 - - [06/Aug/2025:10:52:12 -0300] "GET /cormun/static/Resources/ImgHome.png HTTP/1.1" 200 1364
10.40.40.2 - - [06/Aug/2025:10:52:12 -0300] "GET /cormun/static/Resources/ImgLogin.png HTTP/1.1" 200 1432
10.40.40.2 - - [06/Aug/2025:10:52:12 -0300] "GET /cormun/static/Resources/Llave.png HTTP/1.1" 200 1395
10.40.40.2 - - [06/Aug/2025:10:52:12 -0300] "GET /cormun/static/Resources/PXTools/calendar.png HTTP/1.1" 200 1306
10.40.40.2 - - [06/Aug/2025:10:52:12 -0300] "GET /cormun/static/Resources/prompt.gif HTTP/1.1" 200 902
10.40.40.2 - - [06/Aug/2025:10:52:12 -0300] "GET /cormun/static/Resources/PXToolsDataTitle.png HTTP/1.1" 200 1173
10.40.40.2 - - [06/Aug/2025:10:52:12 -0300] "GET /cormun/static/Resources/PXToolsButtonLeft.png HTTP/1.1" 200 1310
10.40.40.2 - - [06/Aug/2025:10:52:12 -0300] "GET /cormun/static/Resources/PXToolsButtonRight.png HTTP/1.1" 200 1294
10.40.40.2 - - [06/Aug/2025:10:52:12 -0300] "GET /cormun/static/Resources/PXToolsButtonBackground.png HTTP/1.1" 200 1176
10.40.40.2 - - [06/Aug/2025:10:52:12 -0300] "GET /cormun/static/Resources/indicator.gif HTTP/1.1" 200 1553
10.40.40.2 - - [06/Aug/2025:10:52:12 -0300] "GET /cormun/servlet/hlogin HTTP/1.1" 200 1760
10.40.40.2 - - [06/Aug/2025:10:52:12 -0300] "GET /cormun/static/Resources/CormunLogin.png HTTP/1.1" 200 19132
10.40.40.2 - - [06/Aug/2025:10:52:12 -0300] "GET /cormun/static/Resources/PXToolsLoginTop.png HTTP/1.1" 200 1337
10.40.40.2 - - [06/Aug/2025:10:52:12 -0300] "GET /cormun/static/Resources/PXToolsLoginBackground.png HTTP/1.1" 200 1164
10.40.40.2 - - [06/Aug/2025:10:52:12 -0300] "GET /cormun/static/Resources/PXToolsLoginBottom.png HTTP/1.1" 200 1389
129.222.173.48 - - [06/Aug/2025:10:52:14 -0300] "GET /cormun/servlet/permisogoce?b6330d3863caab47a991275ed9e9559dc0e2e76a9ad7641f4c35b1b6be54ae8b2ab0ddf7c83528e2b95f0b5cff1df6e4902cec1d25fe1fda1925c1cc4197db8d,gx-no-cache=1754488490176 HTTP/1.1" 200 226
129.222.173.48 - - [06/Aug/2025:10:52:14 -0300] "GET /cormun/static/Shared/jqueryui/images/ui-bg_highlight-soft_100_c6c2c8_1x100.png HTTP/1.1" 404 1117
129.222.173.48 - - [06/Aug/2025:10:52:14 -0300] "GET /cormun/static/Shared/jqueryui/images/ui-icons_82798d_256x240.png HTTP/1.1" 404 1089
129.222.173.48 - - [06/Aug/2025:10:52:14 -0300] "GET /cormun/static/Shared/jqueryui/images/ui-bg_flat_55_994d53_40x100.png HTTP/1.1" 404 1097
129.222.173.48 - - [06/Aug/2025:10:52:14 -0300] "GET /cormun/static/Shared/jqueryui/images/ui-icons_ebccce_256x240.png HTTP/1.1" 404 1089
129.222.173.48 - - [06/Aug/2025:10:52:17 -0300] "GET /cormun/servlet/permisogoce?b6330d3863caab47a991275ed9e9559d49e5d028e1a2bc8ab886e35611e1a65e3345d08d9d2914734d299a6ef97c18eb1046a4ede86a8d0f60924c6a4676512d,gx-no-cache=1754488493596 HTTP/1.1" 200 79
10.40.40.2 - - [06/Aug/2025:10:52:22 -0300] "POST /cormun/servlet/hlogin?ec981bfafaae396f4a48d16d24c63ce0,gx-no-cache=1754488457819 HTTP/1.1" 200 90
10.40.40.2 - - [06/Aug/2025:10:52:22 -0300] "GET /cormun/servlet/hpexe_link HTTP/1.1" 200 980
10.40.40.2 - - [06/Aug/2025:10:52:22 -0300] "GET /cormun/servlet/licenciasgenerales?DSP,13945930,L,20250721000000, HTTP/1.1" 200 5617
10.40.40.2 - - [06/Aug/2025:10:52:22 -0300] "GET /cormun/static/PXToolsJavascripts/pexe_link.js HTTP/1.1" 304 -
10.40.40.2 - - [06/Aug/2025:10:52:22 -0300] "GET /cormun/static/PXToolsJavascripts/pexe_griddivfix.js HTTP/1.1" 304 -
10.40.40.2 - - [06/Aug/2025:10:52:22 -0300] "GET /cormun/static/PXToolsJavascripts/pexe_menus.js HTTP/1.1" 304 -
10.40.40.2 - - [06/Aug/2025:10:52:22 -0300] "GET /cormun/static/SmoothNavMenu/resources/images/down.gif HTTP/1.1" 200 854
10.40.40.2 - - [06/Aug/2025:10:52:22 -0300] "GET /cormun/static/SmoothNavMenu/resources/images/right.gif HTTP/1.1" 200 860
10.40.40.2 - - [06/Aug/2025:10:52:25 -0300] "GET /cormun/servlet/trlicenciasgenerales? HTTP/1.1" 200 9131
10.40.40.2 - - [06/Aug/2025:10:52:25 -0300] "GET /cormun/static/Resources/PXToolsDataSearch.png HTTP/1.1" 200 435
10.40.40.2 - - [06/Aug/2025:10:52:25 -0300] "GET /cormun/static/Resources/PXToolsGridFirstDisabled.gif HTTP/1.1" 200 100
10.40.40.2 - - [06/Aug/2025:10:52:25 -0300] "GET /cormun/static/Resources/PXToolsGridNextDisabled.gif HTTP/1.1" 200 90
10.40.40.2 - - [06/Aug/2025:10:52:25 -0300] "GET /cormun/static/Resources/PXToolsGridPreviousDisabled.gif HTTP/1.1" 200 90
10.40.40.2 - - [06/Aug/2025:10:52:25 -0300] "GET /cormun/static/Resources/PXToolsGridLastDisabled.gif HTTP/1.1" 200 98
10.40.40.2 - - [06/Aug/2025:10:52:25 -0300] "GET /cormun/static/Resources/PXToolsGridPage.gif HTTP/1.1" 200 725
10.40.40.2 - - [06/Aug/2025:10:52:25 -0300] "GET /cormun/static/Resources/PXToolsActionExcel.png HTTP/1.1" 200 727
10.40.40.2 - - [06/Aug/2025:10:52:25 -0300] "GET /cormun//static/Resources/PXToolsHeaderFavorites.png HTTP/1.1" 200 1414
10.40.40.2 - - [06/Aug/2025:10:52:25 -0300] "GET /cormun/static/Resources/asc.gif HTTP/1.1" 200 67
10.40.40.2 - - [06/Aug/2025:10:52:25 -0300] "GET /cormun/static/Resources/desc.gif HTTP/1.1" 200 65
10.40.40.2 - - [06/Aug/2025:10:52:25 -0300] "GET /cormun//static/Resources/PXToolsGridDisplay.png HTTP/1.1" 200 525
10.40.40.2 - - [06/Aug/2025:10:52:25 -0300] "GET /cormun//static/Resources/PXTools/ActionInsert.png HTTP/1.1" 200 1482
10.40.40.2 - - [06/Aug/2025:10:52:25 -0300] "GET /cormun//static/Resources/PXToolsHeaderHelp.png HTTP/1.1" 200 1333
10.40.40.2 - - [06/Aug/2025:10:52:25 -0300] "GET /cormun/static/Shared/ext/resources/themes/images/default/tools/tool-sprites.gif HTTP/1.1" 200 5434
10.40.40.2 - - [06/Aug/2025:10:52:25 -0300] "GET /cormun/static/Shared/ext/resources/themes/images/default/panel/bg-headersPanel.png HTTP/1.1" 200 255
10.40.40.2 - - [06/Aug/2025:10:52:29 -0300] "GET /cormun/static/menuarrow.gif HTTP/1.1" 404 1015
10.40.40.2 - - [06/Aug/2025:10:52:39 -0300] "POST /cormun/servlet/trlicenciasgenerales?ec981bfafaae396f4a48d16d24c63ce0,,gx-no-cache=1754488474782 HTTP/1.1" 200 15223
129.222.173.48 - - [06/Aug/2025:10:52:47 -0300] "GET /cormun/servlet/hlogin HTTP/1.1" 200 1745
10.40.40.2 - - [06/Aug/2025:10:52:49 -0300] "POST /cormun/servlet/trlicenciasgenerales?ec981bfafaae396f4a48d16d24c63ce0,,gx-no-cache=1754488484622 HTTP/1.1" 200 17481
10.40.40.2 - - [06/Aug/2025:10:52:49 -0300] "GET /cormun/static/Resources/PXToolsGridNext.gif HTTP/1.1" 200 369
10.40.40.2 - - [06/Aug/2025:10:52:49 -0300] "GET /cormun/static/Resources/PXToolsGridLast.gif HTTP/1.1" 200 370
129.222.173.48 - - [06/Aug/2025:10:52:50 -0300] "POST /cormun/servlet/hlogin?ccb99b90b19a3f7faa9d996e93eb143e,gx-no-cache=1754488526834 HTTP/1.1" 200 90
129.222.173.48 - - [06/Aug/2025:10:52:51 -0300] "GET /cormun/servlet/hpexe_link HTTP/1.1" 200 952
129.222.173.48 - - [06/Aug/2025:10:52:51 -0300] "GET /cormun/servlet/hhome HTTP/1.1" 200 4309
129.222.173.48 - - [06/Aug/2025:10:52:53 -0300] "GET /cormun/servlet/trcontratosolicitud? HTTP/1.1" 200 14552
10.40.40.2 - - [06/Aug/2025:10:53:07 -0300] "POST /cormun/servlet/trlicenciasgenerales?ec981bfafaae396f4a48d16d24c63ce0,,gx-no-cache=1754488503021 HTTP/1.1" 200 12100
129.222.173.48 - - [06/Aug/2025:10:53:17 -0300] "POST /cormun/servlet/trcontratosolicitud?ccb99b90b19a3f7faa9d996e93eb143e,,gx-no-cache=1754488553397 HTTP/1.1" 200 12319
129.222.173.48 - - [06/Aug/2025:10:53:20 -0300] "POST /cormun/servlet/trcontratosolicitud?ccb99b90b19a3f7faa9d996e93eb143e,,gx-no-cache=1754488555852 HTTP/1.1" 200 6343
129.222.173.48 - - [06/Aug/2025:10:54:27 -0300] "GET /cormun/servlet/hlogin HTTP/1.1" 200 1742
152.53.12.30 - - [06/Aug/2025:10:58:27 -0300] "GET /docs/funcspecs/index.html HTTP/1.1" 200 8321
201.186.225.183 - - [06/Aug/2025:11:04:23 -0300] "GET /cormun/static/menuarrow.gif HTTP/1.1" 404 1015
201.186.225.183 - - [06/Aug/2025:11:04:30 -0300] "GET /cormun/servlet/trlicencias? HTTP/1.1" 200 6049
201.186.225.183 - - [06/Aug/2025:11:04:31 -0300] "GET /cormun/servlet/hlogin HTTP/1.1" 200 1739
201.186.225.183 - - [06/Aug/2025:11:04:36 -0300] "POST /cormun/servlet/hlogin?33859155173d6037f122ec53fdad3133,gx-no-cache=1754489232905 HTTP/1.1" 200 90
201.186.225.183 - - [06/Aug/2025:11:04:36 -0300] "GET /cormun/servlet/hpexe_link HTTP/1.1" 200 956
201.186.225.183 - - [06/Aug/2025:11:04:36 -0300] "GET /cormun/servlet/trlicencias HTTP/1.1" 200 18352
201.186.225.183 - - [06/Aug/2025:11:04:39 -0300] "GET /cormun/static/menuarrow.gif HTTP/1.1" 404 1015
201.186.225.183 - - [06/Aug/2025:11:04:44 -0300] "POST /cormun/servlet/trlicencias?33859155173d6037f122ec53fdad3133,gx-no-cache=1754489240420 HTTP/1.1" 200 17868
201.186.225.183 - - [06/Aug/2025:11:04:44 -0300] "GET /cormun/static/Resources/PXToolsGridNext.gif HTTP/1.1" 200 369
201.186.225.183 - - [06/Aug/2025:11:04:44 -0300] "GET /cormun/static/Resources/PXToolsGridLast.gif HTTP/1.1" 200 370
201.186.225.183 - - [06/Aug/2025:11:04:49 -0300] "POST /cormun/servlet/trlicencias?33859155173d6037f122ec53fdad3133,gx-no-cache=1754489245843 HTTP/1.1" 200 3889
201.186.225.183 - - [06/Aug/2025:11:05:00 -0300] "POST /cormun/servlet/trlicencias?33859155173d6037f122ec53fdad3133,gx-no-cache=1754489256345 HTTP/1.1" 200 5719
201.186.225.183 - - [06/Aug/2025:11:05:22 -0300] "POST /cormun/servlet/trlicencias?33859155173d6037f122ec53fdad3133,gx-no-cache=1754489278477 HTTP/1.1" 200 17868
201.186.225.183 - - [06/Aug/2025:11:05:24 -0300] "POST /cormun/servlet/trlicencias?33859155173d6037f122ec53fdad3133,gx-no-cache=1754489280714 HTTP/1.1" 200 101
201.186.225.183 - - [06/Aug/2025:11:05:24 -0300] "POST /cormun/servlet/trlicencias?33859155173d6037f122ec53fdad3133,gx-no-cache=1754489280915 HTTP/1.1" 200 17842
201.186.225.183 - - [06/Aug/2025:11:05:24 -0300] "GET /cormun/Licencias-3229.xls HTTP/1.1" 200 26112
10.40.40.2 - - [06/Aug/2025:11:06:00 -0300] "POST /cormun/servlet/trlicencias?26f99ab2f7a5ef04afdf8d3e3f4044ba,,gx-no-cache=1754489275696 HTTP/1.1" 440 972
10.40.40.2 - - [06/Aug/2025:11:06:02 -0300] "GET /cormun/servlet/trlicencias? HTTP/1.1" 200 6046
10.40.40.2 - - [06/Aug/2025:11:06:02 -0300] "GET /cormun/static/RunJS/RunJS.js HTTP/1.1" 200 288
10.40.40.2 - - [06/Aug/2025:11:06:02 -0300] "GET /cormun/static/PXToolsJavascripts/pexe_cookies.js HTTP/1.1" 200 792
10.40.40.2 - - [06/Aug/2025:11:06:03 -0300] "GET /cormun/servlet/hlogin HTTP/1.1" 200 1736
10.40.40.2 - - [06/Aug/2025:11:06:07 -0300] "POST /cormun/servlet/hlogin?ca472fbff39be8998418d7187ecfeb83,gx-no-cache=1754489282734 HTTP/1.1" 200 90
10.40.40.2 - - [06/Aug/2025:11:06:07 -0300] "GET /cormun/servlet/hpexe_link HTTP/1.1" 200 953
10.40.40.2 - - [06/Aug/2025:11:06:07 -0300] "GET /cormun/servlet/trlicencias HTTP/1.1" 200 19003
190.95.67.93 - - [06/Aug/2025:11:06:12 -0300] "POST /cormun/servlet/trpermisosgoce?85f7535e702c1249452907ed2634678b,,gx-no-cache=1754489327419 HTTP/1.1" 200 13617
10.40.40.2 - - [06/Aug/2025:11:06:15 -0300] "POST /cormun/servlet/trlicencias?ca472fbff39be8998418d7187ecfeb83,gx-no-cache=1754489290684 HTTP/1.1" 200 4586
179.57.78.55 - - [06/Aug/2025:11:10:49 -0300] "GET /cormun/servlet/trpermisosgoce? HTTP/1.1" 200 6025
179.57.78.55 - - [06/Aug/2025:11:10:49 -0300] "GET /cormun/servlet/hlogin HTTP/1.1" 200 1741
179.57.78.55 - - [06/Aug/2025:11:10:49 -0300] "GET /cormun/servlet/trpermisosgoce? HTTP/1.1" 200 6035
179.57.78.55 - - [06/Aug/2025:11:10:58 -0300] "POST /cormun/servlet/hlogin?811be17af8ec9cab3308ac1ec33e51e8,gx-no-cache=1754489613100 HTTP/1.1" 200 90
179.57.78.55 - - [06/Aug/2025:11:10:58 -0300] "GET /cormun/servlet/hpexe_link HTTP/1.1" 200 960
179.57.78.55 - - [06/Aug/2025:11:10:58 -0300] "GET /cormun/servlet/trpermisosgoce HTTP/1.1" 200 14023
179.57.78.55 - - [06/Aug/2025:11:11:08 -0300] "GET /cormun/servlet/trpermisosgoce? HTTP/1.1" 200 14023
179.57.78.55 - - [06/Aug/2025:11:11:10 -0300] "GET /cormun/servlet/permisogoce?INS,0,,, HTTP/1.1" 200 6849
200.126.116.145 - - [06/Aug/2025:11:11:25 -0300] "GET /cormun/servlet/trpermisosgoce? HTTP/1.1" 200 6035
200.126.116.145 - - [06/Aug/2025:11:11:25 -0300] "GET /cormun/servlet/hlogin HTTP/1.1" 200 1740
200.126.116.145 - - [06/Aug/2025:11:11:26 -0300] "GET /cormun/servlet/trpermisosgoce? HTTP/1.1" 200 6031
200.126.116.145 - - [06/Aug/2025:11:11:40 -0300] "POST /cormun/servlet/hlogin?44158a0a5f4368aa7e9b09820a1d668a,gx-no-cache=1754489657384 HTTP/1.1" 200 90
200.126.116.145 - - [06/Aug/2025:11:11:40 -0300] "GET /cormun/servlet/hpexe_link HTTP/1.1" 200 957
