10.40.40.2 - - [05/Aug/2025:15:19:19 -0300] "GET /cormun/static/hpexe_messagegenexuscomponent.js?20221129836373 HTTP/1.1" 200 587
10.40.40.2 - - [05/Aug/2025:15:19:19 -0300] "GET /cormun/static/hpexe_messagepopupcomponent.js?2020121447232 HTTP/1.1" 200 605
10.40.40.2 - - [05/Aug/2025:15:19:19 -0300] "GET /cormun/static/cmcontrolpreferences.js?20199141926336 HTTP/1.1" 200 1375
10.40.40.2 - - [05/Aug/2025:15:19:19 -0300] "GET /cormun/static/Shared/jquery/jquery-1.4.2.min.js HTTP/1.1" 200 72174
10.40.40.2 - - [05/Aug/2025:15:19:19 -0300] "GET /cormun/static/SmoothNavMenu/resources/ddsmoothmenu.js HTTP/1.1" 200 12712
10.40.40.2 - - [05/Aug/2025:15:19:19 -0300] "GET /cormun/static/gxui/gxui-all.js HTTP/1.1" 200 107772
10.40.40.2 - - [05/Aug/2025:15:19:19 -0300] "GET /cormun/static/SmoothNavMenu/resources/SmoothNavMenuRender.js HTTP/1.1" 200 5951
10.40.40.2 - - [05/Aug/2025:15:19:19 -0300] "GET /cormun/static/scaMessage/js/jquery.pnotify.min.js HTTP/1.1" 200 13038
10.40.40.2 - - [05/Aug/2025:15:19:19 -0300] "GET /cormun/static/scaMessage/scaMessageRender.js HTTP/1.1" 200 11977
10.40.40.2 - - [05/Aug/2025:15:19:19 -0300] "GET /cormun/static/hmpwkw03.js?20221129844354 HTTP/1.1" 200 3971
10.40.40.2 - - [05/Aug/2025:15:19:19 -0300] "GET /cormun/static/Resources/CormunMP2.png HTTP/1.1" 200 6878
10.40.40.2 - - [05/Aug/2025:15:19:19 -0300] "GET /cormun/static/Resources/ImgHome.png HTTP/1.1" 200 1364
10.40.40.2 - - [05/Aug/2025:15:19:19 -0300] "GET /cormun/static/Resources/ImgLogin.png HTTP/1.1" 200 1432
10.40.40.2 - - [05/Aug/2025:15:19:19 -0300] "GET /cormun/static/Resources/Llave.png HTTP/1.1" 200 1395
10.40.40.2 - - [05/Aug/2025:15:19:19 -0300] "GET /cormun/static/Resources/PXToolsDataTitle.png HTTP/1.1" 200 1173
10.40.40.2 - - [05/Aug/2025:15:19:20 -0300] "GET /cormun/static/Shared/jquery/jquery-1.10.2.min.js HTTP/1.1" 200 273199
10.40.40.2 - - [05/Aug/2025:15:19:20 -0300] "GET /cormun/static/Shared/ext/ext-all.js HTTP/1.1" 200 1289687
10.40.40.2 - - [05/Aug/2025:15:19:20 -0300] "GET /cormun/static/Shared/jqueryui/jquery-ui.min.js HTTP/1.1" 200 240427
10.40.40.2 - - [05/Aug/2025:15:19:20 -0300] "GET /cormun/static/Resources/indicator.gif HTTP/1.1" 200 1553
10.40.40.2 - - [05/Aug/2025:15:19:20 -0300] "GET /cormun/servlet/hlogin HTTP/1.1" 200 1729
10.40.40.2 - - [05/Aug/2025:15:19:20 -0300] "GET /cormun/servlet/hhome HTTP/1.1" 200 3341
10.40.40.2 - - [05/Aug/2025:15:19:20 -0300] "GET /cormun/static/gxtimezone.js?85251 HTTP/1.1" 200 5781
10.40.40.2 - - [05/Aug/2025:15:19:20 -0300] "GET /cormun/static/gxcfg.js?2022112219184450 HTTP/1.1" 200 953
10.40.40.2 - - [05/Aug/2025:15:19:20 -0300] "GET /cormun/static/hlogin.js?2022112219184458 HTTP/1.1" 200 2156
10.40.40.2 - - [05/Aug/2025:15:19:20 -0300] "GET /cormun/static/Resources/Spanish/PXTools.css?1759030 HTTP/1.1" 200 100853
10.40.40.2 - - [05/Aug/2025:15:19:20 -0300] "GET /cormun/static/messages.spa.js?85251 HTTP/1.1" 200 30736
10.40.40.2 - - [05/Aug/2025:15:19:20 -0300] "GET /cormun/static/gxgral.js?85251 HTTP/1.1" 200 384558
10.40.40.2 - - [05/Aug/2025:15:19:20 -0300] "GET /cormun/static/Resources/CormunLogin.png HTTP/1.1" 200 19132
10.40.40.2 - - [05/Aug/2025:15:19:20 -0300] "GET /cormun/static/Resources/PXToolsLoginTop.png HTTP/1.1" 200 1337
10.40.40.2 - - [05/Aug/2025:15:19:20 -0300] "GET /cormun/static/Resources/PXToolsLoginBackground.png HTTP/1.1" 200 1164
10.40.40.2 - - [05/Aug/2025:15:19:20 -0300] "GET /cormun/static/Resources/PXToolsButtonLeft.png HTTP/1.1" 200 1310
10.40.40.2 - - [05/Aug/2025:15:19:20 -0300] "GET /cormun/static/Resources/PXToolsButtonRight.png HTTP/1.1" 200 1294
10.40.40.2 - - [05/Aug/2025:15:19:20 -0300] "GET /cormun/static/Resources/PXToolsButtonBackground.png HTTP/1.1" 200 1176
10.40.40.2 - - [05/Aug/2025:15:19:20 -0300] "GET /cormun/static/Resources/PXToolsLoginBottom.png HTTP/1.1" 200 1389
10.40.40.2 - - [05/Aug/2025:15:19:20 -0300] "GET /cormun/static/Resources/indicator.gif HTTP/1.1" 200 1553
181.212.57.233 - - [05/Aug/2025:15:21:11 -0300] "POST /cormun/servlet/hlogin?04cf6e723cf5d26d6917cb31e5dc760d,gx-no-cache=1754418226690 HTTP/1.1" 200 443
181.212.57.233 - - [05/Aug/2025:15:21:25 -0300] "POST /cormun/servlet/hlogin?04cf6e723cf5d26d6917cb31e5dc760d,gx-no-cache=1754418240006 HTTP/1.1" 200 444
181.212.57.233 - - [05/Aug/2025:15:21:26 -0300] "POST /cormun/servlet/hlogin?04cf6e723cf5d26d6917cb31e5dc760d,gx-no-cache=1754418240887 HTTP/1.1" 200 442
181.162.145.10 - - [05/Aug/2025:15:25:28 -0300] "GET /cormun/servlet/hlogin HTTP/1.1" 200 1718
181.162.145.10 - - [05/Aug/2025:15:25:31 -0300] "POST /cormun/servlet/hlogin?9ef2cf034fd655c16cb5abf7b2b1ab89,gx-no-cache=1754418487837 HTTP/1.1" 200 90
181.162.145.10 - - [05/Aug/2025:15:25:31 -0300] "GET /cormun/servlet/hpexe_link HTTP/1.1" 200 950
181.162.145.10 - - [05/Aug/2025:15:25:31 -0300] "GET /cormun/servlet/hhome HTTP/1.1" 200 4111
181.162.145.10 - - [05/Aug/2025:15:25:34 -0300] "GET /cormun/servlet/trlicencias? HTTP/1.1" 200 13425
181.162.145.10 - - [05/Aug/2025:15:25:35 -0300] "GET /cormun/static/menuarrow.gif HTTP/1.1" 404 1015
181.162.145.10 - - [05/Aug/2025:15:26:03 -0300] "POST /cormun/servlet/trlicencias?9ef2cf034fd655c16cb5abf7b2b1ab89,,gx-no-cache=1754418520156 HTTP/1.1" 200 12679
181.162.145.10 - - [05/Aug/2025:15:26:18 -0300] "POST /cormun/servlet/trlicencias?9ef2cf034fd655c16cb5abf7b2b1ab89,,gx-no-cache=1754418534739 HTTP/1.1" 200 101
181.162.145.10 - - [05/Aug/2025:15:26:18 -0300] "GET /cormun/Licencias-7745.xls HTTP/1.1" 200 13312
201.186.225.191 - - [05/Aug/2025:15:27:51 -0300] "GET /cormun/servlet/trpermisosgoce? HTTP/1.1" 200 12712
201.186.225.191 - - [05/Aug/2025:15:27:55 -0300] "POST /cormun/servlet/trpermisosgoce?f8e5d54e7d09993c935ffca17628f4f5,,gx-no-cache=1754418631869 HTTP/1.1" 200 9912
201.186.225.191 - - [05/Aug/2025:15:27:55 -0300] "GET /cormun/static/Shared/jqueryui/images/ui-bg_highlight-soft_100_c6c2c8_1x100.png HTTP/1.1" 404 1117
201.186.225.191 - - [05/Aug/2025:15:27:55 -0300] "GET /cormun/static/Shared/jqueryui/images/ui-icons_82798d_256x240.png HTTP/1.1" 404 1089
201.186.225.191 - - [05/Aug/2025:15:27:55 -0300] "GET /cormun/static/Shared/jqueryui/images/ui-bg_flat_55_fafafa_40x100.png HTTP/1.1" 404 1097
201.186.225.191 - - [05/Aug/2025:15:27:55 -0300] "GET /cormun/static/Shared/jqueryui/images/ui-icons_8d78a5_256x240.png HTTP/1.1" 404 1089
201.186.225.191 - - [05/Aug/2025:15:27:58 -0300] "GET /cormun/servlet/permisogoce?INS,0,,, HTTP/1.1" 200 7068
201.186.225.191 - - [05/Aug/2025:15:28:02 -0300] "GET /cormun/servlet/prfichaempleado?,MD,,gxPopupLevel%3D0%3B HTTP/1.1" 200 9135
201.186.225.191 - - [05/Aug/2025:15:28:16 -0300] "POST /cormun/servlet/prfichaempleado?f8e5d54e7d09993c935ffca17628f4f5,,MD,,gxPopupLevel%3D0%3B,gx-no-cache=1754418653008 HTTP/1.1" 200 3415
201.186.225.191 - - [05/Aug/2025:15:28:19 -0300] "GET /cormun/servlet/permisogoce?117798efba1bea7b1dbe8ae1bbb1fed7b3445889e89487938ff3ccdc23e8239a93a1d2bb7b0c809c305091a4bbba01aeae6499a926c432512520a58425defecd,gx-no-cache=1754418656769 HTTP/1.1" 200 78
201.186.225.191 - - [05/Aug/2025:15:28:19 -0300] "GET /cormun/static/menuarrow.gif HTTP/1.1" 404 1015
201.186.225.191 - - [05/Aug/2025:15:28:37 -0300] "GET /cormun/servlet/permisogoce?117798efba1bea7b1dbe8ae1bbb1fed7985ca85b9996643c82593a6d48c38ea2871ef778a3c835e3cdcf11682d942477f17d63341144bb90de9e075868d4c5fc,gx-no-cache=1754418674075 HTTP/1.1" 200 45
201.186.225.191 - - [05/Aug/2025:15:28:38 -0300] "POST /cormun/servlet/permisogoce?f8e5d54e7d09993c935ffca17628f4f5,INS,0,,,,gx-no-cache=1754418675488 HTTP/1.1" 200 93
201.186.225.191 - - [05/Aug/2025:15:28:38 -0300] "GET /cormun/servlet/hpexe_return? HTTP/1.1" 200 1012
201.186.225.191 - - [05/Aug/2025:15:28:39 -0300] "GET /cormun/servlet/trpermisosgoce? HTTP/1.1" 200 12861
201.186.225.191 - - [05/Aug/2025:15:28:42 -0300] "GET /cormun/servlet/trpermisosadjuntos?15126351,20250805143049,P, HTTP/1.1" 200 6518
201.186.225.191 - - [05/Aug/2025:15:28:50 -0300] "GET /cormun/servlet/permisosadjuntos?INS,15126351,P,20250805143049,, HTTP/1.1" 200 5842
201.186.225.191 - - [05/Aug/2025:15:28:50 -0300] "GET /cormun/static/about:blank HTTP/1.1" 404 1011
201.186.225.191 - - [05/Aug/2025:15:29:12 -0300] "POST /cormun/servlet/permisosadjuntos?f8e5d54e7d09993c935ffca17628f4f5,INS,15126351,P,20250805143049,, HTTP/1.1" 200 116
201.186.225.191 - - [05/Aug/2025:15:29:12 -0300] "GET /cormun/servlet/hpexe_return? HTTP/1.1" 200 1041
201.186.225.191 - - [05/Aug/2025:15:29:12 -0300] "GET /cormun/servlet/trpermisosadjuntos?15126351,20250805143049,P, HTTP/1.1" 200 7014
181.162.145.10 - - [05/Aug/2025:15:29:24 -0300] "POST /cormun/servlet/trlicencias?9ef2cf034fd655c16cb5abf7b2b1ab89,,gx-no-cache=1754418721067 HTTP/1.1" 200 12967
181.162.145.10 - - [05/Aug/2025:15:29:33 -0300] "POST /cormun/servlet/trlicencias?9ef2cf034fd655c16cb5abf7b2b1ab89,,gx-no-cache=1754418730150 HTTP/1.1" 200 101
181.162.145.10 - - [05/Aug/2025:15:29:34 -0300] "POST /cormun/servlet/trlicencias?9ef2cf034fd655c16cb5abf7b2b1ab89,,gx-no-cache=1754418730279 HTTP/1.1" 200 12943
181.162.145.10 - - [05/Aug/2025:15:29:34 -0300] "GET /cormun/Licencias-2039.xls HTTP/1.1" 200 14848
190.114.36.245 - - [05/Aug/2025:15:30:46 -0300] "üY÷·jºQ?a¼ÿ±Ùµ!“w»!Ø•r™¯ ±É;é KÄ&‹Y—á ZZ£_$™G¹(“j%¶CëXR¬Š***À,À+Ì©À0À/̨À" 400 -
190.114.36.245 - - [05/Aug/2025:15:30:46 -0300] "üH€_·XP$C™Ž¬št§äÙIl¡?RB6|Ú#òÚȑ €@H)êøw }ëÙ®võ—°‚îOV´³;9 `ÛüŒ***À,À+Ì©À0À/̨À" 400 -
190.114.36.245 - - [05/Aug/2025:15:30:46 -0300] "ü: Dô1áÒrMú´”³®É0t0¹aÇ»dQïi‹ NÕ@4·V Ú) " 400 -
190.114.36.245 - - [05/Aug/2025:15:30:46 -0300] "üM»nŽàœ•NÔzÆ%2aW-­µRv$ØäW‡&Õ „«HR‚Žj*N±ë‡"õŸXMñ·xûfê‘*Z|½Cœ×"*ÚÚÀ,À+Ì©À0À/̨À " 400 -
190.114.36.245 - - [05/Aug/2025:15:30:47 -0300] "GET /cormun/servlet/hlogin HTTP/1.1" 200 1774
190.114.36.245 - - [05/Aug/2025:15:30:47 -0300] "GET /cormun/static/gxtimezone.js?85251 HTTP/1.1" 200 5781
190.114.36.245 - - [05/Aug/2025:15:30:47 -0300] "GET /cormun/static/gxfxSD.js?85251 HTTP/1.1" 200 15384
190.114.36.245 - - [05/Aug/2025:15:30:47 -0300] "GET /cormun/static/gxtypesSD.js?85251 HTTP/1.1" 200 24551
190.114.36.245 - - [05/Aug/2025:15:30:47 -0300] "GET /cormun/static/Resources/Spanish/PXTools.css?1759030 HTTP/1.1" 200 100853
190.114.36.245 - - [05/Aug/2025:15:30:47 -0300] "GET /cormun/static/gxhtmlSD.js?85251 HTTP/1.1" 200 50424
190.114.36.245 - - [05/Aug/2025:15:30:47 -0300] "GET /cormun/static/gxpopupSD.js?85251 HTTP/1.1" 200 22377
190.114.36.245 - - [05/Aug/2025:15:30:47 -0300] "GET /cormun/static/JavaScripTableSD.js?85251 HTTP/1.1" 200 25100
190.114.36.245 - - [05/Aug/2025:15:30:47 -0300] "GET /cormun/static/gxapiSD.js?85251 HTTP/1.1" 200 78773
190.114.36.245 - - [05/Aug/2025:15:30:47 -0300] "GET /cormun/static/rijndaelSD.js?85251 HTTP/1.1" 200 6763
190.114.36.245 - - [05/Aug/2025:15:30:47 -0300] "GET /cormun/static/gxgridSD.js?85251 HTTP/1.1" 200 50735
190.114.36.245 - - [05/Aug/2025:15:30:47 -0300] "GET /cormun/static/gxfrmutlSD.js?85251 HTTP/1.1" 200 89044
190.114.36.245 - - [05/Aug/2025:15:30:47 -0300] "GET /cormun/static/gxgralSD.js?85251 HTTP/1.1" 200 20927
190.114.36.245 - - [05/Aug/2025:15:30:47 -0300] "GET /cormun/static/gxcfg.js?85251 HTTP/1.1" 200 953
190.114.36.245 - - [05/Aug/2025:15:30:47 -0300] "GET /cormun/static/hlogin.js?2022112219184458 HTTP/1.1" 200 2156
190.114.36.245 - - [05/Aug/2025:15:30:47 -0300] "GET /cormun/static/messages.spa.js?85251 HTTP/1.1" 200 30736
190.114.36.245 - - [05/Aug/2025:15:30:47 -0300] "GET /cormun/static/Resources/CormunLogin.png HTTP/1.1" 200 19132
190.114.36.245 - - [05/Aug/2025:15:30:47 -0300] "GET /cormun/static/Resources/PXToolsLoginTop.png HTTP/1.1" 200 1337
190.114.36.245 - - [05/Aug/2025:15:30:47 -0300] "GET /cormun/static/Resources/PXToolsLoginBackground.png HTTP/1.1" 200 1164
190.114.36.245 - - [05/Aug/2025:15:30:47 -0300] "GET /cormun/static/Resources/PXToolsButtonLeft.png HTTP/1.1" 200 1310
190.114.36.245 - - [05/Aug/2025:15:30:47 -0300] "GET /cormun/static/Resources/PXToolsButtonRight.png HTTP/1.1" 200 1294
190.114.36.245 - - [05/Aug/2025:15:30:47 -0300] "GET /cormun/static/Resources/PXToolsLoginBottom.png HTTP/1.1" 200 1389
190.114.36.245 - - [05/Aug/2025:15:30:47 -0300] "GET /cormun/static/Resources/PXToolsButtonBackground.png HTTP/1.1" 200 1176
190.114.36.245 - - [05/Aug/2025:15:30:47 -0300] "GET /cormun/servlet/hlogin HTTP/1.1" 200 1785
190.114.36.245 - - [05/Aug/2025:15:30:47 -0300] "GET /cormun/static/Resources/PXToolsButtonBackground.png HTTP/1.1" 200 1176
190.114.36.245 - - [05/Aug/2025:15:30:47 -0300] "GET /cormun/static/Resources/indicator.gif HTTP/1.1" 200 1553
190.114.36.245 - - [05/Aug/2025:15:30:47 -0300] "GET /favicon.ico HTTP/1.1" 200 21630
190.114.36.245 - - [05/Aug/2025:15:30:57 -0300] "üäË.BÀHûÖÀÜ?;޻ϖÞzÏÉõPëlhÇ8'‘!é ó–u=× KÝE“"³¥ï¾gZù@‹ƒ9S?òNË*jjÀ,À+Ì©À0À/̨À" 400 -
190.114.36.245 - - [05/Aug/2025:15:30:57 -0300] "ü(·ngÅë#ˆC֝¸k´ä¶&ä9š*fèyûj¯¿zþ: ™9_n8Z5¯©f܊`9Ví³^…öán…s{2­.Ö4*zzÀ,À+Ì©À0À/̨À " 400 -
190.114.36.245 - - [05/Aug/2025:15:30:57 -0300] "üeF.°³7*Ж‰Ô&î6*(¡›€º9oºRð঒ bªêœ)Oݺæ´è”ͪ ‰#Èyä xё{±_ú*jjÀ,À+Ì©À0À/̨À" 400 -
190.114.36.245 - - [05/Aug/2025:15:30:57 -0300] "ü‘G˜Ú˜Ô‰¹;2ûÄU‹<à{#‰ÂjTzÇAJÍ "ÓM€­á÷=Ôôê›ÛnÒYlM›Ì½-L5‹»*úúÀ,À+Ì©À0À/̨À " 400 -
190.114.36.245 - - [05/Aug/2025:15:30:57 -0300] "GET /cormun/servlet/hlogin HTTP/1.1" 200 1774
201.186.225.191 - - [05/Aug/2025:15:31:14 -0300] "GET /cormun/servlet/trpermisosgoce? HTTP/1.1" 200 12862
181.162.145.10 - - [05/Aug/2025:15:31:18 -0300] "POST /cormun/servlet/trlicencias?9ef2cf034fd655c16cb5abf7b2b1ab89,,gx-no-cache=1754418835053 HTTP/1.1" 200 10835
201.186.225.191 - - [05/Aug/2025:15:31:19 -0300] "POST /cormun/servlet/trpermisosgoce?f8e5d54e7d09993c935ffca17628f4f5,,gx-no-cache=1754418836555 HTTP/1.1" 200 10089
201.186.225.191 - - [05/Aug/2025:15:31:19 -0300] "GET /cormun/static/Shared/jqueryui/images/ui-bg_highlight-soft_100_c6c2c8_1x100.png HTTP/1.1" 404 1117
201.186.225.191 - - [05/Aug/2025:15:31:19 -0300] "GET /cormun/static/Shared/jqueryui/images/ui-icons_82798d_256x240.png HTTP/1.1" 404 1089
201.186.225.191 - - [05/Aug/2025:15:31:19 -0300] "GET /cormun/static/Shared/jqueryui/images/ui-icons_8d78a5_256x240.png HTTP/1.1" 404 1089
201.186.225.191 - - [05/Aug/2025:15:31:19 -0300] "GET /cormun/static/Shared/jqueryui/images/ui-bg_flat_55_fafafa_40x100.png HTTP/1.1" 404 1097
201.186.225.191 - - [05/Aug/2025:15:31:22 -0300] "GET /cormun/servlet/permisogoce?INS,0,,, HTTP/1.1" 200 7068
201.186.225.191 - - [05/Aug/2025:15:31:25 -0300] "GET /cormun/servlet/prfichaempleado?,MD,,gxPopupLevel%3D0%3B HTTP/1.1" 200 9135
181.162.145.10 - - [05/Aug/2025:15:31:28 -0300] "POST /cormun/servlet/trlicencias?9ef2cf034fd655c16cb5abf7b2b1ab89,,gx-no-cache=1754418845183 HTTP/1.1" 200 101
181.162.145.10 - - [05/Aug/2025:15:31:28 -0300] "POST /cormun/servlet/trlicencias?9ef2cf034fd655c16cb5abf7b2b1ab89,,gx-no-cache=1754418845275 HTTP/1.1" 200 10813
181.162.145.10 - - [05/Aug/2025:15:31:29 -0300] "GET /cormun/Licencias-5286.xls HTTP/1.1" 200 10752
201.186.225.191 - - [05/Aug/2025:15:31:37 -0300] "POST /cormun/servlet/prfichaempleado?f8e5d54e7d09993c935ffca17628f4f5,,MD,,gxPopupLevel%3D0%3B,gx-no-cache=1754418854865 HTTP/1.1" 200 3415
201.186.225.191 - - [05/Aug/2025:15:31:42 -0300] "GET /cormun/servlet/permisogoce?117798efba1bea7b1dbe8ae1bbb1fed7b3445889e89487938ff3ccdc23e8239a93a1d2bb7b0c809c305091a4bbba01aeae6499a926c432512520a58425defecd,gx-no-cache=1754418859040 HTTP/1.1" 200 78
181.162.145.10 - - [05/Aug/2025:15:32:26 -0300] "POST /cormun/servlet/trlicencias?9ef2cf034fd655c16cb5abf7b2b1ab89,,gx-no-cache=1754418902235 HTTP/1.1" 200 13960
181.162.145.10 - - [05/Aug/2025:15:32:30 -0300] "POST /cormun/servlet/trlicencias?9ef2cf034fd655c16cb5abf7b2b1ab89,,gx-no-cache=1754418906735 HTTP/1.1" 200 9462
181.162.145.10 - - [05/Aug/2025:15:32:32 -0300] "POST /cormun/servlet/trlicencias?9ef2cf034fd655c16cb5abf7b2b1ab89,,gx-no-cache=1754418908920 HTTP/1.1" 200 101
181.162.145.10 - - [05/Aug/2025:15:32:32 -0300] "POST /cormun/servlet/trlicencias?9ef2cf034fd655c16cb5abf7b2b1ab89,,gx-no-cache=1754418909045 HTTP/1.1" 200 9438
181.162.145.10 - - [05/Aug/2025:15:32:32 -0300] "GET /cormun/Licencias-2746.xls HTTP/1.1" 200 9216
201.186.225.191 - - [05/Aug/2025:15:32:42 -0300] "GET /cormun/servlet/permisogoce?117798efba1bea7b1dbe8ae1bbb1fed7985ca85b9996643c82593a6d48c38ea27a91b7e9462bfba49d87fd7a58c1f197f17d63341144bb90de9e075868d4c5fc,gx-no-cache=1754418919902 HTTP/1.1" 200 47
201.186.225.191 - - [05/Aug/2025:15:32:44 -0300] "POST /cormun/servlet/permisogoce?f8e5d54e7d09993c935ffca17628f4f5,INS,0,,,,gx-no-cache=1754418921556 HTTP/1.1" 200 93
201.186.225.191 - - [05/Aug/2025:15:32:44 -0300] "GET /cormun/servlet/hpexe_return? HTTP/1.1" 200 1012
201.186.225.191 - - [05/Aug/2025:15:32:45 -0300] "GET /cormun/servlet/trpermisosgoce? HTTP/1.1" 200 13025
201.186.225.191 - - [05/Aug/2025:15:32:49 -0300] "GET /cormun/servlet/trpermisosadjuntos?15126351,20250805143413,P, HTTP/1.1" 200 6517
201.186.225.191 - - [05/Aug/2025:15:32:51 -0300] "GET /cormun/servlet/permisosadjuntos?INS,15126351,P,20250805143413,, HTTP/1.1" 200 5841
201.186.225.191 - - [05/Aug/2025:15:32:51 -0300] "GET /cormun/static/about:blank HTTP/1.1" 404 1011
201.186.225.191 - - [05/Aug/2025:15:33:08 -0300] "POST /cormun/servlet/permisosadjuntos?f8e5d54e7d09993c935ffca17628f4f5,INS,15126351,P,20250805143413,, HTTP/1.1" 200 116
201.186.225.191 - - [05/Aug/2025:15:33:08 -0300] "GET /cormun/servlet/hpexe_return? HTTP/1.1" 200 1041
201.186.225.191 - - [05/Aug/2025:15:33:08 -0300] "GET /cormun/servlet/trpermisosadjuntos?15126351,20250805143413,P, HTTP/1.1" 200 7012
201.186.225.191 - - [05/Aug/2025:15:33:11 -0300] "GET /cormun/servlet/trpermisosgoce? HTTP/1.1" 200 13027
201.186.225.191 - - [05/Aug/2025:15:33:14 -0300] "POST /cormun/servlet/trpermisosgoce?f8e5d54e7d09993c935ffca17628f4f5,,gx-no-cache=1754418951101 HTTP/1.1" 200 10329
201.186.225.191 - - [05/Aug/2025:15:33:14 -0300] "GET /cormun/static/Shared/jqueryui/images/ui-bg_highlight-soft_100_c6c2c8_1x100.png HTTP/1.1" 404 1117
201.186.225.191 - - [05/Aug/2025:15:33:14 -0300] "GET /cormun/static/Shared/jqueryui/images/ui-icons_82798d_256x240.png HTTP/1.1" 404 1089
201.186.225.191 - - [05/Aug/2025:15:33:14 -0300] "GET /cormun/static/Shared/jqueryui/images/ui-icons_8d78a5_256x240.png HTTP/1.1" 404 1089
201.186.225.191 - - [05/Aug/2025:15:33:14 -0300] "GET /cormun/static/Shared/jqueryui/images/ui-bg_flat_55_fafafa_40x100.png HTTP/1.1" 404 1097
201.186.225.191 - - [05/Aug/2025:15:33:22 -0300] "GET /cormun/servlet/permisogoce?INS,0,,, HTTP/1.1" 200 7068
201.186.225.191 - - [05/Aug/2025:15:33:27 -0300] "GET /cormun/servlet/prfichaempleado?,MD,,gxPopupLevel%3D0%3B HTTP/1.1" 200 9135
190.95.67.95 - - [05/Aug/2025:15:33:29 -0300] "GET /cormun/servlet/hlogin HTTP/1.1" 200 1713
190.95.67.95 - - [05/Aug/2025:15:33:32 -0300] "POST /cormun/servlet/hlogin?19a26a9b2dd00511c6f923d8042ce43a,gx-no-cache=1754418968908 HTTP/1.1" 200 90
190.95.67.95 - - [05/Aug/2025:15:33:32 -0300] "GET /cormun/servlet/hpexe_link HTTP/1.1" 200 944
190.95.67.95 - - [05/Aug/2025:15:33:33 -0300] "GET /cormun/servlet/hhome HTTP/1.1" 200 3998
201.186.225.191 - - [05/Aug/2025:15:33:35 -0300] "POST /cormun/servlet/prfichaempleado?f8e5d54e7d09993c935ffca17628f4f5,,MD,,gxPopupLevel%3D0%3B,gx-no-cache=1754418972112 HTTP/1.1" 200 3415
181.162.145.10 - - [05/Aug/2025:15:33:36 -0300] "POST /cormun/servlet/trlicencias?9ef2cf034fd655c16cb5abf7b2b1ab89,,gx-no-cache=1754418972702 HTTP/1.1" 200 8719
201.186.225.191 - - [05/Aug/2025:15:33:39 -0300] "GET /cormun/servlet/permisogoce?117798efba1bea7b1dbe8ae1bbb1fed7b3445889e89487938ff3ccdc23e8239a93a1d2bb7b0c809c305091a4bbba01aeae6499a926c432512520a58425defecd,gx-no-cache=1754418976055 HTTP/1.1" 200 77
181.162.145.10 - - [05/Aug/2025:15:33:54 -0300] "POST /cormun/servlet/trlicencias?9ef2cf034fd655c16cb5abf7b2b1ab89,,gx-no-cache=1754418990919 HTTP/1.1" 200 8718
201.186.225.191 - - [05/Aug/2025:15:34:01 -0300] "GET /cormun/servlet/permisogoce?117798efba1bea7b1dbe8ae1bbb1fed7985ca85b9996643c82593a6d48c38ea2c457f314c9af24d11825839fc98f4320f17d63341144bb90de9e075868d4c5fc,gx-no-cache=1754418998157 HTTP/1.1" 200 48
201.186.225.191 - - [05/Aug/2025:15:34:02 -0300] "POST /cormun/servlet/permisogoce?f8e5d54e7d09993c935ffca17628f4f5,INS,0,,,,gx-no-cache=1754418999504 HTTP/1.1" 200 93
201.186.225.191 - - [05/Aug/2025:15:34:02 -0300] "GET /cormun/servlet/hpexe_return? HTTP/1.1" 200 1012
201.186.225.191 - - [05/Aug/2025:15:34:03 -0300] "GET /cormun/servlet/trpermisosgoce? HTTP/1.1" 200 13171
201.186.225.191 - - [05/Aug/2025:15:34:07 -0300] "GET /cormun/servlet/trpermisosadjuntos?15126351,20250805143613,P, HTTP/1.1" 200 6517
201.186.225.191 - - [05/Aug/2025:15:34:10 -0300] "GET /cormun/servlet/permisosadjuntos?INS,15126351,P,20250805143613,, HTTP/1.1" 200 5843
190.95.67.95 - - [05/Aug/2025:15:34:10 -0300] "GET /cormun/servlet/trlicencias? HTTP/1.1" 200 10067
201.186.225.191 - - [05/Aug/2025:15:34:10 -0300] "GET /cormun/static/about:blank HTTP/1.1" 404 1011
190.95.67.95 - - [05/Aug/2025:15:34:11 -0300] "GET /cormun/static/gxcfg.js?202211298463625 HTTP/1.1" 200 953
190.95.67.95 - - [05/Aug/2025:15:34:11 -0300] "GET /cormun/static/trlicencias.js?202211298463889 HTTP/1.1" 200 41883
181.162.145.10 - - [05/Aug/2025:15:34:12 -0300] "POST /cormun/servlet/trlicencias?9ef2cf034fd655c16cb5abf7b2b1ab89,,gx-no-cache=1754419008287 HTTP/1.1" 200 8721
201.186.225.191 - - [05/Aug/2025:15:34:21 -0300] "POST /cormun/servlet/permisosadjuntos?f8e5d54e7d09993c935ffca17628f4f5,INS,15126351,P,20250805143613,, HTTP/1.1" 200 116
201.186.225.191 - - [05/Aug/2025:15:34:21 -0300] "GET /cormun/servlet/hpexe_return? HTTP/1.1" 200 1041
201.186.225.191 - - [05/Aug/2025:15:34:21 -0300] "GET /cormun/servlet/trpermisosadjuntos?15126351,20250805143613,P, HTTP/1.1" 200 7015
201.186.225.191 - - [05/Aug/2025:15:34:24 -0300] "GET /cormun/servlet/trpermisosgoce? HTTP/1.1" 200 13173
181.162.145.10 - - [05/Aug/2025:15:34:27 -0300] "POST /cormun/servlet/trlicencias?9ef2cf034fd655c16cb5abf7b2b1ab89,,gx-no-cache=1754419023635 HTTP/1.1" 200 101
181.162.145.10 - - [05/Aug/2025:15:34:27 -0300] "POST /cormun/servlet/trlicencias?9ef2cf034fd655c16cb5abf7b2b1ab89,,gx-no-cache=1754419023729 HTTP/1.1" 200 8698
181.162.145.10 - - [05/Aug/2025:15:34:27 -0300] "GET /cormun/Licencias-8468.xls HTTP/1.1" 200 8192
201.186.225.191 - - [05/Aug/2025:15:34:28 -0300] "POST /cormun/servlet/trpermisosgoce?f8e5d54e7d09993c935ffca17628f4f5,,gx-no-cache=1754419024970 HTTP/1.1" 200 10496
201.186.225.191 - - [05/Aug/2025:15:34:28 -0300] "GET /cormun/static/Shared/jqueryui/images/ui-bg_highlight-soft_100_c6c2c8_1x100.png HTTP/1.1" 404 1117
201.186.225.191 - - [05/Aug/2025:15:34:28 -0300] "GET /cormun/static/Shared/jqueryui/images/ui-icons_82798d_256x240.png HTTP/1.1" 404 1089
201.186.225.191 - - [05/Aug/2025:15:34:28 -0300] "GET /cormun/static/Shared/jqueryui/images/ui-bg_flat_55_fafafa_40x100.png HTTP/1.1" 404 1097
201.186.225.191 - - [05/Aug/2025:15:34:28 -0300] "GET /cormun/static/Shared/jqueryui/images/ui-icons_8d78a5_256x240.png HTTP/1.1" 404 1089
201.186.225.191 - - [05/Aug/2025:15:34:30 -0300] "GET /cormun/servlet/permisogoce?INS,0,,, HTTP/1.1" 200 7068
181.162.145.10 - - [05/Aug/2025:15:35:18 -0300] "POST /cormun/servlet/trlicencias?9ef2cf034fd655c16cb5abf7b2b1ab89,,gx-no-cache=1754419074919 HTTP/1.1" 200 12348
181.162.145.10 - - [05/Aug/2025:15:35:20 -0300] "POST /cormun/servlet/trlicencias?9ef2cf034fd655c16cb5abf7b2b1ab89,,gx-no-cache=1754419077121 HTTP/1.1" 200 101
181.162.145.10 - - [05/Aug/2025:15:35:20 -0300] "POST /cormun/servlet/trlicencias?9ef2cf034fd655c16cb5abf7b2b1ab89,,gx-no-cache=1754419077210 HTTP/1.1" 200 12324
181.162.145.10 - - [05/Aug/2025:15:35:21 -0300] "GET /cormun/Licencias-7350.xls HTTP/1.1" 200 13312
201.186.225.191 - - [05/Aug/2025:15:35:50 -0300] "GET /cormun/servlet/prfichaempleado?,MD,,gxPopupLevel%3D0%3B HTTP/1.1" 200 9135
201.186.225.191 - - [05/Aug/2025:15:35:55 -0300] "POST /cormun/servlet/prfichaempleado?f8e5d54e7d09993c935ffca17628f4f5,,MD,,gxPopupLevel%3D0%3B,gx-no-cache=1754419112317 HTTP/1.1" 200 3415
201.186.225.191 - - [05/Aug/2025:15:35:58 -0300] "GET /cormun/servlet/permisogoce?117798efba1bea7b1dbe8ae1bbb1fed7b3445889e89487938ff3ccdc23e8239a93a1d2bb7b0c809c305091a4bbba01aeae6499a926c432512520a58425defecd,gx-no-cache=1754419115748 HTTP/1.1" 200 78
201.186.225.191 - - [05/Aug/2025:15:36:09 -0300] "GET /cormun/servlet/permisogoce?117798efba1bea7b1dbe8ae1bbb1fed7985ca85b9996643c82593a6d48c38ea2c457f314c9af24d11825839fc98f4320f17d63341144bb90de9e075868d4c5fc,gx-no-cache=1754419126151 HTTP/1.1" 200 48
201.186.225.191 - - [05/Aug/2025:15:36:10 -0300] "POST /cormun/servlet/permisogoce?f8e5d54e7d09993c935ffca17628f4f5,INS,0,,,,gx-no-cache=1754419127523 HTTP/1.1" 200 93
201.186.225.191 - - [05/Aug/2025:15:36:10 -0300] "GET /cormun/servlet/hpexe_return? HTTP/1.1" 200 1012
201.186.225.191 - - [05/Aug/2025:15:36:11 -0300] "GET /cormun/servlet/trpermisosgoce? HTTP/1.1" 200 13319
201.186.225.191 - - [05/Aug/2025:15:36:14 -0300] "GET /cormun/servlet/trpermisosadjuntos?15126351,20250805143721,P, HTTP/1.1" 200 6517
201.186.225.191 - - [05/Aug/2025:15:36:16 -0300] "GET /cormun/servlet/permisosadjuntos?INS,15126351,P,20250805143721,, HTTP/1.1" 200 5841
201.186.225.191 - - [05/Aug/2025:15:36:16 -0300] "GET /cormun/static/about:blank HTTP/1.1" 404 1011
201.186.225.191 - - [05/Aug/2025:15:36:29 -0300] "POST /cormun/servlet/permisosadjuntos?f8e5d54e7d09993c935ffca17628f4f5,INS,15126351,P,20250805143721,, HTTP/1.1" 200 116
201.186.225.191 - - [05/Aug/2025:15:36:29 -0300] "GET /cormun/servlet/hpexe_return? HTTP/1.1" 200 1041
201.186.225.191 - - [05/Aug/2025:15:36:29 -0300] "GET /cormun/servlet/trpermisosadjuntos?15126351,20250805143721,P, HTTP/1.1" 200 7014
201.186.225.191 - - [05/Aug/2025:15:36:33 -0300] "GET /cormun/servlet/trpermisosgoce? HTTP/1.1" 200 13318
201.186.225.191 - - [05/Aug/2025:15:36:37 -0300] "POST /cormun/servlet/trpermisosgoce?f8e5d54e7d09993c935ffca17628f4f5,,gx-no-cache=1754419154448 HTTP/1.1" 200 10674
201.186.225.191 - - [05/Aug/2025:15:36:37 -0300] "GET /cormun/static/Shared/jqueryui/images/ui-bg_highlight-soft_100_c6c2c8_1x100.png HTTP/1.1" 404 1117
201.186.225.191 - - [05/Aug/2025:15:36:37 -0300] "GET /cormun/static/Shared/jqueryui/images/ui-icons_82798d_256x240.png HTTP/1.1" 404 1089
201.186.225.191 - - [05/Aug/2025:15:36:37 -0300] "GET /cormun/static/Shared/jqueryui/images/ui-bg_flat_55_fafafa_40x100.png HTTP/1.1" 404 1097
201.186.225.191 - - [05/Aug/2025:15:36:37 -0300] "GET /cormun/static/Shared/jqueryui/images/ui-icons_8d78a5_256x240.png HTTP/1.1" 404 1089
181.162.145.10 - - [05/Aug/2025:15:36:48 -0300] "POST /cormun/servlet/trlicencias?9ef2cf034fd655c16cb5abf7b2b1ab89,,gx-no-cache=1754419164754 HTTP/1.1" 200 17077
181.162.145.10 - - [05/Aug/2025:15:37:04 -0300] "POST /cormun/servlet/trlicencias?9ef2cf034fd655c16cb5abf7b2b1ab89,,gx-no-cache=1754419181171 HTTP/1.1" 200 17079
181.162.145.10 - - [05/Aug/2025:15:37:09 -0300] "POST /cormun/servlet/trlicencias?9ef2cf034fd655c16cb5abf7b2b1ab89,,gx-no-cache=1754419185338 HTTP/1.1" 200 101
181.162.145.10 - - [05/Aug/2025:15:37:09 -0300] "POST /cormun/servlet/trlicencias?9ef2cf034fd655c16cb5abf7b2b1ab89,,gx-no-cache=1754419185493 HTTP/1.1" 200 17055
181.162.145.10 - - [05/Aug/2025:15:37:09 -0300] "GET /cormun/Licencias-4589.xls HTTP/1.1" 200 21504
201.186.225.191 - - [05/Aug/2025:15:37:23 -0300] "GET /cormun/servlet/permisogoce?INS,0,,, HTTP/1.1" 200 7068
201.186.225.191 - - [05/Aug/2025:15:37:26 -0300] "GET /cormun/servlet/prfichaempleado?,MD,,gxPopupLevel%3D0%3B HTTP/1.1" 200 9135
201.186.225.191 - - [05/Aug/2025:15:37:31 -0300] "POST /cormun/servlet/prfichaempleado?f8e5d54e7d09993c935ffca17628f4f5,,MD,,gxPopupLevel%3D0%3B,gx-no-cache=1754419208936 HTTP/1.1" 200 3415
201.186.225.191 - - [05/Aug/2025:15:37:36 -0300] "GET /cormun/servlet/permisogoce?117798efba1bea7b1dbe8ae1bbb1fed7b3445889e89487938ff3ccdc23e8239a93a1d2bb7b0c809c305091a4bbba01aeae6499a926c432512520a58425defecd,gx-no-cache=1754419213383 HTTP/1.1" 200 78
201.186.225.191 - - [05/Aug/2025:15:37:45 -0300] "GET /cormun/servlet/permisogoce?117798efba1bea7b1dbe8ae1bbb1fed7985ca85b9996643c82593a6d48c38ea25cf92b3fe67a44581e97d8d652a77515f17d63341144bb90de9e075868d4c5fc,gx-no-cache=1754419222017 HTTP/1.1" 200 48
201.186.225.191 - - [05/Aug/2025:15:37:46 -0300] "POST /cormun/servlet/permisogoce?f8e5d54e7d09993c935ffca17628f4f5,INS,0,,,,gx-no-cache=1754419223136 HTTP/1.1" 200 93
201.186.225.191 - - [05/Aug/2025:15:37:46 -0300] "GET /cormun/servlet/hpexe_return? HTTP/1.1" 200 1012
201.186.225.191 - - [05/Aug/2025:15:37:46 -0300] "GET /cormun/servlet/trpermisosgoce? HTTP/1.1" 200 13481
201.186.225.191 - - [05/Aug/2025:15:37:52 -0300] "GET /cormun/servlet/trpermisosadjuntos?15126351,20250805144014,P, HTTP/1.1" 200 6518
201.186.225.191 - - [05/Aug/2025:15:37:56 -0300] "GET /cormun/servlet/permisosadjuntos?INS,15126351,P,20250805144014,, HTTP/1.1" 200 5840
201.186.225.191 - - [05/Aug/2025:15:37:56 -0300] "GET /cormun/static/about:blank HTTP/1.1" 404 1011
201.186.225.191 - - [05/Aug/2025:15:38:13 -0300] "POST /cormun/servlet/permisosadjuntos?f8e5d54e7d09993c935ffca17628f4f5,INS,15126351,P,20250805144014,, HTTP/1.1" 200 116
201.186.225.191 - - [05/Aug/2025:15:38:13 -0300] "GET /cormun/servlet/hpexe_return? HTTP/1.1" 200 1041
201.186.225.191 - - [05/Aug/2025:15:38:13 -0300] "GET /cormun/servlet/trpermisosadjuntos?15126351,20250805144014,P, HTTP/1.1" 200 7012
201.186.225.191 - - [05/Aug/2025:15:38:16 -0300] "GET /cormun/servlet/trpermisosgoce? HTTP/1.1" 200 13482
201.186.225.191 - - [05/Aug/2025:15:38:18 -0300] "POST /cormun/servlet/trpermisosgoce?f8e5d54e7d09993c935ffca17628f4f5,,gx-no-cache=1754419255118 HTTP/1.1" 200 10847
201.186.225.191 - - [05/Aug/2025:15:38:18 -0300] "GET /cormun/static/Shared/jqueryui/images/ui-bg_highlight-soft_100_c6c2c8_1x100.png HTTP/1.1" 404 1117
201.186.225.191 - - [05/Aug/2025:15:38:18 -0300] "GET /cormun/static/Shared/jqueryui/images/ui-icons_82798d_256x240.png HTTP/1.1" 404 1089
201.186.225.191 - - [05/Aug/2025:15:38:18 -0300] "GET /cormun/static/Shared/jqueryui/images/ui-icons_8d78a5_256x240.png HTTP/1.1" 404 1089
201.186.225.191 - - [05/Aug/2025:15:38:18 -0300] "GET /cormun/static/Shared/jqueryui/images/ui-bg_flat_55_fafafa_40x100.png HTTP/1.1" 404 1097
201.186.225.191 - - [05/Aug/2025:15:38:27 -0300] "GET /cormun/servlet/permisogoce?INS,0,,, HTTP/1.1" 200 7068
201.186.225.191 - - [05/Aug/2025:15:38:30 -0300] "GET /cormun/servlet/prfichaempleado?,MD,,gxPopupLevel%3D0%3B HTTP/1.1" 200 9135
201.186.225.191 - - [05/Aug/2025:15:38:34 -0300] "POST /cormun/servlet/prfichaempleado?f8e5d54e7d09993c935ffca17628f4f5,,MD,,gxPopupLevel%3D0%3B,gx-no-cache=1754419271668 HTTP/1.1" 200 3415
201.186.225.191 - - [05/Aug/2025:15:38:38 -0300] "GET /cormun/servlet/permisogoce?117798efba1bea7b1dbe8ae1bbb1fed7b3445889e89487938ff3ccdc23e8239a93a1d2bb7b0c809c305091a4bbba01aeae6499a926c432512520a58425defecd,gx-no-cache=1754419275243 HTTP/1.1" 200 76
201.186.225.191 - - [05/Aug/2025:15:38:46 -0300] "GET /cormun/servlet/permisogoce?117798efba1bea7b1dbe8ae1bbb1fed7985ca85b9996643c82593a6d48c38ea2f3e8faff72dc8315b9aefd5c51cb618df17d63341144bb90de9e075868d4c5fc,gx-no-cache=1754419283374 HTTP/1.1" 200 48
201.186.225.191 - - [05/Aug/2025:15:38:48 -0300] "POST /cormun/servlet/permisogoce?f8e5d54e7d09993c935ffca17628f4f5,INS,0,,,,gx-no-cache=1754419285387 HTTP/1.1" 200 93
201.186.225.191 - - [05/Aug/2025:15:38:48 -0300] "GET /cormun/servlet/hpexe_return? HTTP/1.1" 200 1012
201.186.225.191 - - [05/Aug/2025:15:38:48 -0300] "GET /cormun/servlet/trpermisosgoce? HTTP/1.1" 200 13625
201.186.225.191 - - [05/Aug/2025:15:38:52 -0300] "GET /cormun/servlet/trpermisosadjuntos?15126351,20250805144118,P, HTTP/1.1" 200 6518
201.186.225.191 - - [05/Aug/2025:15:38:54 -0300] "GET /cormun/servlet/permisosadjuntos?INS,15126351,P,20250805144118,, HTTP/1.1" 200 5840
201.186.225.191 - - [05/Aug/2025:15:38:54 -0300] "GET /cormun/static/about:blank HTTP/1.1" 404 1011
201.186.225.191 - - [05/Aug/2025:15:39:12 -0300] "POST /cormun/servlet/permisosadjuntos?f8e5d54e7d09993c935ffca17628f4f5,INS,15126351,P,20250805144118,, HTTP/1.1" 200 116
201.186.225.191 - - [05/Aug/2025:15:39:13 -0300] "GET /cormun/servlet/hpexe_return? HTTP/1.1" 200 1041
201.186.225.191 - - [05/Aug/2025:15:39:13 -0300] "GET /cormun/servlet/trpermisosadjuntos?15126351,20250805144118,P, HTTP/1.1" 200 7014
201.186.225.191 - - [05/Aug/2025:15:39:15 -0300] "GET /cormun/servlet/trpermisosgoce? HTTP/1.1" 200 13626
201.186.225.191 - - [05/Aug/2025:15:39:18 -0300] "POST /cormun/servlet/trpermisosgoce?f8e5d54e7d09993c935ffca17628f4f5,,gx-no-cache=1754419315670 HTTP/1.1" 200 11014
201.186.225.191 - - [05/Aug/2025:15:39:18 -0300] "GET /cormun/static/Shared/jqueryui/images/ui-bg_highlight-soft_100_c6c2c8_1x100.png HTTP/1.1" 404 1117
201.186.225.191 - - [05/Aug/2025:15:39:18 -0300] "GET /cormun/static/Shared/jqueryui/images/ui-icons_82798d_256x240.png HTTP/1.1" 404 1089
201.186.225.191 - - [05/Aug/2025:15:39:18 -0300] "GET /cormun/static/Shared/jqueryui/images/ui-bg_flat_55_fafafa_40x100.png HTTP/1.1" 404 1097
201.186.225.191 - - [05/Aug/2025:15:39:18 -0300] "GET /cormun/static/Shared/jqueryui/images/ui-icons_8d78a5_256x240.png HTTP/1.1" 404 1089
181.162.145.10 - - [05/Aug/2025:15:39:24 -0300] "POST /cormun/servlet/trlicencias?9ef2cf034fd655c16cb5abf7b2b1ab89,,gx-no-cache=1754419320572 HTTP/1.1" 200 9131
201.186.225.191 - - [05/Aug/2025:15:39:28 -0300] "GET /cormun/servlet/trlicencias? HTTP/1.1" 200 14066
181.162.145.10 - - [05/Aug/2025:15:39:33 -0300] "POST /cormun/servlet/trlicencias?9ef2cf034fd655c16cb5abf7b2b1ab89,,gx-no-cache=1754419329970 HTTP/1.1" 200 101
181.162.145.10 - - [05/Aug/2025:15:39:33 -0300] "POST /cormun/servlet/trlicencias?9ef2cf034fd655c16cb5abf7b2b1ab89,,gx-no-cache=1754419330071 HTTP/1.1" 200 9108
181.162.145.10 - - [05/Aug/2025:15:39:33 -0300] "GET /cormun/Licencias-4152.xls HTTP/1.1" 200 8704
201.186.225.191 - - [05/Aug/2025:15:39:38 -0300] "GET /cormun/servlet/trautorizarpermisogoce? HTTP/1.1" 200 8865
201.186.225.191 - - [05/Aug/2025:15:39:45 -0300] "POST /cormun/servlet/trautorizarpermisogoce?f8e5d54e7d09993c935ffca17628f4f5,,gx-no-cache=1754419342101 HTTP/1.1" 200 4559
201.186.225.191 - - [05/Aug/2025:15:39:52 -0300] "GET /cormun/servlet/trautorizarpermisogoce? HTTP/1.1" 200 7025
201.186.225.191 - - [05/Aug/2025:15:40:01 -0300] "GET /cormun/servlet/hlogin HTTP/1.1" 200 1748
181.162.145.10 - - [05/Aug/2025:15:40:58 -0300] "GET /cormun/servlet/trlicencias? HTTP/1.1" 200 11491
181.162.145.10 - - [05/Aug/2025:15:41:06 -0300] "POST /cormun/servlet/trlicencias?9ef2cf034fd655c16cb5abf7b2b1ab89,,gx-no-cache=1754419421908 HTTP/1.1" 200 18381
181.162.145.10 - - [05/Aug/2025:15:41:33 -0300] "POST /cormun/servlet/trlicencias?9ef2cf034fd655c16cb5abf7b2b1ab89,,gx-no-cache=1754419449988 HTTP/1.1" 200 7475
181.162.145.10 - - [05/Aug/2025:15:41:54 -0300] "POST /cormun/servlet/trlicencias?9ef2cf034fd655c16cb5abf7b2b1ab89,,gx-no-cache=1754419469607 HTTP/1.1" 200 18382
181.162.145.10 - - [05/Aug/2025:15:42:20 -0300] "POST /cormun/servlet/trlicencias?9ef2cf034fd655c16cb5abf7b2b1ab89,,gx-no-cache=1754419496853 HTTP/1.1" 200 7641
181.162.145.10 - - [05/Aug/2025:15:42:30 -0300] "POST /cormun/servlet/trlicencias?9ef2cf034fd655c16cb5abf7b2b1ab89,,gx-no-cache=1754419505230 HTTP/1.1" 200 18373
181.162.145.10 - - [05/Aug/2025:15:42:53 -0300] "POST /cormun/servlet/trlicencias?9ef2cf034fd655c16cb5abf7b2b1ab89,,gx-no-cache=1754419529806 HTTP/1.1" 200 13290
181.162.145.10 - - [05/Aug/2025:15:43:02 -0300] "POST /cormun/servlet/trlicencias?9ef2cf034fd655c16cb5abf7b2b1ab89,,gx-no-cache=1754419538856 HTTP/1.1" 200 101
181.162.145.10 - - [05/Aug/2025:15:43:02 -0300] "POST /cormun/servlet/trlicencias?9ef2cf034fd655c16cb5abf7b2b1ab89,,gx-no-cache=1754419538994 HTTP/1.1" 200 13268
181.162.145.10 - - [05/Aug/2025:15:43:02 -0300] "GET /cormun/Licencias-2064.xls HTTP/1.1" 200 14336
181.162.145.10 - - [05/Aug/2025:15:43:42 -0300] "POST /cormun/servlet/trlicencias?9ef2cf034fd655c16cb5abf7b2b1ab89,,gx-no-cache=1754419577325 HTTP/1.1" 200 18381
181.162.145.10 - - [05/Aug/2025:15:44:06 -0300] "POST /cormun/servlet/trlicencias?9ef2cf034fd655c16cb5abf7b2b1ab89,,gx-no-cache=1754419602476 HTTP/1.1" 200 8511
181.162.145.10 - - [05/Aug/2025:15:44:10 -0300] "POST /cormun/servlet/trlicencias?9ef2cf034fd655c16cb5abf7b2b1ab89,,gx-no-cache=1754419607006 HTTP/1.1" 200 101
181.162.145.10 - - [05/Aug/2025:15:44:10 -0300] "POST /cormun/servlet/trlicencias?9ef2cf034fd655c16cb5abf7b2b1ab89,,gx-no-cache=1754419607085 HTTP/1.1" 200 8491
181.162.145.10 - - [05/Aug/2025:15:44:10 -0300] "GET /cormun/Licencias-8097.xls HTTP/1.1" 200 7680
181.162.145.10 - - [05/Aug/2025:15:45:02 -0300] "POST /cormun/servlet/trlicencias?9ef2cf034fd655c16cb5abf7b2b1ab89,,gx-no-cache=1754419657223 HTTP/1.1" 200 18384
181.162.145.10 - - [05/Aug/2025:15:46:38 -0300] "POST /cormun/servlet/trlicencias?9ef2cf034fd655c16cb5abf7b2b1ab89,,gx-no-cache=1754419753811 HTTP/1.1" 200 18305
181.162.145.10 - - [05/Aug/2025:15:46:38 -0300] "GET /cormun/static/Resources/PXToolsGridFirst.gif HTTP/1.1" 200 379
181.162.145.10 - - [05/Aug/2025:15:46:38 -0300] "GET /cormun/static/Resources/PXToolsGridPrevious.gif HTTP/1.1" 200 369
181.162.145.10 - - [05/Aug/2025:15:47:45 -0300] "POST /cormun/servlet/trlicencias?9ef2cf034fd655c16cb5abf7b2b1ab89,,gx-no-cache=1754419820526 HTTP/1.1" 200 18502
201.186.225.193 - - [05/Aug/2025:15:47:45 -0300] "GET /cormun/servlet/hhome HTTP/1.1" 200 3322
201.186.225.193 - - [05/Aug/2025:15:47:46 -0300] "GET /cormun/servlet/hlogin HTTP/1.1" 200 1731
201.186.225.193 - - [05/Aug/2025:15:47:47 -0300] "GET /favicon.ico HTTP/1.1" 200 21630
201.186.225.193 - - [05/Aug/2025:15:47:49 -0300] "POST /cormun/servlet/hlogin?e729ff504e0d55ca5ae0bdafb4909335,gx-no-cache=1754419826297 HTTP/1.1" 200 90
201.186.225.193 - - [05/Aug/2025:15:47:49 -0300] "GET /cormun/servlet/hpexe_link HTTP/1.1" 200 950
201.186.225.193 - - [05/Aug/2025:15:47:49 -0300] "GET /cormun/servlet/hhome HTTP/1.1" 200 4292
201.186.225.193 - - [05/Aug/2025:15:47:52 -0300] "GET /cormun/servlet/trlicencias? HTTP/1.1" 200 11572
201.186.225.193 - - [05/Aug/2025:15:48:04 -0300] "GET /cormun/servlet/licenciaspermisos?DSP,15739045,L,20250801000000, HTTP/1.1" 200 7382
201.186.225.193 - - [05/Aug/2025:15:48:10 -0300] "POST /cormun/servlet/licenciaspermisos?e729ff504e0d55ca5ae0bdafb4909335,DSP,15739045,L,20250801000000,,gx-no-cache=1754419847649 HTTP/1.1" 200 93
201.186.225.193 - - [05/Aug/2025:15:48:10 -0300] "GET /cormun/servlet/hpexe_return? HTTP/1.1" 200 1027
201.186.225.193 - - [05/Aug/2025:15:48:10 -0300] "GET /cormun/servlet/trlicencias HTTP/1.1" 200 11575
201.186.225.193 - - [05/Aug/2025:15:48:27 -0300] "GET /cormun/servlet/trlicenciaspermisosadjuntos?10352127,20250730000000,L, HTTP/1.1" 200 6629
201.186.225.193 - - [05/Aug/2025:15:48:28 -0300] "GET /cormun/static/gxui/gxui-all.css?110300 HTTP/1.1" 200 2179
201.186.225.193 - - [05/Aug/2025:15:48:28 -0300] "GET /cormun/static/calendar-system.css?75620 HTTP/1.1" 200 5572
201.186.225.193 - - [05/Aug/2025:15:48:28 -0300] "GET /cormun/static/gxcfg.js?201991422445549 HTTP/1.1" 200 953
201.186.225.193 - - [05/Aug/2025:15:48:28 -0300] "GET /cormun/static/trlicenciaspermisosadjuntos.js?20199142244593 HTTP/1.1" 200 21036
201.186.225.193 - - [05/Aug/2025:15:48:28 -0300] "GET /cormun/static/Resources/Spanish/PXTools.css?2294816 HTTP/1.1" 200 100853
201.186.225.193 - - [05/Aug/2025:15:48:28 -0300] "GET /cormun/static/Shared/ext/resources/css/ext-all.css?205870 HTTP/1.1" 200 416045
201.186.225.193 - - [05/Aug/2025:15:48:32 -0300] "GET /cormun/servlet/trlicencias? HTTP/1.1" 200 11576
201.186.225.193 - - [05/Aug/2025:15:48:36 -0300] "GET /cormun/servlet/licenciaspermisos?DSP,10352127,L,20250716000000, HTTP/1.1" 200 7399
201.186.225.193 - - [05/Aug/2025:15:48:40 -0300] "POST /cormun/servlet/licenciaspermisos?e729ff504e0d55ca5ae0bdafb4909335,DSP,10352127,L,20250716000000,,gx-no-cache=1754419877953 HTTP/1.1" 200 93
201.186.225.193 - - [05/Aug/2025:15:48:40 -0300] "GET /cormun/servlet/hpexe_return? HTTP/1.1" 200 1027
201.186.225.193 - - [05/Aug/2025:15:48:41 -0300] "GET /cormun/servlet/trlicencias HTTP/1.1" 200 11575
181.162.145.10 - - [05/Aug/2025:15:48:41 -0300] "POST /cormun/servlet/trlicencias?9ef2cf034fd655c16cb5abf7b2b1ab89,,gx-no-cache=1754419876994 HTTP/1.1" 200 18412
200.126.116.145 - - [05/Aug/2025:15:48:44 -0300] "GET /cormun/servlet/trpermisosgoce? HTTP/1.1" 200 6037
200.126.116.145 - - [05/Aug/2025:15:48:45 -0300] "GET /cormun/servlet/hlogin HTTP/1.1" 200 1740
200.126.116.145 - - [05/Aug/2025:15:48:58 -0300] "POST /cormun/servlet/hlogin?575208a9aba7ecf0610b7506df366bad,gx-no-cache=1754419897069 HTTP/1.1" 200 90
200.126.116.145 - - [05/Aug/2025:15:48:58 -0300] "GET /cormun/servlet/hpexe_link HTTP/1.1" 200 959
200.126.116.145 - - [05/Aug/2025:15:48:58 -0300] "GET /cormun/servlet/trpermisosgoce HTTP/1.1" 200 14011
200.126.116.145 - - [05/Aug/2025:15:49:03 -0300] "GET /cormun/servlet/permisogoce?INS,0,,, HTTP/1.1" 200 7225
181.162.145.10 - - [05/Aug/2025:15:49:11 -0300] "POST /cormun/servlet/trlicencias?9ef2cf034fd655c16cb5abf7b2b1ab89,,gx-no-cache=1754419906859 HTTP/1.1" 200 18474
190.95.15.27 - - [05/Aug/2025:15:49:22 -0300] "POST /cormun/servlet/hlogin?e45a81f8c811a7113de226e43d24fe6f,gx-no-cache=1754419919004 HTTP/1.1" 440 972
200.126.116.145 - - [05/Aug/2025:15:49:26 -0300] "GET /cormun/servlet/permisogoce?9ddb14b0009ffe112dd56355b3655f0181104f8fa40b70feac7fb62d0956a164876bd03f12557f9789a88256a955f98e95ecadfa44bfa00110000682a1e839d6,gx-no-cache=1754419925150 HTTP/1.1" 200 180
200.126.116.145 - - [05/Aug/2025:15:49:26 -0300] "GET /cormun/static/Shared/jqueryui/images/ui-bg_highlight-soft_100_c6c2c8_1x100.png HTTP/1.1" 404 1117
200.126.116.145 - - [05/Aug/2025:15:49:26 -0300] "GET /cormun/static/Shared/jqueryui/images/ui-icons_82798d_256x240.png HTTP/1.1" 404 1089
200.126.116.145 - - [05/Aug/2025:15:49:26 -0300] "GET /cormun/static/Shared/jqueryui/images/ui-bg_flat_55_994d53_40x100.png HTTP/1.1" 404 1097
200.126.116.145 - - [05/Aug/2025:15:49:26 -0300] "GET /cormun/static/Shared/jqueryui/images/ui-icons_ebccce_256x240.png HTTP/1.1" 404 1089
181.162.145.10 - - [05/Aug/2025:15:49:42 -0300] "POST /cormun/servlet/trlicencias?9ef2cf034fd655c16cb5abf7b2b1ab89,,gx-no-cache=1754419937210 HTTP/1.1" 200 18071
179.57.78.55 - - [05/Aug/2025:15:50:02 -0300] "GET /cormun/servlet/trlicencias? HTTP/1.1" 200 6051
179.57.78.55 - - [05/Aug/2025:15:50:02 -0300] "GET /cormun/servlet/hlogin HTTP/1.1" 200 1738
201.186.225.193 - - [05/Aug/2025:15:50:05 -0300] "GET /cormun/servlet/hhome HTTP/1.1" 200 4280
179.57.78.55 - - [05/Aug/2025:15:50:09 -0300] "POST /cormun/servlet/hlogin?29bc57a9902260d5a595dfaeebf1a2e9,gx-no-cache=1754419965479 HTTP/1.1" 200 90
179.57.78.55 - - [05/Aug/2025:15:50:09 -0300] "GET /cormun/servlet/hpexe_link HTTP/1.1" 200 955
179.57.78.55 - - [05/Aug/2025:15:50:09 -0300] "GET /cormun/servlet/trlicencias HTTP/1.1" 200 11974
201.186.225.193 - - [05/Aug/2025:15:50:10 -0300] "GET /cormun/servlet/trlicencias? HTTP/1.1" 200 11572
181.162.145.10 - - [05/Aug/2025:15:50:31 -0300] "POST /cormun/servlet/trlicencias?9ef2cf034fd655c16cb5abf7b2b1ab89,,gx-no-cache=1754419986894 HTTP/1.1" 200 18173
201.186.225.193 - - [05/Aug/2025:15:50:35 -0300] "GET /cormun/servlet/licenciaspermisos?DSP,10352127,L,20250716000000, HTTP/1.1" 200 7399
190.95.15.27 - - [05/Aug/2025:15:50:42 -0300] "GET /cormun/servlet/hlogin HTTP/1.1" 200 1737
200.126.116.145 - - [05/Aug/2025:15:51:19 -0300] "GET /cormun/servlet/permisogoce?9ddb14b0009ffe112dd56355b3655f01021722fccfe856aa012d28a0939e0ced876bd03f12557f9789a88256a955f98e95ecadfa44bfa00110000682a1e839d6,gx-no-cache=1754420037532 HTTP/1.1" 200 68
181.162.145.10 - - [05/Aug/2025:15:51:27 -0300] "POST /cormun/servlet/trlicencias?9ef2cf034fd655c16cb5abf7b2b1ab89,,gx-no-cache=1754420044159 HTTP/1.1" 200 12662
181.162.145.10 - - [05/Aug/2025:15:51:46 -0300] "POST /cormun/servlet/trlicencias?9ef2cf034fd655c16cb5abf7b2b1ab89,,gx-no-cache=1754420062809 HTTP/1.1" 200 100
181.162.145.10 - - [05/Aug/2025:15:51:46 -0300] "POST /cormun/servlet/trlicencias?9ef2cf034fd655c16cb5abf7b2b1ab89,,gx-no-cache=1754420062954 HTTP/1.1" 200 12630
181.162.145.10 - - [05/Aug/2025:15:51:46 -0300] "GET /cormun/Licencias-251.xls HTTP/1.1" 200 13824
181.162.145.10 - - [05/Aug/2025:15:52:49 -0300] "POST /cormun/servlet/trlicencias?9ef2cf034fd655c16cb5abf7b2b1ab89,,gx-no-cache=1754420125459 HTTP/1.1" 200 7636
181.162.145.10 - - [05/Aug/2025:15:53:09 -0300] "POST /cormun/servlet/trlicencias?9ef2cf034fd655c16cb5abf7b2b1ab89,,gx-no-cache=1754420146093 HTTP/1.1" 200 7490
181.162.145.10 - - [05/Aug/2025:15:53:29 -0300] "POST /cormun/servlet/trlicencias?9ef2cf034fd655c16cb5abf7b2b1ab89,,gx-no-cache=1754420165508 HTTP/1.1" 200 7201
181.162.145.10 - - [05/Aug/2025:15:53:29 -0300] "POST /cormun/servlet/trlicencias?9ef2cf034fd655c16cb5abf7b2b1ab89,,gx-no-cache=1754420166025 HTTP/1.1" 200 7199
181.162.145.10 - - [05/Aug/2025:15:53:40 -0300] "POST /cormun/servlet/trlicencias?9ef2cf034fd655c16cb5abf7b2b1ab89,,gx-no-cache=1754420176327 HTTP/1.1" 200 7195
181.162.145.10 - - [05/Aug/2025:15:53:40 -0300] "POST /cormun/servlet/trlicencias?9ef2cf034fd655c16cb5abf7b2b1ab89,,gx-no-cache=1754420176795 HTTP/1.1" 200 7195
181.162.145.10 - - [05/Aug/2025:15:53:41 -0300] "POST /cormun/servlet/trlicencias?9ef2cf034fd655c16cb5abf7b2b1ab89,,gx-no-cache=1754420177729 HTTP/1.1" 200 7196
181.162.145.10 - - [05/Aug/2025:15:53:42 -0300] "POST /cormun/servlet/trlicencias?9ef2cf034fd655c16cb5abf7b2b1ab89,,gx-no-cache=1754420178358 HTTP/1.1" 200 7195
181.162.145.10 - - [05/Aug/2025:15:53:42 -0300] "POST /cormun/servlet/trlicencias?9ef2cf034fd655c16cb5abf7b2b1ab89,,gx-no-cache=1754420178641 HTTP/1.1" 200 7195
181.162.145.10 - - [05/Aug/2025:15:53:57 -0300] "POST /cormun/servlet/trlicencias?9ef2cf034fd655c16cb5abf7b2b1ab89,,gx-no-cache=1754420193875 HTTP/1.1" 200 11023
181.162.145.10 - - [05/Aug/2025:15:54:09 -0300] "POST /cormun/servlet/trlicencias?9ef2cf034fd655c16cb5abf7b2b1ab89,,gx-no-cache=1754420206159 HTTP/1.1" 200 101
181.162.145.10 - - [05/Aug/2025:15:54:10 -0300] "POST /cormun/servlet/trlicencias?9ef2cf034fd655c16cb5abf7b2b1ab89,,gx-no-cache=1754420206264 HTTP/1.1" 200 11000
181.162.145.10 - - [05/Aug/2025:15:54:10 -0300] "GET /cormun/Licencias-9608.xls HTTP/1.1" 200 11264
181.162.145.10 - - [05/Aug/2025:15:55:00 -0300] "POST /cormun/servlet/trlicencias?9ef2cf034fd655c16cb5abf7b2b1ab89,,gx-no-cache=1754420256626 HTTP/1.1" 200 16896
181.162.145.10 - - [05/Aug/2025:15:55:02 -0300] "POST /cormun/servlet/trlicencias?9ef2cf034fd655c16cb5abf7b2b1ab89,,gx-no-cache=1754420259045 HTTP/1.1" 200 101
181.162.145.10 - - [05/Aug/2025:15:55:03 -0300] "POST /cormun/servlet/trlicencias?9ef2cf034fd655c16cb5abf7b2b1ab89,,gx-no-cache=1754420259210 HTTP/1.1" 200 16871
181.162.145.10 - - [05/Aug/2025:15:55:03 -0300] "GET /cormun/Licencias-8362.xls HTTP/1.1" 200 26624
200.126.116.145 - - [05/Aug/2025:15:55:20 -0300] "GET /cormun/servlet/permisogoce?9ddb14b0009ffe112dd56355b3655f0196d2fe7114b630d24a85ad33f9556d441e0c51853ccdc894c6b66cdafcca6c9a85ab8d7cae7aae370f7d754ba36d2c8d8c85048e74e89a68e92c304e5aa92138294f99f737170aeb10477f1c97b84728,gx-no-cache=1754420279099 HTTP/1.1" 200 172
190.95.15.27 - - [05/Aug/2025:15:57:12 -0300] "POST /cormun/servlet/hlogin?80fe58a1d1279f635fb73f955d657981,gx-no-cache=1754420389537 HTTP/1.1" 200 90
190.95.15.27 - - [05/Aug/2025:15:57:12 -0300] "GET /cormun/servlet/hpexe_link HTTP/1.1" 200 957
190.95.15.27 - - [05/Aug/2025:15:57:12 -0300] "GET /cormun/servlet/hhome HTTP/1.1" 200 3937
190.95.15.27 - - [05/Aug/2025:15:57:15 -0300] "GET /cormun/servlet/trpermisosgoce? HTTP/1.1" 200 12459
190.95.15.27 - - [05/Aug/2025:15:57:18 -0300] "GET /cormun/servlet/permisogoce?INS,0,,, HTTP/1.1" 200 6796
181.162.145.10 - - [05/Aug/2025:15:57:20 -0300] "POST /cormun/servlet/trlicencias?9ef2cf034fd655c16cb5abf7b2b1ab89,,gx-no-cache=1754420396612 HTTP/1.1" 200 7979
181.162.145.10 - - [05/Aug/2025:15:57:24 -0300] "POST /cormun/servlet/trlicencias?9ef2cf034fd655c16cb5abf7b2b1ab89,,gx-no-cache=1754420400993 HTTP/1.1" 200 101
181.162.145.10 - - [05/Aug/2025:15:57:24 -0300] "POST /cormun/servlet/trlicencias?9ef2cf034fd655c16cb5abf7b2b1ab89,,gx-no-cache=1754420401078 HTTP/1.1" 200 7945
181.162.145.10 - - [05/Aug/2025:15:57:24 -0300] "GET /cormun/Licencias-9773.xls HTTP/1.1" 200 7168
190.95.15.27 - - [05/Aug/2025:15:57:27 -0300] "GET /cormun/servlet/permisogoce?c2de99786f8aa3a7532f000b9aae28359fba631c82d0cafb4a80bdf6e4c60e6a1284ee2103085359932ecc1fa067d312f079e2299c868a7b43c87457e5c4766d,gx-no-cache=1754420403942 HTTP/1.1" 200 83
190.95.15.27 - - [05/Aug/2025:15:57:50 -0300] "GET /cormun/static/menuarrow.gif HTTP/1.1" 404 1015
190.95.15.27 - - [05/Aug/2025:15:58:00 -0300] "GET /cormun/servlet/permisogoce?c2de99786f8aa3a7532f000b9aae28356fd4f450d88a68e30ce90f6f49880a54429b6144115037256270fba675b9f1a1ecc89e6c1bf936806dfea60cabdd0be7,gx-no-cache=1754420437584 HTTP/1.1" 200 46
190.95.15.27 - - [05/Aug/2025:15:58:03 -0300] "POST /cormun/servlet/permisogoce?80fe58a1d1279f635fb73f955d657981,INS,0,,,,gx-no-cache=1754420440241 HTTP/1.1" 200 93
190.95.15.27 - - [05/Aug/2025:15:58:03 -0300] "GET /cormun/servlet/hpexe_return? HTTP/1.1" 200 1014
190.95.15.27 - - [05/Aug/2025:15:58:04 -0300] "GET /cormun/servlet/trpermisosgoce HTTP/1.1" 200 12747
200.126.116.145 - - [05/Aug/2025:15:58:14 -0300] "GET /cormun/servlet/permisogoce?9ddb14b0009ffe112dd56355b3655f01f8fc1be3a46a1bbbd9a8a835e760d3a21e0c51853ccdc894c6b66cdafcca6c9a85ab8d7cae7aae370f7d754ba36d2c8d8c85048e74e89a68e92c304e5aa92138294f99f737170aeb10477f1c97b84728,gx-no-cache=1754420452546 HTTP/1.1" 200 180
200.126.116.145 - - [05/Aug/2025:15:59:42 -0300] "GET /cormun/servlet/permisogoce?9ddb14b0009ffe112dd56355b3655f01f8fc1be3a46a1bbbd9a8a835e760d3a21e0c51853ccdc894c6b66cdafcca6c9a85ab8d7cae7aae370f7d754ba36d2c8d8c85048e74e89a68e92c304e5aa92138294f99f737170aeb10477f1c97b84728,gx-no-cache=1754420540348 HTTP/1.1" 200 180
190.95.15.27 - - [05/Aug/2025:15:59:53 -0300] "GET /cormun/servlet/trpermisosadjuntos?17504218,20250805150009,P, HTTP/1.1" 200 6265
