190.95.67.93 - - [04/Aug/2025:14:00:37 -0300] "GET /cormun/static/Shared/jquery/jquery-1.4.2.min.js HTTP/1.1" 200 72174
190.95.67.93 - - [04/Aug/2025:14:00:37 -0300] "GET /cormun/static/Shared/jqueryui/jquery-ui.min.js HTTP/1.1" 200 240427
190.95.67.93 - - [04/Aug/2025:14:00:37 -0300] "GET /cormun/static/Shared/ext/ext-all.js HTTP/1.1" 200 1289687
190.95.67.93 - - [04/Aug/2025:14:00:37 -0300] "GET /cormun/static/Shared/jquery/jquery-1.10.2.min.js HTTP/1.1" 200 273199
190.95.67.93 - - [04/Aug/2025:14:00:38 -0300] "GET /cormun/static/SmoothNavMenu/resources/images/down.gif HTTP/1.1" 200 854
190.95.67.93 - - [04/Aug/2025:14:00:38 -0300] "GET /cormun/static/SmoothNavMenu/resources/images/right.gif HTTP/1.1" 200 860
190.95.67.93 - - [04/Aug/2025:14:00:41 -0300] "GET /cormun/servlet/trlicencias? HTTP/1.1" 200 10633
190.95.67.93 - - [04/Aug/2025:14:00:41 -0300] "GET /cormun/static/gxui/gxui-all.css?120300 HTTP/1.1" 200 2179
190.95.67.93 - - [04/Aug/2025:14:00:41 -0300] "GET /cormun/static/calendar-system.css?85620 HTTP/1.1" 200 5572
190.95.67.93 - - [04/Aug/2025:14:00:41 -0300] "GET /cormun/static/gxcfg.js?202211298463625 HTTP/1.1" 200 953
190.95.67.93 - - [04/Aug/2025:14:00:41 -0300] "GET /cormun/static/calendar.js?85251 HTTP/1.1" 200 26246
190.95.67.93 - - [04/Aug/2025:14:00:41 -0300] "GET /cormun/static/calendar-setup.js?85251 HTTP/1.1" 200 2588
190.95.67.93 - - [04/Aug/2025:14:00:41 -0300] "GET /cormun/static/calendar-es.js?85251 HTTP/1.1" 200 1901
190.95.67.93 - - [04/Aug/2025:14:00:41 -0300] "GET /cormun/static/Shared/ext/resources/css/ext-all.css?215870 HTTP/1.1" 200 416045
190.95.67.93 - - [04/Aug/2025:14:00:42 -0300] "GET /cormun/static/Resources/PXTools/calendar.png HTTP/1.1" 200 1306
190.95.67.93 - - [04/Aug/2025:14:00:42 -0300] "GET /cormun/static/trlicencias.js?202211298463889 HTTP/1.1" 200 41883
190.95.67.93 - - [04/Aug/2025:14:00:42 -0300] "GET /cormun/static/gxdec.js?85251 HTTP/1.1" 200 19579
190.95.67.93 - - [04/Aug/2025:14:00:42 -0300] "GET /cormun/static/Resources/PXToolsGridPreviousDisabled.gif HTTP/1.1" 200 90
190.95.67.93 - - [04/Aug/2025:14:00:42 -0300] "GET /cormun/static/Resources/PXToolsGridFirstDisabled.gif HTTP/1.1" 200 100
190.95.67.93 - - [04/Aug/2025:14:00:42 -0300] "GET /cormun/static/Resources/PXToolsGridPage.gif HTTP/1.1" 200 725
190.95.67.93 - - [04/Aug/2025:14:00:42 -0300] "GET /cormun/static/Resources/PXToolsActionExcel.png HTTP/1.1" 200 727
190.95.67.93 - - [04/Aug/2025:14:00:42 -0300] "GET /cormun/static/Resources/PXToolsGridNextDisabled.gif HTTP/1.1" 200 90
190.95.67.93 - - [04/Aug/2025:14:00:42 -0300] "GET /cormun/static/Resources/PXToolsGridLastDisabled.gif HTTP/1.1" 200 98
190.95.67.93 - - [04/Aug/2025:14:00:42 -0300] "GET /cormun/static/Resources/PXToolsAddAllAction.png HTTP/1.1" 200 495
190.95.67.93 - - [04/Aug/2025:14:00:42 -0300] "GET /cormun//static/Resources/PXToolsActionDisabled.gif HTTP/1.1" 200 53
190.95.67.93 - - [04/Aug/2025:14:00:42 -0300] "GET /cormun//static/Resources/PXToolsGridDisplay.png HTTP/1.1" 200 525
190.95.67.93 - - [04/Aug/2025:14:00:42 -0300] "GET /cormun//static/Resources/PXTools/ActionInsert.png HTTP/1.1" 200 1482
190.95.67.93 - - [04/Aug/2025:14:00:42 -0300] "GET /cormun//static/Resources/PXToolsActionPrint.png HTTP/1.1" 200 404
190.95.67.93 - - [04/Aug/2025:14:00:42 -0300] "GET /cormun//static/Resources/PXToolsHeaderFavorites.png HTTP/1.1" 200 1414
190.95.67.93 - - [04/Aug/2025:14:00:42 -0300] "GET /cormun//static/Resources/PXToolsHeaderHelp.png HTTP/1.1" 200 1333
190.95.67.93 - - [04/Aug/2025:14:00:42 -0300] "GET /cormun/static/Resources/PXToolsDataSearch.png HTTP/1.1" 200 435
190.95.67.93 - - [04/Aug/2025:14:00:42 -0300] "GET /cormun/static/Resources/asc.gif HTTP/1.1" 200 67
190.95.67.93 - - [04/Aug/2025:14:00:42 -0300] "GET /cormun/static/Resources/desc.gif HTTP/1.1" 200 65
190.95.67.93 - - [04/Aug/2025:14:00:43 -0300] "GET /cormun/static/Shared/ext/resources/themes/images/default/panel/bg-headersPanel.png HTTP/1.1" 200 255
190.95.67.93 - - [04/Aug/2025:14:00:43 -0300] "GET /cormun/static/Shared/ext/resources/themes/images/default/tools/tool-sprites.gif HTTP/1.1" 200 5434
190.95.67.93 - - [04/Aug/2025:14:00:44 -0300] "GET /cormun/servlet/trpermisosgoce? HTTP/1.1" 200 15980
190.95.67.93 - - [04/Aug/2025:14:00:44 -0300] "GET /cormun/static/gxcfg.js?2020121631564 HTTP/1.1" 200 953
190.95.67.93 - - [04/Aug/2025:14:00:44 -0300] "GET /cormun/static/trpermisosgoce.js?2020121633681 HTTP/1.1" 200 35904
190.95.67.93 - - [04/Aug/2025:14:00:45 -0300] "GET /cormun//static/Resources/PXToolsGridUpdate.png HTTP/1.1" 200 470
190.95.67.93 - - [04/Aug/2025:14:00:45 -0300] "GET /cormun//static/Resources/PXToolsGridDelete.png HTTP/1.1" 200 538
183.182.125.198 - - [04/Aug/2025:14:01:42 -0300] "GET /manager/html HTTP/1.1" 401 2474
207.167.67.206 - - [04/Aug/2025:14:01:51 -0300] "GET / HTTP/1.1" 200 11217
207.167.67.206 - - [04/Aug/2025:14:01:52 -0300] "CONNECT example.com:443 HTTP/1.1" 400 -
207.167.67.206 - - [04/Aug/2025:14:01:52 -0300] "GET / HTTP/1.1" 200 11217
207.167.67.206 - - [04/Aug/2025:14:01:52 -0300] "CONNECT example.com:443 HTTP/1.1" 400 -
201.186.225.193 - - [04/Aug/2025:14:02:05 -0300] "GET /cormun/servlet/hhome HTTP/1.1" 200 4287
201.186.225.193 - - [04/Aug/2025:14:02:11 -0300] "GET /cormun/servlet/trsolicitudot? HTTP/1.1" 200 8946
190.95.67.93 - - [04/Aug/2025:14:02:13 -0300] "POST /cormun/servlet/trpermisosgoce?5bd38158542576d50d7e60891e6ec8f3,,gx-no-cache=1754327090856 HTTP/1.1" 200 16523
190.95.67.93 - - [04/Aug/2025:14:02:13 -0300] "GET /cormun/static/Resources/PXToolsGridNext.gif HTTP/1.1" 200 369
190.95.67.93 - - [04/Aug/2025:14:02:13 -0300] "GET /cormun/static/Resources/PXToolsGridLast.gif HTTP/1.1" 200 370
201.186.225.193 - - [04/Aug/2025:14:02:23 -0300] "POST /cormun/servlet/trsolicitudot?58b6502785e821c88d082991a64480c3,,gx-no-cache=1754327101182 HTTP/1.1" 200 4829
201.186.225.193 - - [04/Aug/2025:14:02:23 -0300] "POST /cormun/servlet/trsolicitudot?58b6502785e821c88d082991a64480c3,,gx-no-cache=1754327101292 HTTP/1.1" 200 4619
201.186.225.193 - - [04/Aug/2025:14:02:56 -0300] "GET /cormun/servlet/trsolicitudot? HTTP/1.1" 200 7515
201.186.225.193 - - [04/Aug/2025:14:03:00 -0300] "GET /cormun/servlet/solicitudot?INS,0,0,false, HTTP/1.1" 200 16295
190.95.1.187 - - [04/Aug/2025:14:03:01 -0300] "POST /cormun/servlet/trlicencias?379b48ad8b6eeded8f9c0bbe09dddd9e,gx-no-cache=1754327135473 HTTP/1.1" 200 4195
190.95.1.187 - - [04/Aug/2025:14:03:03 -0300] "POST /cormun/servlet/trlicencias?379b48ad8b6eeded8f9c0bbe09dddd9e,gx-no-cache=1754327138160 HTTP/1.1" 200 4196
190.95.1.187 - - [04/Aug/2025:14:03:03 -0300] "POST /cormun/servlet/trlicencias?379b48ad8b6eeded8f9c0bbe09dddd9e,gx-no-cache=1754327138464 HTTP/1.1" 200 4196
183.182.125.198 - - [04/Aug/2025:14:03:04 -0300] "GET /manager/html HTTP/1.1" 401 2474
190.95.1.187 - - [04/Aug/2025:14:03:04 -0300] "POST /cormun/servlet/trlicencias?379b48ad8b6eeded8f9c0bbe09dddd9e,gx-no-cache=1754327138632 HTTP/1.1" 200 4192
190.95.1.187 - - [04/Aug/2025:14:03:04 -0300] "POST /cormun/servlet/trlicencias?379b48ad8b6eeded8f9c0bbe09dddd9e,gx-no-cache=1754327138807 HTTP/1.1" 200 4195
190.95.1.187 - - [04/Aug/2025:14:03:04 -0300] "POST /cormun/servlet/trlicencias?379b48ad8b6eeded8f9c0bbe09dddd9e,gx-no-cache=1754327138944 HTTP/1.1" 200 4196
201.186.225.193 - - [04/Aug/2025:14:03:07 -0300] "POST /cormun/servlet/solicitudot?gx-no-cache=1754327145545 HTTP/1.1" 200 4147
201.186.225.193 - - [04/Aug/2025:14:03:07 -0300] "POST /cormun/servlet/solicitudot?58b6502785e821c88d082991a64480c3,INS,0,0,false,,gx-no-cache=1754327145672 HTTP/1.1" 200 12999
201.186.225.193 - - [04/Aug/2025:14:03:07 -0300] "GET /cormun/servlet/solicitudot?df615463446362071949f288f6ed16517a0f057f8cabd3e370643d409aa411738b4550ec66447bd274798130c118f6ae,gx-no-cache=1754327145777 HTTP/1.1" 200 30
201.186.225.193 - - [04/Aug/2025:14:03:07 -0300] "GET /cormun/servlet/solicitudot?df615463446362071949f288f6ed1651c3e99022d4f779474f00fe714ee5753a357ebdf4a218cec38d4be2e1ffd94d1670c3882dc90295852477e243c421c2a45d15f965949b3b3f97968fd755d7fbec,gx-no-cache=1754327145821 HTTP/1.1" 200 30
201.186.225.193 - - [04/Aug/2025:14:03:07 -0300] "GET /cormun/servlet/solicitudot?df615463446362071949f288f6ed1651a02b5e2ca06a6d47458a13cfe0b30f72,gx-no-cache=1754327145842 HTTP/1.1" 200 53
201.186.225.193 - - [04/Aug/2025:14:03:07 -0300] "POST /cormun/servlet/solicitudot?gx-no-cache=1754327145867 HTTP/1.1" 200 298
201.186.225.193 - - [04/Aug/2025:14:03:07 -0300] "POST /cormun/servlet/solicitudot?gx-no-cache=1754327145890 HTTP/1.1" 200 298
201.186.225.193 - - [04/Aug/2025:14:03:07 -0300] "GET /cormun/servlet/solicitudot?df615463446362071949f288f6ed1651973637e7c5d2adff1c28a074fba4fc58dda79c608eced9ec87e4fb8e77fc35ac74d1d12a23c1dbc6f5329884842621a5d25fd32c248f77753f33aab2123f271f2b1ce7918f0f0c68e4cc043d25b990a48027e86d6ff68efa83cc5a07bf08271be758b61360865c8ac16e01ac8fd0b5647abcc8a2bbc1ee34148a677e980814832cd379aa88efa7f16774f020f4d57a39fb39392d0768e6a0423ff8b494e1f4caae7c3e99c479691618a84d9a0de9f39d91b31346d470f57a866c51b129bd9db489abe5cae14195b07b141de2ccc8f474ea7d5a76fc23f6eda6032fc4642643d7b18d2b01ea03a2a8a9b9b73b449cf00cfeb47cbe0126b35ceba8961ba36666519db9d647a48aec68dfdb22186a975caafb471eb8083b9dbea61da37395257089b03da1caa4b8c05ec28713367160e7ea84cde122bd057c45d859bf82dced21dc44bc56babb1f7291aa2889d4fafe7cbd3afbdd052278daa21f38f77507b0ab84f9e1caece1c6b7bce79e2e80ea7d6c9a,gx-no-cache=1754327145909 HTTP/1.1" 200 106
201.186.225.193 - - [04/Aug/2025:14:03:07 -0300] "GET /cormun/static/Shared/jqueryui/images/ui-bg_highlight-soft_100_c6c2c8_1x100.png HTTP/1.1" 404 1117
201.186.225.193 - - [04/Aug/2025:14:03:07 -0300] "GET /cormun/static/Shared/jqueryui/images/ui-icons_82798d_256x240.png HTTP/1.1" 404 1089
201.186.225.193 - - [04/Aug/2025:14:03:07 -0300] "GET /cormun/static/Shared/jqueryui/images/ui-bg_flat_55_994d53_40x100.png HTTP/1.1" 404 1097
201.186.225.193 - - [04/Aug/2025:14:03:07 -0300] "GET /cormun/static/Shared/jqueryui/images/ui-icons_ebccce_256x240.png HTTP/1.1" 404 1089
201.186.225.193 - - [04/Aug/2025:14:03:07 -0300] "GET /cormun/servlet/solicitudot?df615463446362071949f288f6ed1651973637e7c5d2adff1c28a074fba4fc58dda79c608eced9ec87e4fb8e77fc35ac74d1d12a23c1dbc6f5329884842621a5d25fd32c248f77753f33aab2123f271f2b1ce7918f0f0c68e4cc043d25b990a48027e86d6ff68efa83cc5a07bf08271be758b61360865c8ac16e01ac8fd0b5647abcc8a2bbc1ee34148a677e980814832cd379aa88efa7f16774f020f4d57a39fb39392d0768e6a0423ff8b494e1f4caae7c3e99c479691618a84d9a0de9f39d91b31346d470f57a866c51b129bd9db489abe5cae14195b07b141de2ccc8f474ea7d5a76fc23f6eda6032fc4642643d7b18d2b01ea03a2a8a9b9b73b449cf00cfeb47cbe0126b35ceba8961ba36666519db9d647a48aec68dfdb22186a975caafb471eb8083b9dbea61da37395257089b03da1caa4b8c05ec28713367160e7ea84cde122bd057c45d859bf82dced21dc44bc56babb1f7291aa2889d4fafe7cbd3afbdd052278daa21f38f77507b0ab84f9e1caece1c6b7bce79e2e80ea7d6c9a,gx-no-cache=1754327145944 HTTP/1.1" 200 106
201.186.225.193 - - [04/Aug/2025:14:03:07 -0300] "POST /cormun/servlet/solicitudot?gx-no-cache=1754327145961 HTTP/1.1" 200 33
201.186.225.193 - - [04/Aug/2025:14:03:08 -0300] "POST /cormun/servlet/solicitudot?gx-no-cache=1754327145981 HTTP/1.1" 200 1481
201.186.225.193 - - [04/Aug/2025:14:03:08 -0300] "POST /cormun/servlet/solicitudot?gx-no-cache=1754327146010 HTTP/1.1" 200 38
201.186.225.193 - - [04/Aug/2025:14:03:08 -0300] "GET /cormun/servlet/solicitudot?df615463446362071949f288f6ed16517d5f2d1cf3a8e57a653993bef2ed8f4e6d641350f9ba93e76179ab52b5cdceb5292b46c17f4f851378403d0636e65e0cf9d77f6ee0861ba6e49ddfd1dfdefb3517ad94eb48ba4789a1877c867ea795877eb4ee05c6c8c54cddbc613dd7a0fd64,gx-no-cache=1754327146031 HTTP/1.1" 200 110
201.186.225.193 - - [04/Aug/2025:14:03:08 -0300] "POST /cormun/servlet/solicitudot?gx-no-cache=1754327146052 HTTP/1.1" 200 64
201.186.225.193 - - [04/Aug/2025:14:03:08 -0300] "GET /cormun/servlet/solicitudot?df615463446362071949f288f6ed1651262a0902e9e9d0ed1d11dce25cc35de146b18c179d4b9bf0394d5ddfeadb00bd8888158a43854b758aa4fa8a0aeec694720b93bf8574ddbc750be974079d1d2b5947f56349a43437ce651e4485c72f9f0a87c48ad4ddb6f6d69248193265da95c5bd630aa03387e24e93a922f976882d842eceb33e5378f19095183be72d891a525eafedd983db9e9452c6de8b7263c7,gx-no-cache=1754327146079 HTTP/1.1" 200 29
201.186.225.193 - - [04/Aug/2025:14:03:08 -0300] "GET /cormun/servlet/solicitudot?df615463446362071949f288f6ed16517707ffd5fe0371f75055cbe04d32c146,gx-no-cache=1754327146093 HTTP/1.1" 200 30
201.186.225.193 - - [04/Aug/2025:14:03:08 -0300] "POST /cormun/servlet/solicitudot?gx-no-cache=1754327146107 HTTP/1.1" 200 30
201.186.225.193 - - [04/Aug/2025:14:03:08 -0300] "POST /cormun/servlet/solicitudot?gx-no-cache=1754327146168 HTTP/1.1" 200 4170
201.186.225.193 - - [04/Aug/2025:14:03:08 -0300] "POST /cormun/servlet/solicitudot?58b6502785e821c88d082991a64480c3,INS,0,0,false,,gx-no-cache=1754327146269 HTTP/1.1" 200 13115
201.186.225.193 - - [04/Aug/2025:14:03:08 -0300] "GET /cormun/servlet/solicitudot?df615463446362071949f288f6ed16517a0f057f8cabd3e370643d409aa41173be69c9d5f64fe04e52c510668e5d2b5a,gx-no-cache=1754327146354 HTTP/1.1" 200 30
201.186.225.193 - - [04/Aug/2025:14:03:08 -0300] "GET /cormun/servlet/solicitudot?df615463446362071949f288f6ed1651c3e99022d4f779474f00fe714ee5753a357ebdf4a218cec38d4be2e1ffd94d1670c3882dc90295852477e243c421c2a48851bbc2040d2199940529167bdb02d0,gx-no-cache=1754327146378 HTTP/1.1" 200 30
201.186.225.193 - - [04/Aug/2025:14:03:08 -0300] "GET /cormun/servlet/solicitudot?df615463446362071949f288f6ed1651feb35cc1116e8a8ce64488e6367ada3a07cf03f1f1ccff1109f228f80bee99d3453ea7c61887ebc8d5b937b7e9e1ac1c,gx-no-cache=1754327146394 HTTP/1.1" 200 53
201.186.225.193 - - [04/Aug/2025:14:03:08 -0300] "POST /cormun/servlet/solicitudot?gx-no-cache=1754327146410 HTTP/1.1" 200 255
201.186.225.193 - - [04/Aug/2025:14:03:08 -0300] "GET /cormun/servlet/solicitudot?df615463446362071949f288f6ed1651973637e7c5d2adff1c28a074fba4fc584030426d55e90f16e2e5fe029716514674d1d12a23c1dbc6f5329884842621a5d25fd32c248f77753f33aab2123f271f2b1ce7918f0f0c68e4cc043d25b990a48027e86d6ff68efa83cc5a07bf08271be758b61360865c8ac16e01ac8fd0b5647abcc8a2bbc1ee34148a677e980814832cd379aa88efa7f16774f020f4d57a39fb39392d0768e6a0423ff8b494e1f4caae7c3e99c479691618a84d9a0de9f39d91b31346d470f57a866c51b129bd9db489abe5cae14195b07b141de2ccc8f474ea7d5a76fc23f6eda6032fc4642643d7665f24375a76c0b47eff0e5b0a0b0b11d69285120e5ddb5eedcc1bae320be53415b0f6fa2a4f3d1fa9547a46aba74f2ce0ac31443ec805b6de736f09b06dd342926e20eb3958897ad4bccf10c1f67b484d2aa945d42878e1bd316a77a8a7e941d0210df0378d147e59dfe536a33f02f1e6004ac7ad6a4bf33c78c875cc09b18f6753ebf01055eab532602bb469a512ac,gx-no-cache=1754327146428 HTTP/1.1" 200 30
201.186.225.193 - - [04/Aug/2025:14:03:08 -0300] "POST /cormun/servlet/solicitudot?gx-no-cache=1754327146460 HTTP/1.1" 200 33
201.186.225.193 - - [04/Aug/2025:14:03:08 -0300] "POST /cormun/servlet/solicitudot?gx-no-cache=1754327146484 HTTP/1.1" 200 255
201.186.225.193 - - [04/Aug/2025:14:03:08 -0300] "GET /cormun/servlet/solicitudot?df615463446362071949f288f6ed1651973637e7c5d2adff1c28a074fba4fc584030426d55e90f16e2e5fe029716514674d1d12a23c1dbc6f5329884842621a5d25fd32c248f77753f33aab2123f271f2b1ce7918f0f0c68e4cc043d25b990a48027e86d6ff68efa83cc5a07bf08271be758b61360865c8ac16e01ac8fd0b5647abcc8a2bbc1ee34148a677e980814832cd379aa88efa7f16774f020f4d57a39fb39392d0768e6a0423ff8b494e1f4caae7c3e99c479691618a84d9a0de9f39d91b31346d470f57a866c51b129bd9db489abe5cae14195b07b141de2ccc8f474ea7d5a76fc23f6eda6032fc4642643d7665f24375a76c0b47eff0e5b0a0b0b11d69285120e5ddb5eedcc1bae320be53415b0f6fa2a4f3d1fa9547a46aba74f2ce0ac31443ec805b6de736f09b06dd342926e20eb3958897ad4bccf10c1f67b484d2aa945d42878e1bd316a77a8a7e941d0210df0378d147e59dfe536a33f02f1e6004ac7ad6a4bf33c78c875cc09b18f3280fe8a93f49c26e868b0a5be24c694,gx-no-cache=1754327146505 HTTP/1.1" 200 30
201.186.225.193 - - [04/Aug/2025:14:03:08 -0300] "POST /cormun/servlet/solicitudot?gx-no-cache=1754327146521 HTTP/1.1" 200 30
201.186.225.193 - - [04/Aug/2025:14:03:08 -0300] "POST /cormun/servlet/solicitudot?gx-no-cache=1754327146540 HTTP/1.1" 200 1481
201.186.225.193 - - [04/Aug/2025:14:03:08 -0300] "POST /cormun/servlet/solicitudot?gx-no-cache=1754327146569 HTTP/1.1" 200 38
201.186.225.193 - - [04/Aug/2025:14:03:08 -0300] "GET /cormun/servlet/solicitudot?df615463446362071949f288f6ed16517d5f2d1cf3a8e57a653993bef2ed8f4e6d641350f9ba93e76179ab52b5cdceb5292b46c17f4f851378403d0636e65e0cf9d77f6ee0861ba6e49ddfd1dfdefb3517ad94eb48ba4789a1877c867ea795877eb4ee05c6c8c54cddbc613dd7a0fd64,gx-no-cache=1754327146589 HTTP/1.1" 200 110
201.186.225.193 - - [04/Aug/2025:14:03:08 -0300] "POST /cormun/servlet/solicitudot?gx-no-cache=1754327146608 HTTP/1.1" 200 64
201.186.225.193 - - [04/Aug/2025:14:03:08 -0300] "GET /cormun/servlet/solicitudot?df615463446362071949f288f6ed16517707ffd5fe0371f75055cbe04d32c146,gx-no-cache=1754327146633 HTTP/1.1" 200 30
201.186.225.193 - - [04/Aug/2025:14:03:08 -0300] "POST /cormun/servlet/solicitudot?gx-no-cache=1754327146647 HTTP/1.1" 200 30
179.57.78.9 - - [04/Aug/2025:14:03:52 -0300] "GET /cormun/servlet/hlogin HTTP/1.1" 200 1723
179.57.78.9 - - [04/Aug/2025:14:03:54 -0300] "POST /cormun/servlet/hlogin?c77df779221dc53a5e9eae582c5f1053,gx-no-cache=1754327201180 HTTP/1.1" 200 90
179.57.78.9 - - [04/Aug/2025:14:03:54 -0300] "GET /cormun/servlet/hpexe_link HTTP/1.1" 200 953
179.57.78.9 - - [04/Aug/2025:14:03:54 -0300] "GET /cormun/servlet/hhome HTTP/1.1" 200 4350
179.57.78.9 - - [04/Aug/2025:14:03:56 -0300] "GET /cormun/servlet/trlicencias? HTTP/1.1" 200 13107
190.95.1.187 - - [04/Aug/2025:14:03:58 -0300] "POST /cormun/servlet/trlicencias?379b48ad8b6eeded8f9c0bbe09dddd9e,gx-no-cache=1754327192986 HTTP/1.1" 200 6015
183.182.125.198 - - [04/Aug/2025:14:04:27 -0300] "GET /manager/html HTTP/1.1" 401 2474
183.182.125.198 - - [04/Aug/2025:14:05:49 -0300] "GET /manager/html HTTP/1.1" 401 2474
190.95.1.187 - - [04/Aug/2025:14:05:59 -0300] "POST /cormun/servlet/trlicencias?379b48ad8b6eeded8f9c0bbe09dddd9e,gx-no-cache=1754327314456 HTTP/1.1" 200 6019
201.186.225.193 - - [04/Aug/2025:14:06:28 -0300] "POST /cormun/servlet/solicitudot?gx-no-cache=1754327346355 HTTP/1.1" 200 255
201.186.225.193 - - [04/Aug/2025:14:06:28 -0300] "GET /cormun/servlet/solicitudot?df615463446362071949f288f6ed1651973637e7c5d2adff1c28a074fba4fc584030426d55e90f16e2e5fe029716514674d1d12a23c1dbc6f5329884842621a5d25fd32c248f77753f33aab2123f271f2b1ce7918f0f0c68e4cc043d25b990a48027e86d6ff68efa83cc5a07bf08271be758b61360865c8ac16e01ac8fd0b5647abcc8a2bbc1ee34148a677e980814832cd379aa88efa7f16774f020f4d57a39fb39392d0768e6a0423ff8b494e1f4caae7c3e99c479691618a84d9a0de9f39d91b31346d470f57a866c51b129bd9db489abe5cae14195b07b141de2ccc8f474ea7d5a76fc23f6eda6032fc4642643d7665f24375a76c0b47eff0e5b0a0b0b11d69285120e5ddb5eedcc1bae320be53415b0f6fa2a4f3d1fa9547a46aba74f2ce0ac31443ec805b6de736f09b06dd342926e20eb3958897ad4bccf10c1f67b484d2aa945d42878e1bd316a77a8a7e941d0210df0378d147e59dfe536a33f02f1e6004ac7ad6a4bf33c78c875cc09b18f3280fe8a93f49c26e868b0a5be24c694,gx-no-cache=1754327346402 HTTP/1.1" 200 30
201.186.225.193 - - [04/Aug/2025:14:06:32 -0300] "POST /cormun/servlet/solicitudot?gx-no-cache=1754327349994 HTTP/1.1" 200 30
201.186.225.193 - - [04/Aug/2025:14:06:36 -0300] "GET /cormun/servlet/prcontratosol?20369502,,,,,MD,,gxPopupLevel%3D0%3B HTTP/1.1" 200 8177
190.95.1.187 - - [04/Aug/2025:14:06:46 -0300] "POST /cormun/servlet/trlicencias?379b48ad8b6eeded8f9c0bbe09dddd9e,gx-no-cache=1754327360840 HTTP/1.1" 200 5491
201.186.225.193 - - [04/Aug/2025:14:06:47 -0300] "POST /cormun/servlet/solicitudot?gx-no-cache=1754327365455 HTTP/1.1" 200 1563
201.186.225.193 - - [04/Aug/2025:14:06:47 -0300] "POST /cormun/servlet/solicitudot?gx-no-cache=1754327365483 HTTP/1.1" 200 117
201.186.225.193 - - [04/Aug/2025:14:06:47 -0300] "GET /cormun/servlet/solicitudot?df615463446362071949f288f6ed16517d5f2d1cf3a8e57a653993bef2ed8f4e6d641350f9ba93e76179ab52b5cdceb5292b46c17f4f851378403d0636e65e0cf9d77f6ee0861ba6e49ddfd1dfdefb3517ad94eb48ba4789a1877c867ea795877eb4ee05c6c8c54cddbc613dd7a0fd64,gx-no-cache=1754327365504 HTTP/1.1" 200 110
201.186.225.193 - - [04/Aug/2025:14:06:47 -0300] "GET /cormun/servlet/solicitudot?df615463446362071949f288f6ed16517707ffd5fe0371f75055cbe04d32c146,gx-no-cache=1754327365523 HTTP/1.1" 200 30
201.186.225.193 - - [04/Aug/2025:14:06:49 -0300] "GET /cormun/servlet/prcontratosol?20369502,,,,,MD,,gxPopupLevel%3D0%3B HTTP/1.1" 200 8177
183.182.125.198 - - [04/Aug/2025:14:07:10 -0300] "GET /manager/html HTTP/1.1" 401 2474
190.95.67.93 - - [04/Aug/2025:14:07:15 -0300] "GET /cormun/servlet/permisogoce?INS,0,,, HTTP/1.1" 200 6027
190.95.67.93 - - [04/Aug/2025:14:07:15 -0300] "GET /cormun/servlet/hlogin HTTP/1.1" 200 1741
201.186.225.191 - - [04/Aug/2025:14:07:17 -0300] "GET /cormun/servlet/hlogin HTTP/1.1" 200 1741
190.95.67.93 - - [04/Aug/2025:14:07:18 -0300] "POST /cormun/servlet/hlogin?b1121090cf5b47f3c36aaf3af1860331,gx-no-cache=1754327396339 HTTP/1.1" 200 90
190.95.67.93 - - [04/Aug/2025:14:07:18 -0300] "GET /cormun/servlet/hpexe_link HTTP/1.1" 200 959
190.95.67.93 - - [04/Aug/2025:14:07:18 -0300] "GET /cormun/servlet/permisogoce?INS,0,,, HTTP/1.1" 200 7057
190.95.67.93 - - [04/Aug/2025:14:07:27 -0300] "GET /cormun/servlet/permisogoce?6707b81eafec4cb04c58a485b4dde455bf1f21e38594af5b233ad2ccc1e85c19712dc2bde6d1eb3874765c38916ea6c650211ff657d55543d2441c065ad95522,gx-no-cache=1754327405412 HTTP/1.1" 200 79
190.95.67.93 - - [04/Aug/2025:14:07:31 -0300] "GET /cormun/static/menuarrow.gif HTTP/1.1" 404 1015
190.95.67.93 - - [04/Aug/2025:14:07:36 -0300] "GET /cormun/servlet/permisogoce?6707b81eafec4cb04c58a485b4dde455a356584c4aadc8509236ff50cc84ebd3f27bc8874f5961289cc9f0c1e2a929a89287ae088857f0e362a116d4f6735b64,gx-no-cache=1754327413851 HTTP/1.1" 200 47
190.95.67.93 - - [04/Aug/2025:14:07:39 -0300] "POST /cormun/servlet/permisogoce?b1121090cf5b47f3c36aaf3af1860331,INS,0,,,,gx-no-cache=1754327416468 HTTP/1.1" 200 93
190.95.67.93 - - [04/Aug/2025:14:07:39 -0300] "GET /cormun/servlet/hpexe_return? HTTP/1.1" 200 1002
190.95.67.93 - - [04/Aug/2025:14:07:39 -0300] "GET /cormun/servlet/hhome HTTP/1.1" 200 4337
190.95.67.93 - - [04/Aug/2025:14:07:45 -0300] "GET /cormun/servlet/trpermisosgoce? HTTP/1.1" 200 16164
190.95.67.93 - - [04/Aug/2025:14:07:47 -0300] "GET /cormun/servlet/apermisogoceprn?12294073,P,20250804131012,PU HTTP/1.1" 200 1652
190.95.1.187 - - [04/Aug/2025:14:08:19 -0300] "POST /cormun/servlet/trlicencias?379b48ad8b6eeded8f9c0bbe09dddd9e,gx-no-cache=1754327453632 HTTP/1.1" 200 5499
183.182.125.198 - - [04/Aug/2025:14:08:33 -0300] "GET /manager/html HTTP/1.1" 401 2474
201.186.225.193 - - [04/Aug/2025:14:08:40 -0300] "GET /cormun/servlet/prcontratosol?20369502,,,,,MD,,gxPopupLevel%3D0%3B HTTP/1.1" 200 8177
190.95.1.187 - - [04/Aug/2025:14:08:42 -0300] "POST /cormun/servlet/trlicencias?379b48ad8b6eeded8f9c0bbe09dddd9e,gx-no-cache=1754327476960 HTTP/1.1" 200 4197
201.186.225.193 - - [04/Aug/2025:14:08:44 -0300] "GET /cormun/servlet/prsolicitudot?20369502,,,,,MD,,gxPopupLevel%3D0%3B HTTP/1.1" 200 6169
201.186.225.193 - - [04/Aug/2025:14:08:52 -0300] "POST /cormun/servlet/solicitudot?gx-no-cache=1754327490792 HTTP/1.1" 200 1563
201.186.225.193 - - [04/Aug/2025:14:08:52 -0300] "POST /cormun/servlet/solicitudot?gx-no-cache=1754327490816 HTTP/1.1" 200 117
201.186.225.193 - - [04/Aug/2025:14:08:52 -0300] "GET /cormun/servlet/solicitudot?df615463446362071949f288f6ed16517d5f2d1cf3a8e57a653993bef2ed8f4e6d641350f9ba93e76179ab52b5cdceb5292b46c17f4f851378403d0636e65e0cf9d77f6ee0861ba6e49ddfd1dfdefb3517ad94eb48ba4789a1877c867ea795877eb4ee05c6c8c54cddbc613dd7a0fd64,gx-no-cache=1754327490831 HTTP/1.1" 200 110
201.186.225.193 - - [04/Aug/2025:14:08:52 -0300] "GET /cormun/servlet/solicitudot?df615463446362071949f288f6ed1651ab265ebce08808302b80d32318973a74f3b7c332516fa0646cf7cdb077c67b8c,gx-no-cache=1754327490848 HTTP/1.1" 200 134
190.95.1.187 - - [04/Aug/2025:14:09:28 -0300] "POST /cormun/servlet/trlicencias?379b48ad8b6eeded8f9c0bbe09dddd9e,gx-no-cache=1754327523039 HTTP/1.1" 200 4206
190.95.1.187 - - [04/Aug/2025:14:09:29 -0300] "POST /cormun/servlet/trlicencias?379b48ad8b6eeded8f9c0bbe09dddd9e,gx-no-cache=1754327523984 HTTP/1.1" 200 4205
190.95.1.187 - - [04/Aug/2025:14:09:29 -0300] "POST /cormun/servlet/trlicencias?379b48ad8b6eeded8f9c0bbe09dddd9e,gx-no-cache=1754327524159 HTTP/1.1" 200 4204
183.182.125.198 - - [04/Aug/2025:14:09:56 -0300] "GET /manager/html HTTP/1.1" 401 2474
190.95.15.13 - - [04/Aug/2025:14:10:16 -0300] "GET /cormun/servlet/hlogin HTTP/1.1" 200 1733
183.182.125.198 - - [04/Aug/2025:14:11:18 -0300] "GET /manager/html HTTP/1.1" 401 2474
201.186.225.193 - - [04/Aug/2025:14:11:49 -0300] "GET /cormun/servlet/prcontratosol?20369502,,,,,MD,,gxPopupLevel%3D0%3B HTTP/1.1" 200 8177
201.186.225.193 - - [04/Aug/2025:14:11:57 -0300] "POST /cormun/servlet/solicitudot?gx-no-cache=1754327675955 HTTP/1.1" 200 30
201.186.225.193 - - [04/Aug/2025:14:11:58 -0300] "POST /cormun/servlet/solicitudot?gx-no-cache=1754327675979 HTTP/1.1" 200 1482
201.186.225.193 - - [04/Aug/2025:14:11:58 -0300] "POST /cormun/servlet/solicitudot?gx-no-cache=1754327676066 HTTP/1.1" 200 121
201.186.225.193 - - [04/Aug/2025:14:11:58 -0300] "GET /cormun/servlet/solicitudot?df615463446362071949f288f6ed16517d5f2d1cf3a8e57a653993bef2ed8f4e6d641350f9ba93e76179ab52b5cdceb5292b46c17f4f851378403d0636e65e0cf9d77f6ee0861ba6e49ddfd1dfdefb3517ad94eb48ba4789a1877c867ea795877eb4ee05c6c8c54cddbc613dd7a0fd64,gx-no-cache=1754327676093 HTTP/1.1" 200 110
201.186.225.193 - - [04/Aug/2025:14:11:58 -0300] "POST /cormun/servlet/solicitudot?gx-no-cache=1754327676118 HTTP/1.1" 200 110
201.186.225.193 - - [04/Aug/2025:14:11:58 -0300] "GET /cormun/servlet/solicitudot?df615463446362071949f288f6ed1651ab265ebce08808302b80d32318973a748728be8892940504e2bb0865a9f411f1,gx-no-cache=1754327676155 HTTP/1.1" 200 134
201.186.225.191 - - [04/Aug/2025:14:12:31 -0300] "GET /cormun/servlet/hlogin HTTP/1.1" 200 1725
183.182.125.198 - - [04/Aug/2025:14:12:41 -0300] "GET /manager/html HTTP/1.1" 401 2474
201.186.225.193 - - [04/Aug/2025:14:12:46 -0300] "GET /cormun/static/menuarrow.gif HTTP/1.1" 404 1015
201.186.225.193 - - [04/Aug/2025:14:12:54 -0300] "POST /cormun/servlet/solicitudot?gx-no-cache=1754327732435 HTTP/1.1" 200 41
201.186.225.193 - - [04/Aug/2025:14:12:54 -0300] "GET /cormun/servlet/solicitudot?df615463446362071949f288f6ed16517d5f2d1cf3a8e57a653993bef2ed8f4e6d641350f9ba93e76179ab52b5cdceb5292b46c17f4f851378403d0636e65e0cf9d77f6ee0861ba6e49ddfd1dfdefb3517ad94eb48ba4789a1877c867ea795877eb4ee05c6c8c54cddbc613dd7a0fd64,gx-no-cache=1754327732459 HTTP/1.1" 200 110
201.186.225.193 - - [04/Aug/2025:14:13:06 -0300] "GET /cormun/servlet/solicitudot?df615463446362071949f288f6ed1651ab265ebce08808302b80d32318973a748728be8892940504e2bb0865a9f411f1,gx-no-cache=1754327744215 HTTP/1.1" 200 134
201.186.225.193 - - [04/Aug/2025:14:13:06 -0300] "POST /cormun/servlet/solicitudot?gx-no-cache=1754327744248 HTTP/1.1" 200 146
190.95.15.9 - - [04/Aug/2025:14:13:07 -0300] "GET /cormun/servlet/hlogin HTTP/1.1" 200 1724
190.95.15.9 - - [04/Aug/2025:14:13:23 -0300] "POST /cormun/servlet/hlogin?c2c10326fe44fb41792a34c41e2655c7,gx-no-cache=1754327761429 HTTP/1.1" 200 90
190.95.15.9 - - [04/Aug/2025:14:13:23 -0300] "GET /cormun/servlet/hpexe_link HTTP/1.1" 200 955
190.95.15.9 - - [04/Aug/2025:14:13:24 -0300] "GET /cormun/servlet/hhome HTTP/1.1" 200 4268
201.186.225.193 - - [04/Aug/2025:14:13:49 -0300] "GET /cormun/servlet/solicitudot?df615463446362071949f288f6ed1651172745172568a4c54f1e808b0174432173b9aad5128b0bd9c0377f106700db59,gx-no-cache=1754327787000 HTTP/1.1" 200 30
190.95.15.9 - - [04/Aug/2025:14:13:50 -0300] "GET /cormun/servlet/trlicencias? HTTP/1.1" 200 14082
201.186.225.193 - - [04/Aug/2025:14:14:06 -0300] "POST /cormun/servlet/solicitudot?gx-no-cache=1754327804106 HTTP/1.1" 200 135
201.186.225.193 - - [04/Aug/2025:14:14:06 -0300] "POST /cormun/servlet/solicitudot?58b6502785e821c88d082991a64480c3,INS,0,0,false,,gx-no-cache=1754327804163 HTTP/1.1" 200 13518
183.182.125.198 - - [04/Aug/2025:14:14:06 -0300] "GET /manager/html HTTP/1.1" 401 2474
190.95.15.9 - - [04/Aug/2025:14:14:11 -0300] "GET /cormun/static/menuarrow.gif HTTP/1.1" 404 1015
190.95.15.9 - - [04/Aug/2025:14:14:25 -0300] "POST /cormun/servlet/trlicencias?c2c10326fe44fb41792a34c41e2655c7,,gx-no-cache=1754327822562 HTTP/1.1" 200 18141
190.95.15.9 - - [04/Aug/2025:14:14:25 -0300] "GET /cormun/static/Resources/PXToolsGridNext.gif HTTP/1.1" 200 369
190.95.15.9 - - [04/Aug/2025:14:14:25 -0300] "GET /cormun/static/Resources/PXToolsGridLast.gif HTTP/1.1" 200 370
201.186.225.193 - - [04/Aug/2025:14:14:27 -0300] "GET /cormun/servlet/solicitudot?df615463446362071949f288f6ed16517d5f2d1cf3a8e57a653993bef2ed8f4e6d641350f9ba93e76179ab52b5cdceb5292b46c17f4f851378403d0636e65e0cf9d77f6ee0861ba6e49ddfd1dfdefb3517ad94eb48ba4789a1877c867ea795877eb4ee05c6c8c54cddbc613dd7a0fd64,gx-no-cache=1754327825147 HTTP/1.1" 200 110
201.186.225.193 - - [04/Aug/2025:14:14:27 -0300] "POST /cormun/servlet/solicitudot?gx-no-cache=1754327825173 HTTP/1.1" 200 135
201.186.225.193 - - [04/Aug/2025:14:14:27 -0300] "POST /cormun/servlet/solicitudot?58b6502785e821c88d082991a64480c3,INS,0,0,false,,gx-no-cache=1754327825238 HTTP/1.1" 200 13570
190.95.15.9 - - [04/Aug/2025:14:14:49 -0300] "POST /cormun/servlet/trlicencias?c2c10326fe44fb41792a34c41e2655c7,,gx-no-cache=1754327846761 HTTP/1.1" 200 5693
190.95.15.9 - - [04/Aug/2025:14:15:21 -0300] "GET /cormun/servlet/alicenciaprn?14274745,L,20250303000000,PU HTTP/1.1" 200 1539
183.182.125.198 - - [04/Aug/2025:14:15:29 -0300] "GET /manager/html HTTP/1.1" 401 2474
201.186.225.193 - - [04/Aug/2025:14:16:37 -0300] "GET /cormun/servlet/solicitudot?df615463446362071949f288f6ed16517d5f2d1cf3a8e57a653993bef2ed8f4e6d641350f9ba93e76179ab52b5cdceb5292b46c17f4f851378403d0636e65e0cf9d77f6ee0861ba6e49ddfd1dfdefb3517ad94eb48ba4789a1877c867ea795877eb4ee05c6c8c54cddbc613dd7a0fd64,gx-no-cache=1754327955857 HTTP/1.1" 200 110
201.186.225.193 - - [04/Aug/2025:14:16:37 -0300] "POST /cormun/servlet/solicitudot?gx-no-cache=1754327955885 HTTP/1.1" 200 135
201.186.225.193 - - [04/Aug/2025:14:16:38 -0300] "POST /cormun/servlet/solicitudot?58b6502785e821c88d082991a64480c3,INS,0,0,false,,gx-no-cache=1754327955952 HTTP/1.1" 200 13632
183.182.125.198 - - [04/Aug/2025:14:16:51 -0300] "GET /manager/html HTTP/1.1" 401 2474
201.186.225.193 - - [04/Aug/2025:14:16:51 -0300] "GET /cormun/servlet/prlicenciaspermisos?17107585,L,,MD,,gxPopupLevel%3D0%3B HTTP/1.1" 200 7696
201.186.225.193 - - [04/Aug/2025:14:17:16 -0300] "POST /cormun/servlet/solicitudot?gx-no-cache=1754327994809 HTTP/1.1" 200 30
201.186.225.193 - - [04/Aug/2025:14:17:24 -0300] "POST /cormun/servlet/solicitudot?gx-no-cache=1754328002753 HTTP/1.1" 200 30
201.186.225.193 - - [04/Aug/2025:14:17:29 -0300] "GET /cormun/servlet/prpersonalsolicitud?20369502,,,,,MD,,gxPopupLevel%3D0%3B HTTP/1.1" 200 5671
201.186.225.193 - - [04/Aug/2025:14:17:32 -0300] "POST /cormun/servlet/prpersonalsolicitud?58b6502785e821c88d082991a64480c3,20369502,,,,,MD,,gxPopupLevel%3D0%3B,gx-no-cache=1754328010195 HTTP/1.1" 200 3084
190.95.15.9 - - [04/Aug/2025:14:17:34 -0300] "GET /cormun/servlet/trlicencias? HTTP/1.1" 200 8361
201.186.225.193 - - [04/Aug/2025:14:17:38 -0300] "POST /cormun/servlet/solicitudot?gx-no-cache=1754328016510 HTTP/1.1" 200 1482
201.186.225.193 - - [04/Aug/2025:14:17:38 -0300] "POST /cormun/servlet/solicitudot?gx-no-cache=1754328016581 HTTP/1.1" 200 41
201.186.225.193 - - [04/Aug/2025:14:17:38 -0300] "GET /cormun/servlet/solicitudot?df615463446362071949f288f6ed16517d5f2d1cf3a8e57a653993bef2ed8f4e6d641350f9ba93e76179ab52b5cdceb5292b46c17f4f851378403d0636e65e0cf9d77f6ee0861ba6e49ddfd1dfdefb3517ad94eb48ba4789a1877c867ea795877eb4ee05c6c8c54cddbc613dd7a0fd64,gx-no-cache=1754328016599 HTTP/1.1" 200 110
201.186.225.193 - - [04/Aug/2025:14:17:38 -0300] "POST /cormun/servlet/solicitudot?gx-no-cache=1754328016620 HTTP/1.1" 200 110
201.186.225.193 - - [04/Aug/2025:14:17:39 -0300] "GET /cormun/servlet/prsolicitudot?20369502,,,,,MD,,gxPopupLevel%3D0%3B HTTP/1.1" 200 6169
190.95.15.9 - - [04/Aug/2025:14:17:45 -0300] "GET /cormun/servlet/trlicencias? HTTP/1.1" 200 8360
201.186.225.193 - - [04/Aug/2025:14:17:46 -0300] "GET /cormun/servlet/solicitudot?df615463446362071949f288f6ed16517d5f2d1cf3a8e57a653993bef2ed8f4e6d641350f9ba93e76179ab52b5cdceb5292b46c17f4f851378403d0636e65e0cf9d77f6ee0861ba6e49ddfd1dfdefb3517ad94eb48ba4789a1877c867ea795877eb4ee05c6c8c54cddbc613dd7a0fd64,gx-no-cache=1754328024723 HTTP/1.1" 200 110
201.186.225.193 - - [04/Aug/2025:14:17:46 -0300] "GET /cormun/servlet/solicitudot?df615463446362071949f288f6ed16517a105654b22e7f1cd2e162363cdf831999b8decf3710d899e390918f99f03b8c,gx-no-cache=1754328024743 HTTP/1.1" 200 134
201.186.225.193 - - [04/Aug/2025:14:17:54 -0300] "POST /cormun/servlet/solicitudot?gx-no-cache=1754328032277 HTTP/1.1" 200 122
190.95.15.9 - - [04/Aug/2025:14:17:57 -0300] "POST /cormun/servlet/trlicencias?c2c10326fe44fb41792a34c41e2655c7,,gx-no-cache=1754328035111 HTTP/1.1" 200 18140
201.186.225.193 - - [04/Aug/2025:14:18:01 -0300] "GET /cormun/servlet/prcontratosol?20369502,,,,,MD,,gxPopupLevel%3D0%3B HTTP/1.1" 200 8177
201.186.225.193 - - [04/Aug/2025:14:18:06 -0300] "GET /cormun/servlet/solicitudot?df615463446362071949f288f6ed16517d5f2d1cf3a8e57a653993bef2ed8f4e6d641350f9ba93e76179ab52b5cdceb5292b46c17f4f851378403d0636e65e0cf9d77f6ee0861ba6e49ddfd1dfdefb3517ad94eb48ba4789a1877c867ea795877eb4ee05c6c8c54cddbc613dd7a0fd64,gx-no-cache=1754328044723 HTTP/1.1" 200 110
201.186.225.193 - - [04/Aug/2025:14:18:06 -0300] "GET /cormun/servlet/solicitudot?df615463446362071949f288f6ed1651ab265ebce08808302b80d32318973a748728be8892940504e2bb0865a9f411f1,gx-no-cache=1754328044744 HTTP/1.1" 200 134
183.182.125.198 - - [04/Aug/2025:14:18:13 -0300] "GET /manager/html HTTP/1.1" 401 2474
201.186.225.193 - - [04/Aug/2025:14:18:35 -0300] "GET /cormun/servlet/solicitudot?df615463446362071949f288f6ed1651172745172568a4c54f1e808b0174432173b9aad5128b0bd9c0377f106700db59,gx-no-cache=1754328073064 HTTP/1.1" 200 30
201.186.225.193 - - [04/Aug/2025:14:18:47 -0300] "POST /cormun/servlet/solicitudot?gx-no-cache=1754328085842 HTTP/1.1" 200 135
201.186.225.193 - - [04/Aug/2025:14:18:48 -0300] "POST /cormun/servlet/solicitudot?58b6502785e821c88d082991a64480c3,INS,0,0,false,,gx-no-cache=1754328085913 HTTP/1.1" 200 13644
201.186.225.193 - - [04/Aug/2025:14:19:10 -0300] "GET /cormun/servlet/solicitudot?df615463446362071949f288f6ed16517d5f2d1cf3a8e57a653993bef2ed8f4e6d641350f9ba93e76179ab52b5cdceb5292b46c17f4f851378403d0636e65e0cf9d77f6ee0861ba6e49ddfd1dfdefb3517ad94eb48ba4789a1877c867ea795877eb4ee05c6c8c54cddbc613dd7a0fd64,gx-no-cache=1754328108065 HTTP/1.1" 200 110
201.186.225.193 - - [04/Aug/2025:14:19:10 -0300] "POST /cormun/servlet/solicitudot?gx-no-cache=1754328108110 HTTP/1.1" 200 135
201.186.225.193 - - [04/Aug/2025:14:19:10 -0300] "POST /cormun/servlet/solicitudot?58b6502785e821c88d082991a64480c3,INS,0,0,false,,gx-no-cache=1754328108175 HTTP/1.1" 200 13689
201.186.225.193 - - [04/Aug/2025:14:19:23 -0300] "GET /cormun/servlet/solicitudot?df615463446362071949f288f6ed1651262a0902e9e9d0ed1d11dce25cc35de146b18c179d4b9bf0394d5ddfeadb00bdd5f9f679a13f61f8533bd4e6d033802a6fdf73ce551d87cdeb7f1137e8e9cb9fc22af17a74c8c8e095de5c2788d8ed03d267b926c4a9f88047a569f36650292e7afc78c7049cc906c131a0524cfaf15ace4d1167b216e2932f30110b9d089656b00bbbd81b4639c42bfce9ddd8c0e120,gx-no-cache=1754328121457 HTTP/1.1" 200 29
201.186.225.193 - - [04/Aug/2025:14:19:25 -0300] "POST /cormun/servlet/solicitudot?gx-no-cache=1754328123665 HTTP/1.1" 200 135
201.186.225.193 - - [04/Aug/2025:14:19:25 -0300] "POST /cormun/servlet/solicitudot?58b6502785e821c88d082991a64480c3,INS,0,0,false,,gx-no-cache=1754328123733 HTTP/1.1" 200 13732
183.182.125.198 - - [04/Aug/2025:14:19:36 -0300] "GET /manager/html HTTP/1.1" 401 2474
190.95.1.129 - - [04/Aug/2025:14:20:26 -0300] "GET /cormun/servlet/hlogin HTTP/1.1" 200 1717
190.95.1.129 - - [04/Aug/2025:14:20:33 -0300] "POST /cormun/servlet/hlogin?e333e3d4f5fae3e5a21801f4f80e5e81,gx-no-cache=1754328191236 HTTP/1.1" 200 90
190.95.1.129 - - [04/Aug/2025:14:20:33 -0300] "GET /cormun/servlet/hpexe_link HTTP/1.1" 200 948
190.95.1.129 - - [04/Aug/2025:14:20:33 -0300] "GET /cormun/servlet/hhome HTTP/1.1" 200 4300
190.95.1.129 - - [04/Aug/2025:14:20:37 -0300] "GET /cormun/servlet/trsolicitudot? HTTP/1.1" 200 7518
190.95.1.129 - - [04/Aug/2025:14:20:37 -0300] "GET /cormun/static/gxcfg.js?20221129846531 HTTP/1.1" 200 953
190.95.1.129 - - [04/Aug/2025:14:20:37 -0300] "GET /cormun/static/trsolicitudot.js?202211298465651 HTTP/1.1" 200 54040
190.95.1.129 - - [04/Aug/2025:14:20:45 -0300] "GET /cormun/servlet/solicitudot?INS,0,0,false, HTTP/1.1" 200 16297
190.95.1.129 - - [04/Aug/2025:14:20:45 -0300] "GET /cormun/static/gxcfg.js?20221129840861 HTTP/1.1" 200 953
190.95.1.129 - - [04/Aug/2025:14:20:45 -0300] "GET /cormun/static/solicitudot.js?20221129840983 HTTP/1.1" 200 74072
190.95.15.17 - - [04/Aug/2025:14:20:59 -0300] "GET /cormun/servlet/hlogin HTTP/1.1" 200 1719
190.95.15.17 - - [04/Aug/2025:14:20:59 -0300] "GET /cormun/static/gxtimezone.js?85251 HTTP/1.1" 200 5781
190.95.15.17 - - [04/Aug/2025:14:20:59 -0300] "GET /cormun/static/gxcfg.js?2022112219184450 HTTP/1.1" 200 953
190.95.15.17 - - [04/Aug/2025:14:20:59 -0300] "GET /cormun/static/Resources/CormunLogin.png HTTP/1.1" 200 19132
190.95.15.17 - - [04/Aug/2025:14:20:59 -0300] "GET /cormun/static/Resources/Spanish/PXTools.css?1759030 HTTP/1.1" 200 100853
190.95.15.17 - - [04/Aug/2025:14:20:59 -0300] "GET /cormun/static/messages.spa.js?85251 HTTP/1.1" 200 30736
190.95.15.17 - - [04/Aug/2025:14:20:59 -0300] "GET /cormun/static/hlogin.js?2022112219184458 HTTP/1.1" 200 2156
190.95.15.17 - - [04/Aug/2025:14:20:59 -0300] "GET /cormun/static/gxgral.js?85251 HTTP/1.1" 200 384558
190.95.15.17 - - [04/Aug/2025:14:20:59 -0300] "GET /cormun/static/Resources/PXToolsLoginBackground.png HTTP/1.1" 200 1164
190.95.15.17 - - [04/Aug/2025:14:20:59 -0300] "GET /cormun/static/Resources/PXToolsLoginTop.png HTTP/1.1" 200 1337
190.95.15.17 - - [04/Aug/2025:14:20:59 -0300] "GET /cormun/static/Resources/PXToolsLoginBottom.png HTTP/1.1" 200 1389
190.95.15.17 - - [04/Aug/2025:14:20:59 -0300] "GET /cormun/static/Resources/PXToolsButtonRight.png HTTP/1.1" 200 1294
190.95.15.17 - - [04/Aug/2025:14:20:59 -0300] "GET /cormun/static/Resources/PXToolsButtonLeft.png HTTP/1.1" 200 1310
190.95.15.17 - - [04/Aug/2025:14:20:59 -0300] "GET /cormun/static/Resources/PXToolsButtonBackground.png HTTP/1.1" 200 1176
183.182.125.198 - - [04/Aug/2025:14:21:00 -0300] "GET /manager/html HTTP/1.1" 401 2474
190.95.1.129 - - [04/Aug/2025:14:21:04 -0300] "POST /cormun/servlet/solicitudot?gx-no-cache=1754328222204 HTTP/1.1" 200 4096
190.95.1.129 - - [04/Aug/2025:14:21:04 -0300] "GET /cormun/static/Shared/jqueryui/images/ui-bg_highlight-soft_100_c6c2c8_1x100.png HTTP/1.1" 404 1117
190.95.1.129 - - [04/Aug/2025:14:21:04 -0300] "GET /cormun/static/Shared/jqueryui/images/ui-icons_82798d_256x240.png HTTP/1.1" 404 1089
190.95.1.129 - - [04/Aug/2025:14:21:04 -0300] "GET /cormun/static/Shared/jqueryui/images/ui-icons_ebccce_256x240.png HTTP/1.1" 404 1089
190.95.1.129 - - [04/Aug/2025:14:21:04 -0300] "GET /cormun/static/Shared/jqueryui/images/ui-bg_flat_55_994d53_40x100.png HTTP/1.1" 404 1097
190.95.1.129 - - [04/Aug/2025:14:21:04 -0300] "GET /cormun/servlet/solicitudot?64be8a4c3b1be8e5a5b39480dd8929a35988986dcaa1c3d424cc8f6ef73fc58f,gx-no-cache=1754328222286 HTTP/1.1" 200 111
190.95.1.129 - - [04/Aug/2025:14:21:04 -0300] "GET /cormun/servlet/solicitudot?64be8a4c3b1be8e5a5b39480dd8929a3c50cd6ab891078fef9e5b9eb434ff97a,gx-no-cache=1754328222309 HTTP/1.1" 200 94
190.95.1.129 - - [04/Aug/2025:14:21:04 -0300] "GET /cormun/servlet/solicitudot?64be8a4c3b1be8e5a5b39480dd8929a34e8d835136f7787dcc7a1f21dd33133f,gx-no-cache=1754328222330 HTTP/1.1" 200 29
190.95.15.17 - - [04/Aug/2025:14:21:08 -0300] "POST /cormun/servlet/hlogin?64afa6d6def15c85cc5d9dbb414667a8,gx-no-cache=1754328226268 HTTP/1.1" 200 90
190.95.15.17 - - [04/Aug/2025:14:21:08 -0300] "GET /cormun/servlet/hpexe_link HTTP/1.1" 200 951
190.95.15.17 - - [04/Aug/2025:14:21:08 -0300] "GET /cormun/static/gxcfg.js?20221129847421 HTTP/1.1" 200 953
190.95.15.17 - - [04/Aug/2025:14:21:08 -0300] "GET /cormun/static/hpexe_link.js?20221129847423 HTTP/1.1" 200 625
190.95.15.17 - - [04/Aug/2025:14:21:08 -0300] "GET /cormun/static/Resources/Spanish/PXTools.css?8354383 HTTP/1.1" 200 100853
190.95.15.17 - - [04/Aug/2025:14:21:08 -0300] "GET /cormun/servlet/hhome HTTP/1.1" 200 4378
190.95.15.17 - - [04/Aug/2025:14:21:08 -0300] "GET /cormun/static/SmoothNavMenu/resources/ddsmoothmenu.css?1112540 HTTP/1.1" 200 2223
190.95.15.17 - - [04/Aug/2025:14:21:08 -0300] "GET /cormun/static/scaMessage/css/jquery.pnotify.default.css?1816380 HTTP/1.1" 200 1707
190.95.15.17 - - [04/Aug/2025:14:21:08 -0300] "GET /cormun/static/SmoothNavMenu/resources/ddsmoothmenu-v.css?1112540 HTTP/1.1" 200 1188
190.95.15.17 - - [04/Aug/2025:14:21:08 -0300] "GET /cormun/static/Shared/jqueryui/jquery-ui.min.css?1345370 HTTP/1.1" 200 30288
190.95.15.17 - - [04/Aug/2025:14:21:08 -0300] "GET /cormun/static/PXToolsJavascripts/pexe_autoreload.js HTTP/1.1" 200 1762
190.95.15.17 - - [04/Aug/2025:14:21:08 -0300] "GET /cormun/static/gxcfg.js?20201215495537 HTTP/1.1" 200 953
190.95.15.17 - - [04/Aug/2025:14:21:08 -0300] "GET /cormun/static/PXToolsJavascripts/pexe_cookies.js HTTP/1.1" 200 792
190.95.15.17 - - [04/Aug/2025:14:21:08 -0300] "GET /cormun/static/Resources/Spanish/PXTools.css?14345360 HTTP/1.1" 200 100853
190.95.15.17 - - [04/Aug/2025:14:21:08 -0300] "GET /cormun/static/PXToolsJavascripts/pexe_grid.js HTTP/1.1" 200 7559
190.95.15.17 - - [04/Aug/2025:14:21:08 -0300] "GET /cormun/static/PXToolsJavascripts/pexe_griddivfix.js HTTP/1.1" 200 6946
190.95.15.17 - - [04/Aug/2025:14:21:08 -0300] "GET /cormun/static/PXToolsJavascripts/pexe_windows.js HTTP/1.1" 200 15249
190.95.15.17 - - [04/Aug/2025:14:21:08 -0300] "GET /cormun/static/PXToolsJavascripts/pexe_link.js HTTP/1.1" 200 5671
190.95.15.17 - - [04/Aug/2025:14:21:08 -0300] "GET /cormun/static/PXToolsJavascripts/pexe_menus.js HTTP/1.1" 200 1286
190.95.15.17 - - [04/Aug/2025:14:21:08 -0300] "GET /cormun/static/PXToolsJavascripts/pexe_layers.js HTTP/1.1" 200 4114
190.95.15.17 - - [04/Aug/2025:14:21:08 -0300] "GET /cormun/static/PXToolsJavascripts/pexe_menudivfix.js HTTP/1.1" 200 333
190.95.15.17 - - [04/Aug/2025:14:21:08 -0300] "GET /cormun/static/PXToolsJavascripts/pexe_oav.js HTTP/1.1" 200 645
190.95.15.17 - - [04/Aug/2025:14:21:08 -0300] "GET /cormun/static/PXToolsJavascripts/pexe_oavdivfix.js HTTP/1.1" 200 639
190.95.15.17 - - [04/Aug/2025:14:21:08 -0300] "GET /cormun/static/PXToolsJavascripts/pexe_picture.js HTTP/1.1" 200 689
190.95.15.17 - - [04/Aug/2025:14:21:08 -0300] "GET /cormun/static/PXToolsJavascripts/pexe_scrolldiv.js HTTP/1.1" 200 4138
190.95.15.17 - - [04/Aug/2025:14:21:08 -0300] "GET /cormun/static/PXToolsJavascripts/pexe_tabdivfix.js HTTP/1.1" 200 898
190.95.15.17 - - [04/Aug/2025:14:21:08 -0300] "GET /cormun/static/PXToolsJavascripts/PXToolsJavascriptsRender.js HTTP/1.1" 200 367
190.95.15.17 - - [04/Aug/2025:14:21:08 -0300] "GET /cormun/static/PXToolsJavascripts/pexe_upload.js HTTP/1.1" 200 1423
190.95.15.17 - - [04/Aug/2025:14:21:08 -0300] "GET /cormun/static/PXToolsJavascripts/pexe_tabs.js HTTP/1.1" 200 3748
190.95.15.17 - - [04/Aug/2025:14:21:08 -0300] "GET /cormun/static/PXToolsJavascripts/pexe_popup.js HTTP/1.1" 200 15149
190.95.15.17 - - [04/Aug/2025:14:21:08 -0300] "GET /cormun/static/Resources/CormunMP2.png HTTP/1.1" 200 6878
190.95.15.17 - - [04/Aug/2025:14:21:08 -0300] "GET /cormun/static/Resources/ImgHome.png HTTP/1.1" 200 1364
190.95.15.17 - - [04/Aug/2025:14:21:08 -0300] "GET /cormun/static/Resources/Llave.png HTTP/1.1" 200 1395
190.95.15.17 - - [04/Aug/2025:14:21:08 -0300] "GET /cormun/static/Resources/ImgLogin.png HTTP/1.1" 200 1432
190.95.15.17 - - [04/Aug/2025:14:21:08 -0300] "GET /cormun/static/RunJS/RunJS.js HTTP/1.1" 200 288
190.95.15.17 - - [04/Aug/2025:14:21:08 -0300] "GET /cormun/static/Shared/ext/locale/ext-lang-en.js HTTP/1.1" 200 10940
190.95.15.17 - - [04/Aug/2025:14:21:08 -0300] "GET /cormun/static/Resources/PXToolsDataTitle.png HTTP/1.1" 200 1173
190.95.15.17 - - [04/Aug/2025:14:21:08 -0300] "GET /cormun/static/hhome.js?20201215495544 HTTP/1.1" 200 777
190.95.15.17 - - [04/Aug/2025:14:21:08 -0300] "GET /cormun/static/hwchdr01.js?2022112219251119 HTTP/1.1" 200 996
190.95.15.17 - - [04/Aug/2025:14:21:08 -0300] "GET /cormun/static/hpexe_recentlink.js?20201214471090 HTTP/1.1" 200 2144
190.95.15.17 - - [04/Aug/2025:14:21:08 -0300] "GET /cormun/static/hpexe_scripts.js?20201214471411 HTTP/1.1" 200 1544
190.95.15.17 - - [04/Aug/2025:14:21:08 -0300] "GET /cormun/static/hpexe_messagecontroller.js?202211298371222 HTTP/1.1" 200 870
190.95.15.17 - - [04/Aug/2025:14:21:08 -0300] "GET /cormun/static/hpexe_messagepopupcomponent.js?2020121447232 HTTP/1.1" 200 605
190.95.15.17 - - [04/Aug/2025:14:21:08 -0300] "GET /cormun/static/gxui/gxui-all.js HTTP/1.1" 200 107772
190.95.15.17 - - [04/Aug/2025:14:21:08 -0300] "GET /cormun/static/hpexe_messagegenexuscomponent.js?20221129836373 HTTP/1.1" 200 587
190.95.15.17 - - [04/Aug/2025:14:21:08 -0300] "GET /cormun/static/cmcontrolpreferences.js?20199141926336 HTTP/1.1" 200 1375
190.95.15.17 - - [04/Aug/2025:14:21:08 -0300] "GET /cormun/static/SmoothNavMenu/resources/ddsmoothmenu.js HTTP/1.1" 200 12712
190.95.15.17 - - [04/Aug/2025:14:21:08 -0300] "GET /cormun/static/SmoothNavMenu/resources/SmoothNavMenuRender.js HTTP/1.1" 200 5951
190.95.15.17 - - [04/Aug/2025:14:21:08 -0300] "GET /cormun/static/scaMessage/js/jquery.pnotify.min.js HTTP/1.1" 200 13038
190.95.15.17 - - [04/Aug/2025:14:21:08 -0300] "GET /cormun/static/scaMessage/scaMessageRender.js HTTP/1.1" 200 11977
190.95.15.17 - - [04/Aug/2025:14:21:08 -0300] "GET /cormun/static/hmpwkw03.js?20221129844354 HTTP/1.1" 200 3971
190.95.15.17 - - [04/Aug/2025:14:21:08 -0300] "GET /cormun/static/Shared/jquery/jquery-1.4.2.min.js HTTP/1.1" 200 72174
190.95.15.17 - - [04/Aug/2025:14:21:08 -0300] "GET /cormun/static/Shared/jqueryui/jquery-ui.min.js HTTP/1.1" 200 240427
190.95.15.17 - - [04/Aug/2025:14:21:08 -0300] "GET /cormun/static/Shared/jquery/jquery-1.10.2.min.js HTTP/1.1" 200 273199
190.95.15.17 - - [04/Aug/2025:14:21:08 -0300] "GET /cormun/static/Shared/ext/ext-all.js HTTP/1.1" 200 1289687
190.95.15.17 - - [04/Aug/2025:14:21:09 -0300] "GET /cormun/static/SmoothNavMenu/resources/images/down.gif HTTP/1.1" 200 854
190.95.15.17 - - [04/Aug/2025:14:21:09 -0300] "GET /cormun/static/SmoothNavMenu/resources/images/right.gif HTTP/1.1" 200 860
190.95.1.129 - - [04/Aug/2025:14:21:10 -0300] "GET /cormun/servlet/solicitudot?64be8a4c3b1be8e5a5b39480dd8929a3703b6efe98ffb6a4aebcd53fd088fa3d7d1ffce7a080b80ba1c2670e75b9921bb295af8910bd4e5b8bcc4b1faeefd0e32f934f6bdd4e87b2ecd0fbb4632ce8eeecd6e3ebed136f1530bbbf494a97eb860ec27b3d155403eb393c4c67d7848169d5efbfde5788a6d124b119846b983afd5739e02c4fe1ec560dd40597dbd6fd0ddc948fd0527dbf5bfb576769ed85d8f982d9de9dffb7bd0f89551736485a5b95e3c2c76aa44c0e3d5b8e5b267b4f509a5334cc84fb3f58ec49dbe42337d2afb5a1314e91cecb653a413d038c6b64ee6ce65d166c1060b47b77d7339fabd866c105c0e88297c28b99dd9b61f34cab653ae55f8a470b9070a3064c4db03e7e9abb688f179248025c183194f5399fb0a986f2b48a65d842d5d18497be29eb91cad9dae1a13cf725117e3f36900917a00bdb14f04014505083d829141d5b2ea900bf,gx-no-cache=1754328227990 HTTP/1.1" 200 297
190.95.1.129 - - [04/Aug/2025:14:21:10 -0300] "GET /cormun/servlet/solicitudot?64be8a4c3b1be8e5a5b39480dd8929a386b34803a3ac18d16eb52124e8894c0b7fff8bccbb4448d33a1b9677fd23b3b6661cb75f1b3eed905d05896bb16f46087099598bb637034f168e75ef4a3ca0a731afa762335e872a863a853132ebfea31c985db79658490eb167a32b443c82aa8939df167586492fa9ebf0b00c46b0f5aebdbae532beeeb6d6cfee8688e02f322f966218030f590a43105b420665f380159207eddb91cd66059d21c3d1cbc817937611e0d1fcea53ff9fe950d881d81b8061d0fd19115b1b0e7df731926a4fe8c3a3501d12475d1f0f0db8e1be776dbf7894e235385558bc52464e445d2122a7e830b5fa8c8642be03d60608e7926597985f3d23f4350195b3b9e61b80a53b4026953549a2339a7733005033c3ff2efd832ee0ec92fe19f065d498d280c153cfa6292fb15cd684edd30e888cab5b612f94380a628f2c268732e5a7d4a000cbf2ca8edd7665e404e16ec646a5ab3db759edd768cb96e04cf6ec790e564c08cd4d239785f268687278a8edc635c27c4b651c45dc9c4adf64894b52754287b61da0,gx-no-cache=1754328228027 HTTP/1.1" 200 30
190.95.15.17 - - [04/Aug/2025:14:21:12 -0300] "GET /cormun/servlet/trlicencias? HTTP/1.1" 200 12403
190.95.15.17 - - [04/Aug/2025:14:21:13 -0300] "GET /cormun/static/gxui/gxui-all.css?120300 HTTP/1.1" 200 2179
190.95.15.17 - - [04/Aug/2025:14:21:13 -0300] "GET /cormun/static/calendar-system.css?85620 HTTP/1.1" 200 5572
190.95.15.17 - - [04/Aug/2025:14:21:13 -0300] "GET /cormun/static/gxcfg.js?202211298463625 HTTP/1.1" 200 953
190.95.15.17 - - [04/Aug/2025:14:21:13 -0300] "GET /cormun/static/calendar.js?85251 HTTP/1.1" 200 26246
190.95.15.17 - - [04/Aug/2025:14:21:13 -0300] "GET /cormun/static/calendar-setup.js?85251 HTTP/1.1" 200 2588
190.95.15.17 - - [04/Aug/2025:14:21:13 -0300] "GET /cormun/static/calendar-es.js?85251 HTTP/1.1" 200 1901
190.95.15.17 - - [04/Aug/2025:14:21:13 -0300] "GET /cormun/static/Resources/PXTools/calendar.png HTTP/1.1" 200 1306
190.95.15.17 - - [04/Aug/2025:14:21:13 -0300] "GET /cormun/static/gxdec.js?85251 HTTP/1.1" 200 19579
190.95.15.17 - - [04/Aug/2025:14:21:13 -0300] "GET /cormun/static/trlicencias.js?202211298463889 HTTP/1.1" 200 41883
190.95.15.17 - - [04/Aug/2025:14:21:13 -0300] "GET /cormun/static/Resources/PXToolsDataSearch.png HTTP/1.1" 200 435
190.95.15.17 - - [04/Aug/2025:14:21:13 -0300] "GET /cormun/static/Shared/ext/resources/css/ext-all.css?215870 HTTP/1.1" 200 416045
190.95.15.17 - - [04/Aug/2025:14:21:13 -0300] "GET /cormun/static/Resources/PXToolsGridFirstDisabled.gif HTTP/1.1" 200 100
190.95.15.17 - - [04/Aug/2025:14:21:13 -0300] "GET /cormun/static/Resources/PXToolsGridPreviousDisabled.gif HTTP/1.1" 200 90
190.95.15.17 - - [04/Aug/2025:14:21:13 -0300] "GET /cormun/static/Resources/PXToolsGridNextDisabled.gif HTTP/1.1" 200 90
