192.168.10.19 - - [04/Aug/2025:12:26:24 -0300] "GET /cormun/servlet/trsolicitudgral? HTTP/1.1" 200 8323
190.95.15.15 - - [04/Aug/2025:12:26:27 -0300] "POST /cormun/servlet/trpermisosgoce?8b042385702485a9322021b50e7b57f5,gx-no-cache=1754321345537 HTTP/1.1" 200 10579
192.168.10.19 - - [04/Aug/2025:12:26:35 -0300] "POST /cormun/servlet/trsolicitudgral?0ded72593f19bfa34a8f792c36989e1a,,gx-no-cache=1754321368878 HTTP/1.1" 200 15150
190.95.67.97 - - [04/Aug/2025:12:26:36 -0300] "GET /cormun/servlet/trpermisosadjuntos?13777045,20250731143752,P, HTTP/1.1" 200 6197
190.95.67.97 - - [04/Aug/2025:12:26:36 -0300] "GET /cormun/static/gxcfg.js?2020121641683 HTTP/1.1" 200 953
190.95.67.97 - - [04/Aug/2025:12:26:36 -0300] "GET /cormun/static/trpermisosadjuntos.js?2020121642996 HTTP/1.1" 200 20158
190.95.67.97 - - [04/Aug/2025:12:26:37 -0300] "GET /cormun/servlet/permisosadjuntos?INS,13777045,P,20250731143752,, HTTP/1.1" 200 5522
190.95.67.97 - - [04/Aug/2025:12:26:37 -0300] "GET /cormun/static/gxcfg.js?20201215134212 HTTP/1.1" 200 953
190.95.67.97 - - [04/Aug/2025:12:26:37 -0300] "GET /cormun/static/permisosadjuntos.js?20201215134285 HTTP/1.1" 200 8724
190.95.67.97 - - [04/Aug/2025:12:26:37 -0300] "GET /cormun/static/about:blank HTTP/1.1" 404 1011
200.126.117.15 - - [04/Aug/2025:12:26:44 -0300] "POST /cormun/servlet/trlicencias?0d8a7e3a499876a8975c7ee87e41b179,,gx-no-cache=1754321361625 HTTP/1.1" 200 5704
183.182.125.198 - - [04/Aug/2025:12:26:50 -0300] "GET /manager/html HTTP/1.1" 401 2474
201.186.225.193 - - [04/Aug/2025:12:26:59 -0300] "GET /cormun/servlet/prcontratosol?20369502,,,,,MD,,gxPopupLevel%3D0%3B HTTP/1.1" 200 8177
201.186.225.193 - - [04/Aug/2025:12:26:59 -0300] "GET /cormun/static/gxcfg.js?202211298464198 HTTP/1.1" 200 953
201.186.225.193 - - [04/Aug/2025:12:26:59 -0300] "GET /cormun/static/prcontratosol.js?202211298464288 HTTP/1.1" 200 15806
201.186.225.193 - - [04/Aug/2025:12:27:08 -0300] "POST /cormun/servlet/solicitudot?gx-no-cache=1754321386489 HTTP/1.1" 200 30
201.186.225.193 - - [04/Aug/2025:12:27:08 -0300] "POST /cormun/servlet/solicitudot?gx-no-cache=1754321386512 HTTP/1.1" 200 1482
201.186.225.193 - - [04/Aug/2025:12:27:08 -0300] "POST /cormun/servlet/solicitudot?gx-no-cache=1754321386591 HTTP/1.1" 200 41
201.186.225.193 - - [04/Aug/2025:12:27:08 -0300] "GET /cormun/servlet/solicitudot?df615463446362071949f288f6ed16517d5f2d1cf3a8e57a653993bef2ed8f4e6d641350f9ba93e76179ab52b5cdceb5292b46c17f4f851378403d0636e65e0cf9d77f6ee0861ba6e49ddfd1dfdefb3517ad94eb48ba4789a1877c867ea795877eb4ee05c6c8c54cddbc613dd7a0fd64,gx-no-cache=1754321386613 HTTP/1.1" 200 110
201.186.225.193 - - [04/Aug/2025:12:27:08 -0300] "POST /cormun/servlet/solicitudot?gx-no-cache=1754321386634 HTTP/1.1" 200 110
201.186.225.193 - - [04/Aug/2025:12:27:08 -0300] "GET /cormun/servlet/solicitudot?df615463446362071949f288f6ed16518938e5b597a7a2f07c90eb3d162c3a10,gx-no-cache=1754321386660 HTTP/1.1" 200 30
201.186.225.193 - - [04/Aug/2025:12:27:12 -0300] "GET /cormun/servlet/prsolicitudot?20369502,,,,,MD,,gxPopupLevel%3D0%3B HTTP/1.1" 200 6169
201.186.225.193 - - [04/Aug/2025:12:27:12 -0300] "GET /cormun/static/gxcfg.js?20201215593468 HTTP/1.1" 200 953
201.186.225.193 - - [04/Aug/2025:12:27:12 -0300] "GET /cormun/static/prsolicitudot.js?20201215593721 HTTP/1.1" 200 13680
201.186.225.193 - - [04/Aug/2025:12:27:15 -0300] "GET /cormun/servlet/solicitudot?df615463446362071949f288f6ed16517d5f2d1cf3a8e57a653993bef2ed8f4e6d641350f9ba93e76179ab52b5cdceb5292b46c17f4f851378403d0636e65e0cf9d77f6ee0861ba6e49ddfd1dfdefb3517ad94eb48ba4789a1877c867ea795877eb4ee05c6c8c54cddbc613dd7a0fd64,gx-no-cache=1754321393160 HTTP/1.1" 200 110
201.186.225.193 - - [04/Aug/2025:12:27:15 -0300] "GET /cormun/servlet/solicitudot?df615463446362071949f288f6ed16517a105654b22e7f1cd2e162363cdf831999b8decf3710d899e390918f99f03b8c,gx-no-cache=1754321393192 HTTP/1.1" 200 134
192.168.10.19 - - [04/Aug/2025:12:27:26 -0300] "POST /cormun/servlet/trsolicitudgral?0ded72593f19bfa34a8f792c36989e1a,,gx-no-cache=1754321419936 HTTP/1.1" 200 5259
201.186.225.193 - - [04/Aug/2025:12:27:31 -0300] "GET /cormun/servlet/solicitudot?df615463446362071949f288f6ed16519ec99e98b623f77c20aad9fc79687eba73b9aad5128b0bd9c0377f106700db59,gx-no-cache=1754321409467 HTTP/1.1" 200 134
201.186.225.193 - - [04/Aug/2025:12:27:34 -0300] "GET /cormun/servlet/solicitudot?df615463446362071949f288f6ed16519ec99e98b623f77c20aad9fc79687eba73b9aad5128b0bd9c0377f106700db59,gx-no-cache=1754321412238 HTTP/1.1" 200 134
201.186.225.193 - - [04/Aug/2025:12:27:34 -0300] "POST /cormun/servlet/solicitudot?gx-no-cache=1754321412268 HTTP/1.1" 200 146
190.95.67.91 - - [04/Aug/2025:12:28:00 -0300] "POST /cormun/servlet/trlicencias?f225f2404c3fe5fca08fce518edf7a06,,gx-no-cache=1754321438579 HTTP/1.1" 200 17406
190.95.67.91 - - [04/Aug/2025:12:28:04 -0300] "GET /cormun/servlet/trpermisosgoce? HTTP/1.1" 200 19171
190.95.67.91 - - [04/Aug/2025:12:28:06 -0300] "GET /cormun/static/menuarrow.gif HTTP/1.1" 404 1015
190.95.67.93 - - [04/Aug/2025:12:28:09 -0300] "GET /cormun/servlet/trpermisosgoce? HTTP/1.1" 200 15698
183.182.125.198 - - [04/Aug/2025:12:28:13 -0300] "GET /manager/html HTTP/1.1" 401 2474
190.95.67.97 - - [04/Aug/2025:12:28:15 -0300] "GET /cormun/servlet/trpermisosgoce? HTTP/1.1" 200 11925
201.186.225.193 - - [04/Aug/2025:12:28:21 -0300] "GET /cormun/servlet/solicitudot?df615463446362071949f288f6ed1651172745172568a4c54f1e808b0174432173b9aad5128b0bd9c0377f106700db59,gx-no-cache=1754321459166 HTTP/1.1" 200 30
201.186.225.193 - - [04/Aug/2025:12:28:21 -0300] "POST /cormun/servlet/solicitudot?gx-no-cache=1754321459201 HTTP/1.1" 200 146
190.95.67.91 - - [04/Aug/2025:12:28:27 -0300] "POST /cormun/servlet/trpermisosgoce?f225f2404c3fe5fca08fce518edf7a06,,gx-no-cache=1754321465926 HTTP/1.1" 200 10379
190.95.67.91 - - [04/Aug/2025:12:28:29 -0300] "POST /cormun/servlet/trpermisosgoce?f225f2404c3fe5fca08fce518edf7a06,,gx-no-cache=1754321467868 HTTP/1.1" 200 10380
190.95.67.91 - - [04/Aug/2025:12:28:32 -0300] "POST /cormun/servlet/trpermisosgoce?f225f2404c3fe5fca08fce518edf7a06,,gx-no-cache=1754321470628 HTTP/1.1" 200 104
190.95.67.91 - - [04/Aug/2025:12:28:32 -0300] "POST /cormun/servlet/trpermisosgoce?f225f2404c3fe5fca08fce518edf7a06,,gx-no-cache=1754321470828 HTTP/1.1" 200 10355
190.95.67.91 - - [04/Aug/2025:12:28:32 -0300] "GET /cormun/PermisosGoce-1106.xls HTTP/1.1" 200 9216
190.95.1.129 - - [04/Aug/2025:12:28:39 -0300] "POST /cormun/servlet/trlicencias?95c52a1f991859cc1dc9202cb2446244,,gx-no-cache=1754321477393 HTTP/1.1" 440 972
190.95.1.129 - - [04/Aug/2025:12:28:40 -0300] "GET /cormun/servlet/trlicencias? HTTP/1.1" 200 6051
190.95.1.129 - - [04/Aug/2025:12:28:41 -0300] "GET /cormun/servlet/hlogin HTTP/1.1" 200 1741
190.95.1.129 - - [04/Aug/2025:12:28:48 -0300] "POST /cormun/servlet/hlogin?db7629aa08a3b76834a934dd60731dc4,gx-no-cache=1754321485598 HTTP/1.1" 200 90
190.95.1.129 - - [04/Aug/2025:12:28:48 -0300] "GET /cormun/servlet/hpexe_link HTTP/1.1" 200 959
190.95.1.129 - - [04/Aug/2025:12:28:48 -0300] "GET /cormun/servlet/trlicencias HTTP/1.1" 200 13459
201.186.225.193 - - [04/Aug/2025:12:29:01 -0300] "POST /cormun/servlet/solicitudot?gx-no-cache=1754321499892 HTTP/1.1" 200 135
201.186.225.193 - - [04/Aug/2025:12:29:02 -0300] "POST /cormun/servlet/solicitudot?58b6502785e821c88d082991a64480c3,INS,0,0,false,,gx-no-cache=1754321499977 HTTP/1.1" 200 13506
190.95.67.97 - - [04/Aug/2025:12:29:18 -0300] "GET /cormun/servlet/trpermisosadjuntos?13777045,20250731143752,P, HTTP/1.1" 200 6197
190.95.67.97 - - [04/Aug/2025:12:29:19 -0300] "GET /cormun/servlet/permisosadjuntos?INS,13777045,P,20250731143752,, HTTP/1.1" 200 5522
190.95.67.97 - - [04/Aug/2025:12:29:20 -0300] "GET /cormun/static/about:blank HTTP/1.1" 404 1011
10.40.40.2 - - [04/Aug/2025:12:29:23 -0300] "GET /cormun/servlet/hlogin HTTP/1.1" 200 1721
10.40.40.2 - - [04/Aug/2025:12:29:23 -0300] "GET /cormun/static/gxtimezone.js?85251 HTTP/1.1" 200 5781
10.40.40.2 - - [04/Aug/2025:12:29:23 -0300] "GET /cormun/static/gxcfg.js?2022112219184450 HTTP/1.1" 200 953
10.40.40.2 - - [04/Aug/2025:12:29:23 -0300] "GET /cormun/static/hlogin.js?2022112219184458 HTTP/1.1" 200 2156
10.40.40.2 - - [04/Aug/2025:12:29:23 -0300] "GET /cormun/static/Resources/Spanish/PXTools.css?1759030 HTTP/1.1" 200 100853
10.40.40.2 - - [04/Aug/2025:12:29:23 -0300] "GET /cormun/static/messages.spa.js?85251 HTTP/1.1" 200 30736
10.40.40.2 - - [04/Aug/2025:12:29:23 -0300] "GET /cormun/static/gxgral.js?85251 HTTP/1.1" 200 384558
10.40.40.2 - - [04/Aug/2025:12:29:23 -0300] "GET /cormun/static/Resources/CormunLogin.png HTTP/1.1" 200 19132
10.40.40.2 - - [04/Aug/2025:12:29:23 -0300] "GET /cormun/static/Resources/PXToolsLoginTop.png HTTP/1.1" 200 1337
10.40.40.2 - - [04/Aug/2025:12:29:23 -0300] "GET /cormun/static/Resources/PXToolsLoginBackground.png HTTP/1.1" 200 1164
10.40.40.2 - - [04/Aug/2025:12:29:23 -0300] "GET /cormun/static/Resources/PXToolsButtonLeft.png HTTP/1.1" 200 1310
10.40.40.2 - - [04/Aug/2025:12:29:23 -0300] "GET /cormun/static/Resources/PXToolsButtonBackground.png HTTP/1.1" 200 1176
10.40.40.2 - - [04/Aug/2025:12:29:23 -0300] "GET /cormun/static/Resources/PXToolsButtonRight.png HTTP/1.1" 200 1294
10.40.40.2 - - [04/Aug/2025:12:29:23 -0300] "GET /cormun/static/Resources/PXToolsLoginBottom.png HTTP/1.1" 200 1389
10.40.40.2 - - [04/Aug/2025:12:29:23 -0300] "GET /cormun/static/Resources/indicator.gif HTTP/1.1" 200 1553
10.40.40.2 - - [04/Aug/2025:12:29:23 -0300] "GET /cormun/servlet/hlogin HTTP/1.1" 200 1730
10.40.40.2 - - [04/Aug/2025:12:29:24 -0300] "GET /favicon.ico HTTP/1.1" 200 21630
183.182.125.198 - - [04/Aug/2025:12:29:36 -0300] "GET /manager/html HTTP/1.1" 401 2474
201.186.225.193 - - [04/Aug/2025:12:29:36 -0300] "POST /cormun/servlet/solicitudot?gx-no-cache=1754321534788 HTTP/1.1" 200 135
201.186.225.193 - - [04/Aug/2025:12:29:36 -0300] "POST /cormun/servlet/solicitudot?58b6502785e821c88d082991a64480c3,INS,0,0,false,,gx-no-cache=1754321534853 HTTP/1.1" 200 13564
10.40.40.2 - - [04/Aug/2025:12:29:47 -0300] "POST /cormun/servlet/hlogin?2e08f6ae97f946bba05ef5a3354afb77,gx-no-cache=1754321510260 HTTP/1.1" 200 90
10.40.40.2 - - [04/Aug/2025:12:29:47 -0300] "GET /cormun/servlet/hpexe_link HTTP/1.1" 200 948
10.40.40.2 - - [04/Aug/2025:12:29:47 -0300] "GET /cormun/static/gxcfg.js?20221129847421 HTTP/1.1" 200 953
10.40.40.2 - - [04/Aug/2025:12:29:47 -0300] "GET /cormun/static/hpexe_link.js?20221129847423 HTTP/1.1" 200 625
10.40.40.2 - - [04/Aug/2025:12:29:47 -0300] "GET /cormun/static/Resources/Spanish/PXTools.css?8354383 HTTP/1.1" 200 100853
10.40.40.2 - - [04/Aug/2025:12:29:47 -0300] "GET /cormun/servlet/hhome HTTP/1.1" 200 3180
10.40.40.2 - - [04/Aug/2025:12:29:47 -0300] "GET /cormun/static/SmoothNavMenu/resources/ddsmoothmenu.css?1112540 HTTP/1.1" 200 2223
10.40.40.2 - - [04/Aug/2025:12:29:47 -0300] "GET /cormun/static/SmoothNavMenu/resources/ddsmoothmenu-v.css?1112540 HTTP/1.1" 200 1188
10.40.40.2 - - [04/Aug/2025:12:29:47 -0300] "GET /cormun/static/scaMessage/css/jquery.pnotify.default.css?1816380 HTTP/1.1" 200 1707
10.40.40.2 - - [04/Aug/2025:12:29:47 -0300] "GET /cormun/static/gxcfg.js?20201215495537 HTTP/1.1" 200 953
10.40.40.2 - - [04/Aug/2025:12:29:47 -0300] "GET /cormun/static/PXToolsJavascripts/pexe_autoreload.js HTTP/1.1" 200 1762
10.40.40.2 - - [04/Aug/2025:12:29:47 -0300] "GET /cormun/static/PXToolsJavascripts/pexe_cookies.js HTTP/1.1" 200 792
10.40.40.2 - - [04/Aug/2025:12:29:47 -0300] "GET /cormun/static/PXToolsJavascripts/pexe_griddivfix.js HTTP/1.1" 200 6946
10.40.40.2 - - [04/Aug/2025:12:29:47 -0300] "GET /cormun/static/PXToolsJavascripts/pexe_grid.js HTTP/1.1" 200 7559
10.40.40.2 - - [04/Aug/2025:12:29:47 -0300] "GET /cormun/static/PXToolsJavascripts/pexe_link.js HTTP/1.1" 200 5671
10.40.40.2 - - [04/Aug/2025:12:29:47 -0300] "GET /cormun/static/PXToolsJavascripts/pexe_windows.js HTTP/1.1" 200 15249
10.40.40.2 - - [04/Aug/2025:12:29:47 -0300] "GET /cormun/static/Resources/Spanish/PXTools.css?14345360 HTTP/1.1" 200 100853
10.40.40.2 - - [04/Aug/2025:12:29:47 -0300] "GET /cormun/static/PXToolsJavascripts/pexe_menudivfix.js HTTP/1.1" 200 333
10.40.40.2 - - [04/Aug/2025:12:29:47 -0300] "GET /cormun/static/PXToolsJavascripts/pexe_menus.js HTTP/1.1" 200 1286
10.40.40.2 - - [04/Aug/2025:12:29:47 -0300] "GET /cormun/static/PXToolsJavascripts/pexe_layers.js HTTP/1.1" 200 4114
10.40.40.2 - - [04/Aug/2025:12:29:47 -0300] "GET /cormun/static/PXToolsJavascripts/pexe_oav.js HTTP/1.1" 200 645
10.40.40.2 - - [04/Aug/2025:12:29:47 -0300] "GET /cormun/static/PXToolsJavascripts/pexe_oavdivfix.js HTTP/1.1" 200 639
10.40.40.2 - - [04/Aug/2025:12:29:47 -0300] "GET /cormun/static/PXToolsJavascripts/pexe_picture.js HTTP/1.1" 200 689
10.40.40.2 - - [04/Aug/2025:12:29:47 -0300] "GET /cormun/static/PXToolsJavascripts/pexe_scrolldiv.js HTTP/1.1" 200 4138
10.40.40.2 - - [04/Aug/2025:12:29:47 -0300] "GET /cormun/static/Shared/jqueryui/jquery-ui.min.css?1345370 HTTP/1.1" 200 30288
10.40.40.2 - - [04/Aug/2025:12:29:47 -0300] "GET /cormun/static/PXToolsJavascripts/pexe_popup.js HTTP/1.1" 200 15149
10.40.40.2 - - [04/Aug/2025:12:29:47 -0300] "GET /cormun/static/PXToolsJavascripts/pexe_tabdivfix.js HTTP/1.1" 200 898
10.40.40.2 - - [04/Aug/2025:12:29:47 -0300] "GET /cormun/static/PXToolsJavascripts/pexe_tabs.js HTTP/1.1" 200 3748
10.40.40.2 - - [04/Aug/2025:12:29:47 -0300] "GET /cormun/static/PXToolsJavascripts/pexe_upload.js HTTP/1.1" 200 1423
10.40.40.2 - - [04/Aug/2025:12:29:47 -0300] "GET /cormun/static/PXToolsJavascripts/PXToolsJavascriptsRender.js HTTP/1.1" 200 367
10.40.40.2 - - [04/Aug/2025:12:29:47 -0300] "GET /cormun/static/RunJS/RunJS.js HTTP/1.1" 200 288
10.40.40.2 - - [04/Aug/2025:12:29:47 -0300] "GET /cormun/static/hhome.js?20201215495544 HTTP/1.1" 200 777
10.40.40.2 - - [04/Aug/2025:12:29:47 -0300] "GET /cormun/static/Shared/ext/locale/ext-lang-en.js HTTP/1.1" 200 10940
10.40.40.2 - - [04/Aug/2025:12:29:47 -0300] "GET /cormun/static/hwchdr01.js?2022112219251119 HTTP/1.1" 200 996
10.40.40.2 - - [04/Aug/2025:12:29:47 -0300] "GET /cormun/static/hpexe_scripts.js?20201214471411 HTTP/1.1" 200 1544
10.40.40.2 - - [04/Aug/2025:12:29:47 -0300] "GET /cormun/static/hpexe_messagecontroller.js?202211298371222 HTTP/1.1" 200 870
10.40.40.2 - - [04/Aug/2025:12:29:47 -0300] "GET /cormun/static/hpexe_recentlink.js?20201214471090 HTTP/1.1" 200 2144
10.40.40.2 - - [04/Aug/2025:12:29:47 -0300] "GET /cormun/static/cmcontrolpreferences.js?20199141926336 HTTP/1.1" 200 1375
10.40.40.2 - - [04/Aug/2025:12:29:47 -0300] "GET /cormun/static/hpexe_messagegenexuscomponent.js?20221129836373 HTTP/1.1" 200 587
10.40.40.2 - - [04/Aug/2025:12:29:47 -0300] "GET /cormun/static/hpexe_messagepopupcomponent.js?2020121447232 HTTP/1.1" 200 605
10.40.40.2 - - [04/Aug/2025:12:29:47 -0300] "GET /cormun/static/SmoothNavMenu/resources/ddsmoothmenu.js HTTP/1.1" 200 12712
10.40.40.2 - - [04/Aug/2025:12:29:47 -0300] "GET /cormun/static/Shared/jquery/jquery-1.4.2.min.js HTTP/1.1" 200 72174
10.40.40.2 - - [04/Aug/2025:12:29:47 -0300] "GET /cormun/static/gxui/gxui-all.js HTTP/1.1" 200 107772
10.40.40.2 - - [04/Aug/2025:12:29:47 -0300] "GET /cormun/static/SmoothNavMenu/resources/SmoothNavMenuRender.js HTTP/1.1" 200 5951
10.40.40.2 - - [04/Aug/2025:12:29:47 -0300] "GET /cormun/static/scaMessage/js/jquery.pnotify.min.js HTTP/1.1" 200 13038
10.40.40.2 - - [04/Aug/2025:12:29:47 -0300] "GET /cormun/static/scaMessage/scaMessageRender.js HTTP/1.1" 200 11977
10.40.40.2 - - [04/Aug/2025:12:29:47 -0300] "GET /cormun/static/hmpwkw03.js?20221129844354 HTTP/1.1" 200 3971
10.40.40.2 - - [04/Aug/2025:12:29:47 -0300] "GET /cormun/static/Resources/PXToolsDataTitle.png HTTP/1.1" 200 1173
10.40.40.2 - - [04/Aug/2025:12:29:47 -0300] "GET /cormun/static/Resources/CormunMP2.png HTTP/1.1" 200 6878
10.40.40.2 - - [04/Aug/2025:12:29:47 -0300] "GET /cormun/static/Resources/ImgHome.png HTTP/1.1" 200 1364
10.40.40.2 - - [04/Aug/2025:12:29:47 -0300] "GET /cormun/static/Resources/ImgLogin.png HTTP/1.1" 200 1432
10.40.40.2 - - [04/Aug/2025:12:29:47 -0300] "GET /cormun/static/Resources/Llave.png HTTP/1.1" 200 1395
10.40.40.2 - - [04/Aug/2025:12:29:47 -0300] "GET /cormun/static/Shared/jqueryui/jquery-ui.min.js HTTP/1.1" 200 240427
10.40.40.2 - - [04/Aug/2025:12:29:47 -0300] "GET /cormun/static/Shared/jquery/jquery-1.10.2.min.js HTTP/1.1" 200 273199
10.40.40.2 - - [04/Aug/2025:12:29:48 -0300] "GET /cormun/static/Shared/ext/ext-all.js HTTP/1.1" 200 1289687
10.40.40.2 - - [04/Aug/2025:12:29:48 -0300] "GET /cormun/static/SmoothNavMenu/resources/images/down.gif HTTP/1.1" 200 854
10.40.40.2 - - [04/Aug/2025:12:29:54 -0300] "GET /cormun/servlet/trlicencias? HTTP/1.1" 200 19507
10.40.40.2 - - [04/Aug/2025:12:29:54 -0300] "GET /cormun/static/calendar-system.css?85620 HTTP/1.1" 200 5572
10.40.40.2 - - [04/Aug/2025:12:29:54 -0300] "GET /cormun/static/gxui/gxui-all.css?120300 HTTP/1.1" 200 2179
10.40.40.2 - - [04/Aug/2025:12:29:54 -0300] "GET /cormun/static/gxcfg.js?202211298463625 HTTP/1.1" 200 953
10.40.40.2 - - [04/Aug/2025:12:29:54 -0300] "GET /cormun/static/calendar.js?85251 HTTP/1.1" 200 26246
10.40.40.2 - - [04/Aug/2025:12:29:54 -0300] "GET /cormun/static/calendar-setup.js?85251 HTTP/1.1" 200 2588
10.40.40.2 - - [04/Aug/2025:12:29:54 -0300] "GET /cormun/static/calendar-es.js?85251 HTTP/1.1" 200 1901
10.40.40.2 - - [04/Aug/2025:12:29:54 -0300] "GET /cormun/static/gxdec.js?85251 HTTP/1.1" 200 19579
10.40.40.2 - - [04/Aug/2025:12:29:54 -0300] "GET /cormun/static/trlicencias.js?202211298463889 HTTP/1.1" 200 41883
10.40.40.2 - - [04/Aug/2025:12:29:54 -0300] "GET /cormun/static/Shared/ext/resources/css/ext-all.css?215870 HTTP/1.1" 200 416045
10.40.40.2 - - [04/Aug/2025:12:29:54 -0300] "GET /cormun/static/Resources/PXToolsAddAllAction.png HTTP/1.1" 200 495
10.40.40.2 - - [04/Aug/2025:12:29:54 -0300] "GET /cormun/static/Resources/PXTools/calendar.png HTTP/1.1" 200 1306
10.40.40.2 - - [04/Aug/2025:12:29:54 -0300] "GET /cormun/static/Resources/PXToolsDataSearch.png HTTP/1.1" 200 435
10.40.40.2 - - [04/Aug/2025:12:29:54 -0300] "GET /cormun/static/Resources/PXToolsGridPreviousDisabled.gif HTTP/1.1" 200 90
10.40.40.2 - - [04/Aug/2025:12:29:54 -0300] "GET /cormun/static/Resources/PXToolsGridFirstDisabled.gif HTTP/1.1" 200 100
10.40.40.2 - - [04/Aug/2025:12:29:54 -0300] "GET /cormun/static/Resources/PXToolsGridNextDisabled.gif HTTP/1.1" 200 90
10.40.40.2 - - [04/Aug/2025:12:29:54 -0300] "GET /cormun/static/Resources/PXToolsGridLastDisabled.gif HTTP/1.1" 200 98
10.40.40.2 - - [04/Aug/2025:12:29:54 -0300] "GET /cormun/static/Resources/PXToolsActionExcel.png HTTP/1.1" 200 727
10.40.40.2 - - [04/Aug/2025:12:29:54 -0300] "GET /cormun/static/Resources/PXToolsGridPage.gif HTTP/1.1" 200 725
10.40.40.2 - - [04/Aug/2025:12:29:54 -0300] "GET /cormun//static/Resources/PXToolsHeaderFavorites.png HTTP/1.1" 200 1414
10.40.40.2 - - [04/Aug/2025:12:29:54 -0300] "GET /cormun/static/Resources/asc.gif HTTP/1.1" 200 67
10.40.40.2 - - [04/Aug/2025:12:29:54 -0300] "GET /cormun//static/Resources/PXToolsActionDisabled.gif HTTP/1.1" 200 53
10.40.40.2 - - [04/Aug/2025:12:29:54 -0300] "GET /cormun/static/Resources/desc.gif HTTP/1.1" 200 65
10.40.40.2 - - [04/Aug/2025:12:29:54 -0300] "GET /cormun//static/Resources/PXToolsGridDisplay.png HTTP/1.1" 200 525
10.40.40.2 - - [04/Aug/2025:12:29:54 -0300] "GET /cormun//static/Resources/PXTools/ActionInsert.png HTTP/1.1" 200 1482
10.40.40.2 - - [04/Aug/2025:12:29:54 -0300] "GET /cormun//static/Resources/PXToolsHeaderHelp.png HTTP/1.1" 200 1333
10.40.40.2 - - [04/Aug/2025:12:29:54 -0300] "GET /cormun//static/Resources/PXToolsActionPrint.png HTTP/1.1" 200 404
10.40.40.2 - - [04/Aug/2025:12:29:54 -0300] "GET /cormun/static/Shared/ext/resources/themes/images/default/panel/bg-headersPanel.png HTTP/1.1" 200 255
10.40.40.2 - - [04/Aug/2025:12:29:54 -0300] "GET /cormun/static/Shared/ext/resources/themes/images/default/tools/tool-sprites.gif HTTP/1.1" 200 5434
190.95.67.97 - - [04/Aug/2025:12:29:56 -0300] "POST /cormun/servlet/permisosadjuntos?258e4fda23c3add7124414625ae22c56,INS,13777045,P,20250731143752,, HTTP/1.1" 200 116
190.95.67.97 - - [04/Aug/2025:12:29:56 -0300] "GET /cormun/servlet/hpexe_return? HTTP/1.1" 200 1034
190.95.67.97 - - [04/Aug/2025:12:29:56 -0300] "GET /cormun/servlet/trpermisosadjuntos?13777045,20250731143752,P, HTTP/1.1" 200 6697
190.95.67.97 - - [04/Aug/2025:12:29:58 -0300] "GET /cormun/servlet/trpermisosgoce? HTTP/1.1" 200 11918
190.95.67.97 - - [04/Aug/2025:12:30:04 -0300] "POST /cormun/servlet/trpermisosgoce?258e4fda23c3add7124414625ae22c56,,gx-no-cache=1754321037101 HTTP/1.1" 200 9242
190.95.67.97 - - [04/Aug/2025:12:30:04 -0300] "GET /cormun/static/Shared/jqueryui/images/ui-icons_82798d_256x240.png HTTP/1.1" 404 1089
190.95.67.97 - - [04/Aug/2025:12:30:04 -0300] "GET /cormun/static/Shared/jqueryui/images/ui-bg_highlight-soft_100_c6c2c8_1x100.png HTTP/1.1" 404 1117
190.95.67.97 - - [04/Aug/2025:12:30:04 -0300] "GET /cormun/static/Shared/jqueryui/images/ui-bg_flat_55_fafafa_40x100.png HTTP/1.1" 404 1097
190.95.67.97 - - [04/Aug/2025:12:30:04 -0300] "GET /cormun/static/Shared/jqueryui/images/ui-icons_8d78a5_256x240.png HTTP/1.1" 404 1089
10.40.40.2 - - [04/Aug/2025:12:30:12 -0300] "POST /cormun/servlet/trlicencias?2e08f6ae97f946bba05ef5a3354afb77,,gx-no-cache=1754321535228 HTTP/1.1" 200 8187
201.186.225.193 - - [04/Aug/2025:12:30:21 -0300] "GET /cormun/servlet/solicitudot?df615463446362071949f288f6ed16517d5f2d1cf3a8e57a653993bef2ed8f4e6d641350f9ba93e76179ab52b5cdceb5292b46c17f4f851378403d0636e65e0cf9d77f6ee0861ba6e49ddfd1dfdefb3517ad94eb48ba4789a1877c867ea795877eb4ee05c6c8c54cddbc613dd7a0fd64,gx-no-cache=1754321579491 HTTP/1.1" 200 110
201.186.225.193 - - [04/Aug/2025:12:30:27 -0300] "GET /cormun/servlet/solicitudot?df615463446362071949f288f6ed16517d5f2d1cf3a8e57a653993bef2ed8f4e6d641350f9ba93e76179ab52b5cdceb5292b46c17f4f851378403d0636e65e0cf9d77f6ee0861ba6e49ddfd1dfdefb3517ad94eb48ba4789a1877c867ea795877eb4ee05c6c8c54cddbc613dd7a0fd64,gx-no-cache=1754321585254 HTTP/1.1" 200 110
201.186.225.193 - - [04/Aug/2025:12:30:29 -0300] "POST /cormun/servlet/solicitudot?gx-no-cache=1754321587856 HTTP/1.1" 200 135
190.95.67.97 - - [04/Aug/2025:12:30:30 -0300] "GET /cormun/servlet/trlicencias? HTTP/1.1" 200 9815
190.95.67.97 - - [04/Aug/2025:12:30:34 -0300] "GET /cormun/servlet/hlogin HTTP/1.1" 200 1734
190.95.67.97 - - [04/Aug/2025:12:30:42 -0300] "POST /cormun/servlet/hlogin?258e4fda23c3add7124414625ae22c56,gx-no-cache=1754321075717 HTTP/1.1" 200 449
201.186.225.193 - - [04/Aug/2025:12:30:45 -0300] "POST /cormun/servlet/solicitudot?gx-no-cache=1754321603283 HTTP/1.1" 200 146
201.186.225.193 - - [04/Aug/2025:12:30:45 -0300] "POST /cormun/servlet/solicitudot?58b6502785e821c88d082991a64480c3,INS,0,0,false,,gx-no-cache=1754321603347 HTTP/1.1" 200 13644
190.95.67.97 - - [04/Aug/2025:12:30:47 -0300] "POST /cormun/servlet/hlogin?258e4fda23c3add7124414625ae22c56,gx-no-cache=1754321079917 HTTP/1.1" 200 449
190.95.67.97 - - [04/Aug/2025:12:30:50 -0300] "POST /cormun/servlet/hlogin?258e4fda23c3add7124414625ae22c56,gx-no-cache=1754321083532 HTTP/1.1" 200 449
183.182.125.198 - - [04/Aug/2025:12:30:59 -0300] "GET /manager/html HTTP/1.1" 401 2474
190.95.67.97 - - [04/Aug/2025:12:31:06 -0300] "POST /cormun/servlet/hlogin?258e4fda23c3add7124414625ae22c56,gx-no-cache=1754321099662 HTTP/1.1" 200 449
190.95.67.97 - - [04/Aug/2025:12:31:11 -0300] "POST /cormun/servlet/hlogin?258e4fda23c3add7124414625ae22c56,gx-no-cache=1754321104526 HTTP/1.1" 200 449
190.95.67.93 - - [04/Aug/2025:12:31:18 -0300] "GET /cormun/servlet/permisogoce?INS,0,,, HTTP/1.1" 200 7231
190.95.67.97 - - [04/Aug/2025:12:31:22 -0300] "POST /cormun/servlet/hlogin?258e4fda23c3add7124414625ae22c56,gx-no-cache=1754321115209 HTTP/1.1" 200 449
190.95.67.97 - - [04/Aug/2025:12:31:27 -0300] "POST /cormun/servlet/hlogin?258e4fda23c3add7124414625ae22c56,gx-no-cache=1754321119991 HTTP/1.1" 200 90
190.95.67.97 - - [04/Aug/2025:12:31:27 -0300] "GET /cormun/servlet/hpexe_link HTTP/1.1" 200 947
190.95.67.97 - - [04/Aug/2025:12:31:27 -0300] "GET /cormun/servlet/hhome HTTP/1.1" 200 4113
190.95.67.97 - - [04/Aug/2025:12:31:27 -0300] "GET /cormun/static/gxcfg.js?20201215495537 HTTP/1.1" 200 953
190.95.67.97 - - [04/Aug/2025:12:31:27 -0300] "GET /cormun/static/hhome.js?20201215495544 HTTP/1.1" 200 777
190.95.67.97 - - [04/Aug/2025:12:31:27 -0300] "GET /cormun/static/SmoothNavMenu/resources/images/right.gif HTTP/1.1" 200 860
190.95.67.93 - - [04/Aug/2025:12:31:40 -0300] "GET /cormun/servlet/permisogoce?640b66736be1a2b6c7e86957adfe4b8ec0e544f3b8fa1ce82f5ad8a6254985e6997e726c1ac5f73387a0c863fb9180bc0e80ca6cfb03b42912c70b1fd5ceea1e,gx-no-cache=1754321658670 HTTP/1.1" 200 73
190.95.67.93 - - [04/Aug/2025:12:31:43 -0300] "GET /cormun/static/menuarrow.gif HTTP/1.1" 404 1015
200.126.117.15 - - [04/Aug/2025:12:31:45 -0300] "POST /cormun/servlet/trlicencias?0d8a7e3a499876a8975c7ee87e41b179,,gx-no-cache=1754321662852 HTTP/1.1" 200 5991
190.95.67.93 - - [04/Aug/2025:12:31:47 -0300] "GET /cormun/servlet/permisogoce?640b66736be1a2b6c7e86957adfe4b8eff86290eb301f090aabad2f3670a7a1c0475b22cb8136ae94a20f6a707645a3b218e826de4aa4c344d98fc35d7de661f,gx-no-cache=1754321665942 HTTP/1.1" 200 46
190.95.67.93 - - [04/Aug/2025:12:31:52 -0300] "POST /cormun/servlet/permisogoce?466e2a315295e1fef38538a9db0930f0,INS,0,,,,gx-no-cache=1754321670097 HTTP/1.1" 200 93
190.95.67.93 - - [04/Aug/2025:12:31:52 -0300] "GET /cormun/servlet/hpexe_return? HTTP/1.1" 200 1010
190.95.67.93 - - [04/Aug/2025:12:31:52 -0300] "GET /cormun/servlet/trpermisosgoce HTTP/1.1" 200 15986
190.95.67.93 - - [04/Aug/2025:12:31:55 -0300] "GET /cormun/servlet/apermisogoceprn?10742579,P,20250804113412,PU HTTP/1.1" 200 1651
183.182.125.198 - - [04/Aug/2025:12:32:21 -0300] "GET /manager/html HTTP/1.1" 401 2474
10.40.40.2 - - [04/Aug/2025:12:32:52 -0300] "POST /cormun/servlet/trlicencias?2e08f6ae97f946bba05ef5a3354afb77,,gx-no-cache=1754321694652 HTTP/1.1" 200 15505
190.95.67.99 - - [04/Aug/2025:12:32:56 -0300] "GET /cormun/servlet/trlicencias? HTTP/1.1" 200 6054
190.95.67.99 - - [04/Aug/2025:12:32:56 -0300] "GET /cormun/servlet/hlogin HTTP/1.1" 200 1742
190.95.67.99 - - [04/Aug/2025:12:33:00 -0300] "POST /cormun/servlet/hlogin?d08fefd869e2cbd16bbeffcf56747902,gx-no-cache=1754321732252 HTTP/1.1" 200 90
190.95.67.99 - - [04/Aug/2025:12:33:00 -0300] "GET /cormun/servlet/hpexe_link HTTP/1.1" 200 958
190.95.67.99 - - [04/Aug/2025:12:33:01 -0300] "GET /cormun/servlet/trlicencias HTTP/1.1" 200 10429
10.40.40.2 - - [04/Aug/2025:12:33:05 -0300] "POST /cormun/servlet/trlicencias?2e08f6ae97f946bba05ef5a3354afb77,,gx-no-cache=1754321708480 HTTP/1.1" 200 8766
200.126.117.15 - - [04/Aug/2025:12:33:12 -0300] "POST /cormun/servlet/trlicencias?0d8a7e3a499876a8975c7ee87e41b179,,gx-no-cache=1754321749422 HTTP/1.1" 200 5697
190.95.67.91 - - [04/Aug/2025:12:33:16 -0300] "POST /cormun/servlet/trpermisosgoce?f225f2404c3fe5fca08fce518edf7a06,,gx-no-cache=1754321755083 HTTP/1.1" 200 16477
190.95.67.91 - - [04/Aug/2025:12:33:21 -0300] "GET /cormun/servlet/trlicencias? HTTP/1.1" 200 19124
68.69.186.238 - - [04/Aug/2025:12:33:37 -0300] "GET / HTTP/1.1" 200 11217
183.182.125.198 - - [04/Aug/2025:12:33:44 -0300] "GET /manager/html HTTP/1.1" 401 2474
190.95.15.15 - - [04/Aug/2025:12:33:59 -0300] "POST /cormun/servlet/trpermisosgoce?8b042385702485a9322021b50e7b57f5,gx-no-cache=1754321797660 HTTP/1.1" 200 5827
190.95.67.97 - - [04/Aug/2025:12:34:00 -0300] "GET /cormun/servlet/trautorizarpermisogoce? HTTP/1.1" 200 11169
190.95.67.97 - - [04/Aug/2025:12:34:01 -0300] "GET /cormun/static/gxcfg.js?2020121645532 HTTP/1.1" 200 953
190.95.67.97 - - [04/Aug/2025:12:34:01 -0300] "GET /cormun/static/trautorizarpermisogoce.js?2020121651492 HTTP/1.1" 200 34948
190.95.67.97 - - [04/Aug/2025:12:34:05 -0300] "POST /cormun/servlet/trautorizarpermisogoce?258e4fda23c3add7124414625ae22c56,,gx-no-cache=1754321277695 HTTP/1.1" 200 8520
190.95.67.97 - - [04/Aug/2025:12:34:05 -0300] "GET /cormun/static/Shared/jqueryui/images/ui-icons_82798d_256x240.png HTTP/1.1" 404 1089
190.95.67.97 - - [04/Aug/2025:12:34:05 -0300] "GET /cormun/static/Shared/jqueryui/images/ui-bg_highlight-soft_100_c6c2c8_1x100.png HTTP/1.1" 404 1117
190.95.67.97 - - [04/Aug/2025:12:34:05 -0300] "GET /cormun/static/Shared/jqueryui/images/ui-bg_flat_55_fafafa_40x100.png HTTP/1.1" 404 1097
190.95.67.97 - - [04/Aug/2025:12:34:05 -0300] "GET /cormun/static/Shared/jqueryui/images/ui-icons_8d78a5_256x240.png HTTP/1.1" 404 1089
190.95.67.99 - - [04/Aug/2025:12:34:08 -0300] "GET /cormun/servlet/trpermisosgoce? HTTP/1.1" 200 15021
190.95.67.99 - - [04/Aug/2025:12:34:08 -0300] "GET /cormun/static/gxcfg.js?2020121631564 HTTP/1.1" 200 953
190.95.67.99 - - [04/Aug/2025:12:34:08 -0300] "GET /cormun/static/trpermisosgoce.js?2020121633681 HTTP/1.1" 200 35904
190.95.67.99 - - [04/Aug/2025:12:34:09 -0300] "GET /cormun//static/Resources/PXToolsGridDelete.png HTTP/1.1" 200 538
190.95.67.99 - - [04/Aug/2025:12:34:09 -0300] "GET /cormun//static/Resources/PXToolsGridUpdate.png HTTP/1.1" 200 470
190.95.67.99 - - [04/Aug/2025:12:34:22 -0300] "POST /cormun/servlet/trpermisosgoce?d08fefd869e2cbd16bbeffcf56747902,,gx-no-cache=1754321814335 HTTP/1.1" 200 5358
190.95.67.99 - - [04/Aug/2025:12:34:29 -0300] "POST /cormun/servlet/trpermisosgoce?d08fefd869e2cbd16bbeffcf56747902,,gx-no-cache=1754321820784 HTTP/1.1" 200 5353
190.95.67.99 - - [04/Aug/2025:12:34:30 -0300] "GET /cormun/static/menuarrow.gif HTTP/1.1" 404 1015
190.95.67.97 - - [04/Aug/2025:12:34:31 -0300] "POST /cormun/servlet/trautorizarpermisogoce?258e4fda23c3add7124414625ae22c56,,gx-no-cache=1754321303782 HTTP/1.1" 200 8248
190.95.67.99 - - [04/Aug/2025:12:34:38 -0300] "POST /cormun/servlet/trpermisosgoce?d08fefd869e2cbd16bbeffcf56747902,,gx-no-cache=1754321830250 HTTP/1.1" 200 6380
190.95.67.97 - - [04/Aug/2025:12:34:47 -0300] "GET /cormun/servlet/trautorizarsolicitud? HTTP/1.1" 200 7231
190.95.67.97 - - [04/Aug/2025:12:34:47 -0300] "GET /cormun/static/gxcfg.js?202211298474254 HTTP/1.1" 200 953
190.95.67.97 - - [04/Aug/2025:12:34:47 -0300] "GET /cormun/static/trautorizarsolicitud.js?202211298474588 HTTP/1.1" 200 53909
190.95.67.99 - - [04/Aug/2025:12:34:47 -0300] "POST /cormun/servlet/trpermisosgoce?d08fefd869e2cbd16bbeffcf56747902,,gx-no-cache=1754321839384 HTTP/1.1" 200 6165
190.95.67.97 - - [04/Aug/2025:12:35:05 -0300] "GET /cormun/servlet/trpermisosgoce? HTTP/1.1" 200 12159
183.182.125.198 - - [04/Aug/2025:12:35:07 -0300] "GET /manager/html HTTP/1.1" 401 2474
190.95.67.97 - - [04/Aug/2025:12:35:10 -0300] "GET /cormun/servlet/permisogoce?INS,0,,, HTTP/1.1" 200 6976
179.57.78.55 - - [04/Aug/2025:12:35:15 -0300] "GET /cormun/servlet/trpermisosgoce? HTTP/1.1" 200 14019
190.95.67.99 - - [04/Aug/2025:12:35:16 -0300] "GET /cormun/servlet/trlicencias HTTP/1.1" 200 6048
179.57.78.55 - - [04/Aug/2025:12:35:18 -0300] "GET /cormun/static/menuarrow.gif HTTP/1.1" 404 1015
190.95.67.99 - - [04/Aug/2025:12:35:23 -0300] "GET /cormun/servlet/hlogin HTTP/1.1" 200 1731
179.57.78.55 - - [04/Aug/2025:12:35:24 -0300] "POST /cormun/servlet/trpermisosgoce?8109c1356100d2e3a157581479f0e917,,gx-no-cache=1754321882234 HTTP/1.1" 200 16833
190.95.67.97 - - [04/Aug/2025:12:35:24 -0300] "GET /cormun/servlet/permisogoce?657272dffb374d5ff8ccce78c44e2e762056e6309b7e41b0f5f9113d70a75e2f754492270364b178a7c7bf9e3b3600ac3b260776effa8109be418c0a4de332cf,gx-no-cache=1754321357514 HTTP/1.1" 200 83
190.95.67.99 - - [04/Aug/2025:12:35:26 -0300] "POST /cormun/servlet/hlogin?7463564921626b79763ccb51395895eb,gx-no-cache=1754321893927 HTTP/1.1" 200 90
190.95.67.99 - - [04/Aug/2025:12:35:27 -0300] "GET /cormun/servlet/hpexe_link HTTP/1.1" 200 949
190.95.67.99 - - [04/Aug/2025:12:35:27 -0300] "GET /cormun/servlet/trlicencias HTTP/1.1" 200 10419
179.57.78.55 - - [04/Aug/2025:12:35:29 -0300] "POST /cormun/servlet/trpermisosgoce?8109c1356100d2e3a157581479f0e917,,gx-no-cache=1754321887321 HTTP/1.1" 200 104
179.57.78.55 - - [04/Aug/2025:12:35:29 -0300] "GET /cormun/PermisosGoce-6168.xls HTTP/1.1" 200 34304
190.95.67.97 - - [04/Aug/2025:12:35:33 -0300] "GET /cormun/static/menuarrow.gif HTTP/1.1" 404 1015
190.95.67.99 - - [04/Aug/2025:12:35:39 -0300] "GET /cormun/servlet/trpermisosgoce? HTTP/1.1" 200 15011
190.95.67.99 - - [04/Aug/2025:12:35:39 -0300] "GET /cormun/servlet/trpermisosgoce? HTTP/1.1" 200 15011
190.95.67.99 - - [04/Aug/2025:12:35:44 -0300] "GET /cormun/static/menuarrow.gif HTTP/1.1" 404 1015
148.222.218.189 - - [04/Aug/2025:12:35:50 -0300] "GET /cormun/servlet/hlogin HTTP/1.1" 200 1717
148.222.218.189 - - [04/Aug/2025:12:35:50 -0300] "GET /cormun/static/gxtimezone.js?85251 HTTP/1.1" 200 5781
148.222.218.189 - - [04/Aug/2025:12:35:50 -0300] "GET /cormun/static/gxcfg.js?2022112219184450 HTTP/1.1" 200 953
148.222.218.189 - - [04/Aug/2025:12:35:50 -0300] "GET /cormun/static/messages.spa.js?85251 HTTP/1.1" 200 30736
148.222.218.189 - - [04/Aug/2025:12:35:50 -0300] "GET /cormun/static/Resources/CormunLogin.png HTTP/1.1" 200 19132
148.222.218.189 - - [04/Aug/2025:12:35:50 -0300] "GET /cormun/static/hlogin.js?2022112219184458 HTTP/1.1" 200 2156
148.222.218.189 - - [04/Aug/2025:12:35:50 -0300] "GET /cormun/static/Resources/Spanish/PXTools.css?1759030 HTTP/1.1" 200 100853
148.222.218.189 - - [04/Aug/2025:12:35:50 -0300] "GET /cormun/static/gxgral.js?85251 HTTP/1.1" 200 384558
148.222.218.189 - - [04/Aug/2025:12:35:50 -0300] "GET /cormun/static/Resources/PXToolsLoginTop.png HTTP/1.1" 200 1337
148.222.218.189 - - [04/Aug/2025:12:35:50 -0300] "GET /cormun/static/Resources/PXToolsButtonBackground.png HTTP/1.1" 200 1176
148.222.218.189 - - [04/Aug/2025:12:35:50 -0300] "GET /cormun/static/Resources/PXToolsLoginBottom.png HTTP/1.1" 200 1389
148.222.218.189 - - [04/Aug/2025:12:35:50 -0300] "GET /cormun/static/Resources/PXToolsButtonRight.png HTTP/1.1" 200 1294
148.222.218.189 - - [04/Aug/2025:12:35:50 -0300] "GET /cormun/static/Resources/PXToolsLoginBackground.png HTTP/1.1" 200 1164
148.222.218.189 - - [04/Aug/2025:12:35:50 -0300] "GET /cormun/static/Resources/PXToolsButtonLeft.png HTTP/1.1" 200 1310
148.222.218.189 - - [04/Aug/2025:12:35:50 -0300] "GET /cormun/servlet/hlogin HTTP/1.1" 200 1727
148.222.218.189 - - [04/Aug/2025:12:35:50 -0300] "GET /cormun/static/Resources/indicator.gif HTTP/1.1" 200 1553
148.222.218.189 - - [04/Aug/2025:12:35:50 -0300] "GET /cormun/static/Resources/indicator.gif HTTP/1.1" 200 1553
148.222.218.189 - - [04/Aug/2025:12:35:53 -0300] "POST /cormun/servlet/hlogin?0023e72d9e5a71c4b85f0011a8eb4edf,gx-no-cache=1754321913147 HTTP/1.1" 200 90
148.222.218.189 - - [04/Aug/2025:12:35:53 -0300] "GET /cormun/servlet/hpexe_link HTTP/1.1" 200 948
148.222.218.189 - - [04/Aug/2025:12:35:54 -0300] "GET /cormun/static/Resources/Spanish/PXTools.css?8354383 HTTP/1.1" 200 100853
148.222.218.189 - - [04/Aug/2025:12:35:54 -0300] "GET /cormun/static/gxcfg.js?20221129847421 HTTP/1.1" 200 953
148.222.218.189 - - [04/Aug/2025:12:35:54 -0300] "GET /cormun/static/hpexe_link.js?20221129847423 HTTP/1.1" 200 625
148.222.218.189 - - [04/Aug/2025:12:35:54 -0300] "GET /cormun/servlet/hhome HTTP/1.1" 200 4330
148.222.218.189 - - [04/Aug/2025:12:35:54 -0300] "GET /cormun/static/Shared/jqueryui/jquery-ui.min.css?1345370 HTTP/1.1" 200 30288
148.222.218.189 - - [04/Aug/2025:12:35:54 -0300] "GET /cormun/static/SmoothNavMenu/resources/ddsmoothmenu.css?1112540 HTTP/1.1" 200 2223
148.222.218.189 - - [04/Aug/2025:12:35:54 -0300] "GET /cormun/static/scaMessage/css/jquery.pnotify.default.css?1816380 HTTP/1.1" 200 1707
148.222.218.189 - - [04/Aug/2025:12:35:54 -0300] "GET /cormun/static/gxcfg.js?20201215495537 HTTP/1.1" 200 953
148.222.218.189 - - [04/Aug/2025:12:35:54 -0300] "GET /cormun/static/SmoothNavMenu/resources/ddsmoothmenu-v.css?1112540 HTTP/1.1" 200 1188
148.222.218.189 - - [04/Aug/2025:12:35:54 -0300] "GET /cormun/static/PXToolsJavascripts/pexe_autoreload.js HTTP/1.1" 200 1762
148.222.218.189 - - [04/Aug/2025:12:35:54 -0300] "GET /cormun/static/PXToolsJavascripts/pexe_cookies.js HTTP/1.1" 200 792
148.222.218.189 - - [04/Aug/2025:12:35:54 -0300] "GET /cormun/static/PXToolsJavascripts/pexe_windows.js HTTP/1.1" 200 15249
148.222.218.189 - - [04/Aug/2025:12:35:54 -0300] "GET /cormun/static/PXToolsJavascripts/pexe_grid.js HTTP/1.1" 200 7559
148.222.218.189 - - [04/Aug/2025:12:35:54 -0300] "GET /cormun/static/PXToolsJavascripts/pexe_link.js HTTP/1.1" 200 5671
148.222.218.189 - - [04/Aug/2025:12:35:54 -0300] "GET /cormun/static/PXToolsJavascripts/pexe_griddivfix.js HTTP/1.1" 200 6946
148.222.218.189 - - [04/Aug/2025:12:35:54 -0300] "GET /cormun/static/PXToolsJavascripts/pexe_menudivfix.js HTTP/1.1" 200 333
148.222.218.189 - - [04/Aug/2025:12:35:54 -0300] "GET /cormun/static/PXToolsJavascripts/pexe_menus.js HTTP/1.1" 200 1286
148.222.218.189 - - [04/Aug/2025:12:35:54 -0300] "GET /cormun/static/Resources/Spanish/PXTools.css?14345360 HTTP/1.1" 200 100853
148.222.218.189 - - [04/Aug/2025:12:35:54 -0300] "GET /cormun/static/PXToolsJavascripts/pexe_oav.js HTTP/1.1" 200 645
148.222.218.189 - - [04/Aug/2025:12:35:54 -0300] "GET /cormun/static/PXToolsJavascripts/pexe_oavdivfix.js HTTP/1.1" 200 639
148.222.218.189 - - [04/Aug/2025:12:35:54 -0300] "GET /cormun/static/PXToolsJavascripts/pexe_layers.js HTTP/1.1" 200 4114
148.222.218.189 - - [04/Aug/2025:12:35:54 -0300] "GET /cormun/static/PXToolsJavascripts/pexe_picture.js HTTP/1.1" 200 689
148.222.218.189 - - [04/Aug/2025:12:35:54 -0300] "GET /cormun/static/PXToolsJavascripts/pexe_scrolldiv.js HTTP/1.1" 200 4138
148.222.218.189 - - [04/Aug/2025:12:35:54 -0300] "GET /cormun/static/PXToolsJavascripts/pexe_popup.js HTTP/1.1" 200 15149
148.222.218.189 - - [04/Aug/2025:12:35:54 -0300] "GET /cormun/static/PXToolsJavascripts/pexe_tabdivfix.js HTTP/1.1" 200 898
148.222.218.189 - - [04/Aug/2025:12:35:54 -0300] "GET /cormun/static/PXToolsJavascripts/pexe_upload.js HTTP/1.1" 200 1423
148.222.218.189 - - [04/Aug/2025:12:35:54 -0300] "GET /cormun/static/PXToolsJavascripts/pexe_tabs.js HTTP/1.1" 200 3748
148.222.218.189 - - [04/Aug/2025:12:35:54 -0300] "GET /cormun/static/PXToolsJavascripts/PXToolsJavascriptsRender.js HTTP/1.1" 200 367
148.222.218.189 - - [04/Aug/2025:12:35:54 -0300] "GET /cormun/static/Resources/CormunMP2.png HTTP/1.1" 200 6878
148.222.218.189 - - [04/Aug/2025:12:35:54 -0300] "GET /cormun/static/Resources/ImgHome.png HTTP/1.1" 200 1364
148.222.218.189 - - [04/Aug/2025:12:35:54 -0300] "GET /cormun/static/Resources/ImgLogin.png HTTP/1.1" 200 1432
148.222.218.189 - - [04/Aug/2025:12:35:54 -0300] "GET /cormun/static/RunJS/RunJS.js HTTP/1.1" 200 288
148.222.218.189 - - [04/Aug/2025:12:35:54 -0300] "GET /cormun/static/Resources/Llave.png HTTP/1.1" 200 1395
148.222.218.189 - - [04/Aug/2025:12:35:54 -0300] "GET /cormun/static/Resources/PXToolsDataTitle.png HTTP/1.1" 200 1173
148.222.218.189 - - [04/Aug/2025:12:35:54 -0300] "GET /cormun/static/hwchdr01.js?2022112219251119 HTTP/1.1" 200 996
148.222.218.189 - - [04/Aug/2025:12:35:54 -0300] "GET /cormun/static/hhome.js?20201215495544 HTTP/1.1" 200 777
148.222.218.189 - - [04/Aug/2025:12:35:54 -0300] "GET /cormun/static/Shared/ext/locale/ext-lang-en.js HTTP/1.1" 200 10940
148.222.218.189 - - [04/Aug/2025:12:35:54 -0300] "GET /cormun/static/hpexe_recentlink.js?20201214471090 HTTP/1.1" 200 2144
148.222.218.189 - - [04/Aug/2025:12:35:54 -0300] "GET /cormun/static/gxui/gxui-all.js HTTP/1.1" 200 107772
148.222.218.189 - - [04/Aug/2025:12:35:54 -0300] "GET /cormun/static/hpexe_scripts.js?20201214471411 HTTP/1.1" 200 1544
148.222.218.189 - - [04/Aug/2025:12:35:54 -0300] "GET /cormun/static/hpexe_messagecontroller.js?202211298371222 HTTP/1.1" 200 870
148.222.218.189 - - [04/Aug/2025:12:35:54 -0300] "GET /cormun/static/hpexe_messagepopupcomponent.js?2020121447232 HTTP/1.1" 200 605
148.222.218.189 - - [04/Aug/2025:12:35:54 -0300] "GET /cormun/static/hpexe_messagegenexuscomponent.js?20221129836373 HTTP/1.1" 200 587
148.222.218.189 - - [04/Aug/2025:12:35:54 -0300] "GET /cormun/static/cmcontrolpreferences.js?20199141926336 HTTP/1.1" 200 1375
148.222.218.189 - - [04/Aug/2025:12:35:54 -0300] "GET /cormun/static/SmoothNavMenu/resources/ddsmoothmenu.js HTTP/1.1" 200 12712
148.222.218.189 - - [04/Aug/2025:12:35:54 -0300] "GET /cormun/static/Shared/jquery/jquery-1.4.2.min.js HTTP/1.1" 200 72174
148.222.218.189 - - [04/Aug/2025:12:35:54 -0300] "GET /cormun/static/SmoothNavMenu/resources/SmoothNavMenuRender.js HTTP/1.1" 200 5951
148.222.218.189 - - [04/Aug/2025:12:35:54 -0300] "GET /cormun/static/scaMessage/scaMessageRender.js HTTP/1.1" 200 11977
148.222.218.189 - - [04/Aug/2025:12:35:54 -0300] "GET /cormun/static/scaMessage/js/jquery.pnotify.min.js HTTP/1.1" 200 13038
148.222.218.189 - - [04/Aug/2025:12:35:54 -0300] "GET /cormun/static/hmpwkw03.js?20221129844354 HTTP/1.1" 200 3971
148.222.218.189 - - [04/Aug/2025:12:35:54 -0300] "GET /cormun/static/Shared/jqueryui/jquery-ui.min.js HTTP/1.1" 200 240427
148.222.218.189 - - [04/Aug/2025:12:35:54 -0300] "GET /cormun/static/Shared/jquery/jquery-1.10.2.min.js HTTP/1.1" 200 273199
148.222.218.189 - - [04/Aug/2025:12:35:55 -0300] "GET /cormun/static/Shared/ext/ext-all.js HTTP/1.1" 200 1289687
148.222.218.189 - - [04/Aug/2025:12:35:55 -0300] "GET /cormun/static/SmoothNavMenu/resources/images/right.gif HTTP/1.1" 200 860
148.222.218.189 - - [04/Aug/2025:12:35:55 -0300] "GET /cormun/static/SmoothNavMenu/resources/images/down.gif HTTP/1.1" 200 854
148.222.218.189 - - [04/Aug/2025:12:35:58 -0300] "GET /cormun/servlet/trlicencias? HTTP/1.1" 200 8984
148.222.218.189 - - [04/Aug/2025:12:35:58 -0300] "GET /cormun/static/gxcfg.js?202211298463625 HTTP/1.1" 200 953
148.222.218.189 - - [04/Aug/2025:12:35:58 -0300] "GET /cormun/static/calendar-system.css?85620 HTTP/1.1" 200 5572
148.222.218.189 - - [04/Aug/2025:12:35:58 -0300] "GET /cormun/static/gxui/gxui-all.css?120300 HTTP/1.1" 200 2179
148.222.218.189 - - [04/Aug/2025:12:35:58 -0300] "GET /cormun/static/calendar-setup.js?85251 HTTP/1.1" 200 2588
148.222.218.189 - - [04/Aug/2025:12:35:58 -0300] "GET /cormun/static/calendar-es.js?85251 HTTP/1.1" 200 1901
148.222.218.189 - - [04/Aug/2025:12:35:58 -0300] "GET /cormun/static/Resources/PXTools/calendar.png HTTP/1.1" 200 1306
148.222.218.189 - - [04/Aug/2025:12:35:58 -0300] "GET /cormun/static/calendar.js?85251 HTTP/1.1" 200 26246
148.222.218.189 - - [04/Aug/2025:12:35:58 -0300] "GET /cormun/static/gxdec.js?85251 HTTP/1.1" 200 19579
148.222.218.189 - - [04/Aug/2025:12:35:58 -0300] "GET /cormun/static/trlicencias.js?202211298463889 HTTP/1.1" 200 41883
148.222.218.189 - - [04/Aug/2025:12:35:58 -0300] "GET /cormun/static/Resources/PXToolsDataSearch.png HTTP/1.1" 200 435
148.222.218.189 - - [04/Aug/2025:12:35:58 -0300] "GET /cormun/static/Resources/PXToolsGridFirstDisabled.gif HTTP/1.1" 200 100
148.222.218.189 - - [04/Aug/2025:12:35:58 -0300] "GET /cormun/static/Resources/PXToolsGridPreviousDisabled.gif HTTP/1.1" 200 90
148.222.218.189 - - [04/Aug/2025:12:35:58 -0300] "GET /cormun/static/Resources/PXToolsGridNextDisabled.gif HTTP/1.1" 200 90
148.222.218.189 - - [04/Aug/2025:12:35:58 -0300] "GET /cormun/static/Shared/ext/resources/css/ext-all.css?215870 HTTP/1.1" 200 416045
148.222.218.189 - - [04/Aug/2025:12:35:58 -0300] "GET /cormun/static/Resources/PXToolsGridLastDisabled.gif HTTP/1.1" 200 98
148.222.218.189 - - [04/Aug/2025:12:35:58 -0300] "GET /cormun/static/Resources/PXToolsGridPage.gif HTTP/1.1" 200 725
148.222.218.189 - - [04/Aug/2025:12:35:58 -0300] "GET /cormun/static/Resources/PXToolsActionExcel.png HTTP/1.1" 200 727
148.222.218.189 - - [04/Aug/2025:12:35:58 -0300] "GET /cormun/static/Resources/PXToolsAddAllAction.png HTTP/1.1" 200 495
148.222.218.189 - - [04/Aug/2025:12:35:58 -0300] "GET /cormun//static/Resources/PXToolsActionPrint.png HTTP/1.1" 200 404
148.222.218.189 - - [04/Aug/2025:12:35:58 -0300] "GET /cormun/static/Resources/asc.gif HTTP/1.1" 200 67
148.222.218.189 - - [04/Aug/2025:12:35:58 -0300] "GET /cormun//static/Resources/PXToolsActionDisabled.gif HTTP/1.1" 200 53
148.222.218.189 - - [04/Aug/2025:12:35:58 -0300] "GET /cormun//static/Resources/PXToolsGridDisplay.png HTTP/1.1" 200 525
148.222.218.189 - - [04/Aug/2025:12:35:58 -0300] "GET /cormun/static/Resources/desc.gif HTTP/1.1" 200 65
148.222.218.189 - - [04/Aug/2025:12:35:58 -0300] "GET /cormun//static/Resources/PXTools/ActionInsert.png HTTP/1.1" 200 1482
148.222.218.189 - - [04/Aug/2025:12:35:58 -0300] "GET /cormun//static/Resources/PXToolsHeaderFavorites.png HTTP/1.1" 200 1414
148.222.218.189 - - [04/Aug/2025:12:35:58 -0300] "GET /cormun//static/Resources/PXToolsHeaderHelp.png HTTP/1.1" 200 1333
148.222.218.189 - - [04/Aug/2025:12:35:58 -0300] "GET /cormun/static/Shared/ext/resources/themes/images/default/panel/bg-headersPanel.png HTTP/1.1" 200 255
148.222.218.189 - - [04/Aug/2025:12:35:58 -0300] "GET /cormun/static/Shared/ext/resources/themes/images/default/tools/tool-sprites.gif HTTP/1.1" 200 5434
190.95.67.99 - - [04/Aug/2025:12:36:02 -0300] "POST /cormun/servlet/trpermisosgoce?7463564921626b79763ccb51395895eb,,gx-no-cache=1754321929466 HTTP/1.1" 200 6157
201.186.225.193 - - [04/Aug/2025:12:36:13 -0300] "GET /cormun/servlet/solicitudot?df615463446362071949f288f6ed16517d5f2d1cf3a8e57a653993bef2ed8f4e6d641350f9ba93e76179ab52b5cdceb5292b46c17f4f851378403d0636e65e0cf9d77f6ee0861ba6e49ddfd1dfdefb3517ad94eb48ba4789a1877c867ea795877eb4ee05c6c8c54cddbc613dd7a0fd64,gx-no-cache=1754321931958 HTTP/1.1" 200 110
201.186.225.193 - - [04/Aug/2025:12:36:15 -0300] "GET /cormun/servlet/solicitudot?df615463446362071949f288f6ed1651262a0902e9e9d0ed1d11dce25cc35de146b18c179d4b9bf0394d5ddfeadb00bd97851fe152d8310cdc34b1710f5bb8626fdf73ce551d87cdeb7f1137e8e9cb9fc22af17a74c8c8e095de5c2788d8ed03d267b926c4a9f88047a569f36650292e7afc78c7049cc906c131a0524cfaf15ace4d1167b216e2932f30110b9d089656b00bbbd81b4639c42bfce9ddd8c0e120,gx-no-cache=1754321934011 HTTP/1.1" 200 29
190.95.67.97 - - [04/Aug/2025:12:36:23 -0300] "GET /cormun/servlet/permisogoce?657272dffb374d5ff8ccce78c44e2e76d43a4c6d0baf917f9627e39c194295d42cc998a5e1cf3cfdf395b3ae4e5e2a6e14a7c51351382f6c2405bb2d1474f2f6,gx-no-cache=1754321416319 HTTP/1.1" 200 47
190.95.67.97 - - [04/Aug/2025:12:36:27 -0300] "POST /cormun/servlet/permisogoce?258e4fda23c3add7124414625ae22c56,INS,0,,,,gx-no-cache=1754321419977 HTTP/1.1" 200 93
190.95.67.97 - - [04/Aug/2025:12:36:27 -0300] "GET /cormun/servlet/hpexe_return? HTTP/1.1" 200 1006
190.95.67.97 - - [04/Aug/2025:12:36:28 -0300] "GET /cormun/servlet/trpermisosgoce HTTP/1.1" 200 12462
183.182.125.198 - - [04/Aug/2025:12:36:30 -0300] "GET /manager/html HTTP/1.1" 401 2474
201.186.225.193 - - [04/Aug/2025:12:36:30 -0300] "GET /cormun/servlet/solicitudot?df615463446362071949f288f6ed16518938e5b597a7a2f07c90eb3d162c3a10,gx-no-cache=1754321948373 HTTP/1.1" 200 30
190.95.67.97 - - [04/Aug/2025:12:36:32 -0300] "GET /cormun/servlet/apermisogoceprn?18379058,P,20250804113804,PU HTTP/1.1" 200 1662
190.95.67.97 - - [04/Aug/2025:12:36:49 -0300] "POST /cormun/servlet/trpermisosgoce?258e4fda23c3add7124414625ae22c56,gx-no-cache=1754321441542 HTTP/1.1" 200 9548
190.95.67.97 - - [04/Aug/2025:12:36:49 -0300] "POST /cormun/servlet/trpermisosgoce?258e4fda23c3add7124414625ae22c56,gx-no-cache=1754321441943 HTTP/1.1" 200 9527
201.186.225.193 - - [04/Aug/2025:12:36:50 -0300] "GET /cormun/servlet/solicitudot?df615463446362071949f288f6ed16517d5f2d1cf3a8e57a653993bef2ed8f4e6d641350f9ba93e76179ab52b5cdceb5292b46c17f4f851378403d0636e65e0cf9d77f6ee0861ba6e49ddfd1dfdefb3517ad94eb48ba4789a1877c867ea795877eb4ee05c6c8c54cddbc613dd7a0fd64,gx-no-cache=1754321968899 HTTP/1.1" 200 110
201.186.225.193 - - [04/Aug/2025:12:36:52 -0300] "GET /cormun/servlet/solicitudot?df615463446362071949f288f6ed16517d5f2d1cf3a8e57a653993bef2ed8f4e6d641350f9ba93e76179ab52b5cdceb5292b46c17f4f851378403d0636e65e0cf9d77f6ee0861ba6e49ddfd1dfdefb3517ad94eb48ba4789a1877c867ea795877eb4ee05c6c8c54cddbc613dd7a0fd64,gx-no-cache=1754321970710 HTTP/1.1" 200 110
201.186.225.193 - - [04/Aug/2025:12:36:55 -0300] "GET /cormun/servlet/solicitudot?df615463446362071949f288f6ed1651172745172568a4c54f1e808b0174432173b9aad5128b0bd9c0377f106700db59,gx-no-cache=1754321973610 HTTP/1.1" 200 30
190.95.67.97 - - [04/Aug/2025:12:36:58 -0300] "POST /cormun/servlet/trpermisosgoce?258e4fda23c3add7124414625ae22c56,gx-no-cache=1754321451201 HTTP/1.1" 200 5347
201.186.225.193 - - [04/Aug/2025:12:37:06 -0300] "POST /cormun/servlet/solicitudot?gx-no-cache=1754321984227 HTTP/1.1" 200 135
201.186.225.193 - - [04/Aug/2025:12:37:06 -0300] "POST /cormun/servlet/solicitudot?58b6502785e821c88d082991a64480c3,INS,0,0,false,,gx-no-cache=1754321984285 HTTP/1.1" 200 13668
190.95.67.97 - - [04/Aug/2025:12:37:10 -0300] "POST /cormun/servlet/trpermisosgoce?258e4fda23c3add7124414625ae22c56,gx-no-cache=1754321463573 HTTP/1.1" 200 6017
201.186.225.193 - - [04/Aug/2025:12:37:23 -0300] "GET /cormun/servlet/prpersonalsolicitud?20369502,,,,,MD,,gxPopupLevel%3D0%3B HTTP/1.1" 200 5671
201.186.225.193 - - [04/Aug/2025:12:37:23 -0300] "GET /cormun/static/gxui/gxui-all.css?110300 HTTP/1.1" 200 2179
201.186.225.193 - - [04/Aug/2025:12:37:23 -0300] "GET /cormun/static/calendar-system.css?75620 HTTP/1.1" 200 5572
201.186.225.193 - - [04/Aug/2025:12:37:23 -0300] "GET /cormun/static/gxcfg.js?20199142022523 HTTP/1.1" 200 953
201.186.225.193 - - [04/Aug/2025:12:37:23 -0300] "GET /cormun/static/prpersonalsolicitud.js?20199142022764 HTTP/1.1" 200 13873
201.186.225.193 - - [04/Aug/2025:12:37:23 -0300] "GET /cormun/static/Resources/Spanish/PXTools.css?19172979 HTTP/1.1" 200 100853
201.186.225.193 - - [04/Aug/2025:12:37:23 -0300] "GET /cormun/static/Shared/ext/resources/css/ext-all.css?205870 HTTP/1.1" 200 416045
201.186.225.193 - - [04/Aug/2025:12:37:26 -0300] "GET /cormun/servlet/solicitudot?df615463446362071949f288f6ed16517d5f2d1cf3a8e57a653993bef2ed8f4e6d641350f9ba93e76179ab52b5cdceb5292b46c17f4f851378403d0636e65e0cf9d77f6ee0861ba6e49ddfd1dfdefb3517ad94eb48ba4789a1877c867ea795877eb4ee05c6c8c54cddbc613dd7a0fd64,gx-no-cache=1754322004655 HTTP/1.1" 200 110
190.95.15.13 - - [04/Aug/2025:12:37:45 -0300] "POST /cormun/servlet/hlogin?9168431eacec4e54b7b1b57fdc97aa9d,gx-no-cache=1754322018405 HTTP/1.1" 440 972
