190.95.15.17 - - [04/Aug/2025:13:12:44 -0300] "GET /cormun/static/Resources/PXToolsActionExcel.png HTTP/1.1" 200 727
190.95.15.17 - - [04/Aug/2025:13:12:44 -0300] "GET /cormun/static/Resources/PXToolsAddAllAction.png HTTP/1.1" 200 495
190.95.15.17 - - [04/Aug/2025:13:12:44 -0300] "GET /cormun/static/Resources/desc.gif HTTP/1.1" 200 65
190.95.15.17 - - [04/Aug/2025:13:12:44 -0300] "GET /cormun//static/Resources/PXToolsGridDisplay.png HTTP/1.1" 200 525
190.95.15.17 - - [04/Aug/2025:13:12:44 -0300] "GET /cormun//static/Resources/PXTools/ActionInsert.png HTTP/1.1" 200 1482
190.95.15.17 - - [04/Aug/2025:13:12:44 -0300] "GET /cormun/static/Resources/asc.gif HTTP/1.1" 200 67
190.95.15.17 - - [04/Aug/2025:13:12:44 -0300] "GET /cormun//static/Resources/PXToolsActionDisabled.gif HTTP/1.1" 200 53
190.95.15.17 - - [04/Aug/2025:13:12:44 -0300] "GET /cormun//static/Resources/PXToolsActionPrint.png HTTP/1.1" 200 404
190.95.15.17 - - [04/Aug/2025:13:12:44 -0300] "GET /cormun//static/Resources/PXToolsHeaderFavorites.png HTTP/1.1" 200 1414
190.95.15.17 - - [04/Aug/2025:13:12:44 -0300] "GET /cormun//static/Resources/PXToolsHeaderHelp.png HTTP/1.1" 200 1333
190.95.15.17 - - [04/Aug/2025:13:12:44 -0300] "GET /cormun/static/Shared/ext/resources/themes/images/default/panel/bg-headersPanel.png HTTP/1.1" 200 255
190.95.15.17 - - [04/Aug/2025:13:12:44 -0300] "GET /cormun/static/Shared/ext/resources/themes/images/default/tools/tool-sprites.gif HTTP/1.1" 200 5434
183.182.125.198 - - [04/Aug/2025:13:13:49 -0300] "GET /manager/html HTTP/1.1" 401 2474
183.182.125.198 - - [04/Aug/2025:13:15:13 -0300] "GET /manager/html HTTP/1.1" 401 2474
183.182.125.198 - - [04/Aug/2025:13:16:36 -0300] "GET /manager/html HTTP/1.1" 401 2474
201.186.225.249 - - [04/Aug/2025:13:16:44 -0300] "GET /cormun/servlet/hlogin HTTP/1.1" 200 1718
201.186.225.249 - - [04/Aug/2025:13:16:52 -0300] "POST /cormun/servlet/hlogin?62a7d681d4a5f5c1ef8490ffceab3e45,gx-no-cache=1754324371945 HTTP/1.1" 200 90
201.186.225.249 - - [04/Aug/2025:13:16:53 -0300] "GET /cormun/servlet/hpexe_link HTTP/1.1" 200 948
201.186.225.249 - - [04/Aug/2025:13:16:53 -0300] "GET /cormun/servlet/hhome HTTP/1.1" 200 4301
201.186.225.249 - - [04/Aug/2025:13:16:55 -0300] "GET /cormun/servlet/trlicencias? HTTP/1.1" 200 12562
183.182.125.198 - - [04/Aug/2025:13:18:00 -0300] "GET /manager/html HTTP/1.1" 401 2474
183.182.125.198 - - [04/Aug/2025:13:19:23 -0300] "GET /manager/html HTTP/1.1" 401 2474
201.186.225.193 - - [04/Aug/2025:13:20:32 -0300] "GET /cormun/servlet/hhome HTTP/1.1" 200 4287
201.186.225.193 - - [04/Aug/2025:13:20:34 -0300] "GET /cormun/servlet/trsolicitudot? HTTP/1.1" 200 7517
201.186.225.193 - - [04/Aug/2025:13:20:39 -0300] "GET /cormun/servlet/solicitudot?INS,0,0,false, HTTP/1.1" 200 16296
183.182.125.198 - - [04/Aug/2025:13:20:45 -0300] "GET /manager/html HTTP/1.1" 401 2474
201.186.225.193 - - [04/Aug/2025:13:20:50 -0300] "POST /cormun/servlet/solicitudot?gx-no-cache=1754324608641 HTTP/1.1" 200 4147
201.186.225.193 - - [04/Aug/2025:13:20:50 -0300] "POST /cormun/servlet/solicitudot?58b6502785e821c88d082991a64480c3,INS,0,0,false,,gx-no-cache=1754324608794 HTTP/1.1" 200 13000
181.203.30.149 - - [04/Aug/2025:13:21:18 -0300] "GET /cormun/servlet/hlogin HTTP/1.1" 200 1721
181.203.30.149 - - [04/Aug/2025:13:21:19 -0300] "GET /cormun/static/gxcfg.js?2022112219184450 HTTP/1.1" 304 -
181.203.30.149 - - [04/Aug/2025:13:21:19 -0300] "GET /cormun/static/Resources/Spanish/PXTools.css?1759030 HTTP/1.1" 304 -
181.203.30.149 - - [04/Aug/2025:13:21:19 -0300] "GET /cormun/static/messages.spa.js?85251 HTTP/1.1" 304 -
181.203.30.149 - - [04/Aug/2025:13:21:19 -0300] "GET /cormun/static/Resources/CormunLogin.png HTTP/1.1" 304 -
181.203.30.149 - - [04/Aug/2025:13:21:19 -0300] "GET /cormun/static/hlogin.js?2022112219184458 HTTP/1.1" 304 -
181.203.30.149 - - [04/Aug/2025:13:21:19 -0300] "GET /cormun/static/Resources/PXToolsLoginTop.png HTTP/1.1" 304 -
181.203.30.149 - - [04/Aug/2025:13:21:19 -0300] "GET /cormun/static/Resources/PXToolsButtonRight.png HTTP/1.1" 304 -
181.203.30.149 - - [04/Aug/2025:13:21:19 -0300] "GET /cormun/static/Resources/PXToolsButtonLeft.png HTTP/1.1" 304 -
181.203.30.149 - - [04/Aug/2025:13:21:19 -0300] "GET /cormun/static/Resources/PXToolsButtonBackground.png HTTP/1.1" 304 -
181.203.30.149 - - [04/Aug/2025:13:21:19 -0300] "GET /cormun/static/Resources/PXToolsLoginBackground.png HTTP/1.1" 304 -
181.203.30.149 - - [04/Aug/2025:13:21:19 -0300] "GET /cormun/static/Resources/PXToolsLoginBottom.png HTTP/1.1" 304 -
181.203.30.149 - - [04/Aug/2025:13:21:19 -0300] "GET /cormun/servlet/hlogin HTTP/1.1" 200 1731
181.203.30.149 - - [04/Aug/2025:13:21:19 -0300] "GET /cormun/static/Resources/indicator.gif HTTP/1.1" 304 -
181.203.30.149 - - [04/Aug/2025:13:21:19 -0300] "GET /cormun/static/Resources/indicator.gif HTTP/1.1" 200 1553
181.203.30.149 - - [04/Aug/2025:13:21:34 -0300] "POST /cormun/servlet/hlogin?5b683a947c3922eb41fa8baf42f84fb3,gx-no-cache=1754324640911 HTTP/1.1" 200 90
181.203.30.149 - - [04/Aug/2025:13:21:34 -0300] "GET /cormun/servlet/hpexe_link HTTP/1.1" 200 951
181.203.30.149 - - [04/Aug/2025:13:21:34 -0300] "GET /cormun/static/Resources/Spanish/PXTools.css?8354383 HTTP/1.1" 304 -
181.203.30.149 - - [04/Aug/2025:13:21:34 -0300] "GET /cormun/static/gxcfg.js?20221129847421 HTTP/1.1" 304 -
181.203.30.149 - - [04/Aug/2025:13:21:34 -0300] "GET /cormun/static/hpexe_link.js?20221129847423 HTTP/1.1" 304 -
181.203.30.149 - - [04/Aug/2025:13:21:35 -0300] "GET /cormun/servlet/hhome HTTP/1.1" 200 3908
181.203.30.149 - - [04/Aug/2025:13:21:35 -0300] "GET /cormun/static/gxcfg.js?20201215495537 HTTP/1.1" 304 -
181.203.30.149 - - [04/Aug/2025:13:21:35 -0300] "GET /cormun/static/Resources/ImgHome.png HTTP/1.1" 304 -
181.203.30.149 - - [04/Aug/2025:13:21:35 -0300] "GET /cormun/static/Resources/Spanish/PXTools.css?14345360 HTTP/1.1" 304 -
181.203.30.149 - - [04/Aug/2025:13:21:35 -0300] "GET /cormun/static/Resources/CormunMP2.png HTTP/1.1" 304 -
181.203.30.149 - - [04/Aug/2025:13:21:36 -0300] "GET /cormun/static/Resources/Llave.png HTTP/1.1" 304 -
181.203.30.149 - - [04/Aug/2025:13:21:36 -0300] "GET /cormun/static/Resources/ImgLogin.png HTTP/1.1" 304 -
181.203.30.149 - - [04/Aug/2025:13:21:36 -0300] "GET /cormun/static/hhome.js?20201215495544 HTTP/1.1" 304 -
181.203.30.149 - - [04/Aug/2025:13:21:36 -0300] "GET /cormun/static/Resources/PXToolsDataTitle.png HTTP/1.1" 304 -
181.203.30.149 - - [04/Aug/2025:13:21:36 -0300] "GET /cormun/static/hwchdr01.js?2022112219251119 HTTP/1.1" 304 -
190.95.15.13 - - [04/Aug/2025:13:21:36 -0300] "GET /cormun/servlet/hlogin HTTP/1.1" 200 1715
190.95.15.13 - - [04/Aug/2025:13:21:37 -0300] "GET /favicon.ico HTTP/1.1" 200 21630
181.203.30.149 - - [04/Aug/2025:13:21:37 -0300] "GET /cormun/static/hpexe_recentlink.js?20201214471090 HTTP/1.1" 304 -
181.203.30.149 - - [04/Aug/2025:13:21:37 -0300] "GET /cormun/static/hpexe_scripts.js?20201214471411 HTTP/1.1" 304 -
181.203.30.149 - - [04/Aug/2025:13:21:37 -0300] "GET /cormun/static/hpexe_messagepopupcomponent.js?2020121447232 HTTP/1.1" 304 -
181.203.30.149 - - [04/Aug/2025:13:21:37 -0300] "GET /cormun/static/hpexe_messagecontroller.js?202211298371222 HTTP/1.1" 304 -
181.203.30.149 - - [04/Aug/2025:13:21:37 -0300] "GET /cormun/static/hpexe_messagegenexuscomponent.js?20221129836373 HTTP/1.1" 304 -
181.203.30.149 - - [04/Aug/2025:13:21:37 -0300] "GET /cormun/static/cmcontrolpreferences.js?20199141926336 HTTP/1.1" 304 -
181.203.30.149 - - [04/Aug/2025:13:21:38 -0300] "GET /cormun/static/hmpwkw03.js?20221129844354 HTTP/1.1" 304 -
190.95.15.13 - - [04/Aug/2025:13:21:47 -0300] "POST /cormun/servlet/hlogin?b5375eaf3a8c299ccb16aaa21320e239,gx-no-cache=1754324662893 HTTP/1.1" 200 90
190.95.15.13 - - [04/Aug/2025:13:21:47 -0300] "GET /cormun/servlet/hpexe_link HTTP/1.1" 200 947
190.95.15.13 - - [04/Aug/2025:13:21:47 -0300] "GET /cormun/servlet/hhome HTTP/1.1" 200 3940
190.95.15.13 - - [04/Aug/2025:13:21:49 -0300] "GET /cormun/servlet/trlicencias? HTTP/1.1" 200 12234
190.95.15.13 - - [04/Aug/2025:13:21:53 -0300] "GET /cormun/servlet/trpermisosgoce? HTTP/1.1" 200 17299
183.182.125.198 - - [04/Aug/2025:13:22:09 -0300] "GET /manager/html HTTP/1.1" 401 2474
181.203.30.149 - - [04/Aug/2025:13:22:23 -0300] "GET /cormun/servlet/trinasistencia? HTTP/1.1" 200 7719
181.203.30.149 - - [04/Aug/2025:13:22:23 -0300] "GET /cormun/static/gxui/gxui-all.css?110300 HTTP/1.1" 200 2179
181.203.30.149 - - [04/Aug/2025:13:22:23 -0300] "GET /cormun/static/calendar-system.css?75620 HTTP/1.1" 200 5572
181.203.30.149 - - [04/Aug/2025:13:22:23 -0300] "GET /cormun/static/gxcfg.js?201991422464941 HTTP/1.1" 200 953
181.203.30.149 - - [04/Aug/2025:13:22:23 -0300] "GET /cormun/static/Resources/PXTools/calendar.png HTTP/1.1" 304 -
181.203.30.149 - - [04/Aug/2025:13:22:23 -0300] "GET /cormun/static/trinasistencia.js?201991422465536 HTTP/1.1" 200 34455
181.203.30.149 - - [04/Aug/2025:13:22:23 -0300] "GET /cormun/static/Resources/Spanish/PXTools.css?2294816 HTTP/1.1" 200 100853
181.203.30.149 - - [04/Aug/2025:13:22:23 -0300] "GET /cormun/static/Resources/PXToolsDataSearch.png HTTP/1.1" 304 -
181.203.30.149 - - [04/Aug/2025:13:22:23 -0300] "GET /cormun/static/Resources/PXToolsGridFirstDisabled.gif HTTP/1.1" 304 -
181.203.30.149 - - [04/Aug/2025:13:22:24 -0300] "GET /cormun/static/Resources/PXToolsGridPreviousDisabled.gif HTTP/1.1" 304 -
181.203.30.149 - - [04/Aug/2025:13:22:24 -0300] "GET /cormun/static/Resources/PXToolsGridNextDisabled.gif HTTP/1.1" 304 -
181.203.30.149 - - [04/Aug/2025:13:22:24 -0300] "GET /cormun/static/Resources/PXToolsGridLastDisabled.gif HTTP/1.1" 304 -
181.203.30.149 - - [04/Aug/2025:13:22:24 -0300] "GET /cormun/static/Resources/PXToolsGridPage.gif HTTP/1.1" 304 -
181.203.30.149 - - [04/Aug/2025:13:22:24 -0300] "GET /cormun/static/Resources/PXToolsActionExcel.png HTTP/1.1" 304 -
181.203.30.149 - - [04/Aug/2025:13:22:24 -0300] "GET /cormun/static/Resources/PXToolsAddAllAction.png HTTP/1.1" 304 -
181.203.30.149 - - [04/Aug/2025:13:22:24 -0300] "GET /cormun/static/Shared/ext/resources/css/ext-all.css?205870 HTTP/1.1" 200 416045
181.203.30.149 - - [04/Aug/2025:13:22:24 -0300] "GET /cormun/static/Resources/asc.gif HTTP/1.1" 304 -
181.203.30.149 - - [04/Aug/2025:13:22:24 -0300] "GET /cormun//static/Resources/PXToolsActionPrint.png HTTP/1.1" 304 -
181.203.30.149 - - [04/Aug/2025:13:22:24 -0300] "GET /cormun//static/Resources/PXToolsHeaderHelp.png HTTP/1.1" 304 -
181.203.30.149 - - [04/Aug/2025:13:22:24 -0300] "GET /cormun//static/Resources/PXToolsGridUpdate.png HTTP/1.1" 304 -
181.203.30.149 - - [04/Aug/2025:13:22:24 -0300] "GET /cormun//static/Resources/PXTools/ActionInsert.png HTTP/1.1" 304 -
181.203.30.149 - - [04/Aug/2025:13:22:24 -0300] "GET /cormun/static/Resources/desc.gif HTTP/1.1" 304 -
181.203.30.149 - - [04/Aug/2025:13:22:24 -0300] "GET /cormun//static/Resources/PXToolsHeaderFavorites.png HTTP/1.1" 304 -
181.203.30.149 - - [04/Aug/2025:13:22:24 -0300] "GET /cormun//static/Resources/PXToolsGridDelete.png HTTP/1.1" 304 -
181.203.30.149 - - [04/Aug/2025:13:22:32 -0300] "GET /cormun/static/menuarrow.gif HTTP/1.1" 404 1015
190.95.15.13 - - [04/Aug/2025:13:22:37 -0300] "GET /cormun/static/menuarrow.gif HTTP/1.1" 404 1015
190.95.15.13 - - [04/Aug/2025:13:23:11 -0300] "POST /cormun/servlet/trpermisosgoce?b5375eaf3a8c299ccb16aaa21320e239,,gx-no-cache=1754324746536 HTTP/1.1" 200 5515
190.95.15.13 - - [04/Aug/2025:13:23:18 -0300] "GET /cormun/servlet/permisogoce?INS,0,,, HTTP/1.1" 200 6804
190.95.15.13 - - [04/Aug/2025:13:23:31 -0300] "GET /cormun/servlet/permisogoce?77e0646d86f544396050dbdb882042efa1d6d2af6f8a073b18047aa067deb2bb93291d30135d40e61aaf2919a7ed259e5e32cb464f7fad0247780357e0f686f0,gx-no-cache=1754324766686 HTTP/1.1" 200 83
183.182.125.198 - - [04/Aug/2025:13:23:32 -0300] "GET /manager/html HTTP/1.1" 401 2474
190.95.15.13 - - [04/Aug/2025:13:23:42 -0300] "GET /cormun/servlet/permisogoce?77e0646d86f544396050dbdb882042ef0866a8a6135dfdcda38966977d05d3f36acc43dca4b99bd108426386bad46d3d396bab45b4452e58362d6cdfb663d92c,gx-no-cache=1754324777484 HTTP/1.1" 200 48
190.95.15.13 - - [04/Aug/2025:13:23:47 -0300] "POST /cormun/servlet/permisogoce?b5375eaf3a8c299ccb16aaa21320e239,INS,0,,,,gx-no-cache=1754324781733 HTTP/1.1" 200 93
190.95.15.13 - - [04/Aug/2025:13:23:47 -0300] "GET /cormun/servlet/hpexe_return? HTTP/1.1" 200 1005
190.95.15.13 - - [04/Aug/2025:13:23:47 -0300] "GET /cormun/servlet/trpermisosgoce? HTTP/1.1" 200 8430
190.95.15.13 - - [04/Aug/2025:13:24:34 -0300] "POST /cormun/servlet/trpermisosgoce?b5375eaf3a8c299ccb16aaa21320e239,,gx-no-cache=1754324829501 HTTP/1.1" 200 15818
201.186.225.193 - - [04/Aug/2025:13:24:53 -0300] "GET /cormun/servlet/solicitudot?df615463446362071949f288f6ed16517a0f057f8cabd3e370643d409aa411738b4550ec66447bd274798130c118f6ae,gx-no-cache=1754324851182 HTTP/1.1" 200 30
201.186.225.193 - - [04/Aug/2025:13:24:53 -0300] "GET /cormun/servlet/solicitudot?df615463446362071949f288f6ed1651246d786b97c3d7fd28acfd2708a2b6d3f072445e371b69b9ac294d7965df80f730402e4930cf28c1827ebe0840d01725,gx-no-cache=1754324851260 HTTP/1.1" 200 103
201.186.225.193 - - [04/Aug/2025:13:24:53 -0300] "GET /cormun/static/Shared/jqueryui/images/ui-bg_highlight-soft_100_c6c2c8_1x100.png HTTP/1.1" 404 1117
201.186.225.193 - - [04/Aug/2025:13:24:53 -0300] "GET /cormun/static/Shared/jqueryui/images/ui-icons_82798d_256x240.png HTTP/1.1" 404 1089
201.186.225.193 - - [04/Aug/2025:13:24:53 -0300] "GET /cormun/static/Shared/jqueryui/images/ui-bg_flat_55_994d53_40x100.png HTTP/1.1" 404 1097
201.186.225.193 - - [04/Aug/2025:13:24:53 -0300] "GET /cormun/static/Shared/jqueryui/images/ui-icons_ebccce_256x240.png HTTP/1.1" 404 1089
201.186.225.193 - - [04/Aug/2025:13:24:53 -0300] "GET /cormun/servlet/solicitudot?df615463446362071949f288f6ed1651a02b5e2ca06a6d47458a13cfe0b30f72,gx-no-cache=1754324851314 HTTP/1.1" 200 53
183.182.125.198 - - [04/Aug/2025:13:24:55 -0300] "GET /manager/html HTTP/1.1" 401 2474
181.203.30.149 - - [04/Aug/2025:13:24:56 -0300] "GET /cormun/servlet/inasistencia?INS,0, HTTP/1.1" 200 6725
181.203.30.149 - - [04/Aug/2025:13:24:56 -0300] "GET /cormun/static/gxcfg.js?20201215191318 HTTP/1.1" 200 953
181.203.30.149 - - [04/Aug/2025:13:24:56 -0300] "GET /cormun/static/Resources/prompt.gif HTTP/1.1" 304 -
181.203.30.149 - - [04/Aug/2025:13:24:56 -0300] "GET /cormun/static/inasistencia.js?20201215191737 HTTP/1.1" 200 27029
201.186.225.193 - - [04/Aug/2025:13:25:03 -0300] "GET /cormun/servlet/prrenuncias?,MD,,gxPopupLevel%3D0%3B HTTP/1.1" 200 6007
201.186.225.193 - - [04/Aug/2025:13:25:03 -0300] "GET /cormun/static/gxcfg.js?201992416202991 HTTP/1.1" 200 953
201.186.225.193 - - [04/Aug/2025:13:25:03 -0300] "GET /cormun/static/prrenuncias.js?201992416203493 HTTP/1.1" 200 22278
201.186.225.193 - - [04/Aug/2025:13:25:03 -0300] "GET /cormun/static/Resources/Spanish/PXTools.css?2294816 HTTP/1.1" 200 100853
190.95.67.97 - - [04/Aug/2025:13:25:07 -0300] "GET /cormun/servlet/trlicencias? HTTP/1.1" 200 6041
190.95.67.97 - - [04/Aug/2025:13:25:08 -0300] "GET /cormun/servlet/hlogin HTTP/1.1" 200 1738
190.95.67.97 - - [04/Aug/2025:13:25:13 -0300] "POST /cormun/servlet/hlogin?e49b00bba92cc06d13bd8547a8802d10,gx-no-cache=1754324346655 HTTP/1.1" 200 90
190.95.67.97 - - [04/Aug/2025:13:25:14 -0300] "GET /cormun/servlet/hpexe_link HTTP/1.1" 200 955
190.95.67.97 - - [04/Aug/2025:13:25:14 -0300] "GET /cormun/servlet/trlicencias HTTP/1.1" 200 9831
190.95.67.97 - - [04/Aug/2025:13:25:17 -0300] "GET /cormun/servlet/trpermisosgoce? HTTP/1.1" 200 11687
181.203.30.149 - - [04/Aug/2025:13:25:18 -0300] "GET /cormun/servlet/inasistencia?a93e4c7d46f93e68a74c02604830ba80a8f4894512c07aac037d67e0bd9a4d4419d4b621d802e1468b82fb793156a6eaf715ae60e592151d8f593c8f2cc272c93078af7f8e2b2f68119e90d7f6b4a735367e405a87b82464807453807b1ba839721425cb57b3da82b11d1e4b496b39c5dc7ecd3e13d37fd7896d7d6714e9f23bfa5c033ed0d99f060d03a219b44550b52e61fef2b6c8e3925c66050f8a5f66cd,gx-no-cache=1754324876665 HTTP/1.1" 200 138
181.203.30.149 - - [04/Aug/2025:13:25:18 -0300] "GET /cormun/static/menuarrow.gif HTTP/1.1" 404 1015
190.95.67.97 - - [04/Aug/2025:13:25:20 -0300] "GET /cormun/servlet/permisogoce?INS,0,,, HTTP/1.1" 200 6739
181.203.30.149 - - [04/Aug/2025:13:25:21 -0300] "GET /cormun/servlet/inasistencia?a93e4c7d46f93e68a74c02604830ba80070fa34b12489c3d9d18ac67f433dddb2253ecdd03657a77e29f99d75493992a,gx-no-cache=1754324879952 HTTP/1.1" 200 33
181.203.30.149 - - [04/Aug/2025:13:25:30 -0300] "GET /cormun/servlet/inasistencia?a93e4c7d46f93e68a74c02604830ba807c4e7a1f51fbe3f9c28f96693537e2dffaafba5528167c2147bab8d70e8fd3f45a25949fe17332a7098e7d02ae560fc0614f118381b9f43db34bceb301ca986f508d1e6ef2794a74c1e4099d2561cba92b70da537b88e4b8d2d64860647a5e86e587c1c872946a818b2c631aa634739367b82a40d328c3b9612bfee6784bdd0d,gx-no-cache=1754324888335 HTTP/1.1" 200 46
181.203.30.149 - - [04/Aug/2025:13:25:44 -0300] "GET /cormun/servlet/inasistencia?a93e4c7d46f93e68a74c02604830ba807c4e7a1f51fbe3f9c28f96693537e2dffaafba5528167c2147bab8d70e8fd3f45a25949fe17332a7098e7d02ae560fc0614f118381b9f43db34bceb301ca986f508d1e6ef2794a74c1e4099d2561cba92b70da537b88e4b8d2d64860647a5e86e587c1c872946a818b2c631aa6347393ce81ec862e050f8f14d26332fd00c75f25d9eaf4e0978f3de0d95b4cf6e81adf,gx-no-cache=1754324902192 HTTP/1.1" 200 47
181.203.30.149 - - [04/Aug/2025:13:25:44 -0300] "POST /cormun/servlet/inasistencia?5b683a947c3922eb41fa8baf42f84fb3,INS,0,,gx-no-cache=1754324902275 HTTP/1.1" 200 4363
181.203.30.149 - - [04/Aug/2025:13:25:44 -0300] "GET /cormun/static/Shared/jqueryui/images/ui-bg_highlight-soft_100_c6c2c8_1x100.png HTTP/1.1" 404 1117
181.203.30.149 - - [04/Aug/2025:13:25:44 -0300] "GET /cormun/static/Shared/jqueryui/images/ui-icons_82798d_256x240.png HTTP/1.1" 404 1089
181.203.30.149 - - [04/Aug/2025:13:25:44 -0300] "GET /cormun/static/Shared/jqueryui/images/ui-icons_ebccce_256x240.png HTTP/1.1" 404 1089
181.203.30.149 - - [04/Aug/2025:13:25:44 -0300] "GET /cormun/static/Shared/jqueryui/images/ui-bg_flat_55_994d53_40x100.png HTTP/1.1" 404 1097
190.95.67.97 - - [04/Aug/2025:13:25:56 -0300] "GET /cormun/servlet/permisogoce?9cb869bab07b2b2d43b2a90c1437f25423403e9b47c3b0609934636b8982007447eaa3236c539ad0df29be3f0c251d6b487a430b5665f2f9474a64516f99eaff,gx-no-cache=1754324388696 HTTP/1.1" 200 226
190.95.67.97 - - [04/Aug/2025:13:25:56 -0300] "GET /cormun/static/Shared/jqueryui/images/ui-bg_highlight-soft_100_c6c2c8_1x100.png HTTP/1.1" 404 1117
190.95.67.97 - - [04/Aug/2025:13:25:56 -0300] "GET /cormun/static/Shared/jqueryui/images/ui-icons_82798d_256x240.png HTTP/1.1" 404 1089
190.95.67.97 - - [04/Aug/2025:13:25:56 -0300] "GET /cormun/static/Shared/jqueryui/images/ui-bg_flat_55_994d53_40x100.png HTTP/1.1" 404 1097
190.95.67.97 - - [04/Aug/2025:13:25:56 -0300] "GET /cormun/static/Shared/jqueryui/images/ui-icons_ebccce_256x240.png HTTP/1.1" 404 1089
181.203.30.149 - - [04/Aug/2025:13:25:57 -0300] "POST /cormun/servlet/inasistencia?5b683a947c3922eb41fa8baf42f84fb3,INS,0,,gx-no-cache=1754324914553 HTTP/1.1" 200 93
181.203.30.149 - - [04/Aug/2025:13:25:57 -0300] "GET /cormun/servlet/hpexe_return? HTTP/1.1" 200 1006
181.203.30.149 - - [04/Aug/2025:13:25:57 -0300] "GET /cormun/static/gxcfg.js?20221129846035 HTTP/1.1" 304 -
181.203.30.149 - - [04/Aug/2025:13:25:57 -0300] "GET /cormun/static/hpexe_return.js?20221129846037 HTTP/1.1" 304 -
181.203.30.149 - - [04/Aug/2025:13:25:57 -0300] "GET /cormun/servlet/trinasistencia HTTP/1.1" 200 7954
181.203.30.149 - - [04/Aug/2025:13:26:00 -0300] "GET /cormun/servlet/ainasistenciaprn?656,PU HTTP/1.1" 200 1644
190.95.67.97 - - [04/Aug/2025:13:26:03 -0300] "GET /cormun/servlet/permisogoce?9cb869bab07b2b2d43b2a90c1437f254dc865d25c911dd72701b06a41196b3947616a759825c17578dd515d13dac8ef26d4d771332cccdc17a6968ceeca3dca3,gx-no-cache=1754324396145 HTTP/1.1" 200 84
190.95.15.13 - - [04/Aug/2025:13:26:06 -0300] "POST /cormun/servlet/trpermisosgoce?b5375eaf3a8c299ccb16aaa21320e239,,gx-no-cache=1754324917198 HTTP/1.1" 200 5507
190.95.67.97 - - [04/Aug/2025:13:26:09 -0300] "GET /cormun/servlet/hlogin HTTP/1.1" 200 1746
190.95.15.13 - - [04/Aug/2025:13:26:13 -0300] "GET /cormun/servlet/permisogoce?INS,0,,, HTTP/1.1" 200 6804
183.182.125.198 - - [04/Aug/2025:13:26:18 -0300] "GET /manager/html HTTP/1.1" 401 2474
190.95.15.13 - - [04/Aug/2025:13:26:32 -0300] "GET /cormun/servlet/permisogoce?77e0646d86f544396050dbdb882042ef1870942b753de58f64ff2c6a94c247b593291d30135d40e61aaf2919a7ed259e5e32cb464f7fad0247780357e0f686f0,gx-no-cache=1754324948069 HTTP/1.1" 200 83
190.95.15.13 - - [04/Aug/2025:13:26:40 -0300] "GET /cormun/servlet/permisogoce?77e0646d86f544396050dbdb882042ef53924305266daf2f2abe80de0c5fe93ac3d1701984ae82ac3b8120720d6789591f3f61452e628349b76687c9e369842b,gx-no-cache=1754324956147 HTTP/1.1" 200 48
190.95.15.13 - - [04/Aug/2025:13:26:43 -0300] "POST /cormun/servlet/permisogoce?b5375eaf3a8c299ccb16aaa21320e239,INS,0,,,,gx-no-cache=1754324958781 HTTP/1.1" 200 93
190.95.15.13 - - [04/Aug/2025:13:26:43 -0300] "GET /cormun/servlet/hpexe_return? HTTP/1.1" 200 1005
190.95.15.13 - - [04/Aug/2025:13:26:44 -0300] "GET /cormun/servlet/trpermisosgoce? HTTP/1.1" 200 8422
190.95.15.13 - - [04/Aug/2025:13:26:58 -0300] "POST /cormun/servlet/trpermisosgoce?b5375eaf3a8c299ccb16aaa21320e239,,gx-no-cache=1754324973453 HTTP/1.1" 200 15828
183.182.125.198 - - [04/Aug/2025:13:27:40 -0300] "GET /manager/html HTTP/1.1" 401 2474
179.57.78.55 - - [04/Aug/2025:13:28:03 -0300] "POST /cormun/servlet/permisogoce?8109c1356100d2e3a157581479f0e917,INS,0,,,,gx-no-cache=1754325041207 HTTP/1.1" 440 972
179.57.78.55 - - [04/Aug/2025:13:28:04 -0300] "GET /cormun/servlet/permisogoce?INS,0,,, HTTP/1.1" 200 6024
179.57.78.55 - - [04/Aug/2025:13:28:04 -0300] "GET /cormun/servlet/hlogin HTTP/1.1" 200 1746
148.222.218.189 - - [04/Aug/2025:13:28:28 -0300] "GET /cormun/servlet/licenciaspermisos?INS,0,,, HTTP/1.1" 200 6784
148.222.218.189 - - [04/Aug/2025:13:28:28 -0300] "GET /cormun/static/Resources/prompt.gif HTTP/1.1" 200 902
148.222.218.189 - - [04/Aug/2025:13:28:28 -0300] "GET /cormun/static/gxcfg.js?202012153173 HTTP/1.1" 200 953
148.222.218.189 - - [04/Aug/2025:13:28:28 -0300] "GET /cormun/static/licenciaspermisos.js?2020121532136 HTTP/1.1" 200 38753
148.222.218.189 - - [04/Aug/2025:13:28:28 -0300] "GET /cormun/servlet/hlogin HTTP/1.1" 200 1747
148.222.218.189 - - [04/Aug/2025:13:28:31 -0300] "POST /cormun/servlet/hlogin?abdf5a098ccf1ede8f7cd9f423eeea54,gx-no-cache=1754325070394 HTTP/1.1" 200 90
148.222.218.189 - - [04/Aug/2025:13:28:31 -0300] "GET /cormun/servlet/hpexe_link HTTP/1.1" 200 965
148.222.218.189 - - [04/Aug/2025:13:28:31 -0300] "GET /cormun/servlet/licenciaspermisos?INS,0,,, HTTP/1.1" 200 7781
181.203.30.149 - - [04/Aug/2025:13:28:31 -0300] "GET /cormun/servlet/trpermisosgoce? HTTP/1.1" 200 14369
181.203.30.149 - - [04/Aug/2025:13:28:31 -0300] "GET /cormun/static/gxcfg.js?2020121631564 HTTP/1.1" 200 953
181.203.30.149 - - [04/Aug/2025:13:28:31 -0300] "GET /cormun/static/trpermisosgoce.js?2020121633681 HTTP/1.1" 200 35904
181.203.30.149 - - [04/Aug/2025:13:28:31 -0300] "GET /cormun//static/Resources/PXToolsGridDisplay.png HTTP/1.1" 304 -
148.222.218.189 - - [04/Aug/2025:13:28:53 -0300] "GET /cormun/servlet/trpermisosgoce? HTTP/1.1" 200 8681
148.222.218.189 - - [04/Aug/2025:13:28:53 -0300] "GET /cormun/static/gxcfg.js?2020121631564 HTTP/1.1" 200 953
148.222.218.189 - - [04/Aug/2025:13:28:54 -0300] "GET /cormun/static/trpermisosgoce.js?2020121633681 HTTP/1.1" 200 35904
148.222.218.189 - - [04/Aug/2025:13:28:54 -0300] "GET /cormun//static/Resources/PXToolsGridDelete.png HTTP/1.1" 200 538
148.222.218.189 - - [04/Aug/2025:13:28:56 -0300] "GET /cormun/servlet/permisogoce?INS,0,,, HTTP/1.1" 200 7222
148.222.218.189 - - [04/Aug/2025:13:28:56 -0300] "GET /cormun/static/gxcfg.js?20201215124560 HTTP/1.1" 200 953
148.222.218.189 - - [04/Aug/2025:13:28:56 -0300] "GET /cormun/static/permisogoce.js?20201215124939 HTTP/1.1" 200 27790
183.182.125.198 - - [04/Aug/2025:13:29:02 -0300] "GET /manager/html HTTP/1.1" 401 2474
181.203.30.149 - - [04/Aug/2025:13:29:11 -0300] "GET /cormun/servlet/permisogoce?INS,0,,, HTTP/1.1" 200 6770
181.203.30.149 - - [04/Aug/2025:13:29:11 -0300] "GET /cormun/static/gxcfg.js?20201215124560 HTTP/1.1" 200 953
181.203.30.149 - - [04/Aug/2025:13:29:11 -0300] "GET /cormun/static/permisogoce.js?20201215124939 HTTP/1.1" 200 27790
148.222.218.189 - - [04/Aug/2025:13:29:12 -0300] "GET /cormun/servlet/permisogoce?193999f1287f57192cb311ddf3928a4799916912b3a3e04e6525e9955a3324867d78af96ea61aa25045ed9830a8d5ebcc5166dcfcceedb5b6d74a2e12547fa2e,gx-no-cache=1754325112165 HTTP/1.1" 200 86
148.222.218.189 - - [04/Aug/2025:13:29:15 -0300] "GET /cormun/static/menuarrow.gif HTTP/1.1" 404 1015
148.222.218.189 - - [04/Aug/2025:13:29:21 -0300] "GET /cormun/servlet/permisogoce?193999f1287f57192cb311ddf3928a4744a77a933261494757a6bba8136efe2160b12c1a29e5b014c768a173e88b639041ecfcb4a6924da82dcdb7d1e74061d1,gx-no-cache=1754325120416 HTTP/1.1" 200 46
179.57.78.55 - - [04/Aug/2025:13:29:21 -0300] "POST /cormun/servlet/hlogin?b5f24594c44c15e8eba29b45f62152c0,gx-no-cache=1754325119325 HTTP/1.1" 200 90
179.57.78.55 - - [04/Aug/2025:13:29:21 -0300] "GET /cormun/servlet/hpexe_link HTTP/1.1" 200 964
179.57.78.55 - - [04/Aug/2025:13:29:21 -0300] "GET /cormun/servlet/permisogoce?INS,0,,, HTTP/1.1" 200 6675
181.203.30.149 - - [04/Aug/2025:13:29:23 -0300] "GET /cormun/servlet/permisogoce?2c427c0c15b0b5fc272f1f884a78b79376eb629c40cfe8bcf31f5a676c01b7e8fa00ce88ef141bbbbb267b9a74dbc580fc94279c88f39a187ed9fe651f8a622e,gx-no-cache=1754325121505 HTTP/1.1" 200 83
179.57.78.55 - - [04/Aug/2025:13:29:25 -0300] "GET /cormun/servlet/trlicencias? HTTP/1.1" 200 11876
181.203.30.149 - - [04/Aug/2025:13:29:31 -0300] "GET /cormun/servlet/permisogoce?2c427c0c15b0b5fc272f1f884a78b7937b7877c41401d7e79a89feb9923ce0c18ad994d3bc5c2cf4625281cc885e4b94309b62783fd259c5c9c6dc6fbafcbe14,gx-no-cache=1754325129719 HTTP/1.1" 200 47
181.203.30.149 - - [04/Aug/2025:13:29:35 -0300] "POST /cormun/servlet/permisogoce?5b683a947c3922eb41fa8baf42f84fb3,INS,0,,,,gx-no-cache=1754325133314 HTTP/1.1" 200 93
181.203.30.149 - - [04/Aug/2025:13:29:35 -0300] "GET /cormun/servlet/hpexe_return? HTTP/1.1" 200 1009
181.203.30.149 - - [04/Aug/2025:13:29:35 -0300] "GET /cormun/servlet/trpermisosgoce HTTP/1.1" 200 14552
201.186.225.193 - - [04/Aug/2025:13:29:45 -0300] "GET /cormun/servlet/solicitudot?df615463446362071949f288f6ed1651c3e99022d4f779474f00fe714ee5753a357ebdf4a218cec38d4be2e1ffd94d1670c3882dc90295852477e243c421c2a45d15f965949b3b3f97968fd755d7fbec,gx-no-cache=1754325143693 HTTP/1.1" 200 30
201.186.225.193 - - [04/Aug/2025:13:29:45 -0300] "POST /cormun/servlet/solicitudot?gx-no-cache=1754325143738 HTTP/1.1" 200 255
201.186.225.193 - - [04/Aug/2025:13:29:45 -0300] "GET /cormun/servlet/solicitudot?df615463446362071949f288f6ed1651973637e7c5d2adff1c28a074fba4fc584030426d55e90f16e2e5fe029716514674d1d12a23c1dbc6f5329884842621a5d25fd32c248f77753f33aab2123f271f2b1ce7918f0f0c68e4cc043d25b990a48027e86d6ff68efa83cc5a07bf08271be758b61360865c8ac16e01ac8fd0b5647abcc8a2bbc1ee34148a677e980814832cd379aa88efa7f16774f020f4d57a39fb39392d0768e6a0423ff8b494e1f4caae7c3e99c479691618a84d9a0de9f39d91b31346d470f57a866c51b129bd9db489abe5cae14195b07b141de2ccc8f474ea7d5a76fc23f6eda6032fc4642643d7665f24375a76c0b47eff0e5b0a0b0b11d69285120e5ddb5eedcc1bae320be53415b0f6fa2a4f3d1fa9547a46aba74f2ce0ac31443ec805b6de736f09b06dd342926e20eb3958897ad4bccf10c1f67b484d2aa945d42878e1bd316a77a8a7e941d0210df0378d147e59dfe536a33f02f1e6004ac7ad6a4bf33c78c875cc09b18f6753ebf01055eab532602bb469a512ac,gx-no-cache=1754325143761 HTTP/1.1" 200 30
201.186.225.193 - - [04/Aug/2025:13:29:45 -0300] "POST /cormun/servlet/solicitudot?gx-no-cache=1754325143779 HTTP/1.1" 200 30
201.186.225.193 - - [04/Aug/2025:13:29:45 -0300] "POST /cormun/servlet/solicitudot?gx-no-cache=1754325143802 HTTP/1.1" 200 1481
201.186.225.193 - - [04/Aug/2025:13:29:45 -0300] "POST /cormun/servlet/solicitudot?gx-no-cache=1754325143865 HTTP/1.1" 200 38
201.186.225.193 - - [04/Aug/2025:13:29:45 -0300] "GET /cormun/servlet/solicitudot?df615463446362071949f288f6ed16517d5f2d1cf3a8e57a653993bef2ed8f4e6d641350f9ba93e76179ab52b5cdceb5292b46c17f4f851378403d0636e65e0cf9d77f6ee0861ba6e49ddfd1dfdefb3517ad94eb48ba4789a1877c867ea795877eb4ee05c6c8c54cddbc613dd7a0fd64,gx-no-cache=1754325143887 HTTP/1.1" 200 110
201.186.225.193 - - [04/Aug/2025:13:29:45 -0300] "POST /cormun/servlet/solicitudot?gx-no-cache=1754325143911 HTTP/1.1" 200 110
201.186.225.193 - - [04/Aug/2025:13:29:45 -0300] "GET /cormun/servlet/solicitudot?df615463446362071949f288f6ed1651262a0902e9e9d0ed1d11dce25cc35de146b18c179d4b9bf0394d5ddfeadb00bd97851fe152d8310cdc34b1710f5bb8626fdf73ce551d87cdeb7f1137e8e9cb9fc22af17a74c8c8e095de5c2788d8ed03d267b926c4a9f88047a569f36650292e7afc78c7049cc906c131a0524cfaf15ace4d1167b216e2932f30110b9d089656b00bbbd81b4639c42bfce9ddd8c0e120,gx-no-cache=1754325143951 HTTP/1.1" 200 29
201.186.225.193 - - [04/Aug/2025:13:29:51 -0300] "GET /cormun/static/menuarrow.gif HTTP/1.1" 404 1015
201.186.225.193 - - [04/Aug/2025:13:29:53 -0300] "POST /cormun/servlet/solicitudot?gx-no-cache=1754325151210 HTTP/1.1" 200 255
201.186.225.193 - - [04/Aug/2025:13:29:53 -0300] "GET /cormun/servlet/solicitudot?df615463446362071949f288f6ed1651973637e7c5d2adff1c28a074fba4fc584030426d55e90f16e2e5fe029716514674d1d12a23c1dbc6f5329884842621a5d25fd32c248f77753f33aab2123f271f2b1ce7918f0f0c68e4cc043d25b990a48027e86d6ff68efa83cc5a07bf08271be758b61360865c8ac16e01ac8fd0b5647abcc8a2bbc1ee34148a677e980814832cd379aa88efa7f16774f020f4d57a39fb39392d0768e6a0423ff8b494e1f4caae7c3e99c479691618a84d9a0de9f39d91b31346d470f57a866c51b129bd9db489abe5cae14195b07b141de2ccc8f474ea7d5a76fc23f6eda6032fc4642643d7665f24375a76c0b47eff0e5b0a0b0b11d69285120e5ddb5eedcc1bae320be53415b0f6fa2a4f3d1fa9547a46aba74f2ce0ac31443ec805b6de736f09b06dd342926e20eb3958897ad4bccf10c1f67b484d2aa945d42878e1bd316a77a8a7e941d0210df0378d147e59dfe536a33f02f1e6004ac7ad6a4bf33c78c875cc09b18f3280fe8a93f49c26e868b0a5be24c694,gx-no-cache=1754325151249 HTTP/1.1" 200 30
201.186.225.193 - - [04/Aug/2025:13:29:53 -0300] "POST /cormun/servlet/solicitudot?gx-no-cache=1754325151276 HTTP/1.1" 200 30
201.186.225.193 - - [04/Aug/2025:13:29:53 -0300] "POST /cormun/servlet/solicitudot?gx-no-cache=1754325151313 HTTP/1.1" 200 1481
201.186.225.193 - - [04/Aug/2025:13:29:53 -0300] "POST /cormun/servlet/solicitudot?gx-no-cache=1754325151354 HTTP/1.1" 200 38
201.186.225.193 - - [04/Aug/2025:13:29:53 -0300] "GET /cormun/servlet/solicitudot?df615463446362071949f288f6ed16517d5f2d1cf3a8e57a653993bef2ed8f4e6d641350f9ba93e76179ab52b5cdceb5292b46c17f4f851378403d0636e65e0cf9d77f6ee0861ba6e49ddfd1dfdefb3517ad94eb48ba4789a1877c867ea795877eb4ee05c6c8c54cddbc613dd7a0fd64,gx-no-cache=1754325151376 HTTP/1.1" 200 110
201.186.225.193 - - [04/Aug/2025:13:29:53 -0300] "POST /cormun/servlet/solicitudot?gx-no-cache=1754325151409 HTTP/1.1" 200 110
148.222.218.189 - - [04/Aug/2025:13:29:55 -0300] "POST /cormun/servlet/permisogoce?abdf5a098ccf1ede8f7cd9f423eeea54,INS,0,,,,gx-no-cache=1754325154211 HTTP/1.1" 200 93
148.222.218.189 - - [04/Aug/2025:13:29:56 -0300] "GET /cormun/servlet/hpexe_return? HTTP/1.1" 200 1007
201.186.225.193 - - [04/Aug/2025:13:29:56 -0300] "GET /cormun/servlet/solicitudot?df615463446362071949f288f6ed1651172745172568a4c54f1e808b01744321b3d266e2e68b8e4f4d18eef94f2f59f2,gx-no-cache=1754325154117 HTTP/1.1" 200 30
148.222.218.189 - - [04/Aug/2025:13:29:56 -0300] "GET /cormun/static/gxcfg.js?20221129846035 HTTP/1.1" 200 953
148.222.218.189 - - [04/Aug/2025:13:29:56 -0300] "GET /cormun/static/hpexe_return.js?20221129846037 HTTP/1.1" 200 1633
148.222.218.189 - - [04/Aug/2025:13:29:56 -0300] "GET /cormun/servlet/trpermisosgoce HTTP/1.1" 200 8979
148.222.218.189 - - [04/Aug/2025:13:29:56 -0300] "GET /cormun//static/Resources/PXToolsGridUpdate.png HTTP/1.1" 200 470
148.222.218.189 - - [04/Aug/2025:13:30:00 -0300] "GET /cormun/servlet/trpermisosadjuntos?16254843,20250804123149,P, HTTP/1.1" 200 6654
148.222.218.189 - - [04/Aug/2025:13:30:00 -0300] "GET /cormun/static/gxcfg.js?2020121641683 HTTP/1.1" 200 953
148.222.218.189 - - [04/Aug/2025:13:30:00 -0300] "GET /cormun/static/trpermisosadjuntos.js?2020121642996 HTTP/1.1" 200 20158
148.222.218.189 - - [04/Aug/2025:13:30:07 -0300] "GET /cormun/servlet/permisosadjuntos?INS,16254843,P,20250804123149,, HTTP/1.1" 200 5980
148.222.218.189 - - [04/Aug/2025:13:30:07 -0300] "GET /cormun/static/gxcfg.js?20201215134212 HTTP/1.1" 200 953
148.222.218.189 - - [04/Aug/2025:13:30:07 -0300] "GET /cormun/static/about:blank HTTP/1.1" 404 1011
148.222.218.189 - - [04/Aug/2025:13:30:07 -0300] "GET /cormun/static/permisosadjuntos.js?20201215134285 HTTP/1.1" 200 8724
148.222.218.189 - - [04/Aug/2025:13:30:23 -0300] "POST /cormun/servlet/permisosadjuntos?abdf5a098ccf1ede8f7cd9f423eeea54,INS,16254843,P,20250804123149,, HTTP/1.1" 200 116
148.222.218.189 - - [04/Aug/2025:13:30:24 -0300] "GET /cormun/servlet/hpexe_return? HTTP/1.1" 200 1035
148.222.218.189 - - [04/Aug/2025:13:30:24 -0300] "GET /cormun/servlet/trpermisosadjuntos?16254843,20250804123149,P, HTTP/1.1" 200 7154
183.182.125.198 - - [04/Aug/2025:13:30:25 -0300] "GET /manager/html HTTP/1.1" 401 2474
201.186.225.185 - - [04/Aug/2025:13:30:27 -0300] "GET /cormun/servlet/hlogin HTTP/1.1" 200 1727
201.186.225.185 - - [04/Aug/2025:13:30:28 -0300] "GET /favicon.ico HTTP/1.1" 200 21630
201.186.225.193 - - [04/Aug/2025:13:30:29 -0300] "POST /cormun/servlet/solicitudot?gx-no-cache=1754325187626 HTTP/1.1" 200 1481
201.186.225.193 - - [04/Aug/2025:13:30:29 -0300] "POST /cormun/servlet/solicitudot?gx-no-cache=1754325187680 HTTP/1.1" 200 41
201.186.225.193 - - [04/Aug/2025:13:30:29 -0300] "GET /cormun/servlet/solicitudot?df615463446362071949f288f6ed16517d5f2d1cf3a8e57a653993bef2ed8f4e6d641350f9ba93e76179ab52b5cdceb5292b46c17f4f851378403d0636e65e0cf9d77f6ee0861ba6e49ddfd1dfdefb3517ad94eb48ba4789a1877c867ea795877eb4ee05c6c8c54cddbc613dd7a0fd64,gx-no-cache=1754325187702 HTTP/1.1" 200 110
201.186.225.193 - - [04/Aug/2025:13:30:29 -0300] "POST /cormun/servlet/solicitudot?gx-no-cache=1754325187725 HTTP/1.1" 200 110
148.222.218.189 - - [04/Aug/2025:13:30:30 -0300] "GET /cormun/servlet/trpermisosgoce? HTTP/1.1" 200 8976
201.186.225.185 - - [04/Aug/2025:13:30:32 -0300] "POST /cormun/servlet/hlogin?29500687bca30f053d22658c16921136,gx-no-cache=1754325189631 HTTP/1.1" 200 90
201.186.225.185 - - [04/Aug/2025:13:30:32 -0300] "GET /cormun/servlet/hpexe_link HTTP/1.1" 200 955
201.186.225.185 - - [04/Aug/2025:13:30:32 -0300] "GET /cormun/servlet/hhome HTTP/1.1" 200 4235
201.186.225.193 - - [04/Aug/2025:13:30:33 -0300] "POST /cormun/servlet/solicitudot?gx-no-cache=1754325191686 HTTP/1.1" 200 30
201.186.225.185 - - [04/Aug/2025:13:30:35 -0300] "GET /cormun/servlet/trlicencias? HTTP/1.1" 200 13088
148.222.218.189 - - [04/Aug/2025:13:30:36 -0300] "POST /cormun/servlet/trpermisosgoce?abdf5a098ccf1ede8f7cd9f423eeea54,,gx-no-cache=1754325196060 HTTP/1.1" 200 6159
148.222.218.189 - - [04/Aug/2025:13:30:37 -0300] "GET /cormun/static/Shared/jqueryui/images/ui-icons_82798d_256x240.png HTTP/1.1" 404 1089
148.222.218.189 - - [04/Aug/2025:13:30:37 -0300] "GET /cormun/static/Shared/jqueryui/images/ui-bg_highlight-soft_100_c6c2c8_1x100.png HTTP/1.1" 404 1117
148.222.218.189 - - [04/Aug/2025:13:30:37 -0300] "GET /cormun/static/Shared/jqueryui/images/ui-bg_flat_55_fafafa_40x100.png HTTP/1.1" 404 1097
148.222.218.189 - - [04/Aug/2025:13:30:37 -0300] "GET /cormun/static/Shared/jqueryui/images/ui-icons_8d78a5_256x240.png HTTP/1.1" 404 1089
201.186.225.193 - - [04/Aug/2025:13:30:38 -0300] "POST /cormun/servlet/solicitudot?58b6502785e821c88d082991a64480c3,INS,0,0,false,,gx-no-cache=1754325196648 HTTP/1.1" 200 93
201.186.225.193 - - [04/Aug/2025:13:30:39 -0300] "GET /cormun/servlet/hpexe_return? HTTP/1.1" 200 1014
201.186.225.193 - - [04/Aug/2025:13:30:39 -0300] "GET /cormun/static/gxcfg.js?20221129846035 HTTP/1.1" 200 953
201.186.225.193 - - [04/Aug/2025:13:30:39 -0300] "GET /cormun/static/hpexe_return.js?20221129846037 HTTP/1.1" 200 1633
201.186.225.193 - - [04/Aug/2025:13:30:39 -0300] "GET /cormun/servlet/trsolicitudot HTTP/1.1" 200 8948
201.186.225.193 - - [04/Aug/2025:13:30:39 -0300] "GET /cormun//static/Resources/PXToolsGridUpdate.png HTTP/1.1" 200 470
201.186.225.193 - - [04/Aug/2025:13:30:39 -0300] "GET /cormun//static/Resources/PXToolsActionView.png HTTP/1.1" 200 398
201.186.225.193 - - [04/Aug/2025:13:30:39 -0300] "GET /cormun//static/Resources/PXToolsRemoveAllAction.png HTTP/1.1" 200 487
201.186.225.193 - - [04/Aug/2025:13:30:39 -0300] "GET /cormun//static/Resources/PXToolsGridDelete.png HTTP/1.1" 200 538
201.186.225.193 - - [04/Aug/2025:13:30:39 -0300] "GET /favicon.ico HTTP/1.1" 200 21630
148.222.218.189 - - [04/Aug/2025:13:30:41 -0300] "GET /cormun/servlet/trautorizarpermisogoce? HTTP/1.1" 200 8021
148.222.218.189 - - [04/Aug/2025:13:30:41 -0300] "GET /cormun/static/gxcfg.js?2020121645532 HTTP/1.1" 200 953
148.222.218.189 - - [04/Aug/2025:13:30:41 -0300] "GET /cormun/static/trautorizarpermisogoce.js?2020121651492 HTTP/1.1" 200 34948
148.222.218.189 - - [04/Aug/2025:13:30:45 -0300] "POST /cormun/servlet/trautorizarpermisogoce?abdf5a098ccf1ede8f7cd9f423eeea54,,gx-no-cache=1754325204355 HTTP/1.1" 200 4531
190.95.15.13 - - [04/Aug/2025:13:30:45 -0300] "GET /cormun/servlet/permisogoce?INS,0,,, HTTP/1.1" 200 6803
201.186.225.193 - - [04/Aug/2025:13:30:49 -0300] "POST /cormun/servlet/trsolicitudot?58b6502785e821c88d082991a64480c3,gx-no-cache=1754325207936 HTTP/1.1" 200 6094
201.186.225.193 - - [04/Aug/2025:13:30:50 -0300] "GET /cormun/static/Shared/jqueryui/images/ui-bg_highlight-soft_100_c6c2c8_1x100.png HTTP/1.1" 404 1117
201.186.225.193 - - [04/Aug/2025:13:30:50 -0300] "GET /cormun/static/Shared/jqueryui/images/ui-icons_82798d_256x240.png HTTP/1.1" 404 1089
201.186.225.193 - - [04/Aug/2025:13:30:50 -0300] "GET /cormun/static/Shared/jqueryui/images/ui-bg_flat_55_fafafa_40x100.png HTTP/1.1" 404 1097
201.186.225.193 - - [04/Aug/2025:13:30:50 -0300] "GET /cormun/static/Shared/jqueryui/images/ui-icons_8d78a5_256x240.png HTTP/1.1" 404 1089
148.222.218.189 - - [04/Aug/2025:13:30:50 -0300] "GET /cormun/servlet/trpermisosgoce? HTTP/1.1" 200 8941
190.95.15.13 - - [04/Aug/2025:13:30:53 -0300] "GET /cormun/servlet/permisogoce?77e0646d86f544396050dbdb882042efda43a2f73ec6c86c7013f96324b0e1b593291d30135d40e61aaf2919a7ed259e5e32cb464f7fad0247780357e0f686f0,gx-no-cache=1754325208780 HTTP/1.1" 200 85
201.186.225.193 - - [04/Aug/2025:13:30:54 -0300] "POST /cormun/servlet/trsolicitudot?58b6502785e821c88d082991a64480c3,gx-no-cache=1754325212262 HTTP/1.1" 200 6093
148.222.218.189 - - [04/Aug/2025:13:30:55 -0300] "GET /cormun/servlet/permisogoce?INS,0,,, HTTP/1.1" 200 7222
190.95.15.13 - - [04/Aug/2025:13:31:01 -0300] "GET /cormun/servlet/permisogoce?77e0646d86f544396050dbdb882042ef9c23adb492e56c98406b2bc809a982fe94e2dc1151a6cbdacd8543a848b85dd01f3f61452e628349b76687c9e369842b,gx-no-cache=1754325216627 HTTP/1.1" 200 46
190.95.15.13 - - [04/Aug/2025:13:31:04 -0300] "POST /cormun/servlet/permisogoce?b5375eaf3a8c299ccb16aaa21320e239,INS,0,,,,gx-no-cache=1754325218891 HTTP/1.1" 200 93
190.95.15.13 - - [04/Aug/2025:13:31:04 -0300] "GET /cormun/servlet/hpexe_return? HTTP/1.1" 200 1005
190.95.15.13 - - [04/Aug/2025:13:31:04 -0300] "GET /cormun/servlet/trpermisosgoce? HTTP/1.1" 200 18584
148.222.218.189 - - [04/Aug/2025:13:31:11 -0300] "GET /cormun/servlet/permisogoce?193999f1287f57192cb311ddf3928a47c4a17884944a928349018f649176b8a97d78af96ea61aa25045ed9830a8d5ebcc5166dcfcceedb5b6d74a2e12547fa2e,gx-no-cache=1754325230107 HTTP/1.1" 200 79
201.186.225.193 - - [04/Aug/2025:13:31:24 -0300] "POST /cormun/servlet/trsolicitudot?58b6502785e821c88d082991a64480c3,gx-no-cache=1754325242926 HTTP/1.1" 200 6094
190.95.67.97 - - [04/Aug/2025:13:31:25 -0300] "POST /cormun/servlet/hlogin?e49b00bba92cc06d13bd8547a8802d10,gx-no-cache=1754324717813 HTTP/1.1" 200 454
148.222.218.189 - - [04/Aug/2025:13:31:26 -0300] "GET /cormun/servlet/permisogoce?193999f1287f57192cb311ddf3928a47ce7942c97afd08f8102b9010c8938f2ad6823663188cda7623d260fdc831f6b341ecfcb4a6924da82dcdb7d1e74061d1,gx-no-cache=1754325245424 HTTP/1.1" 200 47
190.95.67.97 - - [04/Aug/2025:13:31:28 -0300] "POST /cormun/servlet/hlogin?e49b00bba92cc06d13bd8547a8802d10,gx-no-cache=1754324721410 HTTP/1.1" 200 90
190.95.67.97 - - [04/Aug/2025:13:31:28 -0300] "GET /cormun/servlet/hpexe_link HTTP/1.1" 200 964
190.95.67.97 - - [04/Aug/2025:13:31:28 -0300] "GET /cormun/servlet/permisogoce?INS,0,,, HTTP/1.1" 200 6737
190.95.67.97 - - [04/Aug/2025:13:31:30 -0300] "GET /cormun/servlet/trpermisosgoce? HTTP/1.1" 200 11695
190.95.67.97 - - [04/Aug/2025:13:31:33 -0300] "GET /cormun/static/menuarrow.gif HTTP/1.1" 404 1015
181.203.30.149 - - [04/Aug/2025:13:31:33 -0300] "GET /cormun/servlet/apermisogoceprn?17521210,P,20250804123204,PU HTTP/1.1" 200 1657
190.95.67.97 - - [04/Aug/2025:13:31:46 -0300] "POST /cormun/servlet/trpermisosgoce?e49b00bba92cc06d13bd8547a8802d10,,gx-no-cache=1754324739009 HTTP/1.1" 200 5462
148.222.218.189 - - [04/Aug/2025:13:31:47 -0300] "POST /cormun/servlet/permisogoce?abdf5a098ccf1ede8f7cd9f423eeea54,INS,0,,,,gx-no-cache=1754325266242 HTTP/1.1" 200 93
148.222.218.189 - - [04/Aug/2025:13:31:47 -0300] "GET /cormun/servlet/hpexe_return? HTTP/1.1" 200 1007
148.222.218.189 - - [04/Aug/2025:13:31:47 -0300] "GET /cormun/servlet/trpermisosgoce HTTP/1.1" 200 9169
201.186.225.193 - - [04/Aug/2025:13:31:49 -0300] "POST /cormun/servlet/trsolicitudot?58b6502785e821c88d082991a64480c3,gx-no-cache=1754325267038 HTTP/1.1" 200 112
183.182.125.198 - - [04/Aug/2025:13:31:49 -0300] "GET /manager/html HTTP/1.1" 401 2474
201.186.225.193 - - [04/Aug/2025:13:31:49 -0300] "GET /cormun/servlet/solicitudot?UPD,2025,22833,false, HTTP/1.1" 200 16986
201.186.225.193 - - [04/Aug/2025:13:31:50 -0300] "POST /cormun/servlet/solicitudot?gx-no-cache=1754325267889 HTTP/1.1" 200 4139
201.186.225.193 - - [04/Aug/2025:13:31:50 -0300] "POST /cormun/servlet/solicitudot?58b6502785e821c88d082991a64480c3,UPD,2025,22833,false,,gx-no-cache=1754325268095 HTTP/1.1" 200 13079
201.186.225.193 - - [04/Aug/2025:13:31:50 -0300] "GET /cormun/servlet/solicitudot?df615463446362071949f288f6ed16517a0f057f8cabd3e370643d409aa41173be69c9d5f64fe04e52c510668e5d2b5a,gx-no-cache=1754325268233 HTTP/1.1" 200 30
201.186.225.193 - - [04/Aug/2025:13:31:50 -0300] "GET /cormun/servlet/solicitudot?df615463446362071949f288f6ed1651c3e99022d4f779474f00fe714ee5753a357ebdf4a218cec38d4be2e1ffd94d1670c3882dc90295852477e243c421c2a48851bbc2040d2199940529167bdb02d0,gx-no-cache=1754325268253 HTTP/1.1" 200 30
201.186.225.193 - - [04/Aug/2025:13:31:50 -0300] "GET /cormun/servlet/solicitudot?df615463446362071949f288f6ed1651feb35cc1116e8a8ce64488e6367ada3a07cf03f1f1ccff1109f228f80bee99d3453ea7c61887ebc8d5b937b7e9e1ac1c,gx-no-cache=1754325268268 HTTP/1.1" 200 53
201.186.225.193 - - [04/Aug/2025:13:31:50 -0300] "POST /cormun/servlet/solicitudot?gx-no-cache=1754325268285 HTTP/1.1" 200 255
201.186.225.193 - - [04/Aug/2025:13:31:50 -0300] "GET /cormun/servlet/solicitudot?df615463446362071949f288f6ed1651973637e7c5d2adff1c28a074fba4fc584030426d55e90f16e2e5fe029716514674d1d12a23c1dbc6f5329884842621a5d25fd32c248f77753f33aab2123f271f2b1ce7918f0f0c68e4cc043d25b990a48027e86d6ff68efa83cc5a07bf08271be758b61360865c8ac16e01ac8fd0b5647abcc8a2bbc1ee34148a677e980814832cd379aa88efa7f16774f020f4d57a39fb39392d0768e6a0423ff8b494e1f4caae7c3e99c479691618a84d9a0de9f39d91b31346d470f57a866c51b129bd9db489abe5cae14195b07b141de2ccc8f474ea7d5a76fc23f6eda6032fc4642643d7665f24375a76c0b47eff0e5b0a0b0b11d69285120e5ddb5eedcc1bae320be53415b0f6fa2a4f3d1fa9547a46aba74f2ce0ac31443ec805b6de736f09b06dd342926e20eb3958897ad4bccf10c1f67b484d2aa945d42878e1bd316a77a8a7e941d0210df0378d147e59dfe536a33f02f1e6004ac7ad6a4bf33c78c875cc09b18f3280fe8a93f49c26e868b0a5be24c694,gx-no-cache=1754325268307 HTTP/1.1" 200 30
201.186.225.193 - - [04/Aug/2025:13:31:50 -0300] "POST /cormun/servlet/solicitudot?gx-no-cache=1754325268333 HTTP/1.1" 200 30
201.186.225.193 - - [04/Aug/2025:13:31:50 -0300] "POST /cormun/servlet/solicitudot?gx-no-cache=1754325268369 HTTP/1.1" 200 1481
201.186.225.193 - - [04/Aug/2025:13:31:50 -0300] "POST /cormun/servlet/solicitudot?gx-no-cache=1754325268409 HTTP/1.1" 200 41
148.222.218.189 - - [04/Aug/2025:13:31:56 -0300] "GET /cormun/servlet/trpermisosadjuntos?13934848,20250804123348,P, HTTP/1.1" 200 6641
201.186.225.193 - - [04/Aug/2025:13:32:05 -0300] "GET /cormun/servlet/solicitudot?df615463446362071949f288f6ed16517d5f2d1cf3a8e57a653993bef2ed8f4e6d641350f9ba93e76179ab52b5cdceb5292b46c17f4f851378403d0636e65e0cf9d77f6ee0861ba6e49ddfd1dfdefb3517ad94eb48ba4789a1877c867ea795877eb4ee05c6c8c54cddbc613dd7a0fd64,gx-no-cache=1754325283741 HTTP/1.1" 200 110
201.186.225.193 - - [04/Aug/2025:13:32:05 -0300] "POST /cormun/servlet/solicitudot?gx-no-cache=1754325283771 HTTP/1.1" 200 110
201.186.225.193 - - [04/Aug/2025:13:32:05 -0300] "GET /cormun/servlet/solicitudot?df615463446362071949f288f6ed16516880898dab063a5180aca165d3e19840b723dc49534b0b163c995b92ce5984715e0768429ca54dd064770f4f2a3cad3d952c9fe5987ce965f7871c280e604b7439e4a67f80af6c1ffb1bd0b0b9f716730dc583b28df739536a5be3482ab89b9094fb834ec1df0f4978dad7f4c8a2cb7fa65d36710269b68150ce550ecc4ed7ab6a8587b53644a01b861338dfd358ca46,gx-no-cache=1754325283809 HTTP/1.1" 200 29
201.186.225.193 - - [04/Aug/2025:13:32:05 -0300] "GET /cormun/servlet/solicitudot?df615463446362071949f288f6ed1651172745172568a4c54f1e808b01744321b3d266e2e68b8e4f4d18eef94f2f59f2,gx-no-cache=1754325283831 HTTP/1.1" 200 30
201.186.225.193 - - [04/Aug/2025:13:32:05 -0300] "POST /cormun/servlet/solicitudot?gx-no-cache=1754325283852 HTTP/1.1" 200 30
148.222.218.189 - - [04/Aug/2025:13:32:27 -0300] "GET /cormun/servlet/permisosadjuntos?INS,13934848,P,20250804123348,, HTTP/1.1" 200 5969
148.222.218.189 - - [04/Aug/2025:13:32:27 -0300] "GET /cormun/static/about:blank HTTP/1.1" 404 1011
190.95.67.97 - - [04/Aug/2025:13:32:40 -0300] "GET /cormun/servlet/trlicencias? HTTP/1.1" 200 9830
148.222.218.189 - - [04/Aug/2025:13:32:47 -0300] "POST /cormun/servlet/permisosadjuntos?abdf5a098ccf1ede8f7cd9f423eeea54,INS,13934848,P,20250804123348,, HTTP/1.1" 200 116
148.222.218.189 - - [04/Aug/2025:13:32:47 -0300] "GET /cormun/servlet/hpexe_return? HTTP/1.1" 200 1034
148.222.218.189 - - [04/Aug/2025:13:32:47 -0300] "GET /cormun/servlet/trpermisosadjuntos?13934848,20250804123348,P, HTTP/1.1" 200 7144
190.95.67.97 - - [04/Aug/2025:13:32:48 -0300] "POST /cormun/servlet/trlicencias?e49b00bba92cc06d13bd8547a8802d10,,gx-no-cache=1754324801121 HTTP/1.1" 200 14831
179.57.78.55 - - [04/Aug/2025:13:32:51 -0300] "GET /cormun/servlet/trpermisosgoce? HTTP/1.1" 200 14161
179.57.78.55 - - [04/Aug/2025:13:32:53 -0300] "GET /cormun/static/menuarrow.gif HTTP/1.1" 404 1015
148.222.218.189 - - [04/Aug/2025:13:32:54 -0300] "GET /cormun/servlet/trpermisosgoce? HTTP/1.1" 200 9163
181.203.30.149 - - [04/Aug/2025:13:32:54 -0300] "GET /cormun/servlet/permisogoce?INS,0,,, HTTP/1.1" 200 6772
148.222.218.189 - - [04/Aug/2025:13:32:58 -0300] "POST /cormun/servlet/trpermisosgoce?abdf5a098ccf1ede8f7cd9f423eeea54,,gx-no-cache=1754325337740 HTTP/1.1" 200 6348
190.95.67.97 - - [04/Aug/2025:13:32:58 -0300] "POST /cormun/servlet/trlicencias?e49b00bba92cc06d13bd8547a8802d10,,gx-no-cache=1754324811433 HTTP/1.1" 200 6904
179.57.78.55 - - [04/Aug/2025:13:33:02 -0300] "POST /cormun/servlet/trpermisosgoce?b5f24594c44c15e8eba29b45f62152c0,,gx-no-cache=1754325340334 HTTP/1.1" 200 5050
148.222.218.189 - - [04/Aug/2025:13:33:05 -0300] "GET /cormun/servlet/trautorizarpermisogoce? HTTP/1.1" 200 8005
148.222.218.189 - - [04/Aug/2025:13:33:08 -0300] "POST /cormun/servlet/trautorizarpermisogoce?abdf5a098ccf1ede8f7cd9f423eeea54,,gx-no-cache=1754325347411 HTTP/1.1" 200 4518
183.182.125.198 - - [04/Aug/2025:13:33:10 -0300] "GET /manager/html HTTP/1.1" 401 2474
181.203.30.149 - - [04/Aug/2025:13:33:13 -0300] "GET /cormun/servlet/permisogoce?2c427c0c15b0b5fc272f1f884a78b7938cb8e3a24fb88e9d4a4e6d64b8345c03fa00ce88ef141bbbbb267b9a74dbc580fc94279c88f39a187ed9fe651f8a622e,gx-no-cache=1754325351320 HTTP/1.1" 200 226
181.203.30.149 - - [04/Aug/2025:13:33:21 -0300] "GET /cormun/servlet/permisogoce?2c427c0c15b0b5fc272f1f884a78b793884fcebff73ea86b6d6e7a660cb2e650fa00ce88ef141bbbbb267b9a74dbc580fc94279c88f39a187ed9fe651f8a622e,gx-no-cache=1754325359399 HTTP/1.1" 200 226
179.57.78.55 - - [04/Aug/2025:13:33:27 -0300] "GET /cormun/servlet/trlicencias? HTTP/1.1" 200 11866
190.95.67.97 - - [04/Aug/2025:13:33:27 -0300] "GET /cormun/servlet/trpermisosgoce? HTTP/1.1" 200 8082
181.203.30.149 - - [04/Aug/2025:13:33:49 -0300] "GET /cormun/servlet/permisogoce?2c427c0c15b0b5fc272f1f884a78b793884fcebff73ea86b6d6e7a660cb2e650fa00ce88ef141bbbbb267b9a74dbc580fc94279c88f39a187ed9fe651f8a622e,gx-no-cache=1754325387912 HTTP/1.1" 200 226
183.182.125.198 - - [04/Aug/2025:13:34:31 -0300] "GET /manager/html HTTP/1.1" 401 2474
181.203.30.149 - - [04/Aug/2025:13:35:00 -0300] "GET /cormun/servlet/permisogoce?2c427c0c15b0b5fc272f1f884a78b793884fcebff73ea86b6d6e7a660cb2e650fa00ce88ef141bbbbb267b9a74dbc580fc94279c88f39a187ed9fe651f8a622e,gx-no-cache=1754325458266 HTTP/1.1" 200 226
181.203.30.149 - - [04/Aug/2025:13:35:28 -0300] "GET /cormun/servlet/permisogoce?2c427c0c15b0b5fc272f1f884a78b7934688a1c624eb776d90faa311bdda117efa00ce88ef141bbbbb267b9a74dbc580fc94279c88f39a187ed9fe651f8a622e,gx-no-cache=1754325486476 HTTP/1.1" 200 77
201.186.225.183 - - [04/Aug/2025:13:35:41 -0300] "GET /cormun/servlet/trsolicitudot? HTTP/1.1" 200 6331
201.186.225.183 - - [04/Aug/2025:13:35:41 -0300] "GET /cormun/servlet/hlogin HTTP/1.1" 200 1742
181.203.30.149 - - [04/Aug/2025:13:35:44 -0300] "GET /cormun/servlet/permisogoce?2c427c0c15b0b5fc272f1f884a78b793dea10325a4fd8d99b59b9462fac1eebdc43795b4a748c54e86d1ca53b2dc937cbb581826fd12cf68064cd8f74ef768b8,gx-no-cache=1754325503102 HTTP/1.1" 200 47
201.186.225.183 - - [04/Aug/2025:13:35:45 -0300] "POST /cormun/servlet/hlogin?97b24f380bd3ca21df7c3b58f86fc280,gx-no-cache=1754325504906 HTTP/1.1" 200 90
201.186.225.183 - - [04/Aug/2025:13:35:45 -0300] "GET /cormun/servlet/hpexe_link HTTP/1.1" 200 958
