190.95.15.15 - - [04/Aug/2025:12:37:48 -0300] "POST /cormun/servlet/trpermisosgoce?8b042385702485a9322021b50e7b57f5,gx-no-cache=1754322026536 HTTP/1.1" 200 10579
183.182.125.198 - - [04/Aug/2025:12:37:53 -0300] "GET /manager/html HTTP/1.1" 401 2474
190.95.15.13 - - [04/Aug/2025:12:37:54 -0300] "POST /cormun/servlet/hlogin?9168431eacec4e54b7b1b57fdc97aa9d,gx-no-cache=1754322029707 HTTP/1.1" 440 972
190.95.15.13 - - [04/Aug/2025:12:37:55 -0300] "GET /cormun/servlet/hlogin HTTP/1.1" 200 1724
190.95.15.13 - - [04/Aug/2025:12:38:02 -0300] "POST /cormun/servlet/hlogin?5cf3f57dbe8155807de798bdc786589b,gx-no-cache=1754322037948 HTTP/1.1" 200 90
190.95.15.13 - - [04/Aug/2025:12:38:02 -0300] "GET /cormun/servlet/hpexe_link HTTP/1.1" 200 944
190.95.15.13 - - [04/Aug/2025:12:38:02 -0300] "GET /cormun/servlet/hhome HTTP/1.1" 200 3937
190.95.15.13 - - [04/Aug/2025:12:38:05 -0300] "GET /cormun/servlet/trlicencias? HTTP/1.1" 200 12234
190.95.15.15 - - [04/Aug/2025:12:38:06 -0300] "GET /cormun/servlet/permisogoce?DSP,15126684,P,20250730000000, HTTP/1.1" 200 6654
190.95.67.97 - - [04/Aug/2025:12:38:15 -0300] "GET /cormun/servlet/hlogin HTTP/1.1" 200 1733
201.186.225.185 - - [04/Aug/2025:12:38:16 -0300] "GET /cormun/servlet/hlogin HTTP/1.1" 200 1724
201.186.225.185 - - [04/Aug/2025:12:38:17 -0300] "GET /cormun/static/gxtimezone.js?85251 HTTP/1.1" 200 5781
201.186.225.185 - - [04/Aug/2025:12:38:17 -0300] "GET /cormun/static/gxcfg.js?2022112219184450 HTTP/1.1" 200 953
201.186.225.185 - - [04/Aug/2025:12:38:17 -0300] "GET /cormun/static/Resources/CormunLogin.png HTTP/1.1" 200 19132
201.186.225.185 - - [04/Aug/2025:12:38:17 -0300] "GET /cormun/static/hlogin.js?2022112219184458 HTTP/1.1" 200 2156
201.186.225.185 - - [04/Aug/2025:12:38:17 -0300] "GET /cormun/static/messages.spa.js?85251 HTTP/1.1" 200 30736
201.186.225.185 - - [04/Aug/2025:12:38:17 -0300] "GET /cormun/static/gxgral.js?85251 HTTP/1.1" 200 384558
201.186.225.185 - - [04/Aug/2025:12:38:17 -0300] "GET /cormun/static/Resources/Spanish/PXTools.css?1759030 HTTP/1.1" 200 100853
201.186.225.185 - - [04/Aug/2025:12:38:18 -0300] "GET /cormun/static/Resources/PXToolsLoginTop.png HTTP/1.1" 200 1337
201.186.225.185 - - [04/Aug/2025:12:38:18 -0300] "GET /cormun/static/Resources/PXToolsLoginBackground.png HTTP/1.1" 200 1164
201.186.225.185 - - [04/Aug/2025:12:38:18 -0300] "GET /cormun/static/Resources/PXToolsButtonLeft.png HTTP/1.1" 200 1310
201.186.225.185 - - [04/Aug/2025:12:38:18 -0300] "GET /cormun/static/Resources/PXToolsButtonRight.png HTTP/1.1" 200 1294
201.186.225.185 - - [04/Aug/2025:12:38:18 -0300] "GET /cormun/static/Resources/PXToolsLoginBottom.png HTTP/1.1" 200 1389
201.186.225.185 - - [04/Aug/2025:12:38:18 -0300] "GET /cormun/static/Resources/PXToolsButtonBackground.png HTTP/1.1" 200 1176
201.186.225.185 - - [04/Aug/2025:12:38:18 -0300] "GET /cormun/static/Resources/indicator.gif HTTP/1.1" 200 1553
201.186.225.185 - - [04/Aug/2025:12:38:18 -0300] "GET /cormun/servlet/hlogin HTTP/1.1" 200 1734
201.186.225.185 - - [04/Aug/2025:12:38:18 -0300] "GET /cormun/static/Resources/PXToolsLoginBottom.png HTTP/1.1" 206 1
201.186.225.185 - - [04/Aug/2025:12:38:18 -0300] "GET /cormun/static/Resources/PXToolsLoginBottom.png HTTP/1.1" 206 157
201.186.225.185 - - [04/Aug/2025:12:38:18 -0300] "GET /favicon.ico HTTP/1.1" 200 21630
201.186.225.185 - - [04/Aug/2025:12:38:20 -0300] "POST /cormun/servlet/hlogin?f16981273454106ce5836c3efdba05f0,gx-no-cache=1754322058122 HTTP/1.1" 200 90
201.186.225.185 - - [04/Aug/2025:12:38:20 -0300] "GET /cormun/servlet/hpexe_link HTTP/1.1" 200 953
201.186.225.185 - - [04/Aug/2025:12:38:20 -0300] "GET /cormun/static/gxcfg.js?20221129847421 HTTP/1.1" 200 953
201.186.225.185 - - [04/Aug/2025:12:38:20 -0300] "GET /cormun/static/hpexe_link.js?20221129847423 HTTP/1.1" 200 625
201.186.225.185 - - [04/Aug/2025:12:38:20 -0300] "GET /cormun/static/Resources/Spanish/PXTools.css?8354383 HTTP/1.1" 200 100853
201.186.225.185 - - [04/Aug/2025:12:38:20 -0300] "GET /cormun/servlet/hhome HTTP/1.1" 200 4234
201.186.225.185 - - [04/Aug/2025:12:38:21 -0300] "GET /cormun/static/Shared/jqueryui/jquery-ui.min.css?1345370 HTTP/1.1" 200 30288
201.186.225.185 - - [04/Aug/2025:12:38:21 -0300] "GET /cormun/static/SmoothNavMenu/resources/ddsmoothmenu.css?1112540 HTTP/1.1" 200 2223
201.186.225.185 - - [04/Aug/2025:12:38:21 -0300] "GET /cormun/static/SmoothNavMenu/resources/ddsmoothmenu-v.css?1112540 HTTP/1.1" 200 1188
201.186.225.185 - - [04/Aug/2025:12:38:21 -0300] "GET /cormun/static/scaMessage/css/jquery.pnotify.default.css?1816380 HTTP/1.1" 200 1707
201.186.225.185 - - [04/Aug/2025:12:38:21 -0300] "GET /cormun/static/gxcfg.js?20201215495537 HTTP/1.1" 200 953
201.186.225.185 - - [04/Aug/2025:12:38:21 -0300] "GET /cormun/static/PXToolsJavascripts/pexe_autoreload.js HTTP/1.1" 200 1762
201.186.225.185 - - [04/Aug/2025:12:38:21 -0300] "GET /cormun/static/PXToolsJavascripts/pexe_cookies.js HTTP/1.1" 200 792
201.186.225.185 - - [04/Aug/2025:12:38:21 -0300] "GET /cormun/static/PXToolsJavascripts/pexe_windows.js HTTP/1.1" 200 15249
201.186.225.185 - - [04/Aug/2025:12:38:21 -0300] "GET /cormun/static/PXToolsJavascripts/pexe_grid.js HTTP/1.1" 200 7559
201.186.225.185 - - [04/Aug/2025:12:38:21 -0300] "GET /cormun/static/PXToolsJavascripts/pexe_griddivfix.js HTTP/1.1" 200 6946
201.186.225.185 - - [04/Aug/2025:12:38:21 -0300] "GET /cormun/static/PXToolsJavascripts/pexe_link.js HTTP/1.1" 200 5671
201.186.225.185 - - [04/Aug/2025:12:38:21 -0300] "GET /cormun/static/PXToolsJavascripts/pexe_menudivfix.js HTTP/1.1" 200 333
201.186.225.185 - - [04/Aug/2025:12:38:21 -0300] "GET /cormun/static/PXToolsJavascripts/pexe_menus.js HTTP/1.1" 200 1286
201.186.225.185 - - [04/Aug/2025:12:38:21 -0300] "GET /cormun/static/Resources/Spanish/PXTools.css?14345360 HTTP/1.1" 200 100853
201.186.225.185 - - [04/Aug/2025:12:38:21 -0300] "GET /cormun/static/PXToolsJavascripts/pexe_layers.js HTTP/1.1" 200 4114
201.186.225.185 - - [04/Aug/2025:12:38:21 -0300] "GET /cormun/static/PXToolsJavascripts/pexe_oav.js HTTP/1.1" 200 645
190.95.15.15 - - [04/Aug/2025:12:38:21 -0300] "POST /cormun/servlet/permisogoce?8b042385702485a9322021b50e7b57f5,DSP,15126684,P,20250730000000,,gx-no-cache=1754322059194 HTTP/1.1" 200 93
201.186.225.185 - - [04/Aug/2025:12:38:21 -0300] "GET /cormun/static/PXToolsJavascripts/pexe_oavdivfix.js HTTP/1.1" 200 639
190.95.15.15 - - [04/Aug/2025:12:38:21 -0300] "GET /cormun/servlet/hpexe_return? HTTP/1.1" 200 1041
201.186.225.185 - - [04/Aug/2025:12:38:21 -0300] "GET /cormun/static/PXToolsJavascripts/pexe_picture.js HTTP/1.1" 200 689
201.186.225.185 - - [04/Aug/2025:12:38:21 -0300] "GET /cormun/static/PXToolsJavascripts/pexe_popup.js HTTP/1.1" 200 15149
201.186.225.185 - - [04/Aug/2025:12:38:21 -0300] "GET /cormun/static/PXToolsJavascripts/pexe_scrolldiv.js HTTP/1.1" 200 4138
201.186.225.185 - - [04/Aug/2025:12:38:21 -0300] "GET /cormun/static/PXToolsJavascripts/pexe_tabdivfix.js HTTP/1.1" 200 898
201.186.225.185 - - [04/Aug/2025:12:38:21 -0300] "GET /cormun/static/PXToolsJavascripts/pexe_tabs.js HTTP/1.1" 200 3748
201.186.225.185 - - [04/Aug/2025:12:38:21 -0300] "GET /cormun/static/PXToolsJavascripts/pexe_upload.js HTTP/1.1" 200 1423
201.186.225.185 - - [04/Aug/2025:12:38:21 -0300] "GET /cormun/static/PXToolsJavascripts/PXToolsJavascriptsRender.js HTTP/1.1" 200 367
201.186.225.185 - - [04/Aug/2025:12:38:21 -0300] "GET /cormun/static/Resources/CormunMP2.png HTTP/1.1" 200 6878
201.186.225.185 - - [04/Aug/2025:12:38:21 -0300] "GET /cormun/static/Resources/ImgHome.png HTTP/1.1" 200 1364
201.186.225.185 - - [04/Aug/2025:12:38:21 -0300] "GET /cormun/static/Resources/ImgLogin.png HTTP/1.1" 200 1432
201.186.225.185 - - [04/Aug/2025:12:38:21 -0300] "GET /cormun/static/Resources/Llave.png HTTP/1.1" 200 1395
201.186.225.185 - - [04/Aug/2025:12:38:21 -0300] "GET /cormun/static/RunJS/RunJS.js HTTP/1.1" 200 288
201.186.225.185 - - [04/Aug/2025:12:38:21 -0300] "GET /cormun/static/Shared/ext/locale/ext-lang-en.js HTTP/1.1" 200 10940
201.186.225.185 - - [04/Aug/2025:12:38:21 -0300] "GET /cormun/static/hhome.js?20201215495544 HTTP/1.1" 200 777
201.186.225.185 - - [04/Aug/2025:12:38:21 -0300] "GET /cormun/static/hwchdr01.js?2022112219251119 HTTP/1.1" 200 996
201.186.225.185 - - [04/Aug/2025:12:38:21 -0300] "GET /cormun/static/hpexe_recentlink.js?20201214471090 HTTP/1.1" 200 2144
201.186.225.185 - - [04/Aug/2025:12:38:21 -0300] "GET /cormun/static/Resources/PXToolsDataTitle.png HTTP/1.1" 200 1173
201.186.225.185 - - [04/Aug/2025:12:38:21 -0300] "GET /cormun/static/hpexe_scripts.js?20201214471411 HTTP/1.1" 200 1544
201.186.225.185 - - [04/Aug/2025:12:38:21 -0300] "GET /cormun/static/hpexe_messagecontroller.js?202211298371222 HTTP/1.1" 200 870
201.186.225.185 - - [04/Aug/2025:12:38:21 -0300] "GET /cormun/static/hpexe_messagepopupcomponent.js?2020121447232 HTTP/1.1" 200 605
201.186.225.185 - - [04/Aug/2025:12:38:21 -0300] "GET /cormun/static/hpexe_messagegenexuscomponent.js?20221129836373 HTTP/1.1" 200 587
190.95.15.15 - - [04/Aug/2025:12:38:21 -0300] "GET /cormun/servlet/trpermisosgoce?gx-no-cache=1754322026536 HTTP/1.1" 200 14376
201.186.225.185 - - [04/Aug/2025:12:38:21 -0300] "GET /cormun/static/cmcontrolpreferences.js?20199141926336 HTTP/1.1" 200 1375
201.186.225.185 - - [04/Aug/2025:12:38:21 -0300] "GET /cormun/static/SmoothNavMenu/resources/ddsmoothmenu.js HTTP/1.1" 200 12712
201.186.225.185 - - [04/Aug/2025:12:38:21 -0300] "GET /cormun/static/gxui/gxui-all.js HTTP/1.1" 200 107772
201.186.225.185 - - [04/Aug/2025:12:38:21 -0300] "GET /cormun/static/SmoothNavMenu/resources/SmoothNavMenuRender.js HTTP/1.1" 200 5951
201.186.225.185 - - [04/Aug/2025:12:38:21 -0300] "GET /cormun/static/scaMessage/js/jquery.pnotify.min.js HTTP/1.1" 200 13038
201.186.225.185 - - [04/Aug/2025:12:38:21 -0300] "GET /cormun/static/scaMessage/scaMessageRender.js HTTP/1.1" 200 11977
201.186.225.185 - - [04/Aug/2025:12:38:21 -0300] "GET /cormun/static/hmpwkw03.js?20221129844354 HTTP/1.1" 200 3971
201.186.225.185 - - [04/Aug/2025:12:38:21 -0300] "GET /cormun/static/Shared/jquery/jquery-1.4.2.min.js HTTP/1.1" 200 72174
201.186.225.185 - - [04/Aug/2025:12:38:22 -0300] "GET /cormun/static/Shared/jquery/jquery-1.10.2.min.js HTTP/1.1" 200 273199
201.186.225.185 - - [04/Aug/2025:12:38:22 -0300] "GET /cormun/static/Shared/jqueryui/jquery-ui.min.js HTTP/1.1" 200 240427
190.95.67.97 - - [04/Aug/2025:12:38:23 -0300] "POST /cormun/servlet/hlogin?258e4fda23c3add7124414625ae22c56,gx-no-cache=1754321535773 HTTP/1.1" 200 90
190.95.67.97 - - [04/Aug/2025:12:38:23 -0300] "GET /cormun/servlet/hpexe_link HTTP/1.1" 200 947
190.95.67.97 - - [04/Aug/2025:12:38:23 -0300] "GET /cormun/servlet/hhome HTTP/1.1" 200 3866
201.186.225.185 - - [04/Aug/2025:12:38:23 -0300] "GET /cormun/static/Shared/ext/ext-all.js HTTP/1.1" 200 1289687
201.186.225.185 - - [04/Aug/2025:12:38:23 -0300] "GET /cormun/static/SmoothNavMenu/resources/images/down.gif HTTP/1.1" 200 854
201.186.225.185 - - [04/Aug/2025:12:38:23 -0300] "GET /cormun/static/SmoothNavMenu/resources/images/right.gif HTTP/1.1" 200 860
190.95.67.97 - - [04/Aug/2025:12:38:25 -0300] "GET /cormun/servlet/trpermisosgoce? HTTP/1.1" 200 8369
201.186.225.185 - - [04/Aug/2025:12:38:36 -0300] "GET /cormun/servlet/trlicencias? HTTP/1.1" 200 13084
201.186.225.185 - - [04/Aug/2025:12:38:36 -0300] "GET /cormun/static/gxui/gxui-all.css?120300 HTTP/1.1" 200 2179
201.186.225.185 - - [04/Aug/2025:12:38:36 -0300] "GET /cormun/static/calendar-system.css?85620 HTTP/1.1" 200 5572
201.186.225.185 - - [04/Aug/2025:12:38:36 -0300] "GET /cormun/static/gxcfg.js?202211298463625 HTTP/1.1" 200 953
201.186.225.185 - - [04/Aug/2025:12:38:36 -0300] "GET /cormun/static/calendar.js?85251 HTTP/1.1" 200 26246
201.186.225.185 - - [04/Aug/2025:12:38:36 -0300] "GET /cormun/static/calendar-setup.js?85251 HTTP/1.1" 200 2588
201.186.225.185 - - [04/Aug/2025:12:38:36 -0300] "GET /cormun/static/calendar-es.js?85251 HTTP/1.1" 200 1901
201.186.225.185 - - [04/Aug/2025:12:38:36 -0300] "GET /cormun/static/Resources/PXTools/calendar.png HTTP/1.1" 200 1306
201.186.225.185 - - [04/Aug/2025:12:38:36 -0300] "GET /cormun/static/gxdec.js?85251 HTTP/1.1" 200 19579
201.186.225.185 - - [04/Aug/2025:12:38:36 -0300] "GET /cormun/static/trlicencias.js?202211298463889 HTTP/1.1" 200 41883
201.186.225.185 - - [04/Aug/2025:12:38:37 -0300] "GET /cormun/static/Resources/PXToolsDataSearch.png HTTP/1.1" 200 435
201.186.225.185 - - [04/Aug/2025:12:38:37 -0300] "GET /cormun/static/Shared/ext/resources/css/ext-all.css?215870 HTTP/1.1" 200 416045
190.95.67.97 - - [04/Aug/2025:12:38:37 -0300] "POST /cormun/servlet/trpermisosgoce?258e4fda23c3add7124414625ae22c56,,gx-no-cache=1754321549802 HTTP/1.1" 200 5525
201.186.225.185 - - [04/Aug/2025:12:38:37 -0300] "GET /cormun/static/Resources/PXToolsGridFirstDisabled.gif HTTP/1.1" 200 100
201.186.225.185 - - [04/Aug/2025:12:38:37 -0300] "GET /cormun/static/Resources/PXToolsGridPreviousDisabled.gif HTTP/1.1" 200 90
201.186.225.185 - - [04/Aug/2025:12:38:37 -0300] "GET /cormun/static/Resources/PXToolsGridNextDisabled.gif HTTP/1.1" 200 90
190.95.67.97 - - [04/Aug/2025:12:38:37 -0300] "POST /cormun/servlet/trpermisosgoce?258e4fda23c3add7124414625ae22c56,,gx-no-cache=1754321549947 HTTP/1.1" 200 5506
201.186.225.185 - - [04/Aug/2025:12:38:37 -0300] "GET /cormun/static/Resources/PXToolsGridLastDisabled.gif HTTP/1.1" 200 98
201.186.225.185 - - [04/Aug/2025:12:38:37 -0300] "GET /cormun/static/Resources/PXToolsGridPage.gif HTTP/1.1" 200 725
201.186.225.185 - - [04/Aug/2025:12:38:37 -0300] "GET /cormun/static/Resources/PXToolsActionExcel.png HTTP/1.1" 200 727
201.186.225.185 - - [04/Aug/2025:12:38:37 -0300] "GET /cormun/static/Resources/PXToolsAddAllAction.png HTTP/1.1" 200 495
201.186.225.185 - - [04/Aug/2025:12:38:37 -0300] "GET /cormun/static/Resources/asc.gif HTTP/1.1" 200 67
201.186.225.185 - - [04/Aug/2025:12:38:37 -0300] "GET /cormun/static/Resources/desc.gif HTTP/1.1" 200 65
201.186.225.185 - - [04/Aug/2025:12:38:37 -0300] "GET /cormun//static/Resources/PXToolsActionDisabled.gif HTTP/1.1" 200 53
201.186.225.185 - - [04/Aug/2025:12:38:37 -0300] "GET /cormun//static/Resources/PXToolsGridDisplay.png HTTP/1.1" 200 525
201.186.225.185 - - [04/Aug/2025:12:38:37 -0300] "GET /cormun//static/Resources/PXTools/ActionInsert.png HTTP/1.1" 200 1482
201.186.225.185 - - [04/Aug/2025:12:38:37 -0300] "GET /cormun//static/Resources/PXToolsActionPrint.png HTTP/1.1" 200 404
201.186.225.185 - - [04/Aug/2025:12:38:37 -0300] "GET /cormun//static/Resources/PXToolsHeaderFavorites.png HTTP/1.1" 200 1414
201.186.225.185 - - [04/Aug/2025:12:38:37 -0300] "GET /cormun//static/Resources/PXToolsHeaderHelp.png HTTP/1.1" 200 1333
201.186.225.185 - - [04/Aug/2025:12:38:37 -0300] "GET /cormun/static/Shared/ext/resources/themes/images/default/panel/bg-headersPanel.png HTTP/1.1" 200 255
201.186.225.185 - - [04/Aug/2025:12:38:37 -0300] "GET /cormun/static/Shared/ext/resources/themes/images/default/tools/tool-sprites.gif HTTP/1.1" 200 5434
201.186.225.193 - - [04/Aug/2025:12:38:58 -0300] "POST /cormun/servlet/solicitudot?gx-no-cache=1754322097011 HTTP/1.1" 200 30
183.182.125.198 - - [04/Aug/2025:12:39:15 -0300] "GET /manager/html HTTP/1.1" 401 2474
201.186.225.193 - - [04/Aug/2025:12:39:16 -0300] "POST /cormun/servlet/solicitudot?gx-no-cache=1754322114634 HTTP/1.1" 200 30
183.182.125.198 - - [04/Aug/2025:12:40:38 -0300] "GET /manager/html HTTP/1.1" 401 2474
183.182.125.198 - - [04/Aug/2025:12:42:01 -0300] "GET /manager/html HTTP/1.1" 401 2474
200.126.117.15 - - [04/Aug/2025:12:42:12 -0300] "POST /cormun/servlet/trlicencias?0d8a7e3a499876a8975c7ee87e41b179,,gx-no-cache=1754322289831 HTTP/1.1" 200 5994
190.95.67.97 - - [04/Aug/2025:12:42:50 -0300] "GET /cormun/servlet/trpermisosgoce? HTTP/1.1" 200 8154
190.95.67.97 - - [04/Aug/2025:12:42:55 -0300] "POST /cormun/servlet/trpermisosgoce?258e4fda23c3add7124414625ae22c56,,gx-no-cache=1754321808497 HTTP/1.1" 200 15675
190.95.67.97 - - [04/Aug/2025:12:42:56 -0300] "GET /cormun/static/Resources/PXToolsGridNext.gif HTTP/1.1" 200 369
190.95.67.97 - - [04/Aug/2025:12:42:56 -0300] "GET /cormun/static/Resources/PXToolsGridLast.gif HTTP/1.1" 200 370
183.182.125.198 - - [04/Aug/2025:12:43:24 -0300] "GET /manager/html HTTP/1.1" 401 2474
200.126.117.15 - - [04/Aug/2025:12:43:27 -0300] "POST /cormun/servlet/trlicencias?0d8a7e3a499876a8975c7ee87e41b179,,gx-no-cache=1754322365128 HTTP/1.1" 200 4465
200.126.117.15 - - [04/Aug/2025:12:43:30 -0300] "POST /cormun/servlet/trlicencias?0d8a7e3a499876a8975c7ee87e41b179,,gx-no-cache=1754322368468 HTTP/1.1" 200 4466
192.168.10.19 - - [04/Aug/2025:12:44:27 -0300] "POST /cormun/servlet/trsolicitudgral?0ded72593f19bfa34a8f792c36989e1a,,gx-no-cache=1754322440193 HTTP/1.1" 200 5258
192.168.10.19 - - [04/Aug/2025:12:44:30 -0300] "POST /cormun/servlet/trsolicitudgral?0ded72593f19bfa34a8f792c36989e1a,,gx-no-cache=1754322443465 HTTP/1.1" 200 5258
192.168.10.19 - - [04/Aug/2025:12:44:34 -0300] "POST /cormun/servlet/trsolicitudgral?0ded72593f19bfa34a8f792c36989e1a,,gx-no-cache=1754322447737 HTTP/1.1" 200 5262
200.126.117.15 - - [04/Aug/2025:12:44:46 -0300] "POST /cormun/servlet/trlicencias?0d8a7e3a499876a8975c7ee87e41b179,,gx-no-cache=1754322444598 HTTP/1.1" 200 4466
183.182.125.198 - - [04/Aug/2025:12:44:47 -0300] "GET /manager/html HTTP/1.1" 401 2474
200.126.117.15 - - [04/Aug/2025:12:44:47 -0300] "POST /cormun/servlet/trlicencias?0d8a7e3a499876a8975c7ee87e41b179,,gx-no-cache=1754322445657 HTTP/1.1" 200 4466
200.126.117.15 - - [04/Aug/2025:12:44:48 -0300] "POST /cormun/servlet/trlicencias?0d8a7e3a499876a8975c7ee87e41b179,,gx-no-cache=1754322446716 HTTP/1.1" 200 4465
200.126.117.15 - - [04/Aug/2025:12:45:15 -0300] "GET /cormun/servlet/trlicencias? HTTP/1.1" 200 7311
200.126.117.15 - - [04/Aug/2025:12:45:18 -0300] "GET /favicon.ico HTTP/1.1" 200 21630
179.57.78.55 - - [04/Aug/2025:12:45:36 -0300] "GET /cormun/servlet/trpermisosgoce? HTTP/1.1" 200 19602
200.126.117.15 - - [04/Aug/2025:12:45:37 -0300] "POST /cormun/servlet/trlicencias?0d8a7e3a499876a8975c7ee87e41b179,,gx-no-cache=1754322495123 HTTP/1.1" 200 4468
200.126.117.15 - - [04/Aug/2025:12:45:39 -0300] "POST /cormun/servlet/trlicencias?0d8a7e3a499876a8975c7ee87e41b179,,gx-no-cache=1754322497223 HTTP/1.1" 200 4469
179.57.78.55 - - [04/Aug/2025:12:45:40 -0300] "GET /cormun/servlet/permisogoce?INS,0,,, HTTP/1.1" 200 6844
179.57.78.55 - - [04/Aug/2025:12:45:57 -0300] "GET /cormun/servlet/permisogoce?5c3eb816e87b719bc361cb7c73ab55fc48da11b2cedd0a82886e20236e1d68d27b06fc08a36e9d9326b6bc5f7282bc3179eb4e0a4a2f1b925c6c8ddc8625866a,gx-no-cache=1754322515331 HTTP/1.1" 200 80
179.57.78.55 - - [04/Aug/2025:12:46:00 -0300] "GET /cormun/static/menuarrow.gif HTTP/1.1" 404 1015
183.182.125.198 - - [04/Aug/2025:12:46:11 -0300] "GET /manager/html HTTP/1.1" 401 2474
200.126.117.15 - - [04/Aug/2025:12:46:43 -0300] "POST /cormun/servlet/trlicencias?0d8a7e3a499876a8975c7ee87e41b179,,gx-no-cache=1754322560709 HTTP/1.1" 200 6470
179.57.78.55 - - [04/Aug/2025:12:46:52 -0300] "GET /cormun/servlet/permisogoce?5c3eb816e87b719bc361cb7c73ab55fcd3870c09418e1878d3dc1229e0917703393649c96ba034b4f3aedd336fbbf835d0c4434b0a934992040f3a188bd7ebdd,gx-no-cache=1754322569923 HTTP/1.1" 200 47
201.186.225.185 - - [04/Aug/2025:12:47:17 -0300] "GET /cormun/servlet/hlogin HTTP/1.1" 200 1724
201.186.225.185 - - [04/Aug/2025:12:47:19 -0300] "POST /cormun/servlet/hlogin?f16981273454106ce5836c3efdba05f0,gx-no-cache=1754322597812 HTTP/1.1" 200 90
201.186.225.185 - - [04/Aug/2025:12:47:19 -0300] "GET /cormun/servlet/hpexe_link HTTP/1.1" 200 957
201.186.225.185 - - [04/Aug/2025:12:47:20 -0300] "GET /cormun/servlet/trlicencias HTTP/1.1" 200 13083
183.182.125.198 - - [04/Aug/2025:12:47:33 -0300] "GET /manager/html HTTP/1.1" 401 2474
10.40.40.2 - - [04/Aug/2025:12:48:37 -0300] "POST /cormun/servlet/trlicencias?2e08f6ae97f946bba05ef5a3354afb77,,gx-no-cache=1754322639960 HTTP/1.1" 200 9705
183.182.125.198 - - [04/Aug/2025:12:48:57 -0300] "GET /manager/html HTTP/1.1" 401 2474
201.186.225.183 - - [04/Aug/2025:12:50:06 -0300] "GET /cormun/servlet/trlicencias HTTP/1.1" 200 6050
201.186.225.183 - - [04/Aug/2025:12:50:06 -0300] "GET /cormun/servlet/hlogin HTTP/1.1" 200 1736
201.186.225.183 - - [04/Aug/2025:12:50:14 -0300] "POST /cormun/servlet/hlogin?0abce3949946d6b93be87417b5cc0ea7,gx-no-cache=1754322773945 HTTP/1.1" 200 90
201.186.225.183 - - [04/Aug/2025:12:50:14 -0300] "GET /cormun/servlet/hpexe_link HTTP/1.1" 200 955
201.186.225.183 - - [04/Aug/2025:12:50:14 -0300] "GET /cormun/servlet/trlicencias HTTP/1.1" 200 17473
183.182.125.198 - - [04/Aug/2025:12:50:20 -0300] "GET /manager/html HTTP/1.1" 401 2474
201.186.225.183 - - [04/Aug/2025:12:51:19 -0300] "POST /cormun/servlet/trlicencias?0abce3949946d6b93be87417b5cc0ea7,gx-no-cache=1754322838814 HTTP/1.1" 200 101
201.186.225.183 - - [04/Aug/2025:12:51:19 -0300] "POST /cormun/servlet/trlicencias?0abce3949946d6b93be87417b5cc0ea7,gx-no-cache=1754322839002 HTTP/1.1" 200 15565
201.186.225.183 - - [04/Aug/2025:12:51:20 -0300] "GET /cormun/Licencias-6401.xls HTTP/1.1" 200 17920
10.40.40.2 - - [04/Aug/2025:12:51:23 -0300] "POST /cormun/servlet/trlicencias?2e08f6ae97f946bba05ef5a3354afb77,,gx-no-cache=1754322805918 HTTP/1.1" 200 6830
10.40.40.2 - - [04/Aug/2025:12:51:29 -0300] "POST /cormun/servlet/trlicencias?2e08f6ae97f946bba05ef5a3354afb77,,gx-no-cache=1754322811972 HTTP/1.1" 200 5593
183.182.125.198 - - [04/Aug/2025:12:51:42 -0300] "GET /manager/html HTTP/1.1" 401 2474
10.40.40.2 - - [04/Aug/2025:12:51:49 -0300] "POST /cormun/servlet/trlicencias?2e08f6ae97f946bba05ef5a3354afb77,,gx-no-cache=1754322832680 HTTP/1.1" 200 5592
10.40.40.2 - - [04/Aug/2025:12:52:10 -0300] "POST /cormun/servlet/trlicencias?2e08f6ae97f946bba05ef5a3354afb77,,gx-no-cache=1754322852801 HTTP/1.1" 200 5591
183.182.125.198 - - [04/Aug/2025:12:53:06 -0300] "GET /manager/html HTTP/1.1" 401 2474
190.95.67.93 - - [04/Aug/2025:12:53:22 -0300] "GET /cormun/servlet/trlicencias? HTTP/1.1" 200 6061
190.95.67.93 - - [04/Aug/2025:12:53:22 -0300] "GET /cormun/servlet/hlogin HTTP/1.1" 200 1742
190.95.67.93 - - [04/Aug/2025:12:53:27 -0300] "POST /cormun/servlet/hlogin?755303ab9590327fb83f1a9864a61be0,gx-no-cache=1754322961799 HTTP/1.1" 200 90
190.95.67.93 - - [04/Aug/2025:12:53:27 -0300] "GET /cormun/servlet/hpexe_link HTTP/1.1" 200 960
190.95.67.93 - - [04/Aug/2025:12:53:27 -0300] "GET /cormun/servlet/trlicencias HTTP/1.1" 200 10512
201.186.225.193 - - [04/Aug/2025:12:53:54 -0300] "POST /cormun/servlet/solicitudot?gx-no-cache=1754322992833 HTTP/1.1" 200 1482
201.186.225.193 - - [04/Aug/2025:12:53:54 -0300] "POST /cormun/servlet/solicitudot?gx-no-cache=1754322992952 HTTP/1.1" 200 41
201.186.225.193 - - [04/Aug/2025:12:53:54 -0300] "GET /cormun/servlet/solicitudot?df615463446362071949f288f6ed16517d5f2d1cf3a8e57a653993bef2ed8f4e6d641350f9ba93e76179ab52b5cdceb5292b46c17f4f851378403d0636e65e0cf9d77f6ee0861ba6e49ddfd1dfdefb3517ad94eb48ba4789a1877c867ea795877eb4ee05c6c8c54cddbc613dd7a0fd64,gx-no-cache=1754322992973 HTTP/1.1" 200 110
201.186.225.193 - - [04/Aug/2025:12:54:06 -0300] "POST /cormun/servlet/solicitudot?gx-no-cache=1754323004250 HTTP/1.1" 200 30
183.182.125.198 - - [04/Aug/2025:12:54:28 -0300] "GET /manager/html HTTP/1.1" 401 2474
200.126.117.15 - - [04/Aug/2025:12:54:48 -0300] "POST /cormun/servlet/trlicencias?0d8a7e3a499876a8975c7ee87e41b179,,gx-no-cache=1754323045586 HTTP/1.1" 200 5684
201.186.225.193 - - [04/Aug/2025:12:55:08 -0300] "POST /cormun/servlet/solicitudot?gx-no-cache=1754323066705 HTTP/1.1" 200 30
201.186.225.193 - - [04/Aug/2025:12:55:10 -0300] "POST /cormun/servlet/solicitudot?gx-no-cache=1754323068793 HTTP/1.1" 200 30
201.186.225.193 - - [04/Aug/2025:12:55:17 -0300] "POST /cormun/servlet/solicitudot?gx-no-cache=1754323075833 HTTP/1.1" 200 30
190.95.123.102 - - [04/Aug/2025:12:55:25 -0300] "GET /cormun/servlet/hlogin HTTP/1.1" 200 1717
190.95.123.102 - - [04/Aug/2025:12:55:25 -0300] "GET /cormun/static/Resources/Spanish/PXTools.css?1759030 HTTP/1.1" 200 100853
190.95.123.102 - - [04/Aug/2025:12:55:25 -0300] "GET /cormun/static/messages.spa.js?85251 HTTP/1.1" 200 30736
190.95.123.102 - - [04/Aug/2025:12:55:25 -0300] "GET /cormun/static/gxgral.js?85251 HTTP/1.1" 200 384558
190.95.123.102 - - [04/Aug/2025:12:55:25 -0300] "GET /cormun/servlet/hlogin HTTP/1.1" 200 1728
190.95.123.102 - - [04/Aug/2025:12:55:28 -0300] "POST /cormun/servlet/hlogin?3cda5e720d8f461ec25383dbbaa0de77,gx-no-cache=1754323087030 HTTP/1.1" 200 90
190.95.123.102 - - [04/Aug/2025:12:55:28 -0300] "GET /cormun/servlet/hpexe_link HTTP/1.1" 200 949
190.95.123.102 - - [04/Aug/2025:12:55:28 -0300] "GET /cormun/static/Resources/Spanish/PXTools.css?8354383 HTTP/1.1" 200 100853
190.95.123.102 - - [04/Aug/2025:12:55:28 -0300] "GET /cormun/servlet/hhome HTTP/1.1" 200 3913
190.95.123.102 - - [04/Aug/2025:12:55:28 -0300] "GET /cormun/static/Resources/Spanish/PXTools.css?14345360 HTTP/1.1" 200 100853
190.95.123.102 - - [04/Aug/2025:12:55:28 -0300] "GET /cormun/static/Shared/jqueryui/jquery-ui.min.css?1345370 HTTP/1.1" 200 30288
190.95.123.102 - - [04/Aug/2025:12:55:28 -0300] "GET /cormun/static/gxui/gxui-all.js HTTP/1.1" 200 107772
190.95.123.102 - - [04/Aug/2025:12:55:29 -0300] "GET /cormun/static/Shared/jquery/jquery-1.10.2.min.js HTTP/1.1" 200 273199
190.95.123.102 - - [04/Aug/2025:12:55:29 -0300] "GET /cormun/static/Shared/ext/ext-all.js HTTP/1.1" 200 1289687
190.95.123.102 - - [04/Aug/2025:12:55:32 -0300] "GET /cormun/servlet/trlicencias? HTTP/1.1" 200 13548
190.95.123.102 - - [04/Aug/2025:12:55:32 -0300] "GET /cormun/static/Shared/ext/resources/css/ext-all.css?215870 HTTP/1.1" 200 416045
201.186.225.193 - - [04/Aug/2025:12:55:37 -0300] "POST /cormun/servlet/solicitudot?gx-no-cache=1754323095577 HTTP/1.1" 200 30
183.182.125.198 - - [04/Aug/2025:12:55:50 -0300] "GET /manager/html HTTP/1.1" 401 2474
200.126.117.15 - - [04/Aug/2025:12:56:40 -0300] "POST /cormun/servlet/trlicencias?0d8a7e3a499876a8975c7ee87e41b179,,gx-no-cache=1754323158406 HTTP/1.1" 200 6239
183.182.125.198 - - [04/Aug/2025:12:57:12 -0300] "GET /manager/html HTTP/1.1" 401 2474
10.40.40.2 - - [04/Aug/2025:12:58:02 -0300] "GET /cormun/servlet/hlogin HTTP/1.1" 200 1721
10.40.40.2 - - [04/Aug/2025:12:58:02 -0300] "GET /cormun/static/gxcfg.js?2022112219184450 HTTP/1.1" 200 953
10.40.40.2 - - [04/Aug/2025:12:58:02 -0300] "GET /cormun/static/Resources/Spanish/PXTools.css?1759030 HTTP/1.1" 200 100853
10.40.40.2 - - [04/Aug/2025:12:58:02 -0300] "GET /cormun/static/Resources/CormunLogin.png HTTP/1.1" 200 19132
10.40.40.2 - - [04/Aug/2025:12:58:02 -0300] "GET /cormun/static/Resources/PXToolsLoginTop.png HTTP/1.1" 200 1337
10.40.40.2 - - [04/Aug/2025:12:58:02 -0300] "GET /cormun/static/Resources/PXToolsLoginBackground.png HTTP/1.1" 200 1164
10.40.40.2 - - [04/Aug/2025:12:58:02 -0300] "GET /cormun/static/Resources/PXToolsButtonLeft.png HTTP/1.1" 200 1310
10.40.40.2 - - [04/Aug/2025:12:58:02 -0300] "GET /cormun/static/Resources/PXToolsButtonRight.png HTTP/1.1" 200 1294
10.40.40.2 - - [04/Aug/2025:12:58:02 -0300] "GET /cormun/static/Resources/PXToolsButtonBackground.png HTTP/1.1" 200 1176
10.40.40.2 - - [04/Aug/2025:12:58:02 -0300] "GET /cormun/static/Resources/PXToolsLoginBottom.png HTTP/1.1" 200 1389
10.40.40.2 - - [04/Aug/2025:12:58:02 -0300] "GET /cormun/static/Resources/indicator.gif HTTP/1.1" 200 1553
10.40.40.2 - - [04/Aug/2025:12:58:02 -0300] "GET /cormun/servlet/hlogin HTTP/1.1" 200 1732
10.40.40.2 - - [04/Aug/2025:12:58:04 -0300] "POST /cormun/servlet/hlogin?09a13700e7e0d11267507b78cac906bb,gx-no-cache=1754323207347 HTTP/1.1" 200 90
10.40.40.2 - - [04/Aug/2025:12:58:04 -0300] "GET /cormun/servlet/hpexe_link HTTP/1.1" 200 951
10.40.40.2 - - [04/Aug/2025:12:58:04 -0300] "GET /cormun/static/Resources/Spanish/PXTools.css?8354383 HTTP/1.1" 200 100853
10.40.40.2 - - [04/Aug/2025:12:58:04 -0300] "GET /cormun/servlet/hhome HTTP/1.1" 200 3470
10.40.40.2 - - [04/Aug/2025:12:58:04 -0300] "GET /cormun/static/SmoothNavMenu/resources/ddsmoothmenu.css?1112540 HTTP/1.1" 200 2223
10.40.40.2 - - [04/Aug/2025:12:58:04 -0300] "GET /cormun/static/SmoothNavMenu/resources/ddsmoothmenu-v.css?1112540 HTTP/1.1" 200 1188
10.40.40.2 - - [04/Aug/2025:12:58:04 -0300] "GET /cormun/static/scaMessage/css/jquery.pnotify.default.css?1816380 HTTP/1.1" 200 1707
10.40.40.2 - - [04/Aug/2025:12:58:04 -0300] "GET /cormun/static/gxcfg.js?20201215495537 HTTP/1.1" 200 953
10.40.40.2 - - [04/Aug/2025:12:58:04 -0300] "GET /cormun/static/Resources/Spanish/PXTools.css?14345360 HTTP/1.1" 200 100853
10.40.40.2 - - [04/Aug/2025:12:58:04 -0300] "GET /cormun/static/Shared/jqueryui/jquery-ui.min.css?1345370 HTTP/1.1" 200 30288
10.40.40.2 - - [04/Aug/2025:12:58:04 -0300] "GET /cormun/static/Resources/CormunMP2.png HTTP/1.1" 200 6878
10.40.40.2 - - [04/Aug/2025:12:58:04 -0300] "GET /cormun/static/Resources/ImgHome.png HTTP/1.1" 200 1364
10.40.40.2 - - [04/Aug/2025:12:58:04 -0300] "GET /cormun/static/Resources/ImgLogin.png HTTP/1.1" 200 1432
10.40.40.2 - - [04/Aug/2025:12:58:04 -0300] "GET /cormun/static/Resources/Llave.png HTTP/1.1" 200 1395
10.40.40.2 - - [04/Aug/2025:12:58:04 -0300] "GET /cormun/static/hhome.js?20201215495544 HTTP/1.1" 200 777
10.40.40.2 - - [04/Aug/2025:12:58:04 -0300] "GET /cormun/static/hpexe_messagecontroller.js?202211298371222 HTTP/1.1" 200 870
10.40.40.2 - - [04/Aug/2025:12:58:04 -0300] "GET /cormun/static/hpexe_messagepopupcomponent.js?2020121447232 HTTP/1.1" 200 605
10.40.40.2 - - [04/Aug/2025:12:58:04 -0300] "GET /cormun/static/hpexe_messagegenexuscomponent.js?20221129836373 HTTP/1.1" 200 587
10.40.40.2 - - [04/Aug/2025:12:58:04 -0300] "GET /cormun/static/Resources/PXToolsDataTitle.png HTTP/1.1" 200 1173
10.40.40.2 - - [04/Aug/2025:12:58:05 -0300] "GET /favicon.ico HTTP/1.1" 200 21630
10.40.40.2 - - [04/Aug/2025:12:58:05 -0300] "GET /cormun/static/SmoothNavMenu/resources/images/down.gif HTTP/1.1" 200 854
10.40.40.2 - - [04/Aug/2025:12:58:05 -0300] "GET /cormun/static/SmoothNavMenu/resources/images/right.gif HTTP/1.1" 200 860
10.40.40.2 - - [04/Aug/2025:12:58:09 -0300] "GET /cormun/servlet/trlicenciasgenerales? HTTP/1.1" 200 8042
10.40.40.2 - - [04/Aug/2025:12:58:09 -0300] "GET /cormun/static/gxui/gxui-all.css?110300 HTTP/1.1" 200 2179
10.40.40.2 - - [04/Aug/2025:12:58:09 -0300] "GET /cormun/static/calendar-system.css?75620 HTTP/1.1" 200 5572
10.40.40.2 - - [04/Aug/2025:12:58:09 -0300] "GET /cormun/static/gxcfg.js?201991422444547 HTTP/1.1" 200 953
10.40.40.2 - - [04/Aug/2025:12:58:09 -0300] "GET /cormun/static/Resources/Spanish/PXTools.css?2294816 HTTP/1.1" 200 100853
10.40.40.2 - - [04/Aug/2025:12:58:09 -0300] "GET /cormun/static/trlicenciasgenerales.js?201991422445161 HTTP/1.1" 304 -
10.40.40.2 - - [04/Aug/2025:12:58:09 -0300] "GET /cormun/static/Shared/ext/resources/css/ext-all.css?205870 HTTP/1.1" 200 416045
10.40.40.2 - - [04/Aug/2025:12:58:09 -0300] "GET /cormun/static/Resources/PXTools/calendar.png HTTP/1.1" 200 1306
10.40.40.2 - - [04/Aug/2025:12:58:09 -0300] "GET /cormun/static/Resources/PXToolsDataSearch.png HTTP/1.1" 200 435
10.40.40.2 - - [04/Aug/2025:12:58:09 -0300] "GET /cormun/static/Resources/PXToolsGridFirstDisabled.gif HTTP/1.1" 200 100
10.40.40.2 - - [04/Aug/2025:12:58:09 -0300] "GET /cormun/static/Resources/PXToolsGridPreviousDisabled.gif HTTP/1.1" 200 90
10.40.40.2 - - [04/Aug/2025:12:58:09 -0300] "GET /cormun/static/Resources/PXToolsGridNextDisabled.gif HTTP/1.1" 200 90
10.40.40.2 - - [04/Aug/2025:12:58:09 -0300] "GET /cormun/static/Resources/PXToolsGridLastDisabled.gif HTTP/1.1" 200 98
10.40.40.2 - - [04/Aug/2025:12:58:09 -0300] "GET /cormun/static/Resources/PXToolsGridPage.gif HTTP/1.1" 200 725
10.40.40.2 - - [04/Aug/2025:12:58:09 -0300] "GET /cormun/static/Resources/PXToolsActionExcel.png HTTP/1.1" 200 727
10.40.40.2 - - [04/Aug/2025:12:58:09 -0300] "GET /cormun/static/Resources/asc.gif HTTP/1.1" 200 67
10.40.40.2 - - [04/Aug/2025:12:58:09 -0300] "GET /cormun/static/Resources/desc.gif HTTP/1.1" 200 65
10.40.40.2 - - [04/Aug/2025:12:58:09 -0300] "GET /cormun/static/Shared/ext/resources/themes/images/default/panel/bg-headersPanel.png HTTP/1.1" 200 255
10.40.40.2 - - [04/Aug/2025:12:58:09 -0300] "GET /cormun/static/Shared/ext/resources/themes/images/default/tools/tool-sprites.gif HTTP/1.1" 200 5434
10.40.40.2 - - [04/Aug/2025:12:58:16 -0300] "GET /cormun/static/menuarrow.gif HTTP/1.1" 404 1015
10.40.40.2 - - [04/Aug/2025:12:58:19 -0300] "POST /cormun/servlet/trlicenciasgenerales?09a13700e7e0d11267507b78cac906bb,,gx-no-cache=1754323221888 HTTP/1.1" 200 5341
10.40.40.2 - - [04/Aug/2025:12:58:29 -0300] "POST /cormun/servlet/trlicenciasgenerales?09a13700e7e0d11267507b78cac906bb,,gx-no-cache=1754323231547 HTTP/1.1" 200 17560
10.40.40.2 - - [04/Aug/2025:12:58:29 -0300] "GET /cormun/static/Resources/PXToolsGridNext.gif HTTP/1.1" 200 369
10.40.40.2 - - [04/Aug/2025:12:58:29 -0300] "GET /cormun/static/Resources/PXToolsGridLast.gif HTTP/1.1" 200 370
10.40.40.2 - - [04/Aug/2025:12:58:29 -0300] "GET /cormun//static/Resources/PXToolsHeaderFavorites.png HTTP/1.1" 200 1414
10.40.40.2 - - [04/Aug/2025:12:58:29 -0300] "GET /cormun//static/Resources/PXToolsGridDisplay.png HTTP/1.1" 200 525
10.40.40.2 - - [04/Aug/2025:12:58:29 -0300] "GET /cormun//static/Resources/PXTools/ActionInsert.png HTTP/1.1" 200 1482
10.40.40.2 - - [04/Aug/2025:12:58:29 -0300] "GET /cormun//static/Resources/PXToolsHeaderHelp.png HTTP/1.1" 200 1333
183.182.125.198 - - [04/Aug/2025:12:58:35 -0300] "GET /manager/html HTTP/1.1" 401 2474
10.40.40.2 - - [04/Aug/2025:12:58:57 -0300] "POST /cormun/servlet/trlicenciasgenerales?09a13700e7e0d11267507b78cac906bb,,gx-no-cache=1754323259920 HTTP/1.1" 200 11732
10.40.40.2 - - [04/Aug/2025:12:59:24 -0300] "POST /cormun/servlet/trlicenciasgenerales?09a13700e7e0d11267507b78cac906bb,,gx-no-cache=1754323286658 HTTP/1.1" 200 17564
183.182.125.198 - - [04/Aug/2025:12:59:58 -0300] "GET /manager/html HTTP/1.1" 401 2474
201.186.225.193 - - [04/Aug/2025:13:00:36 -0300] "GET /cormun/servlet/hhome HTTP/1.1" 200 4287
201.186.225.193 - - [04/Aug/2025:13:00:44 -0300] "GET /cormun/servlet/trsolicitudot? HTTP/1.1" 200 7517
201.186.225.193 - - [04/Aug/2025:13:00:50 -0300] "GET /cormun/servlet/solicitudot?INS,0,0,false, HTTP/1.1" 200 16297
201.186.225.193 - - [04/Aug/2025:13:01:10 -0300] "POST /cormun/servlet/solicitudot?gx-no-cache=1754323428465 HTTP/1.1" 200 4147
201.186.225.193 - - [04/Aug/2025:13:01:10 -0300] "POST /cormun/servlet/solicitudot?58b6502785e821c88d082991a64480c3,INS,0,0,false,,gx-no-cache=1754323428614 HTTP/1.1" 200 13000
183.182.125.198 - - [04/Aug/2025:13:01:21 -0300] "GET /manager/html HTTP/1.1" 401 2474
201.186.225.193 - - [04/Aug/2025:13:01:23 -0300] "GET /cormun/servlet/solicitudot?df615463446362071949f288f6ed16517a0f057f8cabd3e370643d409aa411738b4550ec66447bd274798130c118f6ae,gx-no-cache=1754323441496 HTTP/1.1" 200 30
201.186.225.193 - - [04/Aug/2025:13:01:23 -0300] "GET /cormun/servlet/solicitudot?df615463446362071949f288f6ed1651246d786b97c3d7fd28acfd2708a2b6d3f072445e371b69b9ac294d7965df80f730402e4930cf28c1827ebe0840d01725,gx-no-cache=1754323441536 HTTP/1.1" 200 103
201.186.225.193 - - [04/Aug/2025:13:01:23 -0300] "GET /cormun/static/Shared/jqueryui/images/ui-bg_highlight-soft_100_c6c2c8_1x100.png HTTP/1.1" 404 1117
201.186.225.193 - - [04/Aug/2025:13:01:23 -0300] "GET /cormun/static/Shared/jqueryui/images/ui-icons_82798d_256x240.png HTTP/1.1" 404 1089
201.186.225.193 - - [04/Aug/2025:13:01:23 -0300] "GET /cormun/static/Shared/jqueryui/images/ui-bg_flat_55_994d53_40x100.png HTTP/1.1" 404 1097
201.186.225.193 - - [04/Aug/2025:13:01:23 -0300] "GET /cormun/static/Shared/jqueryui/images/ui-icons_ebccce_256x240.png HTTP/1.1" 404 1089
201.186.225.193 - - [04/Aug/2025:13:01:23 -0300] "GET /cormun/servlet/solicitudot?df615463446362071949f288f6ed1651a02b5e2ca06a6d47458a13cfe0b30f72,gx-no-cache=1754323441590 HTTP/1.1" 200 53
201.186.225.193 - - [04/Aug/2025:13:01:23 -0300] "POST /cormun/servlet/solicitudot?gx-no-cache=1754323441618 HTTP/1.1" 200 255
201.186.225.193 - - [04/Aug/2025:13:01:23 -0300] "GET /cormun/servlet/solicitudot?df615463446362071949f288f6ed1651973637e7c5d2adff1c28a074fba4fc584030426d55e90f16e2e5fe029716514674d1d12a23c1dbc6f5329884842621a5d25fd32c248f77753f33aab2123f271f2b1ce7918f0f0c68e4cc043d25b990a48027e86d6ff68efa83cc5a07bf08271be758b61360865c8ac16e01ac8fd0b5647abcc8a2bbc1ee34148a677e980814832cd379aa88efa7f16774f020f4d57a39fb39392d0768e6a0423ff8b494e1f4caae7c3e99c479691618a84d9a0de9f39d91b31346d470f57a866c51b129bd9db489abe5cae14195b07b141de2ccc8f474ea7d5a76fc23f6eda6032fc4642643d7665f24375a76c0b47eff0e5b0a0b0b11d69285120e5ddb5eedcc1bae320be53415b0f6fa2a4f3d1fa9547a46aba74f2ce0ac31443ec805b6de736f09b06dd342926e20eb3958897ad4bccf10c1f67b484d2aa945d42878e1bd316a77a8a7e941d0210df0378d147e59dfe536a33f02f1e6004ac7ad6a4bf33c78c875cc09b18f6753ebf01055eab532602bb469a512ac,gx-no-cache=1754323441648 HTTP/1.1" 200 30
200.126.117.15 - - [04/Aug/2025:13:01:32 -0300] "POST /cormun/servlet/trlicencias?0d8a7e3a499876a8975c7ee87e41b179,,gx-no-cache=1754323449451 HTTP/1.1" 200 5695
183.182.125.198 - - [04/Aug/2025:13:02:44 -0300] "GET /manager/html HTTP/1.1" 401 2474
201.186.225.193 - - [04/Aug/2025:13:02:47 -0300] "POST /cormun/servlet/solicitudot?gx-no-cache=1754323525200 HTTP/1.1" 200 30
183.182.125.198 - - [04/Aug/2025:13:04:06 -0300] "GET /manager/html HTTP/1.1" 401 2474
183.182.125.198 - - [04/Aug/2025:13:05:29 -0300] "GET /manager/html HTTP/1.1" 401 2474
183.182.125.198 - - [04/Aug/2025:13:06:52 -0300] "GET /manager/html HTTP/1.1" 401 2474
10.40.40.2 - - [04/Aug/2025:13:07:52 -0300] "POST /cormun/servlet/trlicencias?2e08f6ae97f946bba05ef5a3354afb77,,gx-no-cache=1754323795490 HTTP/1.1" 200 11171
201.186.225.193 - - [04/Aug/2025:13:07:55 -0300] "GET /cormun/servlet/solicitudot?df615463446362071949f288f6ed1651c3e99022d4f779474f00fe714ee5753acb93195c8688657169fc1a762dcc7a5970c3882dc90295852477e243c421c2a45d15f965949b3b3f97968fd755d7fbec,gx-no-cache=1754323833255 HTTP/1.1" 200 30
201.186.225.193 - - [04/Aug/2025:13:07:55 -0300] "POST /cormun/servlet/solicitudot?gx-no-cache=1754323833304 HTTP/1.1" 200 256
201.186.225.193 - - [04/Aug/2025:13:07:55 -0300] "GET /cormun/servlet/solicitudot?df615463446362071949f288f6ed1651973637e7c5d2adff1c28a074fba4fc584030426d55e90f16e2e5fe029716514674d1d12a23c1dbc6f5329884842621a5d25fd32c248f77753f33aab2123f271f2b1ce7918f0f0c68e4cc043d25b990a48027e86d6ff68efa83cc5a07bf08271be758b61360865c8ac16e01ac8fd0b5647abcc8a2bbc1ee34148a677e980814832cd379aa88efa7f16774f020f4d57a39fb39392d0768e6a0423ff8b494e1f4caae7c3e99c479691618a84d9a0de9f39d91b31346d470f57a866c51b129bd9db489abe5cae14195b07b141de2ccc8f474ea7d5a76fc23f6eda6032fc4642643d7665f24375a76c0b47eff0e5b0a0b0b11d69285120e5ddb5eedcc1bae320be53415b0f6fa2a4f3d1fa9547a46aba74f2ce0ac31443ec805b6de736f09b06dd342926e20eb3958897ad4bccf10c1f67b484d2aa945d42878e1bd316a77a8a7e941d0210df0378d147e59dfe536a33f02f1e6004ac7ad6a4bf33c78c875cc09b18f3280fe8a93f49c26e868b0a5be24c694,gx-no-cache=1754323833334 HTTP/1.1" 200 30
201.186.225.193 - - [04/Aug/2025:13:08:03 -0300] "POST /cormun/servlet/solicitudot?gx-no-cache=1754323841879 HTTP/1.1" 200 30
183.182.125.198 - - [04/Aug/2025:13:08:16 -0300] "GET /manager/html HTTP/1.1" 401 2474
183.182.125.198 - - [04/Aug/2025:13:09:39 -0300] "GET /manager/html HTTP/1.1" 401 2474
183.182.125.198 - - [04/Aug/2025:13:11:02 -0300] "GET /manager/html HTTP/1.1" 401 2474
10.40.40.2 - - [04/Aug/2025:13:11:29 -0300] "POST /cormun/servlet/trlicencias?2e08f6ae97f946bba05ef5a3354afb77,,gx-no-cache=1754324012183 HTTP/1.1" 200 3557
10.40.40.2 - - [04/Aug/2025:13:11:48 -0300] "POST /cormun/servlet/trlicencias?2e08f6ae97f946bba05ef5a3354afb77,,gx-no-cache=1754324031553 HTTP/1.1" 200 3556
183.182.125.198 - - [04/Aug/2025:13:12:25 -0300] "GET /manager/html HTTP/1.1" 401 2474
190.95.15.17 - - [04/Aug/2025:13:12:34 -0300] "GET /cormun/servlet/hlogin HTTP/1.1" 200 1722
190.95.15.17 - - [04/Aug/2025:13:12:34 -0300] "GET /cormun/static/gxtimezone.js?85251 HTTP/1.1" 200 5781
190.95.15.17 - - [04/Aug/2025:13:12:34 -0300] "GET /cormun/static/gxcfg.js?2022112219184450 HTTP/1.1" 200 953
190.95.15.17 - - [04/Aug/2025:13:12:34 -0300] "GET /cormun/static/Resources/Spanish/PXTools.css?1759030 HTTP/1.1" 200 100853
190.95.15.17 - - [04/Aug/2025:13:12:34 -0300] "GET /cormun/static/Resources/CormunLogin.png HTTP/1.1" 200 19132
190.95.15.17 - - [04/Aug/2025:13:12:34 -0300] "GET /cormun/static/messages.spa.js?85251 HTTP/1.1" 200 30736
190.95.15.17 - - [04/Aug/2025:13:12:34 -0300] "GET /cormun/static/hlogin.js?2022112219184458 HTTP/1.1" 200 2156
190.95.15.17 - - [04/Aug/2025:13:12:35 -0300] "GET /cormun/static/gxgral.js?85251 HTTP/1.1" 200 384558
190.95.15.17 - - [04/Aug/2025:13:12:35 -0300] "GET /cormun/static/Resources/PXToolsLoginTop.png HTTP/1.1" 200 1337
190.95.15.17 - - [04/Aug/2025:13:12:35 -0300] "GET /cormun/static/Resources/PXToolsLoginBackground.png HTTP/1.1" 200 1164
190.95.15.17 - - [04/Aug/2025:13:12:35 -0300] "GET /cormun/static/Resources/PXToolsButtonLeft.png HTTP/1.1" 200 1310
190.95.15.17 - - [04/Aug/2025:13:12:35 -0300] "GET /cormun/static/Resources/PXToolsLoginBottom.png HTTP/1.1" 200 1389
190.95.15.17 - - [04/Aug/2025:13:12:35 -0300] "GET /cormun/static/Resources/PXToolsButtonRight.png HTTP/1.1" 200 1294
190.95.15.17 - - [04/Aug/2025:13:12:35 -0300] "GET /cormun/static/Resources/PXToolsButtonBackground.png HTTP/1.1" 200 1176
190.95.15.17 - - [04/Aug/2025:13:12:38 -0300] "POST /cormun/servlet/hlogin?383925b75e7275ec96a5ed3a84e82ed6,gx-no-cache=1754324116656 HTTP/1.1" 200 90
190.95.15.17 - - [04/Aug/2025:13:12:38 -0300] "GET /cormun/servlet/hpexe_link HTTP/1.1" 200 952
190.95.15.17 - - [04/Aug/2025:13:12:38 -0300] "GET /cormun/static/hpexe_link.js?20221129847423 HTTP/1.1" 200 625
190.95.15.17 - - [04/Aug/2025:13:12:38 -0300] "GET /cormun/static/gxcfg.js?20221129847421 HTTP/1.1" 200 953
190.95.15.17 - - [04/Aug/2025:13:12:38 -0300] "GET /cormun/static/Resources/Spanish/PXTools.css?8354383 HTTP/1.1" 200 100853
190.95.15.17 - - [04/Aug/2025:13:12:38 -0300] "GET /cormun/servlet/hhome HTTP/1.1" 200 4381
190.95.15.17 - - [04/Aug/2025:13:12:38 -0300] "GET /cormun/static/SmoothNavMenu/resources/ddsmoothmenu.css?1112540 HTTP/1.1" 200 2223
190.95.15.17 - - [04/Aug/2025:13:12:38 -0300] "GET /cormun/static/Shared/jqueryui/jquery-ui.min.css?1345370 HTTP/1.1" 200 30288
190.95.15.17 - - [04/Aug/2025:13:12:38 -0300] "GET /cormun/static/gxcfg.js?20201215495537 HTTP/1.1" 200 953
190.95.15.17 - - [04/Aug/2025:13:12:38 -0300] "GET /cormun/static/SmoothNavMenu/resources/ddsmoothmenu-v.css?1112540 HTTP/1.1" 200 1188
190.95.15.17 - - [04/Aug/2025:13:12:38 -0300] "GET /cormun/static/scaMessage/css/jquery.pnotify.default.css?1816380 HTTP/1.1" 200 1707
190.95.15.17 - - [04/Aug/2025:13:12:38 -0300] "GET /cormun/static/Resources/Spanish/PXTools.css?14345360 HTTP/1.1" 200 100853
190.95.15.17 - - [04/Aug/2025:13:12:38 -0300] "GET /cormun/static/PXToolsJavascripts/pexe_autoreload.js HTTP/1.1" 200 1762
190.95.15.17 - - [04/Aug/2025:13:12:38 -0300] "GET /cormun/static/PXToolsJavascripts/pexe_cookies.js HTTP/1.1" 200 792
190.95.15.17 - - [04/Aug/2025:13:12:38 -0300] "GET /cormun/static/PXToolsJavascripts/pexe_grid.js HTTP/1.1" 200 7559
190.95.15.17 - - [04/Aug/2025:13:12:38 -0300] "GET /cormun/static/PXToolsJavascripts/pexe_griddivfix.js HTTP/1.1" 200 6946
190.95.15.17 - - [04/Aug/2025:13:12:38 -0300] "GET /cormun/static/PXToolsJavascripts/pexe_menudivfix.js HTTP/1.1" 200 333
190.95.15.17 - - [04/Aug/2025:13:12:38 -0300] "GET /cormun/static/PXToolsJavascripts/pexe_windows.js HTTP/1.1" 200 15249
190.95.15.17 - - [04/Aug/2025:13:12:38 -0300] "GET /cormun/static/PXToolsJavascripts/pexe_link.js HTTP/1.1" 200 5671
190.95.15.17 - - [04/Aug/2025:13:12:38 -0300] "GET /cormun/static/PXToolsJavascripts/pexe_menus.js HTTP/1.1" 200 1286
190.95.15.17 - - [04/Aug/2025:13:12:38 -0300] "GET /cormun/static/PXToolsJavascripts/pexe_layers.js HTTP/1.1" 200 4114
190.95.15.17 - - [04/Aug/2025:13:12:38 -0300] "GET /cormun/static/PXToolsJavascripts/pexe_oav.js HTTP/1.1" 200 645
190.95.15.17 - - [04/Aug/2025:13:12:38 -0300] "GET /cormun/static/PXToolsJavascripts/pexe_picture.js HTTP/1.1" 200 689
190.95.15.17 - - [04/Aug/2025:13:12:38 -0300] "GET /cormun/static/PXToolsJavascripts/pexe_oavdivfix.js HTTP/1.1" 200 639
190.95.15.17 - - [04/Aug/2025:13:12:38 -0300] "GET /cormun/static/PXToolsJavascripts/pexe_popup.js HTTP/1.1" 200 15149
190.95.15.17 - - [04/Aug/2025:13:12:38 -0300] "GET /cormun/static/PXToolsJavascripts/pexe_scrolldiv.js HTTP/1.1" 200 4138
190.95.15.17 - - [04/Aug/2025:13:12:38 -0300] "GET /cormun/static/PXToolsJavascripts/pexe_tabdivfix.js HTTP/1.1" 200 898
190.95.15.17 - - [04/Aug/2025:13:12:38 -0300] "GET /cormun/static/PXToolsJavascripts/PXToolsJavascriptsRender.js HTTP/1.1" 200 367
190.95.15.17 - - [04/Aug/2025:13:12:38 -0300] "GET /cormun/static/PXToolsJavascripts/pexe_upload.js HTTP/1.1" 200 1423
190.95.15.17 - - [04/Aug/2025:13:12:38 -0300] "GET /cormun/static/PXToolsJavascripts/pexe_tabs.js HTTP/1.1" 200 3748
190.95.15.17 - - [04/Aug/2025:13:12:38 -0300] "GET /cormun/static/Resources/CormunMP2.png HTTP/1.1" 200 6878
190.95.15.17 - - [04/Aug/2025:13:12:38 -0300] "GET /cormun/static/Resources/ImgHome.png HTTP/1.1" 200 1364
190.95.15.17 - - [04/Aug/2025:13:12:38 -0300] "GET /cormun/static/Resources/ImgLogin.png HTTP/1.1" 200 1432
190.95.15.17 - - [04/Aug/2025:13:12:38 -0300] "GET /cormun/static/Resources/Llave.png HTTP/1.1" 200 1395
190.95.15.17 - - [04/Aug/2025:13:12:38 -0300] "GET /cormun/static/RunJS/RunJS.js HTTP/1.1" 200 288
190.95.15.17 - - [04/Aug/2025:13:12:38 -0300] "GET /cormun/static/Shared/ext/locale/ext-lang-en.js HTTP/1.1" 200 10940
190.95.15.17 - - [04/Aug/2025:13:12:38 -0300] "GET /cormun/static/Resources/PXToolsDataTitle.png HTTP/1.1" 200 1173
190.95.15.17 - - [04/Aug/2025:13:12:38 -0300] "GET /cormun/static/hhome.js?20201215495544 HTTP/1.1" 200 777
190.95.15.17 - - [04/Aug/2025:13:12:38 -0300] "GET /cormun/static/hwchdr01.js?2022112219251119 HTTP/1.1" 200 996
190.95.15.17 - - [04/Aug/2025:13:12:38 -0300] "GET /cormun/static/hpexe_recentlink.js?20201214471090 HTTP/1.1" 200 2144
190.95.15.17 - - [04/Aug/2025:13:12:38 -0300] "GET /cormun/static/gxui/gxui-all.js HTTP/1.1" 200 107772
190.95.15.17 - - [04/Aug/2025:13:12:38 -0300] "GET /cormun/static/hpexe_scripts.js?20201214471411 HTTP/1.1" 200 1544
190.95.15.17 - - [04/Aug/2025:13:12:38 -0300] "GET /cormun/static/hpexe_messagecontroller.js?202211298371222 HTTP/1.1" 200 870
190.95.15.17 - - [04/Aug/2025:13:12:38 -0300] "GET /cormun/static/hpexe_messagepopupcomponent.js?2020121447232 HTTP/1.1" 200 605
190.95.15.17 - - [04/Aug/2025:13:12:38 -0300] "GET /cormun/static/hpexe_messagegenexuscomponent.js?20221129836373 HTTP/1.1" 200 587
190.95.15.17 - - [04/Aug/2025:13:12:38 -0300] "GET /cormun/static/cmcontrolpreferences.js?20199141926336 HTTP/1.1" 200 1375
190.95.15.17 - - [04/Aug/2025:13:12:38 -0300] "GET /cormun/static/SmoothNavMenu/resources/ddsmoothmenu.js HTTP/1.1" 200 12712
190.95.15.17 - - [04/Aug/2025:13:12:38 -0300] "GET /cormun/static/SmoothNavMenu/resources/SmoothNavMenuRender.js HTTP/1.1" 200 5951
190.95.15.17 - - [04/Aug/2025:13:12:38 -0300] "GET /cormun/static/scaMessage/js/jquery.pnotify.min.js HTTP/1.1" 200 13038
190.95.15.17 - - [04/Aug/2025:13:12:38 -0300] "GET /cormun/static/Shared/jquery/jquery-1.4.2.min.js HTTP/1.1" 200 72174
190.95.15.17 - - [04/Aug/2025:13:12:38 -0300] "GET /cormun/static/scaMessage/scaMessageRender.js HTTP/1.1" 200 11977
190.95.15.17 - - [04/Aug/2025:13:12:38 -0300] "GET /cormun/static/hmpwkw03.js?20221129844354 HTTP/1.1" 200 3971
190.95.15.17 - - [04/Aug/2025:13:12:38 -0300] "GET /cormun/static/Shared/jqueryui/jquery-ui.min.js HTTP/1.1" 200 240427
190.95.15.17 - - [04/Aug/2025:13:12:39 -0300] "GET /cormun/static/Shared/jquery/jquery-1.10.2.min.js HTTP/1.1" 200 273199
190.95.15.17 - - [04/Aug/2025:13:12:39 -0300] "GET /cormun/static/Shared/ext/ext-all.js HTTP/1.1" 200 1289687
190.95.15.17 - - [04/Aug/2025:13:12:39 -0300] "GET /cormun/static/SmoothNavMenu/resources/images/down.gif HTTP/1.1" 200 854
190.95.15.17 - - [04/Aug/2025:13:12:39 -0300] "GET /cormun/static/SmoothNavMenu/resources/images/right.gif HTTP/1.1" 200 860
190.95.15.17 - - [04/Aug/2025:13:12:44 -0300] "GET /cormun/servlet/trlicencias? HTTP/1.1" 200 12403
190.95.15.17 - - [04/Aug/2025:13:12:44 -0300] "GET /cormun/static/gxui/gxui-all.css?120300 HTTP/1.1" 200 2179
190.95.15.17 - - [04/Aug/2025:13:12:44 -0300] "GET /cormun/static/gxcfg.js?202211298463625 HTTP/1.1" 200 953
190.95.15.17 - - [04/Aug/2025:13:12:44 -0300] "GET /cormun/static/calendar-system.css?85620 HTTP/1.1" 200 5572
190.95.15.17 - - [04/Aug/2025:13:12:44 -0300] "GET /cormun/static/calendar-setup.js?85251 HTTP/1.1" 200 2588
190.95.15.17 - - [04/Aug/2025:13:12:44 -0300] "GET /cormun/static/Resources/PXTools/calendar.png HTTP/1.1" 200 1306
190.95.15.17 - - [04/Aug/2025:13:12:44 -0300] "GET /cormun/static/calendar-es.js?85251 HTTP/1.1" 200 1901
190.95.15.17 - - [04/Aug/2025:13:12:44 -0300] "GET /cormun/static/calendar.js?85251 HTTP/1.1" 200 26246
190.95.15.17 - - [04/Aug/2025:13:12:44 -0300] "GET /cormun/static/gxdec.js?85251 HTTP/1.1" 200 19579
190.95.15.17 - - [04/Aug/2025:13:12:44 -0300] "GET /cormun/static/trlicencias.js?202211298463889 HTTP/1.1" 200 41883
190.95.15.17 - - [04/Aug/2025:13:12:44 -0300] "GET /cormun/static/Resources/PXToolsDataSearch.png HTTP/1.1" 200 435
190.95.15.17 - - [04/Aug/2025:13:12:44 -0300] "GET /cormun/static/Resources/PXToolsGridFirstDisabled.gif HTTP/1.1" 200 100
190.95.15.17 - - [04/Aug/2025:13:12:44 -0300] "GET /cormun/static/Shared/ext/resources/css/ext-all.css?215870 HTTP/1.1" 200 416045
190.95.15.17 - - [04/Aug/2025:13:12:44 -0300] "GET /cormun/static/Resources/PXToolsGridPreviousDisabled.gif HTTP/1.1" 200 90
190.95.15.17 - - [04/Aug/2025:13:12:44 -0300] "GET /cormun/static/Resources/PXToolsGridNextDisabled.gif HTTP/1.1" 200 90
190.95.15.17 - - [04/Aug/2025:13:12:44 -0300] "GET /cormun/static/Resources/PXToolsGridLastDisabled.gif HTTP/1.1" 200 98
190.95.15.17 - - [04/Aug/2025:13:12:44 -0300] "GET /cormun/static/Resources/PXToolsGridPage.gif HTTP/1.1" 200 725
