201.186.225.183 - - [04/Aug/2025:13:35:45 -0300] "GET /cormun/servlet/trsolicitudot HTTP/1.1" 200 7010
183.182.125.198 - - [04/Aug/2025:13:35:51 -0300] "GET /manager/html HTTP/1.1" 401 2474
201.186.225.183 - - [04/Aug/2025:13:35:53 -0300] "GET /cormun/static/menuarrow.gif HTTP/1.1" 404 1015
181.203.30.149 - - [04/Aug/2025:13:35:54 -0300] "POST /cormun/servlet/permisogoce?5b683a947c3922eb41fa8baf42f84fb3,INS,0,,,,gx-no-cache=1754325512175 HTTP/1.1" 200 93
181.203.30.149 - - [04/Aug/2025:13:35:54 -0300] "GET /cormun/servlet/hpexe_return? HTTP/1.1" 200 1009
181.203.30.149 - - [04/Aug/2025:13:35:54 -0300] "GET /cormun/servlet/trpermisosgoce HTTP/1.1" 200 14806
201.186.225.183 - - [04/Aug/2025:13:35:57 -0300] "POST /cormun/servlet/trsolicitudot?97b24f380bd3ca21df7c3b58f86fc280,gx-no-cache=1754325516603 HTTP/1.1" 200 4098
181.203.30.149 - - [04/Aug/2025:13:35:59 -0300] "GET /cormun/servlet/apermisogoceprn?16879896,P,20250804123548,PU HTTP/1.1" 200 1655
201.186.225.183 - - [04/Aug/2025:13:35:59 -0300] "POST /cormun/servlet/trsolicitudot?97b24f380bd3ca21df7c3b58f86fc280,gx-no-cache=1754325518625 HTTP/1.1" 200 4097
201.186.225.183 - - [04/Aug/2025:13:36:07 -0300] "POST /cormun/servlet/trsolicitudot?97b24f380bd3ca21df7c3b58f86fc280,gx-no-cache=1754325526962 HTTP/1.1" 200 5561
201.186.225.183 - - [04/Aug/2025:13:36:09 -0300] "GET /cormun/servlet/vesolicitudot?2025,22744,, HTTP/1.1" 200 8340
201.186.225.183 - - [04/Aug/2025:13:36:09 -0300] "GET /cormun/static/gxcfg.js?202211298465857 HTTP/1.1" 200 953
201.186.225.183 - - [04/Aug/2025:13:36:09 -0300] "GET /cormun/static/Resources/PXToolsTabFirstSelected.png HTTP/1.1" 200 1270
201.186.225.183 - - [04/Aug/2025:13:36:09 -0300] "GET /cormun/pexe_scrolldiv.js HTTP/1.1" 404 1009
201.186.225.183 - - [04/Aug/2025:13:36:09 -0300] "GET /cormun/static/vesolicitudot.js?202211298465886 HTTP/1.1" 200 6091
201.186.225.183 - - [04/Aug/2025:13:36:09 -0300] "GET /cormun/static/hwcviewtabs.js?201991422154026 HTTP/1.1" 200 1074
201.186.225.183 - - [04/Aug/2025:13:36:09 -0300] "GET /cormun/static/hpexe_tabsview.js?2020121447381 HTTP/1.1" 200 1661
201.186.225.183 - - [04/Aug/2025:13:36:09 -0300] "GET /cormun/static/Resources/PXToolsTabLastUnselected.png HTTP/1.1" 200 1297
201.186.225.183 - - [04/Aug/2025:13:36:09 -0300] "GET /cormun/static/Resources/PXToolsTabPrevious.gif HTTP/1.1" 200 172
201.186.225.183 - - [04/Aug/2025:13:36:09 -0300] "GET /cormun/static/Resources/PXToolsTabNext.gif HTTP/1.1" 200 168
201.186.225.183 - - [04/Aug/2025:13:36:09 -0300] "GET /cormun/static/tbsolicitudot01.js?20201214462316 HTTP/1.1" 200 30566
201.186.225.183 - - [04/Aug/2025:13:36:09 -0300] "GET /cormun/static/calendar-system.css HTTP/1.1" 200 5572
201.186.225.183 - - [04/Aug/2025:13:36:09 -0300] "GET /cormun/static/Resources/PXToolsTabBackSelected.png HTTP/1.1" 200 1157
201.186.225.183 - - [04/Aug/2025:13:36:09 -0300] "GET /cormun/static/Resources/PXToolsTabBackUnselected.png HTTP/1.1" 200 1175
201.186.225.183 - - [04/Aug/2025:13:36:09 -0300] "GET /cormun/static/Resources/PXToolsTabSelectedUnselected.png HTTP/1.1" 200 1451
201.186.225.183 - - [04/Aug/2025:13:36:09 -0300] "GET /cormun/static/Resources/PXToolsTabUnselectedUnselected.png HTTP/1.1" 200 1470
201.186.225.193 - - [04/Aug/2025:13:36:48 -0300] "POST /cormun/servlet/solicitudot?gx-no-cache=1754325566950 HTTP/1.1" 200 30
192.168.10.19 - - [04/Aug/2025:13:37:13 -0300] "POST /cormun/servlet/trsolicitudgral?0ded72593f19bfa34a8f792c36989e1a,,gx-no-cache=1754325606055 HTTP/1.1" 440 972
183.182.125.198 - - [04/Aug/2025:13:37:13 -0300] "GET /manager/html HTTP/1.1" 401 2474
192.168.10.19 - - [04/Aug/2025:13:37:13 -0300] "GET /cormun/servlet/trsolicitudgral? HTTP/1.1" 500 10
192.168.10.19 - - [04/Aug/2025:13:37:15 -0300] "GET /cormun/servlet/trsolicitudgral? HTTP/1.1" 500 10
192.168.10.19 - - [04/Aug/2025:13:37:21 -0300] "GET /cormun/servlet/hlogin HTTP/1.1" 200 1719
192.168.10.19 - - [04/Aug/2025:13:37:21 -0300] "GET /favicon.ico HTTP/1.1" 200 21630
192.168.10.19 - - [04/Aug/2025:13:37:26 -0300] "POST /cormun/servlet/hlogin?fe8f2712ef61147f0d2e65a1e43bddea,gx-no-cache=1754325619364 HTTP/1.1" 200 90
192.168.10.19 - - [04/Aug/2025:13:37:26 -0300] "GET /cormun/servlet/hpexe_link HTTP/1.1" 200 949
192.168.10.19 - - [04/Aug/2025:13:37:26 -0300] "GET /cormun/servlet/hhome HTTP/1.1" 200 3818
192.168.10.19 - - [04/Aug/2025:13:37:29 -0300] "GET /cormun/servlet/trsolicitudgral? HTTP/1.1" 200 18181
192.168.10.19 - - [04/Aug/2025:13:37:40 -0300] "POST /cormun/servlet/trsolicitudgral?fe8f2712ef61147f0d2e65a1e43bddea,,gx-no-cache=1754325633231 HTTP/1.1" 200 5250
201.186.225.193 - - [04/Aug/2025:13:37:56 -0300] "GET /cormun/servlet/prlicenciaspermisos?17107585,L,,MD,,gxPopupLevel%3D0%3B HTTP/1.1" 200 7702
201.186.225.193 - - [04/Aug/2025:13:37:56 -0300] "GET /cormun/static/gxcfg.js?2020121559567 HTTP/1.1" 200 953
201.186.225.193 - - [04/Aug/2025:13:37:56 -0300] "GET /cormun/static/prlicenciaspermisos.js?2020121559821 HTTP/1.1" 200 13379
179.57.78.71 - - [04/Aug/2025:13:38:00 -0300] "GET /cormun/servlet/hhome HTTP/1.1" 200 3322
179.57.78.71 - - [04/Aug/2025:13:38:01 -0300] "GET /cormun/servlet/hlogin HTTP/1.1" 200 1731
192.168.10.19 - - [04/Aug/2025:13:38:01 -0300] "POST /cormun/servlet/trsolicitudgral?fe8f2712ef61147f0d2e65a1e43bddea,,gx-no-cache=1754325654405 HTTP/1.1" 200 5257
201.186.225.193 - - [04/Aug/2025:13:38:02 -0300] "POST /cormun/servlet/solicitudot?gx-no-cache=1754325640608 HTTP/1.1" 200 1482
192.168.10.19 - - [04/Aug/2025:13:38:05 -0300] "POST /cormun/servlet/trsolicitudgral?fe8f2712ef61147f0d2e65a1e43bddea,,gx-no-cache=1754325658829 HTTP/1.1" 200 5257
201.186.225.193 - - [04/Aug/2025:13:38:08 -0300] "POST /cormun/servlet/solicitudot?gx-no-cache=1754325646325 HTTP/1.1" 200 41
201.186.225.193 - - [04/Aug/2025:13:38:08 -0300] "GET /cormun/servlet/solicitudot?df615463446362071949f288f6ed16517d5f2d1cf3a8e57a653993bef2ed8f4e6d641350f9ba93e76179ab52b5cdceb5292b46c17f4f851378403d0636e65e0cf9d77f6ee0861ba6e49ddfd1dfdefb3517ad94eb48ba4789a1877c867ea795877eb4ee05c6c8c54cddbc613dd7a0fd64,gx-no-cache=1754325646382 HTTP/1.1" 200 110
201.186.225.193 - - [04/Aug/2025:13:38:08 -0300] "POST /cormun/servlet/solicitudot?gx-no-cache=1754325646444 HTTP/1.1" 200 110
201.186.225.193 - - [04/Aug/2025:13:38:08 -0300] "GET /cormun/servlet/solicitudot?df615463446362071949f288f6ed1651172745172568a4c54f1e808b0174432173b9aad5128b0bd9c0377f106700db59,gx-no-cache=1754325646514 HTTP/1.1" 200 30
201.186.225.193 - - [04/Aug/2025:13:38:08 -0300] "POST /cormun/servlet/solicitudot?gx-no-cache=1754325646563 HTTP/1.1" 200 135
201.186.225.193 - - [04/Aug/2025:13:38:08 -0300] "GET /cormun/static/Shared/jqueryui/images/ui-bg_flat_55_994d53_40x100.png HTTP/1.1" 404 1097
201.186.225.193 - - [04/Aug/2025:13:38:08 -0300] "GET /cormun/static/Shared/jqueryui/images/ui-icons_ebccce_256x240.png HTTP/1.1" 404 1089
201.186.225.193 - - [04/Aug/2025:13:38:08 -0300] "POST /cormun/servlet/solicitudot?58b6502785e821c88d082991a64480c3,UPD,2025,22833,false,,gx-no-cache=1754325646668 HTTP/1.1" 200 13297
192.168.10.19 - - [04/Aug/2025:13:38:10 -0300] "POST /cormun/servlet/trsolicitudgral?fe8f2712ef61147f0d2e65a1e43bddea,,gx-no-cache=1754325663821 HTTP/1.1" 200 5256
201.186.225.193 - - [04/Aug/2025:13:38:16 -0300] "POST /cormun/servlet/solicitudot?gx-no-cache=1754325654452 HTTP/1.1" 200 4139
201.186.225.193 - - [04/Aug/2025:13:38:16 -0300] "POST /cormun/servlet/solicitudot?58b6502785e821c88d082991a64480c3,UPD,2025,22833,false,,gx-no-cache=1754325654586 HTTP/1.1" 200 13208
201.186.225.193 - - [04/Aug/2025:13:38:16 -0300] "GET /cormun/servlet/solicitudot?df615463446362071949f288f6ed16517a0f057f8cabd3e370643d409aa41173be69c9d5f64fe04e52c510668e5d2b5a,gx-no-cache=1754325654701 HTTP/1.1" 200 30
201.186.225.193 - - [04/Aug/2025:13:38:16 -0300] "GET /cormun/servlet/solicitudot?df615463446362071949f288f6ed1651c3e99022d4f779474f00fe714ee5753a357ebdf4a218cec38d4be2e1ffd94d1670c3882dc90295852477e243c421c2a48851bbc2040d2199940529167bdb02d0,gx-no-cache=1754325654718 HTTP/1.1" 200 30
201.186.225.193 - - [04/Aug/2025:13:38:16 -0300] "GET /cormun/servlet/solicitudot?df615463446362071949f288f6ed1651feb35cc1116e8a8ce64488e6367ada3a07cf03f1f1ccff1109f228f80bee99d35817925930ec52b9df6a56fc39480bd886d62d981b77e32a7e3c855845ae1f41a273bf8aeea87891683680e8f5150cbf97ea6d630624cc8adcf94a590e198565,gx-no-cache=1754325654734 HTTP/1.1" 200 53
201.186.225.193 - - [04/Aug/2025:13:38:16 -0300] "POST /cormun/servlet/solicitudot?gx-no-cache=1754325654754 HTTP/1.1" 200 256
201.186.225.193 - - [04/Aug/2025:13:38:16 -0300] "GET /cormun/servlet/solicitudot?df615463446362071949f288f6ed1651973637e7c5d2adff1c28a074fba4fc584030426d55e90f16e2e5fe029716514674d1d12a23c1dbc6f5329884842621a5d25fd32c248f77753f33aab2123f271f2b1ce7918f0f0c68e4cc043d25b990a48027e86d6ff68efa83cc5a07bf08271be758b61360865c8ac16e01ac8fd0b5647abcc8a2bbc1ee34148a677e980814832cd379aa88efa7f16774f020f4d57a39fb39392d0768e6a0423ff8b494e1f4caae7c3e99c479691618a84d9a0de9f39d91b31346d470f57a866c51b129bd9db489abe5cae14195b07b141de2ccc8f474ea7d5a76fc23f6eda6032fc4642643d7665f24375a76c0b47eff0e5b0a0b0b11d69285120e5ddb5eedcc1bae320be53415b0f6fa2a4f3d1fa9547a46aba74f2ce0ac31443ec805b6de736f09b06dd342926e20eb3958897ad4bccf10c1f67b484d2aa945d42878e1bd316a77a8a7e941d0210df0378d147e59dfe536a33f02f1e6004ac7ad6a4bf33c78c875cc09b18f3280fe8a93f49c26e868b0a5be24c694,gx-no-cache=1754325654778 HTTP/1.1" 200 30
201.186.225.193 - - [04/Aug/2025:13:38:16 -0300] "POST /cormun/servlet/solicitudot?gx-no-cache=1754325654802 HTTP/1.1" 200 30
201.186.225.193 - - [04/Aug/2025:13:38:16 -0300] "POST /cormun/servlet/solicitudot?gx-no-cache=1754325654833 HTTP/1.1" 200 1482
201.186.225.193 - - [04/Aug/2025:13:38:16 -0300] "POST /cormun/servlet/solicitudot?gx-no-cache=1754325654913 HTTP/1.1" 200 41
201.186.225.193 - - [04/Aug/2025:13:38:16 -0300] "GET /cormun/servlet/solicitudot?df615463446362071949f288f6ed16517d5f2d1cf3a8e57a653993bef2ed8f4e6d641350f9ba93e76179ab52b5cdceb5292b46c17f4f851378403d0636e65e0cf9d77f6ee0861ba6e49ddfd1dfdefb3517ad94eb48ba4789a1877c867ea795877eb4ee05c6c8c54cddbc613dd7a0fd64,gx-no-cache=1754325654939 HTTP/1.1" 200 110
201.186.225.193 - - [04/Aug/2025:13:38:16 -0300] "POST /cormun/servlet/solicitudot?gx-no-cache=1754325654964 HTTP/1.1" 200 110
179.57.78.71 - - [04/Aug/2025:13:38:25 -0300] "POST /cormun/servlet/hlogin?4208b2ecb688e4c13d64236ca950ba8f,gx-no-cache=1754325663193 HTTP/1.1" 200 90
179.57.78.71 - - [04/Aug/2025:13:38:25 -0300] "GET /cormun/servlet/hpexe_link HTTP/1.1" 200 949
179.57.78.71 - - [04/Aug/2025:13:38:25 -0300] "GET /cormun/servlet/hhome HTTP/1.1" 200 4255
179.57.78.71 - - [04/Aug/2025:13:38:28 -0300] "GET /cormun/servlet/trlicencias? HTTP/1.1" 200 13220
201.186.225.193 - - [04/Aug/2025:13:38:34 -0300] "POST /cormun/servlet/solicitudot?gx-no-cache=1754325672308 HTTP/1.1" 200 135
201.186.225.193 - - [04/Aug/2025:13:38:34 -0300] "POST /cormun/servlet/solicitudot?58b6502785e821c88d082991a64480c3,UPD,2025,22833,false,,gx-no-cache=1754325672366 HTTP/1.1" 200 13431
183.182.125.198 - - [04/Aug/2025:13:38:35 -0300] "GET /manager/html HTTP/1.1" 401 2474
201.186.225.193 - - [04/Aug/2025:13:38:36 -0300] "POST /cormun/servlet/solicitudot?gx-no-cache=1754325674319 HTTP/1.1" 200 4139
201.186.225.193 - - [04/Aug/2025:13:38:36 -0300] "POST /cormun/servlet/solicitudot?58b6502785e821c88d082991a64480c3,UPD,2025,22833,false,,gx-no-cache=1754325674590 HTTP/1.1" 200 13329
201.186.225.193 - - [04/Aug/2025:13:38:36 -0300] "GET /cormun/servlet/solicitudot?df615463446362071949f288f6ed16517a0f057f8cabd3e370643d409aa41173be69c9d5f64fe04e52c510668e5d2b5a,gx-no-cache=1754325674727 HTTP/1.1" 200 30
201.186.225.193 - - [04/Aug/2025:13:38:36 -0300] "GET /cormun/servlet/solicitudot?df615463446362071949f288f6ed1651c3e99022d4f779474f00fe714ee5753a357ebdf4a218cec38d4be2e1ffd94d1670c3882dc90295852477e243c421c2a48851bbc2040d2199940529167bdb02d0,gx-no-cache=1754325674748 HTTP/1.1" 200 30
201.186.225.193 - - [04/Aug/2025:13:38:36 -0300] "GET /cormun/servlet/solicitudot?df615463446362071949f288f6ed1651feb35cc1116e8a8ce64488e6367ada3a07cf03f1f1ccff1109f228f80bee99d35817925930ec52b9df6a56fc39480bd886d62d981b77e32a7e3c855845ae1f41a273bf8aeea87891683680e8f5150cbf97ea6d630624cc8adcf94a590e198565,gx-no-cache=1754325674764 HTTP/1.1" 200 53
201.186.225.193 - - [04/Aug/2025:13:38:36 -0300] "POST /cormun/servlet/solicitudot?gx-no-cache=1754325674781 HTTP/1.1" 200 256
201.186.225.193 - - [04/Aug/2025:13:38:36 -0300] "GET /cormun/servlet/solicitudot?df615463446362071949f288f6ed1651973637e7c5d2adff1c28a074fba4fc584030426d55e90f16e2e5fe029716514674d1d12a23c1dbc6f5329884842621a5d25fd32c248f77753f33aab2123f271f2b1ce7918f0f0c68e4cc043d25b990a48027e86d6ff68efa83cc5a07bf08271be758b61360865c8ac16e01ac8fd0b5647abcc8a2bbc1ee34148a677e980814832cd379aa88efa7f16774f020f4d57a39fb39392d0768e6a0423ff8b494e1f4caae7c3e99c479691618a84d9a0de9f39d91b31346d470f57a866c51b129bd9db489abe5cae14195b07b141de2ccc8f474ea7d5a76fc23f6eda6032fc4642643d7665f24375a76c0b47eff0e5b0a0b0b11d69285120e5ddb5eedcc1bae320be53415b0f6fa2a4f3d1fa9547a46aba74f2ce0ac31443ec805b6de736f09b06dd342926e20eb3958897ad4bccf10c1f67b484d2aa945d42878e1bd316a77a8a7e941d0210df0378d147e59dfe536a33f02f1e6004ac7ad6a4bf33c78c875cc09b18f3280fe8a93f49c26e868b0a5be24c694,gx-no-cache=1754325674814 HTTP/1.1" 200 30
201.186.225.193 - - [04/Aug/2025:13:38:36 -0300] "POST /cormun/servlet/solicitudot?gx-no-cache=1754325674844 HTTP/1.1" 200 30
201.186.225.193 - - [04/Aug/2025:13:38:36 -0300] "POST /cormun/servlet/solicitudot?gx-no-cache=1754325674874 HTTP/1.1" 200 1482
201.186.225.193 - - [04/Aug/2025:13:38:36 -0300] "POST /cormun/servlet/solicitudot?gx-no-cache=1754325674955 HTTP/1.1" 200 41
201.186.225.193 - - [04/Aug/2025:13:38:37 -0300] "GET /cormun/servlet/solicitudot?df615463446362071949f288f6ed16517d5f2d1cf3a8e57a653993bef2ed8f4e6d641350f9ba93e76179ab52b5cdceb5292b46c17f4f851378403d0636e65e0cf9d77f6ee0861ba6e49ddfd1dfdefb3517ad94eb48ba4789a1877c867ea795877eb4ee05c6c8c54cddbc613dd7a0fd64,gx-no-cache=1754325675003 HTTP/1.1" 200 110
201.186.225.193 - - [04/Aug/2025:13:38:37 -0300] "POST /cormun/servlet/solicitudot?gx-no-cache=1754325675042 HTTP/1.1" 200 110
201.186.225.193 - - [04/Aug/2025:13:38:40 -0300] "POST /cormun/servlet/solicitudot?gx-no-cache=1754325678363 HTTP/1.1" 200 4139
201.186.225.193 - - [04/Aug/2025:13:38:40 -0300] "POST /cormun/servlet/solicitudot?58b6502785e821c88d082991a64480c3,UPD,2025,22833,false,,gx-no-cache=1754325678486 HTTP/1.1" 200 13363
201.186.225.193 - - [04/Aug/2025:13:38:40 -0300] "GET /cormun/servlet/solicitudot?df615463446362071949f288f6ed16517a0f057f8cabd3e370643d409aa41173be69c9d5f64fe04e52c510668e5d2b5a,gx-no-cache=1754325678627 HTTP/1.1" 200 30
201.186.225.193 - - [04/Aug/2025:13:38:40 -0300] "GET /cormun/servlet/solicitudot?df615463446362071949f288f6ed1651c3e99022d4f779474f00fe714ee5753a357ebdf4a218cec38d4be2e1ffd94d1670c3882dc90295852477e243c421c2a48851bbc2040d2199940529167bdb02d0,gx-no-cache=1754325678645 HTTP/1.1" 200 30
201.186.225.193 - - [04/Aug/2025:13:38:40 -0300] "GET /cormun/servlet/solicitudot?df615463446362071949f288f6ed1651feb35cc1116e8a8ce64488e6367ada3a07cf03f1f1ccff1109f228f80bee99d3453ea7c61887ebc8d5b937b7e9e1ac1c,gx-no-cache=1754325678661 HTTP/1.1" 200 53
201.186.225.193 - - [04/Aug/2025:13:38:40 -0300] "POST /cormun/servlet/solicitudot?gx-no-cache=1754325678688 HTTP/1.1" 200 256
201.186.225.193 - - [04/Aug/2025:13:38:40 -0300] "GET /cormun/servlet/solicitudot?df615463446362071949f288f6ed1651973637e7c5d2adff1c28a074fba4fc584030426d55e90f16e2e5fe029716514674d1d12a23c1dbc6f5329884842621a5d25fd32c248f77753f33aab2123f271f2b1ce7918f0f0c68e4cc043d25b990a48027e86d6ff68efa83cc5a07bf08271be758b61360865c8ac16e01ac8fd0b5647abcc8a2bbc1ee34148a677e980814832cd379aa88efa7f16774f020f4d57a39fb39392d0768e6a0423ff8b494e1f4caae7c3e99c479691618a84d9a0de9f39d91b31346d470f57a866c51b129bd9db489abe5cae14195b07b141de2ccc8f474ea7d5a76fc23f6eda6032fc4642643d7665f24375a76c0b47eff0e5b0a0b0b11d69285120e5ddb5eedcc1bae320be53415b0f6fa2a4f3d1fa9547a46aba74f2ce0ac31443ec805b6de736f09b06dd342926e20eb3958897ad4bccf10c1f67b484d2aa945d42878e1bd316a77a8a7e941d0210df0378d147e59dfe536a33f02f1e6004ac7ad6a4bf33c78c875cc09b18f3280fe8a93f49c26e868b0a5be24c694,gx-no-cache=1754325678718 HTTP/1.1" 200 30
201.186.225.193 - - [04/Aug/2025:13:38:40 -0300] "POST /cormun/servlet/solicitudot?gx-no-cache=1754325678735 HTTP/1.1" 200 30
201.186.225.193 - - [04/Aug/2025:13:38:40 -0300] "POST /cormun/servlet/solicitudot?gx-no-cache=1754325678753 HTTP/1.1" 200 1482
201.186.225.193 - - [04/Aug/2025:13:38:40 -0300] "POST /cormun/servlet/solicitudot?gx-no-cache=1754325678826 HTTP/1.1" 200 41
201.186.225.193 - - [04/Aug/2025:13:38:40 -0300] "GET /cormun/servlet/solicitudot?df615463446362071949f288f6ed16517d5f2d1cf3a8e57a653993bef2ed8f4e6d641350f9ba93e76179ab52b5cdceb5292b46c17f4f851378403d0636e65e0cf9d77f6ee0861ba6e49ddfd1dfdefb3517ad94eb48ba4789a1877c867ea795877eb4ee05c6c8c54cddbc613dd7a0fd64,gx-no-cache=1754325678843 HTTP/1.1" 200 110
201.186.225.193 - - [04/Aug/2025:13:38:40 -0300] "POST /cormun/servlet/solicitudot?gx-no-cache=1754325678861 HTTP/1.1" 200 110
201.186.225.193 - - [04/Aug/2025:13:38:42 -0300] "POST /cormun/servlet/solicitudot?gx-no-cache=1754325680341 HTTP/1.1" 200 135
201.186.225.193 - - [04/Aug/2025:13:38:42 -0300] "POST /cormun/servlet/solicitudot?58b6502785e821c88d082991a64480c3,UPD,2025,22833,false,,gx-no-cache=1754325680401 HTTP/1.1" 200 13577
192.168.10.19 - - [04/Aug/2025:13:38:49 -0300] "POST /cormun/servlet/trsolicitudgral?fe8f2712ef61147f0d2e65a1e43bddea,,gx-no-cache=1754325701908 HTTP/1.1" 200 5265
192.168.10.19 - - [04/Aug/2025:13:38:52 -0300] "POST /cormun/servlet/trsolicitudgral?fe8f2712ef61147f0d2e65a1e43bddea,,gx-no-cache=1754325705148 HTTP/1.1" 200 13324
192.168.10.19 - - [04/Aug/2025:13:38:55 -0300] "POST /cormun/servlet/trsolicitudgral?fe8f2712ef61147f0d2e65a1e43bddea,,gx-no-cache=1754325708541 HTTP/1.1" 200 8025
192.168.10.19 - - [04/Aug/2025:13:38:59 -0300] "GET /cormun/servlet/vesolicitudgral?2025,22827,, HTTP/1.1" 200 8400
192.168.10.19 - - [04/Aug/2025:13:38:59 -0300] "GET /cormun/pexe_scrolldiv.js HTTP/1.1" 404 1009
201.186.225.193 - - [04/Aug/2025:13:38:59 -0300] "POST /cormun/servlet/solicitudot?gx-no-cache=1754325697895 HTTP/1.1" 200 4139
201.186.225.193 - - [04/Aug/2025:13:39:00 -0300] "POST /cormun/servlet/solicitudot?58b6502785e821c88d082991a64480c3,UPD,2025,22833,false,,gx-no-cache=1754325698021 HTTP/1.1" 200 13447
201.186.225.193 - - [04/Aug/2025:13:39:00 -0300] "GET /cormun/servlet/solicitudot?df615463446362071949f288f6ed16517a0f057f8cabd3e370643d409aa41173be69c9d5f64fe04e52c510668e5d2b5a,gx-no-cache=1754325698135 HTTP/1.1" 200 30
201.186.225.193 - - [04/Aug/2025:13:39:00 -0300] "GET /cormun/servlet/solicitudot?df615463446362071949f288f6ed1651c3e99022d4f779474f00fe714ee5753a357ebdf4a218cec38d4be2e1ffd94d1670c3882dc90295852477e243c421c2a48851bbc2040d2199940529167bdb02d0,gx-no-cache=1754325698155 HTTP/1.1" 200 30
201.186.225.193 - - [04/Aug/2025:13:39:00 -0300] "GET /cormun/servlet/solicitudot?df615463446362071949f288f6ed1651feb35cc1116e8a8ce64488e6367ada3a07cf03f1f1ccff1109f228f80bee99d35817925930ec52b9df6a56fc39480bd886d62d981b77e32a7e3c855845ae1f41a273bf8aeea87891683680e8f5150cbf97ea6d630624cc8adcf94a590e198565,gx-no-cache=1754325698171 HTTP/1.1" 200 53
201.186.225.193 - - [04/Aug/2025:13:39:00 -0300] "POST /cormun/servlet/solicitudot?gx-no-cache=1754325698189 HTTP/1.1" 200 256
201.186.225.193 - - [04/Aug/2025:13:39:00 -0300] "GET /cormun/servlet/solicitudot?df615463446362071949f288f6ed1651973637e7c5d2adff1c28a074fba4fc584030426d55e90f16e2e5fe029716514674d1d12a23c1dbc6f5329884842621a5d25fd32c248f77753f33aab2123f271f2b1ce7918f0f0c68e4cc043d25b990a48027e86d6ff68efa83cc5a07bf08271be758b61360865c8ac16e01ac8fd0b5647abcc8a2bbc1ee34148a677e980814832cd379aa88efa7f16774f020f4d57a39fb39392d0768e6a0423ff8b494e1f4caae7c3e99c479691618a84d9a0de9f39d91b31346d470f57a866c51b129bd9db489abe5cae14195b07b141de2ccc8f474ea7d5a76fc23f6eda6032fc4642643d7665f24375a76c0b47eff0e5b0a0b0b11d69285120e5ddb5eedcc1bae320be53415b0f6fa2a4f3d1fa9547a46aba74f2ce0ac31443ec805b6de736f09b06dd342926e20eb3958897ad4bccf10c1f67b484d2aa945d42878e1bd316a77a8a7e941d0210df0378d147e59dfe536a33f02f1e6004ac7ad6a4bf33c78c875cc09b18f3280fe8a93f49c26e868b0a5be24c694,gx-no-cache=1754325698211 HTTP/1.1" 200 30
201.186.225.193 - - [04/Aug/2025:13:39:00 -0300] "POST /cormun/servlet/solicitudot?gx-no-cache=1754325698230 HTTP/1.1" 200 30
201.186.225.193 - - [04/Aug/2025:13:39:00 -0300] "POST /cormun/servlet/solicitudot?gx-no-cache=1754325698250 HTTP/1.1" 200 1482
201.186.225.193 - - [04/Aug/2025:13:39:00 -0300] "POST /cormun/servlet/solicitudot?gx-no-cache=1754325698329 HTTP/1.1" 200 41
201.186.225.193 - - [04/Aug/2025:13:39:00 -0300] "GET /cormun/servlet/solicitudot?df615463446362071949f288f6ed16517d5f2d1cf3a8e57a653993bef2ed8f4e6d641350f9ba93e76179ab52b5cdceb5292b46c17f4f851378403d0636e65e0cf9d77f6ee0861ba6e49ddfd1dfdefb3517ad94eb48ba4789a1877c867ea795877eb4ee05c6c8c54cddbc613dd7a0fd64,gx-no-cache=1754325698351 HTTP/1.1" 200 110
201.186.225.193 - - [04/Aug/2025:13:39:00 -0300] "POST /cormun/servlet/solicitudot?gx-no-cache=1754325698378 HTTP/1.1" 200 110
201.186.225.193 - - [04/Aug/2025:13:39:08 -0300] "POST /cormun/servlet/solicitudot?gx-no-cache=1754325706873 HTTP/1.1" 200 4139
201.186.225.193 - - [04/Aug/2025:13:39:09 -0300] "POST /cormun/servlet/solicitudot?58b6502785e821c88d082991a64480c3,UPD,2025,22833,false,,gx-no-cache=1754325707026 HTTP/1.1" 200 13489
201.186.225.193 - - [04/Aug/2025:13:39:09 -0300] "GET /cormun/servlet/solicitudot?df615463446362071949f288f6ed16517a0f057f8cabd3e370643d409aa41173be69c9d5f64fe04e52c510668e5d2b5a,gx-no-cache=1754325707141 HTTP/1.1" 200 30
201.186.225.193 - - [04/Aug/2025:13:39:09 -0300] "GET /cormun/servlet/solicitudot?df615463446362071949f288f6ed1651c3e99022d4f779474f00fe714ee5753a357ebdf4a218cec38d4be2e1ffd94d1670c3882dc90295852477e243c421c2a48851bbc2040d2199940529167bdb02d0,gx-no-cache=1754325707158 HTTP/1.1" 200 30
201.186.225.193 - - [04/Aug/2025:13:39:09 -0300] "GET /cormun/servlet/solicitudot?df615463446362071949f288f6ed1651feb35cc1116e8a8ce64488e6367ada3a07cf03f1f1ccff1109f228f80bee99d3453ea7c61887ebc8d5b937b7e9e1ac1c,gx-no-cache=1754325707174 HTTP/1.1" 200 53
201.186.225.193 - - [04/Aug/2025:13:39:09 -0300] "POST /cormun/servlet/solicitudot?gx-no-cache=1754325707192 HTTP/1.1" 200 256
201.186.225.193 - - [04/Aug/2025:13:39:09 -0300] "GET /cormun/servlet/solicitudot?df615463446362071949f288f6ed1651973637e7c5d2adff1c28a074fba4fc584030426d55e90f16e2e5fe029716514674d1d12a23c1dbc6f5329884842621a5d25fd32c248f77753f33aab2123f271f2b1ce7918f0f0c68e4cc043d25b990a48027e86d6ff68efa83cc5a07bf08271be758b61360865c8ac16e01ac8fd0b5647abcc8a2bbc1ee34148a677e980814832cd379aa88efa7f16774f020f4d57a39fb39392d0768e6a0423ff8b494e1f4caae7c3e99c479691618a84d9a0de9f39d91b31346d470f57a866c51b129bd9db489abe5cae14195b07b141de2ccc8f474ea7d5a76fc23f6eda6032fc4642643d7665f24375a76c0b47eff0e5b0a0b0b11d69285120e5ddb5eedcc1bae320be53415b0f6fa2a4f3d1fa9547a46aba74f2ce0ac31443ec805b6de736f09b06dd342926e20eb3958897ad4bccf10c1f67b484d2aa945d42878e1bd316a77a8a7e941d0210df0378d147e59dfe536a33f02f1e6004ac7ad6a4bf33c78c875cc09b18f3280fe8a93f49c26e868b0a5be24c694,gx-no-cache=1754325707215 HTTP/1.1" 200 30
201.186.225.193 - - [04/Aug/2025:13:39:09 -0300] "POST /cormun/servlet/solicitudot?gx-no-cache=1754325707234 HTTP/1.1" 200 30
201.186.225.193 - - [04/Aug/2025:13:39:09 -0300] "POST /cormun/servlet/solicitudot?gx-no-cache=1754325707255 HTTP/1.1" 200 1482
201.186.225.193 - - [04/Aug/2025:13:39:09 -0300] "POST /cormun/servlet/solicitudot?gx-no-cache=1754325707338 HTTP/1.1" 200 41
201.186.225.193 - - [04/Aug/2025:13:39:09 -0300] "GET /cormun/servlet/solicitudot?df615463446362071949f288f6ed16517d5f2d1cf3a8e57a653993bef2ed8f4e6d641350f9ba93e76179ab52b5cdceb5292b46c17f4f851378403d0636e65e0cf9d77f6ee0861ba6e49ddfd1dfdefb3517ad94eb48ba4789a1877c867ea795877eb4ee05c6c8c54cddbc613dd7a0fd64,gx-no-cache=1754325707362 HTTP/1.1" 200 110
201.186.225.193 - - [04/Aug/2025:13:39:09 -0300] "POST /cormun/servlet/solicitudot?gx-no-cache=1754325707388 HTTP/1.1" 200 110
201.186.225.193 - - [04/Aug/2025:13:39:10 -0300] "POST /cormun/servlet/solicitudot?gx-no-cache=1754325708800 HTTP/1.1" 200 135
201.186.225.193 - - [04/Aug/2025:13:39:27 -0300] "GET /cormun/servlet/solicitudot?df615463446362071949f288f6ed16517d5f2d1cf3a8e57a653993bef2ed8f4e6d641350f9ba93e76179ab52b5cdceb5292b46c17f4f851378403d0636e65e0cf9d77f6ee0861ba6e49ddfd1dfdefb3517ad94eb48ba4789a1877c867ea795877eb4ee05c6c8c54cddbc613dd7a0fd64,gx-no-cache=1754325725037 HTTP/1.1" 200 110
201.186.225.193 - - [04/Aug/2025:13:39:27 -0300] "POST /cormun/servlet/solicitudot?gx-no-cache=1754325725055 HTTP/1.1" 200 135
201.186.225.193 - - [04/Aug/2025:13:39:27 -0300] "POST /cormun/servlet/solicitudot?58b6502785e821c88d082991a64480c3,UPD,2025,22833,false,,gx-no-cache=1754325725118 HTTP/1.1" 200 13797
201.186.225.193 - - [04/Aug/2025:13:39:29 -0300] "POST /cormun/servlet/solicitudot?gx-no-cache=1754325727287 HTTP/1.1" 200 4139
201.186.225.193 - - [04/Aug/2025:13:39:29 -0300] "POST /cormun/servlet/solicitudot?58b6502785e821c88d082991a64480c3,UPD,2025,22833,false,,gx-no-cache=1754325727443 HTTP/1.1" 200 13675
201.186.225.193 - - [04/Aug/2025:13:39:29 -0300] "GET /cormun/servlet/solicitudot?df615463446362071949f288f6ed16517a0f057f8cabd3e370643d409aa41173be69c9d5f64fe04e52c510668e5d2b5a,gx-no-cache=1754325727631 HTTP/1.1" 200 30
201.186.225.193 - - [04/Aug/2025:13:39:29 -0300] "GET /cormun/servlet/solicitudot?df615463446362071949f288f6ed1651c3e99022d4f779474f00fe714ee5753a357ebdf4a218cec38d4be2e1ffd94d1670c3882dc90295852477e243c421c2a48851bbc2040d2199940529167bdb02d0,gx-no-cache=1754325727682 HTTP/1.1" 200 30
201.186.225.193 - - [04/Aug/2025:13:39:29 -0300] "GET /cormun/servlet/solicitudot?df615463446362071949f288f6ed1651feb35cc1116e8a8ce64488e6367ada3a07cf03f1f1ccff1109f228f80bee99d35817925930ec52b9df6a56fc39480bd886d62d981b77e32a7e3c855845ae1f41a273bf8aeea87891683680e8f5150cbf97ea6d630624cc8adcf94a590e198565,gx-no-cache=1754325727744 HTTP/1.1" 200 53
201.186.225.193 - - [04/Aug/2025:13:39:29 -0300] "POST /cormun/servlet/solicitudot?gx-no-cache=1754325727802 HTTP/1.1" 200 256
201.186.225.193 - - [04/Aug/2025:13:39:29 -0300] "GET /cormun/servlet/solicitudot?df615463446362071949f288f6ed1651973637e7c5d2adff1c28a074fba4fc584030426d55e90f16e2e5fe029716514674d1d12a23c1dbc6f5329884842621a5d25fd32c248f77753f33aab2123f271f2b1ce7918f0f0c68e4cc043d25b990a48027e86d6ff68efa83cc5a07bf08271be758b61360865c8ac16e01ac8fd0b5647abcc8a2bbc1ee34148a677e980814832cd379aa88efa7f16774f020f4d57a39fb39392d0768e6a0423ff8b494e1f4caae7c3e99c479691618a84d9a0de9f39d91b31346d470f57a866c51b129bd9db489abe5cae14195b07b141de2ccc8f474ea7d5a76fc23f6eda6032fc4642643d7665f24375a76c0b47eff0e5b0a0b0b11d69285120e5ddb5eedcc1bae320be53415b0f6fa2a4f3d1fa9547a46aba74f2ce0ac31443ec805b6de736f09b06dd342926e20eb3958897ad4bccf10c1f67b484d2aa945d42878e1bd316a77a8a7e941d0210df0378d147e59dfe536a33f02f1e6004ac7ad6a4bf33c78c875cc09b18f3280fe8a93f49c26e868b0a5be24c694,gx-no-cache=1754325727870 HTTP/1.1" 200 30
201.186.225.193 - - [04/Aug/2025:13:39:29 -0300] "POST /cormun/servlet/solicitudot?gx-no-cache=1754325727911 HTTP/1.1" 200 30
201.186.225.193 - - [04/Aug/2025:13:39:33 -0300] "POST /cormun/servlet/solicitudot?gx-no-cache=1754325731862 HTTP/1.1" 200 1482
201.186.225.193 - - [04/Aug/2025:13:39:33 -0300] "POST /cormun/servlet/solicitudot?gx-no-cache=1754325731960 HTTP/1.1" 200 41
201.186.225.193 - - [04/Aug/2025:13:39:33 -0300] "GET /cormun/servlet/solicitudot?df615463446362071949f288f6ed16517d5f2d1cf3a8e57a653993bef2ed8f4e6d641350f9ba93e76179ab52b5cdceb5292b46c17f4f851378403d0636e65e0cf9d77f6ee0861ba6e49ddfd1dfdefb3517ad94eb48ba4789a1877c867ea795877eb4ee05c6c8c54cddbc613dd7a0fd64,gx-no-cache=1754325731986 HTTP/1.1" 200 110
201.186.225.193 - - [04/Aug/2025:13:39:34 -0300] "POST /cormun/servlet/solicitudot?gx-no-cache=1754325732013 HTTP/1.1" 200 110
201.186.225.193 - - [04/Aug/2025:13:39:34 -0300] "POST /cormun/servlet/solicitudot?gx-no-cache=1754325732051 HTTP/1.1" 200 135
201.186.225.193 - - [04/Aug/2025:13:39:34 -0300] "POST /cormun/servlet/solicitudot?58b6502785e821c88d082991a64480c3,UPD,2025,22833,false,,gx-no-cache=1754325732126 HTTP/1.1" 200 13929
201.186.225.193 - - [04/Aug/2025:13:39:36 -0300] "POST /cormun/servlet/solicitudot?gx-no-cache=1754325734873 HTTP/1.1" 200 4139
201.186.225.193 - - [04/Aug/2025:13:39:37 -0300] "POST /cormun/servlet/solicitudot?58b6502785e821c88d082991a64480c3,UPD,2025,22833,false,,gx-no-cache=1754325735014 HTTP/1.1" 200 13791
201.186.225.193 - - [04/Aug/2025:13:39:37 -0300] "GET /cormun/servlet/solicitudot?df615463446362071949f288f6ed16517a0f057f8cabd3e370643d409aa41173be69c9d5f64fe04e52c510668e5d2b5a,gx-no-cache=1754325735117 HTTP/1.1" 200 30
201.186.225.193 - - [04/Aug/2025:13:39:37 -0300] "GET /cormun/servlet/solicitudot?df615463446362071949f288f6ed1651c3e99022d4f779474f00fe714ee5753a357ebdf4a218cec38d4be2e1ffd94d1670c3882dc90295852477e243c421c2a48851bbc2040d2199940529167bdb02d0,gx-no-cache=1754325735136 HTTP/1.1" 200 30
201.186.225.193 - - [04/Aug/2025:13:39:37 -0300] "GET /cormun/servlet/solicitudot?df615463446362071949f288f6ed1651feb35cc1116e8a8ce64488e6367ada3a07cf03f1f1ccff1109f228f80bee99d35817925930ec52b9df6a56fc39480bd886d62d981b77e32a7e3c855845ae1f41a273bf8aeea87891683680e8f5150cbf97ea6d630624cc8adcf94a590e198565,gx-no-cache=1754325735151 HTTP/1.1" 200 53
201.186.225.193 - - [04/Aug/2025:13:39:37 -0300] "POST /cormun/servlet/solicitudot?gx-no-cache=1754325735166 HTTP/1.1" 200 256
201.186.225.193 - - [04/Aug/2025:13:39:37 -0300] "GET /cormun/servlet/solicitudot?df615463446362071949f288f6ed1651973637e7c5d2adff1c28a074fba4fc584030426d55e90f16e2e5fe029716514674d1d12a23c1dbc6f5329884842621a5d25fd32c248f77753f33aab2123f271f2b1ce7918f0f0c68e4cc043d25b990a48027e86d6ff68efa83cc5a07bf08271be758b61360865c8ac16e01ac8fd0b5647abcc8a2bbc1ee34148a677e980814832cd379aa88efa7f16774f020f4d57a39fb39392d0768e6a0423ff8b494e1f4caae7c3e99c479691618a84d9a0de9f39d91b31346d470f57a866c51b129bd9db489abe5cae14195b07b141de2ccc8f474ea7d5a76fc23f6eda6032fc4642643d7665f24375a76c0b47eff0e5b0a0b0b11d69285120e5ddb5eedcc1bae320be53415b0f6fa2a4f3d1fa9547a46aba74f2ce0ac31443ec805b6de736f09b06dd342926e20eb3958897ad4bccf10c1f67b484d2aa945d42878e1bd316a77a8a7e941d0210df0378d147e59dfe536a33f02f1e6004ac7ad6a4bf33c78c875cc09b18f3280fe8a93f49c26e868b0a5be24c694,gx-no-cache=1754325735188 HTTP/1.1" 200 30
201.186.225.193 - - [04/Aug/2025:13:39:37 -0300] "POST /cormun/servlet/solicitudot?gx-no-cache=1754325735204 HTTP/1.1" 200 30
181.203.30.149 - - [04/Aug/2025:13:39:38 -0300] "GET /cormun/servlet/permisogoce?INS,0,,, HTTP/1.1" 200 6770
201.186.225.193 - - [04/Aug/2025:13:39:40 -0300] "POST /cormun/servlet/solicitudot?58b6502785e821c88d082991a64480c3,UPD,2025,22833,false,,gx-no-cache=1754325738559 HTTP/1.1" 200 13997
201.186.225.193 - - [04/Aug/2025:13:39:43 -0300] "POST /cormun/servlet/solicitudot?gx-no-cache=1754325741280 HTTP/1.1" 200 256
201.186.225.193 - - [04/Aug/2025:13:39:43 -0300] "GET /cormun/servlet/solicitudot?df615463446362071949f288f6ed1651973637e7c5d2adff1c28a074fba4fc584030426d55e90f16e2e5fe029716514674d1d12a23c1dbc6f5329884842621a5d25fd32c248f77753f33aab2123f271f2b1ce7918f0f0c68e4cc043d25b990a48027e86d6ff68efa83cc5a07bf08271be758b61360865c8ac16e01ac8fd0b5647abcc8a2bbc1ee34148a677e980814832cd379aa88efa7f16774f020f4d57a39fb39392d0768e6a0423ff8b494e1f4caae7c3e99c479691618a84d9a0de9f39d91b31346d470f57a866c51b129bd9db489abe5cae14195b07b141de2ccc8f474ea7d5a76fc23f6eda6032fc4642643d7665f24375a76c0b47eff0e5b0a0b0b11d69285120e5ddb5eedcc1bae320be53415b0f6fa2a4f3d1fa9547a46aba74f2ce0ac31443ec805b6de736f09b06dd342926e20eb3958897ad4bccf10c1f67b484d2aa945d42878e1bd316a77a8a7e941d0210df0378d147e59dfe536a33f02f1e6004ac7ad6a4bf33c78c875cc09b18f3280fe8a93f49c26e868b0a5be24c694,gx-no-cache=1754325741306 HTTP/1.1" 200 30
201.186.225.193 - - [04/Aug/2025:13:39:43 -0300] "POST /cormun/servlet/solicitudot?gx-no-cache=1754325741324 HTTP/1.1" 200 30
201.186.225.193 - - [04/Aug/2025:13:39:43 -0300] "POST /cormun/servlet/solicitudot?gx-no-cache=1754325741344 HTTP/1.1" 200 1482
201.186.225.193 - - [04/Aug/2025:13:39:43 -0300] "POST /cormun/servlet/solicitudot?gx-no-cache=1754325741426 HTTP/1.1" 200 41
201.186.225.193 - - [04/Aug/2025:13:39:43 -0300] "GET /cormun/servlet/solicitudot?df615463446362071949f288f6ed16517d5f2d1cf3a8e57a653993bef2ed8f4e6d641350f9ba93e76179ab52b5cdceb5292b46c17f4f851378403d0636e65e0cf9d77f6ee0861ba6e49ddfd1dfdefb3517ad94eb48ba4789a1877c867ea795877eb4ee05c6c8c54cddbc613dd7a0fd64,gx-no-cache=1754325741453 HTTP/1.1" 200 110
201.186.225.193 - - [04/Aug/2025:13:39:43 -0300] "POST /cormun/servlet/solicitudot?gx-no-cache=1754325741485 HTTP/1.1" 200 110
201.186.225.193 - - [04/Aug/2025:13:39:43 -0300] "POST /cormun/servlet/solicitudot?gx-no-cache=1754325741522 HTTP/1.1" 200 135
201.186.225.193 - - [04/Aug/2025:13:39:43 -0300] "POST /cormun/servlet/solicitudot?58b6502785e821c88d082991a64480c3,UPD,2025,22833,false,,gx-no-cache=1754325741590 HTTP/1.1" 200 14032
201.186.225.193 - - [04/Aug/2025:13:39:45 -0300] "POST /cormun/servlet/solicitudot?gx-no-cache=1754325742960 HTTP/1.1" 200 4139
201.186.225.193 - - [04/Aug/2025:13:39:45 -0300] "POST /cormun/servlet/solicitudot?58b6502785e821c88d082991a64480c3,UPD,2025,22833,false,,gx-no-cache=1754325743071 HTTP/1.1" 200 13895
201.186.225.193 - - [04/Aug/2025:13:39:45 -0300] "GET /cormun/servlet/solicitudot?df615463446362071949f288f6ed16517a0f057f8cabd3e370643d409aa41173be69c9d5f64fe04e52c510668e5d2b5a,gx-no-cache=1754325743197 HTTP/1.1" 200 30
201.186.225.193 - - [04/Aug/2025:13:39:45 -0300] "GET /cormun/servlet/solicitudot?df615463446362071949f288f6ed1651c3e99022d4f779474f00fe714ee5753a357ebdf4a218cec38d4be2e1ffd94d1670c3882dc90295852477e243c421c2a48851bbc2040d2199940529167bdb02d0,gx-no-cache=1754325743215 HTTP/1.1" 200 30
201.186.225.193 - - [04/Aug/2025:13:39:45 -0300] "GET /cormun/servlet/solicitudot?df615463446362071949f288f6ed1651feb35cc1116e8a8ce64488e6367ada3a07cf03f1f1ccff1109f228f80bee99d35817925930ec52b9df6a56fc39480bd886d62d981b77e32a7e3c855845ae1f41a273bf8aeea87891683680e8f5150cbf97ea6d630624cc8adcf94a590e198565,gx-no-cache=1754325743232 HTTP/1.1" 200 53
201.186.225.193 - - [04/Aug/2025:13:39:45 -0300] "POST /cormun/servlet/solicitudot?gx-no-cache=1754325743250 HTTP/1.1" 200 256
201.186.225.193 - - [04/Aug/2025:13:39:45 -0300] "GET /cormun/servlet/solicitudot?df615463446362071949f288f6ed1651973637e7c5d2adff1c28a074fba4fc584030426d55e90f16e2e5fe029716514674d1d12a23c1dbc6f5329884842621a5d25fd32c248f77753f33aab2123f271f2b1ce7918f0f0c68e4cc043d25b990a48027e86d6ff68efa83cc5a07bf08271be758b61360865c8ac16e01ac8fd0b5647abcc8a2bbc1ee34148a677e980814832cd379aa88efa7f16774f020f4d57a39fb39392d0768e6a0423ff8b494e1f4caae7c3e99c479691618a84d9a0de9f39d91b31346d470f57a866c51b129bd9db489abe5cae14195b07b141de2ccc8f474ea7d5a76fc23f6eda6032fc4642643d7665f24375a76c0b47eff0e5b0a0b0b11d69285120e5ddb5eedcc1bae320be53415b0f6fa2a4f3d1fa9547a46aba74f2ce0ac31443ec805b6de736f09b06dd342926e20eb3958897ad4bccf10c1f67b484d2aa945d42878e1bd316a77a8a7e941d0210df0378d147e59dfe536a33f02f1e6004ac7ad6a4bf33c78c875cc09b18f3280fe8a93f49c26e868b0a5be24c694,gx-no-cache=1754325743273 HTTP/1.1" 200 30
201.186.225.193 - - [04/Aug/2025:13:39:45 -0300] "POST /cormun/servlet/solicitudot?gx-no-cache=1754325743292 HTTP/1.1" 200 30
201.186.225.193 - - [04/Aug/2025:13:39:49 -0300] "POST /cormun/servlet/solicitudot?gx-no-cache=1754325747150 HTTP/1.1" 200 1482
201.186.225.193 - - [04/Aug/2025:13:39:49 -0300] "POST /cormun/servlet/solicitudot?gx-no-cache=1754325747253 HTTP/1.1" 200 41
201.186.225.193 - - [04/Aug/2025:13:39:49 -0300] "GET /cormun/servlet/solicitudot?df615463446362071949f288f6ed16517d5f2d1cf3a8e57a653993bef2ed8f4e6d641350f9ba93e76179ab52b5cdceb5292b46c17f4f851378403d0636e65e0cf9d77f6ee0861ba6e49ddfd1dfdefb3517ad94eb48ba4789a1877c867ea795877eb4ee05c6c8c54cddbc613dd7a0fd64,gx-no-cache=1754325747278 HTTP/1.1" 200 110
201.186.225.193 - - [04/Aug/2025:13:39:49 -0300] "POST /cormun/servlet/solicitudot?gx-no-cache=1754325747303 HTTP/1.1" 200 110
201.186.225.193 - - [04/Aug/2025:13:39:49 -0300] "POST /cormun/servlet/solicitudot?gx-no-cache=1754325747342 HTTP/1.1" 200 135
201.186.225.193 - - [04/Aug/2025:13:39:49 -0300] "POST /cormun/servlet/solicitudot?58b6502785e821c88d082991a64480c3,UPD,2025,22833,false,,gx-no-cache=1754325747415 HTTP/1.1" 200 14096
201.186.225.193 - - [04/Aug/2025:13:39:51 -0300] "POST /cormun/servlet/solicitudot?gx-no-cache=1754325749267 HTTP/1.1" 200 4139
201.186.225.193 - - [04/Aug/2025:13:39:51 -0300] "POST /cormun/servlet/solicitudot?58b6502785e821c88d082991a64480c3,UPD,2025,22833,false,,gx-no-cache=1754325749404 HTTP/1.1" 200 13960
201.186.225.193 - - [04/Aug/2025:13:39:51 -0300] "GET /cormun/servlet/solicitudot?df615463446362071949f288f6ed16517a0f057f8cabd3e370643d409aa41173be69c9d5f64fe04e52c510668e5d2b5a,gx-no-cache=1754325749519 HTTP/1.1" 200 30
201.186.225.193 - - [04/Aug/2025:13:39:51 -0300] "GET /cormun/servlet/solicitudot?df615463446362071949f288f6ed1651c3e99022d4f779474f00fe714ee5753a357ebdf4a218cec38d4be2e1ffd94d1670c3882dc90295852477e243c421c2a48851bbc2040d2199940529167bdb02d0,gx-no-cache=1754325749542 HTTP/1.1" 200 30
201.186.225.193 - - [04/Aug/2025:13:39:51 -0300] "GET /cormun/servlet/solicitudot?df615463446362071949f288f6ed1651feb35cc1116e8a8ce64488e6367ada3a07cf03f1f1ccff1109f228f80bee99d35817925930ec52b9df6a56fc39480bd886d62d981b77e32a7e3c855845ae1f41a273bf8aeea87891683680e8f5150cbf97ea6d630624cc8adcf94a590e198565,gx-no-cache=1754325749559 HTTP/1.1" 200 53
201.186.225.193 - - [04/Aug/2025:13:39:51 -0300] "POST /cormun/servlet/solicitudot?gx-no-cache=1754325749580 HTTP/1.1" 200 256
201.186.225.193 - - [04/Aug/2025:13:39:51 -0300] "GET /cormun/servlet/solicitudot?df615463446362071949f288f6ed1651973637e7c5d2adff1c28a074fba4fc584030426d55e90f16e2e5fe029716514674d1d12a23c1dbc6f5329884842621a5d25fd32c248f77753f33aab2123f271f2b1ce7918f0f0c68e4cc043d25b990a48027e86d6ff68efa83cc5a07bf08271be758b61360865c8ac16e01ac8fd0b5647abcc8a2bbc1ee34148a677e980814832cd379aa88efa7f16774f020f4d57a39fb39392d0768e6a0423ff8b494e1f4caae7c3e99c479691618a84d9a0de9f39d91b31346d470f57a866c51b129bd9db489abe5cae14195b07b141de2ccc8f474ea7d5a76fc23f6eda6032fc4642643d7665f24375a76c0b47eff0e5b0a0b0b11d69285120e5ddb5eedcc1bae320be53415b0f6fa2a4f3d1fa9547a46aba74f2ce0ac31443ec805b6de736f09b06dd342926e20eb3958897ad4bccf10c1f67b484d2aa945d42878e1bd316a77a8a7e941d0210df0378d147e59dfe536a33f02f1e6004ac7ad6a4bf33c78c875cc09b18f3280fe8a93f49c26e868b0a5be24c694,gx-no-cache=1754325749618 HTTP/1.1" 200 30
181.203.30.149 - - [04/Aug/2025:13:39:51 -0300] "GET /cormun/servlet/permisogoce?2c427c0c15b0b5fc272f1f884a78b793b2d5a53d488c5d5947e143fa402d4276fa00ce88ef141bbbbb267b9a74dbc580fc94279c88f39a187ed9fe651f8a622e,gx-no-cache=1754325749727 HTTP/1.1" 200 81
201.186.225.193 - - [04/Aug/2025:13:39:51 -0300] "POST /cormun/servlet/solicitudot?gx-no-cache=1754325749648 HTTP/1.1" 200 30
201.186.225.193 - - [04/Aug/2025:13:39:55 -0300] "POST /cormun/servlet/solicitudot?gx-no-cache=1754325753326 HTTP/1.1" 200 1482
201.186.225.193 - - [04/Aug/2025:13:39:55 -0300] "POST /cormun/servlet/solicitudot?gx-no-cache=1754325753422 HTTP/1.1" 200 41
201.186.225.193 - - [04/Aug/2025:13:39:55 -0300] "GET /cormun/servlet/solicitudot?df615463446362071949f288f6ed16517d5f2d1cf3a8e57a653993bef2ed8f4e6d641350f9ba93e76179ab52b5cdceb5292b46c17f4f851378403d0636e65e0cf9d77f6ee0861ba6e49ddfd1dfdefb3517ad94eb48ba4789a1877c867ea795877eb4ee05c6c8c54cddbc613dd7a0fd64,gx-no-cache=1754325753440 HTTP/1.1" 200 110
201.186.225.193 - - [04/Aug/2025:13:39:55 -0300] "POST /cormun/servlet/solicitudot?gx-no-cache=1754325753457 HTTP/1.1" 200 110
201.186.225.193 - - [04/Aug/2025:13:39:55 -0300] "POST /cormun/servlet/solicitudot?gx-no-cache=1754325753482 HTTP/1.1" 200 135
201.186.225.193 - - [04/Aug/2025:13:39:55 -0300] "POST /cormun/servlet/solicitudot?58b6502785e821c88d082991a64480c3,UPD,2025,22833,false,,gx-no-cache=1754325753538 HTTP/1.1" 200 14189
183.182.125.198 - - [04/Aug/2025:13:39:57 -0300] "GET /manager/html HTTP/1.1" 401 2474
201.186.225.193 - - [04/Aug/2025:13:39:59 -0300] "POST /cormun/servlet/solicitudot?gx-no-cache=1754325757338 HTTP/1.1" 200 4139
181.203.30.149 - - [04/Aug/2025:13:39:59 -0300] "GET /cormun/servlet/permisogoce?2c427c0c15b0b5fc272f1f884a78b7939437d0b22e1d5e67f4d68377a4b02866abff5782412c56424e8703cf7d37c00f309b62783fd259c5c9c6dc6fbafcbe14,gx-no-cache=1754325757606 HTTP/1.1" 200 47
201.186.225.193 - - [04/Aug/2025:13:39:59 -0300] "POST /cormun/servlet/solicitudot?58b6502785e821c88d082991a64480c3,UPD,2025,22833,false,,gx-no-cache=1754325757485 HTTP/1.1" 200 14067
201.186.225.193 - - [04/Aug/2025:13:39:59 -0300] "GET /cormun/servlet/solicitudot?df615463446362071949f288f6ed16517a0f057f8cabd3e370643d409aa41173be69c9d5f64fe04e52c510668e5d2b5a,gx-no-cache=1754325757618 HTTP/1.1" 200 30
201.186.225.193 - - [04/Aug/2025:13:39:59 -0300] "GET /cormun/servlet/solicitudot?df615463446362071949f288f6ed1651c3e99022d4f779474f00fe714ee5753a357ebdf4a218cec38d4be2e1ffd94d1670c3882dc90295852477e243c421c2a48851bbc2040d2199940529167bdb02d0,gx-no-cache=1754325757638 HTTP/1.1" 200 30
201.186.225.193 - - [04/Aug/2025:13:39:59 -0300] "GET /cormun/servlet/solicitudot?df615463446362071949f288f6ed1651feb35cc1116e8a8ce64488e6367ada3a07cf03f1f1ccff1109f228f80bee99d35817925930ec52b9df6a56fc39480bd886d62d981b77e32a7e3c855845ae1f41a273bf8aeea87891683680e8f5150cbf97ea6d630624cc8adcf94a590e198565,gx-no-cache=1754325757654 HTTP/1.1" 200 53
201.186.225.193 - - [04/Aug/2025:13:39:59 -0300] "POST /cormun/servlet/solicitudot?gx-no-cache=1754325757671 HTTP/1.1" 200 256
201.186.225.193 - - [04/Aug/2025:13:39:59 -0300] "GET /cormun/servlet/solicitudot?df615463446362071949f288f6ed1651973637e7c5d2adff1c28a074fba4fc584030426d55e90f16e2e5fe029716514674d1d12a23c1dbc6f5329884842621a5d25fd32c248f77753f33aab2123f271f2b1ce7918f0f0c68e4cc043d25b990a48027e86d6ff68efa83cc5a07bf08271be758b61360865c8ac16e01ac8fd0b5647abcc8a2bbc1ee34148a677e980814832cd379aa88efa7f16774f020f4d57a39fb39392d0768e6a0423ff8b494e1f4caae7c3e99c479691618a84d9a0de9f39d91b31346d470f57a866c51b129bd9db489abe5cae14195b07b141de2ccc8f474ea7d5a76fc23f6eda6032fc4642643d7665f24375a76c0b47eff0e5b0a0b0b11d69285120e5ddb5eedcc1bae320be53415b0f6fa2a4f3d1fa9547a46aba74f2ce0ac31443ec805b6de736f09b06dd342926e20eb3958897ad4bccf10c1f67b484d2aa945d42878e1bd316a77a8a7e941d0210df0378d147e59dfe536a33f02f1e6004ac7ad6a4bf33c78c875cc09b18f3280fe8a93f49c26e868b0a5be24c694,gx-no-cache=1754325757694 HTTP/1.1" 200 30
201.186.225.193 - - [04/Aug/2025:13:39:59 -0300] "POST /cormun/servlet/solicitudot?gx-no-cache=1754325757713 HTTP/1.1" 200 30
201.186.225.193 - - [04/Aug/2025:13:40:04 -0300] "POST /cormun/servlet/solicitudot?gx-no-cache=1754325762022 HTTP/1.1" 200 1482
201.186.225.193 - - [04/Aug/2025:13:40:04 -0300] "POST /cormun/servlet/solicitudot?gx-no-cache=1754325762097 HTTP/1.1" 200 41
201.186.225.193 - - [04/Aug/2025:13:40:04 -0300] "GET /cormun/servlet/solicitudot?df615463446362071949f288f6ed16517d5f2d1cf3a8e57a653993bef2ed8f4e6d641350f9ba93e76179ab52b5cdceb5292b46c17f4f851378403d0636e65e0cf9d77f6ee0861ba6e49ddfd1dfdefb3517ad94eb48ba4789a1877c867ea795877eb4ee05c6c8c54cddbc613dd7a0fd64,gx-no-cache=1754325762116 HTTP/1.1" 200 110
201.186.225.193 - - [04/Aug/2025:13:40:04 -0300] "POST /cormun/servlet/solicitudot?gx-no-cache=1754325762134 HTTP/1.1" 200 110
201.186.225.193 - - [04/Aug/2025:13:40:04 -0300] "POST /cormun/servlet/solicitudot?gx-no-cache=1754325762163 HTTP/1.1" 200 135
201.186.225.193 - - [04/Aug/2025:13:40:04 -0300] "POST /cormun/servlet/solicitudot?58b6502785e821c88d082991a64480c3,UPD,2025,22833,false,,gx-no-cache=1754325762222 HTTP/1.1" 200 14268
201.186.225.193 - - [04/Aug/2025:13:40:07 -0300] "POST /cormun/servlet/solicitudot?gx-no-cache=1754325765495 HTTP/1.1" 200 4139
201.186.225.193 - - [04/Aug/2025:13:40:07 -0300] "POST /cormun/servlet/solicitudot?58b6502785e821c88d082991a64480c3,UPD,2025,22833,false,,gx-no-cache=1754325765630 HTTP/1.1" 200 14133
201.186.225.193 - - [04/Aug/2025:13:40:07 -0300] "GET /cormun/servlet/solicitudot?df615463446362071949f288f6ed16517a0f057f8cabd3e370643d409aa41173be69c9d5f64fe04e52c510668e5d2b5a,gx-no-cache=1754325765758 HTTP/1.1" 200 30
201.186.225.193 - - [04/Aug/2025:13:40:07 -0300] "GET /cormun/servlet/solicitudot?df615463446362071949f288f6ed1651c3e99022d4f779474f00fe714ee5753a357ebdf4a218cec38d4be2e1ffd94d1670c3882dc90295852477e243c421c2a48851bbc2040d2199940529167bdb02d0,gx-no-cache=1754325765778 HTTP/1.1" 200 30
201.186.225.193 - - [04/Aug/2025:13:40:07 -0300] "GET /cormun/servlet/solicitudot?df615463446362071949f288f6ed1651feb35cc1116e8a8ce64488e6367ada3a07cf03f1f1ccff1109f228f80bee99d35817925930ec52b9df6a56fc39480bd886d62d981b77e32a7e3c855845ae1f41a273bf8aeea87891683680e8f5150cbf97ea6d630624cc8adcf94a590e198565,gx-no-cache=1754325765794 HTTP/1.1" 200 53
201.186.225.193 - - [04/Aug/2025:13:40:07 -0300] "POST /cormun/servlet/solicitudot?gx-no-cache=1754325765814 HTTP/1.1" 200 256
201.186.225.193 - - [04/Aug/2025:13:40:07 -0300] "GET /cormun/servlet/solicitudot?df615463446362071949f288f6ed1651973637e7c5d2adff1c28a074fba4fc584030426d55e90f16e2e5fe029716514674d1d12a23c1dbc6f5329884842621a5d25fd32c248f77753f33aab2123f271f2b1ce7918f0f0c68e4cc043d25b990a48027e86d6ff68efa83cc5a07bf08271be758b61360865c8ac16e01ac8fd0b5647abcc8a2bbc1ee34148a677e980814832cd379aa88efa7f16774f020f4d57a39fb39392d0768e6a0423ff8b494e1f4caae7c3e99c479691618a84d9a0de9f39d91b31346d470f57a866c51b129bd9db489abe5cae14195b07b141de2ccc8f474ea7d5a76fc23f6eda6032fc4642643d7665f24375a76c0b47eff0e5b0a0b0b11d69285120e5ddb5eedcc1bae320be53415b0f6fa2a4f3d1fa9547a46aba74f2ce0ac31443ec805b6de736f09b06dd342926e20eb3958897ad4bccf10c1f67b484d2aa945d42878e1bd316a77a8a7e941d0210df0378d147e59dfe536a33f02f1e6004ac7ad6a4bf33c78c875cc09b18f3280fe8a93f49c26e868b0a5be24c694,gx-no-cache=1754325765842 HTTP/1.1" 200 30
201.186.225.193 - - [04/Aug/2025:13:40:07 -0300] "POST /cormun/servlet/solicitudot?gx-no-cache=1754325765864 HTTP/1.1" 200 30
181.203.30.149 - - [04/Aug/2025:13:40:12 -0300] "POST /cormun/servlet/permisogoce?5b683a947c3922eb41fa8baf42f84fb3,INS,0,,,,gx-no-cache=1754325769769 HTTP/1.1" 200 93
181.203.30.149 - - [04/Aug/2025:13:40:12 -0300] "GET /cormun/servlet/hpexe_return? HTTP/1.1" 200 1009
181.203.30.149 - - [04/Aug/2025:13:40:12 -0300] "GET /cormun/servlet/trpermisosgoce HTTP/1.1" 200 14975
201.186.225.193 - - [04/Aug/2025:13:40:18 -0300] "POST /cormun/servlet/solicitudot?gx-no-cache=1754325776038 HTTP/1.1" 200 1482
201.186.225.193 - - [04/Aug/2025:13:40:18 -0300] "POST /cormun/servlet/solicitudot?gx-no-cache=1754325776113 HTTP/1.1" 200 41
201.186.225.193 - - [04/Aug/2025:13:40:18 -0300] "GET /cormun/servlet/solicitudot?df615463446362071949f288f6ed16517d5f2d1cf3a8e57a653993bef2ed8f4e6d641350f9ba93e76179ab52b5cdceb5292b46c17f4f851378403d0636e65e0cf9d77f6ee0861ba6e49ddfd1dfdefb3517ad94eb48ba4789a1877c867ea795877eb4ee05c6c8c54cddbc613dd7a0fd64,gx-no-cache=1754325776132 HTTP/1.1" 200 110
201.186.225.193 - - [04/Aug/2025:13:40:18 -0300] "POST /cormun/servlet/solicitudot?gx-no-cache=1754325776150 HTTP/1.1" 200 110
201.186.225.193 - - [04/Aug/2025:13:40:18 -0300] "POST /cormun/servlet/solicitudot?gx-no-cache=1754325776177 HTTP/1.1" 200 135
201.186.225.193 - - [04/Aug/2025:13:40:18 -0300] "POST /cormun/servlet/solicitudot?58b6502785e821c88d082991a64480c3,UPD,2025,22833,false,,gx-no-cache=1754325776246 HTTP/1.1" 200 14337
181.203.30.149 - - [04/Aug/2025:13:40:22 -0300] "GET /cormun/servlet/apermisogoceprn?17477396,P,20250804124232,PU HTTP/1.1" 200 1660
201.186.225.193 - - [04/Aug/2025:13:40:23 -0300] "POST /cormun/servlet/solicitudot?gx-no-cache=1754325781387 HTTP/1.1" 200 4139
201.186.225.193 - - [04/Aug/2025:13:40:23 -0300] "POST /cormun/servlet/solicitudot?58b6502785e821c88d082991a64480c3,UPD,2025,22833,false,,gx-no-cache=1754325781532 HTTP/1.1" 200 14230
201.186.225.193 - - [04/Aug/2025:13:40:23 -0300] "GET /cormun/servlet/solicitudot?df615463446362071949f288f6ed16517a0f057f8cabd3e370643d409aa41173be69c9d5f64fe04e52c510668e5d2b5a,gx-no-cache=1754325781699 HTTP/1.1" 200 30
201.186.225.193 - - [04/Aug/2025:13:40:23 -0300] "GET /cormun/servlet/solicitudot?df615463446362071949f288f6ed1651c3e99022d4f779474f00fe714ee5753a357ebdf4a218cec38d4be2e1ffd94d1670c3882dc90295852477e243c421c2a48851bbc2040d2199940529167bdb02d0,gx-no-cache=1754325781717 HTTP/1.1" 200 30
201.186.225.193 - - [04/Aug/2025:13:40:23 -0300] "GET /cormun/servlet/solicitudot?df615463446362071949f288f6ed1651feb35cc1116e8a8ce64488e6367ada3a07cf03f1f1ccff1109f228f80bee99d35817925930ec52b9df6a56fc39480bd886d62d981b77e32a7e3c855845ae1f41a273bf8aeea87891683680e8f5150cbf97ea6d630624cc8adcf94a590e198565,gx-no-cache=1754325781732 HTTP/1.1" 200 53
201.186.225.193 - - [04/Aug/2025:13:40:23 -0300] "POST /cormun/servlet/solicitudot?gx-no-cache=1754325781749 HTTP/1.1" 200 256
201.186.225.193 - - [04/Aug/2025:13:40:23 -0300] "GET /cormun/servlet/solicitudot?df615463446362071949f288f6ed1651973637e7c5d2adff1c28a074fba4fc584030426d55e90f16e2e5fe029716514674d1d12a23c1dbc6f5329884842621a5d25fd32c248f77753f33aab2123f271f2b1ce7918f0f0c68e4cc043d25b990a48027e86d6ff68efa83cc5a07bf08271be758b61360865c8ac16e01ac8fd0b5647abcc8a2bbc1ee34148a677e980814832cd379aa88efa7f16774f020f4d57a39fb39392d0768e6a0423ff8b494e1f4caae7c3e99c479691618a84d9a0de9f39d91b31346d470f57a866c51b129bd9db489abe5cae14195b07b141de2ccc8f474ea7d5a76fc23f6eda6032fc4642643d7665f24375a76c0b47eff0e5b0a0b0b11d69285120e5ddb5eedcc1bae320be53415b0f6fa2a4f3d1fa9547a46aba74f2ce0ac31443ec805b6de736f09b06dd342926e20eb3958897ad4bccf10c1f67b484d2aa945d42878e1bd316a77a8a7e941d0210df0378d147e59dfe536a33f02f1e6004ac7ad6a4bf33c78c875cc09b18f3280fe8a93f49c26e868b0a5be24c694,gx-no-cache=1754325781772 HTTP/1.1" 200 30
201.186.225.193 - - [04/Aug/2025:13:40:23 -0300] "POST /cormun/servlet/solicitudot?gx-no-cache=1754325781791 HTTP/1.1" 200 30
