190.95.67.99 - - [04/Aug/2025:11:35:30 -0300] "GET /cormun/static/licenciaspermisos.js?2020121532136 HTTP/1.1" 200 38753
183.182.125.198 - - [04/Aug/2025:11:36:32 -0300] "GET /manager/html HTTP/1.1" 401 2474
190.95.15.9 - - [04/Aug/2025:11:37:17 -0300] "GET /cormun/servlet/hlogin HTTP/1.1" 200 1717
190.95.15.9 - - [04/Aug/2025:11:37:20 -0300] "POST /cormun/servlet/hlogin?b3eb4e62ba74e8e402606d2d75fd5461,gx-no-cache=1754318398060 HTTP/1.1" 200 90
190.95.15.9 - - [04/Aug/2025:11:37:20 -0300] "GET /cormun/servlet/hpexe_link HTTP/1.1" 200 957
183.182.125.198 - - [04/Aug/2025:11:37:57 -0300] "GET /manager/html HTTP/1.1" 401 2474
190.95.67.99 - - [04/Aug/2025:11:38:23 -0300] "POST /cormun/servlet/licenciaspermisos?78610e2d18e4bc260101dc3b6a20ef83,DSP,12515149,L,20250801000000,,gx-no-cache=1754318470144 HTTP/1.1" 200 93
190.95.67.99 - - [04/Aug/2025:11:38:23 -0300] "GET /cormun/servlet/hpexe_return? HTTP/1.1" 200 1028
190.95.67.99 - - [04/Aug/2025:11:38:23 -0300] "GET /cormun/servlet/trlicencias HTTP/1.1" 200 10561
183.182.125.198 - - [04/Aug/2025:11:39:19 -0300] "GET /manager/html HTTP/1.1" 401 2474
185.91.127.107 - - [04/Aug/2025:11:39:20 -0300] "CONNECT api.ip.pn:443 HTTP/1.1" 400 -
190.95.2.163 - - [04/Aug/2025:11:39:51 -0300] "GET /cormun/servlet/hlogin HTTP/1.1" 200 1721
190.95.2.163 - - [04/Aug/2025:11:40:05 -0300] "POST /cormun/servlet/hlogin?d0ba73c8a2b79762a05a054807fa0587,gx-no-cache=1754318563478 HTTP/1.1" 200 90
190.95.2.163 - - [04/Aug/2025:11:40:05 -0300] "GET /cormun/servlet/hpexe_link HTTP/1.1" 200 952
190.95.2.163 - - [04/Aug/2025:11:40:05 -0300] "GET /cormun/servlet/hhome HTTP/1.1" 200 3996
190.95.2.163 - - [04/Aug/2025:11:40:14 -0300] "GET /cormun/servlet/trpermisosgoce? HTTP/1.1" 200 14902
190.95.2.163 - - [04/Aug/2025:11:40:20 -0300] "GET /cormun/servlet/permisogoce?INS,0,,, HTTP/1.1" 200 6860
190.95.2.163 - - [04/Aug/2025:11:40:23 -0300] "GET /cormun/static/Resources/resize.gif HTTP/1.1" 200 77
190.95.2.163 - - [04/Aug/2025:11:40:23 -0300] "GET /cormun/static/Resources/PXTools/ClosePrompt.png HTTP/1.1" 200 1036
190.95.2.163 - - [04/Aug/2025:11:40:24 -0300] "GET /cormun/servlet/prfichaempleado?,MD,,gxPopupLevel%3D0%3B HTTP/1.1" 200 9227
190.95.2.163 - - [04/Aug/2025:11:40:24 -0300] "GET /cormun/static/gxcfg.js?20201215571085 HTTP/1.1" 200 953
190.95.2.163 - - [04/Aug/2025:11:40:24 -0300] "GET /cormun/static/Resources/PXToolsMenuSearch.png HTTP/1.1" 200 336
190.95.2.163 - - [04/Aug/2025:11:40:24 -0300] "GET /cormun/static/prfichaempleado.js?20201215572193 HTTP/1.1" 200 16005
190.95.2.163 - - [04/Aug/2025:11:40:24 -0300] "GET /cormun/static/menusearch.js?20201214473581 HTTP/1.1" 200 1424
190.95.2.163 - - [04/Aug/2025:11:40:24 -0300] "GET /cormun/static/Resources/PXToolsMenuSearchCancel.png HTTP/1.1" 200 306
190.95.2.163 - - [04/Aug/2025:11:40:24 -0300] "GET /cormun/static/hmpwkw011.js?202211298443482 HTTP/1.1" 200 1968
190.95.2.163 - - [04/Aug/2025:11:40:39 -0300] "POST /cormun/servlet/prfichaempleado?d0ba73c8a2b79762a05a054807fa0587,,MD,,gxPopupLevel%3D0%3B,gx-no-cache=1754318597507 HTTP/1.1" 200 3468
183.182.125.198 - - [04/Aug/2025:11:40:41 -0300] "GET /manager/html HTTP/1.1" 401 2474
190.95.2.163 - - [04/Aug/2025:11:40:48 -0300] "GET /cormun/servlet/permisogoce?81ee8b5e24f3a19e87588cf0b413cc223a722eea4420eca1ae7a82e85054140e1d439be5bc599b6e55fbf6607a69217e2818a8fe9fdebaeadc324670b7c1ea06,gx-no-cache=1754318606921 HTTP/1.1" 200 76
141.76.94.18 - - [04/Aug/2025:11:40:50 -0300] "âÞÆëɎñùT ©k¯*«dÑòóàA hAa7ˆ :x‹š7ç&%P&÷EJQ[·]Àý;f’´_iBÀ+À/À,À0̨̩À ÀÀ" 400 -
141.76.94.18 - - [04/Aug/2025:11:40:51 -0300] "-" 400 -
141.76.94.18 - - [04/Aug/2025:11:40:51 -0300] "GET /pscan HTTP/1.1" 404 971
190.95.2.163 - - [04/Aug/2025:11:40:52 -0300] "GET /cormun/static/menuarrow.gif HTTP/1.1" 404 1015
141.76.94.18 - - [04/Aug/2025:11:40:53 -0300] "CONNECT 141.76.94.18:443 HTTP/1.1" 400 -
190.95.2.163 - - [04/Aug/2025:11:40:56 -0300] "GET /cormun/servlet/permisogoce?81ee8b5e24f3a19e87588cf0b413cc22286478ebefc0804263998a16e8b531b8fc5701a2824f7def7b183e2c52c4d998944af8bb1e050d8ade3f7eee45b61819,gx-no-cache=1754318614575 HTTP/1.1" 200 46
190.95.2.163 - - [04/Aug/2025:11:41:12 -0300] "POST /cormun/servlet/permisogoce?d0ba73c8a2b79762a05a054807fa0587,INS,0,,,,gx-no-cache=1754318628903 HTTP/1.1" 200 93
190.95.2.163 - - [04/Aug/2025:11:41:12 -0300] "GET /cormun/servlet/hpexe_return? HTTP/1.1" 200 1010
190.95.2.163 - - [04/Aug/2025:11:41:12 -0300] "GET /cormun/servlet/trpermisosgoce HTTP/1.1" 200 15218
190.95.2.163 - - [04/Aug/2025:11:41:19 -0300] "GET /cormun/servlet/apermisogoceprn?19820483,P,20250804104314,PU HTTP/1.1" 200 1657
190.95.1.183 - - [04/Aug/2025:11:41:37 -0300] "GET /cormun/servlet/hlogin HTTP/1.1" 200 1725
190.95.1.183 - - [04/Aug/2025:11:41:40 -0300] "POST /cormun/servlet/hlogin?ce88d718d0bfa41006c04bbdfea5a81d,gx-no-cache=1754318659257 HTTP/1.1" 200 90
190.95.1.183 - - [04/Aug/2025:11:41:40 -0300] "GET /cormun/servlet/hpexe_link HTTP/1.1" 200 954
190.95.1.183 - - [04/Aug/2025:11:41:41 -0300] "GET /cormun/servlet/hhome HTTP/1.1" 200 3978
183.182.125.198 - - [04/Aug/2025:11:42:03 -0300] "GET /manager/html HTTP/1.1" 401 2474
200.126.117.15 - - [04/Aug/2025:11:42:38 -0300] "GET /cormun/servlet/hlogin HTTP/1.1" 200 1719
200.126.117.15 - - [04/Aug/2025:11:42:38 -0300] "GET /cormun/servlet/hlogin HTTP/1.1" 200 1730
200.126.117.15 - - [04/Aug/2025:11:42:41 -0300] "POST /cormun/servlet/hlogin?0d8a7e3a499876a8975c7ee87e41b179,gx-no-cache=1754318719211 HTTP/1.1" 200 90
200.126.117.15 - - [04/Aug/2025:11:42:41 -0300] "GET /cormun/servlet/hpexe_link HTTP/1.1" 200 950
200.126.117.15 - - [04/Aug/2025:11:42:41 -0300] "GET /cormun/servlet/hhome HTTP/1.1" 200 4321
200.126.117.15 - - [04/Aug/2025:11:42:41 -0300] "GET /cormun/static/gxcfg.js?20201215495537 HTTP/1.1" 200 953
200.126.117.15 - - [04/Aug/2025:11:42:41 -0300] "GET /cormun/static/hhome.js?20201215495544 HTTP/1.1" 200 777
190.95.1.183 - - [04/Aug/2025:11:42:42 -0300] "GET /cormun/servlet/trlicencias? HTTP/1.1" 200 13526
200.126.117.15 - - [04/Aug/2025:11:42:51 -0300] "GET /cormun/servlet/trpermisosgoce? HTTP/1.1" 200 9776
200.126.117.15 - - [04/Aug/2025:11:42:52 -0300] "GET /cormun//static/Resources/PXToolsGridUpdate.png HTTP/1.1" 200 470
190.95.67.91 - - [04/Aug/2025:11:43:04 -0300] "POST /cormun/servlet/trlicencias?80f79aafe6a38aa03492e60841733e82,gx-no-cache=1754318743325 HTTP/1.1" 440 972
190.95.67.91 - - [04/Aug/2025:11:43:06 -0300] "GET /cormun/servlet/trlicencias HTTP/1.1" 200 6055
190.95.67.91 - - [04/Aug/2025:11:43:06 -0300] "GET /cormun/servlet/hlogin HTTP/1.1" 200 1741
190.95.67.91 - - [04/Aug/2025:11:43:13 -0300] "POST /cormun/servlet/hlogin?f225f2404c3fe5fca08fce518edf7a06,gx-no-cache=1754318751823 HTTP/1.1" 200 90
190.95.67.91 - - [04/Aug/2025:11:43:13 -0300] "GET /cormun/servlet/hpexe_link HTTP/1.1" 200 959
190.95.67.91 - - [04/Aug/2025:11:43:13 -0300] "GET /cormun/servlet/trlicencias HTTP/1.1" 200 19133
200.126.117.15 - - [04/Aug/2025:11:43:15 -0300] "GET /cormun/servlet/trpermisosadjuntos?17133915,20250801094531,P, HTTP/1.1" 200 6639
200.126.117.15 - - [04/Aug/2025:11:43:15 -0300] "GET /cormun/static/gxcfg.js?2020121641683 HTTP/1.1" 200 953
200.126.117.15 - - [04/Aug/2025:11:43:15 -0300] "GET /cormun/static/trpermisosadjuntos.js?2020121642996 HTTP/1.1" 200 20158
200.126.117.15 - - [04/Aug/2025:11:43:16 -0300] "GET /cormun/servlet/permisosadjuntos?INS,17133915,P,20250801094531,, HTTP/1.1" 200 5965
200.126.117.15 - - [04/Aug/2025:11:43:17 -0300] "GET /cormun/static/gxcfg.js?20201215134212 HTTP/1.1" 200 953
200.126.117.15 - - [04/Aug/2025:11:43:17 -0300] "GET /cormun/static/permisosadjuntos.js?20201215134285 HTTP/1.1" 200 8724
200.126.117.15 - - [04/Aug/2025:11:43:17 -0300] "GET /cormun/static/about:blank HTTP/1.1" 404 1011
183.182.125.198 - - [04/Aug/2025:11:43:26 -0300] "GET /manager/html HTTP/1.1" 401 2474
190.95.15.31 - - [04/Aug/2025:11:44:21 -0300] "GET /cormun/servlet/hlogin HTTP/1.1" 200 1718
190.95.15.31 - - [04/Aug/2025:11:44:26 -0300] "GET /cormun/servlet/hlogin HTTP/1.1" 200 1728
190.95.15.31 - - [04/Aug/2025:11:44:29 -0300] "POST /cormun/servlet/hlogin?936a22b1c5ff14ae0ae00bb1fb0f629b,gx-no-cache=1754318826979 HTTP/1.1" 200 90
190.95.15.31 - - [04/Aug/2025:11:44:29 -0300] "GET /cormun/servlet/hpexe_link HTTP/1.1" 200 949
190.95.15.31 - - [04/Aug/2025:11:44:30 -0300] "GET /cormun/servlet/hhome HTTP/1.1" 200 4356
190.95.15.31 - - [04/Aug/2025:11:44:34 -0300] "GET /cormun/servlet/trpermisosgoce? HTTP/1.1" 200 9387
190.95.15.31 - - [04/Aug/2025:11:44:35 -0300] "GET /cormun/static/gxcfg.js?2020121631564 HTTP/1.1" 200 953
190.95.15.31 - - [04/Aug/2025:11:44:35 -0300] "GET /cormun/static/trpermisosgoce.js?2020121633681 HTTP/1.1" 200 35904
190.95.15.31 - - [04/Aug/2025:11:44:38 -0300] "GET /cormun/servlet/permisogoce?INS,0,,, HTTP/1.1" 200 7253
190.95.15.31 - - [04/Aug/2025:11:44:38 -0300] "GET /cormun/static/gxcfg.js?20201215124560 HTTP/1.1" 200 953
190.95.15.31 - - [04/Aug/2025:11:44:38 -0300] "GET /cormun/static/permisogoce.js?20201215124939 HTTP/1.1" 200 27790
190.95.15.31 - - [04/Aug/2025:11:44:48 -0300] "GET /cormun/servlet/permisogoce?1934520794d76e7099e84c6f9646e625e37acc1a95fb031f57571e92de0f6cf56138a878908aedf8c694f5a8c40ad0740b117eb8af9bf3d0ddbc783bc4e8cd21,gx-no-cache=1754318845226 HTTP/1.1" 200 72
190.95.15.31 - - [04/Aug/2025:11:44:48 -0300] "GET /cormun/static/menuarrow.gif HTTP/1.1" 404 1015
183.182.125.198 - - [04/Aug/2025:11:44:48 -0300] "GET /manager/html HTTP/1.1" 401 2474
190.95.15.31 - - [04/Aug/2025:11:44:55 -0300] "GET /cormun/servlet/permisogoce?1934520794d76e7099e84c6f9646e625b7872b19d40d74559bb956a45566cecf54e7ccf6ee1ace25505d209c57eda94891a3151e6aa52466ba33976728250384,gx-no-cache=1754318852384 HTTP/1.1" 200 46
190.95.15.31 - - [04/Aug/2025:11:44:59 -0300] "POST /cormun/servlet/permisogoce?936a22b1c5ff14ae0ae00bb1fb0f629b,INS,0,,,,gx-no-cache=1754318855602 HTTP/1.1" 200 93
190.95.15.31 - - [04/Aug/2025:11:44:59 -0300] "GET /cormun/servlet/hpexe_return? HTTP/1.1" 200 1008
190.95.15.31 - - [04/Aug/2025:11:44:59 -0300] "GET /cormun/servlet/trpermisosgoce HTTP/1.1" 200 9614
190.95.15.9 - - [04/Aug/2025:11:44:59 -0300] "GET /cormun/servlet/trfichaempleado HTTP/1.1" 200 14897
190.95.15.31 - - [04/Aug/2025:11:45:03 -0300] "GET /cormun/servlet/apermisogoceprn?15106002,P,20250804104731,PU HTTP/1.1" 200 1652
190.95.15.9 - - [04/Aug/2025:11:45:43 -0300] "GET /cormun/servlet/trfichaempleado HTTP/1.1" 200 15110
183.182.125.198 - - [04/Aug/2025:11:46:10 -0300] "GET /manager/html HTTP/1.1" 401 2474
190.95.15.9 - - [04/Aug/2025:11:46:12 -0300] "GET /cormun/servlet/trfichaempleado HTTP/1.1" 200 15110
192.168.10.19 - - [04/Aug/2025:11:46:38 -0300] "GET /cormun/servlet/hlogin HTTP/1.1" 200 1724
192.168.10.19 - - [04/Aug/2025:11:46:39 -0300] "GET /cormun/servlet/hlogin HTTP/1.1" 200 1734
192.168.10.19 - - [04/Aug/2025:11:46:44 -0300] "POST /cormun/servlet/hlogin?0ded72593f19bfa34a8f792c36989e1a,gx-no-cache=1754318977265 HTTP/1.1" 200 90
192.168.10.19 - - [04/Aug/2025:11:46:44 -0300] "GET /cormun/servlet/hpexe_link HTTP/1.1" 200 953
192.168.10.19 - - [04/Aug/2025:11:46:44 -0300] "GET /cormun/servlet/hhome HTTP/1.1" 200 3826
190.95.15.9 - - [04/Aug/2025:11:47:03 -0300] "GET /cormun/servlet/trfichaempleado HTTP/1.1" 200 15110
192.168.10.19 - - [04/Aug/2025:11:47:03 -0300] "GET /cormun/servlet/trsolicitudgral? HTTP/1.1" 200 17859
190.95.67.99 - - [04/Aug/2025:11:47:07 -0300] "POST /cormun/servlet/trlicencias?78610e2d18e4bc260101dc3b6a20ef83,gx-no-cache=1754318994807 HTTP/1.1" 200 8015
192.168.10.19 - - [04/Aug/2025:11:47:13 -0300] "POST /cormun/servlet/trsolicitudgral?0ded72593f19bfa34a8f792c36989e1a,,gx-no-cache=1754319006530 HTTP/1.1" 200 6641
192.168.10.19 - - [04/Aug/2025:11:47:16 -0300] "GET /cormun/servlet/vesolicitudgral?2025,22814,, HTTP/1.1" 200 8486
192.168.10.19 - - [04/Aug/2025:11:47:17 -0300] "GET /cormun/pexe_scrolldiv.js HTTP/1.1" 404 1009
183.182.125.198 - - [04/Aug/2025:11:47:32 -0300] "GET /manager/html HTTP/1.1" 401 2474
190.95.15.9 - - [04/Aug/2025:11:47:42 -0300] "GET /cormun/servlet/trfichaempleado HTTP/1.1" 200 15110
192.168.10.19 - - [04/Aug/2025:11:47:42 -0300] "GET /cormun/servlet/vesolicitudgral?2025,22814,,SolicitudOTAdjuntos HTTP/1.1" 200 11371
192.168.10.19 - - [04/Aug/2025:11:47:42 -0300] "GET /cormun/pexe_scrolldiv.js HTTP/1.1" 404 1009
192.168.10.19 - - [04/Aug/2025:11:47:43 -0300] "POST /cormun/servlet/acontrolpreferencessavestate?None,RRHH+DANIELA,true HTTP/1.1" 200 35
192.168.10.19 - - [04/Aug/2025:11:47:43 -0300] "GET /cormun/servlet/vesolicitudgral?2025,22814,,General HTTP/1.1" 200 8492
192.168.10.19 - - [04/Aug/2025:11:47:43 -0300] "GET /cormun/pexe_scrolldiv.js HTTP/1.1" 404 1009
183.182.125.198 - - [04/Aug/2025:11:48:54 -0300] "GET /manager/html HTTP/1.1" 401 2474
190.95.1.185 - - [04/Aug/2025:11:49:13 -0300] "GET /cormun/servlet/hlogin HTTP/1.1" 200 1721
179.57.78.55 - - [04/Aug/2025:11:49:43 -0300] "GET /cormun/servlet/trpermisosgoce? HTTP/1.1" 200 6031
179.57.78.55 - - [04/Aug/2025:11:49:43 -0300] "GET /cormun/servlet/hlogin HTTP/1.1" 200 1739
183.182.125.198 - - [04/Aug/2025:11:50:16 -0300] "GET /manager/html HTTP/1.1" 401 2474
179.57.78.71 - - [04/Aug/2025:11:50:24 -0300] "GET /cormun/servlet/hhome HTTP/1.1" 200 3323
179.57.78.71 - - [04/Aug/2025:11:50:26 -0300] "GET /cormun/servlet/hlogin HTTP/1.1" 200 1734
179.57.78.55 - - [04/Aug/2025:11:50:38 -0300] "POST /cormun/servlet/hlogin?8109c1356100d2e3a157581479f0e917,gx-no-cache=1754319196808 HTTP/1.1" 200 90
179.57.78.55 - - [04/Aug/2025:11:50:38 -0300] "GET /cormun/servlet/hpexe_link HTTP/1.1" 200 954
179.57.78.55 - - [04/Aug/2025:11:50:39 -0300] "GET /cormun/servlet/trpermisosgoce HTTP/1.1" 200 14023
179.57.78.71 - - [04/Aug/2025:11:51:24 -0300] "POST /cormun/servlet/hlogin?c83a886496b8d1040973560558e1775d,gx-no-cache=1754319242890 HTTP/1.1" 200 90
179.57.78.71 - - [04/Aug/2025:11:51:24 -0300] "GET /cormun/servlet/hpexe_link HTTP/1.1" 200 951
179.57.78.71 - - [04/Aug/2025:11:51:25 -0300] "GET /cormun/servlet/hhome HTTP/1.1" 200 4257
179.57.78.71 - - [04/Aug/2025:11:51:30 -0300] "GET /cormun/servlet/trlicencias? HTTP/1.1" 200 13221
183.182.125.198 - - [04/Aug/2025:11:51:37 -0300] "GET /manager/html HTTP/1.1" 401 2474
183.182.125.198 - - [04/Aug/2025:11:52:59 -0300] "GET /manager/html HTTP/1.1" 401 2474
190.95.15.31 - - [04/Aug/2025:11:53:08 -0300] "GET /cormun/servlet/trlicencias? HTTP/1.1" 200 11726
183.182.125.198 - - [04/Aug/2025:11:54:22 -0300] "GET /manager/html HTTP/1.1" 401 2474
183.182.125.198 - - [04/Aug/2025:11:55:44 -0300] "GET /manager/html HTTP/1.1" 401 2474
183.182.125.198 - - [04/Aug/2025:11:57:05 -0300] "GET /manager/html HTTP/1.1" 401 2474
183.182.125.198 - - [04/Aug/2025:11:58:27 -0300] "GET /manager/html HTTP/1.1" 401 2474
183.182.125.198 - - [04/Aug/2025:11:59:49 -0300] "GET /manager/html HTTP/1.1" 401 2474
183.182.125.198 - - [04/Aug/2025:12:01:14 -0300] "GET /manager/html HTTP/1.1" 401 2474
183.182.125.198 - - [04/Aug/2025:12:02:36 -0300] "GET /manager/html HTTP/1.1" 401 2474
190.95.67.93 - - [04/Aug/2025:12:02:47 -0300] "POST /cormun/servlet/trsolicitudot?6828af5da98e5a37cdeae911492e4cd1,gx-no-cache=1754319925155 HTTP/1.1" 440 972
190.95.67.93 - - [04/Aug/2025:12:02:50 -0300] "GET /cormun/servlet/trsolicitudot HTTP/1.1" 200 6325
190.95.67.93 - - [04/Aug/2025:12:02:50 -0300] "GET /cormun/servlet/hlogin HTTP/1.1" 200 1735
190.95.67.93 - - [04/Aug/2025:12:02:53 -0300] "POST /cormun/servlet/hlogin?466e2a315295e1fef38538a9db0930f0,gx-no-cache=1754319931401 HTTP/1.1" 200 90
190.95.67.93 - - [04/Aug/2025:12:02:53 -0300] "GET /cormun/servlet/hpexe_link HTTP/1.1" 200 956
190.95.67.93 - - [04/Aug/2025:12:02:53 -0300] "GET /cormun/servlet/trsolicitudot HTTP/1.1" 200 8831
190.95.67.93 - - [04/Aug/2025:12:03:01 -0300] "POST /cormun/servlet/trsolicitudot?466e2a315295e1fef38538a9db0930f0,gx-no-cache=1754319939179 HTTP/1.1" 200 112
190.95.67.93 - - [04/Aug/2025:12:03:01 -0300] "GET /cormun/servlet/solicitudot?UPD,2025,22830,false, HTTP/1.1" 200 16939
190.95.67.93 - - [04/Aug/2025:12:03:02 -0300] "POST /cormun/servlet/solicitudot?gx-no-cache=1754319940050 HTTP/1.1" 200 4113
190.95.67.93 - - [04/Aug/2025:12:03:02 -0300] "POST /cormun/servlet/solicitudot?466e2a315295e1fef38538a9db0930f0,UPD,2025,22830,false,,gx-no-cache=1754319940202 HTTP/1.1" 200 13070
190.95.67.93 - - [04/Aug/2025:12:03:02 -0300] "GET /cormun/servlet/solicitudot?b1f076c385e091b96c01980603745ade0d81bcb78b47891a3fab36474cb1d9cbc825b9658087cfea16a4abb34f58caf3,gx-no-cache=1754319940403 HTTP/1.1" 200 30
190.95.67.93 - - [04/Aug/2025:12:03:02 -0300] "GET /cormun/servlet/solicitudot?b1f076c385e091b96c01980603745ade0586ca641c1926e3ce53ae26d7066e2f3497d528a06cd9032040d47a791c95feefe4ba6852f65e1d1d5d8dcc7831fbba,gx-no-cache=1754319940461 HTTP/1.1" 200 30
190.95.67.93 - - [04/Aug/2025:12:03:02 -0300] "GET /cormun/servlet/solicitudot?b1f076c385e091b96c01980603745ade30d1ba7b5b647e0170bb2033d1a486dc,gx-no-cache=1754319940506 HTTP/1.1" 200 29
190.95.67.93 - - [04/Aug/2025:12:03:02 -0300] "POST /cormun/servlet/solicitudot?gx-no-cache=1754319940559 HTTP/1.1" 200 254
190.95.67.93 - - [04/Aug/2025:12:03:02 -0300] "GET /cormun/servlet/solicitudot?b1f076c385e091b96c01980603745ade226e51e8051a64f507148899134d681dd64f5b50b9e4f740a5e607ca429d8e095d94221e36eaa859307efe2594587a09ddcc235a8bf83a2e0c23966f6c792abaf6518ed46a55e6d4e37e1381daa93b2fb7d33d6114e255e006bc959993481605fdfe9680627a5484d4115a0dbef29d8b6cbb1d1011db838a77359181a8be91878873a92aba0007396cb0bb297e388a83c0adc695fdb32b77dafaaba9cfc0083740444a76cf8ed51264d3fa161987cdd5d748780058f5e1102a5d9fced399fab43bfb4bf7d9620b5b2c7bcef9d8d9ed5678d040bc3d8f566b7f24ea6a5e92c6e0692838ffb92e40fda89fd0581e44e9300432a31c48a19f37f10b096849c03298bcf7ba378da4b55fab4f01382b55040958baeae95bd33ec18a2416ed5eac401ba803a8a75cd92cef88870315a79db5ec82e853732e5b188f615a7f37ae31c1d09435f39f69ac85aa02fb970855d61df9504c7800cfcc026e894ecec23f1e4b0973e92248b03076a78552a747688056ce,gx-no-cache=1754319940595 HTTP/1.1" 200 30
190.95.67.93 - - [04/Aug/2025:12:03:02 -0300] "POST /cormun/servlet/solicitudot?gx-no-cache=1754319940658 HTTP/1.1" 200 30
190.95.67.93 - - [04/Aug/2025:12:03:02 -0300] "POST /cormun/servlet/solicitudot?gx-no-cache=1754319940721 HTTP/1.1" 200 1482
190.95.67.93 - - [04/Aug/2025:12:03:02 -0300] "POST /cormun/servlet/solicitudot?gx-no-cache=1754319940750 HTTP/1.1" 200 41
190.95.67.93 - - [04/Aug/2025:12:03:07 -0300] "POST /cormun/servlet/solicitudot?466e2a315295e1fef38538a9db0930f0,UPD,2025,22830,false,,gx-no-cache=1754319945057 HTTP/1.1" 200 93
190.95.67.93 - - [04/Aug/2025:12:03:07 -0300] "GET /cormun/servlet/hpexe_return? HTTP/1.1" 200 1014
190.95.67.93 - - [04/Aug/2025:12:03:07 -0300] "GET /cormun/servlet/trsolicitudot HTTP/1.1" 200 8834
190.95.67.93 - - [04/Aug/2025:12:03:09 -0300] "POST /cormun/servlet/trsolicitudot?466e2a315295e1fef38538a9db0930f0,gx-no-cache=1754319947659 HTTP/1.1" 200 107
190.95.67.93 - - [04/Aug/2025:12:03:09 -0300] "GET /cormun/servlet/trsolicitudadjuntos?2025,22830, HTTP/1.1" 200 10814
190.95.67.93 - - [04/Aug/2025:12:03:13 -0300] "GET /cormun/servlet/trsolicitudot HTTP/1.1" 200 8834
190.95.67.93 - - [04/Aug/2025:12:03:17 -0300] "POST /cormun/servlet/trsolicitudot?466e2a315295e1fef38538a9db0930f0,gx-no-cache=1754319955507 HTTP/1.1" 200 4581
190.95.67.93 - - [04/Aug/2025:12:03:17 -0300] "GET /cormun/static/Shared/jqueryui/images/ui-bg_highlight-soft_100_c6c2c8_1x100.png HTTP/1.1" 404 1117
190.95.67.93 - - [04/Aug/2025:12:03:17 -0300] "GET /cormun/static/Shared/jqueryui/images/ui-icons_82798d_256x240.png HTTP/1.1" 404 1089
190.95.67.93 - - [04/Aug/2025:12:03:17 -0300] "GET /cormun/static/Shared/jqueryui/images/ui-icons_8d78a5_256x240.png HTTP/1.1" 404 1089
190.95.67.93 - - [04/Aug/2025:12:03:17 -0300] "GET /cormun/static/Shared/jqueryui/images/ui-bg_flat_55_fafafa_40x100.png HTTP/1.1" 404 1097
190.95.67.93 - - [04/Aug/2025:12:03:17 -0300] "POST /cormun/servlet/trsolicitudot?466e2a315295e1fef38538a9db0930f0,gx-no-cache=1754319955699 HTTP/1.1" 200 4348
180.253.59.105 - - [04/Aug/2025:12:03:29 -0300] "GET / HTTP/1.1" 200 11217
183.182.125.198 - - [04/Aug/2025:12:04:01 -0300] "GET /manager/html HTTP/1.1" 401 2474
183.182.125.198 - - [04/Aug/2025:12:05:25 -0300] "GET /manager/html HTTP/1.1" 401 2474
183.182.125.198 - - [04/Aug/2025:12:06:48 -0300] "GET /manager/html HTTP/1.1" 401 2474
183.182.125.198 - - [04/Aug/2025:12:08:10 -0300] "GET /manager/html HTTP/1.1" 401 2474
179.57.78.55 - - [04/Aug/2025:12:08:57 -0300] "GET /cormun/servlet/trlicencias? HTTP/1.1" 200 11572
179.57.78.55 - - [04/Aug/2025:12:08:59 -0300] "GET /cormun/static/menuarrow.gif HTTP/1.1" 404 1015
179.57.78.55 - - [04/Aug/2025:12:09:05 -0300] "POST /cormun/servlet/trlicencias?8109c1356100d2e3a157581479f0e917,,gx-no-cache=1754320302912 HTTP/1.1" 200 18050
179.57.78.55 - - [04/Aug/2025:12:09:09 -0300] "POST /cormun/servlet/trlicencias?8109c1356100d2e3a157581479f0e917,,gx-no-cache=1754320307231 HTTP/1.1" 200 101
179.57.78.55 - - [04/Aug/2025:12:09:09 -0300] "POST /cormun/servlet/trlicencias?8109c1356100d2e3a157581479f0e917,,gx-no-cache=1754320307439 HTTP/1.1" 200 18024
179.57.78.55 - - [04/Aug/2025:12:09:10 -0300] "GET /cormun/Licencias-4581.xls HTTP/1.1" 200 22016
183.182.125.198 - - [04/Aug/2025:12:09:33 -0300] "GET /manager/html HTTP/1.1" 401 2474
192.168.10.19 - - [04/Aug/2025:12:10:46 -0300] "GET /cormun/servlet/vesolicitudgral?2025,22814,,SolicitudOTAdjuntos HTTP/1.1" 200 11374
192.168.10.19 - - [04/Aug/2025:12:10:46 -0300] "GET /cormun/pexe_scrolldiv.js HTTP/1.1" 404 1009
192.168.10.19 - - [04/Aug/2025:12:10:48 -0300] "POST /cormun/servlet/acontrolpreferencessavestate?None,RRHH+DANIELA,true HTTP/1.1" 200 35
192.168.10.19 - - [04/Aug/2025:12:10:51 -0300] "GET /cormun/PublicTempStorage/cedula_de_identidad_gonzalo_gallegos_moena2531673.pdf HTTP/1.1" 200 136584
190.95.15.15 - - [04/Aug/2025:12:10:54 -0300] "GET /cormun/static/menuarrow.gif HTTP/1.1" 404 1015
183.182.125.198 - - [04/Aug/2025:12:10:57 -0300] "GET /manager/html HTTP/1.1" 401 2474
190.95.15.15 - - [04/Aug/2025:12:11:10 -0300] "POST /cormun/servlet/trlicencias?32586a1db117e27684883999b57699c3,,gx-no-cache=1754320428865 HTTP/1.1" 440 972
190.95.15.15 - - [04/Aug/2025:12:11:12 -0300] "GET /cormun/servlet/trlicencias? HTTP/1.1" 200 6047
190.95.15.15 - - [04/Aug/2025:12:11:12 -0300] "GET /cormun/servlet/hlogin HTTP/1.1" 200 1735
190.95.15.15 - - [04/Aug/2025:12:11:18 -0300] "POST /cormun/servlet/hlogin?8b042385702485a9322021b50e7b57f5,gx-no-cache=1754320436706 HTTP/1.1" 200 90
190.95.15.15 - - [04/Aug/2025:12:11:18 -0300] "GET /cormun/servlet/hpexe_link HTTP/1.1" 200 952
190.95.15.15 - - [04/Aug/2025:12:11:18 -0300] "GET /cormun/servlet/trlicencias HTTP/1.1" 200 13447
190.95.15.15 - - [04/Aug/2025:12:11:21 -0300] "GET /cormun/static/menuarrow.gif HTTP/1.1" 404 1015
190.95.15.15 - - [04/Aug/2025:12:11:33 -0300] "POST /cormun/servlet/trlicencias?8b042385702485a9322021b50e7b57f5,gx-no-cache=1754320451170 HTTP/1.1" 200 11348
192.168.10.19 - - [04/Aug/2025:12:11:38 -0300] "GET /cormun/servlet/vesolicitudgral?2025,22814,,SolicitudOTAdjuntos HTTP/1.1" 200 11374
192.168.10.19 - - [04/Aug/2025:12:11:39 -0300] "POST /cormun/servlet/acontrolpreferencessavestate?None,RRHH+DANIELA,true HTTP/1.1" 200 35
192.168.10.19 - - [04/Aug/2025:12:11:41 -0300] "GET /cormun/PublicTempStorage/cv_gonzalo_gallegos_moena_20247403198.pdf HTTP/1.1" 200 1021905
190.95.15.15 - - [04/Aug/2025:12:11:45 -0300] "POST /cormun/servlet/trlicencias?8b042385702485a9322021b50e7b57f5,gx-no-cache=1754320463411 HTTP/1.1" 200 100
190.95.15.15 - - [04/Aug/2025:12:11:45 -0300] "POST /cormun/servlet/trlicencias?8b042385702485a9322021b50e7b57f5,gx-no-cache=1754320463559 HTTP/1.1" 200 11324
190.95.15.15 - - [04/Aug/2025:12:11:45 -0300] "GET /cormun/Licencias-282.xls HTTP/1.1" 200 11776
201.186.225.193 - - [04/Aug/2025:12:12:03 -0300] "GET /cormun/servlet/hhome HTTP/1.1" 200 3329
192.168.10.19 - - [04/Aug/2025:12:12:03 -0300] "GET /cormun/servlet/vesolicitudgral?2025,22814,,SolicitudOTAdjuntos HTTP/1.1" 200 11375
201.186.225.193 - - [04/Aug/2025:12:12:03 -0300] "GET /cormun/servlet/hlogin HTTP/1.1" 200 1738
192.168.10.19 - - [04/Aug/2025:12:12:04 -0300] "POST /cormun/servlet/acontrolpreferencessavestate?None,RRHH+DANIELA,true HTTP/1.1" 200 35
201.186.225.193 - - [04/Aug/2025:12:12:06 -0300] "POST /cormun/servlet/hlogin?58b6502785e821c88d082991a64480c3,gx-no-cache=1754320484710 HTTP/1.1" 200 90
192.168.10.19 - - [04/Aug/2025:12:12:06 -0300] "GET /cormun/servlet/vesolicitudgral?2025,22814,,General HTTP/1.1" 200 8492
201.186.225.193 - - [04/Aug/2025:12:12:06 -0300] "GET /cormun/servlet/hpexe_link HTTP/1.1" 200 956
192.168.10.19 - - [04/Aug/2025:12:12:06 -0300] "GET /cormun/pexe_scrolldiv.js HTTP/1.1" 404 1009
201.186.225.193 - - [04/Aug/2025:12:12:06 -0300] "GET /cormun/servlet/hhome HTTP/1.1" 200 4300
190.95.67.91 - - [04/Aug/2025:12:12:07 -0300] "GET /cormun/servlet/trautorizarpermisogoce? HTTP/1.1" 200 8252
201.186.225.193 - - [04/Aug/2025:12:12:09 -0300] "GET /cormun/servlet/trsolicitudot? HTTP/1.1" 200 7517
190.95.67.91 - - [04/Aug/2025:12:12:10 -0300] "POST /cormun/servlet/trautorizarpermisogoce?f225f2404c3fe5fca08fce518edf7a06,,gx-no-cache=1754320488912 HTTP/1.1" 200 5289
190.95.67.91 - - [04/Aug/2025:12:12:10 -0300] "GET /cormun/static/Shared/jqueryui/images/ui-bg_highlight-soft_100_c6c2c8_1x100.png HTTP/1.1" 404 1117
190.95.67.91 - - [04/Aug/2025:12:12:10 -0300] "GET /cormun/static/Shared/jqueryui/images/ui-icons_82798d_256x240.png HTTP/1.1" 404 1089
190.95.67.91 - - [04/Aug/2025:12:12:10 -0300] "GET /cormun/static/Shared/jqueryui/images/ui-bg_flat_55_fafafa_40x100.png HTTP/1.1" 404 1097
190.95.67.91 - - [04/Aug/2025:12:12:10 -0300] "GET /cormun/static/Shared/jqueryui/images/ui-icons_8d78a5_256x240.png HTTP/1.1" 404 1089
190.95.67.91 - - [04/Aug/2025:12:12:11 -0300] "POST /cormun/servlet/trautorizarpermisogoce?f225f2404c3fe5fca08fce518edf7a06,,gx-no-cache=1754320489772 HTTP/1.1" 200 4532
190.95.67.91 - - [04/Aug/2025:12:12:18 -0300] "GET /cormun/servlet/trpermisosgoce? HTTP/1.1" 200 19164
183.182.125.198 - - [04/Aug/2025:12:12:19 -0300] "GET /manager/html HTTP/1.1" 401 2474
190.95.15.15 - - [04/Aug/2025:12:12:52 -0300] "POST /cormun/servlet/trlicencias?8b042385702485a9322021b50e7b57f5,gx-no-cache=1754320530308 HTTP/1.1" 200 11347
192.168.10.19 - - [04/Aug/2025:12:12:55 -0300] "GET /cormun/servlet/vesolicitudgral?2025,22814,,SolicitudOTAdjuntos HTTP/1.1" 200 11375
192.168.10.19 - - [04/Aug/2025:12:12:55 -0300] "GET /cormun/pexe_scrolldiv.js HTTP/1.1" 404 1009
192.168.10.19 - - [04/Aug/2025:12:12:56 -0300] "POST /cormun/servlet/acontrolpreferencessavestate?None,RRHH+DANIELA,true HTTP/1.1" 200 35
192.168.10.19 - - [04/Aug/2025:12:12:58 -0300] "GET /cormun/PublicTempStorage/cv_gonzalo_gallegos_moena_20243706076.pdf HTTP/1.1" 200 1021905
190.95.67.91 - - [04/Aug/2025:12:13:00 -0300] "GET /cormun/servlet/trsolicitudot? HTTP/1.1" 200 7467
200.126.117.15 - - [04/Aug/2025:12:13:09 -0300] "POST /cormun/servlet/permisosadjuntos?0d8a7e3a499876a8975c7ee87e41b179,INS,17133915,P,20250801094531,, HTTP/1.1" 200 116
190.95.67.91 - - [04/Aug/2025:12:13:09 -0300] "GET /cormun/servlet/trlicencias? HTTP/1.1" 200 19127
200.126.117.15 - - [04/Aug/2025:12:13:09 -0300] "GET /cormun/servlet/hpexe_return? HTTP/1.1" 200 1038
200.126.117.15 - - [04/Aug/2025:12:13:09 -0300] "GET /cormun/static/hpexe_return.js?20221129846037 HTTP/1.1" 200 1633
200.126.117.15 - - [04/Aug/2025:12:13:09 -0300] "GET /cormun/static/gxcfg.js?20221129846035 HTTP/1.1" 200 953
200.126.117.15 - - [04/Aug/2025:12:13:09 -0300] "GET /cormun/servlet/trpermisosadjuntos?17133915,20250801094531,P, HTTP/1.1" 200 7181
200.126.117.15 - - [04/Aug/2025:12:13:15 -0300] "POST /cormun/servlet/trpermisosadjuntos?0d8a7e3a499876a8975c7ee87e41b179,17133915,20250801094531,P,,gx-no-cache=1754320553144 HTTP/1.1" 200 90
200.126.117.15 - - [04/Aug/2025:12:13:15 -0300] "GET /cormun/servlet/hpexe_link HTTP/1.1" 200 982
200.126.117.15 - - [04/Aug/2025:12:13:15 -0300] "GET /cormun/servlet/trpermisosgoce HTTP/1.1" 200 9776
200.126.117.15 - - [04/Aug/2025:12:13:22 -0300] "POST /cormun/servlet/trpermisosgoce?0d8a7e3a499876a8975c7ee87e41b179,gx-no-cache=1754320559902 HTTP/1.1" 200 6957
200.126.117.15 - - [04/Aug/2025:12:13:22 -0300] "GET /cormun/static/Shared/jqueryui/images/ui-bg_highlight-soft_100_c6c2c8_1x100.png HTTP/1.1" 404 1117
200.126.117.15 - - [04/Aug/2025:12:13:22 -0300] "GET /cormun/static/Shared/jqueryui/images/ui-icons_82798d_256x240.png HTTP/1.1" 404 1089
200.126.117.15 - - [04/Aug/2025:12:13:22 -0300] "GET /cormun/static/Shared/jqueryui/images/ui-bg_flat_55_fafafa_40x100.png HTTP/1.1" 404 1097
200.126.117.15 - - [04/Aug/2025:12:13:22 -0300] "GET /cormun/static/Shared/jqueryui/images/ui-icons_8d78a5_256x240.png HTTP/1.1" 404 1089
183.182.125.198 - - [04/Aug/2025:12:13:42 -0300] "GET /manager/html HTTP/1.1" 401 2474
201.186.225.193 - - [04/Aug/2025:12:13:47 -0300] "GET /cormun/servlet/solicitudot?INS,0,0,false, HTTP/1.1" 200 16296
200.126.117.15 - - [04/Aug/2025:12:13:59 -0300] "GET /cormun/servlet/trlicencias? HTTP/1.1" 200 10537
200.126.117.15 - - [04/Aug/2025:12:13:59 -0300] "GET /cormun/static/gxcfg.js?202211298463625 HTTP/1.1" 200 953
200.126.117.15 - - [04/Aug/2025:12:13:59 -0300] "GET /cormun/static/trlicencias.js?202211298463889 HTTP/1.1" 200 41883
200.126.117.15 - - [04/Aug/2025:12:14:07 -0300] "GET /cormun/static/menuarrow.gif HTTP/1.1" 404 1015
192.168.10.19 - - [04/Aug/2025:12:14:44 -0300] "GET /cormun/servlet/vesolicitudgral?2025,22814,,SolicitudOTAdjuntos HTTP/1.1" 200 11374
192.168.10.19 - - [04/Aug/2025:12:14:45 -0300] "POST /cormun/servlet/acontrolpreferencessavestate?None,RRHH+DANIELA,true HTTP/1.1" 200 35
192.168.10.19 - - [04/Aug/2025:12:14:49 -0300] "GET /cormun/PublicTempStorage/certificadoafiliacion_afp_gonzalo_gallegos_moena.6700276.pdf HTTP/1.1" 200 102104
192.168.10.19 - - [04/Aug/2025:12:14:57 -0300] "GET /cormun/servlet/vesolicitudgral?2025,22814,,SolicitudOTAdjuntos HTTP/1.1" 200 11374
192.168.10.19 - - [04/Aug/2025:12:14:58 -0300] "POST /cormun/servlet/acontrolpreferencessavestate?None,RRHH+DANIELA,true HTTP/1.1" 200 35
183.182.125.198 - - [04/Aug/2025:12:15:04 -0300] "GET /manager/html HTTP/1.1" 401 2474
192.168.10.19 - - [04/Aug/2025:12:15:19 -0300] "GET /cormun/servlet/vesolicitudgral?2025,22814,,General HTTP/1.1" 200 8492
192.168.10.19 - - [04/Aug/2025:12:15:19 -0300] "GET /cormun/pexe_scrolldiv.js HTTP/1.1" 404 1009
176.65.148.250 - - [04/Aug/2025:12:15:46 -0300] "GET / HTTP/1.1" 200 11217
201.186.225.193 - - [04/Aug/2025:12:16:09 -0300] "POST /cormun/servlet/solicitudot?gx-no-cache=1754320727779 HTTP/1.1" 200 4039
201.186.225.193 - - [04/Aug/2025:12:16:09 -0300] "POST /cormun/servlet/solicitudot?58b6502785e821c88d082991a64480c3,INS,0,0,false,,gx-no-cache=1754320727917 HTTP/1.1" 200 12895
201.186.225.193 - - [04/Aug/2025:12:16:09 -0300] "GET /cormun/servlet/solicitudot?df615463446362071949f288f6ed16510babd91e200a2362a23c0d625327e4e47a87bad1207cf821b0fbfa6ebc810226,gx-no-cache=1754320728033 HTTP/1.1" 200 111
201.186.225.193 - - [04/Aug/2025:12:16:09 -0300] "GET /cormun/static/Shared/jqueryui/images/ui-bg_highlight-soft_100_c6c2c8_1x100.png HTTP/1.1" 404 1117
201.186.225.193 - - [04/Aug/2025:12:16:09 -0300] "GET /cormun/static/Shared/jqueryui/images/ui-bg_flat_55_994d53_40x100.png HTTP/1.1" 404 1097
201.186.225.193 - - [04/Aug/2025:12:16:09 -0300] "GET /cormun/static/Shared/jqueryui/images/ui-icons_82798d_256x240.png HTTP/1.1" 404 1089
201.186.225.193 - - [04/Aug/2025:12:16:09 -0300] "GET /cormun/static/Shared/jqueryui/images/ui-icons_ebccce_256x240.png HTTP/1.1" 404 1089
201.186.225.193 - - [04/Aug/2025:12:16:15 -0300] "GET /cormun/servlet/solicitudot?df615463446362071949f288f6ed1651223463478b8de1dd423d135b5f04e76f8b4550ec66447bd274798130c118f6ae,gx-no-cache=1754320733254 HTTP/1.1" 200 111
183.182.125.198 - - [04/Aug/2025:12:16:26 -0300] "GET /manager/html HTTP/1.1" 401 2474
201.186.225.193 - - [04/Aug/2025:12:17:16 -0300] "GET /cormun/servlet/solicitudot?df615463446362071949f288f6ed1651bce9dcb5a683e1e162e6fd1543bf6298,gx-no-cache=1754320794155 HTTP/1.1" 200 94
183.182.125.198 - - [04/Aug/2025:12:17:48 -0300] "GET /manager/html HTTP/1.1" 401 2474
201.186.225.193 - - [04/Aug/2025:12:18:26 -0300] "GET /cormun/servlet/solicitudot?df615463446362071949f288f6ed1651c3e99022d4f779474f00fe714ee5753ab007ea4c7200915bdb3cd06ab03dd7cef34c02ccf6e864fc098fc32dc407d9828b4550ec66447bd274798130c118f6ae,gx-no-cache=1754320865042 HTTP/1.1" 200 30
201.186.225.193 - - [04/Aug/2025:12:18:27 -0300] "GET /cormun/servlet/solicitudot?df615463446362071949f288f6ed1651a02b5e2ca06a6d47458a13cfe0b30f72,gx-no-cache=1754320866043 HTTP/1.1" 200 53
201.186.225.193 - - [04/Aug/2025:12:18:27 -0300] "POST /cormun/servlet/solicitudot?gx-no-cache=1754320866076 HTTP/1.1" 200 297
201.186.225.193 - - [04/Aug/2025:12:18:28 -0300] "GET /cormun/servlet/solicitudot?df615463446362071949f288f6ed1651973637e7c5d2adff1c28a074fba4fc58dda79c608eced9ec87e4fb8e77fc35ac74d1d12a23c1dbc6f5329884842621a5d25fd32c248f77753f33aab2123f271f2b1ce7918f0f0c68e4cc043d25b990a48027e86d6ff68efa83cc5a07bf08271be758b61360865c8ac16e01ac8fd0b5647abcc8a2bbc1ee34148a677e980814832cd379aa88efa7f16774f020f4d57a39fb39392d0768e6a0423ff8b494e1f4caae7c3e99c479691618a84d9a0de9f39d91b31346d470f57a866c51b129bd9db489abe5cae14195b07b141de2ccc8f474ea7d5a76fc23f6eda6032fc4642643d78e6db849d1f8ce71487e5c765bf4c052d69285120e5ddb5eedcc1bae320be534484ce618c85350b44cbaf403386011b61c91bbc05c1ee664f6c61340d165eb91abb0d3997923114a1cd88c8f6b0bd3810f99e9e7cd633b4bc93a86e956d2b886458ca91c5cd40c6061c3dc80e831a7d4f82c5a8782a5e745906d3be750e85d15af917fab59116c0ed91401f5173c172be285988ad17c9ffb44db8eb136b5a057,gx-no-cache=1754320866100 HTTP/1.1" 200 30
201.186.225.193 - - [04/Aug/2025:12:18:28 -0300] "POST /cormun/servlet/solicitudot?gx-no-cache=1754320866122 HTTP/1.1" 200 30
201.186.225.193 - - [04/Aug/2025:12:18:28 -0300] "POST /cormun/servlet/solicitudot?gx-no-cache=1754320866146 HTTP/1.1" 200 1479
201.186.225.193 - - [04/Aug/2025:12:18:28 -0300] "POST /cormun/servlet/solicitudot?gx-no-cache=1754320866177 HTTP/1.1" 200 38
201.186.225.193 - - [04/Aug/2025:12:18:28 -0300] "GET /cormun/servlet/solicitudot?df615463446362071949f288f6ed16517d5f2d1cf3a8e57a653993bef2ed8f4e6d641350f9ba93e76179ab52b5cdceb5292b46c17f4f851378403d0636e65e0cf9d77f6ee0861ba6e49ddfd1dfdefb3517ad94eb48ba4789a1877c867ea795877eb4ee05c6c8c54cddbc613dd7a0fd64,gx-no-cache=1754320866198 HTTP/1.1" 200 110
201.186.225.193 - - [04/Aug/2025:12:18:28 -0300] "POST /cormun/servlet/solicitudot?gx-no-cache=1754320866218 HTTP/1.1" 200 64
201.186.225.193 - - [04/Aug/2025:12:18:28 -0300] "GET /cormun/servlet/solicitudot?df615463446362071949f288f6ed1651262a0902e9e9d0ed1d11dce25cc35de146b18c179d4b9bf0394d5ddfeadb00bdd5f9f679a13f61f8533bd4e6d033802a75b550edeee245d82fded3c9d62477d51e07635b86a106fce95607cd9eb542b6a2765454cff53888a54259af289357d8,gx-no-cache=1754320866242 HTTP/1.1" 200 29
201.186.225.193 - - [04/Aug/2025:12:18:28 -0300] "GET /cormun/servlet/solicitudot?df615463446362071949f288f6ed16517707ffd5fe0371f75055cbe04d32c146,gx-no-cache=1754320866255 HTTP/1.1" 200 30
201.186.225.193 - - [04/Aug/2025:12:18:28 -0300] "POST /cormun/servlet/solicitudot?gx-no-cache=1754320866282 HTTP/1.1" 200 30
201.186.225.193 - - [04/Aug/2025:12:18:28 -0300] "POST /cormun/servlet/solicitudot?gx-no-cache=1754320866621 HTTP/1.1" 200 30
201.186.225.193 - - [04/Aug/2025:12:18:28 -0300] "POST /cormun/servlet/solicitudot?gx-no-cache=1754320866645 HTTP/1.1" 200 1479
201.186.225.193 - - [04/Aug/2025:12:18:28 -0300] "POST /cormun/servlet/solicitudot?gx-no-cache=1754320866672 HTTP/1.1" 200 38
201.186.225.193 - - [04/Aug/2025:12:18:28 -0300] "GET /cormun/servlet/solicitudot?df615463446362071949f288f6ed16517d5f2d1cf3a8e57a653993bef2ed8f4e6d641350f9ba93e76179ab52b5cdceb5292b46c17f4f851378403d0636e65e0cf9d77f6ee0861ba6e49ddfd1dfdefb3517ad94eb48ba4789a1877c867ea795877eb4ee05c6c8c54cddbc613dd7a0fd64,gx-no-cache=1754320866701 HTTP/1.1" 200 110
201.186.225.193 - - [04/Aug/2025:12:18:28 -0300] "POST /cormun/servlet/solicitudot?gx-no-cache=1754320866732 HTTP/1.1" 200 64
201.186.225.193 - - [04/Aug/2025:12:18:28 -0300] "GET /cormun/servlet/solicitudot?df615463446362071949f288f6ed16517707ffd5fe0371f75055cbe04d32c146,gx-no-cache=1754320866769 HTTP/1.1" 200 30
201.186.225.193 - - [04/Aug/2025:12:18:28 -0300] "POST /cormun/servlet/solicitudot?gx-no-cache=1754320866800 HTTP/1.1" 200 30
201.186.225.193 - - [04/Aug/2025:12:18:37 -0300] "GET /cormun/static/Resources/resize.gif HTTP/1.1" 200 77
201.186.225.193 - - [04/Aug/2025:12:18:37 -0300] "GET /cormun/static/Resources/PXTools/ClosePrompt.png HTTP/1.1" 200 1036
201.186.225.193 - - [04/Aug/2025:12:18:37 -0300] "GET /cormun/servlet/prbanco?,MD,,gxPopupLevel%3D0%3B HTTP/1.1" 200 6689
201.186.225.193 - - [04/Aug/2025:12:18:37 -0300] "GET /cormun/static/prbanco.js?20201216132311 HTTP/1.1" 200 10693
201.186.225.193 - - [04/Aug/2025:12:18:37 -0300] "GET /cormun/static/gxcfg.js?20201216131581 HTTP/1.1" 200 953
201.186.225.193 - - [04/Aug/2025:12:18:37 -0300] "GET /cormun/static/Resources/PXToolsMenuSearch.png HTTP/1.1" 200 336
201.186.225.193 - - [04/Aug/2025:12:18:37 -0300] "GET /cormun/static/hmpwkw011.js?202211298443482 HTTP/1.1" 200 1968
201.186.225.193 - - [04/Aug/2025:12:18:37 -0300] "GET /cormun/static/menusearch.js?20201214473581 HTTP/1.1" 200 1424
201.186.225.193 - - [04/Aug/2025:12:18:37 -0300] "GET /cormun/static/Resources/PXToolsMenuSearchCancel.png HTTP/1.1" 200 306
201.186.225.193 - - [04/Aug/2025:12:18:56 -0300] "GET /cormun/servlet/solicitudot?df615463446362071949f288f6ed1651feb35cc1116e8a8ce64488e6367ada3a07cf03f1f1ccff1109f228f80bee99d3453ea7c61887ebc8d5b937b7e9e1ac1c,gx-no-cache=1754320894120 HTTP/1.1" 200 53
183.182.125.198 - - [04/Aug/2025:12:19:10 -0300] "GET /manager/html HTTP/1.1" 401 2474
181.203.30.149 - - [04/Aug/2025:12:19:20 -0300] "GET /cormun/servlet/apermisogoceprn?16737009,P,20250730091400,PU HTTP/1.1" 200 1664
181.203.30.149 - - [04/Aug/2025:12:19:22 -0300] "GET /favicon.ico HTTP/1.1" 200 21630
201.186.225.193 - - [04/Aug/2025:12:19:32 -0300] "POST /cormun/servlet/solicitudot?gx-no-cache=1754320930051 HTTP/1.1" 200 4178
201.186.225.193 - - [04/Aug/2025:12:19:32 -0300] "POST /cormun/servlet/solicitudot?58b6502785e821c88d082991a64480c3,INS,0,0,false,,gx-no-cache=1754320930199 HTTP/1.1" 200 13101
201.186.225.193 - - [04/Aug/2025:12:19:32 -0300] "GET /cormun/servlet/solicitudot?df615463446362071949f288f6ed16517a0f057f8cabd3e370643d409aa411738b4550ec66447bd274798130c118f6ae,gx-no-cache=1754320930317 HTTP/1.1" 200 30
201.186.225.193 - - [04/Aug/2025:12:19:32 -0300] "GET /cormun/servlet/solicitudot?df615463446362071949f288f6ed1651c3e99022d4f779474f00fe714ee5753ab007ea4c7200915bdb3cd06ab03dd7cef34c02ccf6e864fc098fc32dc407d982be69c9d5f64fe04e52c510668e5d2b5a,gx-no-cache=1754320930358 HTTP/1.1" 200 30
201.186.225.193 - - [04/Aug/2025:12:19:32 -0300] "GET /cormun/servlet/solicitudot?df615463446362071949f288f6ed1651feb35cc1116e8a8ce64488e6367ada3a07cf03f1f1ccff1109f228f80bee99d3453ea7c61887ebc8d5b937b7e9e1ac1c,gx-no-cache=1754320930374 HTTP/1.1" 200 53
183.182.125.198 - - [04/Aug/2025:12:20:34 -0300] "GET /manager/html HTTP/1.1" 401 2474
200.126.117.15 - - [04/Aug/2025:12:20:37 -0300] "POST /cormun/servlet/trlicencias?0d8a7e3a499876a8975c7ee87e41b179,,gx-no-cache=1754320994022 HTTP/1.1" 200 5680
200.126.117.15 - - [04/Aug/2025:12:21:21 -0300] "POST /cormun/servlet/trlicencias?0d8a7e3a499876a8975c7ee87e41b179,,gx-no-cache=1754321039044 HTTP/1.1" 200 5973
190.95.67.93 - - [04/Aug/2025:12:21:22 -0300] "GET /cormun/servlet/hlogin HTTP/1.1" 200 1720
190.95.67.93 - - [04/Aug/2025:12:21:26 -0300] "POST /cormun/servlet/hlogin?0b10f25b25c6d2b317ee27ed7c94adc1,gx-no-cache=1754321040938 HTTP/1.1" 200 90
190.95.67.93 - - [04/Aug/2025:12:21:26 -0300] "GET /cormun/servlet/hpexe_link HTTP/1.1" 200 950
190.95.67.93 - - [04/Aug/2025:12:21:26 -0300] "GET /cormun/servlet/hhome HTTP/1.1" 200 4339
190.95.67.93 - - [04/Aug/2025:12:21:26 -0300] "GET /cormun/static/gxcfg.js?20201215495537 HTTP/1.1" 200 953
190.95.67.93 - - [04/Aug/2025:12:21:26 -0300] "GET /cormun/static/hhome.js?20201215495544 HTTP/1.1" 200 777
190.95.67.93 - - [04/Aug/2025:12:21:39 -0300] "GET /cormun/servlet/trautorizarsolicitud? HTTP/1.1" 200 9302
190.95.67.93 - - [04/Aug/2025:12:21:39 -0300] "GET /cormun/static/gxcfg.js?202211298474254 HTTP/1.1" 200 953
190.95.67.93 - - [04/Aug/2025:12:21:39 -0300] "GET /cormun/static/trautorizarsolicitud.js?202211298474588 HTTP/1.1" 200 53909
190.95.67.93 - - [04/Aug/2025:12:21:39 -0300] "GET /cormun//static/Resources/PXToolsActionView.png HTTP/1.1" 200 398
190.95.67.93 - - [04/Aug/2025:12:21:39 -0300] "GET /cormun//static/Resources/PXToolsRemoveAllAction.png HTTP/1.1" 200 487
190.95.67.93 - - [04/Aug/2025:12:21:49 -0300] "POST /cormun/servlet/trautorizarsolicitud?0b10f25b25c6d2b317ee27ed7c94adc1,,gx-no-cache=1754321063816 HTTP/1.1" 200 5963
190.95.67.93 - - [04/Aug/2025:12:21:49 -0300] "GET /cormun/static/Shared/jqueryui/images/ui-icons_82798d_256x240.png HTTP/1.1" 404 1089
190.95.67.93 - - [04/Aug/2025:12:21:49 -0300] "GET /cormun/static/Shared/jqueryui/images/ui-bg_highlight-soft_100_c6c2c8_1x100.png HTTP/1.1" 404 1117
190.95.67.93 - - [04/Aug/2025:12:21:49 -0300] "GET /cormun/static/Shared/jqueryui/images/ui-icons_8d78a5_256x240.png HTTP/1.1" 404 1089
190.95.67.93 - - [04/Aug/2025:12:21:49 -0300] "GET /cormun/static/Shared/jqueryui/images/ui-bg_flat_55_fafafa_40x100.png HTTP/1.1" 404 1097
190.95.67.93 - - [04/Aug/2025:12:21:49 -0300] "POST /cormun/servlet/trautorizarsolicitud?0b10f25b25c6d2b317ee27ed7c94adc1,,gx-no-cache=1754321063963 HTTP/1.1" 200 5905
190.95.67.93 - - [04/Aug/2025:12:21:50 -0300] "POST /cormun/servlet/trautorizarsolicitud?0b10f25b25c6d2b317ee27ed7c94adc1,,gx-no-cache=1754321064957 HTTP/1.1" 200 4773
190.95.67.93 - - [04/Aug/2025:12:21:50 -0300] "POST /cormun/servlet/trautorizarsolicitud?0b10f25b25c6d2b317ee27ed7c94adc1,,gx-no-cache=1754321065052 HTTP/1.1" 200 4529
183.182.125.198 - - [04/Aug/2025:12:21:57 -0300] "GET /manager/html HTTP/1.1" 401 2474
190.95.67.93 - - [04/Aug/2025:12:23:11 -0300] "GET /cormun/servlet/trlicencias? HTTP/1.1" 200 10643
200.126.117.15 - - [04/Aug/2025:12:23:14 -0300] "POST /cormun/servlet/trlicencias?0d8a7e3a499876a8975c7ee87e41b179,,gx-no-cache=1754321152036 HTTP/1.1" 200 5695
201.186.225.193 - - [04/Aug/2025:12:23:50 -0300] "POST /cormun/servlet/solicitudot?gx-no-cache=1754321188357 HTTP/1.1" 200 255
201.186.225.193 - - [04/Aug/2025:12:23:50 -0300] "GET /cormun/servlet/solicitudot?df615463446362071949f288f6ed1651973637e7c5d2adff1c28a074fba4fc584030426d55e90f16e2e5fe029716514674d1d12a23c1dbc6f5329884842621a5d25fd32c248f77753f33aab2123f271f2b1ce7918f0f0c68e4cc043d25b990a48027e86d6ff68efa83cc5a07bf08271be758b61360865c8ac16e01ac8fd0b5647abcc8a2bbc1ee34148a677e980814832cd379aa88efa7f16774f020f4d57a39fb39392d0768e6a0423ff8b494e1f4caae7c3e99c479691618a84d9a0de9f39d91b31346d470f57a866c51b129bd9db489abe5cae14195b07b141de2ccc8f474ea7d5a76fc23f6eda6032fc4642643d7665f24375a76c0b47eff0e5b0a0b0b11d69285120e5ddb5eedcc1bae320be53415b0f6fa2a4f3d1fa9547a46aba74f2ce0ac31443ec805b6de736f09b06dd342926e20eb3958897ad4bccf10c1f67b484d2aa945d42878e1bd316a77a8a7e941d0210df0378d147e59dfe536a33f02f1e6004ac7ad6a4bf33c78c875cc09b18f3280fe8a93f49c26e868b0a5be24c694,gx-no-cache=1754321188421 HTTP/1.1" 200 30
190.95.15.15 - - [04/Aug/2025:12:24:00 -0300] "GET /cormun/servlet/trpermisosgoce? HTTP/1.1" 200 14137
183.182.125.198 - - [04/Aug/2025:12:24:00 -0300] "GET /manager/html HTTP/1.1" 401 2474
190.95.15.15 - - [04/Aug/2025:12:24:03 -0300] "GET /cormun/servlet/permisogoce?INS,0,,, HTTP/1.1" 200 6838
190.95.15.15 - - [04/Aug/2025:12:24:12 -0300] "GET /cormun/servlet/permisogoce?54f5e871985f69e1991d8c94b9c95bcc791d64cad19e58b14ee9231159ded57d0b81503864a1c4843fb3b575d34f57167807345152c4d532b32912f605bde7e8,gx-no-cache=1754321210704 HTTP/1.1" 200 82
190.95.15.15 - - [04/Aug/2025:12:24:12 -0300] "GET /cormun/static/menuarrow.gif HTTP/1.1" 404 1015
190.95.15.15 - - [04/Aug/2025:12:24:20 -0300] "GET /cormun/servlet/permisogoce?54f5e871985f69e1991d8c94b9c95bcccf7d85d0d9d640356e8dd6f82750a558a354dc6a2a6c7d4970bd9c43979d0a8d151b3296713c7a7974b5fd5769c3eb42,gx-no-cache=1754321218420 HTTP/1.1" 200 47
190.95.15.15 - - [04/Aug/2025:12:24:22 -0300] "POST /cormun/servlet/permisogoce?8b042385702485a9322021b50e7b57f5,INS,0,,,,gx-no-cache=1754321220072 HTTP/1.1" 200 93
190.95.15.15 - - [04/Aug/2025:12:24:22 -0300] "GET /cormun/servlet/hpexe_return? HTTP/1.1" 200 1007
190.95.15.15 - - [04/Aug/2025:12:24:22 -0300] "GET /cormun/servlet/trpermisosgoce HTTP/1.1" 200 14377
190.95.15.15 - - [04/Aug/2025:12:24:25 -0300] "GET /cormun/servlet/apermisogoceprn?19158338,P,20250804112657,PU HTTP/1.1" 200 1663
201.186.225.193 - - [04/Aug/2025:12:24:26 -0300] "POST /cormun/servlet/solicitudot?gx-no-cache=1754321224517 HTTP/1.1" 200 30
201.186.225.193 - - [04/Aug/2025:12:24:26 -0300] "POST /cormun/servlet/solicitudot?gx-no-cache=1754321224567 HTTP/1.1" 200 1481
201.186.225.193 - - [04/Aug/2025:12:24:26 -0300] "POST /cormun/servlet/solicitudot?gx-no-cache=1754321224610 HTTP/1.1" 200 38
190.95.67.91 - - [04/Aug/2025:12:24:40 -0300] "GET /cormun/servlet/trlicencias? HTTP/1.1" 200 19131
190.95.67.91 - - [04/Aug/2025:12:24:43 -0300] "GET /cormun/static/menuarrow.gif HTTP/1.1" 404 1015
190.95.15.9 - - [04/Aug/2025:12:24:47 -0300] "GET /cormun/servlet/hlogin HTTP/1.1" 200 1722
200.126.117.15 - - [04/Aug/2025:12:24:48 -0300] "POST /cormun/servlet/trlicencias?0d8a7e3a499876a8975c7ee87e41b179,,gx-no-cache=1754321244850 HTTP/1.1" 200 4456
201.186.225.193 - - [04/Aug/2025:12:24:48 -0300] "POST /cormun/servlet/solicitudot?gx-no-cache=1754321246885 HTTP/1.1" 200 1481
201.186.225.193 - - [04/Aug/2025:12:24:48 -0300] "POST /cormun/servlet/solicitudot?gx-no-cache=1754321246934 HTTP/1.1" 200 38
200.126.117.15 - - [04/Aug/2025:12:24:50 -0300] "POST /cormun/servlet/trlicencias?0d8a7e3a499876a8975c7ee87e41b179,,gx-no-cache=1754321247800 HTTP/1.1" 200 4457
200.126.117.15 - - [04/Aug/2025:12:24:51 -0300] "POST /cormun/servlet/trlicencias?0d8a7e3a499876a8975c7ee87e41b179,,gx-no-cache=1754321249057 HTTP/1.1" 200 4456
190.95.15.9 - - [04/Aug/2025:12:24:52 -0300] "POST /cormun/servlet/hlogin?b21eb80259324b1812657fa8c07ad773,gx-no-cache=1754321249665 HTTP/1.1" 200 90
190.95.15.9 - - [04/Aug/2025:12:24:52 -0300] "GET /cormun/servlet/hpexe_link HTTP/1.1" 200 951
190.95.15.9 - - [04/Aug/2025:12:24:52 -0300] "GET /cormun/servlet/hhome HTTP/1.1" 200 4265
200.126.117.15 - - [04/Aug/2025:12:24:55 -0300] "POST /cormun/servlet/trlicencias?0d8a7e3a499876a8975c7ee87e41b179,,gx-no-cache=1754321253276 HTTP/1.1" 200 4457
201.186.225.193 - - [04/Aug/2025:12:24:55 -0300] "POST /cormun/servlet/solicitudot?gx-no-cache=1754321253604 HTTP/1.1" 200 30
190.95.15.9 - - [04/Aug/2025:12:24:55 -0300] "GET /cormun/servlet/trlicencias? HTTP/1.1" 200 13892
200.126.117.15 - - [04/Aug/2025:12:24:58 -0300] "POST /cormun/servlet/trlicencias?0d8a7e3a499876a8975c7ee87e41b179,,gx-no-cache=1754321255845 HTTP/1.1" 200 4456
200.126.117.15 - - [04/Aug/2025:12:24:59 -0300] "POST /cormun/servlet/trlicencias?0d8a7e3a499876a8975c7ee87e41b179,,gx-no-cache=1754321257012 HTTP/1.1" 200 4456
201.186.225.193 - - [04/Aug/2025:12:25:02 -0300] "POST /cormun/servlet/solicitudot?gx-no-cache=1754321260508 HTTP/1.1" 200 30
190.95.67.91 - - [04/Aug/2025:12:25:11 -0300] "POST /cormun/servlet/trlicencias?f225f2404c3fe5fca08fce518edf7a06,,gx-no-cache=1754321270063 HTTP/1.1" 200 5775
190.95.67.91 - - [04/Aug/2025:12:25:22 -0300] "POST /cormun/servlet/trlicencias?f225f2404c3fe5fca08fce518edf7a06,,gx-no-cache=1754321280579 HTTP/1.1" 200 101
190.95.67.91 - - [04/Aug/2025:12:25:22 -0300] "POST /cormun/servlet/trlicencias?f225f2404c3fe5fca08fce518edf7a06,,gx-no-cache=1754321280651 HTTP/1.1" 200 5751
190.95.67.91 - - [04/Aug/2025:12:25:22 -0300] "GET /cormun/Licencias-8740.xls HTTP/1.1" 200 6144
183.182.125.198 - - [04/Aug/2025:12:25:27 -0300] "GET /manager/html HTTP/1.1" 401 2474
201.186.225.193 - - [04/Aug/2025:12:25:40 -0300] "POST /cormun/servlet/solicitudot?gx-no-cache=1754321298213 HTTP/1.1" 200 1482
201.186.225.193 - - [04/Aug/2025:12:25:40 -0300] "GET /cormun/static/menuarrow.gif HTTP/1.1" 404 1015
190.95.67.97 - - [04/Aug/2025:12:26:03 -0300] "GET /cormun/servlet/trlicencias? HTTP/1.1" 200 6037
190.95.67.97 - - [04/Aug/2025:12:26:03 -0300] "GET /cormun/servlet/hlogin HTTP/1.1" 200 1734
190.95.67.97 - - [04/Aug/2025:12:26:10 -0300] "POST /cormun/servlet/hlogin?258e4fda23c3add7124414625ae22c56,gx-no-cache=1754320803147 HTTP/1.1" 200 90
190.95.67.97 - - [04/Aug/2025:12:26:10 -0300] "GET /cormun/servlet/hpexe_link HTTP/1.1" 200 952
190.95.67.97 - - [04/Aug/2025:12:26:10 -0300] "GET /cormun/servlet/trlicencias HTTP/1.1" 200 9827
190.95.67.97 - - [04/Aug/2025:12:26:17 -0300] "GET /cormun/servlet/trpermisosgoce? HTTP/1.1" 200 11920
192.168.10.19 - - [04/Aug/2025:12:26:19 -0300] "POST /cormun/servlet/vesolicitudgral?0ded72593f19bfa34a8f792c36989e1a,2025,22814,,General,gx-no-cache=1754321352771 HTTP/1.1" 200 12408
192.168.10.19 - - [04/Aug/2025:12:26:19 -0300] "GET /cormun/static/Shared/jqueryui/images/ui-bg_highlight-soft_100_c6c2c8_1x100.png HTTP/1.1" 404 1117
192.168.10.19 - - [04/Aug/2025:12:26:19 -0300] "GET /cormun/static/Shared/jqueryui/images/ui-icons_82798d_256x240.png HTTP/1.1" 404 1089
192.168.10.19 - - [04/Aug/2025:12:26:19 -0300] "GET /cormun/static/Shared/jqueryui/images/ui-bg_flat_55_fafafa_40x100.png HTTP/1.1" 404 1097
192.168.10.19 - - [04/Aug/2025:12:26:19 -0300] "GET /cormun/static/Shared/jqueryui/images/ui-icons_8d78a5_256x240.png HTTP/1.1" 404 1089
192.168.10.19 - - [04/Aug/2025:12:26:20 -0300] "POST /cormun/servlet/vesolicitudgral?0ded72593f19bfa34a8f792c36989e1a,2025,22814,,General,gx-no-cache=1754321353076 HTTP/1.1" 200 12342
192.168.10.19 - - [04/Aug/2025:12:26:21 -0300] "GET /cormun/servlet/trautorizarot? HTTP/1.1" 200 9592
192.168.10.19 - - [04/Aug/2025:12:26:23 -0300] "POST /cormun/servlet/trautorizarot?0ded72593f19bfa34a8f792c36989e1a,,gx-no-cache=1754321356541 HTTP/1.1" 200 5367
