192.168.10.19 - - [04/Aug/2025:17:19:55 -0300] "POST /cormun/servlet/trsolicitudgral?312a223b9c77d2c90f20d9b49c77d159,,gx-no-cache=1754338967918 HTTP/1.1" 200 7473
135.233.112.103 - - [04/Aug/2025:17:20:14 -0300] "GET / HTTP/1.1" 200 11217
183.182.125.198 - - [04/Aug/2025:17:20:22 -0300] "GET /manager/html HTTP/1.1" 401 2474
179.57.78.55 - - [04/Aug/2025:17:21:01 -0300] "GET /cormun/servlet/trpermisosgoce? HTTP/1.1" 200 6021
179.57.78.55 - - [04/Aug/2025:17:21:01 -0300] "GET /cormun/servlet/hlogin HTTP/1.1" 200 1742
179.57.78.55 - - [04/Aug/2025:17:21:07 -0300] "POST /cormun/servlet/hlogin?8aa50f8978f283161253e447f96ef107,gx-no-cache=1754339025257 HTTP/1.1" 200 453
179.57.78.55 - - [04/Aug/2025:17:21:14 -0300] "POST /cormun/servlet/hlogin?8aa50f8978f283161253e447f96ef107,gx-no-cache=1754339031824 HTTP/1.1" 200 90
179.57.78.55 - - [04/Aug/2025:17:21:14 -0300] "GET /cormun/servlet/hpexe_link HTTP/1.1" 200 958
179.57.78.55 - - [04/Aug/2025:17:21:14 -0300] "GET /cormun/servlet/trpermisosgoce HTTP/1.1" 200 14023
179.57.78.55 - - [04/Aug/2025:17:21:17 -0300] "GET /cormun/servlet/trlicencias? HTTP/1.1" 200 11867
183.182.125.198 - - [04/Aug/2025:17:21:43 -0300] "GET /manager/html HTTP/1.1" 401 2474
192.168.10.19 - - [04/Aug/2025:17:23:19 -0300] "GET /cormun/servlet/vesolicitudgral?2025,22796,, HTTP/1.1" 200 8350
192.168.10.19 - - [04/Aug/2025:17:23:20 -0300] "GET /cormun/pexe_scrolldiv.js HTTP/1.1" 404 1009
192.168.10.19 - - [04/Aug/2025:17:23:22 -0300] "GET /cormun/servlet/vesolicitudgral?2025,22796,,SolicitudOTAdjuntos HTTP/1.1" 200 11358
192.168.10.19 - - [04/Aug/2025:17:23:22 -0300] "GET /cormun/pexe_scrolldiv.js HTTP/1.1" 404 1009
192.168.10.19 - - [04/Aug/2025:17:23:23 -0300] "POST /cormun/servlet/acontrolpreferencessavestate?None,RRHH+DANIELA,true HTTP/1.1" 200 35
192.168.10.19 - - [04/Aug/2025:17:23:23 -0300] "GET /cormun/servlet/vesolicitudgral?2025,22796,,General HTTP/1.1" 200 8354
192.168.10.19 - - [04/Aug/2025:17:23:23 -0300] "GET /cormun/pexe_scrolldiv.js HTTP/1.1" 404 1009
192.168.10.19 - - [04/Aug/2025:17:23:38 -0300] "GET /cormun/servlet/vesolicitudgral?2025,22796,,SolicitudOTAdjuntos HTTP/1.1" 200 11357
192.168.10.19 - - [04/Aug/2025:17:23:38 -0300] "GET /cormun/pexe_scrolldiv.js HTTP/1.1" 404 1009
192.168.10.19 - - [04/Aug/2025:17:23:39 -0300] "POST /cormun/servlet/acontrolpreferencessavestate?None,RRHH+DANIELA,true HTTP/1.1" 200 35
183.182.125.198 - - [04/Aug/2025:17:23:40 -0300] "GET /manager/html HTTP/1.1" 401 2474
192.168.10.19 - - [04/Aug/2025:17:23:41 -0300] "GET /cormun/PublicTempStorage/certificado_de_afilacion_afp_camila_reveco2825191.pdf HTTP/1.1" 200 53845
192.168.10.19 - - [04/Aug/2025:17:23:45 -0300] "GET /cormun/servlet/vesolicitudgral?2025,22796,,SolicitudOTAdjuntos HTTP/1.1" 200 11362
192.168.10.19 - - [04/Aug/2025:17:23:46 -0300] "POST /cormun/servlet/acontrolpreferencessavestate?None,RRHH+DANIELA,true HTTP/1.1" 200 35
192.168.10.19 - - [04/Aug/2025:17:23:48 -0300] "GET /cormun/PublicTempStorage/curriculum_vitae_camila_reveco5350185.pdf HTTP/1.1" 200 43013
192.168.10.19 - - [04/Aug/2025:17:23:54 -0300] "GET /cormun/servlet/vesolicitudgral?2025,22796,,SolicitudOTAdjuntos HTTP/1.1" 200 11364
192.168.10.19 - - [04/Aug/2025:17:23:55 -0300] "GET /cormun/servlet/vesolicitudgral?2025,22796,,General HTTP/1.1" 200 8354
192.168.10.19 - - [04/Aug/2025:17:23:55 -0300] "GET /cormun/pexe_scrolldiv.js HTTP/1.1" 404 1009
179.57.78.55 - - [04/Aug/2025:17:25:01 -0300] "GET /cormun/servlet/trsolicitudot? HTTP/1.1" 200 7196
179.57.78.55 - - [04/Aug/2025:17:25:01 -0300] "GET /cormun/static/gxcfg.js?20221129846531 HTTP/1.1" 200 953
179.57.78.55 - - [04/Aug/2025:17:25:01 -0300] "GET /cormun/static/trsolicitudot.js?202211298465651 HTTP/1.1" 200 54040
183.182.125.198 - - [04/Aug/2025:17:25:02 -0300] "GET /manager/html HTTP/1.1" 401 2474
179.57.78.55 - - [04/Aug/2025:17:25:04 -0300] "GET /cormun/servlet/solicitudot?INS,0,0,false, HTTP/1.1" 200 15984
179.57.78.55 - - [04/Aug/2025:17:25:04 -0300] "GET /cormun/static/gxcfg.js?20221129840861 HTTP/1.1" 200 953
179.57.78.55 - - [04/Aug/2025:17:25:04 -0300] "GET /cormun/static/solicitudot.js?20221129840983 HTTP/1.1" 200 74072
179.57.78.55 - - [04/Aug/2025:17:25:08 -0300] "POST /cormun/servlet/solicitudot?gx-no-cache=1754339265352 HTTP/1.1" 200 4096
179.57.78.55 - - [04/Aug/2025:17:25:08 -0300] "GET /cormun/static/Shared/jqueryui/images/ui-bg_highlight-soft_100_c6c2c8_1x100.png HTTP/1.1" 404 1117
179.57.78.55 - - [04/Aug/2025:17:25:08 -0300] "GET /cormun/static/Shared/jqueryui/images/ui-icons_82798d_256x240.png HTTP/1.1" 404 1089
179.57.78.55 - - [04/Aug/2025:17:25:08 -0300] "GET /cormun/static/Shared/jqueryui/images/ui-icons_ebccce_256x240.png HTTP/1.1" 404 1089
179.57.78.55 - - [04/Aug/2025:17:25:08 -0300] "GET /cormun/static/Shared/jqueryui/images/ui-bg_flat_55_994d53_40x100.png HTTP/1.1" 404 1097
179.57.78.55 - - [04/Aug/2025:17:25:08 -0300] "GET /cormun/servlet/solicitudot?0677e529059729d309c674b223bce803b971de7b7159c1f9f4830e3189396209,gx-no-cache=1754339265451 HTTP/1.1" 200 111
179.57.78.55 - - [04/Aug/2025:17:25:08 -0300] "GET /cormun/servlet/solicitudot?0677e529059729d309c674b223bce8033b4f5c8710461faa2838baae08a72973,gx-no-cache=1754339265479 HTTP/1.1" 200 94
179.57.78.55 - - [04/Aug/2025:17:25:08 -0300] "GET /cormun/servlet/solicitudot?0677e529059729d309c674b223bce803b55bdb4a0b6be1bdadbef453dd27c438,gx-no-cache=1754339265502 HTTP/1.1" 200 29
179.57.78.55 - - [04/Aug/2025:17:25:12 -0300] "GET /cormun/servlet/solicitudot?0677e529059729d309c674b223bce8036878737adcf0c0c18d26ccc8766e2bcd5b66072f32856903efbe154bcdd606859b7182b4029981ed5248dd87e769ba77c64f1f19dd2b5f3d5d82a4f667167d529dc09c43325a4211a37c6d008088baf6478d8efa6200025490aa18727a141e48f180ee1b4dd0b855f8cd833d20645c079be30432bb6d503a8dc6ca42d457381d8bf93c34b587726c2fa187f2a518c4ae8c6cfa4c41b6d0ba3dd330cc570ff8154b0e590513436dc42afe18ea8bf735c98a7b8ce0423aad93fc30f05cd067834e342e8617968f68be3217b7d01becff9fdcf4b1c5e0fae9859421545dbb43f1dd686b18637051aff1347814108466ebd47beee05c55088e71e35bd47029f8255ed974fb2a32e45ceb2afada14960d3d495264c1b2c80fe198a980256ad52482db29b96cb5b3ae254422b65bf4e500da8978bcf62bd4c6d026f3fd34734fe664cf,gx-no-cache=1754339270154 HTTP/1.1" 200 255
179.57.78.55 - - [04/Aug/2025:17:25:21 -0300] "POST /cormun/servlet/solicitudot?gx-no-cache=1754339278512 HTTP/1.1" 200 298
190.95.67.99 - - [04/Aug/2025:17:26:21 -0300] "GET /cormun/servlet/trlicencias? HTTP/1.1" 200 6057
183.182.125.198 - - [04/Aug/2025:17:26:25 -0300] "GET /manager/html HTTP/1.1" 401 2474
190.95.67.99 - - [04/Aug/2025:17:26:28 -0300] "GET /cormun/servlet/hlogin HTTP/1.1" 200 1740
183.182.125.198 - - [04/Aug/2025:17:27:48 -0300] "GET /manager/html HTTP/1.1" 401 2474
183.182.125.198 - - [04/Aug/2025:17:29:10 -0300] "GET /manager/html HTTP/1.1" 401 2474
183.182.125.198 - - [04/Aug/2025:17:30:33 -0300] "GET /manager/html HTTP/1.1" 401 2474
183.182.125.198 - - [04/Aug/2025:17:31:55 -0300] "GET /manager/html HTTP/1.1" 401 2474
179.57.78.9 - - [04/Aug/2025:17:32:28 -0300] "GET /cormun/servlet/hlogin HTTP/1.1" 200 1716
179.57.78.9 - - [04/Aug/2025:17:32:35 -0300] "POST /cormun/servlet/hlogin?cb171d414c6b6e03cc9371a9d9910c00,gx-no-cache=1754339712762 HTTP/1.1" 200 90
179.57.78.9 - - [04/Aug/2025:17:32:35 -0300] "GET /cormun/servlet/hpexe_link HTTP/1.1" 200 948
179.57.78.9 - - [04/Aug/2025:17:32:35 -0300] "GET /cormun/servlet/hhome HTTP/1.1" 200 4345
179.57.78.9 - - [04/Aug/2025:17:32:37 -0300] "GET /cormun/servlet/trlicencias? HTTP/1.1" 200 13340
190.95.67.99 - - [04/Aug/2025:17:33:11 -0300] "POST /cormun/servlet/hlogin?7d46567d0542aebba7a9621c00512ddf,gx-no-cache=1754339757545 HTTP/1.1" 200 90
190.95.67.99 - - [04/Aug/2025:17:33:11 -0300] "GET /cormun/servlet/hpexe_link HTTP/1.1" 200 957
190.95.67.99 - - [04/Aug/2025:17:33:11 -0300] "GET /cormun/servlet/trlicencias HTTP/1.1" 200 10426
183.182.125.198 - - [04/Aug/2025:17:33:17 -0300] "GET /manager/html HTTP/1.1" 401 2474
190.95.67.91 - - [04/Aug/2025:17:33:23 -0300] "POST /cormun/servlet/trlicencias?b707dc0471096dd19f496095a8b61e00,gx-no-cache=1754339760990 HTTP/1.1" 440 972
183.182.125.198 - - [04/Aug/2025:17:34:40 -0300] "GET /manager/html HTTP/1.1" 401 2474
190.95.67.97 - - [04/Aug/2025:17:35:15 -0300] "GET /cormun/servlet/trlicencias? HTTP/1.1" 200 6055
190.95.67.97 - - [04/Aug/2025:17:35:16 -0300] "GET /cormun/servlet/hlogin HTTP/1.1" 200 1735
190.95.67.97 - - [04/Aug/2025:17:35:21 -0300] "POST /cormun/servlet/hlogin?e60eaf95605cbc52b75bb611106cc708,gx-no-cache=1754339354063 HTTP/1.1" 200 90
190.95.67.97 - - [04/Aug/2025:17:35:21 -0300] "GET /cormun/servlet/hpexe_link HTTP/1.1" 200 954
190.95.67.97 - - [04/Aug/2025:17:35:21 -0300] "GET /cormun/servlet/trlicencias HTTP/1.1" 200 10081
190.95.67.97 - - [04/Aug/2025:17:35:30 -0300] "GET /cormun/servlet/trpermisosgoce? HTTP/1.1" 200 11685
183.182.125.198 - - [04/Aug/2025:17:36:02 -0300] "GET /manager/html HTTP/1.1" 401 2474
10.40.40.2 - - [04/Aug/2025:17:37:05 -0300] "POST /cormun/servlet/trlicencias?0c9caf400095de0515aba17919405bff,,gx-no-cache=1754339947989 HTTP/1.1" 440 972
10.40.40.2 - - [04/Aug/2025:17:37:07 -0300] "GET /cormun/servlet/trlicencias? HTTP/1.1" 200 6050
10.40.40.2 - - [04/Aug/2025:17:37:07 -0300] "GET /cormun/static/gxcfg.js?202211298463625 HTTP/1.1" 200 953
10.40.40.2 - - [04/Aug/2025:17:37:07 -0300] "GET /cormun/static/gxui/gxui-all.js HTTP/1.1" 200 16384
10.40.40.2 - - [04/Aug/2025:17:37:07 -0300] "GET /cormun/servlet/hlogin HTTP/1.1" 200 1739
10.40.40.2 - - [04/Aug/2025:17:37:07 -0300] "GET /cormun/static/gxcfg.js?2022112219184450 HTTP/1.1" 200 953
10.40.40.2 - - [04/Aug/2025:17:37:11 -0300] "POST /cormun/servlet/hlogin?3418b8439f731bca7e1610700b230192,gx-no-cache=1754339953338 HTTP/1.1" 200 90
10.40.40.2 - - [04/Aug/2025:17:37:11 -0300] "GET /cormun/servlet/hpexe_link HTTP/1.1" 200 956
10.40.40.2 - - [04/Aug/2025:17:37:11 -0300] "GET /cormun/servlet/trlicencias HTTP/1.1" 200 19320
10.40.40.2 - - [04/Aug/2025:17:37:15 -0300] "POST /cormun/servlet/trlicencias?3418b8439f731bca7e1610700b230192,gx-no-cache=1754339957348 HTTP/1.1" 200 4580
183.182.125.198 - - [04/Aug/2025:17:37:25 -0300] "GET /manager/html HTTP/1.1" 401 2474
183.182.125.198 - - [04/Aug/2025:17:38:48 -0300] "GET /manager/html HTTP/1.1" 401 2474
183.182.125.198 - - [04/Aug/2025:17:40:12 -0300] "GET /manager/html HTTP/1.1" 401 2474
183.182.125.198 - - [04/Aug/2025:17:41:34 -0300] "GET /manager/html HTTP/1.1" 401 2474
201.186.225.191 - - [04/Aug/2025:17:41:40 -0300] "GET /cormun/servlet/hlogin HTTP/1.1" 200 1719
201.186.225.191 - - [04/Aug/2025:17:41:51 -0300] "POST /cormun/servlet/hlogin?0657db3f3744a522680cadf89e6159a6,gx-no-cache=1754340268929 HTTP/1.1" 200 90
201.186.225.191 - - [04/Aug/2025:17:41:51 -0300] "GET /cormun/servlet/hpexe_link HTTP/1.1" 200 949
201.186.225.191 - - [04/Aug/2025:17:41:52 -0300] "GET /cormun/servlet/hhome HTTP/1.1" 200 4197
201.186.225.191 - - [04/Aug/2025:17:42:04 -0300] "GET /cormun/servlet/trlicencias? HTTP/1.1" 200 14139
190.95.2.163 - - [04/Aug/2025:17:42:16 -0300] "GET /cormun/servlet/hlogin HTTP/1.1" 200 1715
190.95.2.163 - - [04/Aug/2025:17:42:16 -0300] "GET /cormun/servlet/hlogin HTTP/1.1" 200 1726
190.95.2.163 - - [04/Aug/2025:17:42:19 -0300] "POST /cormun/servlet/hlogin?48968360a626f17d5f8e1d1d19e82f4e,gx-no-cache=1754340297961 HTTP/1.1" 200 90
190.95.2.163 - - [04/Aug/2025:17:42:19 -0300] "GET /cormun/servlet/hpexe_link HTTP/1.1" 200 947
190.95.2.163 - - [04/Aug/2025:17:42:19 -0300] "GET /cormun/servlet/hhome HTTP/1.1" 200 3992
201.186.225.191 - - [04/Aug/2025:17:42:32 -0300] "GET /cormun/servlet/hlogin HTTP/1.1" 200 1736
190.95.15.17 - - [04/Aug/2025:17:42:49 -0300] "GET /cormun/servlet/hlogin HTTP/1.1" 200 1721
190.95.2.163 - - [04/Aug/2025:17:42:52 -0300] "GET /cormun/servlet/trlicencias? HTTP/1.1" 200 11846
190.95.15.17 - - [04/Aug/2025:17:42:53 -0300] "POST /cormun/servlet/hlogin?a49bc6d45982dd7bb37894214719d681,gx-no-cache=1754340331687 HTTP/1.1" 200 90
190.95.15.17 - - [04/Aug/2025:17:42:53 -0300] "GET /cormun/servlet/hpexe_link HTTP/1.1" 200 951
190.95.15.17 - - [04/Aug/2025:17:42:53 -0300] "GET /cormun/servlet/hhome HTTP/1.1" 200 4378
190.95.15.17 - - [04/Aug/2025:17:42:56 -0300] "GET /cormun/servlet/trlicencias? HTTP/1.1" 200 12402
183.182.125.198 - - [04/Aug/2025:17:42:59 -0300] "GET /manager/html HTTP/1.1" 401 2474
190.95.2.163 - - [04/Aug/2025:17:43:01 -0300] "GET /cormun/servlet/trpermisosgoce? HTTP/1.1" 200 15219
183.182.125.198 - - [04/Aug/2025:17:44:23 -0300] "GET /manager/html HTTP/1.1" 401 2474
183.182.125.198 - - [04/Aug/2025:17:45:47 -0300] "GET /manager/html HTTP/1.1" 401 2474
10.40.40.2 - - [04/Aug/2025:17:46:29 -0300] "POST /cormun/servlet/trlicencias?44a25ffb08875addff2ea25277c648cd,gx-no-cache=1754340511439 HTTP/1.1" 440 972
10.40.40.2 - - [04/Aug/2025:17:46:30 -0300] "GET /cormun/servlet/trlicencias HTTP/1.1" 200 6050
10.40.40.2 - - [04/Aug/2025:17:46:30 -0300] "GET /cormun/static/RunJS/RunJS.js HTTP/1.1" 200 288
10.40.40.2 - - [04/Aug/2025:17:46:31 -0300] "GET /cormun/servlet/hlogin HTTP/1.1" 200 1736
10.40.40.2 - - [04/Aug/2025:17:46:34 -0300] "POST /cormun/servlet/hlogin?66c2de028ccd95d10b94a4c0af0e92e9,gx-no-cache=1754340516075 HTTP/1.1" 200 90
10.40.40.2 - - [04/Aug/2025:17:46:34 -0300] "GET /cormun/servlet/hpexe_link HTTP/1.1" 200 955
10.40.40.2 - - [04/Aug/2025:17:46:34 -0300] "GET /cormun/static/gxcfg.js?20221129847421 HTTP/1.1" 200 953
10.40.40.2 - - [04/Aug/2025:17:46:34 -0300] "GET /cormun/servlet/trlicencias HTTP/1.1" 200 19059
10.40.40.2 - - [04/Aug/2025:17:46:39 -0300] "POST /cormun/servlet/trlicencias?66c2de028ccd95d10b94a4c0af0e92e9,gx-no-cache=1754340521808 HTTP/1.1" 200 5331
190.95.15.15 - - [04/Aug/2025:17:47:03 -0300] "GET /cormun/servlet/trpermisosgoce? HTTP/1.1" 200 6033
190.95.15.15 - - [04/Aug/2025:17:47:03 -0300] "GET /cormun/servlet/hlogin HTTP/1.1" 200 1741
190.95.15.15 - - [04/Aug/2025:17:47:10 -0300] "POST /cormun/servlet/hlogin?277055f44fa48c3cb0883f82ce9504ee,gx-no-cache=1754340587785 HTTP/1.1" 200 90
190.95.15.15 - - [04/Aug/2025:17:47:10 -0300] "GET /cormun/servlet/hpexe_link HTTP/1.1" 200 957
190.95.15.15 - - [04/Aug/2025:17:47:10 -0300] "GET /cormun/servlet/trpermisosgoce HTTP/1.1" 200 14396
183.182.125.198 - - [04/Aug/2025:17:47:10 -0300] "GET /manager/html HTTP/1.1" 401 2474
190.95.15.15 - - [04/Aug/2025:17:47:13 -0300] "GET /cormun/servlet/permisogoce?INS,0,,, HTTP/1.1" 200 6840
190.95.15.15 - - [04/Aug/2025:17:47:23 -0300] "GET /cormun/servlet/permisogoce?33f912aa996af447816bd1fbddbd2adf814486ae56abaab3bae3712ca1eb6137c10519492a4cf799c0c6ee4e785b00c3f88fe32f19183ec1930055fef3a0eb51,gx-no-cache=1754340601067 HTTP/1.1" 200 79
190.95.15.15 - - [04/Aug/2025:17:47:23 -0300] "GET /cormun/static/menuarrow.gif HTTP/1.1" 404 1015
190.95.15.15 - - [04/Aug/2025:17:47:30 -0300] "GET /cormun/servlet/permisogoce?33f912aa996af447816bd1fbddbd2adf637c7bc96ad9c1b8d2c5e9a4f7212185b65555513938e16d54ce408bc1c6f0d296fd4a16386710ab0b3cfce7807413db,gx-no-cache=1754340608375 HTTP/1.1" 200 46
190.95.15.15 - - [04/Aug/2025:17:47:32 -0300] "POST /cormun/servlet/permisogoce?277055f44fa48c3cb0883f82ce9504ee,INS,0,,,,gx-no-cache=1754340609954 HTTP/1.1" 200 93
190.95.15.15 - - [04/Aug/2025:17:47:32 -0300] "GET /cormun/servlet/hpexe_return? HTTP/1.1" 200 1009
190.95.15.15 - - [04/Aug/2025:17:47:32 -0300] "GET /cormun/servlet/trpermisosgoce HTTP/1.1" 200 14668
190.95.15.15 - - [04/Aug/2025:17:47:35 -0300] "GET /cormun/servlet/apermisogoceprn?9154169,P,20250804165004,PU HTTP/1.1" 200 1641
10.40.40.2 - - [04/Aug/2025:17:47:41 -0300] "POST /cormun/servlet/trlicencias?ee4c3f6b1b11e480dc18e065e068b557,gx-no-cache=1754340583048 HTTP/1.1" 440 972
10.40.40.2 - - [04/Aug/2025:17:47:42 -0300] "GET /cormun/servlet/trlicencias HTTP/1.1" 200 6056
10.40.40.2 - - [04/Aug/2025:17:47:42 -0300] "GET /cormun/static/gxcfg.js?202211298463625 HTTP/1.1" 200 953
10.40.40.2 - - [04/Aug/2025:17:47:42 -0300] "GET /cormun/servlet/hlogin HTTP/1.1" 200 1742
10.40.40.2 - - [04/Aug/2025:17:47:50 -0300] "POST /cormun/servlet/trlicencias?66c2de028ccd95d10b94a4c0af0e92e9,gx-no-cache=1754340591962 HTTP/1.1" 200 17412
183.182.125.198 - - [04/Aug/2025:17:49:07 -0300] "GET /manager/html HTTP/1.1" 401 2474
201.186.225.191 - - [04/Aug/2025:17:49:39 -0300] "GET /cormun/servlet/hlogin HTTP/1.1" 200 1719
201.186.225.191 - - [04/Aug/2025:17:49:52 -0300] "POST /cormun/servlet/hlogin?0657db3f3744a522680cadf89e6159a6,gx-no-cache=1754340750281 HTTP/1.1" 200 90
201.186.225.191 - - [04/Aug/2025:17:49:52 -0300] "GET /cormun/servlet/hpexe_link HTTP/1.1" 200 954
201.186.225.191 - - [04/Aug/2025:17:49:52 -0300] "GET /cormun/servlet/trlicencias HTTP/1.1" 200 14138
201.186.225.191 - - [04/Aug/2025:17:49:58 -0300] "GET /cormun/servlet/trpermisosgoce? HTTP/1.1" 200 12407
201.186.225.191 - - [04/Aug/2025:17:50:03 -0300] "GET /cormun/static/menuarrow.gif HTTP/1.1" 404 1015
201.186.225.191 - - [04/Aug/2025:17:50:20 -0300] "POST /cormun/servlet/trpermisosgoce?0657db3f3744a522680cadf89e6159a6,,gx-no-cache=1754340777578 HTTP/1.1" 200 5335
190.95.15.15 - - [04/Aug/2025:17:50:23 -0300] "GET /cormun/servlet/permisogoce?INS,0,,, HTTP/1.1" 200 6840
201.186.225.191 - - [04/Aug/2025:17:50:24 -0300] "GET /cormun/servlet/hlogin HTTP/1.1" 200 1738
190.95.1.185 - - [04/Aug/2025:17:50:24 -0300] "GET /cormun/servlet/hlogin HTTP/1.1" 200 1719
190.95.1.185 - - [04/Aug/2025:17:50:28 -0300] "POST /cormun/servlet/hlogin?d2d25feb55fd929eed10ae4585589fc1,gx-no-cache=1754340785147 HTTP/1.1" 200 90
190.95.1.185 - - [04/Aug/2025:17:50:28 -0300] "GET /cormun/servlet/hpexe_link HTTP/1.1" 200 950
190.95.1.185 - - [04/Aug/2025:17:50:28 -0300] "GET /cormun/servlet/hhome HTTP/1.1" 200 4478
183.182.125.198 - - [04/Aug/2025:17:50:29 -0300] "GET /manager/html HTTP/1.1" 401 2474
190.95.1.185 - - [04/Aug/2025:17:50:34 -0300] "GET /cormun/servlet/trpermisosgoce? HTTP/1.1" 200 17572
190.95.15.15 - - [04/Aug/2025:17:50:40 -0300] "GET /cormun/servlet/permisogoce?33f912aa996af447816bd1fbddbd2adf07d3014912bf5815c9f0ac27edbd65b104b7f5c9cbae6c26abc96ba5ff9c7a38f2abeee6a93c9a2bf33b464113d2ea37,gx-no-cache=1754340797471 HTTP/1.1" 200 77
190.95.1.185 - - [04/Aug/2025:17:50:45 -0300] "POST /cormun/servlet/trpermisosgoce?d2d25feb55fd929eed10ae4585589fc1,,gx-no-cache=1754340802182 HTTP/1.1" 200 5343
190.95.15.15 - - [04/Aug/2025:17:50:48 -0300] "GET /cormun/servlet/permisogoce?33f912aa996af447816bd1fbddbd2adf7a726c62106cb066cdc6dd04e9149dd6965f1a91dd67d8df4606d0e05a238a92318267ce1f4e1413134a3dc9c72067e7,gx-no-cache=1754340805810 HTTP/1.1" 200 46
190.95.15.15 - - [04/Aug/2025:17:50:50 -0300] "POST /cormun/servlet/permisogoce?277055f44fa48c3cb0883f82ce9504ee,INS,0,,,,gx-no-cache=1754340807168 HTTP/1.1" 200 93
190.95.15.15 - - [04/Aug/2025:17:50:50 -0300] "GET /cormun/servlet/hpexe_return? HTTP/1.1" 200 1009
190.95.1.185 - - [04/Aug/2025:17:50:50 -0300] "GET /cormun/servlet/trpermisosgoce? HTTP/1.1" 200 8308
190.95.15.15 - - [04/Aug/2025:17:50:50 -0300] "GET /cormun/servlet/trpermisosgoce HTTP/1.1" 200 14866
190.95.1.185 - - [04/Aug/2025:17:50:52 -0300] "GET /cormun/servlet/permisogoce?INS,0,,, HTTP/1.1" 200 7382
190.95.15.15 - - [04/Aug/2025:17:50:55 -0300] "GET /cormun/servlet/apermisogoceprn?17520495,P,20250804165315,PU HTTP/1.1" 200 1651
190.95.1.185 - - [04/Aug/2025:17:51:09 -0300] "GET /cormun/servlet/permisogoce?c4eb2f8f4a0694be44a4970865eec2e0dba79e301269750acb7df5470cca21c4de58d98e916eedf595f8874540517b663a844647cae84470f09718bbb5109a4f,gx-no-cache=1754340826507 HTTP/1.1" 200 82
190.95.1.185 - - [04/Aug/2025:17:51:09 -0300] "GET /cormun/static/menuarrow.gif HTTP/1.1" 404 1015
190.95.1.185 - - [04/Aug/2025:17:51:14 -0300] "GET /cormun/servlet/permisogoce?c4eb2f8f4a0694be44a4970865eec2e0527e2e470f510fd001b7ca853d3096e3f84d03689937b11ce8d8abdc13aea7c994b67fe23a6252c2a4e73d7f46e1641a,gx-no-cache=1754340831729 HTTP/1.1" 200 47
190.95.1.185 - - [04/Aug/2025:17:51:33 -0300] "POST /cormun/servlet/permisogoce?d2d25feb55fd929eed10ae4585589fc1,INS,0,,,,gx-no-cache=1754340849626 HTTP/1.1" 200 93
190.95.1.185 - - [04/Aug/2025:17:51:33 -0300] "GET /cormun/servlet/hpexe_return? HTTP/1.1" 200 1008
190.95.1.185 - - [04/Aug/2025:17:51:33 -0300] "GET /cormun/servlet/trpermisosgoce HTTP/1.1" 200 8312
190.95.1.185 - - [04/Aug/2025:17:51:49 -0300] "POST /cormun/servlet/trpermisosgoce?d2d25feb55fd929eed10ae4585589fc1,gx-no-cache=1754340856450 HTTP/1.1" 200 14895
183.182.125.198 - - [04/Aug/2025:17:51:52 -0300] "GET /manager/html HTTP/1.1" 401 2474
190.95.1.185 - - [04/Aug/2025:17:51:53 -0300] "GET /cormun/servlet/apermisogoceprn?17501372,P,20250804165344,PU HTTP/1.1" 200 1662
183.182.125.198 - - [04/Aug/2025:17:53:14 -0300] "GET /manager/html HTTP/1.1" 401 2474
10.40.40.2 - - [04/Aug/2025:17:54:26 -0300] "POST /cormun/servlet/trlicencias?3418b8439f731bca7e1610700b230192,gx-no-cache=1754340988751 HTTP/1.1" 200 4580
183.182.125.198 - - [04/Aug/2025:17:54:37 -0300] "GET /manager/html HTTP/1.1" 401 2474
10.40.40.2 - - [04/Aug/2025:17:54:40 -0300] "POST /cormun/servlet/trlicencias?3418b8439f731bca7e1610700b230192,gx-no-cache=1754341002649 HTTP/1.1" 200 4580
10.40.40.2 - - [04/Aug/2025:17:54:43 -0300] "GET /cormun/static/menuarrow.gif HTTP/1.1" 404 1015
10.40.40.2 - - [04/Aug/2025:17:54:47 -0300] "POST /cormun/servlet/trlicencias?3418b8439f731bca7e1610700b230192,gx-no-cache=1754341009766 HTTP/1.1" 200 5107
183.182.125.198 - - [04/Aug/2025:17:55:59 -0300] "GET /manager/html HTTP/1.1" 401 2474
183.182.125.198 - - [04/Aug/2025:17:57:21 -0300] "GET /manager/html HTTP/1.1" 401 2474
183.182.125.198 - - [04/Aug/2025:17:58:44 -0300] "GET /manager/html HTTP/1.1" 401 2474
183.182.125.198 - - [04/Aug/2025:18:00:07 -0300] "GET /manager/html HTTP/1.1" 401 2474
183.182.125.198 - - [04/Aug/2025:18:01:30 -0300] "GET /manager/html HTTP/1.1" 401 2474
183.182.125.198 - - [04/Aug/2025:18:02:53 -0300] "GET /manager/html HTTP/1.1" 401 2474
193.174.89.19 - - [04/Aug/2025:18:03:41 -0300] "-" 400 -
183.182.125.198 - - [04/Aug/2025:18:04:15 -0300] "GET /manager/html HTTP/1.1" 401 2474
183.182.125.198 - - [04/Aug/2025:18:05:38 -0300] "GET /manager/html HTTP/1.1" 401 2474
190.95.67.99 - - [04/Aug/2025:18:06:31 -0300] "GET /cormun/servlet/trlicencias HTTP/1.1" 200 6052
190.95.67.99 - - [04/Aug/2025:18:06:34 -0300] "GET /cormun/servlet/hlogin HTTP/1.1" 200 1738
179.57.78.55 - - [04/Aug/2025:18:06:41 -0300] "POST /cormun/servlet/solicitudot?8aa50f8978f283161253e447f96ef107,INS,0,0,false,,gx-no-cache=1754341759090 HTTP/1.1" 440 972
179.57.78.55 - - [04/Aug/2025:18:06:43 -0300] "GET /cormun/servlet/solicitudot?INS,0,0,false, HTTP/1.1" 200 15150
179.57.78.55 - - [04/Aug/2025:18:06:43 -0300] "GET /cormun/servlet/hlogin HTTP/1.1" 200 1740
179.57.78.55 - - [04/Aug/2025:18:06:52 -0300] "POST /cormun/servlet/hlogin?c397a0c99a07f00c9e2404148f2f7012,gx-no-cache=1754341769232 HTTP/1.1" 200 90
179.57.78.55 - - [04/Aug/2025:18:06:52 -0300] "GET /cormun/servlet/hpexe_link HTTP/1.1" 200 959
179.57.78.55 - - [04/Aug/2025:18:06:52 -0300] "GET /cormun/servlet/solicitudot?INS,0,0,false, HTTP/1.1" 200 15811
179.57.78.55 - - [04/Aug/2025:18:06:54 -0300] "POST /cormun/servlet/solicitudot?c397a0c99a07f00c9e2404148f2f7012,INS,0,0,false,,gx-no-cache=1754341771466 HTTP/1.1" 200 93
179.57.78.55 - - [04/Aug/2025:18:06:54 -0300] "GET /cormun/servlet/hpexe_return? HTTP/1.1" 200 1003
179.57.78.55 - - [04/Aug/2025:18:06:54 -0300] "GET /cormun/servlet/hhome HTTP/1.1" 200 3977
179.57.78.55 - - [04/Aug/2025:18:06:56 -0300] "GET /cormun/servlet/trlicencias? HTTP/1.1" 200 12089
183.182.125.198 - - [04/Aug/2025:18:07:01 -0300] "GET /manager/html HTTP/1.1" 401 2474
40.77.167.67 - - [04/Aug/2025:18:08:10 -0300] "GET /cormun/servlet/hlogin HTTP/1.1" 200 1722
40.77.167.67 - - [04/Aug/2025:18:08:20 -0300] "GET /cormun/static/gxgral.js?85251 HTTP/1.1" 200 384558
40.77.167.67 - - [04/Aug/2025:18:08:21 -0300] "GET /cormun/static/hlogin.js?2022112219184458 HTTP/1.1" 200 2156
183.182.125.198 - - [04/Aug/2025:18:08:23 -0300] "GET /manager/html HTTP/1.1" 401 2474
40.77.167.43 - - [04/Aug/2025:18:08:24 -0300] "GET /cormun/static/gxcfg.js?2022112219184450 HTTP/1.1" 200 953
40.77.167.43 - - [04/Aug/2025:18:08:24 -0300] "GET /cormun/static/messages.spa.js?85251 HTTP/1.1" 200 30736
40.77.167.43 - - [04/Aug/2025:18:08:25 -0300] "GET /cormun/static/gxtimezone.js?85251 HTTP/1.1" 200 5781
40.77.167.47 - - [04/Aug/2025:18:08:25 -0300] "GET /cormun/static/Resources/Spanish/PXTools.css?1759030 HTTP/1.1" 200 100853
183.182.125.198 - - [04/Aug/2025:18:09:46 -0300] "GET /manager/html HTTP/1.1" 401 2474
183.182.125.198 - - [04/Aug/2025:18:11:08 -0300] "GET /manager/html HTTP/1.1" 401 2474
183.182.125.198 - - [04/Aug/2025:18:12:30 -0300] "GET /manager/html HTTP/1.1" 401 2474
183.182.125.198 - - [04/Aug/2025:18:13:53 -0300] "GET /manager/html HTTP/1.1" 401 2474
183.182.125.198 - - [04/Aug/2025:18:15:16 -0300] "GET /manager/html HTTP/1.1" 401 2474
190.95.1.129 - - [04/Aug/2025:18:15:53 -0300] "GET /cormun/servlet/hlogin HTTP/1.1" 200 1714
183.182.125.198 - - [04/Aug/2025:18:16:38 -0300] "GET /manager/html HTTP/1.1" 401 2474
183.182.125.198 - - [04/Aug/2025:18:18:00 -0300] "GET /manager/html HTTP/1.1" 401 2474
183.182.125.198 - - [04/Aug/2025:18:19:23 -0300] "GET /manager/html HTTP/1.1" 401 2474
183.182.125.198 - - [04/Aug/2025:18:20:46 -0300] "GET /manager/html HTTP/1.1" 401 2474
183.182.125.198 - - [04/Aug/2025:18:22:09 -0300] "GET /manager/html HTTP/1.1" 401 2474
183.182.125.198 - - [04/Aug/2025:18:23:30 -0300] "GET /manager/html HTTP/1.1" 401 2474
183.182.125.198 - - [04/Aug/2025:18:24:52 -0300] "GET /manager/html HTTP/1.1" 401 2474
183.182.125.198 - - [04/Aug/2025:18:26:15 -0300] "GET /manager/html HTTP/1.1" 401 2474
183.182.125.198 - - [04/Aug/2025:18:27:37 -0300] "GET /manager/html HTTP/1.1" 401 2474
190.95.15.13 - - [04/Aug/2025:18:27:55 -0300] "POST /cormun/servlet/hlogin?ec7fbe86a02b015fb7a4a124be386d7a,gx-no-cache=1754343030034 HTTP/1.1" 440 972
190.95.15.13 - - [04/Aug/2025:18:27:57 -0300] "GET /cormun/servlet/hlogin HTTP/1.1" 200 1732
190.95.15.13 - - [04/Aug/2025:18:28:05 -0300] "POST /cormun/servlet/hlogin?a3c5c002e02055d3cc275fab40bd2da8,gx-no-cache=1754343042938 HTTP/1.1" 200 90
190.95.15.13 - - [04/Aug/2025:18:28:05 -0300] "GET /cormun/servlet/hpexe_link HTTP/1.1" 200 953
190.95.15.13 - - [04/Aug/2025:18:28:05 -0300] "GET /cormun/servlet/hhome HTTP/1.1" 200 3947
190.95.15.13 - - [04/Aug/2025:18:28:08 -0300] "GET /cormun/servlet/trlicencias? HTTP/1.1" 200 12241
183.182.125.198 - - [04/Aug/2025:18:29:00 -0300] "GET /manager/html HTTP/1.1" 401 2474
183.182.125.198 - - [04/Aug/2025:18:30:22 -0300] "GET /manager/html HTTP/1.1" 401 2474
183.182.125.198 - - [04/Aug/2025:18:31:44 -0300] "GET /manager/html HTTP/1.1" 401 2474
183.182.125.198 - - [04/Aug/2025:18:33:06 -0300] "GET /manager/html HTTP/1.1" 401 2474
183.182.125.198 - - [04/Aug/2025:18:34:28 -0300] "GET /manager/html HTTP/1.1" 401 2474
183.182.125.198 - - [04/Aug/2025:18:35:50 -0300] "GET /manager/html HTTP/1.1" 401 2474
183.182.125.198 - - [04/Aug/2025:18:37:12 -0300] "GET /manager/html HTTP/1.1" 401 2474
183.182.125.198 - - [04/Aug/2025:18:38:34 -0300] "GET /manager/html HTTP/1.1" 401 2474
183.182.125.198 - - [04/Aug/2025:18:39:56 -0300] "GET /manager/html HTTP/1.1" 401 2474
183.182.125.198 - - [04/Aug/2025:18:41:18 -0300] "GET /manager/html HTTP/1.1" 401 2474
183.182.125.198 - - [04/Aug/2025:18:42:41 -0300] "GET /manager/html HTTP/1.1" 401 2474
183.182.125.198 - - [04/Aug/2025:18:44:03 -0300] "GET /manager/html HTTP/1.1" 401 2474
183.182.125.198 - - [04/Aug/2025:18:45:25 -0300] "GET /manager/html HTTP/1.1" 401 2474
173.255.175.42 - - [04/Aug/2025:18:46:01 -0300] "GET /cormun/servlet/hlogin HTTP/1.1" 200 1706
183.182.125.198 - - [04/Aug/2025:18:46:48 -0300] "GET /manager/html HTTP/1.1" 401 2474
183.182.125.198 - - [04/Aug/2025:18:48:10 -0300] "GET /manager/html HTTP/1.1" 401 2474
183.182.125.198 - - [04/Aug/2025:18:49:33 -0300] "GET /manager/html HTTP/1.1" 401 2474
183.182.125.198 - - [04/Aug/2025:18:51:26 -0300] "GET /manager/html HTTP/1.1" 401 2474
183.182.125.198 - - [04/Aug/2025:18:52:49 -0300] "GET /manager/html HTTP/1.1" 401 2474
183.182.125.198 - - [04/Aug/2025:18:54:13 -0300] "GET /manager/html HTTP/1.1" 401 2474
190.95.1.129 - - [04/Aug/2025:18:54:35 -0300] "GET /cormun/servlet/hlogin HTTP/1.1" 200 1724
190.95.1.129 - - [04/Aug/2025:18:54:35 -0300] "GET /cormun/servlet/hlogin HTTP/1.1" 200 1735
190.95.1.129 - - [04/Aug/2025:18:54:54 -0300] "POST /cormun/servlet/hlogin?868edc4c5666f5755b9229066ebce2f3,gx-no-cache=1754344652485 HTTP/1.1" 200 90
190.95.1.129 - - [04/Aug/2025:18:54:54 -0300] "GET /cormun/servlet/hpexe_link HTTP/1.1" 200 955
190.95.1.129 - - [04/Aug/2025:18:54:55 -0300] "GET /cormun/servlet/hhome HTTP/1.1" 200 4307
190.95.1.129 - - [04/Aug/2025:18:54:56 -0300] "GET /cormun/servlet/trlicencias? HTTP/1.1" 200 13826
183.182.125.198 - - [04/Aug/2025:18:55:36 -0300] "GET /manager/html HTTP/1.1" 401 2474
183.182.125.198 - - [04/Aug/2025:18:56:59 -0300] "GET /manager/html HTTP/1.1" 401 2474
183.182.125.198 - - [04/Aug/2025:18:58:23 -0300] "GET /manager/html HTTP/1.1" 401 2474
185.91.127.107 - - [04/Aug/2025:18:59:24 -0300] "CONNECT api.ip.pn:443 HTTP/1.1" 400 -
183.182.125.198 - - [04/Aug/2025:18:59:46 -0300] "GET /manager/html HTTP/1.1" 401 2474
183.182.125.198 - - [04/Aug/2025:19:01:11 -0300] "GET /manager/html HTTP/1.1" 401 2474
183.182.125.198 - - [04/Aug/2025:19:02:34 -0300] "GET /manager/html HTTP/1.1" 401 2474
183.182.125.198 - - [04/Aug/2025:19:04:31 -0300] "GET /manager/html HTTP/1.1" 401 2474
183.182.125.198 - - [04/Aug/2025:19:05:54 -0300] "GET /manager/html HTTP/1.1" 401 2474
198.235.24.167 - - [04/Aug/2025:19:06:46 -0300] "îê»v|ËÂÔðïÑv±‘Îk[4ÛZM…†«ô¿[­DÁƒ Ž)„Ïé~ÖÀÁ‰ò ìA¸QÊLú»¨Á™¿o¥†³ë¶ &À+À/À,À0̨̩À ÀÀ" 400 -
198.235.24.167 - - [04/Aug/2025:19:06:46 -0300] "ÊÆ|6#Ñ3ʯw¹Í^€AžwWoð /L-mdˆÑ´H\hÌÌÀ/À+À0À,ÀÀÀ'À#ÀÀ À(À$ÀÀ" 400 -
183.182.125.198 - - [04/Aug/2025:19:07:18 -0300] "GET /manager/html HTTP/1.1" 401 2474
183.182.125.198 - - [04/Aug/2025:19:08:41 -0300] "GET /manager/html HTTP/1.1" 401 2474
190.45.200.237 - - [04/Aug/2025:19:08:44 -0300] "GET /cormun/servlet/hlogin HTTP/1.1" 200 1718
190.45.200.237 - - [04/Aug/2025:19:08:44 -0300] "GET /cormun/static/gxtimezone.js?85251 HTTP/1.1" 200 5781
190.45.200.237 - - [04/Aug/2025:19:08:44 -0300] "GET /cormun/static/gxcfg.js?2022112219184450 HTTP/1.1" 200 953
190.45.200.237 - - [04/Aug/2025:19:08:44 -0300] "GET /cormun/static/messages.spa.js?85251 HTTP/1.1" 200 30736
190.45.200.237 - - [04/Aug/2025:19:08:44 -0300] "GET /cormun/static/Resources/CormunLogin.png HTTP/1.1" 200 19132
190.45.200.237 - - [04/Aug/2025:19:08:44 -0300] "GET /cormun/static/Resources/Spanish/PXTools.css?1759030 HTTP/1.1" 200 100853
190.45.200.237 - - [04/Aug/2025:19:08:44 -0300] "GET /cormun/static/hlogin.js?2022112219184458 HTTP/1.1" 200 2156
190.45.200.237 - - [04/Aug/2025:19:08:44 -0300] "GET /cormun/static/gxgral.js?85251 HTTP/1.1" 200 384558
190.45.200.237 - - [04/Aug/2025:19:08:44 -0300] "GET /cormun/static/Resources/PXToolsLoginTop.png HTTP/1.1" 200 1337
190.45.200.237 - - [04/Aug/2025:19:08:44 -0300] "GET /cormun/static/Resources/PXToolsLoginBackground.png HTTP/1.1" 200 1164
190.45.200.237 - - [04/Aug/2025:19:08:44 -0300] "GET /cormun/static/Resources/PXToolsButtonBackground.png HTTP/1.1" 200 1176
190.45.200.237 - - [04/Aug/2025:19:08:44 -0300] "GET /cormun/static/Resources/PXToolsButtonRight.png HTTP/1.1" 200 1294
190.45.200.237 - - [04/Aug/2025:19:08:44 -0300] "GET /cormun/static/Resources/PXToolsButtonLeft.png HTTP/1.1" 200 1310
190.45.200.237 - - [04/Aug/2025:19:08:44 -0300] "GET /cormun/static/Resources/PXToolsLoginBottom.png HTTP/1.1" 200 1389
190.45.200.237 - - [04/Aug/2025:19:08:44 -0300] "GET /cormun/servlet/hlogin HTTP/1.1" 200 1729
190.45.200.237 - - [04/Aug/2025:19:08:44 -0300] "GET /cormun/static/Resources/indicator.gif HTTP/1.1" 200 1553
190.45.200.237 - - [04/Aug/2025:19:08:44 -0300] "GET /favicon.ico HTTP/1.1" 200 21630
190.45.200.237 - - [04/Aug/2025:19:08:48 -0300] "POST /cormun/servlet/hlogin?0ccf53496c0d10880899b80dce2c719e,gx-no-cache=1754345486187 HTTP/1.1" 200 90
190.45.200.237 - - [04/Aug/2025:19:08:48 -0300] "GET /cormun/servlet/hpexe_link HTTP/1.1" 200 950
190.45.200.237 - - [04/Aug/2025:19:08:48 -0300] "GET /cormun/static/gxcfg.js?20221129847421 HTTP/1.1" 200 953
190.45.200.237 - - [04/Aug/2025:19:08:48 -0300] "GET /cormun/static/hpexe_link.js?20221129847423 HTTP/1.1" 200 625
190.45.200.237 - - [04/Aug/2025:19:08:48 -0300] "GET /cormun/static/Resources/Spanish/PXTools.css?8354383 HTTP/1.1" 200 100853
190.45.200.237 - - [04/Aug/2025:19:08:48 -0300] "GET /cormun/servlet/hhome HTTP/1.1" 200 4300
190.45.200.237 - - [04/Aug/2025:19:08:48 -0300] "GET /cormun/static/SmoothNavMenu/resources/ddsmoothmenu.css?1112540 HTTP/1.1" 200 2223
190.45.200.237 - - [04/Aug/2025:19:08:48 -0300] "GET /cormun/static/SmoothNavMenu/resources/ddsmoothmenu-v.css?1112540 HTTP/1.1" 200 1188
190.45.200.237 - - [04/Aug/2025:19:08:48 -0300] "GET /cormun/static/scaMessage/css/jquery.pnotify.default.css?1816380 HTTP/1.1" 200 1707
190.45.200.237 - - [04/Aug/2025:19:08:48 -0300] "GET /cormun/static/gxcfg.js?20201215495537 HTTP/1.1" 200 953
190.45.200.237 - - [04/Aug/2025:19:08:48 -0300] "GET /cormun/static/Shared/jqueryui/jquery-ui.min.css?1345370 HTTP/1.1" 200 30288
190.45.200.237 - - [04/Aug/2025:19:08:48 -0300] "GET /cormun/static/PXToolsJavascripts/pexe_autoreload.js HTTP/1.1" 200 1762
190.45.200.237 - - [04/Aug/2025:19:08:48 -0300] "GET /cormun/static/Resources/Spanish/PXTools.css?14345360 HTTP/1.1" 200 100853
190.45.200.237 - - [04/Aug/2025:19:08:48 -0300] "GET /cormun/static/PXToolsJavascripts/pexe_cookies.js HTTP/1.1" 200 792
190.45.200.237 - - [04/Aug/2025:19:08:48 -0300] "GET /cormun/static/PXToolsJavascripts/pexe_windows.js HTTP/1.1" 200 15249
190.45.200.237 - - [04/Aug/2025:19:08:48 -0300] "GET /cormun/static/PXToolsJavascripts/pexe_grid.js HTTP/1.1" 200 7559
190.45.200.237 - - [04/Aug/2025:19:08:48 -0300] "GET /cormun/static/PXToolsJavascripts/pexe_griddivfix.js HTTP/1.1" 200 6946
190.45.200.237 - - [04/Aug/2025:19:08:48 -0300] "GET /cormun/static/PXToolsJavascripts/pexe_link.js HTTP/1.1" 200 5671
190.45.200.237 - - [04/Aug/2025:19:08:48 -0300] "GET /cormun/static/PXToolsJavascripts/pexe_menudivfix.js HTTP/1.1" 200 333
190.45.200.237 - - [04/Aug/2025:19:08:48 -0300] "GET /cormun/static/PXToolsJavascripts/pexe_menus.js HTTP/1.1" 200 1286
190.45.200.237 - - [04/Aug/2025:19:08:48 -0300] "GET /cormun/static/PXToolsJavascripts/pexe_layers.js HTTP/1.1" 200 4114
190.45.200.237 - - [04/Aug/2025:19:08:48 -0300] "GET /cormun/static/PXToolsJavascripts/pexe_oav.js HTTP/1.1" 200 645
190.45.200.237 - - [04/Aug/2025:19:08:48 -0300] "GET /cormun/static/PXToolsJavascripts/pexe_popup.js HTTP/1.1" 200 15149
190.45.200.237 - - [04/Aug/2025:19:08:48 -0300] "GET /cormun/static/PXToolsJavascripts/pexe_picture.js HTTP/1.1" 200 689
190.45.200.237 - - [04/Aug/2025:19:08:48 -0300] "GET /cormun/static/PXToolsJavascripts/pexe_oavdivfix.js HTTP/1.1" 200 639
190.45.200.237 - - [04/Aug/2025:19:08:48 -0300] "GET /cormun/static/PXToolsJavascripts/pexe_scrolldiv.js HTTP/1.1" 200 4138
190.45.200.237 - - [04/Aug/2025:19:08:48 -0300] "GET /cormun/static/PXToolsJavascripts/pexe_tabs.js HTTP/1.1" 200 3748
190.45.200.237 - - [04/Aug/2025:19:08:48 -0300] "GET /cormun/static/PXToolsJavascripts/pexe_tabdivfix.js HTTP/1.1" 200 898
190.45.200.237 - - [04/Aug/2025:19:08:48 -0300] "GET /cormun/static/PXToolsJavascripts/pexe_upload.js HTTP/1.1" 200 1423
190.45.200.237 - - [04/Aug/2025:19:08:48 -0300] "GET /cormun/static/Resources/CormunMP2.png HTTP/1.1" 200 6878
190.45.200.237 - - [04/Aug/2025:19:08:48 -0300] "GET /cormun/static/PXToolsJavascripts/PXToolsJavascriptsRender.js HTTP/1.1" 200 367
190.45.200.237 - - [04/Aug/2025:19:08:48 -0300] "GET /cormun/static/Resources/ImgHome.png HTTP/1.1" 200 1364
190.45.200.237 - - [04/Aug/2025:19:08:48 -0300] "GET /cormun/static/Resources/ImgLogin.png HTTP/1.1" 200 1432
190.45.200.237 - - [04/Aug/2025:19:08:48 -0300] "GET /cormun/static/Resources/Llave.png HTTP/1.1" 200 1395
190.45.200.237 - - [04/Aug/2025:19:08:48 -0300] "GET /cormun/static/RunJS/RunJS.js HTTP/1.1" 200 288
190.45.200.237 - - [04/Aug/2025:19:08:48 -0300] "GET /cormun/static/Shared/ext/locale/ext-lang-en.js HTTP/1.1" 200 10940
190.45.200.237 - - [04/Aug/2025:19:08:48 -0300] "GET /cormun/static/Resources/PXToolsDataTitle.png HTTP/1.1" 200 1173
190.45.200.237 - - [04/Aug/2025:19:08:48 -0300] "GET /cormun/static/hhome.js?20201215495544 HTTP/1.1" 200 777
190.45.200.237 - - [04/Aug/2025:19:08:48 -0300] "GET /cormun/static/hwchdr01.js?2022112219251119 HTTP/1.1" 200 996
190.45.200.237 - - [04/Aug/2025:19:08:48 -0300] "GET /cormun/static/gxui/gxui-all.js HTTP/1.1" 200 107772
190.45.200.237 - - [04/Aug/2025:19:08:48 -0300] "GET /cormun/static/hpexe_recentlink.js?20201214471090 HTTP/1.1" 200 2144
190.45.200.237 - - [04/Aug/2025:19:08:48 -0300] "GET /cormun/static/hpexe_scripts.js?20201214471411 HTTP/1.1" 200 1544
190.45.200.237 - - [04/Aug/2025:19:08:48 -0300] "GET /cormun/static/hpexe_messagecontroller.js?202211298371222 HTTP/1.1" 200 870
190.45.200.237 - - [04/Aug/2025:19:08:48 -0300] "GET /cormun/static/hpexe_messagepopupcomponent.js?2020121447232 HTTP/1.1" 200 605
190.45.200.237 - - [04/Aug/2025:19:08:48 -0300] "GET /cormun/static/hpexe_messagegenexuscomponent.js?20221129836373 HTTP/1.1" 200 587
190.45.200.237 - - [04/Aug/2025:19:08:48 -0300] "GET /cormun/static/cmcontrolpreferences.js?20199141926336 HTTP/1.1" 200 1375
190.45.200.237 - - [04/Aug/2025:19:08:48 -0300] "GET /cormun/static/SmoothNavMenu/resources/ddsmoothmenu.js HTTP/1.1" 200 12712
190.45.200.237 - - [04/Aug/2025:19:08:48 -0300] "GET /cormun/static/SmoothNavMenu/resources/SmoothNavMenuRender.js HTTP/1.1" 200 5951
190.45.200.237 - - [04/Aug/2025:19:08:49 -0300] "GET /cormun/static/Shared/jquery/jquery-1.4.2.min.js HTTP/1.1" 200 72174
190.45.200.237 - - [04/Aug/2025:19:08:49 -0300] "GET /cormun/static/scaMessage/js/jquery.pnotify.min.js HTTP/1.1" 200 13038
190.45.200.237 - - [04/Aug/2025:19:08:49 -0300] "GET /cormun/static/scaMessage/scaMessageRender.js HTTP/1.1" 200 11977
190.45.200.237 - - [04/Aug/2025:19:08:49 -0300] "GET /cormun/static/hmpwkw03.js?20221129844354 HTTP/1.1" 200 3971
190.45.200.237 - - [04/Aug/2025:19:08:49 -0300] "GET /cormun/static/Shared/jquery/jquery-1.10.2.min.js HTTP/1.1" 200 273199
190.45.200.237 - - [04/Aug/2025:19:08:49 -0300] "GET /cormun/static/Shared/jqueryui/jquery-ui.min.js HTTP/1.1" 200 240427
190.45.200.237 - - [04/Aug/2025:19:08:49 -0300] "GET /cormun/static/Shared/ext/ext-all.js HTTP/1.1" 200 1289687
190.45.200.237 - - [04/Aug/2025:19:08:49 -0300] "GET /cormun/static/SmoothNavMenu/resources/images/down.gif HTTP/1.1" 200 854
190.45.200.237 - - [04/Aug/2025:19:08:49 -0300] "GET /cormun/static/SmoothNavMenu/resources/images/right.gif HTTP/1.1" 200 860
190.45.200.237 - - [04/Aug/2025:19:08:53 -0300] "GET /cormun/servlet/trlicencias? HTTP/1.1" 200 13247
190.45.200.237 - - [04/Aug/2025:19:08:53 -0300] "GET /cormun/static/gxui/gxui-all.css?120300 HTTP/1.1" 200 2179
190.45.200.237 - - [04/Aug/2025:19:08:53 -0300] "GET /cormun/static/gxcfg.js?202211298463625 HTTP/1.1" 200 953
190.45.200.237 - - [04/Aug/2025:19:08:53 -0300] "GET /cormun/static/calendar.js?85251 HTTP/1.1" 200 26246
190.45.200.237 - - [04/Aug/2025:19:08:53 -0300] "GET /cormun/static/calendar-setup.js?85251 HTTP/1.1" 200 2588
190.45.200.237 - - [04/Aug/2025:19:08:53 -0300] "GET /cormun/static/calendar-system.css?85620 HTTP/1.1" 200 5572
190.45.200.237 - - [04/Aug/2025:19:08:53 -0300] "GET /cormun/static/calendar-es.js?85251 HTTP/1.1" 200 1901
190.45.200.237 - - [04/Aug/2025:19:08:53 -0300] "GET /cormun/static/Resources/PXTools/calendar.png HTTP/1.1" 200 1306
190.45.200.237 - - [04/Aug/2025:19:08:53 -0300] "GET /cormun/static/gxdec.js?85251 HTTP/1.1" 200 19579
190.45.200.237 - - [04/Aug/2025:19:08:53 -0300] "GET /cormun/static/trlicencias.js?202211298463889 HTTP/1.1" 200 41883
190.45.200.237 - - [04/Aug/2025:19:08:53 -0300] "GET /cormun/static/Resources/PXToolsDataSearch.png HTTP/1.1" 200 435
190.45.200.237 - - [04/Aug/2025:19:08:53 -0300] "GET /cormun/static/Resources/PXToolsGridFirstDisabled.gif HTTP/1.1" 200 100
190.45.200.237 - - [04/Aug/2025:19:08:53 -0300] "GET /cormun/static/Resources/PXToolsGridPreviousDisabled.gif HTTP/1.1" 200 90
190.45.200.237 - - [04/Aug/2025:19:08:53 -0300] "GET /cormun/static/Resources/PXToolsGridNextDisabled.gif HTTP/1.1" 200 90
190.45.200.237 - - [04/Aug/2025:19:08:53 -0300] "GET /cormun/static/Shared/ext/resources/css/ext-all.css?215870 HTTP/1.1" 200 416045
190.45.200.237 - - [04/Aug/2025:19:08:53 -0300] "GET /cormun/static/Resources/PXToolsGridLastDisabled.gif HTTP/1.1" 200 98
190.45.200.237 - - [04/Aug/2025:19:08:53 -0300] "GET /cormun/static/Resources/PXToolsGridPage.gif HTTP/1.1" 200 725
190.45.200.237 - - [04/Aug/2025:19:08:53 -0300] "GET /cormun/static/Resources/PXToolsAddAllAction.png HTTP/1.1" 200 495
190.45.200.237 - - [04/Aug/2025:19:08:53 -0300] "GET /cormun/static/Resources/PXToolsActionExcel.png HTTP/1.1" 200 727
190.45.200.237 - - [04/Aug/2025:19:08:54 -0300] "GET /cormun//static/Resources/PXToolsGridDisplay.png HTTP/1.1" 200 525
190.45.200.237 - - [04/Aug/2025:19:08:54 -0300] "GET /cormun/static/Resources/asc.gif HTTP/1.1" 200 67
190.45.200.237 - - [04/Aug/2025:19:08:54 -0300] "GET /cormun//static/Resources/PXToolsActionPrint.png HTTP/1.1" 200 404
190.45.200.237 - - [04/Aug/2025:19:08:54 -0300] "GET /cormun//static/Resources/PXToolsActionDisabled.gif HTTP/1.1" 200 53
190.45.200.237 - - [04/Aug/2025:19:08:54 -0300] "GET /cormun/static/Resources/desc.gif HTTP/1.1" 200 65
190.45.200.237 - - [04/Aug/2025:19:08:54 -0300] "GET /cormun//static/Resources/PXTools/ActionInsert.png HTTP/1.1" 200 1482
190.45.200.237 - - [04/Aug/2025:19:08:54 -0300] "GET /cormun//static/Resources/PXToolsHeaderFavorites.png HTTP/1.1" 200 1414
190.45.200.237 - - [04/Aug/2025:19:08:54 -0300] "GET /cormun//static/Resources/PXToolsHeaderHelp.png HTTP/1.1" 200 1333
190.45.200.237 - - [04/Aug/2025:19:08:54 -0300] "GET /cormun/static/Shared/ext/resources/themes/images/default/panel/bg-headersPanel.png HTTP/1.1" 200 255
190.45.200.237 - - [04/Aug/2025:19:08:54 -0300] "GET /cormun/static/Shared/ext/resources/themes/images/default/tools/tool-sprites.gif HTTP/1.1" 200 5434
183.182.125.198 - - [04/Aug/2025:19:10:04 -0300] "GET /manager/html HTTP/1.1" 401 2474
183.182.125.198 - - [04/Aug/2025:19:11:27 -0300] "GET /manager/html HTTP/1.1" 401 2474
183.182.125.198 - - [04/Aug/2025:19:12:50 -0300] "GET /manager/html HTTP/1.1" 401 2474
183.182.125.198 - - [04/Aug/2025:19:14:13 -0300] "GET /manager/html HTTP/1.1" 401 2474
183.182.125.198 - - [04/Aug/2025:19:15:36 -0300] "GET /manager/html HTTP/1.1" 401 2474
183.182.125.198 - - [04/Aug/2025:19:17:00 -0300] "GET /manager/html HTTP/1.1" 401 2474
183.182.125.198 - - [04/Aug/2025:19:18:22 -0300] "GET /manager/html HTTP/1.1" 401 2474
190.95.15.17 - - [04/Aug/2025:19:18:26 -0300] "GET /cormun/servlet/hlogin HTTP/1.1" 200 1737
183.182.125.198 - - [04/Aug/2025:19:19:45 -0300] "GET /manager/html HTTP/1.1" 401 2474
147.185.132.76 - - [04/Aug/2025:19:20:29 -0300] "GET / HTTP/1.0" 200 11197
183.182.125.198 - - [04/Aug/2025:19:21:07 -0300] "GET /manager/html HTTP/1.1" 401 2474
183.182.125.198 - - [04/Aug/2025:19:22:30 -0300] "GET /manager/html HTTP/1.1" 401 2474
183.182.125.198 - - [04/Aug/2025:19:23:53 -0300] "GET /manager/html HTTP/1.1" 401 2474
183.182.125.198 - - [04/Aug/2025:19:25:15 -0300] "GET /manager/html HTTP/1.1" 401 2474
183.182.125.198 - - [04/Aug/2025:19:26:39 -0300] "GET /manager/html HTTP/1.1" 401 2474
183.182.125.198 - - [04/Aug/2025:19:28:02 -0300] "GET /manager/html HTTP/1.1" 401 2474
190.95.2.163 - - [04/Aug/2025:19:28:25 -0300] "GET /cormun/servlet/hlogin HTTP/1.1" 200 1724
190.95.2.163 - - [04/Aug/2025:19:28:27 -0300] "POST /cormun/servlet/hlogin?c4145fa805fe0b7b3d969dc202bd5773,gx-no-cache=1754346666218 HTTP/1.1" 200 90
190.95.2.163 - - [04/Aug/2025:19:28:27 -0300] "GET /cormun/servlet/hpexe_link HTTP/1.1" 200 955
190.95.2.163 - - [04/Aug/2025:19:28:27 -0300] "GET /cormun/servlet/hhome HTTP/1.1" 200 4000
190.95.2.163 - - [04/Aug/2025:19:28:32 -0300] "GET /cormun/servlet/trlicencias? HTTP/1.1" 200 11854
190.95.2.163 - - [04/Aug/2025:19:28:47 -0300] "GET /cormun/servlet/trpermisosgoce? HTTP/1.1" 200 15226
183.182.125.198 - - [04/Aug/2025:19:29:59 -0300] "GET /manager/html HTTP/1.1" 401 2474
183.182.125.198 - - [04/Aug/2025:19:31:22 -0300] "GET /manager/html HTTP/1.1" 401 2474
183.182.125.198 - - [04/Aug/2025:19:32:45 -0300] "GET /manager/html HTTP/1.1" 401 2474
183.182.125.198 - - [04/Aug/2025:19:34:08 -0300] "GET /manager/html HTTP/1.1" 401 2474
183.182.125.198 - - [04/Aug/2025:19:35:31 -0300] "GET /manager/html HTTP/1.1" 401 2474
183.182.125.198 - - [04/Aug/2025:19:36:53 -0300] "GET /manager/html HTTP/1.1" 401 2474
183.182.125.198 - - [04/Aug/2025:19:38:16 -0300] "GET /manager/html HTTP/1.1" 401 2474
183.182.125.198 - - [04/Aug/2025:19:39:39 -0300] "GET /manager/html HTTP/1.1" 401 2474
198.235.24.221 - - [04/Aug/2025:19:40:21 -0300] "GET / HTTP/1.1" 200 11217
183.182.125.198 - - [04/Aug/2025:19:41:02 -0300] "GET /manager/html HTTP/1.1" 401 2474
183.182.125.198 - - [04/Aug/2025:19:42:59 -0300] "GET /manager/html HTTP/1.1" 401 2474
190.95.2.163 - - [04/Aug/2025:19:43:18 -0300] "GET /cormun/servlet/hlogin HTTP/1.1" 200 1723
190.95.2.163 - - [04/Aug/2025:19:43:18 -0300] "GET /cormun/static/gxtimezone.js?85251 HTTP/1.1" 200 5781
190.95.2.163 - - [04/Aug/2025:19:43:18 -0300] "GET /cormun/static/gxcfg.js?2022112219184450 HTTP/1.1" 200 953
190.95.2.163 - - [04/Aug/2025:19:43:18 -0300] "GET /cormun/static/Resources/CormunLogin.png HTTP/1.1" 200 19132
190.95.2.163 - - [04/Aug/2025:19:43:18 -0300] "GET /cormun/static/messages.spa.js?85251 HTTP/1.1" 200 30736
190.95.2.163 - - [04/Aug/2025:19:43:18 -0300] "GET /cormun/static/hlogin.js?2022112219184458 HTTP/1.1" 200 2156
190.95.2.163 - - [04/Aug/2025:19:43:18 -0300] "GET /cormun/static/Resources/Spanish/PXTools.css?1759030 HTTP/1.1" 200 100853
190.95.2.163 - - [04/Aug/2025:19:43:18 -0300] "GET /cormun/static/gxgral.js?85251 HTTP/1.1" 200 384558
190.95.2.163 - - [04/Aug/2025:19:43:18 -0300] "GET /cormun/static/Resources/PXToolsLoginTop.png HTTP/1.1" 200 1337
190.95.2.163 - - [04/Aug/2025:19:43:18 -0300] "GET /cormun/static/Resources/PXToolsLoginBackground.png HTTP/1.1" 200 1164
190.95.2.163 - - [04/Aug/2025:19:43:18 -0300] "GET /cormun/static/Resources/PXToolsButtonRight.png HTTP/1.1" 200 1294
190.95.2.163 - - [04/Aug/2025:19:43:18 -0300] "GET /cormun/static/Resources/PXToolsLoginBottom.png HTTP/1.1" 200 1389
190.95.2.163 - - [04/Aug/2025:19:43:18 -0300] "GET /cormun/static/Resources/PXToolsButtonLeft.png HTTP/1.1" 200 1310
190.95.2.163 - - [04/Aug/2025:19:43:18 -0300] "GET /cormun/static/Resources/PXToolsButtonBackground.png HTTP/1.1" 200 1176
190.95.2.163 - - [04/Aug/2025:19:43:19 -0300] "GET /cormun/static/Resources/indicator.gif HTTP/1.1" 200 1553
190.95.2.163 - - [04/Aug/2025:19:43:19 -0300] "GET /cormun/servlet/hlogin HTTP/1.1" 200 1733
190.95.2.163 - - [04/Aug/2025:19:43:19 -0300] "GET /favicon.ico HTTP/1.1" 200 21630
190.95.2.163 - - [04/Aug/2025:19:43:21 -0300] "POST /cormun/servlet/hlogin?c1c6bfee6f181c0d5e3593b4e34c1901,gx-no-cache=1754347558941 HTTP/1.1" 200 90
190.95.2.163 - - [04/Aug/2025:19:43:21 -0300] "GET /cormun/servlet/hpexe_link HTTP/1.1" 200 952
190.95.2.163 - - [04/Aug/2025:19:43:21 -0300] "GET /cormun/static/gxcfg.js?20221129847421 HTTP/1.1" 200 953
190.95.2.163 - - [04/Aug/2025:19:43:21 -0300] "GET /cormun/static/hpexe_link.js?20221129847423 HTTP/1.1" 200 625
190.95.2.163 - - [04/Aug/2025:19:43:21 -0300] "GET /cormun/static/Resources/Spanish/PXTools.css?8354383 HTTP/1.1" 200 100853
190.95.2.163 - - [04/Aug/2025:19:43:21 -0300] "GET /cormun/servlet/hhome HTTP/1.1" 200 3998
190.95.2.163 - - [04/Aug/2025:19:43:21 -0300] "GET /cormun/static/SmoothNavMenu/resources/ddsmoothmenu.css?1112540 HTTP/1.1" 200 2223
190.95.2.163 - - [04/Aug/2025:19:43:21 -0300] "GET /cormun/static/SmoothNavMenu/resources/ddsmoothmenu-v.css?1112540 HTTP/1.1" 200 1188
190.95.2.163 - - [04/Aug/2025:19:43:21 -0300] "GET /cormun/static/PXToolsJavascripts/pexe_autoreload.js HTTP/1.1" 200 1762
190.95.2.163 - - [04/Aug/2025:19:43:21 -0300] "GET /cormun/static/gxcfg.js?20201215495537 HTTP/1.1" 200 953
190.95.2.163 - - [04/Aug/2025:19:43:21 -0300] "GET /cormun/static/Resources/Spanish/PXTools.css?14345360 HTTP/1.1" 200 100853
190.95.2.163 - - [04/Aug/2025:19:43:21 -0300] "GET /cormun/static/scaMessage/css/jquery.pnotify.default.css?1816380 HTTP/1.1" 200 1707
190.95.2.163 - - [04/Aug/2025:19:43:21 -0300] "GET /cormun/static/Shared/jqueryui/jquery-ui.min.css?1345370 HTTP/1.1" 200 30288
190.95.2.163 - - [04/Aug/2025:19:43:21 -0300] "GET /cormun/static/PXToolsJavascripts/pexe_cookies.js HTTP/1.1" 200 792
190.95.2.163 - - [04/Aug/2025:19:43:21 -0300] "GET /cormun/static/PXToolsJavascripts/pexe_grid.js HTTP/1.1" 200 7559
190.95.2.163 - - [04/Aug/2025:19:43:21 -0300] "GET /cormun/static/PXToolsJavascripts/pexe_griddivfix.js HTTP/1.1" 200 6946
190.95.2.163 - - [04/Aug/2025:19:43:21 -0300] "GET /cormun/static/PXToolsJavascripts/pexe_link.js HTTP/1.1" 200 5671
190.95.2.163 - - [04/Aug/2025:19:43:21 -0300] "GET /cormun/static/PXToolsJavascripts/pexe_windows.js HTTP/1.1" 200 15249
190.95.2.163 - - [04/Aug/2025:19:43:21 -0300] "GET /cormun/static/PXToolsJavascripts/pexe_menudivfix.js HTTP/1.1" 200 333
190.95.2.163 - - [04/Aug/2025:19:43:21 -0300] "GET /cormun/static/PXToolsJavascripts/pexe_menus.js HTTP/1.1" 200 1286
190.95.2.163 - - [04/Aug/2025:19:43:21 -0300] "GET /cormun/static/PXToolsJavascripts/pexe_oavdivfix.js HTTP/1.1" 200 639
190.95.2.163 - - [04/Aug/2025:19:43:21 -0300] "GET /cormun/static/PXToolsJavascripts/pexe_layers.js HTTP/1.1" 200 4114
190.95.2.163 - - [04/Aug/2025:19:43:21 -0300] "GET /cormun/static/PXToolsJavascripts/pexe_oav.js HTTP/1.1" 200 645
190.95.2.163 - - [04/Aug/2025:19:43:21 -0300] "GET /cormun/static/PXToolsJavascripts/pexe_picture.js HTTP/1.1" 200 689
190.95.2.163 - - [04/Aug/2025:19:43:21 -0300] "GET /cormun/static/PXToolsJavascripts/pexe_popup.js HTTP/1.1" 200 15149
