190.95.67.97 - - [30/Jul/2025:09:34:12 -0300] "GET /cormun/static/Resources/PXTools/ClosePrompt.png HTTP/1.1" 200 1036
190.95.67.97 - - [30/Jul/2025:09:34:12 -0300] "GET /cormun/servlet/prbanco?,MD,,gxPopupLevel%3D0%3B HTTP/1.1" 200 6522
190.95.67.97 - - [30/Jul/2025:09:34:12 -0300] "GET /cormun/static/gxcfg.js?20201216131581 HTTP/1.1" 200 953
190.95.67.97 - - [30/Jul/2025:09:34:12 -0300] "GET /cormun/static/Resources/PXToolsMenuSearch.png HTTP/1.1" 200 336
190.95.67.97 - - [30/Jul/2025:09:34:12 -0300] "GET /cormun/static/prbanco.js?20201216132311 HTTP/1.1" 200 10693
190.95.67.97 - - [30/Jul/2025:09:34:12 -0300] "GET /cormun/static/menusearch.js?20201214473581 HTTP/1.1" 200 1424
190.95.67.97 - - [30/Jul/2025:09:34:12 -0300] "GET /cormun/static/hmpwkw011.js?202211298443482 HTTP/1.1" 200 1968
190.95.67.97 - - [30/Jul/2025:09:34:12 -0300] "GET /cormun/static/Resources/PXToolsMenuSearchCancel.png HTTP/1.1" 200 306
190.95.67.97 - - [30/Jul/2025:09:34:20 -0300] "GET /cormun/servlet/solicitudot?200116b98340eb6603003a6565ea09b9116a76fc56a2ec112d9f4bbbbf4a356d7ba3665eba7643fd36d8d415178afbf104bed9196113bef148bd0fdf51df827d,gx-no-cache=1753878500185 HTTP/1.1" 200 53
190.95.67.97 - - [30/Jul/2025:09:34:38 -0300] "GET /cormun/servlet/prbanco?,MD,,gxPopupLevel%3D0%3B HTTP/1.1" 200 6522
190.95.2.157 - - [30/Jul/2025:09:35:34 -0300] "GET /cormun/servlet/solicitudot?0ce9389f818824a191188c6f289b563eb5f0a77ac7270aec5dbeece70446c4bcdfcd310120a61ea8fa5cc4422116cc00547da30357d8e78cc7ad30edabe497dd,gx-no-cache=1753879100174 HTTP/1.1" 200 103
190.95.2.157 - - [30/Jul/2025:09:35:34 -0300] "GET /cormun/servlet/solicitudot?0ce9389f818824a191188c6f289b563e63d2b0c5405fac776336f7823216a5152b0580f0e2c0c711eea742f0fac02c0a667daee00cfa517dd0400b23c364a67be9952cd3a2de61bf88d65a6f32164c7cf43a0ad49507705eda2d543a6a7fce97665e0d447bb3c035249f1fdc02b3204c0eae5388200afecd0db0f7a716bf38f08121af51defafdd074cb5eb14593279766638fc9e7725cebfb8cf8f7e218c1eb880a048ccce8e8d44bc1507ef4ae6be1ef2a9bee42129dec7157487f349558f268bbca90e45f743f6aa51672fe839fd1116a442333ce6031e8fbf5375332e2085d8a25285aed6b283c00c8bbcb6bb265a4f2fc38f39bd340f3efdecdac97115f9744422004f886c57dd5cfab3f26c154766776c1d759e482d046cb0cbf51ca0fb40ccce68ade608731bdfee7e7228919777b0254fb3aeb264f309b0772ad3c73368bb0d85486680ee2b3d16a2c469d175e46694d496c06bea36962f11d113a665fd704d444978e363a900787fe1a904374bbbd99359d9a47d6e73ed2c60fcaa6,gx-no-cache=1753879100206 HTTP/1.1" 200 30
190.95.2.157 - - [30/Jul/2025:09:35:35 -0300] "POST /cormun/servlet/solicitudot?gx-no-cache=1753879100226 HTTP/1.1" 200 30
190.95.2.157 - - [30/Jul/2025:09:35:35 -0300] "POST /cormun/servlet/solicitudot?gx-no-cache=1753879100252 HTTP/1.1" 200 1482
190.95.2.157 - - [30/Jul/2025:09:35:35 -0300] "POST /cormun/servlet/solicitudot?gx-no-cache=1753879100277 HTTP/1.1" 200 41
190.95.67.97 - - [30/Jul/2025:09:35:40 -0300] "GET /cormun/servlet/solicitudot?200116b98340eb6603003a6565ea09b9fcde84368b4d31394f265dc1cef5970e7ba3665eba7643fd36d8d415178afbf104bed9196113bef148bd0fdf51df827d,gx-no-cache=1753878580561 HTTP/1.1" 200 70
190.95.2.157 - - [30/Jul/2025:09:35:47 -0300] "GET /cormun/servlet/solicitudot?0ce9389f818824a191188c6f289b563ef2c1c89934517dada2f16cfcee1a6cde7a730453b9aaed8da9c70c7b83f7f3d65eeccb2c57b7f268b9462bd5d9b6ada0651f206729e3802d7c189854afb7a0ee62989ad8584006395a9f5034ddeb1e350eb0645a9a788af33db636341d373362,gx-no-cache=1753879112403 HTTP/1.1" 200 110
190.95.2.157 - - [30/Jul/2025:09:35:47 -0300] "POST /cormun/servlet/solicitudot?gx-no-cache=1753879112423 HTTP/1.1" 200 97
190.95.2.157 - - [30/Jul/2025:09:35:47 -0300] "GET /cormun/servlet/solicitudot?0ce9389f818824a191188c6f289b563eeaf3120fa12b862616c5560f44e56857fc57dea74a9bd05b48f95444fa82ae9c,gx-no-cache=1753879112446 HTTP/1.1" 200 30
190.95.2.157 - - [30/Jul/2025:09:35:47 -0300] "POST /cormun/servlet/solicitudot?gx-no-cache=1753879112468 HTTP/1.1" 200 30
190.95.2.157 - - [30/Jul/2025:09:35:47 -0300] "POST /cormun/servlet/solicitudot?cb9f2384dd25534faa93e00e7e08ad72,INS,0,0,false,,gx-no-cache=1753879112489 HTTP/1.1" 200 13410
190.95.67.93 - - [30/Jul/2025:09:35:56 -0300] "GET /cormun/servlet/hlogin HTTP/1.1" 200 1722
190.95.67.93 - - [30/Jul/2025:09:35:58 -0300] "POST /cormun/servlet/hlogin?cdbbe2550bbadd6f83b8fb03a1183762,gx-no-cache=1753879123849 HTTP/1.1" 200 90
190.95.67.93 - - [30/Jul/2025:09:35:58 -0300] "GET /cormun/servlet/hpexe_link HTTP/1.1" 200 950
190.95.67.93 - - [30/Jul/2025:09:35:58 -0300] "GET /cormun/servlet/hhome HTTP/1.1" 200 4336
190.95.2.157 - - [30/Jul/2025:09:36:21 -0300] "GET /cormun/servlet/solicitudot?0ce9389f818824a191188c6f289b563e310cb8d5727e121b240e496b260196323bffba306d3d5f659118fb9734b7862be59230207651ba1411bea205b0436088,gx-no-cache=1753879146698 HTTP/1.1" 200 30
190.95.2.157 - - [30/Jul/2025:09:36:21 -0300] "GET /cormun/servlet/solicitudot?0ce9389f818824a191188c6f289b563e63d2b0c5405fac776336f7823216a5152b0580f0e2c0c711eea742f0fac02c0a667daee00cfa517dd0400b23c364a67be9952cd3a2de61bf88d65a6f32164c7cf43a0ad49507705eda2d543a6a7fce97665e0d447bb3c035249f1fdc02b3204c0eae5388200afecd0db0f7a716bf38f08121af51defafdd074cb5eb14593279766638fc9e7725cebfb8cf8f7e218c1eb880a048ccce8e8d44bc1507ef4ae6be1ef2a9bee42129dec7157487f349558f268bbca90e45f743f6aa51672fe839fd1116a442333ce6031e8fbf5375332e2085d8a25285aed6b283c00c8bbcb6bb265a4f2fc38f39bd340f3efdecdac97115f9744422004f886c57dd5cfab3f26c154766776c1d759e482d046cb0cbf51ca0fb40ccce68ade608731bdfee7e7228919777b0254fb3aeb264f309b0772ad3c73368bb0d85486680ee2b3d16a2c469d175e46694d496c06bea36962f11d113a665fd704d444978e363a900787fe1a904374bbbd99359d9a47d6e73ed2c60fcaa6,gx-no-cache=1753879146723 HTTP/1.1" 200 30
190.95.2.157 - - [30/Jul/2025:09:36:21 -0300] "POST /cormun/servlet/solicitudot?gx-no-cache=1753879146743 HTTP/1.1" 200 30
190.95.2.157 - - [30/Jul/2025:09:36:21 -0300] "POST /cormun/servlet/solicitudot?gx-no-cache=1753879146759 HTTP/1.1" 200 1482
190.95.2.157 - - [30/Jul/2025:09:36:21 -0300] "POST /cormun/servlet/solicitudot?gx-no-cache=1753879146785 HTTP/1.1" 200 41
190.95.2.157 - - [30/Jul/2025:09:36:21 -0300] "GET /cormun/servlet/solicitudot?0ce9389f818824a191188c6f289b563ef2c1c89934517dada2f16cfcee1a6cde7a730453b9aaed8da9c70c7b83f7f3d65eeccb2c57b7f268b9462bd5d9b6ada0651f206729e3802d7c189854afb7a0ee62989ad8584006395a9f5034ddeb1e350eb0645a9a788af33db636341d373362,gx-no-cache=1753879146801 HTTP/1.1" 200 110
190.95.2.157 - - [30/Jul/2025:09:36:21 -0300] "POST /cormun/servlet/solicitudot?gx-no-cache=1753879146820 HTTP/1.1" 200 97
190.95.2.157 - - [30/Jul/2025:09:36:21 -0300] "GET /cormun/servlet/solicitudot?0ce9389f818824a191188c6f289b563eeaf3120fa12b862616c5560f44e56857fc57dea74a9bd05b48f95444fa82ae9c,gx-no-cache=1753879146843 HTTP/1.1" 200 30
190.95.2.157 - - [30/Jul/2025:09:36:21 -0300] "POST /cormun/servlet/solicitudot?gx-no-cache=1753879146859 HTTP/1.1" 200 30
190.95.2.157 - - [30/Jul/2025:09:36:22 -0300] "POST /cormun/servlet/solicitudot?cb9f2384dd25534faa93e00e7e08ad72,INS,0,0,false,,gx-no-cache=1753879146880 HTTP/1.1" 200 93
190.95.2.157 - - [30/Jul/2025:09:36:23 -0300] "GET /cormun/servlet/hpexe_return? HTTP/1.1" 200 1004
190.95.2.157 - - [30/Jul/2025:09:36:23 -0300] "GET /cormun/servlet/trsolicitudot HTTP/1.1" 200 8939
190.95.2.157 - - [30/Jul/2025:09:36:23 -0300] "GET /cormun//static/Resources/PXToolsActionView.png HTTP/1.1" 200 398
190.95.2.157 - - [30/Jul/2025:09:36:23 -0300] "GET /cormun//static/Resources/PXToolsRemoveAllAction.png HTTP/1.1" 200 487
190.95.67.97 - - [30/Jul/2025:09:36:39 -0300] "POST /cormun/servlet/solicitudot?gx-no-cache=1753878639311 HTTP/1.1" 200 240
190.95.67.97 - - [30/Jul/2025:09:36:39 -0300] "GET /cormun/servlet/solicitudot?200116b98340eb6603003a6565ea09b99545e23adba87412e965012b23ba85121415fab5068b29b37e14b0872385fd25967d4315e7177ab35aaf89db2d204eb79ba5fffcef11ad2d51df321af679aaff10352d0c175b873389fc1cde0ba507ee765622e69fc52fad1e2e4d3cee59cc87223019efb7a05afdeea25bd0013670640b9d735f8b2d5cdc79ba322db3833e1456d015ca99dc8b8fa3ba2b38c15d0696fc584bcef6f6778e93cb2fc017fe439f2034b0968c87b4cb972a460d2f755b502593b63a1d07f2e25d224bd98786129dd99bfeb36d16110a502e13fc77730cfc65c645907505700641781f167051a9de56bfa958e983a2f17152ef6a3e7ad9a88cc008f742dabc9781b2a0489c35e2ba8d1745bbbfac2904f26ce661b00eb21b87a2a5a62d121a4a3a6ce3f5e42cc6cb0879ec095204639a68a64775100ef577a3149480635cf2c5630c07c21f799d2c08ce94ee7e7a173f2569f2c148f5b728a17d102e8cdb022410a84e67354a42ba8ce455505deb870def1a03d3f78927cd,gx-no-cache=1753878639361 HTTP/1.1" 200 30
190.95.67.97 - - [30/Jul/2025:09:36:39 -0300] "POST /cormun/servlet/solicitudot?gx-no-cache=1753878639388 HTTP/1.1" 200 30
190.95.67.97 - - [30/Jul/2025:09:36:39 -0300] "POST /cormun/servlet/solicitudot?gx-no-cache=1753878639429 HTTP/1.1" 200 1481
190.95.67.97 - - [30/Jul/2025:09:36:39 -0300] "POST /cormun/servlet/solicitudot?gx-no-cache=1753878639478 HTTP/1.1" 200 38
190.95.67.97 - - [30/Jul/2025:09:36:39 -0300] "GET /cormun/servlet/solicitudot?200116b98340eb6603003a6565ea09b93616f575f8fe48999ed8d1ef5ab62945705410d8831fe5b471e0aa571ef97bbd8e622937b3d571de7327b2a0d1a31a120fb010116de0e086ac977293e5d09cc5e9318fc3a5e8f030a3316bfa59ed303e87c809a40a510d45538867f635690977,gx-no-cache=1753878639505 HTTP/1.1" 200 110
190.95.67.97 - - [30/Jul/2025:09:36:39 -0300] "POST /cormun/servlet/solicitudot?gx-no-cache=1753878639536 HTTP/1.1" 200 97
190.95.2.157 - - [30/Jul/2025:09:36:40 -0300] "POST /cormun/servlet/trsolicitudot?cb9f2384dd25534faa93e00e7e08ad72,gx-no-cache=1753879165870 HTTP/1.1" 200 6292
190.95.2.157 - - [30/Jul/2025:09:36:40 -0300] "GET /cormun/static/Shared/jqueryui/images/ui-icons_82798d_256x240.png HTTP/1.1" 404 1089
190.95.2.157 - - [30/Jul/2025:09:36:40 -0300] "GET /cormun/static/Shared/jqueryui/images/ui-bg_highlight-soft_100_c6c2c8_1x100.png HTTP/1.1" 404 1117
190.95.2.157 - - [30/Jul/2025:09:36:40 -0300] "GET /cormun/static/Shared/jqueryui/images/ui-bg_flat_55_fafafa_40x100.png HTTP/1.1" 404 1097
190.95.2.157 - - [30/Jul/2025:09:36:40 -0300] "GET /cormun/static/Shared/jqueryui/images/ui-icons_8d78a5_256x240.png HTTP/1.1" 404 1089
190.95.2.157 - - [30/Jul/2025:09:36:45 -0300] "POST /cormun/servlet/trsolicitudot?cb9f2384dd25534faa93e00e7e08ad72,gx-no-cache=1753879170676 HTTP/1.1" 200 107
190.95.2.157 - - [30/Jul/2025:09:36:45 -0300] "GET /cormun/servlet/trsolicitudadjuntos?2025,22819, HTTP/1.1" 200 6409
190.95.2.157 - - [30/Jul/2025:09:36:45 -0300] "GET /cormun/static/gxcfg.js?20201215574222 HTTP/1.1" 200 953
190.95.2.157 - - [30/Jul/2025:09:36:45 -0300] "GET /cormun/static/trsolicitudadjuntos.js?20201215574932 HTTP/1.1" 200 17921
190.95.2.157 - - [30/Jul/2025:09:36:45 -0300] "GET /cormun/static/Resources/PXToolsGridNew.png HTTP/1.1" 200 427
190.95.2.157 - - [30/Jul/2025:09:36:48 -0300] "GET /cormun/servlet/solicitudotadjuntos?INS,2025,22819,,1, HTTP/1.1" 200 6354
190.95.2.157 - - [30/Jul/2025:09:36:48 -0300] "GET /cormun/static/gxcfg.js?202211298385187 HTTP/1.1" 200 953
190.95.2.157 - - [30/Jul/2025:09:36:48 -0300] "GET /cormun/static/solicitudotadjuntos.js?202211298385196 HTTP/1.1" 200 11771
190.95.67.97 - - [30/Jul/2025:09:36:48 -0300] "POST /cormun/servlet/solicitudot?gx-no-cache=1753878648480 HTTP/1.1" 200 30
190.95.2.157 - - [30/Jul/2025:09:36:48 -0300] "GET /cormun/servlet/solicitudotadjuntos?0ce9389f818824a191188c6f289b563e72c4c470e8a5debf3706afbbee7601543383fadf861490e3e711477b42724aab,gx-no-cache=1753879174064 HTTP/1.1" 200 30
190.95.2.157 - - [30/Jul/2025:09:36:48 -0300] "GET /cormun/static/about:blank HTTP/1.1" 404 1011
190.95.2.157 - - [30/Jul/2025:09:36:48 -0300] "POST /cormun/servlet/solicitudotadjuntos?cb9f2384dd25534faa93e00e7e08ad72,INS,2025,22819,,1,,gx-no-cache=1753879174082 HTTP/1.1" 200 4179
190.95.67.97 - - [30/Jul/2025:09:36:51 -0300] "GET /cormun/servlet/prfichaempleado?,MD,,gxPopupLevel%3D0%3B HTTP/1.1" 200 9080
190.95.67.97 - - [30/Jul/2025:09:36:51 -0300] "GET /cormun/static/gxcfg.js?20201215571085 HTTP/1.1" 200 953
190.95.67.97 - - [30/Jul/2025:09:36:51 -0300] "GET /cormun/static/prfichaempleado.js?20201215572193 HTTP/1.1" 200 16005
190.95.2.157 - - [30/Jul/2025:09:36:52 -0300] "POST /cormun/servlet/solicitudotadjuntos?gx-no-cache=1753879177573 HTTP/1.1" 200 26
190.95.67.97 - - [30/Jul/2025:09:36:58 -0300] "POST /cormun/servlet/prfichaempleado?6210e14de7258be39cf9622d84820ab1,,MD,,gxPopupLevel%3D0%3B,gx-no-cache=1753878658077 HTTP/1.1" 200 3401
201.186.225.249 - - [30/Jul/2025:09:37:04 -0300] "GET /cormun/static/menuarrow.gif HTTP/1.1" 404 1015
190.95.67.97 - - [30/Jul/2025:09:37:04 -0300] "GET /cormun/servlet/prlicenciaspermisos?19894546,L,,MD,,gxPopupLevel%3D0%3B HTTP/1.1" 200 6324
190.95.67.97 - - [30/Jul/2025:09:37:04 -0300] "GET /cormun/static/gxcfg.js?2020121559567 HTTP/1.1" 200 953
190.95.67.97 - - [30/Jul/2025:09:37:04 -0300] "GET /cormun/static/prlicenciaspermisos.js?2020121559821 HTTP/1.1" 200 13379
190.95.67.97 - - [30/Jul/2025:09:37:07 -0300] "POST /cormun/servlet/solicitudot?gx-no-cache=1753878666748 HTTP/1.1" 200 1481
190.95.2.157 - - [30/Jul/2025:09:37:07 -0300] "GET /cormun/servlet/solicitudotadjuntos?0ce9389f818824a191188c6f289b563ec3dc03663415bda77f2249426aab8567,gx-no-cache=1753879193018 HTTP/1.1" 200 30
190.95.2.157 - - [30/Jul/2025:09:37:07 -0300] "GET /cormun/servlet/solicitudotadjuntos?0ce9389f818824a191188c6f289b563ec3dc03663415bda77f2249426aab8567,gx-no-cache=1753879193030 HTTP/1.1" 200 30
190.95.2.157 - - [30/Jul/2025:09:37:08 -0300] "POST /cormun/servlet/solicitudotadjuntos?cb9f2384dd25534faa93e00e7e08ad72,INS,2025,22819,,1, HTTP/1.1" 200 116
190.95.2.157 - - [30/Jul/2025:09:37:08 -0300] "GET /cormun/servlet/hpexe_return? HTTP/1.1" 200 1021
190.95.2.157 - - [30/Jul/2025:09:37:08 -0300] "GET /cormun/servlet/trsolicitudadjuntos?2025,22819, HTTP/1.1" 200 9541
190.95.67.97 - - [30/Jul/2025:09:37:10 -0300] "POST /cormun/servlet/solicitudot?gx-no-cache=1753878670061 HTTP/1.1" 200 41
190.95.2.157 - - [30/Jul/2025:09:37:10 -0300] "GET /cormun/servlet/solicitudotadjuntos?INS,2025,22819,,1, HTTP/1.1" 200 6356
190.95.67.97 - - [30/Jul/2025:09:37:10 -0300] "GET /cormun/servlet/solicitudot?200116b98340eb6603003a6565ea09b93616f575f8fe48999ed8d1ef5ab62945705410d8831fe5b471e0aa571ef97bbd8e622937b3d571de7327b2a0d1a31a120fb010116de0e086ac977293e5d09cc5e9318fc3a5e8f030a3316bfa59ed303e87c809a40a510d45538867f635690977,gx-no-cache=1753878670094 HTTP/1.1" 200 110
190.95.67.97 - - [30/Jul/2025:09:37:10 -0300] "POST /cormun/servlet/solicitudot?gx-no-cache=1753878670124 HTTP/1.1" 200 97
190.95.2.157 - - [30/Jul/2025:09:37:10 -0300] "GET /cormun/static/about:blank HTTP/1.1" 404 1011
190.95.67.97 - - [30/Jul/2025:09:37:10 -0300] "GET /cormun/servlet/solicitudot?200116b98340eb6603003a6565ea09b96267c9a83efdad12102ff975138c52beb48799f8746b842c0e59d98acd11b9e471505b48a01cf4299a3e50b19ac3cd39bcb834bcd2b19571597da6bb263d4cab2957c61376d005cd16ac0919b4e2af149d77c74e381c72d5a69a09030b5b265e4b8c2f520f6f4ff88c739bb76e7ea417742b1dc6c39cba05ef64f4edc4e5fa378644cd042cd755407ff02a84c395a879,gx-no-cache=1753878670156 HTTP/1.1" 200 29
190.95.67.97 - - [30/Jul/2025:09:37:10 -0300] "GET /cormun/static/menuarrow.gif HTTP/1.1" 404 1015
190.95.2.157 - - [30/Jul/2025:09:37:11 -0300] "GET /cormun/servlet/solicitudotadjuntos?0ce9389f818824a191188c6f289b563e72c4c470e8a5debf3706afbbee7601543383fadf861490e3e711477b42724aab,gx-no-cache=1753879196243 HTTP/1.1" 200 30
190.95.2.157 - - [30/Jul/2025:09:37:11 -0300] "POST /cormun/servlet/solicitudotadjuntos?cb9f2384dd25534faa93e00e7e08ad72,INS,2025,22819,,1,,gx-no-cache=1753879196258 HTTP/1.1" 200 4178
190.95.67.97 - - [30/Jul/2025:09:37:14 -0300] "GET /cormun/servlet/solicitudot?200116b98340eb6603003a6565ea09b93616f575f8fe48999ed8d1ef5ab62945705410d8831fe5b471e0aa571ef97bbd8e622937b3d571de7327b2a0d1a31a120fb010116de0e086ac977293e5d09cc5e9318fc3a5e8f030a3316bfa59ed303e87c809a40a510d45538867f635690977,gx-no-cache=1753878674468 HTTP/1.1" 200 110
190.95.2.157 - - [30/Jul/2025:09:37:15 -0300] "POST /cormun/servlet/solicitudotadjuntos?gx-no-cache=1753879200811 HTTP/1.1" 200 26
190.95.67.97 - - [30/Jul/2025:09:37:16 -0300] "GET /cormun/servlet/solicitudot?200116b98340eb6603003a6565ea09b9cc53d753e5ee6beef76b14df016052945deea44a034297bf8c32b44a1b337581,gx-no-cache=1753878675794 HTTP/1.1" 200 30
190.95.2.157 - - [30/Jul/2025:09:37:23 -0300] "GET /cormun/servlet/solicitudotadjuntos?0ce9389f818824a191188c6f289b563ec3dc03663415bda77f2249426aab8567,gx-no-cache=1753879208721 HTTP/1.1" 200 30
190.95.2.157 - - [30/Jul/2025:09:37:23 -0300] "GET /cormun/servlet/solicitudotadjuntos?0ce9389f818824a191188c6f289b563ec3dc03663415bda77f2249426aab8567,gx-no-cache=1753879208735 HTTP/1.1" 200 30
190.95.2.157 - - [30/Jul/2025:09:37:23 -0300] "POST /cormun/servlet/solicitudotadjuntos?cb9f2384dd25534faa93e00e7e08ad72,INS,2025,22819,,1, HTTP/1.1" 200 116
190.95.2.157 - - [30/Jul/2025:09:37:23 -0300] "GET /cormun/servlet/hpexe_return? HTTP/1.1" 200 1021
190.95.2.157 - - [30/Jul/2025:09:37:23 -0300] "GET /cormun/servlet/trsolicitudadjuntos?2025,22819, HTTP/1.1" 200 9771
190.95.2.157 - - [30/Jul/2025:09:37:26 -0300] "GET /cormun/servlet/solicitudotadjuntos?INS,2025,22819,,1, HTTP/1.1" 200 6356
190.95.2.157 - - [30/Jul/2025:09:37:26 -0300] "GET /cormun/static/about:blank HTTP/1.1" 404 1011
190.95.2.157 - - [30/Jul/2025:09:37:26 -0300] "GET /cormun/servlet/solicitudotadjuntos?0ce9389f818824a191188c6f289b563e72c4c470e8a5debf3706afbbee7601543383fadf861490e3e711477b42724aab,gx-no-cache=1753879211867 HTTP/1.1" 200 30
190.95.2.157 - - [30/Jul/2025:09:37:26 -0300] "POST /cormun/servlet/solicitudotadjuntos?cb9f2384dd25534faa93e00e7e08ad72,INS,2025,22819,,1,,gx-no-cache=1753879211881 HTTP/1.1" 200 4178
201.186.225.249 - - [30/Jul/2025:09:37:27 -0300] "POST /cormun/servlet/trlicencias?f48d660c325d86e2611fb3b84e263d79,,gx-no-cache=1753879214144 HTTP/1.1" 200 18558
201.186.225.249 - - [30/Jul/2025:09:37:28 -0300] "GET /cormun/static/Resources/PXToolsGridNext.gif HTTP/1.1" 200 369
201.186.225.249 - - [30/Jul/2025:09:37:28 -0300] "GET /cormun/static/Resources/PXToolsGridLast.gif HTTP/1.1" 200 370
190.95.2.157 - - [30/Jul/2025:09:37:30 -0300] "POST /cormun/servlet/solicitudotadjuntos?gx-no-cache=1753879215794 HTTP/1.1" 200 26
190.95.67.97 - - [30/Jul/2025:09:37:38 -0300] "POST /cormun/servlet/solicitudot?gx-no-cache=1753878697861 HTTP/1.1" 200 120
190.95.67.97 - - [30/Jul/2025:09:37:38 -0300] "GET /cormun/static/Shared/jqueryui/images/ui-bg_highlight-soft_100_c6c2c8_1x100.png HTTP/1.1" 404 1117
190.95.67.97 - - [30/Jul/2025:09:37:38 -0300] "GET /cormun/static/Shared/jqueryui/images/ui-icons_82798d_256x240.png HTTP/1.1" 404 1089
190.95.67.97 - - [30/Jul/2025:09:37:38 -0300] "GET /cormun/static/Shared/jqueryui/images/ui-bg_flat_55_994d53_40x100.png HTTP/1.1" 404 1097
190.95.67.97 - - [30/Jul/2025:09:37:38 -0300] "GET /cormun/static/Shared/jqueryui/images/ui-icons_ebccce_256x240.png HTTP/1.1" 404 1089
190.95.67.97 - - [30/Jul/2025:09:37:38 -0300] "POST /cormun/servlet/solicitudot?6210e14de7258be39cf9622d84820ab1,INS,0,0,false,,gx-no-cache=1753878697948 HTTP/1.1" 200 13086
190.95.2.157 - - [30/Jul/2025:09:37:43 -0300] "GET /cormun/servlet/solicitudotadjuntos?0ce9389f818824a191188c6f289b563ec3dc03663415bda77f2249426aab8567,gx-no-cache=1753879229042 HTTP/1.1" 200 30
190.95.2.157 - - [30/Jul/2025:09:37:43 -0300] "GET /cormun/servlet/solicitudotadjuntos?0ce9389f818824a191188c6f289b563ec3dc03663415bda77f2249426aab8567,gx-no-cache=1753879229059 HTTP/1.1" 200 30
190.95.2.157 - - [30/Jul/2025:09:37:43 -0300] "POST /cormun/servlet/solicitudotadjuntos?cb9f2384dd25534faa93e00e7e08ad72,INS,2025,22819,,1, HTTP/1.1" 200 116
190.95.2.157 - - [30/Jul/2025:09:37:44 -0300] "GET /cormun/servlet/hpexe_return? HTTP/1.1" 200 1021
190.95.2.157 - - [30/Jul/2025:09:37:44 -0300] "GET /cormun/servlet/trsolicitudadjuntos?2025,22819, HTTP/1.1" 200 10025
190.95.2.157 - - [30/Jul/2025:09:37:45 -0300] "GET /cormun/servlet/solicitudotadjuntos?INS,2025,22819,,1, HTTP/1.1" 200 6356
190.95.2.157 - - [30/Jul/2025:09:37:45 -0300] "GET /cormun/static/about:blank HTTP/1.1" 404 1011
190.95.2.157 - - [30/Jul/2025:09:37:46 -0300] "GET /cormun/servlet/solicitudotadjuntos?0ce9389f818824a191188c6f289b563e72c4c470e8a5debf3706afbbee7601543383fadf861490e3e711477b42724aab,gx-no-cache=1753879231708 HTTP/1.1" 200 30
190.95.2.157 - - [30/Jul/2025:09:37:46 -0300] "POST /cormun/servlet/solicitudotadjuntos?cb9f2384dd25534faa93e00e7e08ad72,INS,2025,22819,,1,,gx-no-cache=1753879231725 HTTP/1.1" 200 4178
190.95.2.157 - - [30/Jul/2025:09:37:49 -0300] "POST /cormun/servlet/solicitudotadjuntos?gx-no-cache=1753879234978 HTTP/1.1" 200 26
190.95.67.97 - - [30/Jul/2025:09:37:51 -0300] "GET /cormun/servlet/prfichaempleado?,MD,,gxPopupLevel%3D0%3B HTTP/1.1" 200 9080
201.186.225.249 - - [30/Jul/2025:09:37:55 -0300] "POST /cormun/servlet/trlicencias?f48d660c325d86e2611fb3b84e263d79,,gx-no-cache=1753879242008 HTTP/1.1" 200 6240
201.186.225.191 - - [30/Jul/2025:09:37:57 -0300] "GET /cormun/servlet/hlogin HTTP/1.1" 200 1715
190.95.67.97 - - [30/Jul/2025:09:38:03 -0300] "POST /cormun/servlet/prfichaempleado?6210e14de7258be39cf9622d84820ab1,,MD,,gxPopupLevel%3D0%3B,gx-no-cache=1753878723543 HTTP/1.1" 200 3400
190.95.67.97 - - [30/Jul/2025:09:38:06 -0300] "POST /cormun/servlet/solicitudot?gx-no-cache=1753878726110 HTTP/1.1" 200 1481
190.95.67.97 - - [30/Jul/2025:09:38:09 -0300] "GET /cormun/servlet/prlicenciaspermisos?19894546,L,,MD,,gxPopupLevel%3D0%3B HTTP/1.1" 200 6324
201.186.225.191 - - [30/Jul/2025:09:38:12 -0300] "POST /cormun/servlet/hlogin?e9d8be21e11ffe5096142277bf2c93b1,gx-no-cache=1753879258722 HTTP/1.1" 200 414
190.95.67.97 - - [30/Jul/2025:09:38:16 -0300] "POST /cormun/servlet/solicitudot?gx-no-cache=1753878735811 HTTP/1.1" 200 41
190.95.67.97 - - [30/Jul/2025:09:38:16 -0300] "GET /cormun/servlet/solicitudot?200116b98340eb6603003a6565ea09b93616f575f8fe48999ed8d1ef5ab62945705410d8831fe5b471e0aa571ef97bbd8e622937b3d571de7327b2a0d1a31a120fb010116de0e086ac977293e5d09cc5e9318fc3a5e8f030a3316bfa59ed303e87c809a40a510d45538867f635690977,gx-no-cache=1753878735843 HTTP/1.1" 200 110
190.95.67.97 - - [30/Jul/2025:09:38:16 -0300] "POST /cormun/servlet/solicitudot?gx-no-cache=1753878736093 HTTP/1.1" 200 97
190.95.67.97 - - [30/Jul/2025:09:38:21 -0300] "GET /cormun/servlet/solicitudot?200116b98340eb6603003a6565ea09b93616f575f8fe48999ed8d1ef5ab62945705410d8831fe5b471e0aa571ef97bbd8e622937b3d571de7327b2a0d1a31a120fb010116de0e086ac977293e5d09cc5e9318fc3a5e8f030a3316bfa59ed303e87c809a40a510d45538867f635690977,gx-no-cache=1753878740928 HTTP/1.1" 200 110
201.186.225.191 - - [30/Jul/2025:09:38:36 -0300] "GET /cormun/servlet/hlogin HTTP/1.1" 200 1715
201.186.225.191 - - [30/Jul/2025:09:38:36 -0300] "GET /favicon.ico HTTP/1.1" 200 21630
201.186.225.191 - - [30/Jul/2025:09:38:37 -0300] "POST /cormun/servlet/hlogin?e9d8be21e11ffe5096142277bf2c93b1,gx-no-cache=1753879282952 HTTP/1.1" 200 414
190.95.67.97 - - [30/Jul/2025:09:38:42 -0300] "POST /cormun/servlet/solicitudot?gx-no-cache=1753878762039 HTTP/1.1" 200 120
201.186.225.191 - - [30/Jul/2025:09:39:01 -0300] "POST /cormun/servlet/hlogin?e9d8be21e11ffe5096142277bf2c93b1,gx-no-cache=1753879307543 HTTP/1.1" 200 90
201.186.225.191 - - [30/Jul/2025:09:39:01 -0300] "GET /cormun/servlet/hpexe_link HTTP/1.1" 200 945
201.186.225.191 - - [30/Jul/2025:09:39:01 -0300] "GET /cormun/servlet/hhome HTTP/1.1" 200 4181
190.95.67.97 - - [30/Jul/2025:09:39:05 -0300] "GET /cormun/servlet/prlicenciaspermisos?19894546,L,,MD,,gxPopupLevel%3D0%3B HTTP/1.1" 200 6324
201.186.225.191 - - [30/Jul/2025:09:39:18 -0300] "GET /cormun/servlet/trlicencias? HTTP/1.1" 200 12199
190.95.67.97 - - [30/Jul/2025:09:39:24 -0300] "POST /cormun/servlet/solicitudot?gx-no-cache=1753878804350 HTTP/1.1" 200 41
190.95.67.97 - - [30/Jul/2025:09:39:24 -0300] "GET /cormun/servlet/solicitudot?200116b98340eb6603003a6565ea09b93616f575f8fe48999ed8d1ef5ab62945705410d8831fe5b471e0aa571ef97bbd8e622937b3d571de7327b2a0d1a31a120fb010116de0e086ac977293e5d09cc5e9318fc3a5e8f030a3316bfa59ed303e87c809a40a510d45538867f635690977,gx-no-cache=1753878804371 HTTP/1.1" 200 110
190.95.67.97 - - [30/Jul/2025:09:39:39 -0300] "GET /cormun/servlet/prlicenciaspermisos?19894546,L,,MD,,gxPopupLevel%3D0%3B HTTP/1.1" 200 6324
190.95.67.97 - - [30/Jul/2025:09:39:59 -0300] "GET /cormun/servlet/solicitudot?200116b98340eb6603003a6565ea09b93616f575f8fe48999ed8d1ef5ab62945705410d8831fe5b471e0aa571ef97bbd8e622937b3d571de7327b2a0d1a31a120fb010116de0e086ac977293e5d09cc5e9318fc3a5e8f030a3316bfa59ed303e87c809a40a510d45538867f635690977,gx-no-cache=1753878839082 HTTP/1.1" 200 110
190.95.67.97 - - [30/Jul/2025:09:40:00 -0300] "GET /cormun/servlet/solicitudot?200116b98340eb6603003a6565ea09b93616f575f8fe48999ed8d1ef5ab62945705410d8831fe5b471e0aa571ef97bbd8e622937b3d571de7327b2a0d1a31a120fb010116de0e086ac977293e5d09cc5e9318fc3a5e8f030a3316bfa59ed303e87c809a40a510d45538867f635690977,gx-no-cache=1753878840221 HTTP/1.1" 200 110
190.95.67.97 - - [30/Jul/2025:09:40:06 -0300] "POST /cormun/servlet/solicitudot?gx-no-cache=1753878845919 HTTP/1.1" 200 34
201.186.225.191 - - [30/Jul/2025:09:40:13 -0300] "GET /cormun/servlet/hlogin HTTP/1.1" 200 1731
190.95.67.97 - - [30/Jul/2025:09:41:11 -0300] "GET /cormun/servlet/solicitudot?200116b98340eb6603003a6565ea09b9cc53d753e5ee6beef76b14df016052945deea44a034297bf8c32b44a1b337581,gx-no-cache=1753878910893 HTTP/1.1" 200 30
190.95.67.97 - - [30/Jul/2025:09:41:11 -0300] "POST /cormun/servlet/solicitudot?gx-no-cache=1753878910934 HTTP/1.1" 200 34
190.95.67.97 - - [30/Jul/2025:09:41:12 -0300] "POST /cormun/servlet/solicitudot?6210e14de7258be39cf9622d84820ab1,INS,0,0,false,,gx-no-cache=1753878911242 HTTP/1.1" 200 93
190.95.67.97 - - [30/Jul/2025:09:41:12 -0300] "GET /cormun/servlet/hpexe_return? HTTP/1.1" 200 1003
190.95.67.97 - - [30/Jul/2025:09:41:12 -0300] "GET /cormun/servlet/trsolicitudot HTTP/1.1" 200 8518
190.95.67.97 - - [30/Jul/2025:09:41:12 -0300] "GET /cormun//static/Resources/PXToolsRemoveAllAction.png HTTP/1.1" 200 487
190.95.67.97 - - [30/Jul/2025:09:41:12 -0300] "GET /cormun//static/Resources/PXToolsActionView.png HTTP/1.1" 200 398
190.95.67.97 - - [30/Jul/2025:09:41:16 -0300] "POST /cormun/servlet/trsolicitudot?6210e14de7258be39cf9622d84820ab1,gx-no-cache=1753878916373 HTTP/1.1" 200 4575
190.95.67.97 - - [30/Jul/2025:09:41:16 -0300] "GET /cormun/static/Shared/jqueryui/images/ui-icons_82798d_256x240.png HTTP/1.1" 404 1089
190.95.67.97 - - [30/Jul/2025:09:41:16 -0300] "GET /cormun/static/Shared/jqueryui/images/ui-bg_highlight-soft_100_c6c2c8_1x100.png HTTP/1.1" 404 1117
190.95.67.97 - - [30/Jul/2025:09:41:16 -0300] "GET /cormun/static/Shared/jqueryui/images/ui-bg_flat_55_fafafa_40x100.png HTTP/1.1" 404 1097
190.95.67.97 - - [30/Jul/2025:09:41:16 -0300] "GET /cormun/static/Shared/jqueryui/images/ui-icons_8d78a5_256x240.png HTTP/1.1" 404 1089
190.95.67.97 - - [30/Jul/2025:09:41:16 -0300] "POST /cormun/servlet/trsolicitudot?6210e14de7258be39cf9622d84820ab1,gx-no-cache=1753878916539 HTTP/1.1" 200 4323
190.95.67.97 - - [30/Jul/2025:09:41:37 -0300] "GET /cormun/servlet/hlogin HTTP/1.1" 200 1731
190.95.67.97 - - [30/Jul/2025:09:41:44 -0300] "POST /cormun/servlet/hlogin?6210e14de7258be39cf9622d84820ab1,gx-no-cache=1753878944169 HTTP/1.1" 200 90
190.95.67.97 - - [30/Jul/2025:09:41:44 -0300] "GET /cormun/servlet/hpexe_link HTTP/1.1" 200 946
190.95.67.97 - - [30/Jul/2025:09:41:44 -0300] "GET /cormun/servlet/hhome HTTP/1.1" 200 4102
190.95.67.97 - - [30/Jul/2025:09:41:44 -0300] "GET /cormun/static/gxcfg.js?20201215495537 HTTP/1.1" 200 953
190.95.67.97 - - [30/Jul/2025:09:41:44 -0300] "GET /cormun/static/hhome.js?20201215495544 HTTP/1.1" 200 777
190.95.67.97 - - [30/Jul/2025:09:41:44 -0300] "GET /cormun/static/SmoothNavMenu/resources/images/right.gif HTTP/1.1" 200 860
190.95.67.97 - - [30/Jul/2025:09:41:47 -0300] "GET /cormun/servlet/trautorizarsolicitud? HTTP/1.1" 200 8632
190.95.67.97 - - [30/Jul/2025:09:41:47 -0300] "GET /cormun/static/gxcfg.js?202211298474254 HTTP/1.1" 200 953
190.95.67.97 - - [30/Jul/2025:09:41:47 -0300] "GET /cormun/static/trautorizarsolicitud.js?202211298474588 HTTP/1.1" 200 53909
190.95.67.97 - - [30/Jul/2025:09:41:58 -0300] "POST /cormun/servlet/trautorizarsolicitud?6210e14de7258be39cf9622d84820ab1,,gx-no-cache=1753878958504 HTTP/1.1" 200 4782
190.95.67.97 - - [30/Jul/2025:09:41:59 -0300] "POST /cormun/servlet/trautorizarsolicitud?6210e14de7258be39cf9622d84820ab1,,gx-no-cache=1753878958645 HTTP/1.1" 200 4529
190.95.2.157 - - [30/Jul/2025:09:42:34 -0300] "GET /cormun/servlet/solicitudotadjuntos?0ce9389f818824a191188c6f289b563ec3dc03663415bda77f2249426aab8567,gx-no-cache=1753879519434 HTTP/1.1" 200 30
190.95.2.157 - - [30/Jul/2025:09:42:34 -0300] "GET /cormun/servlet/solicitudotadjuntos?0ce9389f818824a191188c6f289b563ec3dc03663415bda77f2249426aab8567,gx-no-cache=1753879519466 HTTP/1.1" 200 30
190.95.2.157 - - [30/Jul/2025:09:42:34 -0300] "POST /cormun/servlet/solicitudotadjuntos?cb9f2384dd25534faa93e00e7e08ad72,INS,2025,22819,,1, HTTP/1.1" 200 116
190.95.2.157 - - [30/Jul/2025:09:42:34 -0300] "GET /cormun/servlet/hpexe_return? HTTP/1.1" 200 1021
190.95.2.157 - - [30/Jul/2025:09:42:34 -0300] "GET /cormun/servlet/trsolicitudadjuntos?2025,22819, HTTP/1.1" 200 10307
190.95.2.157 - - [30/Jul/2025:09:42:36 -0300] "GET /cormun/servlet/solicitudotadjuntos?INS,2025,22819,,1, HTTP/1.1" 200 6355
190.95.2.157 - - [30/Jul/2025:09:42:36 -0300] "GET /cormun/static/about:blank HTTP/1.1" 404 1011
190.95.2.157 - - [30/Jul/2025:09:42:37 -0300] "GET /cormun/servlet/solicitudotadjuntos?0ce9389f818824a191188c6f289b563e72c4c470e8a5debf3706afbbee7601543383fadf861490e3e711477b42724aab,gx-no-cache=1753879522541 HTTP/1.1" 200 30
190.95.2.157 - - [30/Jul/2025:09:42:37 -0300] "POST /cormun/servlet/solicitudotadjuntos?cb9f2384dd25534faa93e00e7e08ad72,INS,2025,22819,,1,,gx-no-cache=1753879522556 HTTP/1.1" 200 4179
190.95.2.157 - - [30/Jul/2025:09:42:40 -0300] "POST /cormun/servlet/solicitudotadjuntos?gx-no-cache=1753879525866 HTTP/1.1" 200 26
190.95.2.157 - - [30/Jul/2025:09:42:51 -0300] "GET /cormun/servlet/solicitudotadjuntos?0ce9389f818824a191188c6f289b563ec3dc03663415bda77f2249426aab8567,gx-no-cache=1753879536985 HTTP/1.1" 200 30
190.95.2.157 - - [30/Jul/2025:09:42:51 -0300] "GET /cormun/servlet/solicitudotadjuntos?0ce9389f818824a191188c6f289b563ec3dc03663415bda77f2249426aab8567,gx-no-cache=1753879536994 HTTP/1.1" 200 30
190.95.2.157 - - [30/Jul/2025:09:42:52 -0300] "POST /cormun/servlet/solicitudotadjuntos?cb9f2384dd25534faa93e00e7e08ad72,INS,2025,22819,,1, HTTP/1.1" 200 116
190.95.2.157 - - [30/Jul/2025:09:42:52 -0300] "GET /cormun/servlet/hpexe_return? HTTP/1.1" 200 1021
190.95.2.157 - - [30/Jul/2025:09:42:52 -0300] "GET /cormun/servlet/trsolicitudadjuntos?2025,22819, HTTP/1.1" 200 10542
190.95.2.157 - - [30/Jul/2025:09:42:54 -0300] "GET /cormun/servlet/solicitudotadjuntos?INS,2025,22819,,1, HTTP/1.1" 200 6355
190.95.2.157 - - [30/Jul/2025:09:42:54 -0300] "GET /cormun/static/about:blank HTTP/1.1" 404 1011
190.95.2.157 - - [30/Jul/2025:09:42:54 -0300] "GET /cormun/servlet/solicitudotadjuntos?0ce9389f818824a191188c6f289b563e72c4c470e8a5debf3706afbbee7601543383fadf861490e3e711477b42724aab,gx-no-cache=1753879540065 HTTP/1.1" 200 30
190.95.2.157 - - [30/Jul/2025:09:42:54 -0300] "POST /cormun/servlet/solicitudotadjuntos?cb9f2384dd25534faa93e00e7e08ad72,INS,2025,22819,,1,,gx-no-cache=1753879540082 HTTP/1.1" 200 4179
190.95.2.157 - - [30/Jul/2025:09:42:58 -0300] "POST /cormun/servlet/solicitudotadjuntos?gx-no-cache=1753879543394 HTTP/1.1" 200 26
190.95.2.157 - - [30/Jul/2025:09:43:06 -0300] "GET /cormun/servlet/solicitudotadjuntos?0ce9389f818824a191188c6f289b563ec3dc03663415bda77f2249426aab8567,gx-no-cache=1753879551458 HTTP/1.1" 200 30
190.95.2.157 - - [30/Jul/2025:09:43:06 -0300] "GET /cormun/servlet/solicitudotadjuntos?0ce9389f818824a191188c6f289b563ec3dc03663415bda77f2249426aab8567,gx-no-cache=1753879551470 HTTP/1.1" 200 30
190.95.2.157 - - [30/Jul/2025:09:43:06 -0300] "POST /cormun/servlet/solicitudotadjuntos?cb9f2384dd25534faa93e00e7e08ad72,INS,2025,22819,,1, HTTP/1.1" 200 116
190.95.2.157 - - [30/Jul/2025:09:43:06 -0300] "GET /cormun/servlet/hpexe_return? HTTP/1.1" 200 1021
190.95.2.157 - - [30/Jul/2025:09:43:06 -0300] "GET /cormun/servlet/trsolicitudadjuntos?2025,22819, HTTP/1.1" 200 10715
190.95.2.157 - - [30/Jul/2025:09:43:08 -0300] "POST /cormun/servlet/trsolicitudadjuntos?cb9f2384dd25534faa93e00e7e08ad72,2025,22819,,gx-no-cache=1753879554092 HTTP/1.1" 200 90
190.95.2.157 - - [30/Jul/2025:09:43:08 -0300] "GET /cormun/servlet/hpexe_link HTTP/1.1" 200 986
190.95.2.157 - - [30/Jul/2025:09:43:08 -0300] "GET /cormun/servlet/trsolicitudot?gx-no-cache=1753879165870 HTTP/1.1" 200 8936
190.95.2.157 - - [30/Jul/2025:09:43:19 -0300] "POST /cormun/servlet/trsolicitudot?cb9f2384dd25534faa93e00e7e08ad72,gx-no-cache=1753879165870,gx-no-cache=1753879564973 HTTP/1.1" 200 4852
190.95.2.157 - - [30/Jul/2025:09:43:19 -0300] "POST /cormun/servlet/trsolicitudot?cb9f2384dd25534faa93e00e7e08ad72,gx-no-cache=1753879165870,gx-no-cache=1753879565087 HTTP/1.1" 200 4600
190.95.2.157 - - [30/Jul/2025:09:43:26 -0300] "GET /cormun/servlet/trautorizarsolicitud? HTTP/1.1" 200 8845
190.95.2.157 - - [30/Jul/2025:09:43:26 -0300] "GET /cormun/static/gxcfg.js?202211298474254 HTTP/1.1" 200 953
190.95.2.157 - - [30/Jul/2025:09:43:26 -0300] "GET /cormun/static/trautorizarsolicitud.js?202211298474588 HTTP/1.1" 200 53909
190.95.2.157 - - [30/Jul/2025:09:43:32 -0300] "POST /cormun/servlet/trautorizarsolicitud?cb9f2384dd25534faa93e00e7e08ad72,,gx-no-cache=1753879577316 HTTP/1.1" 200 4790
190.95.2.157 - - [30/Jul/2025:09:43:32 -0300] "POST /cormun/servlet/trautorizarsolicitud?cb9f2384dd25534faa93e00e7e08ad72,,gx-no-cache=1753879577398 HTTP/1.1" 200 4541
190.95.2.163 - - [30/Jul/2025:09:44:06 -0300] "GET /cormun/servlet/hlogin HTTP/1.1" 200 1721
190.95.2.163 - - [30/Jul/2025:09:44:15 -0300] "POST /cormun/servlet/hlogin?c9c3814b054d8fb9f118caeb339ebefc,gx-no-cache=1753879619746 HTTP/1.1" 200 90
190.95.2.163 - - [30/Jul/2025:09:44:15 -0300] "GET /cormun/servlet/hpexe_link HTTP/1.1" 200 950
190.95.2.163 - - [30/Jul/2025:09:44:15 -0300] "GET /cormun/servlet/hhome HTTP/1.1" 200 3997
190.95.2.163 - - [30/Jul/2025:09:44:24 -0300] "GET /cormun/servlet/trpermisosgoce? HTTP/1.1" 200 13320
207.167.67.206 - - [30/Jul/2025:09:44:35 -0300] "GET / HTTP/1.1" 200 11217
207.167.67.206 - - [30/Jul/2025:09:44:35 -0300] "CONNECT example.com:443 HTTP/1.1" 400 -
207.167.67.206 - - [30/Jul/2025:09:44:36 -0300] "GET / HTTP/1.1" 200 11217
207.167.67.206 - - [30/Jul/2025:09:44:36 -0300] "CONNECT example.com:443 HTTP/1.1" 400 -
190.95.67.93 - - [30/Jul/2025:09:45:08 -0300] "GET /cormun/servlet/hlogin HTTP/1.1" 200 1722
190.95.67.93 - - [30/Jul/2025:09:45:08 -0300] "GET /cormun/static/Resources/Spanish/PXTools.css?1759030 HTTP/1.1" 304 -
190.95.67.93 - - [30/Jul/2025:09:45:08 -0300] "GET /cormun/static/Resources/CormunLogin.png HTTP/1.1" 304 -
190.95.67.93 - - [30/Jul/2025:09:45:08 -0300] "GET /cormun/static/gxcfg.js?2022112219184450 HTTP/1.1" 304 -
190.95.67.93 - - [30/Jul/2025:09:45:08 -0300] "GET /cormun/static/messages.spa.js?85251 HTTP/1.1" 304 -
190.95.67.93 - - [30/Jul/2025:09:45:08 -0300] "GET /cormun/static/hlogin.js?2022112219184458 HTTP/1.1" 304 -
190.95.67.93 - - [30/Jul/2025:09:45:08 -0300] "GET /cormun/static/Resources/PXToolsLoginBackground.png HTTP/1.1" 304 -
190.95.67.93 - - [30/Jul/2025:09:45:08 -0300] "GET /cormun/static/Resources/PXToolsLoginTop.png HTTP/1.1" 304 -
190.95.67.93 - - [30/Jul/2025:09:45:08 -0300] "GET /cormun/static/Resources/PXToolsButtonLeft.png HTTP/1.1" 304 -
190.95.67.93 - - [30/Jul/2025:09:45:08 -0300] "GET /cormun/static/Resources/PXToolsButtonBackground.png HTTP/1.1" 304 -
190.95.67.93 - - [30/Jul/2025:09:45:08 -0300] "GET /cormun/static/Resources/PXToolsLoginBottom.png HTTP/1.1" 304 -
190.95.67.93 - - [30/Jul/2025:09:45:08 -0300] "GET /cormun/static/Resources/PXToolsButtonRight.png HTTP/1.1" 304 -
190.95.67.93 - - [30/Jul/2025:09:45:08 -0300] "GET /cormun/servlet/hlogin HTTP/1.1" 200 1732
190.95.67.93 - - [30/Jul/2025:09:45:08 -0300] "GET /cormun/static/Resources/indicator.gif HTTP/1.1" 304 -
190.95.2.163 - - [30/Jul/2025:09:45:11 -0300] "GET /cormun/servlet/trbonoreemplazo? HTTP/1.1" 500 10
190.95.67.93 - - [30/Jul/2025:09:45:12 -0300] "POST /cormun/servlet/hlogin?749349c734893389814ca8d46403d736,gx-no-cache=1753890411500 HTTP/1.1" 200 90
190.95.67.93 - - [30/Jul/2025:09:45:12 -0300] "GET /cormun/servlet/hpexe_link HTTP/1.1" 200 953
190.95.67.93 - - [30/Jul/2025:09:45:12 -0300] "GET /cormun/static/Resources/Spanish/PXTools.css?8354383 HTTP/1.1" 304 -
190.95.67.93 - - [30/Jul/2025:09:45:12 -0300] "GET /cormun/static/gxcfg.js?20221129847421 HTTP/1.1" 304 -
190.95.67.93 - - [30/Jul/2025:09:45:12 -0300] "GET /cormun/static/hpexe_link.js?20221129847423 HTTP/1.1" 304 -
190.95.67.93 - - [30/Jul/2025:09:45:13 -0300] "GET /cormun/servlet/hhome HTTP/1.1" 200 4339
190.95.67.93 - - [30/Jul/2025:09:45:13 -0300] "GET /cormun/static/Resources/Spanish/PXTools.css?14345360 HTTP/1.1" 304 -
190.95.67.93 - - [30/Jul/2025:09:45:13 -0300] "GET /cormun/static/gxcfg.js?20201215495537 HTTP/1.1" 304 -
190.95.67.93 - - [30/Jul/2025:09:45:13 -0300] "GET /cormun/static/Resources/CormunMP2.png HTTP/1.1" 304 -
190.95.67.93 - - [30/Jul/2025:09:45:13 -0300] "GET /cormun/static/Resources/ImgHome.png HTTP/1.1" 304 -
190.95.67.93 - - [30/Jul/2025:09:45:13 -0300] "GET /cormun/static/Resources/ImgLogin.png HTTP/1.1" 304 -
190.95.67.93 - - [30/Jul/2025:09:45:13 -0300] "GET /cormun/static/Resources/Llave.png HTTP/1.1" 304 -
190.95.67.93 - - [30/Jul/2025:09:45:13 -0300] "GET /cormun/static/hhome.js?20201215495544 HTTP/1.1" 304 -
190.95.67.93 - - [30/Jul/2025:09:45:13 -0300] "GET /cormun/static/hpexe_recentlink.js?20201214471090 HTTP/1.1" 304 -
190.95.67.93 - - [30/Jul/2025:09:45:13 -0300] "GET /cormun/static/Resources/PXToolsDataTitle.png HTTP/1.1" 304 -
190.95.67.93 - - [30/Jul/2025:09:45:13 -0300] "GET /cormun/static/hpexe_scripts.js?20201214471411 HTTP/1.1" 304 -
190.95.67.93 - - [30/Jul/2025:09:45:13 -0300] "GET /cormun/static/hpexe_messagecontroller.js?202211298371222 HTTP/1.1" 304 -
190.95.67.93 - - [30/Jul/2025:09:45:13 -0300] "GET /cormun/static/hpexe_messagepopupcomponent.js?2020121447232 HTTP/1.1" 304 -
190.95.67.93 - - [30/Jul/2025:09:45:13 -0300] "GET /cormun/static/hpexe_messagegenexuscomponent.js?20221129836373 HTTP/1.1" 304 -
190.95.67.93 - - [30/Jul/2025:09:45:13 -0300] "GET /cormun/static/cmcontrolpreferences.js?20199141926336 HTTP/1.1" 304 -
190.95.67.93 - - [30/Jul/2025:09:45:13 -0300] "GET /cormun/static/hmpwkw03.js?20221129844354 HTTP/1.1" 304 -
190.95.2.163 - - [30/Jul/2025:09:45:14 -0300] "GET /cormun/servlet/trpermisosgoce? HTTP/1.1" 200 13320
190.95.2.163 - - [30/Jul/2025:09:45:31 -0300] "POST /cormun/servlet/trpermisosgoce?c9c3814b054d8fb9f118caeb339ebefc,,gx-no-cache=1753879695109 HTTP/1.1" 200 4193
190.95.67.93 - - [30/Jul/2025:09:45:33 -0300] "GET /cormun/static/hwchdr01.js?2022112219251119 HTTP/1.1" 304 -
190.95.67.93 - - [30/Jul/2025:09:46:00 -0300] "GET /cormun/servlet/trlicencias? HTTP/1.1" 200 10367
190.95.67.93 - - [30/Jul/2025:09:46:00 -0300] "GET /cormun/static/gxcfg.js?202211298463625 HTTP/1.1" 304 -
190.95.67.93 - - [30/Jul/2025:09:46:00 -0300] "GET /cormun/static/trlicencias.js?202211298463889 HTTP/1.1" 304 -
190.95.67.93 - - [30/Jul/2025:09:46:00 -0300] "GET /cormun/static/Resources/PXToolsDataSearch.png HTTP/1.1" 304 -
190.95.67.93 - - [30/Jul/2025:09:46:00 -0300] "GET /cormun/static/Resources/PXToolsGridFirstDisabled.gif HTTP/1.1" 304 -
190.95.67.93 - - [30/Jul/2025:09:46:00 -0300] "GET /cormun/static/Resources/PXToolsGridPreviousDisabled.gif HTTP/1.1" 304 -
190.95.67.93 - - [30/Jul/2025:09:46:00 -0300] "GET /cormun/static/Resources/PXToolsGridPage.gif HTTP/1.1" 304 -
190.95.67.93 - - [30/Jul/2025:09:46:00 -0300] "GET /cormun/static/Resources/PXToolsGridNextDisabled.gif HTTP/1.1" 304 -
190.95.67.93 - - [30/Jul/2025:09:46:00 -0300] "GET /cormun/static/Resources/PXToolsGridLastDisabled.gif HTTP/1.1" 304 -
190.95.67.93 - - [30/Jul/2025:09:46:00 -0300] "GET /cormun/static/Resources/PXToolsAddAllAction.png HTTP/1.1" 304 -
190.95.67.93 - - [30/Jul/2025:09:46:00 -0300] "GET /cormun/static/Resources/PXToolsActionExcel.png HTTP/1.1" 304 -
190.95.67.93 - - [30/Jul/2025:09:46:00 -0300] "GET /cormun/static/Resources/asc.gif HTTP/1.1" 304 -
190.95.67.93 - - [30/Jul/2025:09:46:00 -0300] "GET /cormun/static/Resources/desc.gif HTTP/1.1" 304 -
190.95.67.93 - - [30/Jul/2025:09:46:00 -0300] "GET /cormun//static/Resources/PXToolsGridDisplay.png HTTP/1.1" 304 -
190.95.67.93 - - [30/Jul/2025:09:46:00 -0300] "GET /cormun//static/Resources/PXToolsActionDisabled.gif HTTP/1.1" 304 -
190.95.67.93 - - [30/Jul/2025:09:46:00 -0300] "GET /cormun//static/Resources/PXTools/ActionInsert.png HTTP/1.1" 304 -
190.95.67.93 - - [30/Jul/2025:09:46:00 -0300] "GET /cormun//static/Resources/PXToolsHeaderHelp.png HTTP/1.1" 304 -
190.95.67.93 - - [30/Jul/2025:09:46:00 -0300] "GET /cormun//static/Resources/PXToolsHeaderFavorites.png HTTP/1.1" 304 -
190.95.67.93 - - [30/Jul/2025:09:46:00 -0300] "GET /cormun//static/Resources/PXToolsActionPrint.png HTTP/1.1" 304 -
190.95.67.93 - - [30/Jul/2025:09:46:20 -0300] "GET /cormun/static/Resources/PXTools/calendar.png HTTP/1.1" 304 -
190.95.2.163 - - [30/Jul/2025:09:47:08 -0300] "GET /cormun/servlet/permisogoce?INS,0,,, HTTP/1.1" 200 6859
190.95.15.9 - - [30/Jul/2025:09:47:13 -0300] "GET /cormun/servlet/hlogin HTTP/1.1" 200 1724
190.95.2.163 - - [30/Jul/2025:09:47:13 -0300] "GET /cormun/servlet/permisogoce?d469763a875a0061dd23fd0d789f2b29e84729327ca692517577f4a07e7dca4e8f2e2ebce560e757aceb003384fb0f77ed7ee3c8af0ce0884d9c21157d789994,gx-no-cache=1753879797844 HTTP/1.1" 200 80
190.95.15.9 - - [30/Jul/2025:09:47:18 -0300] "POST /cormun/servlet/hlogin?ec89ba686518d97b1322657293eaab0d,gx-no-cache=1753879803212 HTTP/1.1" 200 90
190.95.15.9 - - [30/Jul/2025:09:47:18 -0300] "GET /cormun/servlet/hpexe_link HTTP/1.1" 200 954
190.95.15.9 - - [30/Jul/2025:09:47:18 -0300] "GET /cormun/servlet/hhome HTTP/1.1" 200 4269
190.95.2.163 - - [30/Jul/2025:09:47:19 -0300] "GET /cormun/static/menuarrow.gif HTTP/1.1" 404 1015
190.95.2.163 - - [30/Jul/2025:09:47:23 -0300] "GET /cormun/servlet/permisogoce?d469763a875a0061dd23fd0d789f2b29848086cb207640334d8b575501f4e98a61f31fea2c3bddecc6730be46908ce134e92ea508258d8f81092e306a7d07187,gx-no-cache=1753879807535 HTTP/1.1" 200 129
190.95.2.163 - - [30/Jul/2025:09:47:23 -0300] "GET /cormun/static/Shared/jqueryui/images/ui-bg_flat_55_994d53_40x100.png HTTP/1.1" 404 1097
190.95.2.163 - - [30/Jul/2025:09:47:23 -0300] "GET /cormun/static/Shared/jqueryui/images/ui-icons_ebccce_256x240.png HTTP/1.1" 404 1089
190.95.2.163 - - [30/Jul/2025:09:47:23 -0300] "GET /cormun/static/Shared/jqueryui/images/ui-bg_highlight-soft_100_c6c2c8_1x100.png HTTP/1.1" 404 1117
190.95.2.163 - - [30/Jul/2025:09:47:23 -0300] "GET /cormun/static/Shared/jqueryui/images/ui-icons_82798d_256x240.png HTTP/1.1" 404 1089
190.95.15.9 - - [30/Jul/2025:09:47:26 -0300] "GET /cormun/servlet/trlicencias? HTTP/1.1" 200 13116
190.95.2.163 - - [30/Jul/2025:09:47:26 -0300] "GET /cormun/servlet/permisogoce?d469763a875a0061dd23fd0d789f2b29848086cb207640334d8b575501f4e98a334ada69c41ae7486642a62c40d363606f07c3dd8a40a34462fd4bc11902fa69,gx-no-cache=1753879810875 HTTP/1.1" 200 47
190.95.15.9 - - [30/Jul/2025:09:47:31 -0300] "POST /cormun/servlet/trlicencias?ec89ba686518d97b1322657293eaab0d,,gx-no-cache=1753879816559 HTTP/1.1" 200 10905
190.95.2.163 - - [30/Jul/2025:09:47:35 -0300] "GET /cormun/static/Shared/jqueryui/images/ui-bg_highlight-soft_100_eae6ea_1x100.png HTTP/1.1" 404 1117
190.95.67.97 - - [30/Jul/2025:09:47:36 -0300] "GET /cormun/servlet/trvisualizadoreventos? HTTP/1.1" 200 6860
190.95.67.97 - - [30/Jul/2025:09:47:37 -0300] "GET /cormun/servlet/trvisualizadoreventos? HTTP/1.1" 200 6860
190.95.67.97 - - [30/Jul/2025:09:47:37 -0300] "GET /cormun/static/gxcfg.js?202211298474834 HTTP/1.1" 200 953
190.95.67.97 - - [30/Jul/2025:09:47:37 -0300] "GET /cormun/static/Resources/PXToolsActionPrint.png HTTP/1.1" 200 404
190.95.67.97 - - [30/Jul/2025:09:47:37 -0300] "GET /cormun/static/trvisualizadoreventos.js?202211298474971 HTTP/1.1" 200 19318
190.95.67.97 - - [30/Jul/2025:09:47:38 -0300] "POST /cormun/servlet/acontrolpreferencessavestate?None,VESPINOZA,true HTTP/1.1" 200 35
190.95.67.97 - - [30/Jul/2025:09:47:41 -0300] "POST /cormun/servlet/trvisualizadoreventos?6210e14de7258be39cf9622d84820ab1,,gx-no-cache=1753879300602 HTTP/1.1" 200 4283
190.95.67.97 - - [30/Jul/2025:09:47:42 -0300] "GET /cormun/static/menuarrow.gif HTTP/1.1" 404 1015
190.95.2.163 - - [30/Jul/2025:09:47:45 -0300] "POST /cormun/servlet/permisogoce?c9c3814b054d8fb9f118caeb339ebefc,INS,0,,,,gx-no-cache=1753879828500 HTTP/1.1" 200 93
190.95.2.163 - - [30/Jul/2025:09:47:45 -0300] "GET /cormun/servlet/hpexe_return? HTTP/1.1" 200 1013
190.95.67.97 - - [30/Jul/2025:09:47:46 -0300] "POST /cormun/servlet/trvisualizadoreventos?6210e14de7258be39cf9622d84820ab1,,gx-no-cache=1753879306160 HTTP/1.1" 200 4289
148.222.218.189 - - [30/Jul/2025:09:47:46 -0300] "GET /cormun/servlet/hlogin HTTP/1.1" 200 1726
148.222.218.189 - - [30/Jul/2025:09:47:46 -0300] "GET /favicon.ico HTTP/1.1" 200 21630
148.222.218.189 - - [30/Jul/2025:09:47:49 -0300] "POST /cormun/servlet/hlogin?a92b4a486f19638b4dd228c036a6d238,gx-no-cache=1753879837835 HTTP/1.1" 200 90
148.222.218.189 - - [30/Jul/2025:09:47:49 -0300] "GET /cormun/servlet/hpexe_link HTTP/1.1" 200 955
148.222.218.189 - - [30/Jul/2025:09:47:49 -0300] "GET /cormun/servlet/hhome HTTP/1.1" 200 4337
190.95.67.97 - - [30/Jul/2025:09:47:52 -0300] "POST /cormun/servlet/trvisualizadoreventos?6210e14de7258be39cf9622d84820ab1,,gx-no-cache=1753879312447 HTTP/1.1" 200 4670
148.222.218.189 - - [30/Jul/2025:09:48:03 -0300] "GET /cormun/servlet/trpermisosgoce? HTTP/1.1" 200 8686
190.95.67.97 - - [30/Jul/2025:09:48:25 -0300] "GET /cormun/servlet/hlogin HTTP/1.1" 200 1736
190.95.67.97 - - [30/Jul/2025:09:48:31 -0300] "POST /cormun/servlet/hlogin?6210e14de7258be39cf9622d84820ab1,gx-no-cache=1753879351097 HTTP/1.1" 200 90
190.95.67.97 - - [30/Jul/2025:09:48:31 -0300] "GET /cormun/servlet/hpexe_link HTTP/1.1" 200 946
190.95.67.97 - - [30/Jul/2025:09:48:31 -0300] "GET /cormun/servlet/hhome HTTP/1.1" 200 3865
190.95.67.97 - - [30/Jul/2025:09:48:36 -0300] "GET /cormun/servlet/trvisualizadoreventos? HTTP/1.1" 200 6956
190.95.67.97 - - [30/Jul/2025:09:48:40 -0300] "POST /cormun/servlet/trvisualizadoreventos?6210e14de7258be39cf9622d84820ab1,,gx-no-cache=1753879360090 HTTP/1.1" 200 111
190.95.67.97 - - [30/Jul/2025:09:48:40 -0300] "POST /cormun/servlet/trvisualizadoreventos?6210e14de7258be39cf9622d84820ab1,,gx-no-cache=1753879360255 HTTP/1.1" 200 4364
190.95.67.97 - - [30/Jul/2025:09:48:40 -0300] "GET /cormun/VisualizadorEventos-4719.xls HTTP/1.1" 200 4608
20.40.115.28 - - [30/Jul/2025:09:48:41 -0300] "GET /cormun/VisualizadorEventos-4719.xls HTTP/1.1" 200 4608
190.95.2.163 - - [30/Jul/2025:09:48:49 -0300] "GET /cormun/servlet/hlogin HTTP/1.1" 200 1721
201.186.226.3 - - [30/Jul/2025:09:48:52 -0300] "GET /cormun/servlet/hlogin HTTP/1.1" 200 1719
201.186.226.3 - - [30/Jul/2025:09:48:52 -0300] "GET /cormun/servlet/hlogin HTTP/1.1" 200 1730
190.95.67.91 - - [30/Jul/2025:09:48:55 -0300] "GET /cormun/servlet/trlicencias? HTTP/1.1" 200 6053
190.95.67.91 - - [30/Jul/2025:09:48:56 -0300] "GET /cormun/servlet/hlogin HTTP/1.1" 200 1742
190.95.67.91 - - [30/Jul/2025:09:48:56 -0300] "GET /cormun/servlet/trlicencias? HTTP/1.1" 200 6053
190.95.2.163 - - [30/Jul/2025:09:48:58 -0300] "POST /cormun/servlet/hlogin?c9c3814b054d8fb9f118caeb339ebefc,gx-no-cache=1753879903010 HTTP/1.1" 200 90
190.95.2.163 - - [30/Jul/2025:09:48:58 -0300] "GET /cormun/servlet/hpexe_link HTTP/1.1" 200 957
190.95.67.91 - - [30/Jul/2025:09:49:04 -0300] "POST /cormun/servlet/hlogin?b7bc67cc9fbe189236a5aada4efddb2a,gx-no-cache=1753879910312 HTTP/1.1" 200 90
190.95.67.91 - - [30/Jul/2025:09:49:04 -0300] "GET /cormun/servlet/hpexe_link HTTP/1.1" 200 959
190.95.67.91 - - [30/Jul/2025:09:49:04 -0300] "GET /cormun/servlet/trlicencias HTTP/1.1" 200 19155
201.186.226.3 - - [30/Jul/2025:09:49:10 -0300] "POST /cormun/servlet/hlogin?a6ada4be75bed7157dd6b26db90ec1fc,gx-no-cache=1753879916417 HTTP/1.1" 200 90
201.186.226.3 - - [30/Jul/2025:09:49:10 -0300] "GET /cormun/servlet/hpexe_link HTTP/1.1" 200 950
201.186.226.3 - - [30/Jul/2025:09:49:10 -0300] "GET /cormun/servlet/hhome HTTP/1.1" 200 3925
201.186.226.3 - - [30/Jul/2025:09:49:14 -0300] "GET /cormun/servlet/trpermisosgoce? HTTP/1.1" 200 12209
201.186.226.3 - - [30/Jul/2025:09:49:18 -0300] "GET /cormun/servlet/permisogoce?INS,0,,, HTTP/1.1" 200 6788
201.186.226.3 - - [30/Jul/2025:09:50:02 -0300] "GET /cormun/servlet/permisogoce?c0a436baf481912b09a34ab7e4fc35233b0619e12e9d8b9c86e39a1f554190032090569cb52f77c13062dd9ba6616281be0ce1ae724fb6a9912935001b076ba6,gx-no-cache=1753879968254 HTTP/1.1" 200 77
190.95.15.9 - - [30/Jul/2025:09:50:03 -0300] "POST /cormun/servlet/trlicencias?ec89ba686518d97b1322657293eaab0d,,gx-no-cache=1753879967965 HTTP/1.1" 200 10907
201.186.226.3 - - [30/Jul/2025:09:50:04 -0300] "GET /cormun/static/menuarrow.gif HTTP/1.1" 404 1015
201.186.226.3 - - [30/Jul/2025:09:50:11 -0300] "GET /cormun/servlet/permisogoce?c0a436baf481912b09a34ab7e4fc35231fd63aa95fd51059c6e073c76dc5d06b8dd1707cde6446cf063c065a94e8e1f01780ea84d1f2b4a0784aaef90871ea81,gx-no-cache=1753879977392 HTTP/1.1" 200 48
201.186.226.3 - - [30/Jul/2025:09:50:22 -0300] "POST /cormun/servlet/permisogoce?a6ada4be75bed7157dd6b26db90ec1fc,INS,0,,,,gx-no-cache=1753879987787 HTTP/1.1" 200 93
201.186.226.3 - - [30/Jul/2025:09:50:22 -0300] "GET /cormun/servlet/hpexe_return? HTTP/1.1" 200 1009
201.186.226.3 - - [30/Jul/2025:09:50:22 -0300] "GET /cormun/servlet/trpermisosgoce HTTP/1.1" 200 12500
201.186.226.3 - - [30/Jul/2025:09:50:31 -0300] "GET /cormun/servlet/apermisogoceprn?17503733,P,20250730085224,PU HTTP/1.1" 200 1660
190.95.2.163 - - [30/Jul/2025:09:50:35 -0300] "GET /cormun/servlet/hlogin HTTP/1.1" 200 1721
190.95.2.163 - - [30/Jul/2025:09:50:44 -0300] "POST /cormun/servlet/hlogin?c9c3814b054d8fb9f118caeb339ebefc,gx-no-cache=1753880009132 HTTP/1.1" 200 90
