179.57.78.9 - - [28/Jul/2025:15:41:04 -0300] "GET /cormun/static/PXToolsJavascripts/pexe_upload.js HTTP/1.1" 200 1423
179.57.78.9 - - [28/Jul/2025:15:41:04 -0300] "GET /cormun/static/Resources/CormunMP2.png HTTP/1.1" 200 6878
179.57.78.9 - - [28/Jul/2025:15:41:04 -0300] "GET /cormun/static/Resources/ImgHome.png HTTP/1.1" 200 1364
179.57.78.9 - - [28/Jul/2025:15:41:04 -0300] "GET /cormun/static/Resources/ImgLogin.png HTTP/1.1" 200 1432
179.57.78.9 - - [28/Jul/2025:15:41:04 -0300] "GET /cormun/static/RunJS/RunJS.js HTTP/1.1" 200 288
179.57.78.9 - - [28/Jul/2025:15:41:04 -0300] "GET /cormun/static/Resources/Llave.png HTTP/1.1" 200 1395
179.57.78.9 - - [28/Jul/2025:15:41:04 -0300] "GET /cormun/static/Shared/ext/locale/ext-lang-en.js HTTP/1.1" 200 10940
179.57.78.9 - - [28/Jul/2025:15:41:04 -0300] "GET /cormun/static/Resources/PXToolsDataTitle.png HTTP/1.1" 200 1173
179.57.78.9 - - [28/Jul/2025:15:41:04 -0300] "GET /cormun/static/hhome.js?20201215495544 HTTP/1.1" 200 777
179.57.78.9 - - [28/Jul/2025:15:41:04 -0300] "GET /cormun/static/hwchdr01.js?2022112219251119 HTTP/1.1" 200 996
179.57.78.9 - - [28/Jul/2025:15:41:04 -0300] "GET /cormun/static/gxui/gxui-all.js HTTP/1.1" 200 107772
179.57.78.9 - - [28/Jul/2025:15:41:04 -0300] "GET /cormun/static/hpexe_recentlink.js?20201214471090 HTTP/1.1" 200 2144
179.57.78.9 - - [28/Jul/2025:15:41:04 -0300] "GET /cormun/static/hpexe_messagecontroller.js?202211298371222 HTTP/1.1" 200 870
179.57.78.9 - - [28/Jul/2025:15:41:04 -0300] "GET /cormun/static/hpexe_scripts.js?20201214471411 HTTP/1.1" 200 1544
179.57.78.9 - - [28/Jul/2025:15:41:04 -0300] "GET /cormun/static/hpexe_messagepopupcomponent.js?2020121447232 HTTP/1.1" 200 605
179.57.78.9 - - [28/Jul/2025:15:41:04 -0300] "GET /cormun/static/hpexe_messagegenexuscomponent.js?20221129836373 HTTP/1.1" 200 587
179.57.78.9 - - [28/Jul/2025:15:41:04 -0300] "GET /cormun/static/cmcontrolpreferences.js?20199141926336 HTTP/1.1" 200 1375
179.57.78.9 - - [28/Jul/2025:15:41:04 -0300] "GET /cormun/static/Shared/jquery/jquery-1.4.2.min.js HTTP/1.1" 200 72174
179.57.78.9 - - [28/Jul/2025:15:41:04 -0300] "GET /cormun/static/SmoothNavMenu/resources/ddsmoothmenu.js HTTP/1.1" 200 12712
179.57.78.9 - - [28/Jul/2025:15:41:04 -0300] "GET /cormun/static/SmoothNavMenu/resources/SmoothNavMenuRender.js HTTP/1.1" 200 5951
179.57.78.9 - - [28/Jul/2025:15:41:04 -0300] "GET /cormun/static/scaMessage/js/jquery.pnotify.min.js HTTP/1.1" 200 13038
179.57.78.9 - - [28/Jul/2025:15:41:04 -0300] "GET /cormun/static/scaMessage/scaMessageRender.js HTTP/1.1" 200 11977
179.57.78.9 - - [28/Jul/2025:15:41:04 -0300] "GET /cormun/static/hmpwkw03.js?20221129844354 HTTP/1.1" 200 3971
179.57.78.9 - - [28/Jul/2025:15:41:04 -0300] "GET /cormun/static/Shared/jquery/jquery-1.10.2.min.js HTTP/1.1" 200 273199
179.57.78.9 - - [28/Jul/2025:15:41:05 -0300] "GET /cormun/static/Shared/jqueryui/jquery-ui.min.js HTTP/1.1" 200 240427
179.57.78.9 - - [28/Jul/2025:15:41:05 -0300] "GET /cormun/static/Shared/ext/ext-all.js HTTP/1.1" 200 1289687
179.57.78.9 - - [28/Jul/2025:15:41:05 -0300] "GET /cormun/static/SmoothNavMenu/resources/images/right.gif HTTP/1.1" 200 860
179.57.78.9 - - [28/Jul/2025:15:41:05 -0300] "GET /cormun/static/SmoothNavMenu/resources/images/down.gif HTTP/1.1" 200 854
190.95.2.163 - - [28/Jul/2025:15:41:07 -0300] "POST /cormun/servlet/trpermisosgoce?4fe8e1ce64874a7062378e817e36b63f,,gx-no-cache=1753728234049 HTTP/1.1" 200 5287
179.57.78.9 - - [28/Jul/2025:15:41:08 -0300] "GET /cormun/servlet/trlicencias? HTTP/1.1" 200 12547
179.57.78.9 - - [28/Jul/2025:15:41:08 -0300] "GET /cormun/static/gxcfg.js?202211298463625 HTTP/1.1" 200 953
179.57.78.9 - - [28/Jul/2025:15:41:08 -0300] "GET /cormun/static/calendar.js?85251 HTTP/1.1" 200 26246
179.57.78.9 - - [28/Jul/2025:15:41:08 -0300] "GET /cormun/static/gxui/gxui-all.css?120300 HTTP/1.1" 200 2179
179.57.78.9 - - [28/Jul/2025:15:41:08 -0300] "GET /cormun/static/calendar-setup.js?85251 HTTP/1.1" 200 2588
179.57.78.9 - - [28/Jul/2025:15:41:08 -0300] "GET /cormun/static/calendar-system.css?85620 HTTP/1.1" 200 5572
179.57.78.9 - - [28/Jul/2025:15:41:08 -0300] "GET /cormun/static/calendar-es.js?85251 HTTP/1.1" 200 1901
179.57.78.9 - - [28/Jul/2025:15:41:08 -0300] "GET /cormun/static/Resources/PXTools/calendar.png HTTP/1.1" 200 1306
179.57.78.9 - - [28/Jul/2025:15:41:08 -0300] "GET /cormun/static/gxdec.js?85251 HTTP/1.1" 200 19579
179.57.78.9 - - [28/Jul/2025:15:41:08 -0300] "GET /cormun/static/trlicencias.js?202211298463889 HTTP/1.1" 200 41883
179.57.78.9 - - [28/Jul/2025:15:41:09 -0300] "GET /cormun/static/Resources/PXToolsDataSearch.png HTTP/1.1" 200 435
179.57.78.9 - - [28/Jul/2025:15:41:09 -0300] "GET /cormun/static/Shared/ext/resources/css/ext-all.css?215870 HTTP/1.1" 200 416045
179.57.78.9 - - [28/Jul/2025:15:41:09 -0300] "GET /cormun/static/Resources/PXToolsGridFirstDisabled.gif HTTP/1.1" 200 100
179.57.78.9 - - [28/Jul/2025:15:41:09 -0300] "GET /cormun/static/Resources/PXToolsGridNextDisabled.gif HTTP/1.1" 200 90
179.57.78.9 - - [28/Jul/2025:15:41:09 -0300] "GET /cormun/static/Resources/PXToolsGridPreviousDisabled.gif HTTP/1.1" 200 90
179.57.78.9 - - [28/Jul/2025:15:41:09 -0300] "GET /cormun/static/Resources/PXToolsGridPage.gif HTTP/1.1" 200 725
179.57.78.9 - - [28/Jul/2025:15:41:09 -0300] "GET /cormun/static/Resources/PXToolsActionExcel.png HTTP/1.1" 200 727
179.57.78.9 - - [28/Jul/2025:15:41:09 -0300] "GET /cormun/static/Resources/PXToolsGridLastDisabled.gif HTTP/1.1" 200 98
179.57.78.9 - - [28/Jul/2025:15:41:09 -0300] "GET /cormun/static/Resources/PXToolsAddAllAction.png HTTP/1.1" 200 495
179.57.78.9 - - [28/Jul/2025:15:41:09 -0300] "GET /cormun/static/Resources/asc.gif HTTP/1.1" 200 67
179.57.78.9 - - [28/Jul/2025:15:41:09 -0300] "GET /cormun//static/Resources/PXTools/ActionInsert.png HTTP/1.1" 200 1482
179.57.78.9 - - [28/Jul/2025:15:41:09 -0300] "GET /cormun/static/Resources/desc.gif HTTP/1.1" 200 65
179.57.78.9 - - [28/Jul/2025:15:41:09 -0300] "GET /cormun//static/Resources/PXToolsGridDisplay.png HTTP/1.1" 200 525
179.57.78.9 - - [28/Jul/2025:15:41:09 -0300] "GET /cormun//static/Resources/PXToolsActionDisabled.gif HTTP/1.1" 200 53
179.57.78.9 - - [28/Jul/2025:15:41:09 -0300] "GET /cormun//static/Resources/PXToolsActionPrint.png HTTP/1.1" 200 404
179.57.78.9 - - [28/Jul/2025:15:41:09 -0300] "GET /cormun//static/Resources/PXToolsHeaderHelp.png HTTP/1.1" 200 1333
179.57.78.9 - - [28/Jul/2025:15:41:09 -0300] "GET /cormun//static/Resources/PXToolsHeaderFavorites.png HTTP/1.1" 200 1414
179.57.78.9 - - [28/Jul/2025:15:41:09 -0300] "GET /cormun/static/Shared/ext/resources/themes/images/default/panel/bg-headersPanel.png HTTP/1.1" 200 255
179.57.78.9 - - [28/Jul/2025:15:41:09 -0300] "GET /cormun/static/Shared/ext/resources/themes/images/default/tools/tool-sprites.gif HTTP/1.1" 200 5434
190.95.2.163 - - [28/Jul/2025:15:42:15 -0300] "POST /cormun/servlet/trpermisosgoce?4fe8e1ce64874a7062378e817e36b63f,,gx-no-cache=1753728301623 HTTP/1.1" 200 5054
190.95.2.163 - - [28/Jul/2025:15:42:15 -0300] "POST /cormun/servlet/trpermisosgoce?4fe8e1ce64874a7062378e817e36b63f,,gx-no-cache=1753728301892 HTTP/1.1" 200 5034
190.95.15.13 - - [28/Jul/2025:15:44:06 -0300] "GET /cormun/servlet/hlogin HTTP/1.1" 200 1736
190.95.15.13 - - [28/Jul/2025:15:49:45 -0300] "POST /cormun/servlet/hlogin?6adaac1a9a20cb68d29cb47f676814f2,gx-no-cache=1753728749565 HTTP/1.1" 200 90
190.95.15.13 - - [28/Jul/2025:15:49:45 -0300] "GET /cormun/servlet/hpexe_link HTTP/1.1" 200 953
190.95.15.13 - - [28/Jul/2025:15:49:45 -0300] "GET /cormun/servlet/trlicencias HTTP/1.1" 200 10709
190.95.15.13 - - [28/Jul/2025:15:49:48 -0300] "GET /cormun/servlet/trlicencias? HTTP/1.1" 200 10707
190.95.15.13 - - [28/Jul/2025:15:49:57 -0300] "GET /cormun/static/menuarrow.gif HTTP/1.1" 404 1015
190.95.15.13 - - [28/Jul/2025:15:50:15 -0300] "POST /cormun/servlet/trlicencias?6adaac1a9a20cb68d29cb47f676814f2,,gx-no-cache=1753728782581 HTTP/1.1" 200 6651
190.95.15.13 - - [28/Jul/2025:15:50:42 -0300] "GET /cormun/servlet/alicenciaprn?20852330,L,20250303000000,PU HTTP/1.1" 200 1548
10.40.40.2 - - [28/Jul/2025:15:50:48 -0300] "GET /cormun/servlet/hlogin HTTP/1.1" 200 1726
10.40.40.2 - - [28/Jul/2025:15:50:48 -0300] "GET /cormun/static/gxtimezone.js?85251 HTTP/1.1" 200 5781
10.40.40.2 - - [28/Jul/2025:15:50:48 -0300] "GET /cormun/static/gxcfg.js?2022112219184450 HTTP/1.1" 200 953
10.40.40.2 - - [28/Jul/2025:15:50:48 -0300] "GET /cormun/static/hlogin.js?2022112219184458 HTTP/1.1" 200 2156
10.40.40.2 - - [28/Jul/2025:15:50:48 -0300] "GET /cormun/static/messages.spa.js?85251 HTTP/1.1" 200 30736
10.40.40.2 - - [28/Jul/2025:15:50:48 -0300] "GET /cormun/static/Resources/Spanish/PXTools.css?1759030 HTTP/1.1" 200 100853
10.40.40.2 - - [28/Jul/2025:15:50:48 -0300] "GET /cormun/static/gxgral.js?85251 HTTP/1.1" 200 384558
10.40.40.2 - - [28/Jul/2025:15:50:48 -0300] "GET /cormun/static/Resources/CormunLogin.png HTTP/1.1" 200 19132
10.40.40.2 - - [28/Jul/2025:15:50:48 -0300] "GET /cormun/static/Resources/PXToolsLoginTop.png HTTP/1.1" 200 1337
10.40.40.2 - - [28/Jul/2025:15:50:48 -0300] "GET /cormun/static/Resources/PXToolsLoginBackground.png HTTP/1.1" 200 1164
10.40.40.2 - - [28/Jul/2025:15:50:48 -0300] "GET /cormun/static/Resources/PXToolsButtonLeft.png HTTP/1.1" 200 1310
10.40.40.2 - - [28/Jul/2025:15:50:48 -0300] "GET /cormun/static/Resources/PXToolsButtonRight.png HTTP/1.1" 200 1294
10.40.40.2 - - [28/Jul/2025:15:50:48 -0300] "GET /cormun/static/Resources/PXToolsButtonBackground.png HTTP/1.1" 200 1176
10.40.40.2 - - [28/Jul/2025:15:50:48 -0300] "GET /cormun/static/Resources/PXToolsLoginBottom.png HTTP/1.1" 200 1389
10.40.40.2 - - [28/Jul/2025:15:50:48 -0300] "GET /cormun/static/Resources/indicator.gif HTTP/1.1" 200 1553
10.40.40.2 - - [28/Jul/2025:15:50:48 -0300] "GET /cormun/servlet/hlogin HTTP/1.1" 200 1736
10.40.40.2 - - [28/Jul/2025:15:50:48 -0300] "GET /favicon.ico HTTP/1.1" 200 21630
10.40.40.2 - - [28/Jul/2025:15:50:53 -0300] "POST /cormun/servlet/hlogin?a9e6d2f81bac3c00e97d10d801757acb,gx-no-cache=1753728803161 HTTP/1.1" 200 90
10.40.40.2 - - [28/Jul/2025:15:50:53 -0300] "GET /cormun/servlet/hpexe_link HTTP/1.1" 200 954
10.40.40.2 - - [28/Jul/2025:15:50:53 -0300] "GET /cormun/static/gxcfg.js?20221129847421 HTTP/1.1" 200 953
10.40.40.2 - - [28/Jul/2025:15:50:53 -0300] "GET /cormun/static/hpexe_link.js?20221129847423 HTTP/1.1" 200 625
10.40.40.2 - - [28/Jul/2025:15:50:53 -0300] "GET /cormun/static/Resources/Spanish/PXTools.css?8354383 HTTP/1.1" 200 100853
10.40.40.2 - - [28/Jul/2025:15:50:53 -0300] "GET /cormun/servlet/hhome HTTP/1.1" 200 3186
10.40.40.2 - - [28/Jul/2025:15:50:53 -0300] "GET /cormun/static/Shared/jqueryui/jquery-ui.min.css?1345370 HTTP/1.1" 200 30288
10.40.40.2 - - [28/Jul/2025:15:50:53 -0300] "GET /cormun/static/SmoothNavMenu/resources/ddsmoothmenu.css?1112540 HTTP/1.1" 200 2223
10.40.40.2 - - [28/Jul/2025:15:50:53 -0300] "GET /cormun/static/SmoothNavMenu/resources/ddsmoothmenu-v.css?1112540 HTTP/1.1" 200 1188
10.40.40.2 - - [28/Jul/2025:15:50:53 -0300] "GET /cormun/static/scaMessage/css/jquery.pnotify.default.css?1816380 HTTP/1.1" 200 1707
10.40.40.2 - - [28/Jul/2025:15:50:53 -0300] "GET /cormun/static/gxcfg.js?20201215495537 HTTP/1.1" 200 953
10.40.40.2 - - [28/Jul/2025:15:50:54 -0300] "GET /cormun/static/Resources/Spanish/PXTools.css?14345360 HTTP/1.1" 200 100853
10.40.40.2 - - [28/Jul/2025:15:50:54 -0300] "GET /cormun/static/PXToolsJavascripts/pexe_autoreload.js HTTP/1.1" 200 1762
10.40.40.2 - - [28/Jul/2025:15:50:54 -0300] "GET /cormun/static/PXToolsJavascripts/pexe_cookies.js HTTP/1.1" 200 792
10.40.40.2 - - [28/Jul/2025:15:50:54 -0300] "GET /cormun/static/PXToolsJavascripts/pexe_windows.js HTTP/1.1" 200 15249
10.40.40.2 - - [28/Jul/2025:15:50:54 -0300] "GET /cormun/static/PXToolsJavascripts/pexe_grid.js HTTP/1.1" 200 7559
10.40.40.2 - - [28/Jul/2025:15:50:54 -0300] "GET /cormun/static/PXToolsJavascripts/pexe_griddivfix.js HTTP/1.1" 200 6946
10.40.40.2 - - [28/Jul/2025:15:50:54 -0300] "GET /cormun/static/PXToolsJavascripts/pexe_link.js HTTP/1.1" 200 5671
10.40.40.2 - - [28/Jul/2025:15:50:54 -0300] "GET /cormun/static/PXToolsJavascripts/pexe_menudivfix.js HTTP/1.1" 200 333
10.40.40.2 - - [28/Jul/2025:15:50:54 -0300] "GET /cormun/static/PXToolsJavascripts/pexe_menus.js HTTP/1.1" 200 1286
10.40.40.2 - - [28/Jul/2025:15:50:54 -0300] "GET /cormun/static/PXToolsJavascripts/pexe_layers.js HTTP/1.1" 200 4114
10.40.40.2 - - [28/Jul/2025:15:50:54 -0300] "GET /cormun/static/PXToolsJavascripts/pexe_oav.js HTTP/1.1" 200 645
10.40.40.2 - - [28/Jul/2025:15:50:54 -0300] "GET /cormun/static/PXToolsJavascripts/pexe_oavdivfix.js HTTP/1.1" 200 639
10.40.40.2 - - [28/Jul/2025:15:50:54 -0300] "GET /cormun/static/PXToolsJavascripts/pexe_picture.js HTTP/1.1" 200 689
10.40.40.2 - - [28/Jul/2025:15:50:54 -0300] "GET /cormun/static/PXToolsJavascripts/pexe_scrolldiv.js HTTP/1.1" 200 4138
10.40.40.2 - - [28/Jul/2025:15:50:54 -0300] "GET /cormun/static/PXToolsJavascripts/pexe_popup.js HTTP/1.1" 200 15149
10.40.40.2 - - [28/Jul/2025:15:50:54 -0300] "GET /cormun/static/PXToolsJavascripts/pexe_tabs.js HTTP/1.1" 200 3748
10.40.40.2 - - [28/Jul/2025:15:50:54 -0300] "GET /cormun/static/PXToolsJavascripts/pexe_tabdivfix.js HTTP/1.1" 200 898
10.40.40.2 - - [28/Jul/2025:15:50:54 -0300] "GET /cormun/static/PXToolsJavascripts/pexe_upload.js HTTP/1.1" 200 1423
10.40.40.2 - - [28/Jul/2025:15:50:54 -0300] "GET /cormun/static/PXToolsJavascripts/PXToolsJavascriptsRender.js HTTP/1.1" 200 367
10.40.40.2 - - [28/Jul/2025:15:50:54 -0300] "GET /cormun/static/RunJS/RunJS.js HTTP/1.1" 200 288
10.40.40.2 - - [28/Jul/2025:15:50:54 -0300] "GET /cormun/static/Shared/ext/locale/ext-lang-en.js HTTP/1.1" 200 10940
10.40.40.2 - - [28/Jul/2025:15:50:54 -0300] "GET /cormun/static/hhome.js?20201215495544 HTTP/1.1" 200 777
10.40.40.2 - - [28/Jul/2025:15:50:54 -0300] "GET /cormun/static/hwchdr01.js?2022112219251119 HTTP/1.1" 200 996
10.40.40.2 - - [28/Jul/2025:15:50:54 -0300] "GET /cormun/static/hpexe_recentlink.js?20201214471090 HTTP/1.1" 200 2144
10.40.40.2 - - [28/Jul/2025:15:50:54 -0300] "GET /cormun/static/hpexe_scripts.js?20201214471411 HTTP/1.1" 200 1544
10.40.40.2 - - [28/Jul/2025:15:50:54 -0300] "GET /cormun/static/hpexe_messagepopupcomponent.js?2020121447232 HTTP/1.1" 200 605
10.40.40.2 - - [28/Jul/2025:15:50:54 -0300] "GET /cormun/static/hpexe_messagecontroller.js?202211298371222 HTTP/1.1" 200 870
10.40.40.2 - - [28/Jul/2025:15:50:54 -0300] "GET /cormun/static/hpexe_messagegenexuscomponent.js?20221129836373 HTTP/1.1" 200 587
10.40.40.2 - - [28/Jul/2025:15:50:54 -0300] "GET /cormun/static/gxui/gxui-all.js HTTP/1.1" 200 107772
10.40.40.2 - - [28/Jul/2025:15:50:54 -0300] "GET /cormun/static/cmcontrolpreferences.js?20199141926336 HTTP/1.1" 200 1375
10.40.40.2 - - [28/Jul/2025:15:50:54 -0300] "GET /cormun/static/SmoothNavMenu/resources/ddsmoothmenu.js HTTP/1.1" 200 12712
10.40.40.2 - - [28/Jul/2025:15:50:54 -0300] "GET /cormun/static/Shared/jquery/jquery-1.4.2.min.js HTTP/1.1" 200 72174
10.40.40.2 - - [28/Jul/2025:15:50:54 -0300] "GET /cormun/static/SmoothNavMenu/resources/SmoothNavMenuRender.js HTTP/1.1" 200 5951
10.40.40.2 - - [28/Jul/2025:15:50:54 -0300] "GET /cormun/static/scaMessage/js/jquery.pnotify.min.js HTTP/1.1" 200 13038
10.40.40.2 - - [28/Jul/2025:15:50:54 -0300] "GET /cormun/static/scaMessage/scaMessageRender.js HTTP/1.1" 200 11977
10.40.40.2 - - [28/Jul/2025:15:50:54 -0300] "GET /cormun/static/hmpwkw03.js?20221129844354 HTTP/1.1" 200 3971
10.40.40.2 - - [28/Jul/2025:15:50:54 -0300] "GET /cormun/static/Resources/PXToolsDataTitle.png HTTP/1.1" 200 1173
10.40.40.2 - - [28/Jul/2025:15:50:54 -0300] "GET /cormun/static/Shared/jqueryui/jquery-ui.min.js HTTP/1.1" 200 240427
10.40.40.2 - - [28/Jul/2025:15:50:54 -0300] "GET /cormun/static/Shared/jquery/jquery-1.10.2.min.js HTTP/1.1" 200 273199
10.40.40.2 - - [28/Jul/2025:15:50:54 -0300] "GET /cormun/static/Resources/CormunMP2.png HTTP/1.1" 200 6878
10.40.40.2 - - [28/Jul/2025:15:50:54 -0300] "GET /cormun/static/Resources/ImgHome.png HTTP/1.1" 200 1364
10.40.40.2 - - [28/Jul/2025:15:50:54 -0300] "GET /cormun/static/Resources/ImgLogin.png HTTP/1.1" 200 1432
10.40.40.2 - - [28/Jul/2025:15:50:54 -0300] "GET /cormun/static/Resources/Llave.png HTTP/1.1" 200 1395
10.40.40.2 - - [28/Jul/2025:15:50:54 -0300] "GET /cormun/static/Shared/ext/ext-all.js HTTP/1.1" 200 1289687
10.40.40.2 - - [28/Jul/2025:15:50:54 -0300] "GET /cormun/static/SmoothNavMenu/resources/images/down.gif HTTP/1.1" 200 854
190.95.15.13 - - [28/Jul/2025:15:50:55 -0300] "GET /cormun/servlet/alicenciaprn?20852330,L,20250319000000,PU HTTP/1.1" 200 1546
10.40.40.2 - - [28/Jul/2025:15:50:56 -0300] "GET /cormun/servlet/trlicencias? HTTP/1.1" 200 19491
10.40.40.2 - - [28/Jul/2025:15:50:56 -0300] "GET /cormun/static/gxui/gxui-all.css?120300 HTTP/1.1" 200 2179
10.40.40.2 - - [28/Jul/2025:15:50:56 -0300] "GET /cormun/static/calendar-system.css?85620 HTTP/1.1" 200 5572
10.40.40.2 - - [28/Jul/2025:15:50:56 -0300] "GET /cormun/static/gxcfg.js?202211298463625 HTTP/1.1" 200 953
10.40.40.2 - - [28/Jul/2025:15:50:56 -0300] "GET /cormun/static/calendar.js?85251 HTTP/1.1" 200 26246
10.40.40.2 - - [28/Jul/2025:15:50:56 -0300] "GET /cormun/static/calendar-setup.js?85251 HTTP/1.1" 200 2588
10.40.40.2 - - [28/Jul/2025:15:50:56 -0300] "GET /cormun/static/calendar-es.js?85251 HTTP/1.1" 200 1901
10.40.40.2 - - [28/Jul/2025:15:50:56 -0300] "GET /cormun/static/gxdec.js?85251 HTTP/1.1" 200 19579
10.40.40.2 - - [28/Jul/2025:15:50:56 -0300] "GET /cormun/static/trlicencias.js?202211298463889 HTTP/1.1" 200 41883
10.40.40.2 - - [28/Jul/2025:15:50:56 -0300] "GET /cormun/static/Shared/ext/resources/css/ext-all.css?215870 HTTP/1.1" 200 416045
10.40.40.2 - - [28/Jul/2025:15:50:56 -0300] "GET /cormun/static/Resources/PXToolsAddAllAction.png HTTP/1.1" 200 495
10.40.40.2 - - [28/Jul/2025:15:50:56 -0300] "GET /cormun/static/Resources/PXTools/calendar.png HTTP/1.1" 200 1306
10.40.40.2 - - [28/Jul/2025:15:50:56 -0300] "GET /cormun/static/Resources/PXToolsDataSearch.png HTTP/1.1" 200 435
10.40.40.2 - - [28/Jul/2025:15:50:56 -0300] "GET /cormun/static/Resources/PXToolsGridFirstDisabled.gif HTTP/1.1" 200 100
10.40.40.2 - - [28/Jul/2025:15:50:56 -0300] "GET /cormun/static/Resources/PXToolsGridPreviousDisabled.gif HTTP/1.1" 200 90
10.40.40.2 - - [28/Jul/2025:15:50:56 -0300] "GET /cormun/static/Resources/PXToolsGridNextDisabled.gif HTTP/1.1" 200 90
10.40.40.2 - - [28/Jul/2025:15:50:56 -0300] "GET /cormun/static/Resources/PXToolsGridLastDisabled.gif HTTP/1.1" 200 98
10.40.40.2 - - [28/Jul/2025:15:50:56 -0300] "GET /cormun/static/Resources/PXToolsGridPage.gif HTTP/1.1" 200 725
10.40.40.2 - - [28/Jul/2025:15:50:56 -0300] "GET /cormun/static/Resources/PXToolsActionExcel.png HTTP/1.1" 200 727
10.40.40.2 - - [28/Jul/2025:15:50:56 -0300] "GET /cormun//static/Resources/PXToolsHeaderFavorites.png HTTP/1.1" 200 1414
10.40.40.2 - - [28/Jul/2025:15:50:56 -0300] "GET /cormun/static/Resources/asc.gif HTTP/1.1" 200 67
10.40.40.2 - - [28/Jul/2025:15:50:56 -0300] "GET /cormun/static/Resources/desc.gif HTTP/1.1" 200 65
10.40.40.2 - - [28/Jul/2025:15:50:56 -0300] "GET /cormun//static/Resources/PXToolsActionDisabled.gif HTTP/1.1" 200 53
10.40.40.2 - - [28/Jul/2025:15:50:56 -0300] "GET /cormun//static/Resources/PXToolsGridDisplay.png HTTP/1.1" 200 525
10.40.40.2 - - [28/Jul/2025:15:50:56 -0300] "GET /cormun//static/Resources/PXTools/ActionInsert.png HTTP/1.1" 200 1482
10.40.40.2 - - [28/Jul/2025:15:50:56 -0300] "GET /cormun//static/Resources/PXToolsActionPrint.png HTTP/1.1" 200 404
10.40.40.2 - - [28/Jul/2025:15:50:56 -0300] "GET /cormun//static/Resources/PXToolsHeaderHelp.png HTTP/1.1" 200 1333
10.40.40.2 - - [28/Jul/2025:15:50:56 -0300] "GET /cormun/static/Shared/ext/resources/themes/images/default/panel/bg-headersPanel.png HTTP/1.1" 200 255
10.40.40.2 - - [28/Jul/2025:15:50:56 -0300] "GET /cormun/static/Shared/ext/resources/themes/images/default/tools/tool-sprites.gif HTTP/1.1" 200 5434
10.40.40.2 - - [28/Jul/2025:15:50:58 -0300] "GET /cormun/static/menuarrow.gif HTTP/1.1" 404 1015
190.95.15.13 - - [28/Jul/2025:15:51:04 -0300] "GET /cormun/servlet/alicenciaprn?20852330,L,20250331000000,PU HTTP/1.1" 200 1537
10.40.40.2 - - [28/Jul/2025:15:51:09 -0300] "POST /cormun/servlet/trlicencias?a9e6d2f81bac3c00e97d10d801757acb,,gx-no-cache=1753728819312 HTTP/1.1" 200 10931
190.95.15.13 - - [28/Jul/2025:15:51:39 -0300] "GET /cormun/servlet/alicenciaprn?20852330,L,20250505000000,PU HTTP/1.1" 200 1543
10.40.40.2 - - [28/Jul/2025:15:52:07 -0300] "POST /cormun/servlet/trlicencias?a9e6d2f81bac3c00e97d10d801757acb,,gx-no-cache=1753728876302 HTTP/1.1" 200 3560
190.95.15.13 - - [28/Jul/2025:15:52:23 -0300] "GET /cormun/servlet/alicenciaprn?20852330,L,20250604000000,PU HTTP/1.1" 200 1547
190.95.15.13 - - [28/Jul/2025:15:52:30 -0300] "GET /cormun/servlet/alicenciaprn?20852330,L,20250707000000,PU HTTP/1.1" 200 1547
200.126.116.145 - - [28/Jul/2025:15:53:40 -0300] "POST /cormun/servlet/trpermisosgoce?a9f4651c19c642d222dc8c5bd7e31b5e,gx-no-cache=1753728995021 HTTP/1.1" 440 972
200.126.116.145 - - [28/Jul/2025:15:53:42 -0300] "GET /cormun/servlet/trpermisosgoce HTTP/1.1" 200 6028
200.126.116.145 - - [28/Jul/2025:15:53:42 -0300] "GET /cormun/servlet/hlogin HTTP/1.1" 200 1738
10.40.40.2 - - [28/Jul/2025:15:53:45 -0300] "POST /cormun/servlet/trlicencias?a9e6d2f81bac3c00e97d10d801757acb,,gx-no-cache=1753728974844 HTTP/1.1" 200 3566
200.126.116.145 - - [28/Jul/2025:15:53:56 -0300] "POST /cormun/servlet/hlogin?7dcf5dad4645ca23b347c1449eca1cf6,gx-no-cache=1753729010787 HTTP/1.1" 200 90
200.126.116.145 - - [28/Jul/2025:15:53:56 -0300] "GET /cormun/servlet/hpexe_link HTTP/1.1" 200 954
200.126.116.145 - - [28/Jul/2025:15:53:56 -0300] "GET /cormun/servlet/trpermisosgoce HTTP/1.1" 200 12548
191.126.178.52 - - [28/Jul/2025:15:56:51 -0300] "GET /cormun/servlet/hlogin HTTP/1.1" 200 1721
191.126.178.52 - - [28/Jul/2025:15:56:51 -0300] "GET /cormun/servlet/hlogin HTTP/1.1" 200 1732
190.95.1.187 - - [28/Jul/2025:16:02:43 -0300] "GET /cormun/servlet/hlogin HTTP/1.1" 200 1719
190.95.1.187 - - [28/Jul/2025:16:02:47 -0300] "POST /cormun/servlet/hlogin?cc3f8e896621aaf77dd7dc9c4dd375c5,gx-no-cache=1753729534322 HTTP/1.1" 200 90
190.95.1.187 - - [28/Jul/2025:16:02:47 -0300] "GET /cormun/servlet/hpexe_link HTTP/1.1" 200 951
190.95.1.187 - - [28/Jul/2025:16:02:47 -0300] "GET /cormun/servlet/hhome HTTP/1.1" 200 4020
190.95.1.187 - - [28/Jul/2025:16:02:49 -0300] "GET /cormun/servlet/trlicencias? HTTP/1.1" 200 11879
129.222.173.48 - - [28/Jul/2025:16:15:33 -0300] "GET /cormun/servlet/hlogin HTTP/1.1" 200 1724
129.222.173.48 - - [28/Jul/2025:16:15:38 -0300] "POST /cormun/servlet/hlogin?2aba1ddd7d116ff2aa54356ee45b9ddb,gx-no-cache=1753730305702 HTTP/1.1" 200 90
129.222.173.48 - - [28/Jul/2025:16:15:38 -0300] "GET /cormun/servlet/hpexe_link HTTP/1.1" 200 954
129.222.173.48 - - [28/Jul/2025:16:15:38 -0300] "GET /cormun/servlet/hhome HTTP/1.1" 200 3956
129.222.173.48 - - [28/Jul/2025:16:15:43 -0300] "GET /cormun/servlet/trlicencias? HTTP/1.1" 200 9570
190.95.67.91 - - [28/Jul/2025:16:16:50 -0300] "POST /cormun/servlet/trlicencias?d8746b5107e62cad4a893b51df78f71d,gx-no-cache=1753730378230 HTTP/1.1" 440 972
190.95.67.91 - - [28/Jul/2025:16:16:51 -0300] "GET /cormun/servlet/trlicencias HTTP/1.1" 200 6051
190.95.67.91 - - [28/Jul/2025:16:16:51 -0300] "GET /cormun/servlet/hlogin HTTP/1.1" 200 1742
190.95.67.91 - - [28/Jul/2025:16:17:17 -0300] "POST /cormun/servlet/hlogin?01edd6057fa8d3d3bee91fdb6df1dfd1,gx-no-cache=1753730404770 HTTP/1.1" 200 90
190.95.67.91 - - [28/Jul/2025:16:17:17 -0300] "GET /cormun/servlet/hpexe_link HTTP/1.1" 200 960
190.95.67.91 - - [28/Jul/2025:16:17:17 -0300] "GET /cormun/servlet/trlicencias HTTP/1.1" 200 18446
200.126.116.145 - - [28/Jul/2025:16:18:08 -0300] "GET /cormun/static/menuarrow.gif HTTP/1.1" 404 1015
200.126.116.145 - - [28/Jul/2025:16:18:42 -0300] "POST /cormun/servlet/trpermisosgoce?7dcf5dad4645ca23b347c1449eca1cf6,gx-no-cache=1753730496943 HTTP/1.1" 200 4219
200.126.116.145 - - [28/Jul/2025:16:18:44 -0300] "POST /cormun/servlet/trpermisosgoce?7dcf5dad4645ca23b347c1449eca1cf6,gx-no-cache=1753730498845 HTTP/1.1" 200 4218
200.126.116.145 - - [28/Jul/2025:16:18:56 -0300] "POST /cormun/servlet/trpermisosgoce?7dcf5dad4645ca23b347c1449eca1cf6,gx-no-cache=1753730510781 HTTP/1.1" 200 4222
190.95.1.187 - - [28/Jul/2025:16:18:56 -0300] "GET /cormun/servlet/hlogin HTTP/1.1" 200 1719
200.126.116.145 - - [28/Jul/2025:16:18:57 -0300] "POST /cormun/servlet/trpermisosgoce?7dcf5dad4645ca23b347c1449eca1cf6,gx-no-cache=1753730511837 HTTP/1.1" 200 4222
190.95.1.187 - - [28/Jul/2025:16:18:59 -0300] "POST /cormun/servlet/hlogin?cc3f8e896621aaf77dd7dc9c4dd375c5,gx-no-cache=1753730506231 HTTP/1.1" 200 90
190.95.1.187 - - [28/Jul/2025:16:18:59 -0300] "GET /cormun/servlet/hpexe_link HTTP/1.1" 200 955
190.95.1.187 - - [28/Jul/2025:16:18:59 -0300] "GET /cormun/servlet/trlicencias HTTP/1.1" 200 11878
200.126.116.145 - - [28/Jul/2025:16:19:03 -0300] "GET /cormun/servlet/trpermisosgoce? HTTP/1.1" 200 7111
200.126.116.145 - - [28/Jul/2025:16:19:07 -0300] "POST /cormun/servlet/trpermisosgoce?7dcf5dad4645ca23b347c1449eca1cf6,,gx-no-cache=1753730522415 HTTP/1.1" 200 4223
201.186.225.193 - - [28/Jul/2025:16:19:19 -0300] "GET /cormun/servlet/hhome HTTP/1.1" 200 3321
201.186.225.193 - - [28/Jul/2025:16:19:19 -0300] "GET /cormun/servlet/hlogin HTTP/1.1" 200 1730
201.186.225.193 - - [28/Jul/2025:16:19:22 -0300] "POST /cormun/servlet/hlogin?b0ba358a0329e10e0ccd880a623d7965,gx-no-cache=1753730530538 HTTP/1.1" 200 90
201.186.225.193 - - [28/Jul/2025:16:19:22 -0300] "GET /cormun/servlet/hpexe_link HTTP/1.1" 200 949
201.186.225.193 - - [28/Jul/2025:16:19:22 -0300] "GET /cormun/servlet/hhome HTTP/1.1" 200 4293
200.126.116.145 - - [28/Jul/2025:16:19:24 -0300] "GET /cormun/servlet/permisogoce?INS,0,,, HTTP/1.1" 200 7221
201.186.225.193 - - [28/Jul/2025:16:19:27 -0300] "GET /cormun/servlet/trlicencias? HTTP/1.1" 200 11127
200.126.116.145 - - [28/Jul/2025:16:19:34 -0300] "GET /cormun/servlet/trautorizarpermisogoce? HTTP/1.1" 200 7166
200.126.116.145 - - [28/Jul/2025:16:19:34 -0300] "GET /cormun/static/gxcfg.js?2020121645532 HTTP/1.1" 200 953
200.126.116.145 - - [28/Jul/2025:16:19:34 -0300] "GET /cormun/static/trautorizarpermisogoce.js?2020121651492 HTTP/1.1" 200 34948
200.126.116.145 - - [28/Jul/2025:16:19:38 -0300] "POST /cormun/servlet/trautorizarpermisogoce?7dcf5dad4645ca23b347c1449eca1cf6,,gx-no-cache=1753730552390 HTTP/1.1" 200 4408
200.126.116.145 - - [28/Jul/2025:16:19:38 -0300] "POST /cormun/servlet/trautorizarpermisogoce?7dcf5dad4645ca23b347c1449eca1cf6,,gx-no-cache=1753730553293 HTTP/1.1" 200 4409
200.126.116.145 - - [28/Jul/2025:16:19:39 -0300] "POST /cormun/servlet/trautorizarpermisogoce?7dcf5dad4645ca23b347c1449eca1cf6,,gx-no-cache=1753730553749 HTTP/1.1" 200 4408
200.126.116.145 - - [28/Jul/2025:16:19:44 -0300] "POST /cormun/servlet/trautorizarpermisogoce?7dcf5dad4645ca23b347c1449eca1cf6,,gx-no-cache=1753730558892 HTTP/1.1" 200 7833
200.126.116.145 - - [28/Jul/2025:16:19:48 -0300] "GET /cormun/static/menuarrow.gif HTTP/1.1" 404 1015
200.126.116.145 - - [28/Jul/2025:16:20:15 -0300] "POST /cormun/servlet/trautorizarpermisogoce?7dcf5dad4645ca23b347c1449eca1cf6,,gx-no-cache=1753730589781 HTTP/1.1" 200 4430
200.126.116.145 - - [28/Jul/2025:16:20:16 -0300] "POST /cormun/servlet/trautorizarpermisogoce?7dcf5dad4645ca23b347c1449eca1cf6,,gx-no-cache=1753730591300 HTTP/1.1" 200 4431
200.126.116.145 - - [28/Jul/2025:16:20:17 -0300] "POST /cormun/servlet/trautorizarpermisogoce?7dcf5dad4645ca23b347c1449eca1cf6,,gx-no-cache=1753730591829 HTTP/1.1" 200 4430
200.126.116.145 - - [28/Jul/2025:16:20:18 -0300] "POST /cormun/servlet/trautorizarpermisogoce?7dcf5dad4645ca23b347c1449eca1cf6,,gx-no-cache=1753730593293 HTTP/1.1" 200 112
200.126.116.145 - - [28/Jul/2025:16:20:18 -0300] "POST /cormun/servlet/trautorizarpermisogoce?7dcf5dad4645ca23b347c1449eca1cf6,,gx-no-cache=1753730593352 HTTP/1.1" 200 4406
200.126.116.145 - - [28/Jul/2025:16:20:18 -0300] "GET /cormun/AutorizarPermisoGoce-4301.xls HTTP/1.1" 200 4096
201.186.225.193 - - [28/Jul/2025:16:20:31 -0300] "POST /cormun/servlet/trlicencias?b0ba358a0329e10e0ccd880a623d7965,,gx-no-cache=1753730599819 HTTP/1.1" 200 4457
201.186.225.193 - - [28/Jul/2025:16:20:34 -0300] "POST /cormun/servlet/trlicencias?b0ba358a0329e10e0ccd880a623d7965,,gx-no-cache=1753730602137 HTTP/1.1" 200 4456
201.186.225.193 - - [28/Jul/2025:16:20:40 -0300] "GET /cormun/static/menuarrow.gif HTTP/1.1" 404 1015
200.126.116.145 - - [28/Jul/2025:16:20:40 -0300] "POST /cormun/servlet/trautorizarpermisogoce?7dcf5dad4645ca23b347c1449eca1cf6,,gx-no-cache=1753730615405 HTTP/1.1" 200 4427
200.126.116.145 - - [28/Jul/2025:16:20:41 -0300] "POST /cormun/servlet/trautorizarpermisogoce?7dcf5dad4645ca23b347c1449eca1cf6,,gx-no-cache=1753730616132 HTTP/1.1" 200 4428
200.126.116.145 - - [28/Jul/2025:16:20:41 -0300] "POST /cormun/servlet/trautorizarpermisogoce?7dcf5dad4645ca23b347c1449eca1cf6,,gx-no-cache=1753730616388 HTTP/1.1" 200 4428
200.126.116.145 - - [28/Jul/2025:16:20:42 -0300] "POST /cormun/servlet/trautorizarpermisogoce?7dcf5dad4645ca23b347c1449eca1cf6,,gx-no-cache=1753730616636 HTTP/1.1" 200 4428
200.126.116.145 - - [28/Jul/2025:16:20:42 -0300] "POST /cormun/servlet/trautorizarpermisogoce?7dcf5dad4645ca23b347c1449eca1cf6,,gx-no-cache=1753730616876 HTTP/1.1" 200 4428
200.126.116.145 - - [28/Jul/2025:16:20:42 -0300] "POST /cormun/servlet/trautorizarpermisogoce?7dcf5dad4645ca23b347c1449eca1cf6,,gx-no-cache=1753730617092 HTTP/1.1" 200 4428
200.126.116.145 - - [28/Jul/2025:16:20:42 -0300] "POST /cormun/servlet/trautorizarpermisogoce?7dcf5dad4645ca23b347c1449eca1cf6,,gx-no-cache=1753730617332 HTTP/1.1" 200 4428
200.126.116.145 - - [28/Jul/2025:16:20:46 -0300] "GET /cormun/servlet/trpermisosgoce? HTTP/1.1" 200 7111
201.186.225.193 - - [28/Jul/2025:16:20:53 -0300] "POST /cormun/servlet/trlicencias?b0ba358a0329e10e0ccd880a623d7965,,gx-no-cache=1753730621242 HTTP/1.1" 200 4564
201.186.225.193 - - [28/Jul/2025:16:20:53 -0300] "GET /cormun/static/Resources/PXToolsGridNext.gif HTTP/1.1" 200 369
201.186.225.193 - - [28/Jul/2025:16:20:53 -0300] "GET /cormun/static/Resources/PXToolsGridLast.gif HTTP/1.1" 200 370
129.222.173.48 - - [28/Jul/2025:16:20:53 -0300] "GET /cormun/servlet/trpermisosgoce? HTTP/1.1" 200 9097
201.186.225.193 - - [28/Jul/2025:16:21:00 -0300] "POST /cormun/servlet/trlicencias?b0ba358a0329e10e0ccd880a623d7965,,gx-no-cache=1753730628161 HTTP/1.1" 200 5978
200.126.116.145 - - [28/Jul/2025:16:21:03 -0300] "POST /cormun/servlet/trpermisosgoce?7dcf5dad4645ca23b347c1449eca1cf6,,gx-no-cache=1753730638023 HTTP/1.1" 200 15776
200.126.116.145 - - [28/Jul/2025:16:21:03 -0300] "GET /cormun/static/Resources/PXToolsGridLast.gif HTTP/1.1" 200 370
200.126.116.145 - - [28/Jul/2025:16:21:03 -0300] "GET /cormun/static/Resources/PXToolsGridNext.gif HTTP/1.1" 200 369
129.222.173.48 - - [28/Jul/2025:16:21:17 -0300] "GET /cormun/servlet/permisogoce?INS,0,,, HTTP/1.1" 200 6819
190.95.15.15 - - [28/Jul/2025:16:21:25 -0300] "GET /cormun/servlet/trpermisosgoce? HTTP/1.1" 200 6029
190.95.15.15 - - [28/Jul/2025:16:21:25 -0300] "GET /cormun/servlet/hlogin HTTP/1.1" 200 1738
190.95.15.15 - - [28/Jul/2025:16:21:37 -0300] "POST /cormun/servlet/hlogin?00e494976db42783f92b86d095001957,gx-no-cache=1753730664943 HTTP/1.1" 200 90
190.95.15.15 - - [28/Jul/2025:16:21:37 -0300] "GET /cormun/servlet/hpexe_link HTTP/1.1" 200 954
190.95.15.15 - - [28/Jul/2025:16:21:37 -0300] "GET /cormun/servlet/trpermisosgoce HTTP/1.1" 200 12343
129.222.173.48 - - [28/Jul/2025:16:21:40 -0300] "GET /cormun/servlet/permisogoce?38becb2fc2149414fc2ea1275f0a2a4137ba85073bcb33ac700edea80f40e8549f1367f289d8b496f73f052aadab344ec61da9d592b1996a3f38e0ca2a9f4173,gx-no-cache=1753730667464 HTTP/1.1" 200 75
190.95.15.15 - - [28/Jul/2025:16:21:41 -0300] "GET /cormun/servlet/permisogoce?INS,0,,, HTTP/1.1" 200 6839
129.222.173.48 - - [28/Jul/2025:16:21:41 -0300] "GET /cormun/static/menuarrow.gif HTTP/1.1" 404 1015
200.126.116.145 - - [28/Jul/2025:16:21:45 -0300] "GET /cormun/servlet/permisogoce?INS,0,,, HTTP/1.1" 200 7220
190.95.15.15 - - [28/Jul/2025:16:21:51 -0300] "GET /cormun/servlet/permisogoce?bcd426ebf7ddb418b51940f38bb9b4d451190a88fbf06d70df1f513ee2b18d0215eec9a8eaa00e39e30cb2ff538a8d178e36ff2d044b0d2012e22fb3421b6ab9,gx-no-cache=1753730679193 HTTP/1.1" 200 77
190.95.15.15 - - [28/Jul/2025:16:21:51 -0300] "GET /cormun/static/menuarrow.gif HTTP/1.1" 404 1015
129.222.173.48 - - [28/Jul/2025:16:21:52 -0300] "GET /cormun/servlet/permisogoce?38becb2fc2149414fc2ea1275f0a2a41a7a39d1105ffbf9c26a8676356204eddce0c6b80dc99539ccbe94898df4738f66c0aa6b0dbc1921aa2b4cce60041372e,gx-no-cache=1753730679600 HTTP/1.1" 200 48
200.126.116.145 - - [28/Jul/2025:16:21:53 -0300] "GET /cormun/servlet/permisogoce?aebf98d2c57be566ade17dfe6fac040803c895e822e6bfb92a38118d491c4dab8168f19753c6b3d52f6ae5eaa3ac5f95de578f93e16bd942ce155ba82f301555,gx-no-cache=1753730688416 HTTP/1.1" 200 82
129.222.173.48 - - [28/Jul/2025:16:21:56 -0300] "POST /cormun/servlet/permisogoce?2aba1ddd7d116ff2aa54356ee45b9ddb,INS,0,,,,gx-no-cache=1753730682303 HTTP/1.1" 200 93
129.222.173.48 - - [28/Jul/2025:16:21:56 -0300] "GET /cormun/servlet/hpexe_return? HTTP/1.1" 200 1013
129.222.173.48 - - [28/Jul/2025:16:21:56 -0300] "GET /cormun/servlet/trpermisosgoce HTTP/1.1" 200 9333
190.95.15.15 - - [28/Jul/2025:16:21:57 -0300] "GET /cormun/servlet/permisogoce?bcd426ebf7ddb418b51940f38bb9b4d4cac5cb9414166995861719522d56fa9e0b88ed31d8ac631a80432fc43bced89739933d275255ee68d10946b17e015ef8,gx-no-cache=1753730684579 HTTP/1.1" 200 47
190.95.15.15 - - [28/Jul/2025:16:21:59 -0300] "POST /cormun/servlet/permisogoce?00e494976db42783f92b86d095001957,INS,0,,,,gx-no-cache=1753730686406 HTTP/1.1" 200 93
190.95.15.15 - - [28/Jul/2025:16:21:59 -0300] "GET /cormun/servlet/hpexe_return? HTTP/1.1" 200 1007
129.222.173.48 - - [28/Jul/2025:16:21:59 -0300] "GET /cormun/servlet/permisogoce?INS,0,,, HTTP/1.1" 200 6819
190.95.15.15 - - [28/Jul/2025:16:21:59 -0300] "GET /cormun/servlet/trpermisosgoce HTTP/1.1" 200 12590
190.95.15.15 - - [28/Jul/2025:16:22:02 -0300] "GET /cormun/servlet/apermisogoceprn?9221912,P,20250728152450,PU HTTP/1.1" 200 1655
129.222.173.48 - - [28/Jul/2025:16:22:14 -0300] "GET /cormun/servlet/permisogoce?38becb2fc2149414fc2ea1275f0a2a41df55c866ce3c6941b88e6a0b021c36ac9f1367f289d8b496f73f052aadab344ec61da9d592b1996a3f38e0ca2a9f4173,gx-no-cache=1753730701740 HTTP/1.1" 200 73
129.222.173.48 - - [28/Jul/2025:16:22:23 -0300] "GET /cormun/servlet/permisogoce?38becb2fc2149414fc2ea1275f0a2a419fb364a3ad9d24d6994987d318ba043713004ddddabac1519274144393f8c3926c0aa6b0dbc1921aa2b4cce60041372e,gx-no-cache=1753730710396 HTTP/1.1" 200 48
129.222.173.48 - - [28/Jul/2025:16:22:25 -0300] "POST /cormun/servlet/permisogoce?2aba1ddd7d116ff2aa54356ee45b9ddb,INS,0,,,,gx-no-cache=1753730712246 HTTP/1.1" 200 93
129.222.173.48 - - [28/Jul/2025:16:22:25 -0300] "GET /cormun/servlet/hpexe_return? HTTP/1.1" 200 1013
129.222.173.48 - - [28/Jul/2025:16:22:25 -0300] "GET /cormun/servlet/trpermisosgoce HTTP/1.1" 200 9530
129.222.173.48 - - [28/Jul/2025:16:22:28 -0300] "GET /cormun/servlet/permisogoce?INS,0,,, HTTP/1.1" 200 6819
200.126.116.145 - - [28/Jul/2025:16:22:33 -0300] "GET /cormun/servlet/trpermisosgoce? HTTP/1.1" 200 18663
129.222.173.48 - - [28/Jul/2025:16:22:43 -0300] "GET /cormun/servlet/permisogoce?38becb2fc2149414fc2ea1275f0a2a41fd1a17eea163e55f35782dcb2350f34e8d51dc475a0deeaafc8c0a3c048bc813a0b0421143e8258b1156b618bb3f5045,gx-no-cache=1753730731028 HTTP/1.1" 200 79
129.222.173.48 - - [28/Jul/2025:16:22:52 -0300] "GET /cormun/servlet/permisogoce?38becb2fc2149414fc2ea1275f0a2a4185f9f4d5fbf3843a7f269e3dc3bd129936fda630127f994fbdbb8168e4583a723e5fdf70c7bef4c8def231bacc8e39af,gx-no-cache=1753730740046 HTTP/1.1" 200 47
129.222.173.48 - - [28/Jul/2025:16:23:00 -0300] "POST /cormun/servlet/permisogoce?2aba1ddd7d116ff2aa54356ee45b9ddb,INS,0,,,,gx-no-cache=1753730746966 HTTP/1.1" 200 93
129.222.173.48 - - [28/Jul/2025:16:23:01 -0300] "GET /cormun/servlet/hpexe_return? HTTP/1.1" 200 1013
129.222.173.48 - - [28/Jul/2025:16:23:01 -0300] "GET /cormun/servlet/trpermisosgoce HTTP/1.1" 200 9772
200.126.116.145 - - [28/Jul/2025:16:23:02 -0300] "GET /cormun/servlet/trpermisosgoce? HTTP/1.1" 200 18655
129.222.173.48 - - [28/Jul/2025:16:23:05 -0300] "GET /cormun/servlet/permisogoce?INS,0,,, HTTP/1.1" 200 6820
200.126.116.145 - - [28/Jul/2025:16:23:05 -0300] "GET /cormun/servlet/permisogoce?INS,0,,, HTTP/1.1" 200 7220
200.126.116.145 - - [28/Jul/2025:16:23:16 -0300] "GET /cormun/servlet/permisogoce?aebf98d2c57be566ade17dfe6fac0408527cf63aaf8fbde8f5e98fc7e874f7388168f19753c6b3d52f6ae5eaa3ac5f95de578f93e16bd942ce155ba82f301555,gx-no-cache=1753730771172 HTTP/1.1" 200 87
200.126.116.145 - - [28/Jul/2025:16:23:28 -0300] "GET /cormun/servlet/permisogoce?aebf98d2c57be566ade17dfe6fac04085c63a28f7ed47803cf8d7411c8780ee10f17e717e7404af2b71b967600c326f531137b11317af6b8acd4dbd534b5daa4,gx-no-cache=1753730782686 HTTP/1.1" 200 48
200.126.116.145 - - [28/Jul/2025:16:23:30 -0300] "POST /cormun/servlet/permisogoce?7dcf5dad4645ca23b347c1449eca1cf6,INS,0,,,,gx-no-cache=1753730784597 HTTP/1.1" 200 93
200.126.116.145 - - [28/Jul/2025:16:23:30 -0300] "GET /cormun/servlet/hpexe_return? HTTP/1.1" 200 1009
200.126.116.145 - - [28/Jul/2025:16:23:30 -0300] "GET /cormun/servlet/trpermisosgoce HTTP/1.1" 200 18661
129.222.173.48 - - [28/Jul/2025:16:23:36 -0300] "GET /cormun/servlet/permisogoce?38becb2fc2149414fc2ea1275f0a2a417653b1d51f25bfa996dea52c60f1a7578d51dc475a0deeaafc8c0a3c048bc813a0b0421143e8258b1156b618bb3f5045,gx-no-cache=1753730783579 HTTP/1.1" 200 83
179.57.78.55 - - [28/Jul/2025:16:23:40 -0300] "GET /cormun/servlet/trpermisosadjuntos?19589572,20250728144314,P, HTTP/1.1" 200 5457
179.57.78.55 - - [28/Jul/2025:16:23:40 -0300] "GET /cormun/static/gxcfg.js?2020121641683 HTTP/1.1" 200 953
179.57.78.55 - - [28/Jul/2025:16:23:40 -0300] "GET /cormun/static/trpermisosadjuntos.js?2020121642996 HTTP/1.1" 200 20158
179.57.78.55 - - [28/Jul/2025:16:23:40 -0300] "GET /cormun/servlet/hlogin HTTP/1.1" 200 1762
179.57.78.55 - - [28/Jul/2025:16:23:46 -0300] "POST /cormun/servlet/hlogin?1775847cd62f239cec19269a789b692d,gx-no-cache=1753730793572 HTTP/1.1" 200 90
179.57.78.55 - - [28/Jul/2025:16:23:46 -0300] "GET /cormun/servlet/hpexe_link HTTP/1.1" 200 980
179.57.78.55 - - [28/Jul/2025:16:23:46 -0300] "GET /cormun/servlet/trpermisosadjuntos?19589572,20250728144314,P, HTTP/1.1" 200 6126
129.222.173.48 - - [28/Jul/2025:16:23:47 -0300] "GET /cormun/servlet/permisogoce?38becb2fc2149414fc2ea1275f0a2a41b20c6e59d8a9afba4f1fbc9f67bf8efed9e416edb49c8594602b77e583b471483e5fdf70c7bef4c8def231bacc8e39af,gx-no-cache=1753730795239 HTTP/1.1" 200 48
179.57.78.55 - - [28/Jul/2025:16:23:49 -0300] "GET /cormun/servlet/permisosadjuntos?INS,19589572,P,20250728144314,, HTTP/1.1" 200 5622
179.57.78.55 - - [28/Jul/2025:16:23:49 -0300] "GET /cormun/static/about:blank HTTP/1.1" 404 1011
129.222.173.48 - - [28/Jul/2025:16:23:57 -0300] "POST /cormun/servlet/permisogoce?2aba1ddd7d116ff2aa54356ee45b9ddb,INS,0,,,,gx-no-cache=1753730804030 HTTP/1.1" 200 93
129.222.173.48 - - [28/Jul/2025:16:23:57 -0300] "GET /cormun/servlet/hpexe_return? HTTP/1.1" 200 1013
129.222.173.48 - - [28/Jul/2025:16:23:57 -0300] "GET /cormun/servlet/trpermisosgoce HTTP/1.1" 200 10005
179.57.78.55 - - [28/Jul/2025:16:24:13 -0300] "POST /cormun/servlet/permisosadjuntos?1775847cd62f239cec19269a789b692d,INS,19589572,P,20250728144314,, HTTP/1.1" 200 116
179.57.78.55 - - [28/Jul/2025:16:24:13 -0300] "GET /cormun/servlet/hpexe_return? HTTP/1.1" 200 1035
179.57.78.55 - - [28/Jul/2025:16:24:13 -0300] "GET /cormun/servlet/trpermisosadjuntos?19589572,20250728144314,P, HTTP/1.1" 200 6694
129.222.173.48 - - [28/Jul/2025:16:24:15 -0300] "GET /cormun/servlet/hlogin HTTP/1.1" 200 1724
179.57.78.55 - - [28/Jul/2025:16:24:16 -0300] "GET /cormun/servlet/trpermisosgoce? HTTP/1.1" 200 14130
185.191.127.222 - - [28/Jul/2025:16:24:18 -0300] "GET / HTTP/1.1" 200 11217
129.222.173.48 - - [28/Jul/2025:16:24:18 -0300] "POST /cormun/servlet/hlogin?2aba1ddd7d116ff2aa54356ee45b9ddb,gx-no-cache=1753730825831 HTTP/1.1" 200 90
129.222.173.48 - - [28/Jul/2025:16:24:18 -0300] "GET /cormun/servlet/hpexe_link HTTP/1.1" 200 954
129.222.173.48 - - [28/Jul/2025:16:24:18 -0300] "GET /cormun/servlet/hhome HTTP/1.1" 200 4310
129.222.173.48 - - [28/Jul/2025:16:24:21 -0300] "GET /cormun/servlet/trcontratosolicitud? HTTP/1.1" 200 14643
179.57.78.55 - - [28/Jul/2025:16:24:30 -0300] "POST /cormun/servlet/trpermisosgoce?1775847cd62f239cec19269a789b692d,,gx-no-cache=1753730837838 HTTP/1.1" 200 11418
179.57.78.55 - - [28/Jul/2025:16:24:30 -0300] "GET /cormun/static/Shared/jqueryui/images/ui-bg_highlight-soft_100_c6c2c8_1x100.png HTTP/1.1" 404 1117
179.57.78.55 - - [28/Jul/2025:16:24:30 -0300] "GET /cormun/static/Shared/jqueryui/images/ui-icons_82798d_256x240.png HTTP/1.1" 404 1089
179.57.78.55 - - [28/Jul/2025:16:24:30 -0300] "GET /cormun/static/Shared/jqueryui/images/ui-bg_flat_55_fafafa_40x100.png HTTP/1.1" 404 1097
179.57.78.55 - - [28/Jul/2025:16:24:30 -0300] "GET /cormun/static/Shared/jqueryui/images/ui-icons_8d78a5_256x240.png HTTP/1.1" 404 1089
129.222.173.48 - - [28/Jul/2025:16:25:03 -0300] "POST /cormun/servlet/trcontratosolicitud?2aba1ddd7d116ff2aa54356ee45b9ddb,,gx-no-cache=1753730870033 HTTP/1.1" 200 8101
129.222.173.48 - - [28/Jul/2025:16:25:57 -0300] "POST /cormun/servlet/trcontratosolicitud?2aba1ddd7d116ff2aa54356ee45b9ddb,,gx-no-cache=1753730924086 HTTP/1.1" 200 12373
129.222.173.48 - - [28/Jul/2025:16:25:57 -0300] "GET /cormun/static/Resources/PXToolsGridNext.gif HTTP/1.1" 200 369
129.222.173.48 - - [28/Jul/2025:16:25:57 -0300] "GET /cormun/static/Resources/PXToolsGridLast.gif HTTP/1.1" 200 370
179.57.78.55 - - [28/Jul/2025:16:26:51 -0300] "GET /cormun/servlet/trpermisosadjuntos?16621768,20250728135549,P, HTTP/1.1" 200 6115
179.57.78.55 - - [28/Jul/2025:16:26:53 -0300] "GET /cormun/servlet/permisosadjuntos?INS,16621768,P,20250728135549,, HTTP/1.1" 200 5615
179.57.78.55 - - [28/Jul/2025:16:26:53 -0300] "GET /cormun/static/about:blank HTTP/1.1" 404 1011
179.57.78.55 - - [28/Jul/2025:16:27:02 -0300] "POST /cormun/servlet/permisosadjuntos?1775847cd62f239cec19269a789b692d,INS,16621768,P,20250728135549,, HTTP/1.1" 200 116
179.57.78.55 - - [28/Jul/2025:16:27:02 -0300] "GET /cormun/servlet/hpexe_return? HTTP/1.1" 200 1034
179.57.78.55 - - [28/Jul/2025:16:27:02 -0300] "GET /cormun/servlet/trpermisosadjuntos?16621768,20250728135549,P, HTTP/1.1" 200 6680
179.57.78.55 - - [28/Jul/2025:16:27:06 -0300] "GET /cormun/servlet/trpermisosgoce? HTTP/1.1" 200 14143
179.57.78.55 - - [28/Jul/2025:16:27:15 -0300] "POST /cormun/servlet/trpermisosgoce?1775847cd62f239cec19269a789b692d,,gx-no-cache=1753731002126 HTTP/1.1" 200 11419
129.222.173.48 - - [28/Jul/2025:16:28:06 -0300] "POST /cormun/servlet/trcontratosolicitud?2aba1ddd7d116ff2aa54356ee45b9ddb,,gx-no-cache=1753731053792 HTTP/1.1" 200 5968
129.222.173.48 - - [28/Jul/2025:16:28:06 -0300] "GET /cormun/static/Resources/PXToolsGridFirst.gif HTTP/1.1" 200 379
129.222.173.48 - - [28/Jul/2025:16:28:07 -0300] "GET /cormun/static/Resources/PXToolsGridPrevious.gif HTTP/1.1" 200 369
129.222.173.48 - - [28/Jul/2025:16:28:12 -0300] "POST /cormun/servlet/trcontratosolicitud?2aba1ddd7d116ff2aa54356ee45b9ddb,,gx-no-cache=1753731059573 HTTP/1.1" 200 12379
190.95.1.185 - - [28/Jul/2025:16:28:43 -0300] "GET /cormun/servlet/hlogin HTTP/1.1" 200 1723
190.95.1.185 - - [28/Jul/2025:16:28:43 -0300] "GET /cormun/servlet/hlogin HTTP/1.1" 200 1734
190.95.1.185 - - [28/Jul/2025:16:28:49 -0300] "POST /cormun/servlet/hlogin?b9486fa3a14b1a7ca32f8352100b519b,gx-no-cache=1753731097254 HTTP/1.1" 200 90
190.95.1.185 - - [28/Jul/2025:16:28:49 -0300] "GET /cormun/servlet/hpexe_link HTTP/1.1" 200 955
190.95.1.185 - - [28/Jul/2025:16:28:49 -0300] "GET /cormun/servlet/hhome HTTP/1.1" 200 4486
190.95.1.185 - - [28/Jul/2025:16:28:52 -0300] "GET /cormun/servlet/trlicencias? HTTP/1.1" 200 11797
207.46.13.128 - - [28/Jul/2025:16:30:27 -0300] "GET /cormun/servlet/hlogin HTTP/1.1" 200 1725
129.222.173.48 - - [28/Jul/2025:16:30:35 -0300] "POST /cormun/servlet/trcontratosolicitud?2aba1ddd7d116ff2aa54356ee45b9ddb,,gx-no-cache=1753731202103 HTTP/1.1" 200 5979
201.186.225.191 - - [28/Jul/2025:16:31:14 -0300] "GET /cormun/servlet/hlogin HTTP/1.1" 200 1743
201.186.225.191 - - [28/Jul/2025:16:31:17 -0300] "GET /cormun/servlet/hlogin HTTP/1.1" 200 1728
179.57.78.55 - - [28/Jul/2025:16:31:27 -0300] "GET /cormun/servlet/trpermisosadjuntos?13109954,20250728121547,P, HTTP/1.1" 200 6121
179.57.78.55 - - [28/Jul/2025:16:31:29 -0300] "GET /cormun/servlet/permisosadjuntos?INS,13109954,P,20250728121547,, HTTP/1.1" 200 5619
179.57.78.55 - - [28/Jul/2025:16:31:29 -0300] "GET /cormun/static/about:blank HTTP/1.1" 404 1011
201.186.225.191 - - [28/Jul/2025:16:31:30 -0300] "POST /cormun/servlet/hlogin?f01dd6aec09e2b004843529ddafad9bf,gx-no-cache=1753731261895 HTTP/1.1" 200 90
201.186.225.191 - - [28/Jul/2025:16:31:30 -0300] "GET /cormun/servlet/hpexe_link HTTP/1.1" 200 957
201.186.225.191 - - [28/Jul/2025:16:31:30 -0300] "GET /cormun/servlet/hhome HTTP/1.1" 200 4196
185.169.4.150 - - [28/Jul/2025:16:31:34 -0300] "GET / HTTP/1.1" 200 11217
179.57.78.55 - - [28/Jul/2025:16:31:44 -0300] "POST /cormun/servlet/permisosadjuntos?1775847cd62f239cec19269a789b692d,INS,13109954,P,20250728121547,, HTTP/1.1" 200 116
179.57.78.55 - - [28/Jul/2025:16:31:44 -0300] "GET /cormun/servlet/hpexe_return? HTTP/1.1" 200 1035
179.57.78.55 - - [28/Jul/2025:16:31:44 -0300] "GET /cormun/servlet/trpermisosadjuntos?13109954,20250728121547,P, HTTP/1.1" 200 6691
179.57.78.55 - - [28/Jul/2025:16:31:46 -0300] "GET /cormun/servlet/trpermisosgoce? HTTP/1.1" 200 14135
201.186.225.191 - - [28/Jul/2025:16:31:53 -0300] "GET /cormun/servlet/trlicencias? HTTP/1.1" 200 12215
179.57.78.55 - - [28/Jul/2025:16:31:53 -0300] "POST /cormun/servlet/trpermisosgoce?1775847cd62f239cec19269a789b692d,,gx-no-cache=1753731280612 HTTP/1.1" 200 11440
179.57.78.55 - - [28/Jul/2025:16:32:35 -0300] "GET /cormun/static/menuarrow.gif HTTP/1.1" 404 1015
179.57.78.55 - - [28/Jul/2025:16:32:41 -0300] "POST /cormun/servlet/trpermisosgoce?1775847cd62f239cec19269a789b692d,,gx-no-cache=1753731328091 HTTP/1.1" 200 17037
200.126.116.145 - - [28/Jul/2025:16:34:20 -0300] "GET /cormun/servlet/permisogoce?INS,0,,, HTTP/1.1" 200 7220
200.126.116.145 - - [28/Jul/2025:16:34:29 -0300] "GET /cormun/servlet/permisogoce?aebf98d2c57be566ade17dfe6fac0408527cf63aaf8fbde8f5e98fc7e874f7388168f19753c6b3d52f6ae5eaa3ac5f95de578f93e16bd942ce155ba82f301555,gx-no-cache=1753731443898 HTTP/1.1" 200 84
201.186.225.191 - - [28/Jul/2025:16:34:32 -0300] "GET /cormun/servlet/hlogin HTTP/1.1" 200 1743
200.126.116.145 - - [28/Jul/2025:16:34:39 -0300] "GET /cormun/servlet/permisogoce?aebf98d2c57be566ade17dfe6fac04085c63a28f7ed47803cf8d7411c8780ee10f17e717e7404af2b71b967600c326f531137b11317af6b8acd4dbd534b5daa4,gx-no-cache=1753731453486 HTTP/1.1" 200 48
200.126.116.145 - - [28/Jul/2025:16:34:40 -0300] "POST /cormun/servlet/permisogoce?7dcf5dad4645ca23b347c1449eca1cf6,INS,0,,,,gx-no-cache=1753731454634 HTTP/1.1" 200 93
200.126.116.145 - - [28/Jul/2025:16:34:40 -0300] "GET /cormun/servlet/hpexe_return? HTTP/1.1" 200 1009
200.126.116.145 - - [28/Jul/2025:16:34:41 -0300] "GET /cormun/servlet/trpermisosgoce HTTP/1.1" 200 18570
200.126.116.145 - - [28/Jul/2025:16:34:46 -0300] "GET /cormun/servlet/apermisogoceprn?18401538,P,20250728152615,PU HTTP/1.1" 200 1660
129.222.173.48 - - [28/Jul/2025:16:34:51 -0300] "GET /cormun/servlet/apermisogoceprn?17523102,P,20250728152509,PU HTTP/1.1" 200 1642
129.222.173.48 - - [28/Jul/2025:16:34:51 -0300] "GET /cormun/servlet/apermisogoceprn?17523102,P,20250728152509,PU HTTP/1.1" 200 1641
200.126.116.145 - - [28/Jul/2025:16:35:21 -0300] "GET /cormun/servlet/permisogoce?INS,0,,, HTTP/1.1" 200 7220
129.222.173.48 - - [28/Jul/2025:16:35:33 -0300] "GET /cormun/servlet/apermisogoceprn?19926583,P,20250728152427,PU HTTP/1.1" 200 1652
129.222.173.48 - - [28/Jul/2025:16:35:34 -0300] "GET /cormun/servlet/apermisogoceprn?19926583,P,20250728152427,PU HTTP/1.1" 200 1654
129.222.173.48 - - [28/Jul/2025:16:35:55 -0300] "GET /cormun/servlet/apermisogoceprn?8721006,P,20250728152615,PU HTTP/1.1" 200 1652
129.222.173.48 - - [28/Jul/2025:16:35:56 -0300] "GET /cormun/servlet/apermisogoceprn?8721006,P,20250728152615,PU HTTP/1.1" 200 1657
129.222.173.48 - - [28/Jul/2025:16:36:13 -0300] "GET /cormun/servlet/apermisogoceprn?9523283,P,20250728152538,PU HTTP/1.1" 200 1654
129.222.173.48 - - [28/Jul/2025:16:36:13 -0300] "GET /cormun/servlet/apermisogoceprn?9523283,P,20250728152538,PU HTTP/1.1" 200 1655
200.126.116.145 - - [28/Jul/2025:16:37:03 -0300] "GET /cormun/servlet/permisogoce?aebf98d2c57be566ade17dfe6fac04087efdea24d57bb94c43e6046257407ff78168f19753c6b3d52f6ae5eaa3ac5f95de578f93e16bd942ce155ba82f301555,gx-no-cache=1753731598167 HTTP/1.1" 200 86
200.126.116.145 - - [28/Jul/2025:16:37:10 -0300] "GET /cormun/servlet/permisogoce?aebf98d2c57be566ade17dfe6fac0408077f04f7a6c77cb5a2c8f33aa5f98d4b9d8137ec934222bb49d6a745fd393ef031137b11317af6b8acd4dbd534b5daa4,gx-no-cache=1753731605355 HTTP/1.1" 200 48
200.126.116.145 - - [28/Jul/2025:16:37:13 -0300] "POST /cormun/servlet/permisogoce?7dcf5dad4645ca23b347c1449eca1cf6,INS,0,,,,gx-no-cache=1753731607394 HTTP/1.1" 200 93
200.126.116.145 - - [28/Jul/2025:16:37:13 -0300] "GET /cormun/servlet/hpexe_return? HTTP/1.1" 200 1009
200.126.116.145 - - [28/Jul/2025:16:37:13 -0300] "GET /cormun/servlet/trpermisosgoce HTTP/1.1" 200 18542
200.126.116.145 - - [28/Jul/2025:16:37:24 -0300] "GET /cormun/servlet/apermisogoceprn?20200648,P,20250728153831,PU HTTP/1.1" 200 1667
179.57.78.55 - - [28/Jul/2025:16:39:50 -0300] "GET /cormun/servlet/permisogoce?INS,0,,, HTTP/1.1" 200 6841
179.57.78.55 - - [28/Jul/2025:16:39:57 -0300] "GET /cormun/servlet/permisogoce?42e11036b626ee283e95086687c91de5922d9657a113719d3212f6368040fba5ad29d3769f2b82b0dcb5e962bb7e760ba76d1d1dd6135b65ab993b281de8cfce,gx-no-cache=1753731764961 HTTP/1.1" 200 80
