190.95.1.187 - - [28/Jul/2025:11:12:10 -0300] "POST /cormun/servlet/trpermisosgoce?e743069d6b21b6c485a0b362ea613295,gx-no-cache=1753711999551,gx-no-cache=1753712098315 HTTP/1.1" 200 12822
148.222.218.189 - - [28/Jul/2025:11:12:16 -0300] "POST /cormun/servlet/trlicencias?b407e62d3fe774a0a917ba9375b9af8d,,gx-no-cache=1753712104466 HTTP/1.1" 200 6390
201.186.225.249 - - [28/Jul/2025:11:12:17 -0300] "GET /cormun/servlet/hlogin HTTP/1.1" 200 1718
190.95.1.187 - - [28/Jul/2025:11:12:21 -0300] "GET /cormun/servlet/trpermisosadjuntos?12691951,20250728100053,P, HTTP/1.1" 200 6367
190.95.1.187 - - [28/Jul/2025:11:12:22 -0300] "GET /cormun/servlet/permisosadjuntos?INS,12691951,P,20250728100053,, HTTP/1.1" 200 5665
190.95.1.187 - - [28/Jul/2025:11:12:22 -0300] "GET /cormun/static/about:blank HTTP/1.1" 404 1011
201.186.225.249 - - [28/Jul/2025:11:12:22 -0300] "POST /cormun/servlet/hlogin?b28aacc89eeb71de3034d526bbd9115a,gx-no-cache=1753712112610 HTTP/1.1" 200 429
201.186.225.249 - - [28/Jul/2025:11:12:29 -0300] "POST /cormun/servlet/hlogin?b28aacc89eeb71de3034d526bbd9115a,gx-no-cache=1753712119367 HTTP/1.1" 200 90
201.186.225.249 - - [28/Jul/2025:11:12:29 -0300] "GET /cormun/servlet/hpexe_link HTTP/1.1" 200 955
201.186.225.249 - - [28/Jul/2025:11:12:29 -0300] "GET /cormun/servlet/trsolicitudot HTTP/1.1" 200 8791
201.186.225.249 - - [28/Jul/2025:11:12:34 -0300] "GET /cormun/servlet/solicitudot?INS,0,0,false, HTTP/1.1" 200 16303
190.95.1.187 - - [28/Jul/2025:11:12:37 -0300] "POST /cormun/servlet/permisosadjuntos?e743069d6b21b6c485a0b362ea613295,INS,12691951,P,20250728100053,, HTTP/1.1" 200 116
190.95.1.187 - - [28/Jul/2025:11:12:37 -0300] "GET /cormun/servlet/hpexe_return? HTTP/1.1" 200 1038
190.95.1.187 - - [28/Jul/2025:11:12:37 -0300] "GET /cormun/servlet/trpermisosadjuntos?12691951,20250728100053,P, HTTP/1.1" 200 6847
190.95.1.187 - - [28/Jul/2025:11:12:40 -0300] "POST /cormun/servlet/trpermisosadjuntos?e743069d6b21b6c485a0b362ea613295,12691951,20250728100053,P,,gx-no-cache=1753712127724 HTTP/1.1" 200 90
190.95.1.187 - - [28/Jul/2025:11:12:40 -0300] "GET /cormun/servlet/hpexe_link HTTP/1.1" 200 1003
190.95.1.187 - - [28/Jul/2025:11:12:40 -0300] "GET /cormun/servlet/trpermisosgoce?gx-no-cache=1753711999551 HTTP/1.1" 200 15627
190.95.1.187 - - [28/Jul/2025:11:12:43 -0300] "POST /cormun/servlet/trpermisosgoce?e743069d6b21b6c485a0b362ea613295,gx-no-cache=1753711999551,gx-no-cache=1753712131203 HTTP/1.1" 200 12817
190.95.1.187 - - [28/Jul/2025:11:12:50 -0300] "GET /cormun/servlet/trpermisosadjuntos?14324070,20250728100145,P, HTTP/1.1" 200 6363
201.186.225.249 - - [28/Jul/2025:11:12:50 -0300] "POST /cormun/servlet/solicitudot?gx-no-cache=1753712140313 HTTP/1.1" 200 4039
201.186.225.249 - - [28/Jul/2025:11:12:50 -0300] "POST /cormun/servlet/solicitudot?b28aacc89eeb71de3034d526bbd9115a,INS,0,0,false,,gx-no-cache=1753712140432 HTTP/1.1" 200 12894
201.186.225.249 - - [28/Jul/2025:11:12:52 -0300] "GET /cormun/servlet/solicitudot?09628f5c7c09b5b0d753ea0ce1754016200dbff49e56e32bdcc3f901b5dc09dbcf33a635728ba245620f19a67dba28dc,gx-no-cache=1753712142268 HTTP/1.1" 200 30
190.95.1.187 - - [28/Jul/2025:11:12:53 -0300] "GET /cormun/servlet/permisosadjuntos?INS,14324070,P,20250728100145,, HTTP/1.1" 200 5664
190.95.1.187 - - [28/Jul/2025:11:12:53 -0300] "GET /cormun/static/about:blank HTTP/1.1" 404 1011
190.95.1.183 - - [28/Jul/2025:11:12:57 -0300] "GET /cormun/servlet/trlicencias HTTP/1.1" 200 8191
190.95.1.183 - - [28/Jul/2025:11:13:03 -0300] "POST /cormun/servlet/trlicencias?fcac9ea6874ff757edb1a5c1151aa43b,gx-no-cache=1753712151434 HTTP/1.1" 200 17893
148.222.218.189 - - [28/Jul/2025:11:13:05 -0300] "POST /cormun/servlet/trlicencias?b407e62d3fe774a0a917ba9375b9af8d,,gx-no-cache=1753712153210 HTTP/1.1" 200 6917
190.95.1.187 - - [28/Jul/2025:11:13:09 -0300] "POST /cormun/servlet/permisosadjuntos?e743069d6b21b6c485a0b362ea613295,INS,14324070,P,20250728100145,, HTTP/1.1" 200 116
190.95.1.187 - - [28/Jul/2025:11:13:09 -0300] "GET /cormun/servlet/hpexe_return? HTTP/1.1" 200 1038
190.95.1.187 - - [28/Jul/2025:11:13:09 -0300] "GET /cormun/servlet/trpermisosadjuntos?14324070,20250728100145,P, HTTP/1.1" 200 6844
190.95.1.187 - - [28/Jul/2025:11:13:11 -0300] "POST /cormun/servlet/trpermisosadjuntos?e743069d6b21b6c485a0b362ea613295,14324070,20250728100145,P,,gx-no-cache=1753712159033 HTTP/1.1" 200 90
190.95.1.187 - - [28/Jul/2025:11:13:11 -0300] "GET /cormun/servlet/hpexe_link HTTP/1.1" 200 1004
190.95.1.187 - - [28/Jul/2025:11:13:11 -0300] "GET /cormun/servlet/trpermisosgoce?gx-no-cache=1753711999551 HTTP/1.1" 200 15619
192.168.10.19 - - [28/Jul/2025:11:13:37 -0300] "GET /cormun/servlet/vesolicitudgral?2025,22754,, HTTP/1.1" 200 7791
192.168.10.19 - - [28/Jul/2025:11:13:38 -0300] "GET /cormun/pexe_scrolldiv.js HTTP/1.1" 404 1009
192.168.10.19 - - [28/Jul/2025:11:13:38 -0300] "GET /cormun/servlet/hlogin HTTP/1.1" 200 1753
192.168.10.19 - - [28/Jul/2025:11:13:43 -0300] "POST /cormun/servlet/hlogin?7f19b5b5c831dfe075396c32e5d33fa8,gx-no-cache=1753712213168 HTTP/1.1" 200 90
192.168.10.19 - - [28/Jul/2025:11:13:43 -0300] "GET /cormun/servlet/hpexe_link HTTP/1.1" 200 970
192.168.10.19 - - [28/Jul/2025:11:13:43 -0300] "GET /cormun/servlet/vesolicitudgral?2025,22754,, HTTP/1.1" 200 8304
192.168.10.19 - - [28/Jul/2025:11:13:43 -0300] "GET /cormun/pexe_scrolldiv.js HTTP/1.1" 404 1009
190.95.1.187 - - [28/Jul/2025:11:13:58 -0300] "POST /cormun/servlet/trpermisosgoce?e743069d6b21b6c485a0b362ea613295,gx-no-cache=1753711999551,gx-no-cache=1753712206351 HTTP/1.1" 200 12806
190.95.1.187 - - [28/Jul/2025:11:14:01 -0300] "GET /cormun/servlet/trpermisosadjuntos?11758039,20250728100233,P, HTTP/1.1" 200 6359
190.95.1.187 - - [28/Jul/2025:11:14:02 -0300] "GET /cormun/servlet/permisosadjuntos?INS,11758039,P,20250728100233,, HTTP/1.1" 200 5660
190.95.1.187 - - [28/Jul/2025:11:14:02 -0300] "GET /cormun/static/about:blank HTTP/1.1" 404 1011
190.95.1.187 - - [28/Jul/2025:11:14:14 -0300] "POST /cormun/servlet/permisosadjuntos?e743069d6b21b6c485a0b362ea613295,INS,11758039,P,20250728100233,, HTTP/1.1" 200 116
190.95.1.187 - - [28/Jul/2025:11:14:14 -0300] "GET /cormun/servlet/hpexe_return? HTTP/1.1" 200 1037
190.95.1.187 - - [28/Jul/2025:11:14:14 -0300] "GET /cormun/servlet/trpermisosadjuntos?11758039,20250728100233,P, HTTP/1.1" 200 6842
190.95.1.187 - - [28/Jul/2025:11:14:16 -0300] "POST /cormun/servlet/trpermisosadjuntos?e743069d6b21b6c485a0b362ea613295,11758039,20250728100233,P,,gx-no-cache=1753712224429 HTTP/1.1" 200 90
190.95.1.187 - - [28/Jul/2025:11:14:16 -0300] "GET /cormun/servlet/hpexe_link HTTP/1.1" 200 1002
190.95.1.187 - - [28/Jul/2025:11:14:16 -0300] "GET /cormun/servlet/trpermisosgoce?gx-no-cache=1753711999551 HTTP/1.1" 200 15613
190.95.1.187 - - [28/Jul/2025:11:14:20 -0300] "POST /cormun/servlet/trpermisosgoce?e743069d6b21b6c485a0b362ea613295,gx-no-cache=1753711999551,gx-no-cache=1753712228196 HTTP/1.1" 200 12799
190.95.1.187 - - [28/Jul/2025:11:14:28 -0300] "GET /cormun/servlet/trpermisosadjuntos?17922289,20250728100302,P, HTTP/1.1" 200 6364
190.95.1.187 - - [28/Jul/2025:11:14:30 -0300] "GET /cormun/servlet/permisosadjuntos?INS,17922289,P,20250728100302,, HTTP/1.1" 200 5659
190.95.1.187 - - [28/Jul/2025:11:14:30 -0300] "GET /cormun/static/about:blank HTTP/1.1" 404 1011
190.95.1.187 - - [28/Jul/2025:11:14:45 -0300] "POST /cormun/servlet/permisosadjuntos?e743069d6b21b6c485a0b362ea613295,INS,17922289,P,20250728100302,, HTTP/1.1" 200 116
190.95.1.187 - - [28/Jul/2025:11:14:45 -0300] "GET /cormun/servlet/hpexe_return? HTTP/1.1" 200 1037
190.95.1.187 - - [28/Jul/2025:11:14:45 -0300] "GET /cormun/servlet/trpermisosadjuntos?17922289,20250728100302,P, HTTP/1.1" 200 6839
190.95.1.187 - - [28/Jul/2025:11:14:47 -0300] "POST /cormun/servlet/trpermisosadjuntos?e743069d6b21b6c485a0b362ea613295,17922289,20250728100302,P,,gx-no-cache=1753712255601 HTTP/1.1" 200 90
190.95.1.187 - - [28/Jul/2025:11:14:47 -0300] "GET /cormun/servlet/hpexe_link HTTP/1.1" 200 1003
190.95.1.187 - - [28/Jul/2025:11:14:48 -0300] "GET /cormun/servlet/trpermisosgoce?gx-no-cache=1753711999551 HTTP/1.1" 200 15607
190.95.1.187 - - [28/Jul/2025:11:14:51 -0300] "POST /cormun/servlet/trpermisosgoce?e743069d6b21b6c485a0b362ea613295,gx-no-cache=1753711999551,gx-no-cache=1753712259286 HTTP/1.1" 200 12791
201.186.225.249 - - [28/Jul/2025:11:14:54 -0300] "GET /cormun/static/Resources/resize.gif HTTP/1.1" 200 77
201.186.225.249 - - [28/Jul/2025:11:14:54 -0300] "GET /cormun/static/Resources/PXTools/ClosePrompt.png HTTP/1.1" 200 1036
201.186.225.249 - - [28/Jul/2025:11:14:54 -0300] "GET /cormun/servlet/prbanco?,MD,,gxPopupLevel%3D0%3B HTTP/1.1" 200 6694
201.186.225.249 - - [28/Jul/2025:11:14:54 -0300] "GET /cormun/static/gxcfg.js?20201216131581 HTTP/1.1" 200 953
201.186.225.249 - - [28/Jul/2025:11:14:54 -0300] "GET /cormun/static/Resources/PXToolsMenuSearch.png HTTP/1.1" 200 336
201.186.225.249 - - [28/Jul/2025:11:14:54 -0300] "GET /cormun/static/prbanco.js?20201216132311 HTTP/1.1" 200 10693
201.186.225.249 - - [28/Jul/2025:11:14:54 -0300] "GET /cormun/static/menusearch.js?20201214473581 HTTP/1.1" 200 1424
201.186.225.249 - - [28/Jul/2025:11:14:54 -0300] "GET /cormun/static/hmpwkw011.js?202211298443482 HTTP/1.1" 200 1968
201.186.225.249 - - [28/Jul/2025:11:14:54 -0300] "GET /cormun/static/Resources/PXToolsMenuSearchCancel.png HTTP/1.1" 200 306
201.186.225.249 - - [28/Jul/2025:11:14:57 -0300] "GET /cormun/servlet/solicitudot?09628f5c7c09b5b0d753ea0ce1754016ab3cb3de43019ca883dabed2777c798fd5eb81f740925a3541ea077896cb541526e2135bacc9f593e875776ae6fc05cd,gx-no-cache=1753712267678 HTTP/1.1" 200 30
201.186.225.249 - - [28/Jul/2025:11:14:59 -0300] "GET /cormun/servlet/solicitudot?09628f5c7c09b5b0d753ea0ce17540169bfff97c4c2f2f8e614f21bf35774b40,gx-no-cache=1753712268896 HTTP/1.1" 200 53
190.95.1.187 - - [28/Jul/2025:11:15:04 -0300] "GET /cormun/servlet/trpermisosadjuntos?15806791,20250728100408,P, HTTP/1.1" 200 6361
190.95.1.187 - - [28/Jul/2025:11:15:06 -0300] "GET /cormun/servlet/permisosadjuntos?INS,15806791,P,20250728100408,, HTTP/1.1" 200 5660
190.95.1.187 - - [28/Jul/2025:11:15:06 -0300] "GET /cormun/static/about:blank HTTP/1.1" 404 1011
190.95.1.183 - - [28/Jul/2025:11:15:10 -0300] "GET /cormun/servlet/trsolicitudot? HTTP/1.1" 200 8619
190.95.1.183 - - [28/Jul/2025:11:15:14 -0300] "POST /cormun/servlet/trsolicitudot?fcac9ea6874ff757edb1a5c1151aa43b,,gx-no-cache=1753712282271 HTTP/1.1" 200 107
190.95.1.183 - - [28/Jul/2025:11:15:14 -0300] "GET /cormun/servlet/trsolicitudadjuntos?2025,22811, HTTP/1.1" 200 6096
190.95.1.183 - - [28/Jul/2025:11:15:14 -0300] "GET /cormun/static/gxcfg.js?20201215574222 HTTP/1.1" 200 953
190.95.1.183 - - [28/Jul/2025:11:15:14 -0300] "GET /cormun/static/trsolicitudadjuntos.js?20201215574932 HTTP/1.1" 200 17921
190.95.1.183 - - [28/Jul/2025:11:15:14 -0300] "GET /cormun/static/Resources/PXToolsGridNew.png HTTP/1.1" 200 427
190.95.1.183 - - [28/Jul/2025:11:15:16 -0300] "GET /cormun/servlet/solicitudotadjuntos?INS,2025,22811,,1, HTTP/1.1" 200 6039
190.95.1.183 - - [28/Jul/2025:11:15:16 -0300] "GET /cormun/static/gxcfg.js?202211298385187 HTTP/1.1" 200 953
190.95.1.183 - - [28/Jul/2025:11:15:16 -0300] "GET /cormun/static/solicitudotadjuntos.js?202211298385196 HTTP/1.1" 200 11771
190.95.1.183 - - [28/Jul/2025:11:15:16 -0300] "GET /cormun/static/about:blank HTTP/1.1" 404 1011
190.95.1.183 - - [28/Jul/2025:11:15:17 -0300] "GET /cormun/servlet/solicitudotadjuntos?adbb1015f73bd4c0fc37323765b29f9b74ba2431eedf214e746e192a0b87886656bc9f58ffc6917128ab4e823a1a2ae5,gx-no-cache=1753712285215 HTTP/1.1" 200 30
190.95.1.183 - - [28/Jul/2025:11:15:17 -0300] "POST /cormun/servlet/solicitudotadjuntos?fcac9ea6874ff757edb1a5c1151aa43b,INS,2025,22811,,1,,gx-no-cache=1753712285231 HTTP/1.1" 200 3903
190.95.1.187 - - [28/Jul/2025:11:15:17 -0300] "POST /cormun/servlet/permisosadjuntos?e743069d6b21b6c485a0b362ea613295,INS,15806791,P,20250728100408,, HTTP/1.1" 200 116
190.95.1.187 - - [28/Jul/2025:11:15:17 -0300] "GET /cormun/servlet/hpexe_return? HTTP/1.1" 200 1038
190.95.1.187 - - [28/Jul/2025:11:15:18 -0300] "GET /cormun/servlet/trpermisosadjuntos?15806791,20250728100408,P, HTTP/1.1" 200 6840
201.186.225.249 - - [28/Jul/2025:11:15:18 -0300] "POST /cormun/servlet/solicitudot?b28aacc89eeb71de3034d526bbd9115a,INS,0,0,false,,gx-no-cache=1753712288058 HTTP/1.1" 200 13102
201.186.225.249 - - [28/Jul/2025:11:15:18 -0300] "GET /cormun/static/Shared/jqueryui/images/ui-bg_highlight-soft_100_c6c2c8_1x100.png HTTP/1.1" 404 1117
201.186.225.249 - - [28/Jul/2025:11:15:18 -0300] "GET /cormun/static/Shared/jqueryui/images/ui-icons_82798d_256x240.png HTTP/1.1" 404 1089
201.186.225.249 - - [28/Jul/2025:11:15:18 -0300] "GET /cormun/static/Shared/jqueryui/images/ui-bg_flat_55_fafafa_40x100.png HTTP/1.1" 404 1097
201.186.225.249 - - [28/Jul/2025:11:15:18 -0300] "GET /cormun/static/Shared/jqueryui/images/ui-icons_8d78a5_256x240.png HTTP/1.1" 404 1089
190.95.1.183 - - [28/Jul/2025:11:15:19 -0300] "POST /cormun/servlet/solicitudotadjuntos?gx-no-cache=1753712287153 HTTP/1.1" 200 26
190.95.1.187 - - [28/Jul/2025:11:15:20 -0300] "POST /cormun/servlet/trpermisosadjuntos?e743069d6b21b6c485a0b362ea613295,15806791,20250728100408,P,,gx-no-cache=1753712288395 HTTP/1.1" 200 90
190.95.1.187 - - [28/Jul/2025:11:15:20 -0300] "GET /cormun/servlet/hpexe_link HTTP/1.1" 200 1004
190.95.1.187 - - [28/Jul/2025:11:15:20 -0300] "GET /cormun/servlet/trpermisosgoce?gx-no-cache=1753711999551 HTTP/1.1" 200 15599
201.186.225.249 - - [28/Jul/2025:11:15:24 -0300] "GET /cormun/servlet/solicitudot?09628f5c7c09b5b0d753ea0ce1754016ceea3bc0594ef3e75a49e9301ead4e1dd0d0379d9568248119ac23b422dc880fa24115e7d91dd11f366d9babd5593900,gx-no-cache=1753712293925 HTTP/1.1" 200 53
190.95.1.183 - - [28/Jul/2025:11:15:24 -0300] "GET /cormun/servlet/solicitudotadjuntos?adbb1015f73bd4c0fc37323765b29f9b3807cd89109f591350bbc00693f79475,gx-no-cache=1753712292821 HTTP/1.1" 200 30
190.95.1.183 - - [28/Jul/2025:11:15:24 -0300] "GET /cormun/servlet/solicitudotadjuntos?adbb1015f73bd4c0fc37323765b29f9b3807cd89109f591350bbc00693f79475,gx-no-cache=1753712292835 HTTP/1.1" 200 30
190.95.1.183 - - [28/Jul/2025:11:15:24 -0300] "POST /cormun/servlet/solicitudotadjuntos?fcac9ea6874ff757edb1a5c1151aa43b,INS,2025,22811,,1, HTTP/1.1" 200 116
190.95.1.187 - - [28/Jul/2025:11:15:24 -0300] "POST /cormun/servlet/trpermisosgoce?e743069d6b21b6c485a0b362ea613295,gx-no-cache=1753711999551,gx-no-cache=1753712292482 HTTP/1.1" 200 12776
190.95.1.183 - - [28/Jul/2025:11:15:24 -0300] "GET /cormun/servlet/hpexe_return? HTTP/1.1" 200 1030
190.95.1.183 - - [28/Jul/2025:11:15:25 -0300] "GET /cormun/servlet/trsolicitudadjuntos?2025,22811, HTTP/1.1" 200 9257
190.95.1.187 - - [28/Jul/2025:11:15:25 -0300] "GET /cormun/servlet/trpermisosadjuntos?16792167,20250728100439,P, HTTP/1.1" 200 6365
190.95.1.183 - - [28/Jul/2025:11:15:26 -0300] "GET /cormun/servlet/solicitudotadjuntos?INS,2025,22811,,1, HTTP/1.1" 200 6039
190.95.1.183 - - [28/Jul/2025:11:15:26 -0300] "GET /cormun/static/about:blank HTTP/1.1" 404 1011
190.95.1.183 - - [28/Jul/2025:11:15:27 -0300] "GET /cormun/servlet/solicitudotadjuntos?adbb1015f73bd4c0fc37323765b29f9b74ba2431eedf214e746e192a0b87886656bc9f58ffc6917128ab4e823a1a2ae5,gx-no-cache=1753712295526 HTTP/1.1" 200 30
190.95.1.183 - - [28/Jul/2025:11:15:27 -0300] "POST /cormun/servlet/solicitudotadjuntos?fcac9ea6874ff757edb1a5c1151aa43b,INS,2025,22811,,1,,gx-no-cache=1753712295544 HTTP/1.1" 200 3903
190.95.1.187 - - [28/Jul/2025:11:15:27 -0300] "GET /cormun/servlet/permisosadjuntos?INS,16792167,P,20250728100439,, HTTP/1.1" 200 5660
190.95.1.187 - - [28/Jul/2025:11:15:27 -0300] "GET /cormun/static/about:blank HTTP/1.1" 404 1011
190.95.1.183 - - [28/Jul/2025:11:15:28 -0300] "POST /cormun/servlet/solicitudotadjuntos?gx-no-cache=1753712296668 HTTP/1.1" 200 26
190.95.1.183 - - [28/Jul/2025:11:15:35 -0300] "GET /cormun/servlet/solicitudotadjuntos?adbb1015f73bd4c0fc37323765b29f9b3807cd89109f591350bbc00693f79475,gx-no-cache=1753712303189 HTTP/1.1" 200 30
190.95.1.183 - - [28/Jul/2025:11:15:35 -0300] "GET /cormun/servlet/solicitudotadjuntos?adbb1015f73bd4c0fc37323765b29f9b3807cd89109f591350bbc00693f79475,gx-no-cache=1753712303200 HTTP/1.1" 200 30
190.95.1.183 - - [28/Jul/2025:11:15:35 -0300] "POST /cormun/servlet/solicitudotadjuntos?fcac9ea6874ff757edb1a5c1151aa43b,INS,2025,22811,,1, HTTP/1.1" 200 116
190.95.1.183 - - [28/Jul/2025:11:15:35 -0300] "GET /cormun/servlet/hpexe_return? HTTP/1.1" 200 1030
201.186.225.249 - - [28/Jul/2025:11:15:35 -0300] "POST /cormun/servlet/solicitudot?gx-no-cache=1753712305035 HTTP/1.1" 200 297
190.95.1.183 - - [28/Jul/2025:11:15:35 -0300] "GET /cormun/servlet/trsolicitudadjuntos?2025,22811, HTTP/1.1" 200 9527
190.95.1.183 - - [28/Jul/2025:11:15:37 -0300] "GET /cormun/servlet/solicitudotadjuntos?INS,2025,22811,,1, HTTP/1.1" 200 6039
190.95.1.183 - - [28/Jul/2025:11:15:37 -0300] "GET /cormun/static/about:blank HTTP/1.1" 404 1011
190.95.1.183 - - [28/Jul/2025:11:15:37 -0300] "GET /cormun/servlet/solicitudotadjuntos?adbb1015f73bd4c0fc37323765b29f9b74ba2431eedf214e746e192a0b87886656bc9f58ffc6917128ab4e823a1a2ae5,gx-no-cache=1753712305785 HTTP/1.1" 200 30
190.95.1.183 - - [28/Jul/2025:11:15:37 -0300] "POST /cormun/servlet/solicitudotadjuntos?fcac9ea6874ff757edb1a5c1151aa43b,INS,2025,22811,,1,,gx-no-cache=1753712305801 HTTP/1.1" 200 3903
190.95.1.183 - - [28/Jul/2025:11:15:39 -0300] "POST /cormun/servlet/solicitudotadjuntos?gx-no-cache=1753712307597 HTTP/1.1" 200 26
190.95.1.187 - - [28/Jul/2025:11:15:42 -0300] "POST /cormun/servlet/permisosadjuntos?e743069d6b21b6c485a0b362ea613295,INS,16792167,P,20250728100439,, HTTP/1.1" 200 116
190.95.1.187 - - [28/Jul/2025:11:15:42 -0300] "GET /cormun/servlet/hpexe_return? HTTP/1.1" 200 1037
190.95.1.187 - - [28/Jul/2025:11:15:42 -0300] "GET /cormun/servlet/trpermisosadjuntos?16792167,20250728100439,P, HTTP/1.1" 200 6847
201.186.225.249 - - [28/Jul/2025:11:15:45 -0300] "GET /cormun/servlet/solicitudot?09628f5c7c09b5b0d753ea0ce175401601eccd3d2e1ff96b3d90c2955e625075b69089ed9bff1fbc15a4fab271ff25a9d7be35f98c70365109e1d787fdf47c41b7052db697abee86c38457e8ca116a7cce79f4ff733a73ffe88811edc6afed5b942efb04b3fa34bfd50477841d0a6677363712cedd606e5fefd3c70dc307b87fb56e65b6664cbd02d1c4864ef8d97bb2df20c462a31db9a8543182c4f37aab0251d3934974cf5ec160f155b38740f0ee2076c566cd246f675b3b91f277a3a5a2e27ba597a541a9c77bcca287ac57b5fe9d53686172b9998f2b5f4af981039a97529017b3035b9179d6ea8fc44d0d419124c37beb08255ab906817a03b3f5beb6f11c565cb18a7666693fbf5318aab14b25af68811e1313824dc5b60aaed7f7663c128be3bae5bc139a697788c3778ea018f02cb7b1b3f7b90bb9164c2271ceb381e038292ce2d0c661f96cd95ccc5cfdd934df8d2b29c392984e7460a5ad1f58f2795ad64bf5dd8c43ec8783d602420a43da74c317afa85d94cad502b9bac38887b7ae740f157cbfdcbc1dacf7781bb1,gx-no-cache=1753712314795 HTTP/1.1" 200 30
190.95.1.183 - - [28/Jul/2025:11:15:45 -0300] "GET /cormun/servlet/solicitudotadjuntos?adbb1015f73bd4c0fc37323765b29f9b3807cd89109f591350bbc00693f79475,gx-no-cache=1753712313181 HTTP/1.1" 200 30
190.95.1.183 - - [28/Jul/2025:11:15:45 -0300] "GET /cormun/servlet/solicitudotadjuntos?adbb1015f73bd4c0fc37323765b29f9b3807cd89109f591350bbc00693f79475,gx-no-cache=1753712313193 HTTP/1.1" 200 30
190.95.1.183 - - [28/Jul/2025:11:15:45 -0300] "POST /cormun/servlet/solicitudotadjuntos?fcac9ea6874ff757edb1a5c1151aa43b,INS,2025,22811,,1, HTTP/1.1" 200 116
190.95.1.183 - - [28/Jul/2025:11:15:45 -0300] "GET /cormun/servlet/hpexe_return? HTTP/1.1" 200 1030
190.95.1.183 - - [28/Jul/2025:11:15:45 -0300] "GET /cormun/servlet/trsolicitudadjuntos?2025,22811, HTTP/1.1" 200 9780
190.95.1.187 - - [28/Jul/2025:11:15:46 -0300] "POST /cormun/servlet/trpermisosadjuntos?e743069d6b21b6c485a0b362ea613295,16792167,20250728100439,P,,gx-no-cache=1753712313701 HTTP/1.1" 200 90
190.95.1.187 - - [28/Jul/2025:11:15:46 -0300] "GET /cormun/servlet/hpexe_link HTTP/1.1" 200 1003
190.95.1.187 - - [28/Jul/2025:11:15:46 -0300] "GET /cormun/servlet/trpermisosgoce?gx-no-cache=1753711999551 HTTP/1.1" 200 15591
190.95.1.183 - - [28/Jul/2025:11:15:48 -0300] "GET /cormun/servlet/solicitudotadjuntos?INS,2025,22811,,1, HTTP/1.1" 200 6039
190.95.1.183 - - [28/Jul/2025:11:15:48 -0300] "GET /cormun/static/about:blank HTTP/1.1" 404 1011
201.186.225.249 - - [28/Jul/2025:11:15:48 -0300] "POST /cormun/servlet/solicitudot?gx-no-cache=1753712317785 HTTP/1.1" 200 30
190.95.1.183 - - [28/Jul/2025:11:15:48 -0300] "GET /cormun/servlet/solicitudotadjuntos?adbb1015f73bd4c0fc37323765b29f9b74ba2431eedf214e746e192a0b87886656bc9f58ffc6917128ab4e823a1a2ae5,gx-no-cache=1753712316615 HTTP/1.1" 200 30
190.95.1.183 - - [28/Jul/2025:11:15:48 -0300] "POST /cormun/servlet/solicitudotadjuntos?fcac9ea6874ff757edb1a5c1151aa43b,INS,2025,22811,,1,,gx-no-cache=1753712316631 HTTP/1.1" 200 3903
190.95.1.187 - - [28/Jul/2025:11:15:49 -0300] "POST /cormun/servlet/trpermisosgoce?e743069d6b21b6c485a0b362ea613295,gx-no-cache=1753711999551,gx-no-cache=1753712316779 HTTP/1.1" 200 12739
201.186.225.249 - - [28/Jul/2025:11:15:50 -0300] "POST /cormun/servlet/solicitudot?gx-no-cache=1753712319732 HTTP/1.1" 200 1479
201.186.225.249 - - [28/Jul/2025:11:15:50 -0300] "POST /cormun/servlet/solicitudot?gx-no-cache=1753712319772 HTTP/1.1" 200 38
190.95.1.183 - - [28/Jul/2025:11:15:51 -0300] "POST /cormun/servlet/solicitudotadjuntos?gx-no-cache=1753712319029 HTTP/1.1" 200 26
190.95.1.183 - - [28/Jul/2025:11:15:55 -0300] "GET /cormun/servlet/solicitudotadjuntos?adbb1015f73bd4c0fc37323765b29f9b3807cd89109f591350bbc00693f79475,gx-no-cache=1753712323909 HTTP/1.1" 200 30
190.95.1.183 - - [28/Jul/2025:11:15:55 -0300] "GET /cormun/servlet/solicitudotadjuntos?adbb1015f73bd4c0fc37323765b29f9b3807cd89109f591350bbc00693f79475,gx-no-cache=1753712323924 HTTP/1.1" 200 30
190.95.1.183 - - [28/Jul/2025:11:15:55 -0300] "POST /cormun/servlet/solicitudotadjuntos?fcac9ea6874ff757edb1a5c1151aa43b,INS,2025,22811,,1, HTTP/1.1" 200 116
190.95.1.183 - - [28/Jul/2025:11:15:55 -0300] "GET /cormun/servlet/hpexe_return? HTTP/1.1" 200 1030
190.95.1.183 - - [28/Jul/2025:11:15:56 -0300] "GET /cormun/servlet/trsolicitudadjuntos?2025,22811, HTTP/1.1" 200 10099
190.95.1.183 - - [28/Jul/2025:11:15:57 -0300] "GET /cormun/servlet/solicitudotadjuntos?INS,2025,22811,,1, HTTP/1.1" 200 6038
190.95.1.183 - - [28/Jul/2025:11:15:58 -0300] "GET /cormun/static/about:blank HTTP/1.1" 404 1011
190.95.1.183 - - [28/Jul/2025:11:15:58 -0300] "GET /cormun/servlet/solicitudotadjuntos?adbb1015f73bd4c0fc37323765b29f9b74ba2431eedf214e746e192a0b87886656bc9f58ffc6917128ab4e823a1a2ae5,gx-no-cache=1753712326580 HTTP/1.1" 200 30
190.95.1.183 - - [28/Jul/2025:11:15:58 -0300] "POST /cormun/servlet/solicitudotadjuntos?fcac9ea6874ff757edb1a5c1151aa43b,INS,2025,22811,,1,,gx-no-cache=1753712326599 HTTP/1.1" 200 3903
190.95.1.183 - - [28/Jul/2025:11:16:00 -0300] "POST /cormun/servlet/solicitudotadjuntos?gx-no-cache=1753712328637 HTTP/1.1" 200 26
190.95.1.183 - - [28/Jul/2025:11:16:06 -0300] "GET /cormun/servlet/solicitudotadjuntos?adbb1015f73bd4c0fc37323765b29f9b3807cd89109f591350bbc00693f79475,gx-no-cache=1753712335021 HTTP/1.1" 200 30
190.95.1.183 - - [28/Jul/2025:11:16:07 -0300] "GET /cormun/servlet/solicitudotadjuntos?adbb1015f73bd4c0fc37323765b29f9b3807cd89109f591350bbc00693f79475,gx-no-cache=1753712335035 HTTP/1.1" 200 30
190.95.1.183 - - [28/Jul/2025:11:16:07 -0300] "POST /cormun/servlet/solicitudotadjuntos?fcac9ea6874ff757edb1a5c1151aa43b,INS,2025,22811,,1, HTTP/1.1" 200 116
190.95.1.183 - - [28/Jul/2025:11:16:07 -0300] "GET /cormun/servlet/hpexe_return? HTTP/1.1" 200 1030
190.95.1.183 - - [28/Jul/2025:11:16:07 -0300] "GET /cormun/servlet/trsolicitudadjuntos?2025,22811, HTTP/1.1" 200 10344
190.95.1.183 - - [28/Jul/2025:11:16:09 -0300] "GET /cormun/servlet/solicitudotadjuntos?INS,2025,22811,,1, HTTP/1.1" 200 6038
190.95.1.183 - - [28/Jul/2025:11:16:09 -0300] "GET /cormun/static/about:blank HTTP/1.1" 404 1011
190.95.1.183 - - [28/Jul/2025:11:16:09 -0300] "GET /cormun/servlet/solicitudotadjuntos?adbb1015f73bd4c0fc37323765b29f9b74ba2431eedf214e746e192a0b87886656bc9f58ffc6917128ab4e823a1a2ae5,gx-no-cache=1753712337876 HTTP/1.1" 200 30
190.95.1.183 - - [28/Jul/2025:11:16:09 -0300] "POST /cormun/servlet/solicitudotadjuntos?fcac9ea6874ff757edb1a5c1151aa43b,INS,2025,22811,,1,,gx-no-cache=1753712337893 HTTP/1.1" 200 3903
190.95.1.183 - - [28/Jul/2025:11:16:11 -0300] "POST /cormun/servlet/solicitudotadjuntos?gx-no-cache=1753712339893 HTTP/1.1" 200 26
190.95.1.183 - - [28/Jul/2025:11:16:30 -0300] "GET /cormun/servlet/solicitudotadjuntos?adbb1015f73bd4c0fc37323765b29f9b3807cd89109f591350bbc00693f79475,gx-no-cache=1753712358755 HTTP/1.1" 200 30
190.95.1.183 - - [28/Jul/2025:11:16:30 -0300] "GET /cormun/servlet/solicitudotadjuntos?adbb1015f73bd4c0fc37323765b29f9b3807cd89109f591350bbc00693f79475,gx-no-cache=1753712358768 HTTP/1.1" 200 30
190.95.1.183 - - [28/Jul/2025:11:16:30 -0300] "POST /cormun/servlet/solicitudotadjuntos?fcac9ea6874ff757edb1a5c1151aa43b,INS,2025,22811,,1, HTTP/1.1" 200 116
190.95.1.183 - - [28/Jul/2025:11:16:30 -0300] "GET /cormun/servlet/hpexe_return? HTTP/1.1" 200 1030
190.95.1.183 - - [28/Jul/2025:11:16:30 -0300] "GET /cormun/servlet/trsolicitudadjuntos?2025,22811, HTTP/1.1" 200 10509
190.95.1.183 - - [28/Jul/2025:11:16:36 -0300] "POST /cormun/servlet/trsolicitudadjuntos?fcac9ea6874ff757edb1a5c1151aa43b,2025,22811,,gx-no-cache=1753712364398 HTTP/1.1" 200 90
190.95.1.183 - - [28/Jul/2025:11:16:36 -0300] "GET /cormun/servlet/hpexe_link HTTP/1.1" 200 973
190.95.1.183 - - [28/Jul/2025:11:16:36 -0300] "GET /cormun/servlet/trsolicitudot HTTP/1.1" 200 8621
190.95.1.183 - - [28/Jul/2025:11:16:38 -0300] "POST /cormun/servlet/trsolicitudot?fcac9ea6874ff757edb1a5c1151aa43b,gx-no-cache=1753712366255 HTTP/1.1" 200 4564
190.95.1.183 - - [28/Jul/2025:11:16:38 -0300] "GET /cormun/static/Shared/jqueryui/images/ui-bg_highlight-soft_100_c6c2c8_1x100.png HTTP/1.1" 404 1117
190.95.1.183 - - [28/Jul/2025:11:16:38 -0300] "GET /cormun/static/Shared/jqueryui/images/ui-icons_82798d_256x240.png HTTP/1.1" 404 1089
190.95.1.183 - - [28/Jul/2025:11:16:38 -0300] "GET /cormun/static/Shared/jqueryui/images/ui-bg_flat_55_fafafa_40x100.png HTTP/1.1" 404 1097
190.95.1.183 - - [28/Jul/2025:11:16:38 -0300] "GET /cormun/static/Shared/jqueryui/images/ui-icons_8d78a5_256x240.png HTTP/1.1" 404 1089
190.95.1.183 - - [28/Jul/2025:11:16:38 -0300] "POST /cormun/servlet/trsolicitudot?fcac9ea6874ff757edb1a5c1151aa43b,gx-no-cache=1753712366374 HTTP/1.1" 200 4325
190.95.1.187 - - [28/Jul/2025:11:16:44 -0300] "GET /cormun/servlet/trpermisosgoce? HTTP/1.1" 200 15572
201.186.225.249 - - [28/Jul/2025:11:16:46 -0300] "GET /cormun/servlet/solicitudot?09628f5c7c09b5b0d753ea0ce17540169772b59c51f58063ccaaab9f7f1c04622e90f636074c0b5fad7446929655dc5a6eaf27e0d8d92dd6361c47e47a2ac4b646221c708c7caac4a6eec375a094a2c0399a83d35be7548d1aa4a0ff286fb7c19f7266a85531493ad5e0aab6b3151a0e,gx-no-cache=1753712376042 HTTP/1.1" 200 110
190.95.1.187 - - [28/Jul/2025:11:16:46 -0300] "GET /cormun/servlet/trlicencias? HTTP/1.1" 200 11880
201.186.225.249 - - [28/Jul/2025:11:16:52 -0300] "POST /cormun/servlet/solicitudot?gx-no-cache=1753712381786 HTTP/1.1" 200 83
201.186.225.249 - - [28/Jul/2025:11:17:07 -0300] "GET /cormun/servlet/solicitudot?09628f5c7c09b5b0d753ea0ce175401655e2fc1e15c7e58ce36c1b07fb218178e4da6858e9b80d6d2e198d452944764449a65251adcf5032eec5b18911582224c8e8aea6fec1253e3a811c6a61bec9c65899e44027f93db6cc0e386ac2391c4f17c338f6380d44648726e4085a6c0f0d,gx-no-cache=1753712397440 HTTP/1.1" 200 29
201.186.225.249 - - [28/Jul/2025:11:17:07 -0300] "GET /cormun/static/menuarrow.gif HTTP/1.1" 404 1015
201.186.225.249 - - [28/Jul/2025:11:17:12 -0300] "GET /cormun/servlet/solicitudot?09628f5c7c09b5b0d753ea0ce1754016bf4597d5b295527164c04596b2e67f3de86740b6dfe347ae10e8dacdfc8c5703,gx-no-cache=1753712401999 HTTP/1.1" 200 30
190.95.67.91 - - [28/Jul/2025:11:17:30 -0300] "POST /cormun/servlet/trlicencias?9d6d078a9c68570d58601b2237a2602b,gx-no-cache=1753712418828 HTTP/1.1" 440 972
190.95.67.91 - - [28/Jul/2025:11:17:32 -0300] "GET /cormun/servlet/trlicencias HTTP/1.1" 200 6048
190.95.67.91 - - [28/Jul/2025:11:17:32 -0300] "GET /cormun/servlet/hlogin HTTP/1.1" 200 1735
201.186.225.249 - - [28/Jul/2025:11:17:35 -0300] "POST /cormun/servlet/solicitudot?gx-no-cache=1753712425248 HTTP/1.1" 200 30
201.186.225.249 - - [28/Jul/2025:11:17:36 -0300] "POST /cormun/servlet/solicitudot?b28aacc89eeb71de3034d526bbd9115a,INS,0,0,false,,gx-no-cache=1753712425279 HTTP/1.1" 200 93
201.186.225.249 - - [28/Jul/2025:11:17:36 -0300] "GET /cormun/servlet/hpexe_return? HTTP/1.1" 200 1007
201.186.225.249 - - [28/Jul/2025:11:17:36 -0300] "GET /cormun/static/gxcfg.js?20221129846035 HTTP/1.1" 200 953
201.186.225.249 - - [28/Jul/2025:11:17:36 -0300] "GET /cormun/static/hpexe_return.js?20221129846037 HTTP/1.1" 200 1633
201.186.225.249 - - [28/Jul/2025:11:17:36 -0300] "GET /cormun/servlet/trsolicitudot HTTP/1.1" 200 9179
190.95.67.91 - - [28/Jul/2025:11:17:43 -0300] "POST /cormun/servlet/hlogin?23a0964b4dadaf4ffc6009d6a260eb78,gx-no-cache=1753712431832 HTTP/1.1" 200 448
190.95.67.91 - - [28/Jul/2025:11:17:48 -0300] "POST /cormun/servlet/hlogin?23a0964b4dadaf4ffc6009d6a260eb78,gx-no-cache=1753712436638 HTTP/1.1" 200 90
190.95.67.91 - - [28/Jul/2025:11:17:48 -0300] "GET /cormun/servlet/hpexe_link HTTP/1.1" 200 954
190.95.67.91 - - [28/Jul/2025:11:17:48 -0300] "GET /cormun/servlet/trlicencias HTTP/1.1" 200 18176
190.95.67.99 - - [28/Jul/2025:11:18:52 -0300] "GET /cormun/servlet/trlicencias? HTTP/1.1" 200 9744
186.174.175.102 - - [28/Jul/2025:11:20:31 -0300] "GET /cormun/servlet/hlogin HTTP/1.1" 200 1715
186.174.175.102 - - [28/Jul/2025:11:20:31 -0300] "GET /cormun/servlet/hlogin HTTP/1.1" 200 1726
186.174.175.102 - - [28/Jul/2025:11:20:34 -0300] "POST /cormun/servlet/hlogin?cf186e5ca4eb48dc30a45eba84039f28,gx-no-cache=1753712602674 HTTP/1.1" 200 90
186.174.175.102 - - [28/Jul/2025:11:20:34 -0300] "GET /cormun/servlet/hpexe_link HTTP/1.1" 200 948
186.174.175.102 - - [28/Jul/2025:11:20:35 -0300] "GET /cormun/servlet/hhome HTTP/1.1" 200 3992
186.174.175.102 - - [28/Jul/2025:11:20:38 -0300] "GET /cormun/servlet/trlicencias? HTTP/1.1" 200 10851
201.186.225.249 - - [28/Jul/2025:11:22:13 -0300] "POST /cormun/servlet/trsolicitudot?b28aacc89eeb71de3034d526bbd9115a,gx-no-cache=1753712703179 HTTP/1.1" 200 106
201.186.225.249 - - [28/Jul/2025:11:22:13 -0300] "GET /cormun/servlet/trsolicitudadjuntos?2025,22812, HTTP/1.1" 200 6407
201.186.225.249 - - [28/Jul/2025:11:22:13 -0300] "GET /cormun/static/gxcfg.js?20201215574222 HTTP/1.1" 200 953
201.186.225.249 - - [28/Jul/2025:11:22:13 -0300] "GET /cormun/static/Resources/PXToolsGridNew.png HTTP/1.1" 200 427
201.186.225.249 - - [28/Jul/2025:11:22:13 -0300] "GET /cormun/static/trsolicitudadjuntos.js?20201215574932 HTTP/1.1" 200 17921
201.186.225.249 - - [28/Jul/2025:11:22:16 -0300] "GET /cormun/servlet/solicitudotadjuntos?INS,2025,22812,,1, HTTP/1.1" 200 6353
201.186.225.249 - - [28/Jul/2025:11:22:16 -0300] "GET /cormun/static/solicitudotadjuntos.js?202211298385196 HTTP/1.1" 200 11771
201.186.225.249 - - [28/Jul/2025:11:22:16 -0300] "GET /cormun/static/gxcfg.js?202211298385187 HTTP/1.1" 200 953
201.186.225.249 - - [28/Jul/2025:11:22:16 -0300] "GET /cormun/static/about:blank HTTP/1.1" 404 1011
201.186.225.249 - - [28/Jul/2025:11:22:17 -0300] "GET /cormun/servlet/solicitudotadjuntos?09628f5c7c09b5b0d753ea0ce1754016f50fa2281f13ab46ee7960260368ba3f314864de3eb8a20b18024c384e81d365,gx-no-cache=1753712707117 HTTP/1.1" 200 30
201.186.225.249 - - [28/Jul/2025:11:22:17 -0300] "POST /cormun/servlet/solicitudotadjuntos?b28aacc89eeb71de3034d526bbd9115a,INS,2025,22812,,1,,gx-no-cache=1753712707136 HTTP/1.1" 200 4158
201.186.225.249 - - [28/Jul/2025:11:22:19 -0300] "POST /cormun/servlet/solicitudotadjuntos?gx-no-cache=1753712708786 HTTP/1.1" 200 26
186.40.57.212 - - [28/Jul/2025:11:22:40 -0300] "GET /cormun/servlet/trlicencias? HTTP/1.1" 200 6050
186.40.57.212 - - [28/Jul/2025:11:22:41 -0300] "GET /cormun/servlet/hlogin HTTP/1.1" 200 1734
186.40.57.212 - - [28/Jul/2025:11:22:44 -0300] "POST /cormun/servlet/hlogin?0b8194a53a120fc469f8da2e241eef02,gx-no-cache=1753712731334 HTTP/1.1" 200 90
186.40.57.212 - - [28/Jul/2025:11:22:44 -0300] "GET /cormun/servlet/hpexe_link HTTP/1.1" 200 951
186.40.57.212 - - [28/Jul/2025:11:22:44 -0300] "GET /cormun/servlet/trlicencias HTTP/1.1" 200 8998
201.186.225.249 - - [28/Jul/2025:11:23:01 -0300] "GET /cormun/servlet/solicitudotadjuntos?09628f5c7c09b5b0d753ea0ce1754016e795bf8d41fd2b0a48ef104bdf8415a7,gx-no-cache=1753712750841 HTTP/1.1" 200 30
201.186.225.249 - - [28/Jul/2025:11:23:01 -0300] "GET /cormun/servlet/solicitudotadjuntos?09628f5c7c09b5b0d753ea0ce1754016e795bf8d41fd2b0a48ef104bdf8415a7,gx-no-cache=1753712750863 HTTP/1.1" 200 30
201.186.225.249 - - [28/Jul/2025:11:23:01 -0300] "POST /cormun/servlet/solicitudotadjuntos?b28aacc89eeb71de3034d526bbd9115a,INS,2025,22812,,1, HTTP/1.1" 200 6704
201.186.225.249 - - [28/Jul/2025:11:23:01 -0300] "GET /cormun/static/Shared/jqueryui/images/ui-bg_highlight-soft_100_c6c2c8_1x100.png HTTP/1.1" 404 1117
201.186.225.249 - - [28/Jul/2025:11:23:01 -0300] "GET /cormun/static/Shared/jqueryui/images/ui-icons_82798d_256x240.png HTTP/1.1" 404 1089
201.186.225.249 - - [28/Jul/2025:11:23:01 -0300] "GET /cormun/static/Shared/jqueryui/images/ui-bg_flat_55_994d53_40x100.png HTTP/1.1" 404 1097
201.186.225.249 - - [28/Jul/2025:11:23:01 -0300] "GET /cormun/static/Shared/jqueryui/images/ui-icons_ebccce_256x240.png HTTP/1.1" 404 1089
201.186.225.249 - - [28/Jul/2025:11:23:01 -0300] "GET /cormun/PrivateTempStorage/upload_00003414.jpg HTTP/1.1" 200 74540
186.40.57.212 - - [28/Jul/2025:11:25:57 -0300] "GET /cormun/static/menuarrow.gif HTTP/1.1" 404 1015
201.186.225.249 - - [28/Jul/2025:11:26:29 -0300] "POST /cormun/servlet/solicitudotadjuntos?b28aacc89eeb71de3034d526bbd9115a,INS,2025,22812,,1, HTTP/1.1" 200 116
201.186.225.249 - - [28/Jul/2025:11:26:29 -0300] "GET /cormun/servlet/hpexe_return? HTTP/1.1" 200 1024
201.186.225.249 - - [28/Jul/2025:11:26:29 -0300] "GET /cormun/servlet/trsolicitudadjuntos?2025,22812, HTTP/1.1" 200 6410
186.40.57.212 - - [28/Jul/2025:11:26:30 -0300] "GET /cormun/servlet/licenciaspermisos?INS,0,,, HTTP/1.1" 200 7514
186.40.57.212 - - [28/Jul/2025:11:26:30 -0300] "GET /cormun/static/gxcfg.js?202012153173 HTTP/1.1" 200 953
186.40.57.212 - - [28/Jul/2025:11:26:30 -0300] "GET /cormun/static/licenciaspermisos.js?2020121532136 HTTP/1.1" 200 38753
201.186.225.249 - - [28/Jul/2025:11:26:31 -0300] "GET /cormun/servlet/solicitudotadjuntos?INS,2025,22812,,1, HTTP/1.1" 200 6354
201.186.225.249 - - [28/Jul/2025:11:26:31 -0300] "GET /cormun/static/about:blank HTTP/1.1" 404 1011
201.186.225.249 - - [28/Jul/2025:11:26:32 -0300] "GET /cormun/servlet/solicitudotadjuntos?09628f5c7c09b5b0d753ea0ce1754016f50fa2281f13ab46ee7960260368ba3f314864de3eb8a20b18024c384e81d365,gx-no-cache=1753712962197 HTTP/1.1" 200 30
201.186.225.249 - - [28/Jul/2025:11:26:32 -0300] "POST /cormun/servlet/solicitudotadjuntos?b28aacc89eeb71de3034d526bbd9115a,INS,2025,22812,,1,,gx-no-cache=1753712962215 HTTP/1.1" 200 4161
201.186.225.249 - - [28/Jul/2025:11:26:34 -0300] "POST /cormun/servlet/solicitudotadjuntos?gx-no-cache=1753712963713 HTTP/1.1" 200 26
186.40.57.212 - - [28/Jul/2025:11:26:35 -0300] "GET /cormun/servlet/trlicencias HTTP/1.1" 200 8998
186.40.57.212 - - [28/Jul/2025:11:26:35 -0300] "GET /cormun/servlet/hlogin HTTP/1.1" 200 1734
186.40.57.212 - - [28/Jul/2025:11:26:37 -0300] "POST /cormun/servlet/hlogin?0b8194a53a120fc469f8da2e241eef02,gx-no-cache=1753712964302 HTTP/1.1" 200 445
201.186.225.249 - - [28/Jul/2025:11:26:38 -0300] "GET /cormun/servlet/solicitudotadjuntos?09628f5c7c09b5b0d753ea0ce1754016e795bf8d41fd2b0a48ef104bdf8415a7,gx-no-cache=1753712968543 HTTP/1.1" 200 30
201.186.225.249 - - [28/Jul/2025:11:26:38 -0300] "GET /cormun/servlet/solicitudotadjuntos?09628f5c7c09b5b0d753ea0ce1754016e795bf8d41fd2b0a48ef104bdf8415a7,gx-no-cache=1753712968557 HTTP/1.1" 200 30
201.186.225.249 - - [28/Jul/2025:11:26:39 -0300] "POST /cormun/servlet/solicitudotadjuntos?b28aacc89eeb71de3034d526bbd9115a,INS,2025,22812,,1, HTTP/1.1" 200 116
201.186.225.249 - - [28/Jul/2025:11:26:39 -0300] "GET /cormun/servlet/hpexe_return? HTTP/1.1" 200 1024
201.186.225.249 - - [28/Jul/2025:11:26:39 -0300] "GET /cormun/servlet/trsolicitudadjuntos?2025,22812, HTTP/1.1" 200 9522
186.40.57.212 - - [28/Jul/2025:11:26:39 -0300] "POST /cormun/servlet/hlogin?0b8194a53a120fc469f8da2e241eef02,gx-no-cache=1753712966565 HTTP/1.1" 200 90
186.40.57.212 - - [28/Jul/2025:11:26:39 -0300] "GET /cormun/servlet/hpexe_link HTTP/1.1" 200 951
186.40.57.212 - - [28/Jul/2025:11:26:39 -0300] "GET /cormun/servlet/trlicencias HTTP/1.1" 200 8998
201.186.225.249 - - [28/Jul/2025:11:26:41 -0300] "GET /cormun/servlet/solicitudotadjuntos?INS,2025,22812,,1, HTTP/1.1" 200 6354
201.186.225.249 - - [28/Jul/2025:11:26:41 -0300] "GET /cormun/static/about:blank HTTP/1.1" 404 1011
186.40.57.212 - - [28/Jul/2025:11:26:41 -0300] "GET /cormun/servlet/trpermisosgoce? HTTP/1.1" 200 13742
201.186.225.249 - - [28/Jul/2025:11:26:41 -0300] "GET /cormun/servlet/solicitudotadjuntos?09628f5c7c09b5b0d753ea0ce1754016f50fa2281f13ab46ee7960260368ba3f314864de3eb8a20b18024c384e81d365,gx-no-cache=1753712971674 HTTP/1.1" 200 30
201.186.225.249 - - [28/Jul/2025:11:26:42 -0300] "POST /cormun/servlet/solicitudotadjuntos?b28aacc89eeb71de3034d526bbd9115a,INS,2025,22812,,1,,gx-no-cache=1753712971692 HTTP/1.1" 200 4161
201.186.225.249 - - [28/Jul/2025:11:26:44 -0300] "POST /cormun/servlet/solicitudotadjuntos?gx-no-cache=1753712973904 HTTP/1.1" 200 26
201.186.225.249 - - [28/Jul/2025:11:26:47 -0300] "GET /cormun/servlet/solicitudotadjuntos?09628f5c7c09b5b0d753ea0ce1754016e795bf8d41fd2b0a48ef104bdf8415a7,gx-no-cache=1753712977656 HTTP/1.1" 200 30
201.186.225.249 - - [28/Jul/2025:11:26:47 -0300] "GET /cormun/servlet/solicitudotadjuntos?09628f5c7c09b5b0d753ea0ce1754016e795bf8d41fd2b0a48ef104bdf8415a7,gx-no-cache=1753712977669 HTTP/1.1" 200 30
201.186.225.249 - - [28/Jul/2025:11:26:48 -0300] "POST /cormun/servlet/solicitudotadjuntos?b28aacc89eeb71de3034d526bbd9115a,INS,2025,22812,,1, HTTP/1.1" 200 116
201.186.225.249 - - [28/Jul/2025:11:26:48 -0300] "GET /cormun/servlet/hpexe_return? HTTP/1.1" 200 1024
201.186.225.249 - - [28/Jul/2025:11:26:48 -0300] "GET /cormun/servlet/trsolicitudadjuntos?2025,22812, HTTP/1.1" 200 9752
201.186.225.249 - - [28/Jul/2025:11:26:49 -0300] "GET /cormun/servlet/solicitudotadjuntos?INS,2025,22812,,1, HTTP/1.1" 200 6354
201.186.225.249 - - [28/Jul/2025:11:26:49 -0300] "GET /cormun/static/about:blank HTTP/1.1" 404 1011
201.186.225.249 - - [28/Jul/2025:11:26:50 -0300] "GET /cormun/servlet/solicitudotadjuntos?09628f5c7c09b5b0d753ea0ce1754016f50fa2281f13ab46ee7960260368ba3f314864de3eb8a20b18024c384e81d365,gx-no-cache=1753712980218 HTTP/1.1" 200 30
201.186.225.249 - - [28/Jul/2025:11:26:50 -0300] "POST /cormun/servlet/solicitudotadjuntos?b28aacc89eeb71de3034d526bbd9115a,INS,2025,22812,,1,,gx-no-cache=1753712980234 HTTP/1.1" 200 4161
201.186.225.249 - - [28/Jul/2025:11:26:52 -0300] "POST /cormun/servlet/solicitudotadjuntos?gx-no-cache=1753712982368 HTTP/1.1" 200 26
201.186.225.249 - - [28/Jul/2025:11:27:07 -0300] "GET /cormun/servlet/solicitudotadjuntos?09628f5c7c09b5b0d753ea0ce1754016e795bf8d41fd2b0a48ef104bdf8415a7,gx-no-cache=1753712997656 HTTP/1.1" 200 30
201.186.225.249 - - [28/Jul/2025:11:27:07 -0300] "GET /cormun/servlet/solicitudotadjuntos?09628f5c7c09b5b0d753ea0ce1754016e795bf8d41fd2b0a48ef104bdf8415a7,gx-no-cache=1753712997671 HTTP/1.1" 200 30
201.186.225.249 - - [28/Jul/2025:11:27:08 -0300] "POST /cormun/servlet/solicitudotadjuntos?b28aacc89eeb71de3034d526bbd9115a,INS,2025,22812,,1, HTTP/1.1" 200 116
201.186.225.249 - - [28/Jul/2025:11:27:08 -0300] "GET /cormun/servlet/hpexe_return? HTTP/1.1" 200 1024
201.186.225.249 - - [28/Jul/2025:11:27:08 -0300] "GET /cormun/servlet/trsolicitudadjuntos?2025,22812, HTTP/1.1" 200 10074
201.186.225.249 - - [28/Jul/2025:11:27:10 -0300] "GET /cormun/servlet/solicitudotadjuntos?INS,2025,22812,,1, HTTP/1.1" 200 6354
201.186.225.249 - - [28/Jul/2025:11:27:10 -0300] "GET /cormun/static/about:blank HTTP/1.1" 404 1011
186.40.57.212 - - [28/Jul/2025:11:27:10 -0300] "GET /cormun/servlet/permisogoce?INS,0,,, HTTP/1.1" 200 6769
201.186.225.249 - - [28/Jul/2025:11:27:10 -0300] "GET /cormun/servlet/solicitudotadjuntos?09628f5c7c09b5b0d753ea0ce1754016f50fa2281f13ab46ee7960260368ba3f314864de3eb8a20b18024c384e81d365,gx-no-cache=1753713000557 HTTP/1.1" 200 30
201.186.225.249 - - [28/Jul/2025:11:27:10 -0300] "POST /cormun/servlet/solicitudotadjuntos?b28aacc89eeb71de3034d526bbd9115a,INS,2025,22812,,1,,gx-no-cache=1753713000574 HTTP/1.1" 200 4159
201.186.225.249 - - [28/Jul/2025:11:27:13 -0300] "POST /cormun/servlet/solicitudotadjuntos?gx-no-cache=1753713003216 HTTP/1.1" 200 26
201.186.225.249 - - [28/Jul/2025:11:27:17 -0300] "GET /cormun/servlet/solicitudotadjuntos?09628f5c7c09b5b0d753ea0ce1754016e795bf8d41fd2b0a48ef104bdf8415a7,gx-no-cache=1753713006920 HTTP/1.1" 200 30
201.186.225.249 - - [28/Jul/2025:11:27:17 -0300] "GET /cormun/servlet/solicitudotadjuntos?09628f5c7c09b5b0d753ea0ce1754016e795bf8d41fd2b0a48ef104bdf8415a7,gx-no-cache=1753713006932 HTTP/1.1" 200 30
201.186.225.249 - - [28/Jul/2025:11:27:17 -0300] "POST /cormun/servlet/solicitudotadjuntos?b28aacc89eeb71de3034d526bbd9115a,INS,2025,22812,,1, HTTP/1.1" 200 116
201.186.225.249 - - [28/Jul/2025:11:27:17 -0300] "GET /cormun/servlet/hpexe_return? HTTP/1.1" 200 1024
201.186.225.249 - - [28/Jul/2025:11:27:17 -0300] "GET /cormun/servlet/trsolicitudadjuntos?2025,22812, HTTP/1.1" 200 10324
201.186.225.249 - - [28/Jul/2025:11:27:19 -0300] "GET /cormun/servlet/solicitudotadjuntos?INS,2025,22812,,1, HTTP/1.1" 200 6354
201.186.225.249 - - [28/Jul/2025:11:27:19 -0300] "GET /cormun/static/about:blank HTTP/1.1" 404 1011
201.186.225.249 - - [28/Jul/2025:11:27:19 -0300] "GET /cormun/servlet/solicitudotadjuntos?09628f5c7c09b5b0d753ea0ce1754016f50fa2281f13ab46ee7960260368ba3f314864de3eb8a20b18024c384e81d365,gx-no-cache=1753713009631 HTTP/1.1" 200 30
201.186.225.249 - - [28/Jul/2025:11:27:19 -0300] "POST /cormun/servlet/solicitudotadjuntos?b28aacc89eeb71de3034d526bbd9115a,INS,2025,22812,,1,,gx-no-cache=1753713009647 HTTP/1.1" 200 4159
201.186.225.191 - - [28/Jul/2025:11:27:22 -0300] "GET /cormun/servlet/hlogin HTTP/1.1" 200 1722
186.40.57.212 - - [28/Jul/2025:11:27:23 -0300] "GET /cormun/servlet/permisogoce?efbe33b454fc8b0a37a26957bba3be221b8fae6601d37f012b05320034a47ef6c1738e3d80fb24b45eddf5f78ba6557db5ea3f147570869b5891ced7282ef1f6,gx-no-cache=1753713010497 HTTP/1.1" 200 92
201.186.225.249 - - [28/Jul/2025:11:27:24 -0300] "POST /cormun/servlet/solicitudotadjuntos?gx-no-cache=1753713014119 HTTP/1.1" 200 26
201.186.225.191 - - [28/Jul/2025:11:27:26 -0300] "GET /cormun/servlet/hlogin HTTP/1.1" 200 1733
201.186.225.249 - - [28/Jul/2025:11:27:28 -0300] "GET /cormun/servlet/solicitudotadjuntos?09628f5c7c09b5b0d753ea0ce1754016e795bf8d41fd2b0a48ef104bdf8415a7,gx-no-cache=1753713018056 HTTP/1.1" 200 30
201.186.225.249 - - [28/Jul/2025:11:27:28 -0300] "GET /cormun/servlet/solicitudotadjuntos?09628f5c7c09b5b0d753ea0ce1754016e795bf8d41fd2b0a48ef104bdf8415a7,gx-no-cache=1753713018069 HTTP/1.1" 200 30
201.186.225.249 - - [28/Jul/2025:11:27:28 -0300] "POST /cormun/servlet/solicitudotadjuntos?b28aacc89eeb71de3034d526bbd9115a,INS,2025,22812,,1, HTTP/1.1" 200 116
201.186.225.249 - - [28/Jul/2025:11:27:28 -0300] "GET /cormun/servlet/hpexe_return? HTTP/1.1" 200 1024
201.186.225.249 - - [28/Jul/2025:11:27:28 -0300] "GET /cormun/servlet/trsolicitudadjuntos?2025,22812, HTTP/1.1" 200 10541
201.186.225.249 - - [28/Jul/2025:11:27:30 -0300] "GET /cormun/servlet/solicitudotadjuntos?INS,2025,22812,,1, HTTP/1.1" 200 6354
186.40.57.212 - - [28/Jul/2025:11:27:30 -0300] "GET /cormun/servlet/permisogoce?efbe33b454fc8b0a37a26957bba3be220c9480af7ac76757415297136e835b9df6ba5d9932ecad2f2ad9e2c71823bc6af536ebefa453a2c64d6c0c670cfb90cd,gx-no-cache=1753713017734 HTTP/1.1" 200 48
201.186.225.249 - - [28/Jul/2025:11:27:30 -0300] "GET /cormun/static/about:blank HTTP/1.1" 404 1011
201.186.225.249 - - [28/Jul/2025:11:27:31 -0300] "GET /cormun/servlet/solicitudotadjuntos?09628f5c7c09b5b0d753ea0ce1754016f50fa2281f13ab46ee7960260368ba3f314864de3eb8a20b18024c384e81d365,gx-no-cache=1753713020847 HTTP/1.1" 200 30
201.186.225.249 - - [28/Jul/2025:11:27:31 -0300] "POST /cormun/servlet/solicitudotadjuntos?b28aacc89eeb71de3034d526bbd9115a,INS,2025,22812,,1,,gx-no-cache=1753713020894 HTTP/1.1" 200 4159
192.168.10.19 - - [28/Jul/2025:11:27:33 -0300] "GET /cormun/servlet/trsolicitudgral? HTTP/1.1" 200 13507
201.186.225.249 - - [28/Jul/2025:11:27:33 -0300] "POST /cormun/servlet/solicitudotadjuntos?gx-no-cache=1753713023248 HTTP/1.1" 200 26
186.40.57.212 - - [28/Jul/2025:11:27:34 -0300] "POST /cormun/servlet/permisogoce?0b8194a53a120fc469f8da2e241eef02,INS,0,,,,gx-no-cache=1753713021665 HTTP/1.1" 200 93
186.40.57.212 - - [28/Jul/2025:11:27:35 -0300] "GET /cormun/servlet/hpexe_return? HTTP/1.1" 200 1006
186.40.57.212 - - [28/Jul/2025:11:27:35 -0300] "GET /cormun/servlet/trpermisosgoce HTTP/1.1" 200 13916
201.186.225.191 - - [28/Jul/2025:11:27:35 -0300] "POST /cormun/servlet/hlogin?6b9709673e0304567e4b71a6ea94935c,gx-no-cache=1753713027767 HTTP/1.1" 200 90
201.186.225.191 - - [28/Jul/2025:11:27:35 -0300] "GET /cormun/servlet/hpexe_link HTTP/1.1" 200 954
201.186.225.191 - - [28/Jul/2025:11:27:36 -0300] "GET /cormun/servlet/hhome HTTP/1.1" 200 4194
186.40.57.212 - - [28/Jul/2025:11:27:37 -0300] "GET /cormun/servlet/apermisogoceprn?16124484,P,20250728103020,PU HTTP/1.1" 200 1669
192.168.10.19 - - [28/Jul/2025:11:27:39 -0300] "POST /cormun/servlet/trsolicitudgral?7f19b5b5c831dfe075396c32e5d33fa8,,gx-no-cache=1753713049075 HTTP/1.1" 200 9971
192.168.10.19 - - [28/Jul/2025:11:27:39 -0300] "GET /cormun/static/Shared/jqueryui/images/ui-bg_highlight-soft_100_c6c2c8_1x100.png HTTP/1.1" 404 1117
192.168.10.19 - - [28/Jul/2025:11:27:39 -0300] "GET /cormun/static/Shared/jqueryui/images/ui-icons_82798d_256x240.png HTTP/1.1" 404 1089
192.168.10.19 - - [28/Jul/2025:11:27:39 -0300] "GET /cormun/static/Shared/jqueryui/images/ui-bg_flat_55_fafafa_40x100.png HTTP/1.1" 404 1097
192.168.10.19 - - [28/Jul/2025:11:27:39 -0300] "GET /cormun/static/Shared/jqueryui/images/ui-icons_8d78a5_256x240.png HTTP/1.1" 404 1089
201.186.225.249 - - [28/Jul/2025:11:27:39 -0300] "GET /cormun/servlet/solicitudotadjuntos?09628f5c7c09b5b0d753ea0ce1754016e795bf8d41fd2b0a48ef104bdf8415a7,gx-no-cache=1753713029592 HTTP/1.1" 200 30
201.186.225.249 - - [28/Jul/2025:11:27:39 -0300] "GET /cormun/servlet/solicitudotadjuntos?09628f5c7c09b5b0d753ea0ce1754016e795bf8d41fd2b0a48ef104bdf8415a7,gx-no-cache=1753713029605 HTTP/1.1" 200 30
201.186.225.249 - - [28/Jul/2025:11:27:39 -0300] "POST /cormun/servlet/solicitudotadjuntos?b28aacc89eeb71de3034d526bbd9115a,INS,2025,22812,,1, HTTP/1.1" 200 116
201.186.225.249 - - [28/Jul/2025:11:27:40 -0300] "GET /cormun/servlet/hpexe_return? HTTP/1.1" 200 1024
201.186.225.249 - - [28/Jul/2025:11:27:40 -0300] "GET /cormun/servlet/trsolicitudadjuntos?2025,22812, HTTP/1.1" 200 10738
192.168.10.19 - - [28/Jul/2025:11:27:40 -0300] "GET /cormun/servlet/trautorizarot? HTTP/1.1" 200 9579
201.186.225.191 - - [28/Jul/2025:11:27:41 -0300] "GET /cormun/servlet/trlicencias? HTTP/1.1" 200 12212
201.186.225.249 - - [28/Jul/2025:11:27:43 -0300] "GET /cormun/servlet/trsolicitudot? HTTP/1.1" 200 9182
201.186.225.249 - - [28/Jul/2025:11:27:52 -0300] "POST /cormun/servlet/trsolicitudot?b28aacc89eeb71de3034d526bbd9115a,,gx-no-cache=1753713042506 HTTP/1.1" 200 6266
201.186.225.249 - - [28/Jul/2025:11:27:52 -0300] "GET /cormun/static/Shared/jqueryui/images/ui-bg_flat_55_fafafa_40x100.png HTTP/1.1" 404 1097
201.186.225.249 - - [28/Jul/2025:11:27:52 -0300] "GET /cormun/static/Shared/jqueryui/images/ui-icons_8d78a5_256x240.png HTTP/1.1" 404 1089
201.186.225.249 - - [28/Jul/2025:11:27:52 -0300] "POST /cormun/servlet/trsolicitudot?b28aacc89eeb71de3034d526bbd9115a,,gx-no-cache=1753713042640 HTTP/1.1" 200 6210
201.186.225.249 - - [28/Jul/2025:11:27:56 -0300] "GET /cormun/servlet/trautorizarsolicitud? HTTP/1.1" 200 8794
201.186.225.249 - - [28/Jul/2025:11:27:56 -0300] "GET /cormun/static/gxcfg.js?202211298474254 HTTP/1.1" 200 953
201.186.225.249 - - [28/Jul/2025:11:27:56 -0300] "GET /cormun/static/trautorizarsolicitud.js?202211298474588 HTTP/1.1" 200 53909
201.186.225.249 - - [28/Jul/2025:11:28:00 -0300] "POST /cormun/servlet/trautorizarsolicitud?b28aacc89eeb71de3034d526bbd9115a,,gx-no-cache=1753713050354 HTTP/1.1" 200 4791
201.186.225.249 - - [28/Jul/2025:11:28:00 -0300] "POST /cormun/servlet/trautorizarsolicitud?b28aacc89eeb71de3034d526bbd9115a,,gx-no-cache=1753713050465 HTTP/1.1" 200 4552
201.186.225.249 - - [28/Jul/2025:11:28:20 -0300] "GET /cormun/servlet/trautorizarsolicitud? HTTP/1.1" 200 7418
201.186.225.249 - - [28/Jul/2025:11:28:22 -0300] "GET /cormun/servlet/trsolicitudot? HTTP/1.1" 200 9177
192.168.10.19 - - [28/Jul/2025:11:28:25 -0300] "POST /cormun/servlet/trautorizarot?7f19b5b5c831dfe075396c32e5d33fa8,,gx-no-cache=1753713094944 HTTP/1.1" 200 5348
192.168.10.19 - - [28/Jul/2025:11:28:26 -0300] "GET /cormun/servlet/trsolicitudgral? HTTP/1.1" 200 13474
201.186.225.249 - - [28/Jul/2025:11:28:36 -0300] "POST /cormun/servlet/trsolicitudot?b28aacc89eeb71de3034d526bbd9115a,,gx-no-cache=1753713086018 HTTP/1.1" 200 6205
201.186.225.249 - - [28/Jul/2025:11:28:37 -0300] "POST /cormun/servlet/trsolicitudot?b28aacc89eeb71de3034d526bbd9115a,,gx-no-cache=1753713087360 HTTP/1.1" 200 6206
201.186.225.249 - - [28/Jul/2025:11:28:38 -0300] "POST /cormun/servlet/trsolicitudot?b28aacc89eeb71de3034d526bbd9115a,,gx-no-cache=1753713087968 HTTP/1.1" 200 6207
201.186.225.249 - - [28/Jul/2025:11:28:38 -0300] "POST /cormun/servlet/trsolicitudot?b28aacc89eeb71de3034d526bbd9115a,,gx-no-cache=1753713088184 HTTP/1.1" 200 6206
201.186.225.249 - - [28/Jul/2025:11:28:38 -0300] "POST /cormun/servlet/trsolicitudot?b28aacc89eeb71de3034d526bbd9115a,,gx-no-cache=1753713088376 HTTP/1.1" 200 6208
