148.222.218.189 - - [28/Jul/2025:10:59:40 -0300] "GET /cormun/static/hpexe_messagepopupcomponent.js?2020121447232 HTTP/1.1" 200 605
148.222.218.189 - - [28/Jul/2025:10:59:40 -0300] "GET /cormun/static/hpexe_messagegenexuscomponent.js?20221129836373 HTTP/1.1" 200 587
148.222.218.189 - - [28/Jul/2025:10:59:40 -0300] "GET /cormun/static/cmcontrolpreferences.js?20199141926336 HTTP/1.1" 200 1375
148.222.218.189 - - [28/Jul/2025:10:59:41 -0300] "GET /cormun/static/Shared/jquery/jquery-1.10.2.min.js HTTP/1.1" 200 273199
148.222.218.189 - - [28/Jul/2025:10:59:41 -0300] "GET /cormun/static/Shared/jquery/jquery-1.4.2.min.js HTTP/1.1" 200 72174
148.222.218.189 - - [28/Jul/2025:10:59:41 -0300] "GET /cormun/static/SmoothNavMenu/resources/ddsmoothmenu.js HTTP/1.1" 200 12712
148.222.218.189 - - [28/Jul/2025:10:59:41 -0300] "GET /cormun/static/SmoothNavMenu/resources/SmoothNavMenuRender.js HTTP/1.1" 200 5951
148.222.218.189 - - [28/Jul/2025:10:59:41 -0300] "GET /cormun/static/scaMessage/js/jquery.pnotify.min.js HTTP/1.1" 200 13038
148.222.218.189 - - [28/Jul/2025:10:59:41 -0300] "GET /cormun/static/Shared/ext/ext-all.js HTTP/1.1" 200 1289687
148.222.218.189 - - [28/Jul/2025:10:59:41 -0300] "GET /cormun/static/scaMessage/scaMessageRender.js HTTP/1.1" 200 11977
148.222.218.189 - - [28/Jul/2025:10:59:41 -0300] "GET /cormun/static/hmpwkw03.js?20221129844354 HTTP/1.1" 200 3971
148.222.218.189 - - [28/Jul/2025:10:59:41 -0300] "GET /cormun/static/Shared/jqueryui/jquery-ui.min.js HTTP/1.1" 200 240427
148.222.218.189 - - [28/Jul/2025:10:59:41 -0300] "GET /cormun/static/Resources/PXToolsDataSearch.png HTTP/1.1" 200 435
148.222.218.189 - - [28/Jul/2025:10:59:41 -0300] "GET /cormun/static/Resources/PXToolsGridFirstDisabled.gif HTTP/1.1" 200 100
148.222.218.189 - - [28/Jul/2025:10:59:41 -0300] "GET /cormun/static/Resources/PXToolsGridPreviousDisabled.gif HTTP/1.1" 200 90
148.222.218.189 - - [28/Jul/2025:10:59:42 -0300] "GET /cormun/static/Resources/PXToolsGridNextDisabled.gif HTTP/1.1" 200 90
148.222.218.189 - - [28/Jul/2025:10:59:42 -0300] "GET /cormun/static/Resources/PXToolsDataTitle.png HTTP/1.1" 200 1173
148.222.218.189 - - [28/Jul/2025:10:59:42 -0300] "GET /cormun/static/Resources/PXToolsGridLastDisabled.gif HTTP/1.1" 200 98
148.222.218.189 - - [28/Jul/2025:10:59:42 -0300] "GET /cormun/static/Resources/PXToolsGridPage.gif HTTP/1.1" 200 725
148.222.218.189 - - [28/Jul/2025:10:59:42 -0300] "GET /cormun/static/Resources/PXToolsActionExcel.png HTTP/1.1" 200 727
148.222.218.189 - - [28/Jul/2025:10:59:42 -0300] "GET /cormun/static/Resources/PXToolsAddAllAction.png HTTP/1.1" 200 495
148.222.218.189 - - [28/Jul/2025:10:59:42 -0300] "GET /cormun/static/Resources/asc.gif HTTP/1.1" 200 67
148.222.218.189 - - [28/Jul/2025:10:59:42 -0300] "GET /cormun/static/Resources/indicator.gif HTTP/1.1" 200 1553
148.222.218.189 - - [28/Jul/2025:10:59:42 -0300] "GET /cormun/static/Resources/desc.gif HTTP/1.1" 200 65
148.222.218.189 - - [28/Jul/2025:10:59:42 -0300] "GET /cormun/static/SmoothNavMenu/resources/images/down.gif HTTP/1.1" 200 854
148.222.218.189 - - [28/Jul/2025:10:59:42 -0300] "GET /cormun/static/SmoothNavMenu/resources/images/right.gif HTTP/1.1" 200 860
148.222.218.189 - - [28/Jul/2025:10:59:42 -0300] "GET /cormun/static/Shared/ext/resources/themes/images/default/panel/bg-headersPanel.png HTTP/1.1" 200 255
148.222.218.189 - - [28/Jul/2025:10:59:42 -0300] "GET /cormun/static/Shared/ext/resources/themes/images/default/tools/tool-sprites.gif HTTP/1.1" 200 5434
148.222.218.189 - - [28/Jul/2025:10:59:45 -0300] "GET /cormun/servlet/trlicencias? HTTP/1.1" 200 7100
190.95.1.187 - - [28/Jul/2025:10:59:52 -0300] "GET /cormun/servlet/permisogoce?INS,0,,, HTTP/1.1" 200 6886
148.222.218.189 - - [28/Jul/2025:11:00:08 -0300] "POST /cormun/servlet/trlicencias?b407e62d3fe774a0a917ba9375b9af8d,,gx-no-cache=1753711377059 HTTP/1.1" 200 4172
190.95.1.187 - - [28/Jul/2025:11:00:09 -0300] "GET /cormun/servlet/permisogoce?2bc298f1202fe557fb9bdb4a916bc4b15b9dda24f5834d6703795d3c35edbfff246c7b5af24532833ed5c4fae43ae2db41ce280666eb6904d7fd8ec1e856a0c2,gx-no-cache=1753711377577 HTTP/1.1" 200 77
190.95.1.187 - - [28/Jul/2025:11:00:18 -0300] "GET /cormun/servlet/permisogoce?2bc298f1202fe557fb9bdb4a916bc4b1048e396124b69a7f7d1a3761bf138861a7c6d898b58950d3c5b5476f1e29b8639cd302b9740fa57ac4dc73774c7383ce,gx-no-cache=1753711386026 HTTP/1.1" 200 47
190.95.1.187 - - [28/Jul/2025:11:00:21 -0300] "POST /cormun/servlet/permisogoce?e743069d6b21b6c485a0b362ea613295,INS,0,,,,gx-no-cache=1753711388666 HTTP/1.1" 200 93
190.95.1.187 - - [28/Jul/2025:11:00:21 -0300] "GET /cormun/servlet/hpexe_return? HTTP/1.1" 200 1010
190.95.1.187 - - [28/Jul/2025:11:00:21 -0300] "GET /cormun/servlet/trpermisosgoce HTTP/1.1" 200 14922
190.95.1.183 - - [28/Jul/2025:11:00:23 -0300] "GET /cormun/servlet/trlicencias? HTTP/1.1" 200 6059
190.95.1.183 - - [28/Jul/2025:11:00:24 -0300] "GET /cormun/servlet/hlogin HTTP/1.1" 200 1742
190.95.1.183 - - [28/Jul/2025:11:00:29 -0300] "POST /cormun/servlet/hlogin?fcac9ea6874ff757edb1a5c1151aa43b,gx-no-cache=1753711397753 HTTP/1.1" 200 90
190.95.1.183 - - [28/Jul/2025:11:00:29 -0300] "GET /cormun/servlet/hpexe_link HTTP/1.1" 200 960
190.95.1.183 - - [28/Jul/2025:11:00:30 -0300] "GET /cormun/servlet/trlicencias HTTP/1.1" 200 12576
190.95.1.183 - - [28/Jul/2025:11:00:36 -0300] "GET /cormun/static/menuarrow.gif HTTP/1.1" 404 1015
190.95.1.183 - - [28/Jul/2025:11:00:40 -0300] "POST /cormun/servlet/trlicencias?fcac9ea6874ff757edb1a5c1151aa43b,gx-no-cache=1753711408235 HTTP/1.1" 200 17894
190.95.1.183 - - [28/Jul/2025:11:00:40 -0300] "GET /cormun/static/Resources/PXToolsGridNext.gif HTTP/1.1" 200 369
190.95.1.183 - - [28/Jul/2025:11:00:40 -0300] "GET /cormun/static/Resources/PXToolsGridLast.gif HTTP/1.1" 200 370
148.222.218.189 - - [28/Jul/2025:11:00:43 -0300] "GET /cormun/servlet/trpermisosgoce? HTTP/1.1" 200 8115
148.222.218.189 - - [28/Jul/2025:11:00:43 -0300] "GET /cormun/static/gxcfg.js?2020121631564 HTTP/1.1" 200 953
148.222.218.189 - - [28/Jul/2025:11:00:44 -0300] "GET /cormun/static/trpermisosgoce.js?2020121633681 HTTP/1.1" 200 35904
148.222.218.189 - - [28/Jul/2025:11:00:44 -0300] "GET /cormun/static/Resources/Spanish/PXTools.css?14345360 HTTP/1.1" 200 100853
148.222.218.189 - - [28/Jul/2025:11:00:44 -0300] "GET /cormun//static/Resources/PXToolsActionDisabled.gif HTTP/1.1" 200 53
148.222.218.189 - - [28/Jul/2025:11:00:44 -0300] "GET /cormun//static/Resources/PXToolsActionPrint.png HTTP/1.1" 200 404
148.222.218.189 - - [28/Jul/2025:11:00:44 -0300] "GET /cormun//static/Resources/PXToolsGridDisplay.png HTTP/1.1" 200 525
148.222.218.189 - - [28/Jul/2025:11:00:44 -0300] "GET /cormun//static/Resources/PXTools/ActionInsert.png HTTP/1.1" 200 1482
148.222.218.189 - - [28/Jul/2025:11:00:44 -0300] "GET /cormun//static/Resources/PXToolsHeaderHelp.png HTTP/1.1" 200 1333
148.222.218.189 - - [28/Jul/2025:11:00:44 -0300] "GET /cormun//static/Resources/PXToolsGridDelete.png HTTP/1.1" 200 538
148.222.218.189 - - [28/Jul/2025:11:00:44 -0300] "GET /cormun//static/Resources/PXToolsHeaderFavorites.png HTTP/1.1" 200 1414
148.222.218.189 - - [28/Jul/2025:11:00:46 -0300] "GET /cormun/static/menuarrow.gif HTTP/1.1" 404 1015
190.95.1.183 - - [28/Jul/2025:11:00:53 -0300] "POST /cormun/servlet/trlicencias?fcac9ea6874ff757edb1a5c1151aa43b,gx-no-cache=1753711421770 HTTP/1.1" 200 5470
190.95.1.183 - - [28/Jul/2025:11:00:57 -0300] "GET /cormun/servlet/licenciaspermisos?DSP,12293676,L,20250627000000, HTTP/1.1" 200 7118
148.222.218.189 - - [28/Jul/2025:11:00:57 -0300] "POST /cormun/servlet/trpermisosgoce?b407e62d3fe774a0a917ba9375b9af8d,,gx-no-cache=1753711426353 HTTP/1.1" 200 4471
190.95.1.187 - - [28/Jul/2025:11:00:59 -0300] "GET /cormun/servlet/permisogoce?INS,0,,, HTTP/1.1" 200 6885
148.222.218.189 - - [28/Jul/2025:11:00:59 -0300] "POST /cormun/servlet/trpermisosgoce?b407e62d3fe774a0a917ba9375b9af8d,,gx-no-cache=1753711428360 HTTP/1.1" 200 4472
190.95.1.187 - - [28/Jul/2025:11:01:04 -0300] "GET /cormun/servlet/permisogoce?2bc298f1202fe557fb9bdb4a916bc4b17a8eed838c6e55461c541755c6520240246c7b5af24532833ed5c4fae43ae2db41ce280666eb6904d7fd8ec1e856a0c2,gx-no-cache=1753711431809 HTTP/1.1" 200 78
190.95.1.187 - - [28/Jul/2025:11:01:11 -0300] "GET /cormun/servlet/permisogoce?2bc298f1202fe557fb9bdb4a916bc4b17053356d9c3663c12649a6a39ddf05114960727ec07964f53779f51c2cae30399cd302b9740fa57ac4dc73774c7383ce,gx-no-cache=1753711439706 HTTP/1.1" 200 47
190.95.1.187 - - [28/Jul/2025:11:01:14 -0300] "POST /cormun/servlet/permisogoce?e743069d6b21b6c485a0b362ea613295,INS,0,,,,gx-no-cache=1753711442139 HTTP/1.1" 200 93
190.95.1.187 - - [28/Jul/2025:11:01:14 -0300] "GET /cormun/servlet/hpexe_return? HTTP/1.1" 200 1010
190.95.1.187 - - [28/Jul/2025:11:01:14 -0300] "GET /cormun/servlet/trpermisosgoce HTTP/1.1" 200 15107
190.95.1.187 - - [28/Jul/2025:11:01:29 -0300] "GET /cormun/servlet/permisogoce?INS,0,,, HTTP/1.1" 200 6885
190.95.1.187 - - [28/Jul/2025:11:01:34 -0300] "GET /cormun/servlet/permisogoce?2bc298f1202fe557fb9bdb4a916bc4b15bd2595ad56844f2b8ccc4d0ceb75fd8246c7b5af24532833ed5c4fae43ae2db41ce280666eb6904d7fd8ec1e856a0c2,gx-no-cache=1753711462113 HTTP/1.1" 200 78
190.95.15.15 - - [28/Jul/2025:11:01:39 -0300] "GET /cormun/servlet/trlicencias? HTTP/1.1" 200 6050
190.95.15.15 - - [28/Jul/2025:11:01:39 -0300] "GET /cormun/servlet/hlogin HTTP/1.1" 200 1735
190.95.1.187 - - [28/Jul/2025:11:01:43 -0300] "GET /cormun/servlet/permisogoce?2bc298f1202fe557fb9bdb4a916bc4b11d1a9e23309fcd8e25232ead02a91d9c51f8f43152037958ba8635ac357efaae9cd302b9740fa57ac4dc73774c7383ce,gx-no-cache=1753711470922 HTTP/1.1" 200 47
190.95.15.15 - - [28/Jul/2025:11:01:46 -0300] "POST /cormun/servlet/hlogin?1a6835615b9a947494654af7fdb4d3d4,gx-no-cache=1753711473996 HTTP/1.1" 200 90
190.95.1.187 - - [28/Jul/2025:11:01:46 -0300] "POST /cormun/servlet/permisogoce?e743069d6b21b6c485a0b362ea613295,INS,0,,,,gx-no-cache=1753711473549 HTTP/1.1" 200 93
190.95.15.15 - - [28/Jul/2025:11:01:46 -0300] "GET /cormun/servlet/hpexe_link HTTP/1.1" 200 952
190.95.1.187 - - [28/Jul/2025:11:01:46 -0300] "GET /cormun/servlet/hpexe_return? HTTP/1.1" 200 1010
190.95.15.15 - - [28/Jul/2025:11:01:46 -0300] "GET /cormun/servlet/trlicencias HTTP/1.1" 200 12702
190.95.1.187 - - [28/Jul/2025:11:01:46 -0300] "GET /cormun/servlet/trpermisosgoce HTTP/1.1" 200 15325
190.95.15.15 - - [28/Jul/2025:11:01:50 -0300] "GET /cormun/servlet/trlicencias? HTTP/1.1" 200 12700
190.95.1.187 - - [28/Jul/2025:11:01:57 -0300] "GET /cormun/servlet/permisogoce?INS,0,,, HTTP/1.1" 200 6885
190.95.15.15 - - [28/Jul/2025:11:02:01 -0300] "GET /cormun/servlet/licenciaspermisos?DSP,11671928,L,20250728000000, HTTP/1.1" 200 7075
190.95.1.187 - - [28/Jul/2025:11:02:02 -0300] "GET /cormun/servlet/permisogoce?2bc298f1202fe557fb9bdb4a916bc4b144f2deef79b4d885384e19e32692d270246c7b5af24532833ed5c4fae43ae2db41ce280666eb6904d7fd8ec1e856a0c2,gx-no-cache=1753711490010 HTTP/1.1" 200 79
190.95.15.15 - - [28/Jul/2025:11:02:04 -0300] "POST /cormun/servlet/licenciaspermisos?1a6835615b9a947494654af7fdb4d3d4,DSP,11671928,L,20250728000000,,gx-no-cache=1753711492229 HTTP/1.1" 200 93
190.95.15.15 - - [28/Jul/2025:11:02:04 -0300] "GET /cormun/servlet/hpexe_return? HTTP/1.1" 200 1023
190.95.15.15 - - [28/Jul/2025:11:02:04 -0300] "GET /cormun/servlet/trlicencias HTTP/1.1" 200 12704
190.95.1.187 - - [28/Jul/2025:11:02:11 -0300] "GET /cormun/servlet/permisogoce?2bc298f1202fe557fb9bdb4a916bc4b16a52c8a396ade45e8364c0240120a7ad2968114cd3e2a1d88413530d9e0c83279cd302b9740fa57ac4dc73774c7383ce,gx-no-cache=1753711499410 HTTP/1.1" 200 47
190.95.1.187 - - [28/Jul/2025:11:02:15 -0300] "POST /cormun/servlet/permisogoce?e743069d6b21b6c485a0b362ea613295,INS,0,,,,gx-no-cache=1753711502386 HTTP/1.1" 200 93
190.95.1.187 - - [28/Jul/2025:11:02:15 -0300] "GET /cormun/servlet/hpexe_return? HTTP/1.1" 200 1010
190.95.1.187 - - [28/Jul/2025:11:02:15 -0300] "GET /cormun/servlet/trpermisosgoce HTTP/1.1" 200 15505
148.222.218.189 - - [28/Jul/2025:11:02:27 -0300] "GET /cormun/servlet/trlicencias? HTTP/1.1" 200 7101
148.222.218.189 - - [28/Jul/2025:11:02:40 -0300] "POST /cormun/servlet/trlicencias?b407e62d3fe774a0a917ba9375b9af8d,,gx-no-cache=1753711529087 HTTP/1.1" 200 6095
148.222.218.189 - - [28/Jul/2025:11:02:40 -0300] "GET /cormun//static/Resources/PXToolsActionDisabled.gif HTTP/1.1" 200 53
148.222.218.189 - - [28/Jul/2025:11:02:40 -0300] "GET /cormun//static/Resources/PXToolsGridDisplay.png HTTP/1.1" 200 525
148.222.218.189 - - [28/Jul/2025:11:02:40 -0300] "GET /cormun//static/Resources/PXTools/ActionInsert.png HTTP/1.1" 200 1482
148.222.218.189 - - [28/Jul/2025:11:02:40 -0300] "GET /cormun//static/Resources/PXToolsHeaderHelp.png HTTP/1.1" 200 1333
148.222.218.189 - - [28/Jul/2025:11:02:40 -0300] "GET /cormun//static/Resources/PXToolsHeaderFavorites.png HTTP/1.1" 200 1414
148.222.218.189 - - [28/Jul/2025:11:02:40 -0300] "GET /cormun//static/Resources/PXToolsActionPrint.png HTTP/1.1" 200 404
186.175.72.198 - - [28/Jul/2025:11:02:51 -0300] "GET /cormun/servlet/hlogin HTTP/1.1" 200 1717
190.95.1.187 - - [28/Jul/2025:11:02:51 -0300] "GET /cormun/servlet/trlicencias? HTTP/1.1" 200 11880
186.175.72.198 - - [28/Jul/2025:11:02:51 -0300] "GET /cormun/static/gxtimezone.js?85251 HTTP/1.1" 200 5781
186.175.72.198 - - [28/Jul/2025:11:02:52 -0300] "GET /cormun/static/gxcfg.js?2022112219184450 HTTP/1.1" 200 953
186.175.72.198 - - [28/Jul/2025:11:02:52 -0300] "GET /cormun/static/Resources/Spanish/PXTools.css?1759030 HTTP/1.1" 200 100853
186.175.72.198 - - [28/Jul/2025:11:02:52 -0300] "GET /cormun/static/Resources/CormunLogin.png HTTP/1.1" 200 19132
186.175.72.198 - - [28/Jul/2025:11:02:52 -0300] "GET /cormun/static/messages.spa.js?85251 HTTP/1.1" 200 30736
186.175.72.198 - - [28/Jul/2025:11:02:52 -0300] "GET /cormun/static/hlogin.js?2022112219184458 HTTP/1.1" 200 2156
186.175.72.198 - - [28/Jul/2025:11:02:53 -0300] "GET /cormun/static/gxgral.js?85251 HTTP/1.1" 200 384558
186.175.72.198 - - [28/Jul/2025:11:02:54 -0300] "GET /cormun/static/Resources/PXToolsLoginTop.png HTTP/1.1" 200 1337
186.175.72.198 - - [28/Jul/2025:11:02:54 -0300] "GET /cormun/static/Resources/PXToolsLoginBackground.png HTTP/1.1" 200 1164
186.175.72.198 - - [28/Jul/2025:11:02:54 -0300] "GET /cormun/static/Resources/PXToolsButtonLeft.png HTTP/1.1" 200 1310
186.175.72.198 - - [28/Jul/2025:11:02:54 -0300] "GET /cormun/static/Resources/PXToolsButtonRight.png HTTP/1.1" 200 1294
186.175.72.198 - - [28/Jul/2025:11:02:54 -0300] "GET /cormun/static/Resources/PXToolsButtonBackground.png HTTP/1.1" 200 1176
186.175.72.198 - - [28/Jul/2025:11:02:54 -0300] "GET /cormun/static/Resources/PXToolsLoginBottom.png HTTP/1.1" 200 1389
186.175.72.198 - - [28/Jul/2025:11:02:54 -0300] "GET /cormun/servlet/hlogin HTTP/1.1" 200 1727
186.175.72.198 - - [28/Jul/2025:11:02:54 -0300] "GET /cormun/static/Resources/indicator.gif HTTP/1.1" 200 1553
186.175.72.198 - - [28/Jul/2025:11:02:54 -0300] "GET /cormun/static/Resources/indicator.gif HTTP/1.1" 200 1553
186.175.72.198 - - [28/Jul/2025:11:02:54 -0300] "GET /favicon.ico HTTP/1.1" 200 21630
190.95.1.187 - - [28/Jul/2025:11:02:57 -0300] "GET /cormun/servlet/trpermisosgoce? HTTP/1.1" 200 15501
148.222.218.189 - - [28/Jul/2025:11:03:30 -0300] "GET /cormun/servlet/trpermisosgoce? HTTP/1.1" 200 10065
148.222.218.189 - - [28/Jul/2025:11:03:31 -0300] "GET /cormun//static/Resources/PXToolsGridDelete.png HTTP/1.1" 200 538
148.222.218.189 - - [28/Jul/2025:11:03:43 -0300] "POST /cormun/servlet/trpermisosgoce?b407e62d3fe774a0a917ba9375b9af8d,,gx-no-cache=1753711591929 HTTP/1.1" 200 5829
190.95.1.187 - - [28/Jul/2025:11:03:52 -0300] "POST /cormun/servlet/trpermisosgoce?e743069d6b21b6c485a0b362ea613295,,gx-no-cache=1753711599972 HTTP/1.1" 200 12763
190.95.1.187 - - [28/Jul/2025:11:03:52 -0300] "GET /cormun/static/Shared/jqueryui/images/ui-bg_flat_55_fafafa_40x100.png HTTP/1.1" 404 1097
190.95.1.187 - - [28/Jul/2025:11:03:52 -0300] "GET /cormun/static/Shared/jqueryui/images/ui-icons_8d78a5_256x240.png HTTP/1.1" 404 1089
190.95.1.187 - - [28/Jul/2025:11:03:55 -0300] "GET /cormun/servlet/trpermisosadjuntos?10669260,20250728100506,P, HTTP/1.1" 200 6340
190.95.1.187 - - [28/Jul/2025:11:03:55 -0300] "GET /cormun/static/gxcfg.js?2020121641683 HTTP/1.1" 200 953
190.95.1.187 - - [28/Jul/2025:11:03:55 -0300] "GET /cormun/static/trpermisosadjuntos.js?2020121642996 HTTP/1.1" 200 20158
190.95.1.187 - - [28/Jul/2025:11:03:58 -0300] "GET /cormun/servlet/permisosadjuntos?INS,10669260,P,20250728100506,, HTTP/1.1" 200 5657
190.95.1.187 - - [28/Jul/2025:11:03:58 -0300] "GET /cormun/static/permisosadjuntos.js?20201215134285 HTTP/1.1" 200 8724
190.95.1.187 - - [28/Jul/2025:11:03:58 -0300] "GET /cormun/static/gxcfg.js?20201215134212 HTTP/1.1" 200 953
190.95.1.187 - - [28/Jul/2025:11:03:58 -0300] "GET /cormun/static/about:blank HTTP/1.1" 404 1011
193.46.255.153 - - [28/Jul/2025:11:04:14 -0300] "GET / HTTP/1.1" 200 11217
190.95.1.187 - - [28/Jul/2025:11:04:23 -0300] "POST /cormun/servlet/permisosadjuntos?e743069d6b21b6c485a0b362ea613295,INS,10669260,P,20250728100506,, HTTP/1.1" 200 116
190.95.1.187 - - [28/Jul/2025:11:04:23 -0300] "GET /cormun/servlet/hpexe_return? HTTP/1.1" 200 1038
190.95.1.187 - - [28/Jul/2025:11:04:23 -0300] "GET /cormun/servlet/trpermisosadjuntos?10669260,20250728100506,P, HTTP/1.1" 200 6837
190.95.1.187 - - [28/Jul/2025:11:04:26 -0300] "POST /cormun/servlet/trpermisosadjuntos?e743069d6b21b6c485a0b362ea613295,10669260,20250728100506,P,,gx-no-cache=1753711634455 HTTP/1.1" 200 90
190.95.1.187 - - [28/Jul/2025:11:04:26 -0300] "GET /cormun/servlet/hpexe_link HTTP/1.1" 200 985
190.95.1.187 - - [28/Jul/2025:11:04:26 -0300] "GET /cormun/servlet/trpermisosgoce? HTTP/1.1" 200 15502
190.95.1.187 - - [28/Jul/2025:11:04:29 -0300] "POST /cormun/servlet/trpermisosgoce?e743069d6b21b6c485a0b362ea613295,,gx-no-cache=1753711637148 HTTP/1.1" 200 12758
190.95.1.187 - - [28/Jul/2025:11:04:50 -0300] "GET /cormun/servlet/trpermisosadjuntos?18044023,20250728095512,P, HTTP/1.1" 200 6344
190.95.1.187 - - [28/Jul/2025:11:04:52 -0300] "GET /cormun/servlet/permisosadjuntos?INS,18044023,P,20250728095512,, HTTP/1.1" 200 5663
190.95.1.187 - - [28/Jul/2025:11:04:53 -0300] "GET /cormun/static/about:blank HTTP/1.1" 404 1011
190.95.1.187 - - [28/Jul/2025:11:05:12 -0300] "POST /cormun/servlet/permisosadjuntos?e743069d6b21b6c485a0b362ea613295,INS,18044023,P,20250728095512,, HTTP/1.1" 200 116
190.95.1.187 - - [28/Jul/2025:11:05:12 -0300] "GET /cormun/servlet/hpexe_return? HTTP/1.1" 200 1038
190.95.1.187 - - [28/Jul/2025:11:05:12 -0300] "GET /cormun/servlet/trpermisosadjuntos?18044023,20250728095512,P, HTTP/1.1" 200 6852
190.95.1.187 - - [28/Jul/2025:11:05:15 -0300] "POST /cormun/servlet/trpermisosadjuntos?e743069d6b21b6c485a0b362ea613295,18044023,20250728095512,P,,gx-no-cache=1753711683269 HTTP/1.1" 200 90
190.95.1.187 - - [28/Jul/2025:11:05:15 -0300] "GET /cormun/servlet/hpexe_link HTTP/1.1" 200 984
190.95.1.187 - - [28/Jul/2025:11:05:15 -0300] "GET /cormun/servlet/trpermisosgoce? HTTP/1.1" 200 15498
190.95.1.187 - - [28/Jul/2025:11:05:18 -0300] "POST /cormun/servlet/trpermisosgoce?e743069d6b21b6c485a0b362ea613295,,gx-no-cache=1753711685728 HTTP/1.1" 200 12753
190.95.1.187 - - [28/Jul/2025:11:05:26 -0300] "GET /cormun/servlet/trpermisosadjuntos?17652488,20250728095612,P, HTTP/1.1" 200 6344
190.95.1.187 - - [28/Jul/2025:11:05:27 -0300] "GET /cormun/servlet/permisosadjuntos?INS,17652488,P,20250728095612,, HTTP/1.1" 200 5662
190.95.1.187 - - [28/Jul/2025:11:05:28 -0300] "GET /cormun/static/about:blank HTTP/1.1" 404 1011
201.219.233.234 - - [28/Jul/2025:11:05:53 -0300] "GET /cormun/servlet/hlogin HTTP/1.1" 200 1766
201.219.233.234 - - [28/Jul/2025:11:05:53 -0300] "GET /cormun/static/gxtimezone.js?85251 HTTP/1.1" 200 5781
201.219.233.234 - - [28/Jul/2025:11:05:54 -0300] "GET /cormun/static/gxtypesSD.js?85251 HTTP/1.1" 200 24551
201.219.233.234 - - [28/Jul/2025:11:05:54 -0300] "GET /cormun/static/gxhtmlSD.js?85251 HTTP/1.1" 200 50424
201.219.233.234 - - [28/Jul/2025:11:05:54 -0300] "GET /cormun/static/gxfxSD.js?85251 HTTP/1.1" 200 15384
201.219.233.234 - - [28/Jul/2025:11:05:54 -0300] "GET /cormun/static/gxpopupSD.js?85251 HTTP/1.1" 200 22377
201.219.233.234 - - [28/Jul/2025:11:05:54 -0300] "GET /cormun/static/gxfrmutlSD.js?85251 HTTP/1.1" 200 89044
201.219.233.234 - - [28/Jul/2025:11:05:54 -0300] "GET /cormun/static/JavaScripTableSD.js?85251 HTTP/1.1" 200 25100
201.219.233.234 - - [28/Jul/2025:11:05:54 -0300] "GET /cormun/static/rijndaelSD.js?85251 HTTP/1.1" 200 6763
201.219.233.234 - - [28/Jul/2025:11:05:54 -0300] "GET /cormun/static/Resources/Spanish/PXTools.css?1759030 HTTP/1.1" 200 100853
201.219.233.234 - - [28/Jul/2025:11:05:54 -0300] "GET /cormun/static/gxgralSD.js?85251 HTTP/1.1" 200 20927
201.219.233.234 - - [28/Jul/2025:11:05:54 -0300] "GET /cormun/static/gxcfg.js?85251 HTTP/1.1" 200 953
201.219.233.234 - - [28/Jul/2025:11:05:54 -0300] "GET /cormun/static/messages.spa.js?85251 HTTP/1.1" 200 30736
201.219.233.234 - - [28/Jul/2025:11:05:54 -0300] "GET /cormun/static/gxgridSD.js?85251 HTTP/1.1" 200 50735
201.219.233.234 - - [28/Jul/2025:11:05:54 -0300] "GET /cormun/static/hlogin.js?2022112219184458 HTTP/1.1" 200 2156
201.219.233.234 - - [28/Jul/2025:11:05:54 -0300] "GET /cormun/static/Resources/CormunLogin.png HTTP/1.1" 200 19132
201.219.233.234 - - [28/Jul/2025:11:05:54 -0300] "GET /cormun/static/Resources/indicator.gif HTTP/1.1" 200 1553
201.219.233.234 - - [28/Jul/2025:11:05:54 -0300] "GET /cormun/static/Resources/PXToolsButtonBackground.png HTTP/1.1" 200 1176
201.219.233.234 - - [28/Jul/2025:11:05:54 -0300] "GET /cormun/static/Resources/PXToolsButtonRight.png HTTP/1.1" 200 1294
201.219.233.234 - - [28/Jul/2025:11:05:54 -0300] "GET /cormun/static/Resources/PXToolsLoginBottom.png HTTP/1.1" 200 1389
201.219.233.234 - - [28/Jul/2025:11:05:54 -0300] "GET /cormun/static/Resources/PXToolsLoginTop.png HTTP/1.1" 200 1337
201.219.233.234 - - [28/Jul/2025:11:05:54 -0300] "GET /cormun/servlet/hlogin HTTP/1.1" 200 1777
201.219.233.234 - - [28/Jul/2025:11:05:54 -0300] "GET /cormun/static/Resources/indicator.gif HTTP/1.1" 200 1553
201.219.233.234 - - [28/Jul/2025:11:05:54 -0300] "GET /cormun/static/Resources/PXToolsButtonBackground.png HTTP/1.1" 200 1176
201.219.233.234 - - [28/Jul/2025:11:05:54 -0300] "GET /cormun/static/Resources/PXToolsLoginTop.png HTTP/1.1" 200 1337
201.219.233.234 - - [28/Jul/2025:11:05:54 -0300] "GET /cormun/static/Resources/PXToolsLoginBottom.png HTTP/1.1" 200 1389
201.219.233.234 - - [28/Jul/2025:11:05:54 -0300] "GET /cormun/static/Resources/PXToolsButtonLeft.png HTTP/1.1" 200 1310
201.219.233.234 - - [28/Jul/2025:11:05:54 -0300] "GET /cormun/static/Resources/PXToolsButtonRight.png HTTP/1.1" 200 1294
201.219.233.234 - - [28/Jul/2025:11:05:54 -0300] "GET /cormun/static/Resources/PXToolsLoginBackground.png HTTP/1.1" 200 1164
201.219.233.234 - - [28/Jul/2025:11:06:06 -0300] "POST /cormun/servlet/hlogin?5d9bdc9c9c69e882ee962a74d344014f,gx-no-cache=1753711733754 HTTP/1.1" 200 435
190.95.1.187 - - [28/Jul/2025:11:06:15 -0300] "POST /cormun/servlet/permisosadjuntos?e743069d6b21b6c485a0b362ea613295,INS,17652488,P,20250728095612,, HTTP/1.1" 200 116
190.95.1.187 - - [28/Jul/2025:11:06:15 -0300] "GET /cormun/servlet/hpexe_return? HTTP/1.1" 200 1039
190.95.1.187 - - [28/Jul/2025:11:06:15 -0300] "GET /cormun/servlet/trpermisosadjuntos?17652488,20250728095612,P, HTTP/1.1" 200 6844
201.219.233.234 - - [28/Jul/2025:11:06:16 -0300] "POST /cormun/servlet/hlogin?5d9bdc9c9c69e882ee962a74d344014f,gx-no-cache=1753711743939 HTTP/1.1" 200 90
201.219.233.234 - - [28/Jul/2025:11:06:16 -0300] "GET /cormun/servlet/hpexe_link HTTP/1.1" 200 1002
201.219.233.234 - - [28/Jul/2025:11:06:16 -0300] "GET /cormun/static/hpexe_link.js?20221129847423 HTTP/1.1" 200 625
201.219.233.234 - - [28/Jul/2025:11:06:16 -0300] "GET /cormun/static/Resources/Spanish/PXTools.css?8354383 HTTP/1.1" 200 100853
201.219.233.234 - - [28/Jul/2025:11:06:16 -0300] "GET /cormun/servlet/hhome HTTP/1.1" 200 4309
201.219.233.234 - - [28/Jul/2025:11:06:16 -0300] "GET /cormun/static/Shared/jqueryui/jquery-ui.min.css?1345370 HTTP/1.1" 200 30288
201.219.233.234 - - [28/Jul/2025:11:06:16 -0300] "GET /cormun/static/scaMessage/css/jquery.pnotify.default.css?1816380 HTTP/1.1" 200 1707
201.219.233.234 - - [28/Jul/2025:11:06:16 -0300] "GET /cormun/static/SmoothNavMenu/resources/ddsmoothmenu-v.css?1112540 HTTP/1.1" 200 1188
201.219.233.234 - - [28/Jul/2025:11:06:16 -0300] "GET /cormun/static/PXToolsJavascripts/pexe_autoreload.js HTTP/1.1" 200 1762
201.219.233.234 - - [28/Jul/2025:11:06:16 -0300] "GET /cormun/static/SmoothNavMenu/resources/ddsmoothmenu.css?1112540 HTTP/1.1" 200 2223
201.219.233.234 - - [28/Jul/2025:11:06:16 -0300] "GET /cormun/static/Resources/Spanish/PXTools.css?14345360 HTTP/1.1" 200 100853
201.219.233.234 - - [28/Jul/2025:11:06:17 -0300] "GET /cormun/static/PXToolsJavascripts/pexe_cookies.js HTTP/1.1" 200 792
201.219.233.234 - - [28/Jul/2025:11:06:17 -0300] "GET /cormun/static/PXToolsJavascripts/pexe_grid.js HTTP/1.1" 200 7559
201.219.233.234 - - [28/Jul/2025:11:06:17 -0300] "GET /cormun/static/PXToolsJavascripts/pexe_griddivfix.js HTTP/1.1" 200 6946
201.219.233.234 - - [28/Jul/2025:11:06:17 -0300] "GET /cormun/static/PXToolsJavascripts/pexe_link.js HTTP/1.1" 200 5671
201.219.233.234 - - [28/Jul/2025:11:06:17 -0300] "GET /cormun/static/PXToolsJavascripts/pexe_menus.js HTTP/1.1" 200 1286
201.219.233.234 - - [28/Jul/2025:11:06:17 -0300] "GET /cormun/static/PXToolsJavascripts/pexe_windows.js HTTP/1.1" 200 15249
201.219.233.234 - - [28/Jul/2025:11:06:17 -0300] "GET /cormun/static/PXToolsJavascripts/pexe_menudivfix.js HTTP/1.1" 200 333
201.219.233.234 - - [28/Jul/2025:11:06:17 -0300] "GET /cormun/static/PXToolsJavascripts/pexe_layers.js HTTP/1.1" 200 4114
201.219.233.234 - - [28/Jul/2025:11:06:17 -0300] "GET /cormun/static/PXToolsJavascripts/pexe_oav.js HTTP/1.1" 200 645
201.219.233.234 - - [28/Jul/2025:11:06:17 -0300] "GET /cormun/static/PXToolsJavascripts/pexe_oavdivfix.js HTTP/1.1" 200 639
201.219.233.234 - - [28/Jul/2025:11:06:17 -0300] "GET /cormun/static/PXToolsJavascripts/pexe_picture.js HTTP/1.1" 200 689
201.219.233.234 - - [28/Jul/2025:11:06:17 -0300] "GET /cormun/static/PXToolsJavascripts/pexe_scrolldiv.js HTTP/1.1" 200 4138
201.219.233.234 - - [28/Jul/2025:11:06:17 -0300] "GET /cormun/static/PXToolsJavascripts/pexe_tabdivfix.js HTTP/1.1" 200 898
201.219.233.234 - - [28/Jul/2025:11:06:17 -0300] "GET /cormun/static/PXToolsJavascripts/pexe_popup.js HTTP/1.1" 200 15149
201.219.233.234 - - [28/Jul/2025:11:06:17 -0300] "GET /cormun/static/PXToolsJavascripts/pexe_upload.js HTTP/1.1" 200 1423
201.219.233.234 - - [28/Jul/2025:11:06:17 -0300] "GET /cormun/static/PXToolsJavascripts/pexe_tabs.js HTTP/1.1" 200 3748
201.219.233.234 - - [28/Jul/2025:11:06:17 -0300] "GET /cormun/static/PXToolsJavascripts/PXToolsJavascriptsRender.js HTTP/1.1" 200 367
201.219.233.234 - - [28/Jul/2025:11:06:17 -0300] "GET /cormun/static/RunJS/RunJS.js HTTP/1.1" 200 288
201.219.233.234 - - [28/Jul/2025:11:06:17 -0300] "GET /cormun/static/hwchdr01.js?2022112219251119 HTTP/1.1" 200 996
201.219.233.234 - - [28/Jul/2025:11:06:17 -0300] "GET /cormun/static/Shared/ext/locale/ext-lang-en.js HTTP/1.1" 200 10940
201.219.233.234 - - [28/Jul/2025:11:06:17 -0300] "GET /cormun/static/hhome.js?20201215495544 HTTP/1.1" 200 777
201.219.233.234 - - [28/Jul/2025:11:06:17 -0300] "GET /cormun/static/hpexe_recentlink.js?20201214471090 HTTP/1.1" 200 2144
201.219.233.234 - - [28/Jul/2025:11:06:17 -0300] "GET /cormun/static/hpexe_scripts.js?20201214471411 HTTP/1.1" 200 1544
201.219.233.234 - - [28/Jul/2025:11:06:17 -0300] "GET /cormun/static/hpexe_messagecontroller.js?202211298371222 HTTP/1.1" 200 870
201.219.233.234 - - [28/Jul/2025:11:06:17 -0300] "GET /cormun/static/cmcontrolpreferences.js?20199141926336 HTTP/1.1" 200 1375
201.219.233.234 - - [28/Jul/2025:11:06:17 -0300] "GET /cormun/static/hpexe_messagegenexuscomponent.js?20221129836373 HTTP/1.1" 200 587
201.219.233.234 - - [28/Jul/2025:11:06:17 -0300] "GET /cormun/static/SmoothNavMenu/resources/ddsmoothmenu.js HTTP/1.1" 200 12712
201.219.233.234 - - [28/Jul/2025:11:06:17 -0300] "GET /cormun/static/SmoothNavMenu/resources/SmoothNavMenuRender.js HTTP/1.1" 200 5951
201.219.233.234 - - [28/Jul/2025:11:06:17 -0300] "GET /cormun/static/scaMessage/js/jquery.pnotify.min.js HTTP/1.1" 200 13038
201.219.233.234 - - [28/Jul/2025:11:06:17 -0300] "GET /cormun/static/gxui/gxui-all.js HTTP/1.1" 200 107772
201.219.233.234 - - [28/Jul/2025:11:06:17 -0300] "GET /cormun/static/scaMessage/scaMessageRender.js HTTP/1.1" 200 11977
201.219.233.234 - - [28/Jul/2025:11:06:17 -0300] "GET /cormun/static/Shared/jquery/jquery-1.4.2.min.js HTTP/1.1" 200 72174
201.219.233.234 - - [28/Jul/2025:11:06:17 -0300] "GET /cormun/static/hmpwkw03.js?20221129844354 HTTP/1.1" 200 3971
201.219.233.234 - - [28/Jul/2025:11:06:17 -0300] "GET /cormun/static/Shared/jquery/jquery-1.10.2.min.js HTTP/1.1" 200 273199
201.219.233.234 - - [28/Jul/2025:11:06:17 -0300] "GET /cormun/static/Resources/CormunMP2.png HTTP/1.1" 200 6878
201.219.233.234 - - [28/Jul/2025:11:06:17 -0300] "GET /cormun/static/Resources/ImgHome.png HTTP/1.1" 200 1364
201.219.233.234 - - [28/Jul/2025:11:06:18 -0300] "GET /cormun/static/Resources/ImgLogin.png HTTP/1.1" 200 1432
201.219.233.234 - - [28/Jul/2025:11:06:18 -0300] "GET /cormun/static/Resources/Llave.png HTTP/1.1" 200 1395
201.219.233.234 - - [28/Jul/2025:11:06:18 -0300] "GET /cormun/static/Resources/PXToolsDataTitle.png HTTP/1.1" 200 1173
190.95.1.187 - - [28/Jul/2025:11:06:18 -0300] "POST /cormun/servlet/trpermisosadjuntos?e743069d6b21b6c485a0b362ea613295,17652488,20250728095612,P,,gx-no-cache=1753711746045 HTTP/1.1" 200 90
190.95.1.187 - - [28/Jul/2025:11:06:18 -0300] "GET /cormun/servlet/hpexe_link HTTP/1.1" 200 986
190.95.1.187 - - [28/Jul/2025:11:06:18 -0300] "GET /cormun/servlet/trpermisosgoce? HTTP/1.1" 200 15493
201.219.233.234 - - [28/Jul/2025:11:06:18 -0300] "GET /cormun/static/Shared/ext/ext-all.js HTTP/1.1" 200 1289687
201.219.233.234 - - [28/Jul/2025:11:06:18 -0300] "GET /cormun/static/SmoothNavMenu/resources/images/right.gif HTTP/1.1" 200 860
201.219.233.234 - - [28/Jul/2025:11:06:18 -0300] "GET /cormun/static/SmoothNavMenu/resources/images/down.gif HTTP/1.1" 200 854
190.95.1.187 - - [28/Jul/2025:11:06:21 -0300] "POST /cormun/servlet/trpermisosgoce?e743069d6b21b6c485a0b362ea613295,,gx-no-cache=1753711749473 HTTP/1.1" 200 12744
201.219.233.234 - - [28/Jul/2025:11:06:22 -0300] "GET /cormun/servlet/trlicencias? HTTP/1.1" 200 12159
201.219.233.234 - - [28/Jul/2025:11:06:22 -0300] "GET /cormun/static/gxui/gxui-all.css?120300 HTTP/1.1" 200 2179
201.219.233.234 - - [28/Jul/2025:11:06:23 -0300] "GET /cormun/static/calendar-es.js?85251 HTTP/1.1" 200 1901
201.219.233.234 - - [28/Jul/2025:11:06:23 -0300] "GET /cormun/static/calendar-system.css?85620 HTTP/1.1" 200 5572
201.219.233.234 - - [28/Jul/2025:11:06:23 -0300] "GET /cormun/static/gxdec.js?85251 HTTP/1.1" 200 19579
201.219.233.234 - - [28/Jul/2025:11:06:23 -0300] "GET /cormun/static/trlicencias.js?202211298463889 HTTP/1.1" 200 41883
201.219.233.234 - - [28/Jul/2025:11:06:23 -0300] "GET /cormun/static/calendar.js?85251 HTTP/1.1" 200 26246
201.219.233.234 - - [28/Jul/2025:11:06:23 -0300] "GET /cormun/static/Resources/PXToolsDataSearch.png HTTP/1.1" 200 435
201.219.233.234 - - [28/Jul/2025:11:06:23 -0300] "GET /cormun/static/Resources/PXToolsGridPreviousDisabled.gif HTTP/1.1" 200 90
201.219.233.234 - - [28/Jul/2025:11:06:23 -0300] "GET /cormun/static/Resources/PXToolsGridNextDisabled.gif HTTP/1.1" 200 90
201.219.233.234 - - [28/Jul/2025:11:06:23 -0300] "GET /cormun/static/Resources/PXToolsGridLastDisabled.gif HTTP/1.1" 200 98
201.219.233.234 - - [28/Jul/2025:11:06:23 -0300] "GET /cormun/static/Resources/PXToolsGridPage.gif HTTP/1.1" 200 725
201.219.233.234 - - [28/Jul/2025:11:06:23 -0300] "GET /cormun/static/Resources/PXToolsActionExcel.png HTTP/1.1" 200 727
201.219.233.234 - - [28/Jul/2025:11:06:23 -0300] "GET /cormun/static/Resources/PXToolsAddAllAction.png HTTP/1.1" 200 495
201.219.233.234 - - [28/Jul/2025:11:06:23 -0300] "GET /cormun/static/Shared/ext/resources/css/ext-all.css?215870 HTTP/1.1" 200 416045
201.219.233.234 - - [28/Jul/2025:11:06:23 -0300] "GET /cormun/static/Resources/desc.gif HTTP/1.1" 200 65
201.219.233.234 - - [28/Jul/2025:11:06:23 -0300] "GET /cormun/static/Resources/asc.gif HTTP/1.1" 200 67
201.219.233.234 - - [28/Jul/2025:11:06:23 -0300] "GET /cormun//static/Resources/PXTools/ActionInsert.png HTTP/1.1" 200 1482
201.219.233.234 - - [28/Jul/2025:11:06:23 -0300] "GET /cormun//static/Resources/PXToolsHeaderHelp.png HTTP/1.1" 200 1333
201.219.233.234 - - [28/Jul/2025:11:06:23 -0300] "GET /cormun//static/Resources/PXToolsActionPrint.png HTTP/1.1" 200 404
201.219.233.234 - - [28/Jul/2025:11:06:23 -0300] "GET /cormun//static/Resources/PXToolsGridDisplay.png HTTP/1.1" 200 525
201.219.233.234 - - [28/Jul/2025:11:06:23 -0300] "GET /cormun//static/Resources/PXToolsActionDisabled.gif HTTP/1.1" 200 53
201.219.233.234 - - [28/Jul/2025:11:06:24 -0300] "GET /cormun/static/Shared/ext/resources/themes/images/default/panel/bg-headersPanel.png HTTP/1.1" 200 255
201.219.233.234 - - [28/Jul/2025:11:06:24 -0300] "GET /cormun/static/Shared/ext/resources/themes/images/default/tools/tool-sprites.gif HTTP/1.1" 200 5434
190.95.1.187 - - [28/Jul/2025:11:07:27 -0300] "GET /cormun/servlet/trpermisosadjuntos?18377278,20250728095643,P, HTTP/1.1" 200 6338
190.95.1.187 - - [28/Jul/2025:11:07:29 -0300] "GET /cormun/servlet/permisosadjuntos?INS,18377278,P,20250728095643,, HTTP/1.1" 200 5657
190.95.1.187 - - [28/Jul/2025:11:07:29 -0300] "GET /cormun/static/about:blank HTTP/1.1" 404 1011
190.95.1.187 - - [28/Jul/2025:11:07:44 -0300] "POST /cormun/servlet/permisosadjuntos?e743069d6b21b6c485a0b362ea613295,INS,18377278,P,20250728095643,, HTTP/1.1" 200 116
190.95.1.187 - - [28/Jul/2025:11:07:44 -0300] "GET /cormun/servlet/hpexe_return? HTTP/1.1" 200 1038
190.95.1.187 - - [28/Jul/2025:11:07:44 -0300] "GET /cormun/servlet/trpermisosadjuntos?18377278,20250728095643,P, HTTP/1.1" 200 6841
190.95.1.187 - - [28/Jul/2025:11:07:48 -0300] "POST /cormun/servlet/trpermisosadjuntos?e743069d6b21b6c485a0b362ea613295,18377278,20250728095643,P,,gx-no-cache=1753711836204 HTTP/1.1" 200 90
190.95.1.187 - - [28/Jul/2025:11:07:48 -0300] "GET /cormun/servlet/hpexe_link HTTP/1.1" 200 985
190.95.1.187 - - [28/Jul/2025:11:07:48 -0300] "GET /cormun/servlet/trpermisosgoce? HTTP/1.1" 200 15485
190.95.1.187 - - [28/Jul/2025:11:07:53 -0300] "POST /cormun/servlet/trpermisosgoce?e743069d6b21b6c485a0b362ea613295,,gx-no-cache=1753711841043 HTTP/1.1" 200 12749
190.95.1.187 - - [28/Jul/2025:11:08:00 -0300] "GET /cormun/servlet/trpermisosadjuntos?13427858,20250728095727,P, HTTP/1.1" 200 6346
190.95.1.187 - - [28/Jul/2025:11:08:05 -0300] "GET /cormun/servlet/permisosadjuntos?INS,13427858,P,20250728095727,, HTTP/1.1" 200 5664
190.95.1.187 - - [28/Jul/2025:11:08:05 -0300] "GET /cormun/static/about:blank HTTP/1.1" 404 1011
201.186.225.183 - - [28/Jul/2025:11:08:18 -0300] "GET /cormun/servlet/trpermisosgoce? HTTP/1.1" 200 6030
201.186.225.183 - - [28/Jul/2025:11:08:18 -0300] "GET /cormun/servlet/hlogin HTTP/1.1" 200 1737
190.95.1.187 - - [28/Jul/2025:11:08:20 -0300] "POST /cormun/servlet/permisosadjuntos?e743069d6b21b6c485a0b362ea613295,INS,13427858,P,20250728095727,, HTTP/1.1" 200 116
190.95.1.187 - - [28/Jul/2025:11:08:20 -0300] "GET /cormun/servlet/hpexe_return? HTTP/1.1" 200 1039
190.95.1.187 - - [28/Jul/2025:11:08:20 -0300] "GET /cormun/servlet/trpermisosadjuntos?13427858,20250728095727,P, HTTP/1.1" 200 6853
190.95.1.187 - - [28/Jul/2025:11:08:22 -0300] "POST /cormun/servlet/trpermisosadjuntos?e743069d6b21b6c485a0b362ea613295,13427858,20250728095727,P,,gx-no-cache=1753711870514 HTTP/1.1" 200 90
190.95.1.187 - - [28/Jul/2025:11:08:22 -0300] "GET /cormun/servlet/hpexe_link HTTP/1.1" 200 985
190.95.1.187 - - [28/Jul/2025:11:08:22 -0300] "GET /cormun/servlet/trpermisosgoce? HTTP/1.1" 200 15486
201.186.225.183 - - [28/Jul/2025:11:08:23 -0300] "POST /cormun/servlet/hlogin?572ce5f0eb5b8f038d1db0afc118747e,gx-no-cache=1753711872231 HTTP/1.1" 200 448
201.186.225.183 - - [28/Jul/2025:11:08:25 -0300] "POST /cormun/servlet/hlogin?572ce5f0eb5b8f038d1db0afc118747e,gx-no-cache=1753711874923 HTTP/1.1" 200 90
201.186.225.183 - - [28/Jul/2025:11:08:25 -0300] "GET /cormun/servlet/hpexe_link HTTP/1.1" 200 955
201.186.225.183 - - [28/Jul/2025:11:08:26 -0300] "GET /cormun/servlet/trpermisosgoce HTTP/1.1" 200 18459
190.95.1.187 - - [28/Jul/2025:11:08:27 -0300] "POST /cormun/servlet/trpermisosgoce?e743069d6b21b6c485a0b362ea613295,,gx-no-cache=1753711874770 HTTP/1.1" 200 12742
190.95.1.187 - - [28/Jul/2025:11:08:43 -0300] "GET /cormun/servlet/trpermisosadjuntos?16494338,20250728095811,P, HTTP/1.1" 200 6339
190.95.1.187 - - [28/Jul/2025:11:08:46 -0300] "GET /cormun/servlet/permisosadjuntos?INS,16494338,P,20250728095811,, HTTP/1.1" 200 5660
190.95.1.187 - - [28/Jul/2025:11:08:47 -0300] "GET /cormun/static/about:blank HTTP/1.1" 404 1011
201.186.225.183 - - [28/Jul/2025:11:08:54 -0300] "GET /cormun/static/menuarrow.gif HTTP/1.1" 404 1015
201.186.225.183 - - [28/Jul/2025:11:09:00 -0300] "POST /cormun/servlet/trpermisosgoce?572ce5f0eb5b8f038d1db0afc118747e,gx-no-cache=1753711909255 HTTP/1.1" 200 15630
190.95.1.187 - - [28/Jul/2025:11:09:00 -0300] "POST /cormun/servlet/permisosadjuntos?e743069d6b21b6c485a0b362ea613295,INS,16494338,P,20250728095811,, HTTP/1.1" 200 116
190.95.1.187 - - [28/Jul/2025:11:09:00 -0300] "GET /cormun/servlet/hpexe_return? HTTP/1.1" 200 1037
190.95.1.187 - - [28/Jul/2025:11:09:00 -0300] "GET /cormun/servlet/trpermisosadjuntos?16494338,20250728095811,P, HTTP/1.1" 200 6841
190.95.1.187 - - [28/Jul/2025:11:09:04 -0300] "POST /cormun/servlet/trpermisosadjuntos?e743069d6b21b6c485a0b362ea613295,16494338,20250728095811,P,,gx-no-cache=1753711911858 HTTP/1.1" 200 90
190.95.1.187 - - [28/Jul/2025:11:09:04 -0300] "GET /cormun/servlet/hpexe_link HTTP/1.1" 200 984
190.95.1.187 - - [28/Jul/2025:11:09:04 -0300] "GET /cormun/servlet/trpermisosgoce? HTTP/1.1" 200 15478
190.95.1.187 - - [28/Jul/2025:11:09:08 -0300] "POST /cormun/servlet/trpermisosgoce?e743069d6b21b6c485a0b362ea613295,,gx-no-cache=1753711915791 HTTP/1.1" 200 12727
201.186.225.183 - - [28/Jul/2025:11:09:09 -0300] "POST /cormun/servlet/trpermisosgoce?572ce5f0eb5b8f038d1db0afc118747e,gx-no-cache=1753711917918 HTTP/1.1" 200 5030
201.186.225.183 - - [28/Jul/2025:11:09:15 -0300] "GET /cormun/servlet/apermisogoceprn?15991678,P,20250718094512,PU HTTP/1.1" 200 1662
201.186.225.183 - - [28/Jul/2025:11:09:21 -0300] "GET /cormun/servlet/permisogoce?INS,0,,, HTTP/1.1" 200 6825
201.186.225.183 - - [28/Jul/2025:11:09:21 -0300] "GET /cormun/static/gxcfg.js?20201215124560 HTTP/1.1" 200 953
201.186.225.183 - - [28/Jul/2025:11:09:21 -0300] "GET /cormun/static/permisogoce.js?20201215124939 HTTP/1.1" 200 27790
190.95.67.99 - - [28/Jul/2025:11:09:26 -0300] "GET /cormun/servlet/trpermisosgoce? HTTP/1.1" 200 6035
201.186.225.183 - - [28/Jul/2025:11:09:26 -0300] "GET /cormun/servlet/permisogoce?4a3ebd98a648b8aaf07b07e4ccf45d320074a3db976777a5bf0942d171775175fde55c9ac69353ceafd4dfd0ac1cdb1c43daa434f49fc6a0d16c5dc89f872e3d,gx-no-cache=1753711935953 HTTP/1.1" 200 82
190.95.1.187 - - [28/Jul/2025:11:09:27 -0300] "GET /cormun/servlet/trpermisosadjuntos?16494338,20250728095836,P, HTTP/1.1" 200 6340
190.95.1.187 - - [28/Jul/2025:11:09:29 -0300] "GET /cormun/servlet/permisosadjuntos?INS,16494338,P,20250728095836,, HTTP/1.1" 200 5662
190.95.1.187 - - [28/Jul/2025:11:09:29 -0300] "GET /cormun/static/about:blank HTTP/1.1" 404 1011
190.95.67.99 - - [28/Jul/2025:11:09:30 -0300] "GET /cormun/servlet/hlogin HTTP/1.1" 200 1746
201.186.225.183 - - [28/Jul/2025:11:09:33 -0300] "GET /cormun/servlet/permisogoce?4a3ebd98a648b8aaf07b07e4ccf45d32600aa1e0416b16cd137ed52fa4f04adc990b2b6eca7c0f4d6114cfdf06c804b1dd69b3f14a0aaa526b60fe59d79382da,gx-no-cache=1753711942129 HTTP/1.1" 200 48
201.186.225.183 - - [28/Jul/2025:11:09:34 -0300] "POST /cormun/servlet/permisogoce?572ce5f0eb5b8f038d1db0afc118747e,INS,0,,,,gx-no-cache=1753711943469 HTTP/1.1" 200 93
201.186.225.183 - - [28/Jul/2025:11:09:34 -0300] "GET /cormun/servlet/hpexe_return? HTTP/1.1" 200 1031
201.186.225.183 - - [28/Jul/2025:11:09:34 -0300] "GET /cormun/servlet/trpermisosgoce?gx-no-cache=1753711917918 HTTP/1.1" 200 8058
190.95.1.187 - - [28/Jul/2025:11:09:45 -0300] "POST /cormun/servlet/permisosadjuntos?e743069d6b21b6c485a0b362ea613295,INS,16494338,P,20250728095836,, HTTP/1.1" 200 116
190.95.1.187 - - [28/Jul/2025:11:09:45 -0300] "GET /cormun/servlet/hpexe_return? HTTP/1.1" 200 1037
190.95.1.187 - - [28/Jul/2025:11:09:45 -0300] "GET /cormun/servlet/trpermisosadjuntos?16494338,20250728095836,P, HTTP/1.1" 200 6860
201.186.225.183 - - [28/Jul/2025:11:09:46 -0300] "GET /cormun/servlet/apermisogoceprn?15991678,P,20250728101231,PU HTTP/1.1" 200 1647
148.222.218.189 - - [28/Jul/2025:11:09:47 -0300] "POST /cormun/servlet/trpermisosgoce?b407e62d3fe774a0a917ba9375b9af8d,,gx-no-cache=1753711956226 HTTP/1.1" 200 5865
190.95.1.187 - - [28/Jul/2025:11:09:48 -0300] "POST /cormun/servlet/trpermisosadjuntos?e743069d6b21b6c485a0b362ea613295,16494338,20250728095836,P,,gx-no-cache=1753711956189 HTTP/1.1" 200 90
190.95.1.187 - - [28/Jul/2025:11:09:48 -0300] "GET /cormun/servlet/hpexe_link HTTP/1.1" 200 984
190.95.1.187 - - [28/Jul/2025:11:09:48 -0300] "GET /cormun/servlet/trpermisosgoce? HTTP/1.1" 200 15464
201.186.225.249 - - [28/Jul/2025:11:09:49 -0300] "GET /cormun/servlet/trsolicitudot? HTTP/1.1" 200 6328
201.186.225.249 - - [28/Jul/2025:11:09:50 -0300] "GET /cormun/servlet/hlogin HTTP/1.1" 200 1737
201.186.225.249 - - [28/Jul/2025:11:09:56 -0300] "POST /cormun/servlet/hlogin?b28aacc89eeb71de3034d526bbd9115a,gx-no-cache=1753711966586 HTTP/1.1" 200 90
201.186.225.249 - - [28/Jul/2025:11:09:56 -0300] "GET /cormun/servlet/hpexe_link HTTP/1.1" 200 955
201.186.225.249 - - [28/Jul/2025:11:09:57 -0300] "GET /cormun/servlet/trsolicitudot HTTP/1.1" 200 7342
201.186.225.249 - - [28/Jul/2025:11:09:59 -0300] "GET /cormun/servlet/trsolicitudot? HTTP/1.1" 200 7340
190.95.67.99 - - [28/Jul/2025:11:10:01 -0300] "POST /cormun/servlet/hlogin?b1092ea6f525c55fa7b6ce9675368b6e,gx-no-cache=1753711976320 HTTP/1.1" 200 90
190.95.67.99 - - [28/Jul/2025:11:10:02 -0300] "GET /cormun/servlet/hpexe_link HTTP/1.1" 200 961
190.95.67.99 - - [28/Jul/2025:11:10:02 -0300] "GET /cormun/servlet/trpermisosgoce HTTP/1.1" 200 13369
190.95.1.187 - - [28/Jul/2025:11:10:06 -0300] "GET /cormun/servlet/trpermisosadjuntos?16010761,20250728095912,P, HTTP/1.1" 200 6340
190.95.1.187 - - [28/Jul/2025:11:10:09 -0300] "GET /cormun/servlet/permisosadjuntos?INS,16010761,P,20250728095912,, HTTP/1.1" 200 5658
190.95.1.187 - - [28/Jul/2025:11:10:09 -0300] "GET /cormun/static/about:blank HTTP/1.1" 404 1011
148.222.218.189 - - [28/Jul/2025:11:10:22 -0300] "POST /cormun/servlet/trpermisosgoce?b407e62d3fe774a0a917ba9375b9af8d,,gx-no-cache=1753711991170 HTTP/1.1" 200 5588
190.95.1.187 - - [28/Jul/2025:11:10:25 -0300] "POST /cormun/servlet/permisosadjuntos?e743069d6b21b6c485a0b362ea613295,INS,16010761,P,20250728095912,, HTTP/1.1" 200 116
190.95.1.187 - - [28/Jul/2025:11:10:25 -0300] "GET /cormun/servlet/hpexe_return? HTTP/1.1" 200 1038
190.95.1.187 - - [28/Jul/2025:11:10:25 -0300] "GET /cormun/servlet/trpermisosadjuntos?16010761,20250728095912,P, HTTP/1.1" 200 6842
190.95.1.187 - - [28/Jul/2025:11:10:28 -0300] "POST /cormun/servlet/trpermisosadjuntos?e743069d6b21b6c485a0b362ea613295,16010761,20250728095912,P,,gx-no-cache=1753711995848 HTTP/1.1" 200 90
190.95.1.187 - - [28/Jul/2025:11:10:28 -0300] "GET /cormun/servlet/hpexe_link HTTP/1.1" 200 982
190.95.1.187 - - [28/Jul/2025:11:10:28 -0300] "GET /cormun/servlet/trpermisosgoce HTTP/1.1" 200 15464
190.95.1.187 - - [28/Jul/2025:11:10:32 -0300] "POST /cormun/servlet/trpermisosgoce?e743069d6b21b6c485a0b362ea613295,gx-no-cache=1753711999551 HTTP/1.1" 200 12711
190.95.15.13 - - [28/Jul/2025:11:10:34 -0300] "GET /cormun/servlet/hlogin HTTP/1.1" 200 1719
190.95.15.13 - - [28/Jul/2025:11:10:34 -0300] "GET /cormun/servlet/hlogin HTTP/1.1" 200 1730
201.186.225.249 - - [28/Jul/2025:11:10:38 -0300] "POST /cormun/servlet/trsolicitudot?b28aacc89eeb71de3034d526bbd9115a,,gx-no-cache=1753712008386 HTTP/1.1" 200 5840
201.186.225.249 - - [28/Jul/2025:11:10:38 -0300] "GET /cormun//static/Resources/PXToolsActionView.png HTTP/1.1" 200 398
201.186.225.249 - - [28/Jul/2025:11:10:38 -0300] "GET /cormun//static/Resources/PXToolsGridDelete.png HTTP/1.1" 200 538
201.186.225.249 - - [28/Jul/2025:11:10:38 -0300] "GET /cormun//static/Resources/PXToolsGridUpdate.png HTTP/1.1" 200 470
201.186.225.249 - - [28/Jul/2025:11:10:38 -0300] "GET /cormun//static/Resources/PXToolsRemoveAllAction.png HTTP/1.1" 200 487
190.95.1.187 - - [28/Jul/2025:11:10:42 -0300] "GET /cormun/servlet/permisogoce?INS,0,,, HTTP/1.1" 200 6885
201.186.225.249 - - [28/Jul/2025:11:10:44 -0300] "GET /cormun/servlet/trsolicitudot? HTTP/1.1" 200 8803
190.95.1.187 - - [28/Jul/2025:11:10:47 -0300] "GET /cormun/servlet/permisogoce?2bc298f1202fe557fb9bdb4a916bc4b1e4c82dd071da897d9276bc4d6ea859b1246c7b5af24532833ed5c4fae43ae2db41ce280666eb6904d7fd8ec1e856a0c2,gx-no-cache=1753712015665 HTTP/1.1" 200 79
201.186.225.249 - - [28/Jul/2025:11:10:52 -0300] "POST /cormun/servlet/trsolicitudot?b28aacc89eeb71de3034d526bbd9115a,,gx-no-cache=1753712022041 HTTP/1.1" 200 5835
201.186.225.249 - - [28/Jul/2025:11:10:54 -0300] "GET /cormun/servlet/trsolicitudot? HTTP/1.1" 200 8790
190.95.1.187 - - [28/Jul/2025:11:10:55 -0300] "GET /cormun/servlet/permisogoce?2bc298f1202fe557fb9bdb4a916bc4b1d2428e1e4568bbcaf3647c2f7738b66cd2f976727e35206ce2cd8e6c163c1c9f9cd302b9740fa57ac4dc73774c7383ce,gx-no-cache=1753712023265 HTTP/1.1" 200 48
190.95.1.187 - - [28/Jul/2025:11:10:59 -0300] "POST /cormun/servlet/permisogoce?e743069d6b21b6c485a0b362ea613295,INS,0,,,,gx-no-cache=1753712026488 HTTP/1.1" 200 93
190.95.1.187 - - [28/Jul/2025:11:10:59 -0300] "GET /cormun/servlet/hpexe_return? HTTP/1.1" 200 1031
190.95.1.187 - - [28/Jul/2025:11:10:59 -0300] "GET /cormun/servlet/trpermisosgoce?gx-no-cache=1753711999551 HTTP/1.1" 200 15667
190.95.15.13 - - [28/Jul/2025:11:10:59 -0300] "POST /cormun/servlet/hlogin?bfa518d525921639e0a3287e5c963c91,gx-no-cache=1753712026271 HTTP/1.1" 200 90
190.95.15.13 - - [28/Jul/2025:11:10:59 -0300] "GET /cormun/servlet/hpexe_link HTTP/1.1" 200 949
190.95.15.13 - - [28/Jul/2025:11:10:59 -0300] "GET /cormun/servlet/hhome HTTP/1.1" 200 3944
190.95.15.13 - - [28/Jul/2025:11:11:02 -0300] "GET /cormun/servlet/trlicencias? HTTP/1.1" 200 10711
190.95.1.187 - - [28/Jul/2025:11:11:09 -0300] "POST /cormun/servlet/trpermisosgoce?e743069d6b21b6c485a0b362ea613295,gx-no-cache=1753711999551,gx-no-cache=1753712037283 HTTP/1.1" 200 12856
190.95.1.187 - - [28/Jul/2025:11:11:11 -0300] "GET /cormun/servlet/trpermisosadjuntos?19924440,20250728101352,P, HTTP/1.1" 200 6366
190.95.1.187 - - [28/Jul/2025:11:11:14 -0300] "GET /cormun/servlet/permisosadjuntos?INS,19924440,P,20250728101352,, HTTP/1.1" 200 5662
190.95.1.187 - - [28/Jul/2025:11:11:15 -0300] "GET /cormun/static/about:blank HTTP/1.1" 404 1011
148.222.218.189 - - [28/Jul/2025:11:11:20 -0300] "GET /cormun/servlet/trlicencias? HTTP/1.1" 200 8867
148.222.218.189 - - [28/Jul/2025:11:11:20 -0300] "GET /cormun/static/gxcfg.js?202211298463625 HTTP/1.1" 200 953
148.222.218.189 - - [28/Jul/2025:11:11:20 -0300] "GET /cormun/static/trlicencias.js?202211298463889 HTTP/1.1" 200 41883
148.222.218.189 - - [28/Jul/2025:11:11:20 -0300] "GET /cormun/static/Resources/Spanish/PXTools.css?8354383 HTTP/1.1" 200 100853
190.95.1.187 - - [28/Jul/2025:11:11:30 -0300] "POST /cormun/servlet/permisosadjuntos?e743069d6b21b6c485a0b362ea613295,INS,19924440,P,20250728101352,, HTTP/1.1" 200 116
190.95.1.187 - - [28/Jul/2025:11:11:30 -0300] "GET /cormun/servlet/hpexe_return? HTTP/1.1" 200 1038
190.95.1.187 - - [28/Jul/2025:11:11:30 -0300] "GET /cormun/servlet/trpermisosadjuntos?19924440,20250728101352,P, HTTP/1.1" 200 6849
190.95.1.187 - - [28/Jul/2025:11:11:31 -0300] "POST /cormun/servlet/trpermisosadjuntos?e743069d6b21b6c485a0b362ea613295,19924440,20250728101352,P,,gx-no-cache=1753712059704 HTTP/1.1" 200 90
190.95.1.187 - - [28/Jul/2025:11:11:32 -0300] "GET /cormun/servlet/hpexe_link HTTP/1.1" 200 1003
190.95.1.187 - - [28/Jul/2025:11:11:32 -0300] "GET /cormun/servlet/trpermisosgoce?gx-no-cache=1753711999551 HTTP/1.1" 200 15664
148.222.218.189 - - [28/Jul/2025:11:11:33 -0300] "POST /cormun/servlet/trlicencias?b407e62d3fe774a0a917ba9375b9af8d,,gx-no-cache=1753712061739 HTTP/1.1" 200 6390
190.95.1.187 - - [28/Jul/2025:11:11:34 -0300] "POST /cormun/servlet/trpermisosgoce?e743069d6b21b6c485a0b362ea613295,gx-no-cache=1753711999551,gx-no-cache=1753712062445 HTTP/1.1" 200 12840
190.95.1.187 - - [28/Jul/2025:11:11:47 -0300] "GET /cormun/servlet/trpermisosadjuntos?18465567,20250728100029,P, HTTP/1.1" 200 6358
190.95.1.187 - - [28/Jul/2025:11:11:51 -0300] "GET /cormun/servlet/permisosadjuntos?INS,18465567,P,20250728100029,, HTTP/1.1" 200 5660
190.95.1.187 - - [28/Jul/2025:11:11:51 -0300] "GET /cormun/static/about:blank HTTP/1.1" 404 1011
190.95.1.187 - - [28/Jul/2025:11:12:04 -0300] "POST /cormun/servlet/permisosadjuntos?e743069d6b21b6c485a0b362ea613295,INS,18465567,P,20250728100029,, HTTP/1.1" 200 116
190.95.1.187 - - [28/Jul/2025:11:12:04 -0300] "GET /cormun/servlet/hpexe_return? HTTP/1.1" 200 1038
190.95.1.187 - - [28/Jul/2025:11:12:04 -0300] "GET /cormun/servlet/trpermisosadjuntos?18465567,20250728100029,P, HTTP/1.1" 200 6838
148.222.218.189 - - [28/Jul/2025:11:12:05 -0300] "POST /cormun/servlet/trlicencias?b407e62d3fe774a0a917ba9375b9af8d,,gx-no-cache=1753712093393 HTTP/1.1" 200 8034
190.95.1.187 - - [28/Jul/2025:11:12:07 -0300] "POST /cormun/servlet/trpermisosadjuntos?e743069d6b21b6c485a0b362ea613295,18465567,20250728100029,P,,gx-no-cache=1753712095382 HTTP/1.1" 200 90
190.95.1.187 - - [28/Jul/2025:11:12:07 -0300] "GET /cormun/servlet/hpexe_link HTTP/1.1" 200 1004
190.95.1.187 - - [28/Jul/2025:11:12:07 -0300] "GET /cormun/servlet/trpermisosgoce?gx-no-cache=1753711999551 HTTP/1.1" 200 15637
