190.95.1.185 - - [28/Jul/2025:11:59:14 -0300] "GET /cormun/servlet/trpermisosadjuntos?12517267,20250722110401,P, HTTP/1.1" 200 7322
190.95.1.185 - - [28/Jul/2025:11:59:16 -0300] "POST /cormun/servlet/trpermisosadjuntos?1e7afd5e082de7e2b0e1a21002594fd7,12517267,20250722110401,P,,gx-no-cache=1753714924767 HTTP/1.1" 200 90
190.95.1.185 - - [28/Jul/2025:11:59:16 -0300] "GET /cormun/servlet/hpexe_link HTTP/1.1" 200 1006
190.95.1.185 - - [28/Jul/2025:11:59:17 -0300] "GET /cormun/servlet/trpermisosgoce?gx-no-cache=1753714878537 HTTP/1.1" 200 13928
190.95.1.185 - - [28/Jul/2025:11:59:20 -0300] "POST /cormun/servlet/trpermisosgoce?1e7afd5e082de7e2b0e1a21002594fd7,gx-no-cache=1753714878537,gx-no-cache=1753714928312 HTTP/1.1" 200 10997
190.95.1.185 - - [28/Jul/2025:11:59:21 -0300] "GET /cormun/servlet/trpermisosadjuntos?17477251,20250722110136,P, HTTP/1.1" 200 6847
190.95.1.185 - - [28/Jul/2025:11:59:22 -0300] "GET /cormun/servlet/permisosadjuntos?INS,17477251,P,20250722110136,, HTTP/1.1" 200 6124
190.95.1.185 - - [28/Jul/2025:11:59:22 -0300] "GET /cormun/static/about:blank HTTP/1.1" 404 1011
190.95.1.185 - - [28/Jul/2025:11:59:28 -0300] "POST /cormun/servlet/permisosadjuntos?1e7afd5e082de7e2b0e1a21002594fd7,INS,17477251,P,20250722110136,, HTTP/1.1" 200 116
190.95.1.185 - - [28/Jul/2025:11:59:28 -0300] "GET /cormun/servlet/hpexe_return? HTTP/1.1" 200 1041
190.95.1.185 - - [28/Jul/2025:11:59:28 -0300] "GET /cormun/servlet/trpermisosadjuntos?17477251,20250722110136,P, HTTP/1.1" 200 7318
190.95.1.185 - - [28/Jul/2025:11:59:30 -0300] "POST /cormun/servlet/trpermisosadjuntos?1e7afd5e082de7e2b0e1a21002594fd7,17477251,20250722110136,P,,gx-no-cache=1753714938718 HTTP/1.1" 200 90
190.95.1.185 - - [28/Jul/2025:11:59:30 -0300] "GET /cormun/servlet/hpexe_link HTTP/1.1" 200 1006
190.95.1.185 - - [28/Jul/2025:11:59:31 -0300] "GET /cormun/servlet/trpermisosgoce?gx-no-cache=1753714878537 HTTP/1.1" 200 13925
190.95.1.185 - - [28/Jul/2025:11:59:33 -0300] "POST /cormun/servlet/trpermisosgoce?1e7afd5e082de7e2b0e1a21002594fd7,gx-no-cache=1753714878537,gx-no-cache=1753714941248 HTTP/1.1" 200 10995
190.95.1.185 - - [28/Jul/2025:11:59:35 -0300] "GET /cormun/servlet/trpermisosadjuntos?15724008,20250722110054,P, HTTP/1.1" 200 6854
190.95.1.185 - - [28/Jul/2025:11:59:36 -0300] "GET /cormun/servlet/permisosadjuntos?INS,15724008,P,20250722110054,, HTTP/1.1" 200 6132
190.95.1.185 - - [28/Jul/2025:11:59:36 -0300] "GET /cormun/static/about:blank HTTP/1.1" 404 1011
190.95.1.185 - - [28/Jul/2025:11:59:41 -0300] "POST /cormun/servlet/permisosadjuntos?1e7afd5e082de7e2b0e1a21002594fd7,INS,15724008,P,20250722110054,, HTTP/1.1" 200 116
190.95.1.185 - - [28/Jul/2025:11:59:41 -0300] "GET /cormun/servlet/hpexe_return? HTTP/1.1" 200 1040
190.95.1.185 - - [28/Jul/2025:11:59:42 -0300] "GET /cormun/servlet/trpermisosadjuntos?15724008,20250722110054,P, HTTP/1.1" 200 7326
190.95.1.185 - - [28/Jul/2025:11:59:46 -0300] "POST /cormun/servlet/trpermisosadjuntos?1e7afd5e082de7e2b0e1a21002594fd7,15724008,20250722110054,P,,gx-no-cache=1753714953950 HTTP/1.1" 200 90
190.95.1.185 - - [28/Jul/2025:11:59:46 -0300] "GET /cormun/servlet/hpexe_link HTTP/1.1" 200 1006
190.95.1.185 - - [28/Jul/2025:11:59:46 -0300] "GET /cormun/servlet/trpermisosgoce?gx-no-cache=1753714878537 HTTP/1.1" 200 13923
190.95.1.185 - - [28/Jul/2025:11:59:55 -0300] "POST /cormun/servlet/trpermisosgoce?1e7afd5e082de7e2b0e1a21002594fd7,gx-no-cache=1753714878537,gx-no-cache=1753714963024 HTTP/1.1" 200 10994
190.95.1.185 - - [28/Jul/2025:12:00:20 -0300] "POST /cormun/servlet/trpermisosgoce?1e7afd5e082de7e2b0e1a21002594fd7,gx-no-cache=1753714878537,gx-no-cache=1753714988048 HTTP/1.1" 200 10992
190.95.1.185 - - [28/Jul/2025:12:00:27 -0300] "GET /cormun/servlet/trpermisosadjuntos?16491258,20250722110604,P, HTTP/1.1" 200 6849
190.95.1.185 - - [28/Jul/2025:12:00:28 -0300] "GET /cormun/servlet/permisosadjuntos?INS,16491258,P,20250722110604,, HTTP/1.1" 200 6122
190.95.1.185 - - [28/Jul/2025:12:00:28 -0300] "GET /cormun/static/about:blank HTTP/1.1" 404 1011
190.95.1.185 - - [28/Jul/2025:12:00:33 -0300] "POST /cormun/servlet/permisosadjuntos?1e7afd5e082de7e2b0e1a21002594fd7,INS,16491258,P,20250722110604,, HTTP/1.1" 200 116
190.95.1.185 - - [28/Jul/2025:12:00:33 -0300] "GET /cormun/servlet/hpexe_return? HTTP/1.1" 200 1041
190.95.1.185 - - [28/Jul/2025:12:00:33 -0300] "GET /cormun/servlet/trpermisosadjuntos?16491258,20250722110604,P, HTTP/1.1" 200 7315
190.95.1.185 - - [28/Jul/2025:12:00:35 -0300] "POST /cormun/servlet/trpermisosadjuntos?1e7afd5e082de7e2b0e1a21002594fd7,16491258,20250722110604,P,,gx-no-cache=1753715003760 HTTP/1.1" 200 90
190.95.1.185 - - [28/Jul/2025:12:00:35 -0300] "GET /cormun/servlet/hpexe_link HTTP/1.1" 200 1006
190.95.1.185 - - [28/Jul/2025:12:00:36 -0300] "GET /cormun/servlet/trpermisosgoce?gx-no-cache=1753714878537 HTTP/1.1" 200 13917
190.95.1.185 - - [28/Jul/2025:12:00:38 -0300] "POST /cormun/servlet/trpermisosgoce?1e7afd5e082de7e2b0e1a21002594fd7,gx-no-cache=1753714878537,gx-no-cache=1753715006248 HTTP/1.1" 200 10987
190.95.1.185 - - [28/Jul/2025:12:00:42 -0300] "GET /cormun/servlet/trpermisosadjuntos?9892080,20250722110739,P, HTTP/1.1" 200 6854
190.95.1.185 - - [28/Jul/2025:12:00:43 -0300] "GET /cormun/servlet/permisosadjuntos?INS,9892080,P,20250722110739,, HTTP/1.1" 200 6129
190.95.1.185 - - [28/Jul/2025:12:00:43 -0300] "GET /cormun/static/about:blank HTTP/1.1" 404 1011
190.95.1.185 - - [28/Jul/2025:12:00:49 -0300] "GET /cormun/servlet/trlicencias? HTTP/1.1" 200 11827
190.95.1.185 - - [28/Jul/2025:12:01:22 -0300] "GET /cormun/servlet/licenciaspermisos?DSP,16492844,L,20250721000000, HTTP/1.1" 200 7619
190.95.1.185 - - [28/Jul/2025:12:01:22 -0300] "GET /cormun/static/gxcfg.js?202012153173 HTTP/1.1" 200 953
190.95.1.185 - - [28/Jul/2025:12:01:22 -0300] "GET /cormun/static/licenciaspermisos.js?2020121532136 HTTP/1.1" 200 38753
190.95.1.185 - - [28/Jul/2025:12:01:25 -0300] "POST /cormun/servlet/licenciaspermisos?1e7afd5e082de7e2b0e1a21002594fd7,DSP,16492844,L,20250721000000,,gx-no-cache=1753715053735 HTTP/1.1" 200 93
190.95.1.185 - - [28/Jul/2025:12:01:25 -0300] "GET /cormun/servlet/hpexe_return? HTTP/1.1" 200 1031
190.95.1.185 - - [28/Jul/2025:12:01:26 -0300] "GET /cormun/servlet/trlicencias HTTP/1.1" 200 11809
190.95.1.185 - - [28/Jul/2025:12:01:28 -0300] "GET /cormun/servlet/licenciaspermisos?DSP,16492844,L,20250715000000, HTTP/1.1" 200 7619
190.95.1.185 - - [28/Jul/2025:12:01:30 -0300] "POST /cormun/servlet/licenciaspermisos?1e7afd5e082de7e2b0e1a21002594fd7,DSP,16492844,L,20250715000000,,gx-no-cache=1753715058550 HTTP/1.1" 200 93
190.95.1.185 - - [28/Jul/2025:12:01:30 -0300] "GET /cormun/servlet/hpexe_return? HTTP/1.1" 200 1031
190.95.1.185 - - [28/Jul/2025:12:01:30 -0300] "GET /cormun/servlet/trlicencias HTTP/1.1" 200 11809
190.95.1.185 - - [28/Jul/2025:12:01:36 -0300] "GET /cormun/servlet/licenciaspermisos?DSP,16492844,L,20250704000000, HTTP/1.1" 200 7622
190.95.1.185 - - [28/Jul/2025:12:01:39 -0300] "POST /cormun/servlet/licenciaspermisos?1e7afd5e082de7e2b0e1a21002594fd7,DSP,16492844,L,20250704000000,,gx-no-cache=1753715067150 HTTP/1.1" 200 93
190.95.1.185 - - [28/Jul/2025:12:01:39 -0300] "GET /cormun/servlet/hpexe_return? HTTP/1.1" 200 1031
190.95.1.185 - - [28/Jul/2025:12:01:39 -0300] "GET /cormun/servlet/trlicencias HTTP/1.1" 200 11809
179.57.78.55 - - [28/Jul/2025:12:02:03 -0300] "GET /cormun/servlet/trpermisosgoce? HTTP/1.1" 200 6019
179.57.78.55 - - [28/Jul/2025:12:02:03 -0300] "GET /cormun/servlet/hlogin HTTP/1.1" 200 1742
179.57.78.55 - - [28/Jul/2025:12:02:08 -0300] "POST /cormun/servlet/hlogin?a1a3d7232bdf3f52fa46cc4556dc4a74,gx-no-cache=1753715096190 HTTP/1.1" 200 90
179.57.78.55 - - [28/Jul/2025:12:02:08 -0300] "GET /cormun/servlet/hpexe_link HTTP/1.1" 200 958
179.57.78.55 - - [28/Jul/2025:12:02:08 -0300] "GET /cormun/servlet/trpermisosgoce HTTP/1.1" 200 13005
179.57.78.55 - - [28/Jul/2025:12:02:12 -0300] "GET /cormun/servlet/trpermisosgoce? HTTP/1.1" 200 13003
179.57.78.55 - - [28/Jul/2025:12:02:14 -0300] "GET /cormun/static/menuarrow.gif HTTP/1.1" 404 1015
190.95.1.185 - - [28/Jul/2025:12:02:21 -0300] "GET /cormun/servlet/trlicencias? HTTP/1.1" 200 11805
179.57.78.55 - - [28/Jul/2025:12:02:33 -0300] "POST /cormun/servlet/trpermisosgoce?a1a3d7232bdf3f52fa46cc4556dc4a74,,gx-no-cache=1753715121353 HTTP/1.1" 200 4850
190.95.1.185 - - [28/Jul/2025:12:03:00 -0300] "GET /cormun/servlet/licenciaspermisos?DSP,16492844,L,20250704000000, HTTP/1.1" 200 7622
190.95.1.185 - - [28/Jul/2025:12:03:07 -0300] "POST /cormun/servlet/licenciaspermisos?1e7afd5e082de7e2b0e1a21002594fd7,DSP,16492844,L,20250704000000,,gx-no-cache=1753715155568 HTTP/1.1" 200 93
190.95.1.185 - - [28/Jul/2025:12:03:07 -0300] "GET /cormun/servlet/hpexe_return? HTTP/1.1" 200 1031
190.95.1.185 - - [28/Jul/2025:12:03:07 -0300] "GET /cormun/servlet/trlicencias HTTP/1.1" 200 11809
201.186.225.249 - - [28/Jul/2025:12:05:33 -0300] "POST /cormun/servlet/solicitudot?gx-no-cache=1753715302675 HTTP/1.1" 200 83
20.65.193.158 - - [28/Jul/2025:12:06:12 -0300] "GET /actuator/health HTTP/1.1" 404 991
179.57.78.71 - - [28/Jul/2025:12:06:43 -0300] "POST /cormun/servlet/trlicencias?cc1ea452f0ef1e812c56bd24adfb9255,,gx-no-cache=1753715371421 HTTP/1.1" 440 972
179.57.78.71 - - [28/Jul/2025:12:06:45 -0300] "GET /cormun/servlet/trlicencias? HTTP/1.1" 200 6047
179.57.78.71 - - [28/Jul/2025:12:06:47 -0300] "GET /cormun/servlet/hlogin HTTP/1.1" 200 1735
179.57.78.71 - - [28/Jul/2025:12:06:51 -0300] "POST /cormun/servlet/hlogin?6c6d3e1ee56f3dee25bb0b4fad904c53,gx-no-cache=1753715378751 HTTP/1.1" 200 90
179.57.78.71 - - [28/Jul/2025:12:06:51 -0300] "GET /cormun/servlet/hpexe_link HTTP/1.1" 200 954
179.57.78.71 - - [28/Jul/2025:12:06:52 -0300] "GET /cormun/servlet/trlicencias HTTP/1.1" 200 10823
190.95.67.91 - - [28/Jul/2025:12:07:24 -0300] "POST /cormun/servlet/trlicencias?23a0964b4dadaf4ffc6009d6a260eb78,gx-no-cache=1753715411928 HTTP/1.1" 440 972
190.95.67.91 - - [28/Jul/2025:12:07:25 -0300] "GET /cormun/servlet/trlicencias HTTP/1.1" 200 6042
190.95.67.91 - - [28/Jul/2025:12:07:25 -0300] "GET /cormun/servlet/hlogin HTTP/1.1" 200 1729
190.95.67.91 - - [28/Jul/2025:12:07:33 -0300] "POST /cormun/servlet/hlogin?f350c7a505f5025b4eb33767f0fa0731,gx-no-cache=1753715421556 HTTP/1.1" 200 90
190.95.67.91 - - [28/Jul/2025:12:07:33 -0300] "GET /cormun/servlet/hpexe_link HTTP/1.1" 200 949
190.95.67.91 - - [28/Jul/2025:12:07:34 -0300] "GET /cormun/servlet/trlicencias HTTP/1.1" 200 18439
186.11.53.131 - - [28/Jul/2025:12:07:51 -0300] "GET /cormun/servlet/hlogin HTTP/1.1" 200 1723
186.11.53.131 - - [28/Jul/2025:12:07:51 -0300] "GET /cormun/static/gxtimezone.js?85251 HTTP/1.1" 200 5781
186.11.53.131 - - [28/Jul/2025:12:07:51 -0300] "GET /cormun/static/gxcfg.js?2022112219184450 HTTP/1.1" 200 953
186.11.53.131 - - [28/Jul/2025:12:07:51 -0300] "GET /cormun/static/Resources/CormunLogin.png HTTP/1.1" 200 19132
186.11.53.131 - - [28/Jul/2025:12:07:51 -0300] "GET /cormun/static/messages.spa.js?85251 HTTP/1.1" 200 30736
186.11.53.131 - - [28/Jul/2025:12:07:51 -0300] "GET /cormun/static/Resources/Spanish/PXTools.css?1759030 HTTP/1.1" 200 100853
186.11.53.131 - - [28/Jul/2025:12:07:51 -0300] "GET /cormun/static/hlogin.js?2022112219184458 HTTP/1.1" 200 2156
186.11.53.131 - - [28/Jul/2025:12:07:51 -0300] "GET /cormun/static/gxgral.js?85251 HTTP/1.1" 200 384558
186.11.53.131 - - [28/Jul/2025:12:07:52 -0300] "GET /cormun/static/Resources/PXToolsButtonRight.png HTTP/1.1" 200 1294
186.11.53.131 - - [28/Jul/2025:12:07:52 -0300] "GET /cormun/static/Resources/PXToolsLoginBackground.png HTTP/1.1" 200 1164
186.11.53.131 - - [28/Jul/2025:12:07:52 -0300] "GET /cormun/static/Resources/PXToolsButtonLeft.png HTTP/1.1" 200 1310
186.11.53.131 - - [28/Jul/2025:12:07:52 -0300] "GET /cormun/static/Resources/PXToolsButtonBackground.png HTTP/1.1" 200 1176
186.11.53.131 - - [28/Jul/2025:12:07:52 -0300] "GET /cormun/static/Resources/PXToolsLoginTop.png HTTP/1.1" 200 1337
186.11.53.131 - - [28/Jul/2025:12:07:52 -0300] "GET /cormun/static/Resources/PXToolsLoginBottom.png HTTP/1.1" 200 1389
186.11.53.131 - - [28/Jul/2025:12:07:52 -0300] "GET /cormun/servlet/hlogin HTTP/1.1" 200 1734
186.11.53.131 - - [28/Jul/2025:12:07:52 -0300] "GET /cormun/static/Resources/indicator.gif HTTP/1.1" 200 1553
186.11.53.131 - - [28/Jul/2025:12:07:52 -0300] "GET /favicon.ico HTTP/1.1" 200 21630
179.57.78.55 - - [28/Jul/2025:12:13:04 -0300] "GET /cormun/servlet/trlicencias? HTTP/1.1" 200 11094
186.173.44.139 - - [28/Jul/2025:12:13:39 -0300] "GET /cormun/servlet/hlogin HTTP/1.1" 200 1716
186.173.44.139 - - [28/Jul/2025:12:13:54 -0300] "POST /cormun/servlet/hlogin?892e185a67e83cef962ec4ba943bf053,gx-no-cache=1753715804365 HTTP/1.1" 200 90
186.173.44.139 - - [28/Jul/2025:12:13:54 -0300] "GET /cormun/servlet/hpexe_link HTTP/1.1" 200 947
186.173.44.139 - - [28/Jul/2025:12:13:54 -0300] "GET /cormun/servlet/hhome HTTP/1.1" 200 3990
186.173.44.139 - - [28/Jul/2025:12:14:09 -0300] "GET /cormun/servlet/trlicencias? HTTP/1.1" 200 10852
186.173.44.139 - - [28/Jul/2025:12:14:36 -0300] "POST /cormun/servlet/trlicencias?892e185a67e83cef962ec4ba943bf053,,gx-no-cache=1753715845827 HTTP/1.1" 200 8316
201.219.233.234 - - [28/Jul/2025:12:20:05 -0300] "POST /cormun/servlet/trpermisosingoceautorizar?e6d470c3a01818cfe1ce4f00a1d4386d,,gx-no-cache=1753716171616 HTTP/1.1" 200 4390
190.95.1.185 - - [28/Jul/2025:12:20:10 -0300] "GET /cormun/servlet/trpermisosgoce? HTTP/1.1" 200 13912
190.95.1.185 - - [28/Jul/2025:12:20:14 -0300] "GET /cormun/servlet/trautorizarpermisogoce? HTTP/1.1" 200 9569
190.95.1.185 - - [28/Jul/2025:12:20:15 -0300] "GET /cormun/static/gxcfg.js?2020121645532 HTTP/1.1" 200 953
190.95.1.185 - - [28/Jul/2025:12:20:15 -0300] "GET /cormun/static/trautorizarpermisogoce.js?2020121651492 HTTP/1.1" 200 34948
190.95.1.185 - - [28/Jul/2025:12:20:17 -0300] "POST /cormun/servlet/trautorizarpermisogoce?1e7afd5e082de7e2b0e1a21002594fd7,,gx-no-cache=1753716184695 HTTP/1.1" 200 6469
190.95.1.185 - - [28/Jul/2025:12:20:17 -0300] "GET /cormun/static/Shared/jqueryui/images/ui-bg_highlight-soft_100_c6c2c8_1x100.png HTTP/1.1" 404 1117
190.95.1.185 - - [28/Jul/2025:12:20:17 -0300] "GET /cormun/static/Shared/jqueryui/images/ui-icons_82798d_256x240.png HTTP/1.1" 404 1089
190.95.1.185 - - [28/Jul/2025:12:20:17 -0300] "GET /cormun/static/Shared/jqueryui/images/ui-bg_flat_55_fafafa_40x100.png HTTP/1.1" 404 1097
190.95.1.185 - - [28/Jul/2025:12:20:17 -0300] "GET /cormun/static/Shared/jqueryui/images/ui-icons_8d78a5_256x240.png HTTP/1.1" 404 1089
190.95.1.185 - - [28/Jul/2025:12:20:17 -0300] "POST /cormun/servlet/trautorizarpermisogoce?1e7afd5e082de7e2b0e1a21002594fd7,,gx-no-cache=1753716185229 HTTP/1.1" 200 6274
190.95.1.185 - - [28/Jul/2025:12:20:17 -0300] "POST /cormun/servlet/trautorizarpermisogoce?1e7afd5e082de7e2b0e1a21002594fd7,,gx-no-cache=1753716185651 HTTP/1.1" 200 6050
190.95.1.185 - - [28/Jul/2025:12:20:18 -0300] "POST /cormun/servlet/trautorizarpermisogoce?1e7afd5e082de7e2b0e1a21002594fd7,,gx-no-cache=1753716186283 HTTP/1.1" 200 5832
190.95.1.185 - - [28/Jul/2025:12:20:19 -0300] "POST /cormun/servlet/trautorizarpermisogoce?1e7afd5e082de7e2b0e1a21002594fd7,,gx-no-cache=1753716186812 HTTP/1.1" 200 5589
190.95.1.185 - - [28/Jul/2025:12:20:19 -0300] "POST /cormun/servlet/trautorizarpermisogoce?1e7afd5e082de7e2b0e1a21002594fd7,,gx-no-cache=1753716187444 HTTP/1.1" 200 5295
190.95.1.185 - - [28/Jul/2025:12:20:20 -0300] "POST /cormun/servlet/trautorizarpermisogoce?1e7afd5e082de7e2b0e1a21002594fd7,,gx-no-cache=1753716188148 HTTP/1.1" 200 4537
201.219.233.234 - - [28/Jul/2025:12:20:30 -0300] "POST /cormun/servlet/trpermisosingoceautorizar?e6d470c3a01818cfe1ce4f00a1d4386d,,gx-no-cache=1753716197434 HTTP/1.1" 200 4390
201.219.233.234 - - [28/Jul/2025:12:20:42 -0300] "POST /cormun/servlet/trpermisosingoceautorizar?e6d470c3a01818cfe1ce4f00a1d4386d,,gx-no-cache=1753716209550 HTTP/1.1" 200 4391
201.219.233.234 - - [28/Jul/2025:12:20:47 -0300] "GET /cormun/servlet/trlicencias? HTTP/1.1" 200 11291
190.95.67.91 - - [28/Jul/2025:12:20:48 -0300] "POST /cormun/servlet/trlicencias?f350c7a505f5025b4eb33767f0fa0731,gx-no-cache=1753716216616 HTTP/1.1" 200 16580
201.219.233.234 - - [28/Jul/2025:12:21:01 -0300] "GET /cormun/static/menuarrow.gif HTTP/1.1" 404 1015
190.95.1.185 - - [28/Jul/2025:12:21:04 -0300] "GET /cormun/servlet/trpermisosgoce? HTTP/1.1" 200 13902
201.219.233.234 - - [28/Jul/2025:12:21:16 -0300] "POST /cormun/servlet/trlicencias?e6d470c3a01818cfe1ce4f00a1d4386d,,gx-no-cache=1753716243226 HTTP/1.1" 200 6769
190.95.1.185 - - [28/Jul/2025:12:22:25 -0300] "GET /cormun/servlet/hlogin HTTP/1.1" 200 1724
190.95.1.185 - - [28/Jul/2025:12:22:28 -0300] "POST /cormun/servlet/hlogin?1e7afd5e082de7e2b0e1a21002594fd7,gx-no-cache=1753716316340 HTTP/1.1" 200 90
190.95.1.185 - - [28/Jul/2025:12:22:28 -0300] "GET /cormun/servlet/hpexe_link HTTP/1.1" 200 959
190.95.1.185 - - [28/Jul/2025:12:22:28 -0300] "GET /cormun/servlet/trpermisosgoce HTTP/1.1" 200 13903
201.186.225.187 - - [28/Jul/2025:12:27:21 -0300] "POST /cormun/servlet/hlogin?e7ec1f8372e33ad7b3d48939a9ed5a69,gx-no-cache=1753716434628 HTTP/1.1" 440 972
201.186.225.187 - - [28/Jul/2025:12:27:23 -0300] "GET /cormun/servlet/hlogin HTTP/1.1" 200 1733
201.186.225.187 - - [28/Jul/2025:12:27:30 -0300] "POST /cormun/servlet/hlogin?6591aec48da5cfae711589e80e4fcd17,gx-no-cache=1753716443086 HTTP/1.1" 200 90
201.186.225.187 - - [28/Jul/2025:12:27:30 -0300] "GET /cormun/servlet/hpexe_link HTTP/1.1" 200 952
201.186.225.187 - - [28/Jul/2025:12:27:30 -0300] "GET /cormun/servlet/hhome HTTP/1.1" 200 3972
201.186.225.187 - - [28/Jul/2025:12:27:33 -0300] "GET /cormun/servlet/trpermisosgoce? HTTP/1.1" 200 10682
201.186.225.187 - - [28/Jul/2025:12:27:36 -0300] "GET /cormun/servlet/permisogoce?INS,0,,, HTTP/1.1" 200 6837
201.186.225.187 - - [28/Jul/2025:12:27:51 -0300] "GET /cormun/servlet/permisogoce?ad09b806ad350bcf09a85dae6977ae55fec80fd7cf2bc76397276787d8d8701aaa74400bd299731ba9fc9ee799999a8cdbacfd2a2e9c9fe4640e2903f8d42ea3,gx-no-cache=1753716463880 HTTP/1.1" 200 78
201.186.225.187 - - [28/Jul/2025:12:27:53 -0300] "GET /cormun/static/menuarrow.gif HTTP/1.1" 404 1015
201.186.225.187 - - [28/Jul/2025:12:27:58 -0300] "GET /cormun/servlet/permisogoce?ad09b806ad350bcf09a85dae6977ae553bbff2d72436b2cac7024e741ab58e15d5134d1d93ebd06101b96d06920ca1b2cd8799d7c6c8727d29c24a44c899b7fa,gx-no-cache=1753716470902 HTTP/1.1" 200 47
201.186.225.187 - - [28/Jul/2025:12:28:05 -0300] "POST /cormun/servlet/permisogoce?6591aec48da5cfae711589e80e4fcd17,INS,0,,,,gx-no-cache=1753716477584 HTTP/1.1" 200 93
201.186.225.187 - - [28/Jul/2025:12:28:05 -0300] "GET /cormun/servlet/hpexe_return? HTTP/1.1" 200 1011
201.186.225.187 - - [28/Jul/2025:12:28:05 -0300] "GET /cormun/servlet/trpermisosgoce HTTP/1.1" 200 10973
201.186.225.187 - - [28/Jul/2025:12:28:09 -0300] "GET /cormun/servlet/apermisogoceprn?15996003,P,20250728113046,PU HTTP/1.1" 200 1649
201.186.225.187 - - [28/Jul/2025:12:28:40 -0300] "GET /cormun/servlet/permisogoce?INS,0,,, HTTP/1.1" 200 6837
201.186.225.187 - - [28/Jul/2025:12:28:57 -0300] "GET /cormun/servlet/permisogoce?ad09b806ad350bcf09a85dae6977ae555cdeffcce5da51716dba260c011e55deaa74400bd299731ba9fc9ee799999a8cdbacfd2a2e9c9fe4640e2903f8d42ea3,gx-no-cache=1753716530691 HTTP/1.1" 200 80
201.186.225.187 - - [28/Jul/2025:12:29:10 -0300] "GET /cormun/servlet/permisogoce?ad09b806ad350bcf09a85dae6977ae5563d146aff4a934c7a049dc3231cd18d8406fe26fa6e67aa68f3c0d978f41ea7c4ae2c7b79d0ff58e6c474a5fa638145c,gx-no-cache=1753716543068 HTTP/1.1" 200 47
201.186.225.187 - - [28/Jul/2025:12:29:12 -0300] "POST /cormun/servlet/permisogoce?6591aec48da5cfae711589e80e4fcd17,INS,0,,,,gx-no-cache=1753716545455 HTTP/1.1" 200 93
201.186.225.187 - - [28/Jul/2025:12:29:13 -0300] "GET /cormun/servlet/hpexe_return? HTTP/1.1" 200 1011
201.186.225.187 - - [28/Jul/2025:12:29:13 -0300] "GET /cormun/servlet/trpermisosgoce HTTP/1.1" 200 11217
201.186.225.187 - - [28/Jul/2025:12:29:15 -0300] "GET /cormun/servlet/apermisogoceprn?19851385,P,20250728113150,PU HTTP/1.1" 200 1660
190.95.1.185 - - [28/Jul/2025:12:31:33 -0300] "GET /cormun/static/menuarrow.gif HTTP/1.1" 404 1015
190.95.1.185 - - [28/Jul/2025:12:31:39 -0300] "POST /cormun/servlet/trpermisosgoce?1e7afd5e082de7e2b0e1a21002594fd7,gx-no-cache=1753716866612 HTTP/1.1" 200 16756
190.95.1.185 - - [28/Jul/2025:12:31:39 -0300] "GET /cormun/static/Resources/PXToolsGridNext.gif HTTP/1.1" 200 369
190.95.1.185 - - [28/Jul/2025:12:31:39 -0300] "GET /cormun/static/Resources/PXToolsGridLast.gif HTTP/1.1" 200 370
190.95.1.185 - - [28/Jul/2025:12:31:44 -0300] "POST /cormun/servlet/trpermisosgoce?1e7afd5e082de7e2b0e1a21002594fd7,gx-no-cache=1753716872324 HTTP/1.1" 200 104
190.95.1.185 - - [28/Jul/2025:12:31:44 -0300] "GET /cormun/PermisosGoce-8321.xls HTTP/1.1" 200 21504
190.95.2.157 - - [28/Jul/2025:12:34:14 -0300] "GET /cormun/servlet/hlogin HTTP/1.1" 200 1719
201.186.225.249 - - [28/Jul/2025:12:34:25 -0300] "GET /cormun/servlet/solicitudot?09628f5c7c09b5b0d753ea0ce175401655e2fc1e15c7e58ce36c1b07fb218178e4da6858e9b80d6d2e198d452944764449a65251adcf5032eec5b18911582224c8e8aea6fec1253e3a811c6a61bec9c65899e44027f93db6cc0e386ac2391c4f17c338f6380d44648726e4085a6c0f0d,gx-no-cache=1753717035321 HTTP/1.1" 200 29
190.95.2.157 - - [28/Jul/2025:12:34:26 -0300] "POST /cormun/servlet/hlogin?1a93b89657f5cd813f37b20178ed0293,gx-no-cache=1753717034579 HTTP/1.1" 200 90
190.95.2.157 - - [28/Jul/2025:12:34:26 -0300] "GET /cormun/servlet/hpexe_link HTTP/1.1" 200 951
190.95.2.157 - - [28/Jul/2025:12:34:26 -0300] "GET /cormun/servlet/hhome HTTP/1.1" 200 4312
129.222.173.48 - - [28/Jul/2025:12:34:28 -0300] "GET /cormun/servlet/hlogin HTTP/1.1" 200 1721
129.222.173.48 - - [28/Jul/2025:12:34:28 -0300] "GET /cormun/servlet/hlogin HTTP/1.1" 200 1732
129.222.173.48 - - [28/Jul/2025:12:34:30 -0300] "POST /cormun/servlet/hlogin?c3805381148f9a611389681c985aa400,gx-no-cache=1753717039446 HTTP/1.1" 200 90
129.222.173.48 - - [28/Jul/2025:12:34:30 -0300] "GET /cormun/servlet/hpexe_link HTTP/1.1" 200 953
129.222.173.48 - - [28/Jul/2025:12:34:30 -0300] "GET /cormun/servlet/hhome HTTP/1.1" 200 4309
201.186.225.249 - - [28/Jul/2025:12:34:32 -0300] "GET /cormun/servlet/solicitudot?09628f5c7c09b5b0d753ea0ce1754016bf4597d5b295527164c04596b2e67f3de86740b6dfe347ae10e8dacdfc8c5703,gx-no-cache=1753717042072 HTTP/1.1" 200 30
190.95.2.157 - - [28/Jul/2025:12:34:33 -0300] "GET /cormun/servlet/trpermisosgoce? HTTP/1.1" 200 9952
129.222.173.48 - - [28/Jul/2025:12:34:33 -0300] "GET /cormun/servlet/trlicencias? HTTP/1.1" 200 9961
190.95.2.157 - - [28/Jul/2025:12:34:36 -0300] "GET /cormun/servlet/permisogoce?INS,0,,, HTTP/1.1" 200 7203
129.222.173.48 - - [28/Jul/2025:12:34:37 -0300] "GET /cormun/static/menuarrow.gif HTTP/1.1" 404 1015
201.186.225.249 - - [28/Jul/2025:12:34:46 -0300] "POST /cormun/servlet/solicitudot?gx-no-cache=1753717055691 HTTP/1.1" 200 30
129.222.173.48 - - [28/Jul/2025:12:34:49 -0300] "POST /cormun/servlet/trlicencias?c3805381148f9a611389681c985aa400,,gx-no-cache=1753717057886 HTTP/1.1" 200 9098
190.95.2.157 - - [28/Jul/2025:12:34:52 -0300] "GET /cormun/servlet/permisogoce?90e4b72d32149af4ed0901f0ec7d24587230e937edcf66a7fdeb5c7381bd11c1579737aa42519267b1e611e872319a1db6f1e8ad4fb8c86aab42a79d91fa4050,gx-no-cache=1753717060612 HTTP/1.1" 200 226
190.95.2.157 - - [28/Jul/2025:12:34:52 -0300] "GET /cormun/static/Shared/jqueryui/images/ui-icons_82798d_256x240.png HTTP/1.1" 404 1089
190.95.2.157 - - [28/Jul/2025:12:34:52 -0300] "GET /cormun/static/Shared/jqueryui/images/ui-bg_highlight-soft_100_c6c2c8_1x100.png HTTP/1.1" 404 1117
190.95.2.157 - - [28/Jul/2025:12:34:52 -0300] "GET /cormun/static/Shared/jqueryui/images/ui-icons_ebccce_256x240.png HTTP/1.1" 404 1089
190.95.2.157 - - [28/Jul/2025:12:34:52 -0300] "GET /cormun/static/Shared/jqueryui/images/ui-bg_flat_55_994d53_40x100.png HTTP/1.1" 404 1097
190.95.2.157 - - [28/Jul/2025:12:34:56 -0300] "GET /cormun/static/Resources/resize.gif HTTP/1.1" 200 77
190.95.2.157 - - [28/Jul/2025:12:34:56 -0300] "GET /cormun/static/Resources/PXTools/ClosePrompt.png HTTP/1.1" 200 1036
190.95.2.157 - - [28/Jul/2025:12:34:56 -0300] "GET /cormun/servlet/prfichaempleado?,MD,,gxPopupLevel%3D0%3B HTTP/1.1" 200 9276
190.95.2.157 - - [28/Jul/2025:12:34:56 -0300] "GET /cormun/static/gxcfg.js?20201215571085 HTTP/1.1" 200 953
190.95.2.157 - - [28/Jul/2025:12:34:56 -0300] "GET /cormun/static/Resources/PXToolsMenuSearch.png HTTP/1.1" 200 336
190.95.2.157 - - [28/Jul/2025:12:34:56 -0300] "GET /cormun/static/prfichaempleado.js?20201215572193 HTTP/1.1" 200 16005
190.95.2.157 - - [28/Jul/2025:12:34:56 -0300] "GET /cormun/static/menusearch.js?20201214473581 HTTP/1.1" 200 1424
190.95.2.157 - - [28/Jul/2025:12:34:56 -0300] "GET /cormun/static/hmpwkw011.js?202211298443482 HTTP/1.1" 200 1968
190.95.2.157 - - [28/Jul/2025:12:34:56 -0300] "GET /cormun/static/Resources/PXToolsMenuSearchCancel.png HTTP/1.1" 200 306
190.95.2.157 - - [28/Jul/2025:12:35:10 -0300] "POST /cormun/servlet/prfichaempleado?1a93b89657f5cd813f37b20178ed0293,,MD,,gxPopupLevel%3D0%3B,gx-no-cache=1753717078524 HTTP/1.1" 200 3405
190.95.2.157 - - [28/Jul/2025:12:35:15 -0300] "GET /cormun/servlet/permisogoce?90e4b72d32149af4ed0901f0ec7d2458ef5060b92030c1bcdda0216fa88e9e30579737aa42519267b1e611e872319a1db6f1e8ad4fb8c86aab42a79d91fa4050,gx-no-cache=1753717083674 HTTP/1.1" 200 77
190.95.2.157 - - [28/Jul/2025:12:35:15 -0300] "GET /cormun/static/menuarrow.gif HTTP/1.1" 404 1015
201.186.225.249 - - [28/Jul/2025:12:35:22 -0300] "POST /cormun/servlet/solicitudot?b28aacc89eeb71de3034d526bbd9115a,INS,0,0,false,,gx-no-cache=1753717091505 HTTP/1.1" 200 93
201.186.225.249 - - [28/Jul/2025:12:35:22 -0300] "GET /cormun/servlet/hpexe_return? HTTP/1.1" 200 1007
201.186.225.249 - - [28/Jul/2025:12:35:22 -0300] "GET /cormun/servlet/trsolicitudot? HTTP/1.1" 200 9581
190.95.2.157 - - [28/Jul/2025:12:35:26 -0300] "GET /cormun/servlet/permisogoce?90e4b72d32149af4ed0901f0ec7d2458088691ea59f7c6f989dbbd73fc639abc9afc3a250d0a84f81e50ffdfd0b68568b1e701c438cd9445965cb7fa08cad866,gx-no-cache=1753717094642 HTTP/1.1" 200 47
190.95.2.157 - - [28/Jul/2025:12:35:30 -0300] "POST /cormun/servlet/permisogoce?1a93b89657f5cd813f37b20178ed0293,INS,0,,,,gx-no-cache=1753717098339 HTTP/1.1" 200 93
190.95.2.157 - - [28/Jul/2025:12:35:30 -0300] "GET /cormun/servlet/hpexe_return? HTTP/1.1" 200 1010
190.95.2.157 - - [28/Jul/2025:12:35:31 -0300] "GET /cormun/servlet/trpermisosgoce HTTP/1.1" 200 10204
201.186.225.249 - - [28/Jul/2025:12:35:31 -0300] "POST /cormun/servlet/trsolicitudot?b28aacc89eeb71de3034d526bbd9115a,,gx-no-cache=1753717101477 HTTP/1.1" 200 107
201.186.225.249 - - [28/Jul/2025:12:35:31 -0300] "GET /cormun/servlet/trsolicitudadjuntos?2025,22813, HTTP/1.1" 200 6407
201.186.225.249 - - [28/Jul/2025:12:35:33 -0300] "GET /cormun/servlet/solicitudotadjuntos?INS,2025,22813,,1, HTTP/1.1" 200 6353
201.186.225.249 - - [28/Jul/2025:12:35:33 -0300] "GET /cormun/static/about:blank HTTP/1.1" 404 1011
201.186.225.249 - - [28/Jul/2025:12:35:34 -0300] "GET /cormun/servlet/solicitudotadjuntos?09628f5c7c09b5b0d753ea0ce17540165102fb592410e4751e8b0647142ba2ea314864de3eb8a20b18024c384e81d365,gx-no-cache=1753717103968 HTTP/1.1" 200 30
201.186.225.249 - - [28/Jul/2025:12:35:34 -0300] "POST /cormun/servlet/solicitudotadjuntos?b28aacc89eeb71de3034d526bbd9115a,INS,2025,22813,,1,,gx-no-cache=1753717103987 HTTP/1.1" 200 4159
190.95.2.157 - - [28/Jul/2025:12:35:35 -0300] "GET /cormun/servlet/trpermisosadjuntos?8161307,20250728113746,P, HTTP/1.1" 200 6625
201.186.225.249 - - [28/Jul/2025:12:35:36 -0300] "POST /cormun/servlet/solicitudotadjuntos?gx-no-cache=1753717105760 HTTP/1.1" 200 26
190.95.2.157 - - [28/Jul/2025:12:35:37 -0300] "GET /cormun/servlet/permisosadjuntos?INS,8161307,P,20250728113746,, HTTP/1.1" 200 5950
190.95.2.157 - - [28/Jul/2025:12:35:37 -0300] "GET /cormun/static/about:blank HTTP/1.1" 404 1011
190.95.2.157 - - [28/Jul/2025:12:35:44 -0300] "POST /cormun/servlet/permisosadjuntos?1a93b89657f5cd813f37b20178ed0293,INS,8161307,P,20250728113746,, HTTP/1.1" 200 116
190.95.2.157 - - [28/Jul/2025:12:35:44 -0300] "GET /cormun/servlet/hpexe_return? HTTP/1.1" 200 1038
190.95.2.157 - - [28/Jul/2025:12:35:44 -0300] "GET /cormun/servlet/trpermisosadjuntos?8161307,20250728113746,P, HTTP/1.1" 200 7116
190.95.2.157 - - [28/Jul/2025:12:35:46 -0300] "POST /cormun/servlet/trpermisosadjuntos?1a93b89657f5cd813f37b20178ed0293,8161307,20250728113746,P,,gx-no-cache=1753717114035 HTTP/1.1" 200 90
190.95.2.157 - - [28/Jul/2025:12:35:46 -0300] "GET /cormun/servlet/hpexe_link HTTP/1.1" 200 983
190.95.2.157 - - [28/Jul/2025:12:35:46 -0300] "GET /cormun/servlet/trpermisosgoce HTTP/1.1" 200 10201
190.95.2.157 - - [28/Jul/2025:12:35:49 -0300] "POST /cormun/servlet/trpermisosgoce?1a93b89657f5cd813f37b20178ed0293,gx-no-cache=1753717117342 HTTP/1.1" 200 7443
190.95.2.157 - - [28/Jul/2025:12:35:49 -0300] "GET /cormun/static/Shared/jqueryui/images/ui-icons_82798d_256x240.png HTTP/1.1" 404 1089
190.95.2.157 - - [28/Jul/2025:12:35:49 -0300] "GET /cormun/static/Shared/jqueryui/images/ui-bg_highlight-soft_100_c6c2c8_1x100.png HTTP/1.1" 404 1117
190.95.2.157 - - [28/Jul/2025:12:35:49 -0300] "GET /cormun/static/Shared/jqueryui/images/ui-bg_flat_55_fafafa_40x100.png HTTP/1.1" 404 1097
190.95.2.157 - - [28/Jul/2025:12:35:49 -0300] "GET /cormun/static/Shared/jqueryui/images/ui-icons_8d78a5_256x240.png HTTP/1.1" 404 1089
201.186.225.249 - - [28/Jul/2025:12:35:50 -0300] "GET /cormun/servlet/solicitudotadjuntos?09628f5c7c09b5b0d753ea0ce1754016e795bf8d41fd2b0a48ef104bdf8415a7,gx-no-cache=1753717120009 HTTP/1.1" 200 30
201.186.225.249 - - [28/Jul/2025:12:35:50 -0300] "GET /cormun/servlet/solicitudotadjuntos?09628f5c7c09b5b0d753ea0ce1754016e795bf8d41fd2b0a48ef104bdf8415a7,gx-no-cache=1753717120025 HTTP/1.1" 200 30
190.95.2.157 - - [28/Jul/2025:12:35:50 -0300] "GET /cormun/servlet/apermisogoceprn?14136625,P,20250728085925,PU HTTP/1.1" 200 1653
201.186.225.249 - - [28/Jul/2025:12:35:50 -0300] "POST /cormun/servlet/solicitudotadjuntos?b28aacc89eeb71de3034d526bbd9115a,INS,2025,22813,,1, HTTP/1.1" 200 116
201.186.225.249 - - [28/Jul/2025:12:35:50 -0300] "GET /cormun/servlet/hpexe_return? HTTP/1.1" 200 1024
201.186.225.249 - - [28/Jul/2025:12:35:50 -0300] "GET /cormun/servlet/trsolicitudadjuntos?2025,22813, HTTP/1.1" 200 9565
190.95.2.157 - - [28/Jul/2025:12:35:50 -0300] "GET /cormun/servlet/apermisogoceprn?14136625,P,20250728085925,PU HTTP/1.1" 200 1656
201.186.225.249 - - [28/Jul/2025:12:35:52 -0300] "GET /cormun/servlet/solicitudotadjuntos?INS,2025,22813,,1, HTTP/1.1" 200 6353
201.186.225.249 - - [28/Jul/2025:12:35:52 -0300] "GET /cormun/static/about:blank HTTP/1.1" 404 1011
201.186.225.249 - - [28/Jul/2025:12:35:52 -0300] "GET /cormun/servlet/solicitudotadjuntos?09628f5c7c09b5b0d753ea0ce17540165102fb592410e4751e8b0647142ba2ea314864de3eb8a20b18024c384e81d365,gx-no-cache=1753717122460 HTTP/1.1" 200 30
201.186.225.249 - - [28/Jul/2025:12:35:52 -0300] "POST /cormun/servlet/solicitudotadjuntos?b28aacc89eeb71de3034d526bbd9115a,INS,2025,22813,,1,,gx-no-cache=1753717122477 HTTP/1.1" 200 4159
201.186.225.249 - - [28/Jul/2025:12:35:56 -0300] "POST /cormun/servlet/solicitudotadjuntos?gx-no-cache=1753717126120 HTTP/1.1" 200 26
201.186.225.249 - - [28/Jul/2025:12:36:01 -0300] "GET /cormun/servlet/solicitudotadjuntos?09628f5c7c09b5b0d753ea0ce1754016e795bf8d41fd2b0a48ef104bdf8415a7,gx-no-cache=1753717131256 HTTP/1.1" 200 30
201.186.225.249 - - [28/Jul/2025:12:36:01 -0300] "GET /cormun/servlet/solicitudotadjuntos?09628f5c7c09b5b0d753ea0ce1754016e795bf8d41fd2b0a48ef104bdf8415a7,gx-no-cache=1753717131269 HTTP/1.1" 200 30
201.186.225.249 - - [28/Jul/2025:12:36:01 -0300] "POST /cormun/servlet/solicitudotadjuntos?b28aacc89eeb71de3034d526bbd9115a,INS,2025,22813,,1, HTTP/1.1" 200 116
201.186.225.249 - - [28/Jul/2025:12:36:01 -0300] "GET /cormun/servlet/hpexe_return? HTTP/1.1" 200 1024
201.186.225.249 - - [28/Jul/2025:12:36:01 -0300] "GET /cormun/servlet/trsolicitudadjuntos?2025,22813, HTTP/1.1" 200 9793
201.186.225.249 - - [28/Jul/2025:12:36:03 -0300] "GET /cormun/servlet/solicitudotadjuntos?INS,2025,22813,,1, HTTP/1.1" 200 6353
201.186.225.249 - - [28/Jul/2025:12:36:03 -0300] "GET /cormun/static/about:blank HTTP/1.1" 404 1011
201.186.225.249 - - [28/Jul/2025:12:36:04 -0300] "GET /cormun/servlet/solicitudotadjuntos?09628f5c7c09b5b0d753ea0ce17540165102fb592410e4751e8b0647142ba2ea314864de3eb8a20b18024c384e81d365,gx-no-cache=1753717133832 HTTP/1.1" 200 30
201.186.225.249 - - [28/Jul/2025:12:36:04 -0300] "POST /cormun/servlet/solicitudotadjuntos?b28aacc89eeb71de3034d526bbd9115a,INS,2025,22813,,1,,gx-no-cache=1753717133854 HTTP/1.1" 200 4159
201.186.225.249 - - [28/Jul/2025:12:36:06 -0300] "POST /cormun/servlet/solicitudotadjuntos?gx-no-cache=1753717136072 HTTP/1.1" 200 26
201.186.225.249 - - [28/Jul/2025:12:36:23 -0300] "GET /cormun/servlet/solicitudotadjuntos?09628f5c7c09b5b0d753ea0ce1754016e795bf8d41fd2b0a48ef104bdf8415a7,gx-no-cache=1753717152993 HTTP/1.1" 200 30
201.186.225.249 - - [28/Jul/2025:12:36:23 -0300] "GET /cormun/servlet/solicitudotadjuntos?09628f5c7c09b5b0d753ea0ce1754016e795bf8d41fd2b0a48ef104bdf8415a7,gx-no-cache=1753717153007 HTTP/1.1" 200 30
201.186.225.249 - - [28/Jul/2025:12:36:23 -0300] "POST /cormun/servlet/solicitudotadjuntos?b28aacc89eeb71de3034d526bbd9115a,INS,2025,22813,,1, HTTP/1.1" 200 116
201.186.225.249 - - [28/Jul/2025:12:36:23 -0300] "GET /cormun/servlet/hpexe_return? HTTP/1.1" 200 1024
201.186.225.249 - - [28/Jul/2025:12:36:23 -0300] "GET /cormun/servlet/trsolicitudadjuntos?2025,22813, HTTP/1.1" 200 10039
201.186.225.249 - - [28/Jul/2025:12:36:25 -0300] "GET /cormun/servlet/solicitudotadjuntos?INS,2025,22813,,1, HTTP/1.1" 200 6353
201.186.225.249 - - [28/Jul/2025:12:36:25 -0300] "GET /cormun/static/about:blank HTTP/1.1" 404 1011
201.186.225.249 - - [28/Jul/2025:12:36:26 -0300] "GET /cormun/servlet/solicitudotadjuntos?09628f5c7c09b5b0d753ea0ce17540165102fb592410e4751e8b0647142ba2ea314864de3eb8a20b18024c384e81d365,gx-no-cache=1753717155758 HTTP/1.1" 200 30
201.186.225.249 - - [28/Jul/2025:12:36:26 -0300] "POST /cormun/servlet/solicitudotadjuntos?b28aacc89eeb71de3034d526bbd9115a,INS,2025,22813,,1,,gx-no-cache=1753717155775 HTTP/1.1" 200 4159
129.222.173.48 - - [28/Jul/2025:12:36:28 -0300] "POST /cormun/servlet/trlicencias?c3805381148f9a611389681c985aa400,,gx-no-cache=1753717157358 HTTP/1.1" 200 7403
201.186.225.249 - - [28/Jul/2025:12:36:29 -0300] "POST /cormun/servlet/solicitudotadjuntos?gx-no-cache=1753717159456 HTTP/1.1" 200 26
190.95.2.157 - - [28/Jul/2025:12:36:30 -0300] "GET /cormun/servlet/trautorizarpermisogoce? HTTP/1.1" 200 8488
201.186.225.249 - - [28/Jul/2025:12:36:33 -0300] "GET /cormun/servlet/solicitudotadjuntos?09628f5c7c09b5b0d753ea0ce1754016e795bf8d41fd2b0a48ef104bdf8415a7,gx-no-cache=1753717163400 HTTP/1.1" 200 30
201.186.225.249 - - [28/Jul/2025:12:36:33 -0300] "GET /cormun/servlet/solicitudotadjuntos?09628f5c7c09b5b0d753ea0ce1754016e795bf8d41fd2b0a48ef104bdf8415a7,gx-no-cache=1753717163413 HTTP/1.1" 200 30
201.186.225.249 - - [28/Jul/2025:12:36:33 -0300] "POST /cormun/servlet/solicitudotadjuntos?b28aacc89eeb71de3034d526bbd9115a,INS,2025,22813,,1, HTTP/1.1" 200 116
201.186.225.249 - - [28/Jul/2025:12:36:33 -0300] "GET /cormun/servlet/hpexe_return? HTTP/1.1" 200 1024
201.186.225.249 - - [28/Jul/2025:12:36:33 -0300] "GET /cormun/servlet/trsolicitudadjuntos?2025,22813, HTTP/1.1" 200 10306
190.95.2.157 - - [28/Jul/2025:12:36:34 -0300] "POST /cormun/servlet/trautorizarpermisogoce?1a93b89657f5cd813f37b20178ed0293,,gx-no-cache=1753717162052 HTTP/1.1" 200 5537
190.95.2.157 - - [28/Jul/2025:12:36:35 -0300] "POST /cormun/servlet/trautorizarpermisogoce?1a93b89657f5cd813f37b20178ed0293,,gx-no-cache=1753717163643 HTTP/1.1" 200 5286
201.186.225.249 - - [28/Jul/2025:12:36:35 -0300] "GET /cormun/servlet/solicitudotadjuntos?INS,2025,22813,,1, HTTP/1.1" 200 6353
201.186.225.249 - - [28/Jul/2025:12:36:35 -0300] "GET /cormun/static/about:blank HTTP/1.1" 404 1011
201.186.225.249 - - [28/Jul/2025:12:36:36 -0300] "GET /cormun/servlet/solicitudotadjuntos?09628f5c7c09b5b0d753ea0ce17540165102fb592410e4751e8b0647142ba2ea314864de3eb8a20b18024c384e81d365,gx-no-cache=1753717166138 HTTP/1.1" 200 30
201.186.225.249 - - [28/Jul/2025:12:36:36 -0300] "POST /cormun/servlet/solicitudotadjuntos?b28aacc89eeb71de3034d526bbd9115a,INS,2025,22813,,1,,gx-no-cache=1753717166155 HTTP/1.1" 200 4159
190.95.2.157 - - [28/Jul/2025:12:36:37 -0300] "POST /cormun/servlet/trautorizarpermisogoce?1a93b89657f5cd813f37b20178ed0293,,gx-no-cache=1753717164851 HTTP/1.1" 200 4528
201.186.225.249 - - [28/Jul/2025:12:36:38 -0300] "POST /cormun/servlet/solicitudotadjuntos?gx-no-cache=1753717168623 HTTP/1.1" 200 26
201.186.225.249 - - [28/Jul/2025:12:36:43 -0300] "GET /cormun/servlet/solicitudotadjuntos?09628f5c7c09b5b0d753ea0ce1754016e795bf8d41fd2b0a48ef104bdf8415a7,gx-no-cache=1753717173368 HTTP/1.1" 200 30
201.186.225.249 - - [28/Jul/2025:12:36:43 -0300] "GET /cormun/servlet/solicitudotadjuntos?09628f5c7c09b5b0d753ea0ce1754016e795bf8d41fd2b0a48ef104bdf8415a7,gx-no-cache=1753717173379 HTTP/1.1" 200 30
201.186.225.249 - - [28/Jul/2025:12:36:43 -0300] "POST /cormun/servlet/solicitudotadjuntos?b28aacc89eeb71de3034d526bbd9115a,INS,2025,22813,,1, HTTP/1.1" 200 116
201.186.225.249 - - [28/Jul/2025:12:36:43 -0300] "GET /cormun/servlet/hpexe_return? HTTP/1.1" 200 1024
201.186.225.249 - - [28/Jul/2025:12:36:43 -0300] "GET /cormun/servlet/trsolicitudadjuntos?2025,22813, HTTP/1.1" 200 10550
201.186.225.249 - - [28/Jul/2025:12:36:45 -0300] "GET /cormun/servlet/solicitudotadjuntos?INS,2025,22813,,1, HTTP/1.1" 200 6353
201.186.225.249 - - [28/Jul/2025:12:36:45 -0300] "GET /cormun/static/about:blank HTTP/1.1" 404 1011
201.186.225.249 - - [28/Jul/2025:12:36:46 -0300] "GET /cormun/servlet/solicitudotadjuntos?09628f5c7c09b5b0d753ea0ce17540165102fb592410e4751e8b0647142ba2ea314864de3eb8a20b18024c384e81d365,gx-no-cache=1753717176030 HTTP/1.1" 200 30
201.186.225.249 - - [28/Jul/2025:12:36:46 -0300] "POST /cormun/servlet/solicitudotadjuntos?b28aacc89eeb71de3034d526bbd9115a,INS,2025,22813,,1,,gx-no-cache=1753717176047 HTTP/1.1" 200 4159
201.186.225.249 - - [28/Jul/2025:12:36:48 -0300] "POST /cormun/servlet/solicitudotadjuntos?gx-no-cache=1753717178048 HTTP/1.1" 200 26
201.186.225.249 - - [28/Jul/2025:12:36:52 -0300] "GET /cormun/servlet/solicitudotadjuntos?09628f5c7c09b5b0d753ea0ce1754016e795bf8d41fd2b0a48ef104bdf8415a7,gx-no-cache=1753717182560 HTTP/1.1" 200 30
201.186.225.249 - - [28/Jul/2025:12:36:52 -0300] "GET /cormun/servlet/solicitudotadjuntos?09628f5c7c09b5b0d753ea0ce1754016e795bf8d41fd2b0a48ef104bdf8415a7,gx-no-cache=1753717182573 HTTP/1.1" 200 30
201.186.225.249 - - [28/Jul/2025:12:36:53 -0300] "POST /cormun/servlet/solicitudotadjuntos?b28aacc89eeb71de3034d526bbd9115a,INS,2025,22813,,1, HTTP/1.1" 200 116
201.186.225.249 - - [28/Jul/2025:12:36:53 -0300] "GET /cormun/servlet/hpexe_return? HTTP/1.1" 200 1024
201.186.225.249 - - [28/Jul/2025:12:36:53 -0300] "GET /cormun/servlet/trsolicitudadjuntos?2025,22813, HTTP/1.1" 200 10708
201.186.225.249 - - [28/Jul/2025:12:36:55 -0300] "GET /cormun/servlet/trsolicitudot? HTTP/1.1" 200 9584
129.222.173.48 - - [28/Jul/2025:12:36:56 -0300] "GET /cormun/servlet/licenciaspermisos?DSP,19590128,L,20250428000000, HTTP/1.1" 200 7411
129.222.173.48 - - [28/Jul/2025:12:36:59 -0300] "POST /cormun/servlet/licenciaspermisos?c3805381148f9a611389681c985aa400,DSP,19590128,L,20250428000000,,gx-no-cache=1753717188174 HTTP/1.1" 200 93
129.222.173.48 - - [28/Jul/2025:12:36:59 -0300] "GET /cormun/servlet/hpexe_return? HTTP/1.1" 200 1031
129.222.173.48 - - [28/Jul/2025:12:36:59 -0300] "GET /cormun/static/gxcfg.js?20221129846035 HTTP/1.1" 200 953
129.222.173.48 - - [28/Jul/2025:12:36:59 -0300] "GET /cormun/static/hpexe_return.js?20221129846037 HTTP/1.1" 200 1633
129.222.173.48 - - [28/Jul/2025:12:36:59 -0300] "GET /cormun/servlet/trlicencias? HTTP/1.1" 200 9960
129.222.173.48 - - [28/Jul/2025:12:37:02 -0300] "GET /cormun/servlet/licenciaspermisos?DSP,20372747,L,20250402000000, HTTP/1.1" 200 7416
129.222.173.48 - - [28/Jul/2025:12:37:06 -0300] "POST /cormun/servlet/licenciaspermisos?c3805381148f9a611389681c985aa400,DSP,20372747,L,20250402000000,,gx-no-cache=1753717194934 HTTP/1.1" 200 93
129.222.173.48 - - [28/Jul/2025:12:37:06 -0300] "GET /cormun/servlet/hpexe_return? HTTP/1.1" 200 1029
129.222.173.48 - - [28/Jul/2025:12:37:06 -0300] "GET /cormun/servlet/trlicencias HTTP/1.1" 200 9960
201.186.225.249 - - [28/Jul/2025:12:37:08 -0300] "POST /cormun/servlet/trsolicitudot?b28aacc89eeb71de3034d526bbd9115a,,gx-no-cache=1753717197883 HTTP/1.1" 200 6674
201.186.225.249 - - [28/Jul/2025:12:37:08 -0300] "GET /cormun/static/Shared/jqueryui/images/ui-bg_highlight-soft_100_c6c2c8_1x100.png HTTP/1.1" 404 1117
201.186.225.249 - - [28/Jul/2025:12:37:08 -0300] "GET /cormun/static/Shared/jqueryui/images/ui-bg_flat_55_fafafa_40x100.png HTTP/1.1" 404 1097
201.186.225.249 - - [28/Jul/2025:12:37:08 -0300] "GET /cormun/static/Shared/jqueryui/images/ui-icons_8d78a5_256x240.png HTTP/1.1" 404 1089
201.186.225.249 - - [28/Jul/2025:12:37:08 -0300] "GET /cormun/static/Shared/jqueryui/images/ui-icons_82798d_256x240.png HTTP/1.1" 404 1089
201.186.225.249 - - [28/Jul/2025:12:37:08 -0300] "POST /cormun/servlet/trsolicitudot?b28aacc89eeb71de3034d526bbd9115a,,gx-no-cache=1753717198021 HTTP/1.1" 200 6618
201.186.225.249 - - [28/Jul/2025:12:37:13 -0300] "GET /cormun/servlet/trautorizarsolicitud? HTTP/1.1" 200 8825
201.186.225.249 - - [28/Jul/2025:12:37:17 -0300] "POST /cormun/servlet/trautorizarsolicitud?b28aacc89eeb71de3034d526bbd9115a,,gx-no-cache=1753717206722 HTTP/1.1" 200 4810
201.186.225.249 - - [28/Jul/2025:12:37:17 -0300] "POST /cormun/servlet/trautorizarsolicitud?b28aacc89eeb71de3034d526bbd9115a,,gx-no-cache=1753717206809 HTTP/1.1" 200 4552
190.95.2.157 - - [28/Jul/2025:12:37:18 -0300] "GET /cormun/servlet/trlicencias? HTTP/1.1" 200 11621
190.95.2.157 - - [28/Jul/2025:12:38:04 -0300] "GET /cormun/servlet/alicenciaprn?17505935,L,20250724000000,PU HTTP/1.1" 200 1544
190.95.2.157 - - [28/Jul/2025:12:38:04 -0300] "GET /cormun/servlet/alicenciaprn?17505935,L,20250724000000,PU HTTP/1.1" 200 1544
129.222.173.48 - - [28/Jul/2025:12:38:14 -0300] "POST /cormun/servlet/trlicencias?c3805381148f9a611389681c985aa400,gx-no-cache=1753717262999 HTTP/1.1" 200 8275
129.222.173.48 - - [28/Jul/2025:12:38:30 -0300] "GET /cormun/servlet/licenciaspermisos?DSP,19590128,L,20250529000000, HTTP/1.1" 200 7427
129.222.173.48 - - [28/Jul/2025:12:38:33 -0300] "POST /cormun/servlet/licenciaspermisos?c3805381148f9a611389681c985aa400,DSP,19590128,L,20250529000000,,gx-no-cache=1753717282534 HTTP/1.1" 200 93
129.222.173.48 - - [28/Jul/2025:12:38:33 -0300] "GET /cormun/servlet/hpexe_return? HTTP/1.1" 200 1051
129.222.173.48 - - [28/Jul/2025:12:38:34 -0300] "GET /cormun/servlet/trlicencias?gx-no-cache=1753717262999 HTTP/1.1" 200 10698
129.222.173.48 - - [28/Jul/2025:12:38:38 -0300] "GET /cormun/servlet/licenciaspermisos?DSP,20372747,L,20250502000000, HTTP/1.1" 200 7433
129.222.173.48 - - [28/Jul/2025:12:38:40 -0300] "POST /cormun/servlet/licenciaspermisos?c3805381148f9a611389681c985aa400,DSP,20372747,L,20250502000000,,gx-no-cache=1753717288654 HTTP/1.1" 200 93
129.222.173.48 - - [28/Jul/2025:12:38:40 -0300] "GET /cormun/servlet/hpexe_return? HTTP/1.1" 200 1050
129.222.173.48 - - [28/Jul/2025:12:38:40 -0300] "GET /cormun/servlet/trlicencias?gx-no-cache=1753717262999 HTTP/1.1" 200 10698
190.95.67.91 - - [28/Jul/2025:12:38:51 -0300] "POST /cormun/servlet/trlicencias?f350c7a505f5025b4eb33767f0fa0731,gx-no-cache=1753717298850 HTTP/1.1" 200 16579
129.222.173.48 - - [28/Jul/2025:12:38:56 -0300] "GET /cormun/servlet/licenciaspermisos?DSP,16271586,L,20250516000000, HTTP/1.1" 200 7469
129.222.173.48 - - [28/Jul/2025:12:38:59 -0300] "POST /cormun/servlet/licenciaspermisos?c3805381148f9a611389681c985aa400,DSP,16271586,L,20250516000000,,gx-no-cache=1753717308614 HTTP/1.1" 200 93
129.222.173.48 - - [28/Jul/2025:12:39:00 -0300] "GET /cormun/servlet/hpexe_return? HTTP/1.1" 200 1051
129.222.173.48 - - [28/Jul/2025:12:39:00 -0300] "GET /cormun/servlet/trlicencias?gx-no-cache=1753717262999 HTTP/1.1" 200 10698
190.95.2.157 - - [28/Jul/2025:12:39:04 -0300] "POST /cormun/servlet/trlicencias?1a93b89657f5cd813f37b20178ed0293,,gx-no-cache=1753717312349 HTTP/1.1" 200 15280
190.95.2.157 - - [28/Jul/2025:12:39:06 -0300] "POST /cormun/servlet/trlicencias?1a93b89657f5cd813f37b20178ed0293,,gx-no-cache=1753717313924 HTTP/1.1" 200 15279
190.95.2.157 - - [28/Jul/2025:12:39:07 -0300] "POST /cormun/servlet/trlicencias?1a93b89657f5cd813f37b20178ed0293,,gx-no-cache=1753717315116 HTTP/1.1" 200 15276
190.95.1.183 - - [28/Jul/2025:12:41:26 -0300] "GET /cormun/servlet/hlogin HTTP/1.1" 200 1722
190.95.1.183 - - [28/Jul/2025:12:41:26 -0300] "GET /cormun/static/Resources/Spanish/PXTools.css?1759030 HTTP/1.1" 200 100853
190.95.1.183 - - [28/Jul/2025:12:41:26 -0300] "GET /cormun/static/gxtimezone.js?85251 HTTP/1.1" 200 5781
190.95.1.183 - - [28/Jul/2025:12:41:27 -0300] "GET /cormun/static/gxcfg.js?2022112219184450 HTTP/1.1" 200 953
190.95.1.183 - - [28/Jul/2025:12:41:27 -0300] "GET /cormun/static/Resources/CormunLogin.png HTTP/1.1" 200 19132
190.95.1.183 - - [28/Jul/2025:12:41:27 -0300] "GET /cormun/static/messages.spa.js?85251 HTTP/1.1" 200 30736
190.95.1.183 - - [28/Jul/2025:12:41:27 -0300] "GET /cormun/static/hlogin.js?2022112219184458 HTTP/1.1" 200 2156
190.95.1.183 - - [28/Jul/2025:12:41:27 -0300] "GET /cormun/static/gxgral.js?85251 HTTP/1.1" 200 384558
190.95.1.183 - - [28/Jul/2025:12:41:27 -0300] "GET /cormun/static/Resources/PXToolsLoginTop.png HTTP/1.1" 200 1337
190.95.1.183 - - [28/Jul/2025:12:41:27 -0300] "GET /cormun/static/Resources/PXToolsLoginBackground.png HTTP/1.1" 200 1164
190.95.1.183 - - [28/Jul/2025:12:41:27 -0300] "GET /cormun/static/Resources/PXToolsButtonLeft.png HTTP/1.1" 200 1310
190.95.1.183 - - [28/Jul/2025:12:41:27 -0300] "GET /cormun/static/Resources/PXToolsButtonRight.png HTTP/1.1" 200 1294
190.95.1.183 - - [28/Jul/2025:12:41:27 -0300] "GET /cormun/static/Resources/PXToolsButtonBackground.png HTTP/1.1" 200 1176
190.95.1.183 - - [28/Jul/2025:12:41:27 -0300] "GET /cormun/static/Resources/PXToolsLoginBottom.png HTTP/1.1" 200 1389
190.95.1.183 - - [28/Jul/2025:12:41:27 -0300] "GET /cormun/static/Resources/indicator.gif HTTP/1.1" 200 1553
190.95.1.183 - - [28/Jul/2025:12:41:27 -0300] "GET /cormun/servlet/hlogin HTTP/1.1" 200 1732
190.95.1.183 - - [28/Jul/2025:12:41:27 -0300] "GET /favicon.ico HTTP/1.1" 200 21630
190.95.1.183 - - [28/Jul/2025:12:41:31 -0300] "POST /cormun/servlet/hlogin?a4bec5ee643570caf706182f13b80b85,gx-no-cache=1753717459661 HTTP/1.1" 200 90
190.95.1.183 - - [28/Jul/2025:12:41:31 -0300] "GET /cormun/servlet/hpexe_link HTTP/1.1" 200 948
190.95.1.183 - - [28/Jul/2025:12:41:31 -0300] "GET /cormun/static/gxcfg.js?20221129847421 HTTP/1.1" 200 953
190.95.1.183 - - [28/Jul/2025:12:41:31 -0300] "GET /cormun/static/hpexe_link.js?20221129847423 HTTP/1.1" 200 625
190.95.1.183 - - [28/Jul/2025:12:41:31 -0300] "GET /cormun/static/Resources/Spanish/PXTools.css?8354383 HTTP/1.1" 200 100853
190.95.1.183 - - [28/Jul/2025:12:41:31 -0300] "GET /cormun/servlet/hhome HTTP/1.1" 200 4204
190.95.1.183 - - [28/Jul/2025:12:41:31 -0300] "GET /cormun/static/SmoothNavMenu/resources/ddsmoothmenu.css?1112540 HTTP/1.1" 200 2223
190.95.1.183 - - [28/Jul/2025:12:41:31 -0300] "GET /cormun/static/SmoothNavMenu/resources/ddsmoothmenu-v.css?1112540 HTTP/1.1" 200 1188
190.95.1.183 - - [28/Jul/2025:12:41:31 -0300] "GET /cormun/static/gxcfg.js?20201215495537 HTTP/1.1" 200 953
190.95.1.183 - - [28/Jul/2025:12:41:31 -0300] "GET /cormun/static/scaMessage/css/jquery.pnotify.default.css?1816380 HTTP/1.1" 200 1707
190.95.1.183 - - [28/Jul/2025:12:41:31 -0300] "GET /cormun/static/Resources/Spanish/PXTools.css?14345360 HTTP/1.1" 200 100853
190.95.1.183 - - [28/Jul/2025:12:41:31 -0300] "GET /cormun/static/Shared/jqueryui/jquery-ui.min.css?1345370 HTTP/1.1" 200 30288
190.95.1.183 - - [28/Jul/2025:12:41:31 -0300] "GET /cormun/static/PXToolsJavascripts/pexe_autoreload.js HTTP/1.1" 200 1762
190.95.1.183 - - [28/Jul/2025:12:41:31 -0300] "GET /cormun/static/PXToolsJavascripts/pexe_cookies.js HTTP/1.1" 200 792
190.95.1.183 - - [28/Jul/2025:12:41:31 -0300] "GET /cormun/static/PXToolsJavascripts/pexe_grid.js HTTP/1.1" 200 7559
190.95.1.183 - - [28/Jul/2025:12:41:31 -0300] "GET /cormun/static/PXToolsJavascripts/pexe_windows.js HTTP/1.1" 200 15249
190.95.1.183 - - [28/Jul/2025:12:41:31 -0300] "GET /cormun/static/PXToolsJavascripts/pexe_griddivfix.js HTTP/1.1" 200 6946
190.95.1.183 - - [28/Jul/2025:12:41:31 -0300] "GET /cormun/static/PXToolsJavascripts/pexe_link.js HTTP/1.1" 200 5671
190.95.1.183 - - [28/Jul/2025:12:41:31 -0300] "GET /cormun/static/PXToolsJavascripts/pexe_menus.js HTTP/1.1" 200 1286
190.95.1.183 - - [28/Jul/2025:12:41:31 -0300] "GET /cormun/static/PXToolsJavascripts/pexe_menudivfix.js HTTP/1.1" 200 333
190.95.1.183 - - [28/Jul/2025:12:41:31 -0300] "GET /cormun/static/PXToolsJavascripts/pexe_layers.js HTTP/1.1" 200 4114
190.95.1.183 - - [28/Jul/2025:12:41:31 -0300] "GET /cormun/static/PXToolsJavascripts/pexe_oav.js HTTP/1.1" 200 645
190.95.1.183 - - [28/Jul/2025:12:41:31 -0300] "GET /cormun/static/PXToolsJavascripts/pexe_picture.js HTTP/1.1" 200 689
190.95.1.183 - - [28/Jul/2025:12:41:31 -0300] "GET /cormun/static/PXToolsJavascripts/pexe_oavdivfix.js HTTP/1.1" 200 639
190.95.1.183 - - [28/Jul/2025:12:41:31 -0300] "GET /cormun/static/PXToolsJavascripts/pexe_popup.js HTTP/1.1" 200 15149
190.95.1.183 - - [28/Jul/2025:12:41:31 -0300] "GET /cormun/static/PXToolsJavascripts/pexe_scrolldiv.js HTTP/1.1" 200 4138
190.95.1.183 - - [28/Jul/2025:12:41:31 -0300] "GET /cormun/static/PXToolsJavascripts/pexe_tabdivfix.js HTTP/1.1" 200 898
190.95.1.183 - - [28/Jul/2025:12:41:31 -0300] "GET /cormun/static/PXToolsJavascripts/pexe_tabs.js HTTP/1.1" 200 3748
190.95.1.183 - - [28/Jul/2025:12:41:31 -0300] "GET /cormun/static/PXToolsJavascripts/pexe_upload.js HTTP/1.1" 200 1423
