190.95.15.27 - - [23/Jul/2025:16:15:01 -0300] "POST /cormun/servlet/trsolicitudot?9bc0fd9804c882236674fe791c301e63,,gx-no-cache=1753298277175 HTTP/1.1" 200 5753
190.95.67.91 - - [23/Jul/2025:16:15:02 -0300] "POST /cormun/servlet/solicitudot?gx-no-cache=1753298277328 HTTP/1.1" 200 30
190.95.15.27 - - [23/Jul/2025:16:15:04 -0300] "GET /cormun/servlet/vesolicitudot?2023,19720,, HTTP/1.1" 200 8292
190.95.15.27 - - [23/Jul/2025:16:15:04 -0300] "GET /cormun/pexe_scrolldiv.js HTTP/1.1" 404 1009
190.95.2.157 - - [23/Jul/2025:16:15:10 -0300] "GET /cormun/servlet/trpermisosadjuntos?20371580,20250723151754,P, HTTP/1.1" 200 6634
190.95.2.157 - - [23/Jul/2025:16:15:13 -0300] "GET /cormun/servlet/permisosadjuntos?INS,20371580,P,20250723151754,, HTTP/1.1" 200 5960
190.95.2.157 - - [23/Jul/2025:16:15:13 -0300] "GET /cormun/static/about:blank HTTP/1.1" 404 1011
190.95.67.91 - - [23/Jul/2025:16:15:13 -0300] "POST /cormun/servlet/solicitudot?58590fe1c6ac25d7a60c6a84de569616,INS,0,0,false,,gx-no-cache=1753298288366 HTTP/1.1" 200 93
190.95.67.91 - - [23/Jul/2025:16:15:13 -0300] "GET /cormun/servlet/hpexe_return? HTTP/1.1" 200 1003
190.95.67.91 - - [23/Jul/2025:16:15:13 -0300] "GET /cormun/servlet/trsolicitudot HTTP/1.1" 200 8823
190.95.2.157 - - [23/Jul/2025:16:15:22 -0300] "POST /cormun/servlet/permisosadjuntos?c4ee1beaef173997959b6b630e2df8b1,INS,20371580,P,20250723151754,, HTTP/1.1" 200 116
190.95.2.157 - - [23/Jul/2025:16:15:22 -0300] "GET /cormun/servlet/hpexe_return? HTTP/1.1" 200 1035
190.95.2.157 - - [23/Jul/2025:16:15:22 -0300] "GET /cormun/servlet/trpermisosadjuntos?20371580,20250723151754,P, HTTP/1.1" 200 7133
190.95.2.157 - - [23/Jul/2025:16:15:25 -0300] "POST /cormun/servlet/trpermisosadjuntos?c4ee1beaef173997959b6b630e2df8b1,20371580,20250723151754,P,,gx-no-cache=1753298300220 HTTP/1.1" 200 90
190.95.2.157 - - [23/Jul/2025:16:15:25 -0300] "GET /cormun/servlet/hpexe_link HTTP/1.1" 200 979
190.95.2.157 - - [23/Jul/2025:16:15:25 -0300] "GET /cormun/servlet/trpermisosgoce HTTP/1.1" 200 9550
190.95.2.163 - - [23/Jul/2025:16:15:27 -0300] "GET /cormun/servlet/hlogin HTTP/1.1" 200 1717
190.95.15.27 - - [23/Jul/2025:16:15:28 -0300] "GET /cormun/servlet/trsolicitudot? HTTP/1.1" 200 8548
190.95.2.163 - - [23/Jul/2025:16:15:29 -0300] "GET /cormun/static/Resources/Spanish/PXTools.css?1759030 HTTP/1.1" 200 100853
190.95.2.163 - - [23/Jul/2025:16:15:29 -0300] "GET /cormun/static/gxtimezone.js?85251 HTTP/1.1" 200 5781
190.95.2.163 - - [23/Jul/2025:16:15:29 -0300] "GET /cormun/static/gxcfg.js?2022112219184450 HTTP/1.1" 200 953
190.95.2.163 - - [23/Jul/2025:16:15:29 -0300] "GET /cormun/static/Resources/CormunLogin.png HTTP/1.1" 200 19132
190.95.2.163 - - [23/Jul/2025:16:15:29 -0300] "GET /cormun/static/messages.spa.js?85251 HTTP/1.1" 200 30736
190.95.2.163 - - [23/Jul/2025:16:15:29 -0300] "GET /cormun/static/hlogin.js?2022112219184458 HTTP/1.1" 200 2156
190.95.2.163 - - [23/Jul/2025:16:15:29 -0300] "GET /cormun/static/gxgral.js?85251 HTTP/1.1" 200 384558
190.95.2.163 - - [23/Jul/2025:16:15:29 -0300] "GET /cormun/static/Resources/PXToolsLoginTop.png HTTP/1.1" 200 1337
190.95.2.163 - - [23/Jul/2025:16:15:29 -0300] "GET /cormun/static/Resources/PXToolsLoginBackground.png HTTP/1.1" 200 1164
190.95.2.163 - - [23/Jul/2025:16:15:29 -0300] "GET /cormun/static/Resources/PXToolsButtonLeft.png HTTP/1.1" 200 1310
190.95.2.163 - - [23/Jul/2025:16:15:29 -0300] "GET /cormun/static/Resources/PXToolsButtonRight.png HTTP/1.1" 200 1294
190.95.2.163 - - [23/Jul/2025:16:15:29 -0300] "GET /cormun/static/Resources/PXToolsButtonBackground.png HTTP/1.1" 200 1176
190.95.2.163 - - [23/Jul/2025:16:15:30 -0300] "GET /cormun/static/Resources/PXToolsLoginBottom.png HTTP/1.1" 200 1389
190.95.2.163 - - [23/Jul/2025:16:15:32 -0300] "GET /cormun/servlet/hlogin HTTP/1.1" 200 1728
190.95.2.163 - - [23/Jul/2025:16:15:32 -0300] "GET /cormun/static/Resources/indicator.gif HTTP/1.1" 200 1553
190.95.2.157 - - [23/Jul/2025:16:15:32 -0300] "POST /cormun/servlet/trpermisosgoce?c4ee1beaef173997959b6b630e2df8b1,gx-no-cache=1753298307308 HTTP/1.1" 200 6759
190.95.2.157 - - [23/Jul/2025:16:15:32 -0300] "GET /cormun/static/Shared/jqueryui/images/ui-icons_82798d_256x240.png HTTP/1.1" 404 1089
190.95.2.157 - - [23/Jul/2025:16:15:32 -0300] "GET /cormun/static/Shared/jqueryui/images/ui-bg_highlight-soft_100_c6c2c8_1x100.png HTTP/1.1" 404 1117
190.95.2.157 - - [23/Jul/2025:16:15:32 -0300] "GET /cormun/static/Shared/jqueryui/images/ui-icons_8d78a5_256x240.png HTTP/1.1" 404 1089
190.95.2.157 - - [23/Jul/2025:16:15:32 -0300] "GET /cormun/static/Shared/jqueryui/images/ui-bg_flat_55_fafafa_40x100.png HTTP/1.1" 404 1097
190.95.2.163 - - [23/Jul/2025:16:15:33 -0300] "GET /favicon.ico HTTP/1.1" 200 21630
190.95.15.27 - - [23/Jul/2025:16:15:34 -0300] "POST /cormun/servlet/trsolicitudot?9bc0fd9804c882236674fe791c301e63,,gx-no-cache=1753298310445 HTTP/1.1" 200 6481
190.95.15.27 - - [23/Jul/2025:16:15:44 -0300] "GET /cormun/servlet/vesolicitudot?2021,16780,, HTTP/1.1" 200 8342
190.95.15.27 - - [23/Jul/2025:16:15:44 -0300] "GET /cormun/pexe_scrolldiv.js HTTP/1.1" 404 1009
190.95.67.91 - - [23/Jul/2025:16:15:48 -0300] "POST /cormun/servlet/trsolicitudot?58590fe1c6ac25d7a60c6a84de569616,gx-no-cache=1753298323393 HTTP/1.1" 200 107
190.95.67.91 - - [23/Jul/2025:16:15:48 -0300] "GET /cormun/servlet/trsolicitudadjuntos?2025,22799, HTTP/1.1" 200 6344
190.95.67.91 - - [23/Jul/2025:16:15:48 -0300] "GET /cormun/static/gxcfg.js?20201215574222 HTTP/1.1" 200 953
190.95.67.91 - - [23/Jul/2025:16:15:48 -0300] "GET /cormun/static/trsolicitudadjuntos.js?20201215574932 HTTP/1.1" 200 17921
190.95.15.27 - - [23/Jul/2025:16:15:50 -0300] "GET /cormun/servlet/trsolicitudot? HTTP/1.1" 200 9271
190.95.67.91 - - [23/Jul/2025:16:15:50 -0300] "GET /cormun/servlet/solicitudotadjuntos?INS,2025,22799,,1, HTTP/1.1" 200 6290
190.95.67.91 - - [23/Jul/2025:16:15:50 -0300] "GET /cormun/static/solicitudotadjuntos.js?202211298385196 HTTP/1.1" 200 11771
190.95.67.91 - - [23/Jul/2025:16:15:50 -0300] "GET /cormun/static/gxcfg.js?202211298385187 HTTP/1.1" 200 953
190.95.67.91 - - [23/Jul/2025:16:15:50 -0300] "GET /cormun/static/about:blank HTTP/1.1" 404 1011
190.95.67.91 - - [23/Jul/2025:16:15:51 -0300] "GET /cormun/servlet/solicitudotadjuntos?9b9c3ecc8bc31b732989e97eab96e77cced7269b3d205665f01d99b7d51d5d0cb2f6a0a5316dd0647ac5c6ed372cbe05,gx-no-cache=1753298326588 HTTP/1.1" 200 30
190.95.67.91 - - [23/Jul/2025:16:15:51 -0300] "POST /cormun/servlet/solicitudotadjuntos?58590fe1c6ac25d7a60c6a84de569616,INS,2025,22799,,1,,gx-no-cache=1753298326602 HTTP/1.1" 200 4148
190.95.67.91 - - [23/Jul/2025:16:15:52 -0300] "POST /cormun/servlet/solicitudotadjuntos?gx-no-cache=1753298327928 HTTP/1.1" 200 26
190.95.15.27 - - [23/Jul/2025:16:15:52 -0300] "GET /cormun/servlet/vesolicitudot?2021,17006,, HTTP/1.1" 200 8321
190.95.15.27 - - [23/Jul/2025:16:15:52 -0300] "GET /cormun/pexe_scrolldiv.js HTTP/1.1" 404 1009
190.95.2.163 - - [23/Jul/2025:16:15:53 -0300] "POST /cormun/servlet/hlogin?132bb84a7d045f9432237389508b9f08,gx-no-cache=1753298328362 HTTP/1.1" 200 443
190.95.2.157 - - [23/Jul/2025:16:15:54 -0300] "GET /cormun/servlet/apermisogoceprn?20371580,P,20250723151754,PU HTTP/1.1" 200 1665
190.95.2.157 - - [23/Jul/2025:16:15:54 -0300] "GET /cormun/servlet/apermisogoceprn?20371580,P,20250723151754,PU HTTP/1.1" 200 1673
190.95.15.27 - - [23/Jul/2025:16:15:59 -0300] "GET /cormun/servlet/trsolicitudot? HTTP/1.1" 200 9271
190.95.67.91 - - [23/Jul/2025:16:16:01 -0300] "GET /cormun/servlet/solicitudotadjuntos?9b9c3ecc8bc31b732989e97eab96e77caae83c6298a51c255bcc24e884566d59,gx-no-cache=1753298336757 HTTP/1.1" 200 30
190.95.67.91 - - [23/Jul/2025:16:16:01 -0300] "GET /cormun/servlet/solicitudotadjuntos?9b9c3ecc8bc31b732989e97eab96e77caae83c6298a51c255bcc24e884566d59,gx-no-cache=1753298336769 HTTP/1.1" 200 30
190.95.67.91 - - [23/Jul/2025:16:16:01 -0300] "POST /cormun/servlet/solicitudotadjuntos?58590fe1c6ac25d7a60c6a84de569616,INS,2025,22799,,1, HTTP/1.1" 200 116
190.95.67.91 - - [23/Jul/2025:16:16:01 -0300] "GET /cormun/servlet/hpexe_return? HTTP/1.1" 200 1020
190.95.67.91 - - [23/Jul/2025:16:16:01 -0300] "GET /cormun/servlet/trsolicitudadjuntos?2025,22799, HTTP/1.1" 200 9458
190.95.15.27 - - [23/Jul/2025:16:16:01 -0300] "GET /cormun/servlet/vesolicitudot?2023,19749,, HTTP/1.1" 200 8292
190.95.15.27 - - [23/Jul/2025:16:16:01 -0300] "GET /cormun/pexe_scrolldiv.js HTTP/1.1" 404 1009
190.95.67.91 - - [23/Jul/2025:16:16:03 -0300] "GET /cormun/servlet/solicitudotadjuntos?INS,2025,22799,,1, HTTP/1.1" 200 6290
190.95.67.91 - - [23/Jul/2025:16:16:03 -0300] "GET /cormun/static/about:blank HTTP/1.1" 404 1011
190.95.2.163 - - [23/Jul/2025:16:16:03 -0300] "POST /cormun/servlet/hlogin?132bb84a7d045f9432237389508b9f08,gx-no-cache=1753298338548 HTTP/1.1" 200 442
190.95.67.91 - - [23/Jul/2025:16:16:03 -0300] "GET /cormun/servlet/solicitudotadjuntos?9b9c3ecc8bc31b732989e97eab96e77cced7269b3d205665f01d99b7d51d5d0cb2f6a0a5316dd0647ac5c6ed372cbe05,gx-no-cache=1753298339149 HTTP/1.1" 200 30
190.95.67.91 - - [23/Jul/2025:16:16:03 -0300] "POST /cormun/servlet/solicitudotadjuntos?58590fe1c6ac25d7a60c6a84de569616,INS,2025,22799,,1,,gx-no-cache=1753298339162 HTTP/1.1" 200 4148
190.95.67.91 - - [23/Jul/2025:16:16:05 -0300] "POST /cormun/servlet/solicitudotadjuntos?gx-no-cache=1753298340557 HTTP/1.1" 200 26
190.95.15.27 - - [23/Jul/2025:16:16:05 -0300] "GET /cormun/servlet/trsolicitudot? HTTP/1.1" 200 9271
190.95.67.91 - - [23/Jul/2025:16:16:11 -0300] "GET /cormun/servlet/solicitudotadjuntos?9b9c3ecc8bc31b732989e97eab96e77caae83c6298a51c255bcc24e884566d59,gx-no-cache=1753298346717 HTTP/1.1" 200 30
190.95.67.91 - - [23/Jul/2025:16:16:11 -0300] "GET /cormun/servlet/solicitudotadjuntos?9b9c3ecc8bc31b732989e97eab96e77caae83c6298a51c255bcc24e884566d59,gx-no-cache=1753298346728 HTTP/1.1" 200 30
190.95.67.91 - - [23/Jul/2025:16:16:11 -0300] "POST /cormun/servlet/solicitudotadjuntos?58590fe1c6ac25d7a60c6a84de569616,INS,2025,22799,,1, HTTP/1.1" 200 116
190.95.67.91 - - [23/Jul/2025:16:16:11 -0300] "GET /cormun/servlet/hpexe_return? HTTP/1.1" 200 1020
190.95.67.91 - - [23/Jul/2025:16:16:11 -0300] "GET /cormun/servlet/trsolicitudadjuntos?2025,22799, HTTP/1.1" 200 9772
190.95.67.91 - - [23/Jul/2025:16:16:14 -0300] "GET /cormun/servlet/solicitudotadjuntos?INS,2025,22799,,1, HTTP/1.1" 200 6290
190.95.67.91 - - [23/Jul/2025:16:16:14 -0300] "GET /cormun/static/about:blank HTTP/1.1" 404 1011
190.95.67.91 - - [23/Jul/2025:16:16:14 -0300] "GET /cormun/servlet/solicitudotadjuntos?9b9c3ecc8bc31b732989e97eab96e77cced7269b3d205665f01d99b7d51d5d0cb2f6a0a5316dd0647ac5c6ed372cbe05,gx-no-cache=1753298349927 HTTP/1.1" 200 30
190.95.67.91 - - [23/Jul/2025:16:16:14 -0300] "POST /cormun/servlet/solicitudotadjuntos?58590fe1c6ac25d7a60c6a84de569616,INS,2025,22799,,1,,gx-no-cache=1753298349940 HTTP/1.1" 200 4148
190.95.2.163 - - [23/Jul/2025:16:16:16 -0300] "POST /cormun/servlet/hlogin?132bb84a7d045f9432237389508b9f08,gx-no-cache=1753298350827 HTTP/1.1" 200 90
190.95.2.163 - - [23/Jul/2025:16:16:16 -0300] "GET /cormun/servlet/hpexe_link HTTP/1.1" 200 948
190.95.2.163 - - [23/Jul/2025:16:16:16 -0300] "GET /cormun/static/gxcfg.js?20221129847421 HTTP/1.1" 200 953
190.95.2.163 - - [23/Jul/2025:16:16:16 -0300] "GET /cormun/static/hpexe_link.js?20221129847423 HTTP/1.1" 200 625
190.95.2.163 - - [23/Jul/2025:16:16:16 -0300] "GET /cormun/static/Resources/Spanish/PXTools.css?8354383 HTTP/1.1" 200 100853
190.95.67.91 - - [23/Jul/2025:16:16:17 -0300] "POST /cormun/servlet/solicitudotadjuntos?gx-no-cache=1753298352405 HTTP/1.1" 200 26
190.95.2.163 - - [23/Jul/2025:16:16:18 -0300] "GET /cormun/servlet/hhome HTTP/1.1" 200 4167
190.95.2.163 - - [23/Jul/2025:16:16:18 -0300] "GET /cormun/static/SmoothNavMenu/resources/ddsmoothmenu.css?1112540 HTTP/1.1" 200 2223
190.95.2.163 - - [23/Jul/2025:16:16:18 -0300] "GET /cormun/static/SmoothNavMenu/resources/ddsmoothmenu-v.css?1112540 HTTP/1.1" 200 1188
190.95.2.163 - - [23/Jul/2025:16:16:18 -0300] "GET /cormun/static/scaMessage/css/jquery.pnotify.default.css?1816380 HTTP/1.1" 200 1707
190.95.2.163 - - [23/Jul/2025:16:16:18 -0300] "GET /cormun/static/Shared/jqueryui/jquery-ui.min.css?1345370 HTTP/1.1" 200 30288
190.95.2.163 - - [23/Jul/2025:16:16:18 -0300] "GET /cormun/static/gxcfg.js?20201215495537 HTTP/1.1" 200 953
190.95.2.163 - - [23/Jul/2025:16:16:18 -0300] "GET /cormun/static/Resources/Spanish/PXTools.css?14345360 HTTP/1.1" 200 100853
190.95.2.163 - - [23/Jul/2025:16:16:18 -0300] "GET /cormun/static/PXToolsJavascripts/pexe_cookies.js HTTP/1.1" 200 792
190.95.2.163 - - [23/Jul/2025:16:16:18 -0300] "GET /cormun/static/PXToolsJavascripts/pexe_link.js HTTP/1.1" 200 5671
190.95.2.163 - - [23/Jul/2025:16:16:18 -0300] "GET /cormun/static/PXToolsJavascripts/pexe_griddivfix.js HTTP/1.1" 200 6946
190.95.2.163 - - [23/Jul/2025:16:16:18 -0300] "GET /cormun/static/PXToolsJavascripts/pexe_autoreload.js HTTP/1.1" 200 1762
190.95.2.163 - - [23/Jul/2025:16:16:18 -0300] "GET /cormun/static/PXToolsJavascripts/pexe_grid.js HTTP/1.1" 200 7559
190.95.2.163 - - [23/Jul/2025:16:16:18 -0300] "GET /cormun/static/PXToolsJavascripts/pexe_windows.js HTTP/1.1" 200 15249
190.95.2.163 - - [23/Jul/2025:16:16:18 -0300] "GET /cormun/static/PXToolsJavascripts/pexe_menudivfix.js HTTP/1.1" 200 333
190.95.2.163 - - [23/Jul/2025:16:16:18 -0300] "GET /cormun/static/PXToolsJavascripts/pexe_oav.js HTTP/1.1" 200 645
190.95.2.163 - - [23/Jul/2025:16:16:18 -0300] "GET /cormun/static/PXToolsJavascripts/pexe_menus.js HTTP/1.1" 200 1286
190.95.2.163 - - [23/Jul/2025:16:16:18 -0300] "GET /cormun/static/PXToolsJavascripts/pexe_layers.js HTTP/1.1" 200 4114
190.95.2.163 - - [23/Jul/2025:16:16:18 -0300] "GET /cormun/static/PXToolsJavascripts/pexe_oavdivfix.js HTTP/1.1" 200 639
190.95.2.163 - - [23/Jul/2025:16:16:18 -0300] "GET /cormun/static/PXToolsJavascripts/pexe_picture.js HTTP/1.1" 200 689
190.95.2.163 - - [23/Jul/2025:16:16:18 -0300] "GET /cormun/static/PXToolsJavascripts/pexe_tabdivfix.js HTTP/1.1" 200 898
190.95.2.163 - - [23/Jul/2025:16:16:18 -0300] "GET /cormun/static/PXToolsJavascripts/pexe_scrolldiv.js HTTP/1.1" 200 4138
190.95.2.163 - - [23/Jul/2025:16:16:18 -0300] "GET /cormun/static/PXToolsJavascripts/pexe_popup.js HTTP/1.1" 200 15149
190.95.2.163 - - [23/Jul/2025:16:16:18 -0300] "GET /cormun/static/PXToolsJavascripts/pexe_upload.js HTTP/1.1" 200 1423
190.95.2.163 - - [23/Jul/2025:16:16:18 -0300] "GET /cormun/static/PXToolsJavascripts/pexe_tabs.js HTTP/1.1" 200 3748
190.95.2.163 - - [23/Jul/2025:16:16:18 -0300] "GET /cormun/static/PXToolsJavascripts/PXToolsJavascriptsRender.js HTTP/1.1" 200 367
190.95.2.163 - - [23/Jul/2025:16:16:18 -0300] "GET /cormun/static/Resources/CormunMP2.png HTTP/1.1" 200 6878
190.95.2.163 - - [23/Jul/2025:16:16:18 -0300] "GET /cormun/static/Resources/ImgHome.png HTTP/1.1" 200 1364
190.95.2.163 - - [23/Jul/2025:16:16:18 -0300] "GET /cormun/static/Resources/ImgLogin.png HTTP/1.1" 200 1432
190.95.2.163 - - [23/Jul/2025:16:16:18 -0300] "GET /cormun/static/Resources/Llave.png HTTP/1.1" 200 1395
190.95.2.163 - - [23/Jul/2025:16:16:18 -0300] "GET /cormun/static/RunJS/RunJS.js HTTP/1.1" 200 288
190.95.2.163 - - [23/Jul/2025:16:16:18 -0300] "GET /cormun/static/Shared/ext/locale/ext-lang-en.js HTTP/1.1" 200 10940
190.95.2.163 - - [23/Jul/2025:16:16:18 -0300] "GET /cormun/static/hhome.js?20201215495544 HTTP/1.1" 200 777
190.95.2.163 - - [23/Jul/2025:16:16:18 -0300] "GET /cormun/static/hpexe_scripts.js?20201214471411 HTTP/1.1" 200 1544
190.95.2.163 - - [23/Jul/2025:16:16:18 -0300] "GET /cormun/static/hpexe_messagecontroller.js?202211298371222 HTTP/1.1" 200 870
190.95.2.163 - - [23/Jul/2025:16:16:18 -0300] "GET /cormun/static/hwchdr01.js?2022112219251119 HTTP/1.1" 200 996
190.95.2.163 - - [23/Jul/2025:16:16:18 -0300] "GET /cormun/static/hpexe_recentlink.js?20201214471090 HTTP/1.1" 200 2144
190.95.2.163 - - [23/Jul/2025:16:16:18 -0300] "GET /cormun/static/Resources/PXToolsDataTitle.png HTTP/1.1" 200 1173
190.95.2.163 - - [23/Jul/2025:16:16:18 -0300] "GET /cormun/static/gxui/gxui-all.js HTTP/1.1" 200 107772
190.95.2.163 - - [23/Jul/2025:16:16:19 -0300] "GET /cormun/static/hpexe_messagepopupcomponent.js?2020121447232 HTTP/1.1" 200 605
190.95.2.163 - - [23/Jul/2025:16:16:19 -0300] "GET /cormun/static/cmcontrolpreferences.js?20199141926336 HTTP/1.1" 200 1375
190.95.2.163 - - [23/Jul/2025:16:16:19 -0300] "GET /cormun/static/hpexe_messagegenexuscomponent.js?20221129836373 HTTP/1.1" 200 587
190.95.2.163 - - [23/Jul/2025:16:16:19 -0300] "GET /cormun/static/SmoothNavMenu/resources/ddsmoothmenu.js HTTP/1.1" 200 12712
190.95.2.163 - - [23/Jul/2025:16:16:19 -0300] "GET /cormun/static/SmoothNavMenu/resources/SmoothNavMenuRender.js HTTP/1.1" 200 5951
190.95.2.163 - - [23/Jul/2025:16:16:19 -0300] "GET /cormun/static/Shared/jquery/jquery-1.4.2.min.js HTTP/1.1" 200 72174
190.95.2.163 - - [23/Jul/2025:16:16:19 -0300] "GET /cormun/static/scaMessage/js/jquery.pnotify.min.js HTTP/1.1" 200 13038
190.95.2.163 - - [23/Jul/2025:16:16:19 -0300] "GET /cormun/static/scaMessage/scaMessageRender.js HTTP/1.1" 200 11977
190.95.2.163 - - [23/Jul/2025:16:16:19 -0300] "GET /cormun/static/hmpwkw03.js?20221129844354 HTTP/1.1" 200 3971
190.95.2.163 - - [23/Jul/2025:16:16:19 -0300] "GET /cormun/static/Shared/jquery/jquery-1.10.2.min.js HTTP/1.1" 200 273199
190.95.2.163 - - [23/Jul/2025:16:16:19 -0300] "GET /cormun/static/Shared/jqueryui/jquery-ui.min.js HTTP/1.1" 200 240427
190.95.2.163 - - [23/Jul/2025:16:16:19 -0300] "GET /cormun/static/Shared/ext/ext-all.js HTTP/1.1" 200 1289687
190.95.2.163 - - [23/Jul/2025:16:16:20 -0300] "GET /cormun/static/SmoothNavMenu/resources/images/down.gif HTTP/1.1" 200 854
190.95.2.163 - - [23/Jul/2025:16:16:20 -0300] "GET /cormun/static/SmoothNavMenu/resources/images/right.gif HTTP/1.1" 200 860
190.95.67.91 - - [23/Jul/2025:16:16:21 -0300] "GET /cormun/servlet/solicitudotadjuntos?9b9c3ecc8bc31b732989e97eab96e77caae83c6298a51c255bcc24e884566d59,gx-no-cache=1753298356821 HTTP/1.1" 200 30
190.95.67.91 - - [23/Jul/2025:16:16:21 -0300] "GET /cormun/servlet/solicitudotadjuntos?9b9c3ecc8bc31b732989e97eab96e77caae83c6298a51c255bcc24e884566d59,gx-no-cache=1753298356833 HTTP/1.1" 200 30
190.95.67.91 - - [23/Jul/2025:16:16:21 -0300] "POST /cormun/servlet/solicitudotadjuntos?58590fe1c6ac25d7a60c6a84de569616,INS,2025,22799,,1, HTTP/1.1" 200 116
190.95.67.91 - - [23/Jul/2025:16:16:21 -0300] "GET /cormun/servlet/hpexe_return? HTTP/1.1" 200 1020
190.95.67.91 - - [23/Jul/2025:16:16:21 -0300] "GET /cormun/servlet/trsolicitudadjuntos?2025,22799, HTTP/1.1" 200 10017
190.95.67.91 - - [23/Jul/2025:16:16:23 -0300] "GET /cormun/servlet/solicitudotadjuntos?INS,2025,22799,,1, HTTP/1.1" 200 6290
190.95.67.91 - - [23/Jul/2025:16:16:23 -0300] "GET /cormun/static/about:blank HTTP/1.1" 404 1011
190.95.67.91 - - [23/Jul/2025:16:16:24 -0300] "GET /cormun/servlet/solicitudotadjuntos?9b9c3ecc8bc31b732989e97eab96e77cced7269b3d205665f01d99b7d51d5d0cb2f6a0a5316dd0647ac5c6ed372cbe05,gx-no-cache=1753298359578 HTTP/1.1" 200 30
190.95.67.91 - - [23/Jul/2025:16:16:24 -0300] "POST /cormun/servlet/solicitudotadjuntos?58590fe1c6ac25d7a60c6a84de569616,INS,2025,22799,,1,,gx-no-cache=1753298359593 HTTP/1.1" 200 4148
190.95.2.163 - - [23/Jul/2025:16:16:25 -0300] "GET /cormun/servlet/trautorizarpermisogoce? HTTP/1.1" 200 6995
190.95.2.163 - - [23/Jul/2025:16:16:25 -0300] "GET /cormun/static/gxui/gxui-all.css?120300 HTTP/1.1" 200 2179
190.95.2.163 - - [23/Jul/2025:16:16:25 -0300] "GET /cormun/static/calendar-system.css?85620 HTTP/1.1" 200 5572
190.95.2.163 - - [23/Jul/2025:16:16:25 -0300] "GET /cormun/static/calendar.js?85251 HTTP/1.1" 200 26246
190.95.2.163 - - [23/Jul/2025:16:16:25 -0300] "GET /cormun/static/calendar-setup.js?85251 HTTP/1.1" 200 2588
190.95.2.163 - - [23/Jul/2025:16:16:25 -0300] "GET /cormun/static/gxcfg.js?2020121645532 HTTP/1.1" 200 953
190.95.2.163 - - [23/Jul/2025:16:16:25 -0300] "GET /cormun/static/calendar-es.js?85251 HTTP/1.1" 200 1901
190.95.2.163 - - [23/Jul/2025:16:16:25 -0300] "GET /cormun/static/Resources/PXTools/calendar.png HTTP/1.1" 200 1306
190.95.2.163 - - [23/Jul/2025:16:16:25 -0300] "GET /cormun/static/gxdec.js?85251 HTTP/1.1" 200 19579
190.95.2.163 - - [23/Jul/2025:16:16:25 -0300] "GET /cormun/static/trautorizarpermisogoce.js?2020121651492 HTTP/1.1" 200 34948
190.95.2.163 - - [23/Jul/2025:16:16:25 -0300] "GET /cormun/static/Resources/PXToolsDataSearch.png HTTP/1.1" 200 435
190.95.2.163 - - [23/Jul/2025:16:16:25 -0300] "GET /cormun/static/Shared/ext/resources/css/ext-all.css?215870 HTTP/1.1" 200 416045
190.95.2.163 - - [23/Jul/2025:16:16:25 -0300] "GET /cormun/static/Resources/PXToolsGridFirstDisabled.gif HTTP/1.1" 200 100
190.95.2.163 - - [23/Jul/2025:16:16:25 -0300] "GET /cormun/static/Resources/PXToolsGridPreviousDisabled.gif HTTP/1.1" 200 90
190.95.15.27 - - [23/Jul/2025:16:16:25 -0300] "POST /cormun/servlet/trsolicitudot?9bc0fd9804c882236674fe791c301e63,,gx-no-cache=1753298361105 HTTP/1.1" 200 4366
190.95.2.163 - - [23/Jul/2025:16:16:25 -0300] "GET /cormun/static/Resources/PXToolsGridNextDisabled.gif HTTP/1.1" 200 90
190.95.2.163 - - [23/Jul/2025:16:16:25 -0300] "GET /cormun/static/Resources/PXToolsGridLastDisabled.gif HTTP/1.1" 200 98
190.95.2.163 - - [23/Jul/2025:16:16:25 -0300] "GET /cormun/static/Resources/PXToolsActionExcel.png HTTP/1.1" 200 727
190.95.2.163 - - [23/Jul/2025:16:16:25 -0300] "GET /cormun/static/Resources/PXToolsGridPage.gif HTTP/1.1" 200 725
190.95.2.163 - - [23/Jul/2025:16:16:25 -0300] "GET /cormun/static/Resources/desc.gif HTTP/1.1" 200 65
190.95.2.163 - - [23/Jul/2025:16:16:25 -0300] "GET /cormun/static/Resources/asc.gif HTTP/1.1" 200 67
190.95.2.163 - - [23/Jul/2025:16:16:25 -0300] "GET /cormun/static/Shared/ext/resources/themes/images/default/tools/tool-sprites.gif HTTP/1.1" 200 5434
190.95.2.163 - - [23/Jul/2025:16:16:25 -0300] "GET /cormun/static/Shared/ext/resources/themes/images/default/panel/bg-headersPanel.png HTTP/1.1" 200 255
190.95.67.91 - - [23/Jul/2025:16:16:25 -0300] "POST /cormun/servlet/solicitudotadjuntos?gx-no-cache=1753298361253 HTTP/1.1" 200 26
200.126.117.15 - - [23/Jul/2025:16:16:26 -0300] "POST /cormun/servlet/trpermisosgoce?5c24971a6e5ed1c85e51f57be327338b,gx-no-cache=1753298360297 HTTP/1.1" 200 6039
190.95.2.163 - - [23/Jul/2025:16:16:29 -0300] "GET /cormun/static/menuarrow.gif HTTP/1.1" 404 1015
190.95.67.91 - - [23/Jul/2025:16:16:29 -0300] "GET /cormun/servlet/solicitudotadjuntos?9b9c3ecc8bc31b732989e97eab96e77caae83c6298a51c255bcc24e884566d59,gx-no-cache=1753298364605 HTTP/1.1" 200 30
190.95.67.91 - - [23/Jul/2025:16:16:29 -0300] "GET /cormun/servlet/solicitudotadjuntos?9b9c3ecc8bc31b732989e97eab96e77caae83c6298a51c255bcc24e884566d59,gx-no-cache=1753298364616 HTTP/1.1" 200 30
190.95.67.91 - - [23/Jul/2025:16:16:29 -0300] "POST /cormun/servlet/solicitudotadjuntos?58590fe1c6ac25d7a60c6a84de569616,INS,2025,22799,,1, HTTP/1.1" 200 116
190.95.67.91 - - [23/Jul/2025:16:16:29 -0300] "GET /cormun/servlet/hpexe_return? HTTP/1.1" 200 1020
190.95.67.91 - - [23/Jul/2025:16:16:29 -0300] "GET /cormun/servlet/trsolicitudadjuntos?2025,22799, HTTP/1.1" 200 10276
190.95.67.91 - - [23/Jul/2025:16:16:31 -0300] "GET /cormun/servlet/solicitudotadjuntos?INS,2025,22799,,1, HTTP/1.1" 200 6290
190.95.67.91 - - [23/Jul/2025:16:16:31 -0300] "GET /cormun/static/about:blank HTTP/1.1" 404 1011
190.95.67.91 - - [23/Jul/2025:16:16:31 -0300] "GET /cormun/servlet/solicitudotadjuntos?9b9c3ecc8bc31b732989e97eab96e77cced7269b3d205665f01d99b7d51d5d0cb2f6a0a5316dd0647ac5c6ed372cbe05,gx-no-cache=1753298367135 HTTP/1.1" 200 30
190.95.67.91 - - [23/Jul/2025:16:16:31 -0300] "POST /cormun/servlet/solicitudotadjuntos?58590fe1c6ac25d7a60c6a84de569616,INS,2025,22799,,1,,gx-no-cache=1753298367148 HTTP/1.1" 200 4148
190.95.67.91 - - [23/Jul/2025:16:16:36 -0300] "POST /cormun/servlet/solicitudotadjuntos?gx-no-cache=1753298371389 HTTP/1.1" 200 26
190.95.15.27 - - [23/Jul/2025:16:16:36 -0300] "POST /cormun/servlet/trsolicitudot?9bc0fd9804c882236674fe791c301e63,,gx-no-cache=1753298372328 HTTP/1.1" 200 4363
190.95.15.27 - - [23/Jul/2025:16:16:37 -0300] "POST /cormun/servlet/trsolicitudot?9bc0fd9804c882236674fe791c301e63,,gx-no-cache=1753298373475 HTTP/1.1" 200 4362
190.95.2.163 - - [23/Jul/2025:16:16:38 -0300] "POST /cormun/servlet/trautorizarpermisogoce?132bb84a7d045f9432237389508b9f08,,gx-no-cache=1753298372983 HTTP/1.1" 200 5963
190.95.2.163 - - [23/Jul/2025:16:16:38 -0300] "GET /cormun//static/Resources/PXToolsHeaderHelp.png HTTP/1.1" 200 1333
190.95.2.163 - - [23/Jul/2025:16:16:38 -0300] "GET /cormun//static/Resources/PXTools/ActionInsert.png HTTP/1.1" 200 1482
190.95.2.163 - - [23/Jul/2025:16:16:38 -0300] "GET /cormun//static/Resources/PXToolsActionPrint.png HTTP/1.1" 200 404
190.95.2.163 - - [23/Jul/2025:16:16:38 -0300] "GET /cormun//static/Resources/PXToolsGridDisplay.png HTTP/1.1" 200 525
190.95.2.163 - - [23/Jul/2025:16:16:38 -0300] "GET /cormun//static/Resources/PXToolsHeaderFavorites.png HTTP/1.1" 200 1414
190.95.2.163 - - [23/Jul/2025:16:16:38 -0300] "GET /cormun//static/Resources/PXToolsActionDisabled.gif HTTP/1.1" 200 53
190.95.67.91 - - [23/Jul/2025:16:16:40 -0300] "GET /cormun/servlet/solicitudotadjuntos?9b9c3ecc8bc31b732989e97eab96e77caae83c6298a51c255bcc24e884566d59,gx-no-cache=1753298375749 HTTP/1.1" 200 30
190.95.67.91 - - [23/Jul/2025:16:16:40 -0300] "GET /cormun/servlet/solicitudotadjuntos?9b9c3ecc8bc31b732989e97eab96e77caae83c6298a51c255bcc24e884566d59,gx-no-cache=1753298375760 HTTP/1.1" 200 30
190.95.67.91 - - [23/Jul/2025:16:16:40 -0300] "POST /cormun/servlet/solicitudotadjuntos?58590fe1c6ac25d7a60c6a84de569616,INS,2025,22799,,1, HTTP/1.1" 200 116
190.95.67.91 - - [23/Jul/2025:16:16:40 -0300] "GET /cormun/servlet/hpexe_return? HTTP/1.1" 200 1020
190.95.67.91 - - [23/Jul/2025:16:16:40 -0300] "GET /cormun/servlet/trsolicitudadjuntos?2025,22799, HTTP/1.1" 200 10550
190.95.67.91 - - [23/Jul/2025:16:16:42 -0300] "GET /cormun/servlet/solicitudotadjuntos?INS,2025,22799,,1, HTTP/1.1" 200 6292
190.95.67.91 - - [23/Jul/2025:16:16:42 -0300] "GET /cormun/static/about:blank HTTP/1.1" 404 1011
190.95.67.91 - - [23/Jul/2025:16:16:43 -0300] "GET /cormun/servlet/solicitudotadjuntos?9b9c3ecc8bc31b732989e97eab96e77cced7269b3d205665f01d99b7d51d5d0cb2f6a0a5316dd0647ac5c6ed372cbe05,gx-no-cache=1753298378696 HTTP/1.1" 200 30
190.95.67.91 - - [23/Jul/2025:16:16:43 -0300] "POST /cormun/servlet/solicitudotadjuntos?58590fe1c6ac25d7a60c6a84de569616,INS,2025,22799,,1,,gx-no-cache=1753298378715 HTTP/1.1" 200 4149
190.95.67.91 - - [23/Jul/2025:16:16:45 -0300] "POST /cormun/servlet/solicitudotadjuntos?gx-no-cache=1753298380981 HTTP/1.1" 200 26
190.95.15.27 - - [23/Jul/2025:16:16:49 -0300] "POST /cormun/servlet/trsolicitudot?9bc0fd9804c882236674fe791c301e63,,gx-no-cache=1753298385147 HTTP/1.1" 200 6424
190.95.67.91 - - [23/Jul/2025:16:16:50 -0300] "GET /cormun/servlet/solicitudotadjuntos?9b9c3ecc8bc31b732989e97eab96e77caae83c6298a51c255bcc24e884566d59,gx-no-cache=1753298385541 HTTP/1.1" 200 30
190.95.67.91 - - [23/Jul/2025:16:16:50 -0300] "GET /cormun/servlet/solicitudotadjuntos?9b9c3ecc8bc31b732989e97eab96e77caae83c6298a51c255bcc24e884566d59,gx-no-cache=1753298385552 HTTP/1.1" 200 30
190.95.67.91 - - [23/Jul/2025:16:16:50 -0300] "POST /cormun/servlet/solicitudotadjuntos?58590fe1c6ac25d7a60c6a84de569616,INS,2025,22799,,1, HTTP/1.1" 200 116
190.95.67.91 - - [23/Jul/2025:16:16:50 -0300] "GET /cormun/servlet/hpexe_return? HTTP/1.1" 200 1020
190.95.67.91 - - [23/Jul/2025:16:16:50 -0300] "GET /cormun/servlet/trsolicitudadjuntos?2025,22799, HTTP/1.1" 200 10724
190.95.15.27 - - [23/Jul/2025:16:16:54 -0300] "GET /cormun/servlet/vesolicitudot?2019,16073,, HTTP/1.1" 200 8294
190.95.67.91 - - [23/Jul/2025:16:16:54 -0300] "POST /cormun/servlet/trsolicitudadjuntos?58590fe1c6ac25d7a60c6a84de569616,2025,22799,,gx-no-cache=1753298390130 HTTP/1.1" 200 90
190.95.67.91 - - [23/Jul/2025:16:16:54 -0300] "GET /cormun/servlet/hpexe_link HTTP/1.1" 200 962
190.95.67.91 - - [23/Jul/2025:16:16:54 -0300] "GET /cormun/servlet/trsolicitudot HTTP/1.1" 200 8820
190.95.15.27 - - [23/Jul/2025:16:16:55 -0300] "GET /cormun/pexe_scrolldiv.js HTTP/1.1" 404 1009
190.95.2.163 - - [23/Jul/2025:16:16:57 -0300] "POST /cormun/servlet/trautorizarpermisogoce?132bb84a7d045f9432237389508b9f08,,gx-no-cache=1753298391727 HTTP/1.1" 200 4416
190.95.67.91 - - [23/Jul/2025:16:17:00 -0300] "POST /cormun/servlet/trsolicitudot?58590fe1c6ac25d7a60c6a84de569616,gx-no-cache=1753298396024 HTTP/1.1" 200 4836
190.95.67.91 - - [23/Jul/2025:16:17:00 -0300] "GET /cormun/static/Shared/jqueryui/images/ui-bg_highlight-soft_100_c6c2c8_1x100.png HTTP/1.1" 404 1117
190.95.67.91 - - [23/Jul/2025:16:17:00 -0300] "GET /cormun/static/Shared/jqueryui/images/ui-icons_8d78a5_256x240.png HTTP/1.1" 404 1089
190.95.67.91 - - [23/Jul/2025:16:17:00 -0300] "GET /cormun/static/Shared/jqueryui/images/ui-bg_flat_55_fafafa_40x100.png HTTP/1.1" 404 1097
190.95.67.91 - - [23/Jul/2025:16:17:00 -0300] "GET /cormun/static/Shared/jqueryui/images/ui-icons_82798d_256x240.png HTTP/1.1" 404 1089
190.95.67.91 - - [23/Jul/2025:16:17:00 -0300] "POST /cormun/servlet/trsolicitudot?58590fe1c6ac25d7a60c6a84de569616,gx-no-cache=1753298396126 HTTP/1.1" 200 4602
190.95.2.163 - - [23/Jul/2025:16:17:01 -0300] "POST /cormun/servlet/trautorizarpermisogoce?132bb84a7d045f9432237389508b9f08,,gx-no-cache=1753298396358 HTTP/1.1" 200 15630
190.95.2.163 - - [23/Jul/2025:16:17:02 -0300] "GET /cormun/static/Resources/PXToolsGridNext.gif HTTP/1.1" 200 369
190.95.2.163 - - [23/Jul/2025:16:17:02 -0300] "GET /cormun/static/Resources/PXToolsGridLast.gif HTTP/1.1" 200 370
190.95.15.27 - - [23/Jul/2025:16:17:04 -0300] "GET /cormun/servlet/trsolicitudot? HTTP/1.1" 200 9201
190.95.2.163 - - [23/Jul/2025:16:17:06 -0300] "GET /cormun/servlet/autorizarpermisogoce?DSP,11059443,P,20250717144856, HTTP/1.1" 200 6177
190.95.2.163 - - [23/Jul/2025:16:17:06 -0300] "GET /cormun/static/gxcfg.js?202211298405163 HTTP/1.1" 200 953
190.95.2.163 - - [23/Jul/2025:16:17:06 -0300] "GET /cormun/static/autorizarpermisogoce.js?202211298405174 HTTP/1.1" 200 16019
190.95.67.91 - - [23/Jul/2025:16:17:07 -0300] "GET /cormun/servlet/trautorizarsolicitud? HTTP/1.1" 200 8719
190.95.15.27 - - [23/Jul/2025:16:17:10 -0300] "POST /cormun/servlet/trsolicitudot?9bc0fd9804c882236674fe791c301e63,,gx-no-cache=1753298405779 HTTP/1.1" 200 4363
190.95.2.163 - - [23/Jul/2025:16:17:10 -0300] "GET /cormun/servlet/trautorizarpermisogoce? HTTP/1.1" 200 18181
190.95.67.91 - - [23/Jul/2025:16:17:10 -0300] "POST /cormun/servlet/trautorizarsolicitud?58590fe1c6ac25d7a60c6a84de569616,,gx-no-cache=1753298405975 HTTP/1.1" 200 4771
190.95.67.91 - - [23/Jul/2025:16:17:10 -0300] "POST /cormun/servlet/trautorizarsolicitud?58590fe1c6ac25d7a60c6a84de569616,,gx-no-cache=1753298406128 HTTP/1.1" 200 4537
190.95.15.27 - - [23/Jul/2025:16:17:11 -0300] "POST /cormun/servlet/trsolicitudot?9bc0fd9804c882236674fe791c301e63,,gx-no-cache=1753298407037 HTTP/1.1" 200 4363
190.95.67.91 - - [23/Jul/2025:16:17:24 -0300] "GET /cormun/servlet/trlicencias? HTTP/1.1" 200 17358
190.95.15.27 - - [23/Jul/2025:16:17:25 -0300] "POST /cormun/servlet/trsolicitudot?9bc0fd9804c882236674fe791c301e63,,gx-no-cache=1753298421371 HTTP/1.1" 200 4365
190.95.15.27 - - [23/Jul/2025:16:17:26 -0300] "POST /cormun/servlet/trsolicitudot?9bc0fd9804c882236674fe791c301e63,,gx-no-cache=1753298422516 HTTP/1.1" 200 4364
190.95.2.163 - - [23/Jul/2025:16:17:44 -0300] "POST /cormun/servlet/trautorizarpermisogoce?132bb84a7d045f9432237389508b9f08,,gx-no-cache=1753298439177 HTTP/1.1" 200 4414
190.95.2.163 - - [23/Jul/2025:16:17:49 -0300] "POST /cormun/servlet/trautorizarpermisogoce?132bb84a7d045f9432237389508b9f08,,gx-no-cache=1753298444126 HTTP/1.1" 200 5964
190.95.67.91 - - [23/Jul/2025:16:17:50 -0300] "GET /cormun/servlet/trsolicitudot? HTTP/1.1" 200 7448
190.95.15.27 - - [23/Jul/2025:16:17:51 -0300] "POST /cormun/servlet/trsolicitudot?9bc0fd9804c882236674fe791c301e63,,gx-no-cache=1753298446827 HTTP/1.1" 200 6132
190.95.15.27 - - [23/Jul/2025:16:17:54 -0300] "GET /cormun/servlet/vesolicitudot?2023,19770,, HTTP/1.1" 200 8268
190.95.15.27 - - [23/Jul/2025:16:17:54 -0300] "GET /cormun/pexe_scrolldiv.js HTTP/1.1" 404 1009
190.95.67.91 - - [23/Jul/2025:16:17:55 -0300] "GET /cormun/servlet/solicitudot?INS,0,0,false, HTTP/1.1" 200 16224
190.95.2.163 - - [23/Jul/2025:16:17:57 -0300] "GET /cormun/servlet/trpermisosadjuntos?20442065,20250723091737,P, HTTP/1.1" 200 6495
190.95.2.163 - - [23/Jul/2025:16:17:57 -0300] "GET /cormun/static/gxcfg.js?2020121641683 HTTP/1.1" 200 953
190.95.2.163 - - [23/Jul/2025:16:17:57 -0300] "GET /cormun/static/Resources/PXToolsAddAllAction.png HTTP/1.1" 200 495
190.95.2.163 - - [23/Jul/2025:16:17:57 -0300] "GET /cormun/static/trpermisosadjuntos.js?2020121642996 HTTP/1.1" 200 20158
190.95.67.91 - - [23/Jul/2025:16:18:02 -0300] "POST /cormun/servlet/solicitudot?gx-no-cache=1753298458125 HTTP/1.1" 200 4039
190.95.67.91 - - [23/Jul/2025:16:18:03 -0300] "POST /cormun/servlet/solicitudot?58590fe1c6ac25d7a60c6a84de569616,INS,0,0,false,,gx-no-cache=1753298458245 HTTP/1.1" 200 12889
190.95.67.91 - - [23/Jul/2025:16:18:03 -0300] "GET /cormun/servlet/solicitudot?9b9c3ecc8bc31b732989e97eab96e77cfe857f5fc4586da1b233987d23a6d1b2bcb349434e18180b01352ca0612c6a42,gx-no-cache=1753298458842 HTTP/1.1" 200 30
190.95.15.27 - - [23/Jul/2025:16:18:04 -0300] "GET /cormun/servlet/trsolicitudot? HTTP/1.1" 200 8920
190.95.2.163 - - [23/Jul/2025:16:18:08 -0300] "GET /cormun/servlet/trautorizarpermisogoce? HTTP/1.1" 200 8567
190.95.15.27 - - [23/Jul/2025:16:18:12 -0300] "POST /cormun/servlet/trsolicitudot?9bc0fd9804c882236674fe791c301e63,,gx-no-cache=1753298468456 HTTP/1.1" 200 6154
190.95.15.27 - - [23/Jul/2025:16:18:14 -0300] "GET /cormun/servlet/vesolicitudot?2023,19746,, HTTP/1.1" 200 8293
190.95.15.27 - - [23/Jul/2025:16:18:14 -0300] "GET /cormun/pexe_scrolldiv.js HTTP/1.1" 404 1009
190.95.2.163 - - [23/Jul/2025:16:18:15 -0300] "POST /cormun/servlet/trautorizarpermisogoce?132bb84a7d045f9432237389508b9f08,,gx-no-cache=1753298469600 HTTP/1.1" 200 15643
190.95.15.27 - - [23/Jul/2025:16:18:16 -0300] "GET /cormun/servlet/trfichaempleado HTTP/1.1" 200 14884
190.95.15.27 - - [23/Jul/2025:16:18:26 -0300] "GET /cormun/servlet/trsolicitudot? HTTP/1.1" 200 8943
190.95.2.163 - - [23/Jul/2025:16:18:26 -0300] "GET /cormun/servlet/trpermisosadjuntos?11059443,20250717144856,P, HTTP/1.1" 200 6974
190.95.2.163 - - [23/Jul/2025:16:18:26 -0300] "GET /cormun//static/Resources/PXToolsGridDelete.png HTTP/1.1" 200 538
190.95.15.27 - - [23/Jul/2025:16:18:31 -0300] "POST /cormun/servlet/trsolicitudot?9bc0fd9804c882236674fe791c301e63,,gx-no-cache=1753298487122 HTTP/1.1" 200 8954
190.95.15.27 - - [23/Jul/2025:16:18:34 -0300] "GET /cormun/servlet/vesolicitudot?2023,19587,, HTTP/1.1" 200 8306
190.95.15.27 - - [23/Jul/2025:16:18:34 -0300] "GET /cormun/pexe_scrolldiv.js HTTP/1.1" 404 1009
190.95.15.27 - - [23/Jul/2025:16:18:37 -0300] "GET /cormun/servlet/trsolicitudot? HTTP/1.1" 200 11762
190.95.2.163 - - [23/Jul/2025:16:18:39 -0300] "GET /cormun/servlet/trautorizarpermisogoce? HTTP/1.1" 200 18179
190.95.2.163 - - [23/Jul/2025:16:18:43 -0300] "POST /cormun/servlet/trautorizarpermisogoce?132bb84a7d045f9432237389508b9f08,,gx-no-cache=1753298498393 HTTP/1.1" 200 5986
190.95.15.27 - - [23/Jul/2025:16:18:51 -0300] "POST /cormun/servlet/trsolicitudot?9bc0fd9804c882236674fe791c301e63,,gx-no-cache=1753298507312 HTTP/1.1" 200 14751
190.95.15.27 - - [23/Jul/2025:16:18:52 -0300] "GET /cormun/servlet/trfichaempleado HTTP/1.1" 200 14884
190.95.15.27 - - [23/Jul/2025:16:18:57 -0300] "GET /cormun/servlet/vesolicitudot?2023,19596,, HTTP/1.1" 200 8327
190.95.15.27 - - [23/Jul/2025:16:18:57 -0300] "GET /cormun/pexe_scrolldiv.js HTTP/1.1" 404 1009
190.95.15.27 - - [23/Jul/2025:16:19:01 -0300] "GET /cormun/servlet/trsolicitudot? HTTP/1.1" 200 17494
190.95.2.163 - - [23/Jul/2025:16:19:01 -0300] "GET /cormun/servlet/trpermisosadjuntos?12515677,20250715155712,P, HTTP/1.1" 200 6495
190.95.67.91 - - [23/Jul/2025:16:19:18 -0300] "GET /cormun/servlet/solicitudot?9b9c3ecc8bc31b732989e97eab96e77c48a26007d1ceb0db80a52ec7d5a59bd3e44a0c428fe6de9302fccbc32bd7947b0e157306f342dce24bdea9b7c97538f4,gx-no-cache=1753298533737 HTTP/1.1" 200 30
190.95.67.91 - - [23/Jul/2025:16:19:20 -0300] "GET /cormun/servlet/solicitudot?9b9c3ecc8bc31b732989e97eab96e77c75bf53d32a83250090d094b16bd73e15,gx-no-cache=1753298535328 HTTP/1.1" 200 53
190.95.15.27 - - [23/Jul/2025:16:19:20 -0300] "POST /cormun/servlet/trsolicitudot?9bc0fd9804c882236674fe791c301e63,,gx-no-cache=1753298536243 HTTP/1.1" 200 8083
190.95.15.27 - - [23/Jul/2025:16:19:23 -0300] "GET /cormun/servlet/vesolicitudot?2025,22400,, HTTP/1.1" 200 8300
190.95.15.27 - - [23/Jul/2025:16:19:23 -0300] "GET /cormun/pexe_scrolldiv.js HTTP/1.1" 404 1009
190.95.2.163 - - [23/Jul/2025:16:19:24 -0300] "GET /cormun/servlet/hlogin HTTP/1.1" 200 1717
190.95.67.91 - - [23/Jul/2025:16:19:30 -0300] "POST /cormun/servlet/solicitudot?gx-no-cache=1753298545833 HTTP/1.1" 200 297
190.95.67.91 - - [23/Jul/2025:16:19:30 -0300] "GET /cormun/servlet/solicitudot?9b9c3ecc8bc31b732989e97eab96e77c3ae6b40d5638df87d05b3f928b0543b55ed9bbcfd823d5775b91804287a4c14e78bf1b1ec338eae0c86b22ff90f01cdb4dee12b73f800cd9a5b35be94ce8042f043ccb5ea3b458a19b98e3b471bf015310a95f93ce164d8dd6cd769baaca927501cde7be24df28b0b55a8f2600c40ac61c92e10f940f55f80ae7ec5136d89f2eacbff945a1487138d106ea66da49ed08b2cbaad4211eb6806b88036f41dd667dda3f60a22b2d95f800a91bcc748541a10ed983ced8b8633adc5a44821b6b1be84acd2f023c97cace479822bef87fb20ebf76c5fa361dff1cb1648dc8f35a632977b31797e9df883d6205f4ed0c770756c8709da1aa870574bda0d9c896624ae2e033d124d7625e480fa957375428baef1cf7802a84119291bb1692d951734770da76e0aaa300c5b1a0841ce985e6be22aa702e8dee980110eea32a230acf63ff082e2a9ed4889bfc090dc6fada66b3517686f7f1b81538402fa0f824422645d92b60e0d9669e1cde07ea33f079574a1511ff90d2e80afbce55fae7bf9ef14ccf,gx-no-cache=1753298545852 HTTP/1.1" 200 30
190.95.15.27 - - [23/Jul/2025:16:19:32 -0300] "GET /cormun/servlet/trsolicitudot? HTTP/1.1" 200 10808
190.95.67.91 - - [23/Jul/2025:16:19:32 -0300] "POST /cormun/servlet/solicitudot?gx-no-cache=1753298547549 HTTP/1.1" 200 30
190.95.15.27 - - [23/Jul/2025:16:19:38 -0300] "POST /cormun/servlet/trsolicitudot?9bc0fd9804c882236674fe791c301e63,,gx-no-cache=1753298553985 HTTP/1.1" 200 8496
190.95.67.91 - - [23/Jul/2025:16:19:40 -0300] "GET /cormun/servlet/prlicenciaspermisos?15746931,L,,MD,,gxPopupLevel%3D0%3B HTTP/1.1" 200 6062
190.95.15.27 - - [23/Jul/2025:16:19:41 -0300] "GET /cormun/servlet/vesolicitudot?2019,15287,, HTTP/1.1" 200 8341
190.95.15.27 - - [23/Jul/2025:16:19:41 -0300] "GET /cormun/pexe_scrolldiv.js HTTP/1.1" 404 1009
190.95.67.91 - - [23/Jul/2025:16:19:43 -0300] "POST /cormun/servlet/solicitudot?gx-no-cache=1753298558949 HTTP/1.1" 200 1482
190.95.15.27 - - [23/Jul/2025:16:19:44 -0300] "GET /cormun/servlet/trsolicitudot? HTTP/1.1" 200 11294
190.95.67.91 - - [23/Jul/2025:16:19:45 -0300] "POST /cormun/servlet/solicitudot?gx-no-cache=1753298560642 HTTP/1.1" 200 41
190.95.2.163 - - [23/Jul/2025:16:19:49 -0300] "POST /cormun/servlet/hlogin?132bb84a7d045f9432237389508b9f08,gx-no-cache=1753298563688 HTTP/1.1" 200 90
190.95.2.163 - - [23/Jul/2025:16:19:49 -0300] "GET /cormun/servlet/hpexe_link HTTP/1.1" 200 948
190.95.2.163 - - [23/Jul/2025:16:19:49 -0300] "GET /cormun/servlet/hhome HTTP/1.1" 200 3994
190.95.2.163 - - [23/Jul/2025:16:19:52 -0300] "GET /cormun/servlet/trpermisosgoce? HTTP/1.1" 200 12706
190.95.2.163 - - [23/Jul/2025:16:19:52 -0300] "GET /cormun/static/gxcfg.js?2020121631564 HTTP/1.1" 200 953
190.95.2.163 - - [23/Jul/2025:16:19:52 -0300] "GET /cormun/static/trpermisosgoce.js?2020121633681 HTTP/1.1" 200 35904
190.95.2.163 - - [23/Jul/2025:16:19:53 -0300] "GET /cormun//static/Resources/PXToolsGridUpdate.png HTTP/1.1" 200 470
190.95.15.27 - - [23/Jul/2025:16:19:55 -0300] "POST /cormun/servlet/trsolicitudot?9bc0fd9804c882236674fe791c301e63,,gx-no-cache=1753298571322 HTTP/1.1" 200 6089
190.95.67.91 - - [23/Jul/2025:16:19:57 -0300] "GET /cormun/servlet/solicitudot?9b9c3ecc8bc31b732989e97eab96e77c645ffe57121219bd053c190e676040dbe888c2f1e7af3ccb01ac188410a27635934ffc8df80126b9ac44096f8f02851386d378a4b1357e4e7788edb0d0f455759315734153ac21ef0574fc3ec39c4570e3af3ef634da1f00f0b3e7f132b0b0cc,gx-no-cache=1753298572289 HTTP/1.1" 200 110
190.95.67.91 - - [23/Jul/2025:16:19:57 -0300] "POST /cormun/servlet/solicitudot?gx-no-cache=1753298572307 HTTP/1.1" 200 79
190.95.2.163 - - [23/Jul/2025:16:19:58 -0300] "GET /cormun/static/menuarrow.gif HTTP/1.1" 404 1015
190.95.15.27 - - [23/Jul/2025:16:20:00 -0300] "GET /cormun/servlet/vesolicitudot?2025,22292,, HTTP/1.1" 200 8260
190.95.15.27 - - [23/Jul/2025:16:20:00 -0300] "GET /cormun/pexe_scrolldiv.js HTTP/1.1" 404 1009
190.95.67.91 - - [23/Jul/2025:16:20:00 -0300] "GET /cormun/servlet/solicitudot?9b9c3ecc8bc31b732989e97eab96e77c14929e5daf32ec53f1495297129fcf3d76793507464cc1b0e9d4134ca6005f6c035b8a8817a7a4529879b69fa29af8845019210423c2c8d9c143f9442f88e4d11ed76b878de5bd45741da644e7ea1c4d6f675fb1fbc96dbaa32618b19ff31247,gx-no-cache=1753298575485 HTTP/1.1" 200 29
190.95.67.91 - - [23/Jul/2025:16:20:00 -0300] "GET /cormun/static/menuarrow.gif HTTP/1.1" 404 1015
190.95.67.91 - - [23/Jul/2025:16:20:05 -0300] "GET /cormun/servlet/solicitudot?9b9c3ecc8bc31b732989e97eab96e77c2acb9e8dde3c64103eb9866cd2485f4431c3fd481d312cd55eeb0e0df6b562f6,gx-no-cache=1753298581095 HTTP/1.1" 200 30
190.95.67.91 - - [23/Jul/2025:16:20:05 -0300] "POST /cormun/servlet/solicitudot?gx-no-cache=1753298581111 HTTP/1.1" 200 34
190.95.2.163 - - [23/Jul/2025:16:20:06 -0300] "POST /cormun/servlet/trpermisosgoce?132bb84a7d045f9432237389508b9f08,,gx-no-cache=1753298581090 HTTP/1.1" 200 15876
190.95.2.163 - - [23/Jul/2025:16:20:10 -0300] "POST /cormun/servlet/trpermisosgoce?132bb84a7d045f9432237389508b9f08,,gx-no-cache=1753298584624 HTTP/1.1" 200 5808
190.95.15.27 - - [23/Jul/2025:16:20:15 -0300] "GET /cormun/servlet/trsolicitudot? HTTP/1.1" 200 8877
190.95.2.163 - - [23/Jul/2025:16:20:16 -0300] "POST /cormun/servlet/trpermisosgoce?132bb84a7d045f9432237389508b9f08,,gx-no-cache=1753298591526 HTTP/1.1" 200 4189
190.95.2.163 - - [23/Jul/2025:16:20:20 -0300] "POST /cormun/servlet/trpermisosgoce?132bb84a7d045f9432237389508b9f08,,gx-no-cache=1753298595494 HTTP/1.1" 200 4189
190.95.15.27 - - [23/Jul/2025:16:20:21 -0300] "POST /cormun/servlet/trsolicitudot?9bc0fd9804c882236674fe791c301e63,,gx-no-cache=1753298596715 HTTP/1.1" 200 7916
190.95.2.163 - - [23/Jul/2025:16:20:23 -0300] "POST /cormun/servlet/trpermisosgoce?132bb84a7d045f9432237389508b9f08,,gx-no-cache=1753298598373 HTTP/1.1" 200 15766
190.95.15.27 - - [23/Jul/2025:16:20:24 -0300] "GET /cormun/servlet/vesolicitudot?2023,19782,, HTTP/1.1" 200 8286
190.95.15.27 - - [23/Jul/2025:16:20:24 -0300] "GET /cormun/pexe_scrolldiv.js HTTP/1.1" 404 1009
190.95.15.27 - - [23/Jul/2025:16:20:28 -0300] "GET /cormun/servlet/trsolicitudot? HTTP/1.1" 200 10683
190.95.2.163 - - [23/Jul/2025:16:20:38 -0300] "POST /cormun/servlet/trpermisosgoce?132bb84a7d045f9432237389508b9f08,,gx-no-cache=1753298613072 HTTP/1.1" 200 5806
190.95.15.27 - - [23/Jul/2025:16:20:41 -0300] "POST /cormun/servlet/trsolicitudot?9bc0fd9804c882236674fe791c301e63,,gx-no-cache=1753298616574 HTTP/1.1" 200 6756
190.95.15.27 - - [23/Jul/2025:16:20:42 -0300] "GET /cormun/servlet/vesolicitudot?2023,19583,, HTTP/1.1" 200 8327
190.95.15.27 - - [23/Jul/2025:16:20:42 -0300] "GET /cormun/pexe_scrolldiv.js HTTP/1.1" 404 1009
190.95.15.27 - - [23/Jul/2025:16:20:52 -0300] "GET /cormun/servlet/trsolicitudot? HTTP/1.1" 200 9529
201.186.225.187 - - [23/Jul/2025:16:20:57 -0300] "GET /cormun/servlet/trlicencias? HTTP/1.1" 200 6050
201.186.225.187 - - [23/Jul/2025:16:20:58 -0300] "GET /cormun/servlet/hlogin HTTP/1.1" 200 1732
190.95.15.27 - - [23/Jul/2025:16:21:02 -0300] "POST /cormun/servlet/trsolicitudot?9bc0fd9804c882236674fe791c301e63,,gx-no-cache=1753298638405 HTTP/1.1" 200 5764
190.95.15.27 - - [23/Jul/2025:16:21:04 -0300] "GET /cormun/servlet/vesolicitudot?2023,19581,, HTTP/1.1" 200 8300
190.95.15.27 - - [23/Jul/2025:16:21:05 -0300] "GET /cormun/pexe_scrolldiv.js HTTP/1.1" 404 1009
201.186.225.187 - - [23/Jul/2025:16:21:05 -0300] "POST /cormun/servlet/hlogin?7c8480c03244d7311d700b71d2f67329,gx-no-cache=1753298463561 HTTP/1.1" 200 90
201.186.225.187 - - [23/Jul/2025:16:21:05 -0300] "GET /cormun/servlet/hpexe_link HTTP/1.1" 200 951
201.186.225.187 - - [23/Jul/2025:16:21:05 -0300] "GET /cormun/servlet/trlicencias HTTP/1.1" 200 8910
201.186.225.187 - - [23/Jul/2025:16:21:08 -0300] "POST /cormun/servlet/trlicencias?7c8480c03244d7311d700b71d2f67329,gx-no-cache=1753298467000 HTTP/1.1" 200 6264
190.95.67.91 - - [23/Jul/2025:16:21:48 -0300] "POST /cormun/servlet/solicitudot?58590fe1c6ac25d7a60c6a84de569616,INS,0,0,false,,gx-no-cache=1753298683022 HTTP/1.1" 200 93
190.95.67.91 - - [23/Jul/2025:16:21:48 -0300] "GET /cormun/servlet/hpexe_return? HTTP/1.1" 200 1003
190.95.67.91 - - [23/Jul/2025:16:21:48 -0300] "GET /cormun/servlet/trsolicitudot HTTP/1.1" 200 8855
190.95.67.91 - - [23/Jul/2025:16:22:47 -0300] "POST /cormun/servlet/trsolicitudot?58590fe1c6ac25d7a60c6a84de569616,gx-no-cache=1753298742680 HTTP/1.1" 200 107
190.95.67.91 - - [23/Jul/2025:16:22:47 -0300] "GET /cormun/servlet/trsolicitudadjuntos?2025,22800, HTTP/1.1" 200 6345
190.95.67.91 - - [23/Jul/2025:16:22:49 -0300] "GET /cormun/servlet/solicitudotadjuntos?INS,2025,22800,,1, HTTP/1.1" 200 6290
190.95.67.91 - - [23/Jul/2025:16:22:49 -0300] "GET /cormun/static/about:blank HTTP/1.1" 404 1011
190.95.67.91 - - [23/Jul/2025:16:22:49 -0300] "GET /cormun/servlet/solicitudotadjuntos?9b9c3ecc8bc31b732989e97eab96e77c36201204cd150e5b22f9df047c9985cbb2f6a0a5316dd0647ac5c6ed372cbe05,gx-no-cache=1753298744942 HTTP/1.1" 200 30
190.95.67.91 - - [23/Jul/2025:16:22:49 -0300] "POST /cormun/servlet/solicitudotadjuntos?58590fe1c6ac25d7a60c6a84de569616,INS,2025,22800,,1,,gx-no-cache=1753298744958 HTTP/1.1" 200 4148
190.95.67.91 - - [23/Jul/2025:16:22:52 -0300] "POST /cormun/servlet/solicitudotadjuntos?gx-no-cache=1753298747289 HTTP/1.1" 200 26
190.95.67.91 - - [23/Jul/2025:16:23:05 -0300] "GET /cormun/servlet/solicitudotadjuntos?9b9c3ecc8bc31b732989e97eab96e77caae83c6298a51c255bcc24e884566d59,gx-no-cache=1753298761214 HTTP/1.1" 200 30
190.95.67.91 - - [23/Jul/2025:16:23:05 -0300] "GET /cormun/servlet/solicitudotadjuntos?9b9c3ecc8bc31b732989e97eab96e77caae83c6298a51c255bcc24e884566d59,gx-no-cache=1753298761226 HTTP/1.1" 200 30
190.95.67.91 - - [23/Jul/2025:16:23:06 -0300] "POST /cormun/servlet/solicitudotadjuntos?58590fe1c6ac25d7a60c6a84de569616,INS,2025,22800,,1, HTTP/1.1" 200 116
190.95.67.91 - - [23/Jul/2025:16:23:06 -0300] "GET /cormun/servlet/hpexe_return? HTTP/1.1" 200 1020
190.95.67.91 - - [23/Jul/2025:16:23:06 -0300] "GET /cormun/servlet/trsolicitudadjuntos?2025,22800, HTTP/1.1" 200 9471
190.95.67.91 - - [23/Jul/2025:16:23:08 -0300] "GET /cormun/servlet/solicitudotadjuntos?INS,2025,22800,,1, HTTP/1.1" 200 6290
190.95.67.91 - - [23/Jul/2025:16:23:08 -0300] "GET /cormun/static/about:blank HTTP/1.1" 404 1011
190.95.67.91 - - [23/Jul/2025:16:23:08 -0300] "GET /cormun/servlet/solicitudotadjuntos?9b9c3ecc8bc31b732989e97eab96e77c36201204cd150e5b22f9df047c9985cbb2f6a0a5316dd0647ac5c6ed372cbe05,gx-no-cache=1753298764022 HTTP/1.1" 200 30
190.95.67.91 - - [23/Jul/2025:16:23:08 -0300] "POST /cormun/servlet/solicitudotadjuntos?58590fe1c6ac25d7a60c6a84de569616,INS,2025,22800,,1,,gx-no-cache=1753298764035 HTTP/1.1" 200 4148
190.95.67.91 - - [23/Jul/2025:16:23:10 -0300] "POST /cormun/servlet/solicitudotadjuntos?gx-no-cache=1753298765470 HTTP/1.1" 200 26
179.57.78.71 - - [23/Jul/2025:16:24:07 -0300] "GET /cormun/servlet/hlogin HTTP/1.1" 200 1722
179.57.78.71 - - [23/Jul/2025:16:24:07 -0300] "GET /cormun/servlet/hlogin HTTP/1.1" 200 1732
179.57.78.71 - - [23/Jul/2025:16:24:12 -0300] "POST /cormun/servlet/hlogin?64d41748e4497bae4df3519b5aa82185,gx-no-cache=1753298827204 HTTP/1.1" 200 90
179.57.78.71 - - [23/Jul/2025:16:24:12 -0300] "GET /cormun/servlet/hpexe_link HTTP/1.1" 200 952
179.57.78.71 - - [23/Jul/2025:16:24:12 -0300] "GET /cormun/servlet/hhome HTTP/1.1" 200 4259
179.57.78.71 - - [23/Jul/2025:16:24:17 -0300] "GET /cormun/servlet/trlicencias? HTTP/1.1" 200 10714
190.95.2.163 - - [23/Jul/2025:16:25:18 -0300] "GET /cormun/servlet/hlogin HTTP/1.1" 200 1718
190.95.2.163 - - [23/Jul/2025:16:25:19 -0300] "GET /cormun/servlet/hlogin HTTP/1.1" 200 1728
190.95.2.163 - - [23/Jul/2025:16:25:22 -0300] "POST /cormun/servlet/hlogin?1fa82d73d8552335db497b68a382a79c,gx-no-cache=1753298898186 HTTP/1.1" 200 90
190.95.2.163 - - [23/Jul/2025:16:25:22 -0300] "GET /cormun/servlet/hpexe_link HTTP/1.1" 200 949
190.95.2.163 - - [23/Jul/2025:16:25:23 -0300] "GET /cormun/servlet/hhome HTTP/1.1" 200 3993
190.95.2.163 - - [23/Jul/2025:16:25:45 -0300] "GET /cormun/servlet/trpermisosgoce? HTTP/1.1" 200 12702
190.95.2.163 - - [23/Jul/2025:16:25:45 -0300] "GET /cormun/static/gxcfg.js?2020121631564 HTTP/1.1" 200 953
190.95.2.163 - - [23/Jul/2025:16:25:45 -0300] "GET /cormun/static/trpermisosgoce.js?2020121633681 HTTP/1.1" 200 35904
190.95.2.163 - - [23/Jul/2025:16:25:45 -0300] "GET /cormun//static/Resources/PXToolsGridUpdate.png HTTP/1.1" 200 470
190.95.2.163 - - [23/Jul/2025:16:25:45 -0300] "GET /cormun//static/Resources/PXToolsGridDelete.png HTTP/1.1" 200 538
179.57.78.55 - - [23/Jul/2025:16:26:30 -0300] "GET /cormun/servlet/trlicencias? HTTP/1.1" 200 6048
179.57.78.55 - - [23/Jul/2025:16:26:31 -0300] "GET /cormun/servlet/hlogin HTTP/1.1" 200 1738
190.95.15.15 - - [23/Jul/2025:16:27:33 -0300] "GET /cormun/servlet/trpermisosgoce? HTTP/1.1" 200 11198
190.95.15.15 - - [23/Jul/2025:16:27:38 -0300] "GET /cormun/servlet/trpermisosadjuntos?11143162,20250722084156,P, HTTP/1.1" 200 6290
190.95.15.15 - - [23/Jul/2025:16:27:40 -0300] "GET /cormun/servlet/permisosadjuntos?INS,11143162,P,20250722084156,, HTTP/1.1" 200 5612
190.95.15.15 - - [23/Jul/2025:16:27:40 -0300] "GET /cormun/static/about:blank HTTP/1.1" 404 1011
190.95.15.15 - - [23/Jul/2025:16:27:55 -0300] "POST /cormun/servlet/permisosadjuntos?ea96f3b06f8fab696a9b8ecdfaa21f6e,INS,11143162,P,20250722084156,, HTTP/1.1" 200 116
