190.95.1.187 - - [21/Jul/2025:10:09:14 -0300] "GET /cormun/servlet/solicitudot?1d7239693feeefeeb8647ab4fa7a3a3fe7b08ca4355721eb45ab5c5095cf6e5e3bd28d00f970a0984158428c33c31d842535bd767ac4aac2c8b3117ba93c77bafa078dd6d17c4eb47b37664b336336ef5292d929c77d70bb5cade9a65a0686ef707921083dfe86b9c8813374ab745a001263bcfdafab6921a1d528817095cca3f444cce71b4a9b48ee5b5f492d6cc76c10fea2134a772075bbfe3ebc5d6ac0ef6deddcccf9e6f0e0af19eff07cc93d2a84bbad51e7eb15d5dec5aa453326214f8c55008848e592b28360382b913f685dc315f6d2f0745ce9880c39771bdbdc34437f27035c4ee03645363f849ab4e4ee1f9dac924a7ad76d1f65161535f6a9814afdb67632acae9022eef35f8dcbbbcc3af92b9110b1a43854ece99d6142bda4428befb03f08e9b03e15ab67c3ad50f986656af278507035b2cbcd847097ba29de80af34118df431b1c4b01e714675cba3a78c866a4f5b4c3f2a01a12f848ed818c1ac850f1745e1810f4bb8f987d2c745f0fd0f5a55fd2c9fb27f8826ef07bf,gx-no-cache=1753103531881 HTTP/1.1" 200 30
190.95.1.187 - - [21/Jul/2025:10:09:15 -0300] "POST /cormun/servlet/solicitudot?gx-no-cache=1753103533271 HTTP/1.1" 200 30
190.95.1.187 - - [21/Jul/2025:10:09:16 -0300] "GET /cormun/servlet/prsolicitudot?18542231,,,,,MD,,gxPopupLevel%3D0%3B HTTP/1.1" 200 6088
190.95.1.187 - - [21/Jul/2025:10:09:18 -0300] "POST /cormun/servlet/solicitudot?gx-no-cache=1753103536494 HTTP/1.1" 200 1563
190.95.1.187 - - [21/Jul/2025:10:09:18 -0300] "GET /cormun/static/Shared/jqueryui/images/ui-bg_highlight-soft_100_c6c2c8_1x100.png HTTP/1.1" 404 1117
190.95.1.187 - - [21/Jul/2025:10:09:18 -0300] "GET /cormun/static/Shared/jqueryui/images/ui-icons_ebccce_256x240.png HTTP/1.1" 404 1089
190.95.1.187 - - [21/Jul/2025:10:09:18 -0300] "GET /cormun/static/Shared/jqueryui/images/ui-bg_flat_55_994d53_40x100.png HTTP/1.1" 404 1097
190.95.1.187 - - [21/Jul/2025:10:09:18 -0300] "GET /cormun/static/Shared/jqueryui/images/ui-icons_82798d_256x240.png HTTP/1.1" 404 1089
190.95.1.187 - - [21/Jul/2025:10:09:18 -0300] "POST /cormun/servlet/solicitudot?gx-no-cache=1753103536558 HTTP/1.1" 200 117
190.95.1.187 - - [21/Jul/2025:10:09:18 -0300] "GET /cormun/servlet/solicitudot?1d7239693feeefeeb8647ab4fa7a3a3f99a1251ab7497f1478e3b8b139ff5700060b2acbc871981ef0d4ddbc841b6c93b2386a86c86fede0b13f283a1f8068c1104a3ae5b24cae36f121d4d65b09566d39deab7f0a60396f8fa55d86fd36f2674d3f7de151e82097eb1b8da0ec732010,gx-no-cache=1753103536608 HTTP/1.1" 200 110
190.95.1.187 - - [21/Jul/2025:10:09:18 -0300] "POST /cormun/servlet/solicitudot?gx-no-cache=1753103536628 HTTP/1.1" 200 64
190.95.1.187 - - [21/Jul/2025:10:09:19 -0300] "GET /cormun/servlet/solicitudot?1d7239693feeefeeb8647ab4fa7a3a3f4bb14503074881db954a4033c86851609102cbd9adbe3795e3b005e2e97bcbb57ec1126a6b97feeb6be776775ec151046f784f3ddab8afbdc26a4241e3a2a0aad52f80581571f399961465a509b335e9830f894b8824b21cd0a39ef3635d19165a0ee81b27aa94e49281ae47de67a5abae500b2e37426d4cb9b6e92cb4480f97cca361250f9cef20a0e3d375f9f0b178eb0b73af4bf56ea19d36f6fb838f1e9b991d370320b8f46db9168fa28065446138fda56c5b290815c0f3c284df7ff840,gx-no-cache=1753103536663 HTTP/1.1" 200 29
190.95.1.187 - - [21/Jul/2025:10:09:19 -0300] "GET /cormun/servlet/solicitudot?1d7239693feeefeeb8647ab4fa7a3a3fb185e3b72c0339cff8cbc39502e98177e5ad72dbfe350ca7ea99c5bb8ddd5d7b,gx-no-cache=1753103536695 HTTP/1.1" 200 30
190.95.15.15 - - [21/Jul/2025:10:09:23 -0300] "POST /cormun/servlet/solicitudot?721acc569a57baec1c8830678c2e4ecb,UPD,2025,22787,false,,gx-no-cache=1753103540760 HTTP/1.1" 200 93
190.95.15.15 - - [21/Jul/2025:10:09:23 -0300] "GET /cormun/servlet/hpexe_return? HTTP/1.1" 200 1013
190.95.15.15 - - [21/Jul/2025:10:09:23 -0300] "GET /cormun/servlet/trsolicitudot HTTP/1.1" 200 8477
190.95.1.187 - - [21/Jul/2025:10:09:29 -0300] "POST /cormun/servlet/solicitudot?gx-no-cache=1753103547077 HTTP/1.1" 200 1482
190.95.1.187 - - [21/Jul/2025:10:09:33 -0300] "GET /cormun/servlet/prlicenciaspermisos?17399414,L,,MD,,gxPopupLevel%3D0%3B HTTP/1.1" 200 6039
190.95.67.91 - - [21/Jul/2025:10:09:36 -0300] "GET /cormun/static/menuarrow.gif HTTP/1.1" 404 1015
190.95.1.187 - - [21/Jul/2025:10:09:37 -0300] "POST /cormun/servlet/solicitudot?gx-no-cache=1753103555432 HTTP/1.1" 200 41
190.95.1.187 - - [21/Jul/2025:10:09:37 -0300] "GET /cormun/servlet/solicitudot?1d7239693feeefeeb8647ab4fa7a3a3f99a1251ab7497f1478e3b8b139ff5700060b2acbc871981ef0d4ddbc841b6c93b2386a86c86fede0b13f283a1f8068c1104a3ae5b24cae36f121d4d65b09566d39deab7f0a60396f8fa55d86fd36f2674d3f7de151e82097eb1b8da0ec732010,gx-no-cache=1753103555452 HTTP/1.1" 200 110
190.95.1.187 - - [21/Jul/2025:10:09:46 -0300] "POST /cormun/servlet/solicitudot?gx-no-cache=1753103564383 HTTP/1.1" 200 72
190.95.15.15 - - [21/Jul/2025:10:09:50 -0300] "POST /cormun/servlet/trsolicitudot?721acc569a57baec1c8830678c2e4ecb,gx-no-cache=1753103568059 HTTP/1.1" 200 107
190.95.15.15 - - [21/Jul/2025:10:09:50 -0300] "GET /cormun/servlet/trsolicitudadjuntos?2025,22787, HTTP/1.1" 200 6086
190.95.15.15 - - [21/Jul/2025:10:09:50 -0300] "GET /cormun/static/gxcfg.js?20201215574222 HTTP/1.1" 200 953
190.95.15.15 - - [21/Jul/2025:10:09:50 -0300] "GET /cormun/static/trsolicitudadjuntos.js?20201215574932 HTTP/1.1" 200 17921
190.95.15.15 - - [21/Jul/2025:10:09:50 -0300] "GET /cormun/static/Resources/PXToolsGridNew.png HTTP/1.1" 200 427
190.95.15.15 - - [21/Jul/2025:10:09:52 -0300] "GET /cormun/servlet/solicitudotadjuntos?INS,2025,22787,,1, HTTP/1.1" 200 6031
190.95.15.15 - - [21/Jul/2025:10:09:52 -0300] "GET /cormun/static/gxcfg.js?202211298385187 HTTP/1.1" 200 953
190.95.15.15 - - [21/Jul/2025:10:09:52 -0300] "GET /cormun/static/solicitudotadjuntos.js?202211298385196 HTTP/1.1" 200 11771
190.95.15.15 - - [21/Jul/2025:10:09:52 -0300] "GET /cormun/static/about:blank HTTP/1.1" 404 1011
190.95.15.15 - - [21/Jul/2025:10:09:53 -0300] "GET /cormun/servlet/solicitudotadjuntos?52712d9f012394a1f70b867f0eed2671b3ceb817569bbc1c94fc04828e80e7eab75c513058b30d4fa704eeb74278982d,gx-no-cache=1753103571097 HTTP/1.1" 200 30
190.95.15.15 - - [21/Jul/2025:10:09:53 -0300] "POST /cormun/servlet/solicitudotadjuntos?721acc569a57baec1c8830678c2e4ecb,INS,2025,22787,,1,,gx-no-cache=1753103571112 HTTP/1.1" 200 3873
190.95.1.187 - - [21/Jul/2025:10:09:54 -0300] "GET /cormun/servlet/solicitudot?1d7239693feeefeeb8647ab4fa7a3a3f4bb14503074881db954a4033c86851609102cbd9adbe3795e3b005e2e97bcbb596ba778515f4c0201dbd0120c91defae6f784f3ddab8afbdc26a4241e3a2a0aad52f80581571f399961465a509b335e9830f894b8824b21cd0a39ef3635d19165a0ee81b27aa94e49281ae47de67a5abae500b2e37426d4cb9b6e92cb4480f97cca361250f9cef20a0e3d375f9f0b178eb0b73af4bf56ea19d36f6fb838f1e9b991d370320b8f46db9168fa28065446138fda56c5b290815c0f3c284df7ff840,gx-no-cache=1753103572126 HTTP/1.1" 200 29
190.95.15.15 - - [21/Jul/2025:10:09:55 -0300] "POST /cormun/servlet/solicitudotadjuntos?gx-no-cache=1753103573256 HTTP/1.1" 200 26
190.95.1.187 - - [21/Jul/2025:10:09:55 -0300] "POST /cormun/servlet/solicitudot?gx-no-cache=1753103573564 HTTP/1.1" 200 32
190.95.1.187 - - [21/Jul/2025:10:09:59 -0300] "POST /cormun/servlet/solicitudot?a48854ed65513c7787ff1a5c8c764ed1,INS,0,0,false,,gx-no-cache=1753103576440 HTTP/1.1" 200 93
190.95.1.187 - - [21/Jul/2025:10:09:59 -0300] "GET /cormun/servlet/hpexe_return? HTTP/1.1" 200 1004
190.95.1.187 - - [21/Jul/2025:10:09:59 -0300] "GET /cormun/servlet/trsolicitudot HTTP/1.1" 200 9284
190.95.1.187 - - [21/Jul/2025:10:10:21 -0300] "POST /cormun/servlet/trsolicitudot?a48854ed65513c7787ff1a5c8c764ed1,gx-no-cache=1753103599329 HTTP/1.1" 200 112
190.95.1.187 - - [21/Jul/2025:10:10:21 -0300] "GET /cormun/servlet/solicitudot?UPD,2025,22788,false, HTTP/1.1" 200 16673
190.95.1.187 - - [21/Jul/2025:10:10:22 -0300] "POST /cormun/servlet/solicitudot?gx-no-cache=1753103600161 HTTP/1.1" 200 4122
190.95.1.187 - - [21/Jul/2025:10:10:22 -0300] "POST /cormun/servlet/solicitudot?a48854ed65513c7787ff1a5c8c764ed1,UPD,2025,22788,false,,gx-no-cache=1753103600273 HTTP/1.1" 200 12771
190.95.1.187 - - [21/Jul/2025:10:10:22 -0300] "GET /cormun/servlet/solicitudot?1d7239693feeefeeb8647ab4fa7a3a3f284bed0e9a6281fca29fa2da798a65cf15ee617de4ea66c537b9e86628ca394f,gx-no-cache=1753103600370 HTTP/1.1" 200 30
190.95.1.187 - - [21/Jul/2025:10:10:22 -0300] "GET /cormun/servlet/solicitudot?1d7239693feeefeeb8647ab4fa7a3a3f38f688c5ec7f7f8eacff58b4fcdda4d13758d5f9f4389bf49d91e7c83125d072615e7d56715964248c5fa4a101f1b57f,gx-no-cache=1753103600398 HTTP/1.1" 200 30
190.95.1.187 - - [21/Jul/2025:10:10:22 -0300] "GET /cormun/servlet/solicitudot?1d7239693feeefeeb8647ab4fa7a3a3f1d31a8eb4d2a720ef62621dbbf459d7557390142785ebcdc1f5d382d71bc3473044e8a58fe597633e9c8f8713e79f3c6,gx-no-cache=1753103600429 HTTP/1.1" 200 53
190.95.1.187 - - [21/Jul/2025:10:10:22 -0300] "POST /cormun/servlet/solicitudot?gx-no-cache=1753103600454 HTTP/1.1" 200 239
190.95.1.187 - - [21/Jul/2025:10:10:22 -0300] "GET /cormun/servlet/solicitudot?1d7239693feeefeeb8647ab4fa7a3a3fe7b08ca4355721eb45ab5c5095cf6e5e3bd28d00f970a0984158428c33c31d842535bd767ac4aac2c8b3117ba93c77bafa078dd6d17c4eb47b37664b336336ef5292d929c77d70bb5cade9a65a0686ef707921083dfe86b9c8813374ab745a001263bcfdafab6921a1d528817095cca3f444cce71b4a9b48ee5b5f492d6cc76c10fea2134a772075bbfe3ebc5d6ac0ef6deddcccf9e6f0e0af19eff07cc93d2a84bbad51e7eb15d5dec5aa453326214f8c55008848e592b28360382b913f685dc315f6d2f0745ce9880c39771bdbdc34437f27035c4ee03645363f849ab4e4ee1f9dac924a7ad76d1f65161535f6a9814afdb67632acae9022eef35f8dcbbbcc3af92b9110b1a43854ece99d6142bda4428befb03f08e9b03e15ab67c3ad50f986656af278507035b2cbcd847097ba29de80af34118df431b1c4b01e714675cba3a78c866a4f5b4c3f2a01a12f848ed818c1ac850f1745e1810f4bb8f987d2c78c5b849f932b8cb70b8b513dfe5925d9,gx-no-cache=1753103600483 HTTP/1.1" 200 30
190.95.1.187 - - [21/Jul/2025:10:10:22 -0300] "POST /cormun/servlet/solicitudot?gx-no-cache=1753103600502 HTTP/1.1" 200 30
190.95.1.187 - - [21/Jul/2025:10:10:22 -0300] "POST /cormun/servlet/solicitudot?gx-no-cache=1753103600522 HTTP/1.1" 200 1482
190.95.1.187 - - [21/Jul/2025:10:10:22 -0300] "POST /cormun/servlet/solicitudot?gx-no-cache=1753103600612 HTTP/1.1" 200 41
190.95.1.187 - - [21/Jul/2025:10:10:31 -0300] "GET /cormun/servlet/solicitudot?1d7239693feeefeeb8647ab4fa7a3a3f99a1251ab7497f1478e3b8b139ff5700060b2acbc871981ef0d4ddbc841b6c93b2386a86c86fede0b13f283a1f8068c1104a3ae5b24cae36f121d4d65b09566d39deab7f0a60396f8fa55d86fd36f2674d3f7de151e82097eb1b8da0ec732010,gx-no-cache=1753103609512 HTTP/1.1" 200 110
190.95.1.187 - - [21/Jul/2025:10:10:31 -0300] "POST /cormun/servlet/solicitudot?gx-no-cache=1753103609530 HTTP/1.1" 200 97
190.95.1.187 - - [21/Jul/2025:10:10:31 -0300] "GET /cormun/servlet/solicitudot?1d7239693feeefeeb8647ab4fa7a3a3ff16b789fbb4a6a6485ae35e7a45c0abeefb02d4cd27dca4b2e38336ad5a4fa130aba91815b9982087e781538d567e27d3e350a989fbf5674fff755022ea0b0864cd1689330ab39802ead90ff46b6f0a07c8c4a25aa845110b7735998707050d2bc38c40ce2556d59fab84cb83cef9d9ccb54aaf6def2ef9f380f3faa66f5b50787721b1d05b114be544718a3af15f7ef449d59769f2f76677844961a8959ccfb8c05e62e3774faf0022b26a2e550beaf636dbf7d97e39f9856fb4043c369ccb6,gx-no-cache=1753103609550 HTTP/1.1" 200 29
190.95.1.187 - - [21/Jul/2025:10:10:31 -0300] "GET /cormun/servlet/solicitudot?1d7239693feeefeeb8647ab4fa7a3a3fb185e3b72c0339cff8cbc39502e981773186e3f1320a1b4408aabb3ceeb85f1a,gx-no-cache=1753103609566 HTTP/1.1" 200 30
190.95.1.187 - - [21/Jul/2025:10:10:31 -0300] "POST /cormun/servlet/solicitudot?gx-no-cache=1753103609589 HTTP/1.1" 200 32
190.95.1.187 - - [21/Jul/2025:10:10:32 -0300] "POST /cormun/servlet/solicitudot?a48854ed65513c7787ff1a5c8c764ed1,UPD,2025,22788,false,,gx-no-cache=1753103609642 HTTP/1.1" 200 93
190.95.1.187 - - [21/Jul/2025:10:10:32 -0300] "GET /cormun/servlet/hpexe_return? HTTP/1.1" 200 1010
190.95.1.187 - - [21/Jul/2025:10:10:32 -0300] "GET /cormun/servlet/trsolicitudot HTTP/1.1" 200 9272
190.95.1.187 - - [21/Jul/2025:10:10:40 -0300] "POST /cormun/servlet/trsolicitudot?a48854ed65513c7787ff1a5c8c764ed1,gx-no-cache=1753103617983 HTTP/1.1" 200 112
190.95.1.187 - - [21/Jul/2025:10:10:40 -0300] "GET /cormun/servlet/solicitudot?UPD,2025,22788,false, HTTP/1.1" 200 16675
190.95.1.187 - - [21/Jul/2025:10:10:41 -0300] "POST /cormun/servlet/solicitudot?gx-no-cache=1753103618755 HTTP/1.1" 200 4122
190.95.1.187 - - [21/Jul/2025:10:10:41 -0300] "POST /cormun/servlet/solicitudot?a48854ed65513c7787ff1a5c8c764ed1,UPD,2025,22788,false,,gx-no-cache=1753103618843 HTTP/1.1" 200 12770
190.95.1.187 - - [21/Jul/2025:10:10:41 -0300] "GET /cormun/servlet/solicitudot?1d7239693feeefeeb8647ab4fa7a3a3f284bed0e9a6281fca29fa2da798a65cf15ee617de4ea66c537b9e86628ca394f,gx-no-cache=1753103618910 HTTP/1.1" 200 30
190.95.1.187 - - [21/Jul/2025:10:10:41 -0300] "GET /cormun/servlet/solicitudot?1d7239693feeefeeb8647ab4fa7a3a3f38f688c5ec7f7f8eacff58b4fcdda4d13758d5f9f4389bf49d91e7c83125d072615e7d56715964248c5fa4a101f1b57f,gx-no-cache=1753103618931 HTTP/1.1" 200 30
190.95.1.187 - - [21/Jul/2025:10:10:41 -0300] "GET /cormun/servlet/solicitudot?1d7239693feeefeeb8647ab4fa7a3a3f1d31a8eb4d2a720ef62621dbbf459d7557390142785ebcdc1f5d382d71bc3473044e8a58fe597633e9c8f8713e79f3c6,gx-no-cache=1753103618946 HTTP/1.1" 200 53
190.95.1.187 - - [21/Jul/2025:10:10:41 -0300] "POST /cormun/servlet/solicitudot?gx-no-cache=1753103618963 HTTP/1.1" 200 239
190.95.1.187 - - [21/Jul/2025:10:10:41 -0300] "GET /cormun/servlet/solicitudot?1d7239693feeefeeb8647ab4fa7a3a3fe7b08ca4355721eb45ab5c5095cf6e5e3bd28d00f970a0984158428c33c31d842535bd767ac4aac2c8b3117ba93c77bafa078dd6d17c4eb47b37664b336336ef5292d929c77d70bb5cade9a65a0686ef707921083dfe86b9c8813374ab745a001263bcfdafab6921a1d528817095cca3f444cce71b4a9b48ee5b5f492d6cc76c10fea2134a772075bbfe3ebc5d6ac0ef6deddcccf9e6f0e0af19eff07cc93d2a84bbad51e7eb15d5dec5aa453326214f8c55008848e592b28360382b913f685dc315f6d2f0745ce9880c39771bdbdc34437f27035c4ee03645363f849ab4e4ee1f9dac924a7ad76d1f65161535f6a9814afdb67632acae9022eef35f8dcbbbcc3af92b9110b1a43854ece99d6142bda4428befb03f08e9b03e15ab67c3ad50f986656af278507035b2cbcd847097ba29de80af34118df431b1c4b01e714675cba3a78c866a4f5b4c3f2a01a12f848ed818c1ac850f1745e1810f4bb8f987d2c78c5b849f932b8cb70b8b513dfe5925d9,gx-no-cache=1753103618982 HTTP/1.1" 200 30
190.95.1.187 - - [21/Jul/2025:10:10:41 -0300] "POST /cormun/servlet/solicitudot?gx-no-cache=1753103618999 HTTP/1.1" 200 30
190.95.1.187 - - [21/Jul/2025:10:10:41 -0300] "POST /cormun/servlet/solicitudot?gx-no-cache=1753103619016 HTTP/1.1" 200 1482
190.95.1.187 - - [21/Jul/2025:10:10:41 -0300] "POST /cormun/servlet/solicitudot?gx-no-cache=1753103619100 HTTP/1.1" 200 41
190.95.1.187 - - [21/Jul/2025:10:10:44 -0300] "GET /cormun/servlet/solicitudot?1d7239693feeefeeb8647ab4fa7a3a3f99a1251ab7497f1478e3b8b139ff5700060b2acbc871981ef0d4ddbc841b6c93b2386a86c86fede0b13f283a1f8068c1104a3ae5b24cae36f121d4d65b09566d39deab7f0a60396f8fa55d86fd36f2674d3f7de151e82097eb1b8da0ec732010,gx-no-cache=1753103621786 HTTP/1.1" 200 110
190.95.15.15 - - [21/Jul/2025:10:10:52 -0300] "GET /cormun/servlet/solicitudotadjuntos?52712d9f012394a1f70b867f0eed26716713181958a1b742fc23006543a0185b,gx-no-cache=1753103630249 HTTP/1.1" 200 30
190.95.15.15 - - [21/Jul/2025:10:10:52 -0300] "GET /cormun/servlet/solicitudotadjuntos?52712d9f012394a1f70b867f0eed26716713181958a1b742fc23006543a0185b,gx-no-cache=1753103630272 HTTP/1.1" 200 30
190.95.1.187 - - [21/Jul/2025:10:10:52 -0300] "POST /cormun/servlet/solicitudot?gx-no-cache=1753103630314 HTTP/1.1" 200 79
190.95.15.15 - - [21/Jul/2025:10:10:52 -0300] "POST /cormun/servlet/solicitudotadjuntos?721acc569a57baec1c8830678c2e4ecb,INS,2025,22787,,1, HTTP/1.1" 200 116
190.95.15.15 - - [21/Jul/2025:10:10:52 -0300] "GET /cormun/servlet/hpexe_return? HTTP/1.1" 200 1024
190.95.15.15 - - [21/Jul/2025:10:10:52 -0300] "GET /cormun/servlet/trsolicitudadjuntos?2025,22787, HTTP/1.1" 200 9213
190.95.1.187 - - [21/Jul/2025:10:10:55 -0300] "GET /cormun/servlet/solicitudot?1d7239693feeefeeb8647ab4fa7a3a3ff16b789fbb4a6a6485ae35e7a45c0abeefb02d4cd27dca4b2e38336ad5a4fa130aba91815b9982087e781538d567e27d3e350a989fbf5674fff755022ea0b0864cd1689330ab39802ead90ff46b6f0a07c8c4a25aa845110b7735998707050d2bc38c40ce2556d59fab84cb83cef9d9ccb54aaf6def2ef9f380f3faa66f5b50787721b1d05b114be544718a3af15f7ef449d59769f2f76677844961a8959ccfb8c05e62e3774faf0022b26a2e550beaf636dbf7d97e39f9856fb4043c369ccb6,gx-no-cache=1753103632818 HTTP/1.1" 200 29
190.95.1.187 - - [21/Jul/2025:10:10:55 -0300] "GET /cormun/servlet/solicitudot?1d7239693feeefeeb8647ab4fa7a3a3fb185e3b72c0339cff8cbc39502e981773186e3f1320a1b4408aabb3ceeb85f1a,gx-no-cache=1753103632848 HTTP/1.1" 200 30
190.95.1.187 - - [21/Jul/2025:10:10:55 -0300] "POST /cormun/servlet/solicitudot?gx-no-cache=1753103632878 HTTP/1.1" 200 32
190.95.15.15 - - [21/Jul/2025:10:10:55 -0300] "GET /cormun/servlet/solicitudotadjuntos?INS,2025,22787,,1, HTTP/1.1" 200 6031
190.95.15.15 - - [21/Jul/2025:10:10:55 -0300] "GET /cormun/static/about:blank HTTP/1.1" 404 1011
190.95.1.187 - - [21/Jul/2025:10:10:55 -0300] "POST /cormun/servlet/solicitudot?a48854ed65513c7787ff1a5c8c764ed1,UPD,2025,22788,false,,gx-no-cache=1753103632939 HTTP/1.1" 200 93
190.95.1.187 - - [21/Jul/2025:10:10:55 -0300] "GET /cormun/servlet/hpexe_return? HTTP/1.1" 200 1010
190.95.1.187 - - [21/Jul/2025:10:10:55 -0300] "GET /cormun/servlet/trsolicitudot HTTP/1.1" 200 9297
190.95.15.15 - - [21/Jul/2025:10:10:55 -0300] "GET /cormun/servlet/solicitudotadjuntos?52712d9f012394a1f70b867f0eed2671b3ceb817569bbc1c94fc04828e80e7eab75c513058b30d4fa704eeb74278982d,gx-no-cache=1753103633709 HTTP/1.1" 200 30
190.95.15.15 - - [21/Jul/2025:10:10:55 -0300] "POST /cormun/servlet/solicitudotadjuntos?721acc569a57baec1c8830678c2e4ecb,INS,2025,22787,,1,,gx-no-cache=1753103633727 HTTP/1.1" 200 3873
190.95.15.15 - - [21/Jul/2025:10:10:57 -0300] "POST /cormun/servlet/solicitudotadjuntos?gx-no-cache=1753103635625 HTTP/1.1" 200 26
190.95.15.15 - - [21/Jul/2025:10:11:05 -0300] "GET /cormun/servlet/solicitudotadjuntos?52712d9f012394a1f70b867f0eed26716713181958a1b742fc23006543a0185b,gx-no-cache=1753103643515 HTTP/1.1" 200 30
190.95.15.15 - - [21/Jul/2025:10:11:05 -0300] "GET /cormun/servlet/solicitudotadjuntos?52712d9f012394a1f70b867f0eed26716713181958a1b742fc23006543a0185b,gx-no-cache=1753103643527 HTTP/1.1" 200 30
190.95.15.15 - - [21/Jul/2025:10:11:07 -0300] "POST /cormun/servlet/solicitudotadjuntos?721acc569a57baec1c8830678c2e4ecb,INS,2025,22787,,1, HTTP/1.1" 200 116
190.95.15.15 - - [21/Jul/2025:10:11:07 -0300] "GET /cormun/servlet/hpexe_return? HTTP/1.1" 200 1024
190.95.15.15 - - [21/Jul/2025:10:11:07 -0300] "GET /cormun/servlet/trsolicitudadjuntos?2025,22787, HTTP/1.1" 200 9460
190.95.15.15 - - [21/Jul/2025:10:11:09 -0300] "GET /cormun/servlet/solicitudotadjuntos?INS,2025,22787,,1, HTTP/1.1" 200 6031
190.95.15.15 - - [21/Jul/2025:10:11:09 -0300] "GET /cormun/static/about:blank HTTP/1.1" 404 1011
190.95.15.15 - - [21/Jul/2025:10:11:10 -0300] "GET /cormun/servlet/solicitudotadjuntos?52712d9f012394a1f70b867f0eed2671b3ceb817569bbc1c94fc04828e80e7eab75c513058b30d4fa704eeb74278982d,gx-no-cache=1753103648151 HTTP/1.1" 200 30
190.95.15.15 - - [21/Jul/2025:10:11:10 -0300] "POST /cormun/servlet/solicitudotadjuntos?721acc569a57baec1c8830678c2e4ecb,INS,2025,22787,,1,,gx-no-cache=1753103648168 HTTP/1.1" 200 3873
190.95.15.15 - - [21/Jul/2025:10:11:13 -0300] "POST /cormun/servlet/solicitudotadjuntos?gx-no-cache=1753103651361 HTTP/1.1" 200 26
190.95.15.15 - - [21/Jul/2025:10:11:21 -0300] "GET /cormun/servlet/solicitudotadjuntos?52712d9f012394a1f70b867f0eed26716713181958a1b742fc23006543a0185b,gx-no-cache=1753103659372 HTTP/1.1" 200 30
190.95.15.15 - - [21/Jul/2025:10:11:21 -0300] "GET /cormun/servlet/solicitudotadjuntos?52712d9f012394a1f70b867f0eed26716713181958a1b742fc23006543a0185b,gx-no-cache=1753103659385 HTTP/1.1" 200 30
190.95.15.15 - - [21/Jul/2025:10:11:21 -0300] "POST /cormun/servlet/solicitudotadjuntos?721acc569a57baec1c8830678c2e4ecb,INS,2025,22787,,1, HTTP/1.1" 200 116
190.95.15.15 - - [21/Jul/2025:10:11:21 -0300] "GET /cormun/servlet/hpexe_return? HTTP/1.1" 200 1024
190.95.15.15 - - [21/Jul/2025:10:11:21 -0300] "GET /cormun/servlet/trsolicitudadjuntos?2025,22787, HTTP/1.1" 200 9687
190.95.15.15 - - [21/Jul/2025:10:11:24 -0300] "GET /cormun/servlet/solicitudotadjuntos?INS,2025,22787,,1, HTTP/1.1" 200 6031
190.95.15.15 - - [21/Jul/2025:10:11:24 -0300] "GET /cormun/static/about:blank HTTP/1.1" 404 1011
190.95.15.15 - - [21/Jul/2025:10:11:24 -0300] "GET /cormun/servlet/solicitudotadjuntos?52712d9f012394a1f70b867f0eed2671b3ceb817569bbc1c94fc04828e80e7eab75c513058b30d4fa704eeb74278982d,gx-no-cache=1753103662744 HTTP/1.1" 200 30
190.95.15.15 - - [21/Jul/2025:10:11:24 -0300] "POST /cormun/servlet/solicitudotadjuntos?721acc569a57baec1c8830678c2e4ecb,INS,2025,22787,,1,,gx-no-cache=1753103662756 HTTP/1.1" 200 3873
190.95.15.15 - - [21/Jul/2025:10:11:26 -0300] "POST /cormun/servlet/solicitudotadjuntos?gx-no-cache=1753103664793 HTTP/1.1" 200 26
190.95.15.15 - - [21/Jul/2025:10:11:37 -0300] "GET /cormun/servlet/solicitudotadjuntos?52712d9f012394a1f70b867f0eed26716713181958a1b742fc23006543a0185b,gx-no-cache=1753103675473 HTTP/1.1" 200 30
190.95.15.15 - - [21/Jul/2025:10:11:37 -0300] "GET /cormun/servlet/solicitudotadjuntos?52712d9f012394a1f70b867f0eed26716713181958a1b742fc23006543a0185b,gx-no-cache=1753103675484 HTTP/1.1" 200 30
190.95.1.187 - - [21/Jul/2025:10:11:37 -0300] "POST /cormun/servlet/trsolicitudot?a48854ed65513c7787ff1a5c8c764ed1,gx-no-cache=1753103675359 HTTP/1.1" 200 6171
190.95.1.187 - - [21/Jul/2025:10:11:37 -0300] "GET /cormun/static/Shared/jqueryui/images/ui-bg_highlight-soft_100_c6c2c8_1x100.png HTTP/1.1" 404 1117
190.95.1.187 - - [21/Jul/2025:10:11:37 -0300] "GET /cormun/static/Shared/jqueryui/images/ui-bg_flat_55_fafafa_40x100.png HTTP/1.1" 404 1097
190.95.1.187 - - [21/Jul/2025:10:11:37 -0300] "GET /cormun/static/Shared/jqueryui/images/ui-icons_82798d_256x240.png HTTP/1.1" 404 1089
190.95.1.187 - - [21/Jul/2025:10:11:37 -0300] "GET /cormun/static/Shared/jqueryui/images/ui-icons_8d78a5_256x240.png HTTP/1.1" 404 1089
190.95.1.187 - - [21/Jul/2025:10:11:37 -0300] "POST /cormun/servlet/trsolicitudot?a48854ed65513c7787ff1a5c8c764ed1,gx-no-cache=1753103675509 HTTP/1.1" 200 6117
190.95.15.15 - - [21/Jul/2025:10:11:38 -0300] "POST /cormun/servlet/solicitudotadjuntos?721acc569a57baec1c8830678c2e4ecb,INS,2025,22787,,1, HTTP/1.1" 200 116
190.95.15.15 - - [21/Jul/2025:10:11:38 -0300] "GET /cormun/servlet/hpexe_return? HTTP/1.1" 200 1024
190.95.15.15 - - [21/Jul/2025:10:11:38 -0300] "GET /cormun/servlet/trsolicitudadjuntos?2025,22787, HTTP/1.1" 200 9979
190.95.1.187 - - [21/Jul/2025:10:11:39 -0300] "POST /cormun/servlet/trsolicitudot?a48854ed65513c7787ff1a5c8c764ed1,gx-no-cache=1753103677137 HTTP/1.1" 200 5845
190.95.1.187 - - [21/Jul/2025:10:11:39 -0300] "POST /cormun/servlet/trsolicitudot?a48854ed65513c7787ff1a5c8c764ed1,gx-no-cache=1753103677223 HTTP/1.1" 200 5789
190.95.15.15 - - [21/Jul/2025:10:11:40 -0300] "GET /cormun/servlet/solicitudotadjuntos?INS,2025,22787,,1, HTTP/1.1" 200 6032
190.95.15.15 - - [21/Jul/2025:10:11:40 -0300] "GET /cormun/static/about:blank HTTP/1.1" 404 1011
190.95.15.15 - - [21/Jul/2025:10:11:41 -0300] "GET /cormun/servlet/solicitudotadjuntos?52712d9f012394a1f70b867f0eed2671b3ceb817569bbc1c94fc04828e80e7eab75c513058b30d4fa704eeb74278982d,gx-no-cache=1753103679045 HTTP/1.1" 200 30
190.95.15.15 - - [21/Jul/2025:10:11:41 -0300] "POST /cormun/servlet/solicitudotadjuntos?721acc569a57baec1c8830678c2e4ecb,INS,2025,22787,,1,,gx-no-cache=1753103679059 HTTP/1.1" 200 3872
190.95.1.187 - - [21/Jul/2025:10:11:41 -0300] "POST /cormun/servlet/trsolicitudot?a48854ed65513c7787ff1a5c8c764ed1,gx-no-cache=1753103679170 HTTP/1.1" 200 4590
190.95.1.187 - - [21/Jul/2025:10:11:41 -0300] "POST /cormun/servlet/trsolicitudot?a48854ed65513c7787ff1a5c8c764ed1,gx-no-cache=1753103679291 HTTP/1.1" 200 4337
190.95.15.15 - - [21/Jul/2025:10:11:43 -0300] "POST /cormun/servlet/solicitudotadjuntos?gx-no-cache=1753103681743 HTTP/1.1" 200 26
190.95.1.187 - - [21/Jul/2025:10:11:45 -0300] "GET /cormun/servlet/trlicencias? HTTP/1.1" 200 10269
190.95.15.15 - - [21/Jul/2025:10:11:52 -0300] "GET /cormun/servlet/solicitudotadjuntos?52712d9f012394a1f70b867f0eed26716713181958a1b742fc23006543a0185b,gx-no-cache=1753103689915 HTTP/1.1" 200 30
190.95.15.15 - - [21/Jul/2025:10:11:52 -0300] "GET /cormun/servlet/solicitudotadjuntos?52712d9f012394a1f70b867f0eed26716713181958a1b742fc23006543a0185b,gx-no-cache=1753103689925 HTTP/1.1" 200 30
190.95.15.15 - - [21/Jul/2025:10:11:53 -0300] "POST /cormun/servlet/solicitudotadjuntos?721acc569a57baec1c8830678c2e4ecb,INS,2025,22787,,1, HTTP/1.1" 200 116
190.95.15.15 - - [21/Jul/2025:10:11:53 -0300] "GET /cormun/servlet/hpexe_return? HTTP/1.1" 200 1024
190.95.15.15 - - [21/Jul/2025:10:11:53 -0300] "GET /cormun/servlet/trsolicitudadjuntos?2025,22787, HTTP/1.1" 200 10217
190.95.15.15 - - [21/Jul/2025:10:11:55 -0300] "GET /cormun/servlet/solicitudotadjuntos?INS,2025,22787,,1, HTTP/1.1" 200 6032
190.95.15.15 - - [21/Jul/2025:10:11:55 -0300] "GET /cormun/static/about:blank HTTP/1.1" 404 1011
190.95.15.15 - - [21/Jul/2025:10:11:56 -0300] "GET /cormun/servlet/solicitudotadjuntos?52712d9f012394a1f70b867f0eed2671b3ceb817569bbc1c94fc04828e80e7eab75c513058b30d4fa704eeb74278982d,gx-no-cache=1753103694192 HTTP/1.1" 200 30
190.95.15.15 - - [21/Jul/2025:10:11:56 -0300] "POST /cormun/servlet/solicitudotadjuntos?721acc569a57baec1c8830678c2e4ecb,INS,2025,22787,,1,,gx-no-cache=1753103694205 HTTP/1.1" 200 3872
190.95.15.15 - - [21/Jul/2025:10:11:58 -0300] "POST /cormun/servlet/solicitudotadjuntos?gx-no-cache=1753103696252 HTTP/1.1" 200 26
190.95.15.15 - - [21/Jul/2025:10:12:15 -0300] "GET /cormun/servlet/solicitudotadjuntos?52712d9f012394a1f70b867f0eed26716713181958a1b742fc23006543a0185b,gx-no-cache=1753103713700 HTTP/1.1" 200 30
190.95.15.15 - - [21/Jul/2025:10:12:15 -0300] "GET /cormun/servlet/solicitudotadjuntos?52712d9f012394a1f70b867f0eed26716713181958a1b742fc23006543a0185b,gx-no-cache=1753103713710 HTTP/1.1" 200 30
190.95.15.15 - - [21/Jul/2025:10:12:16 -0300] "POST /cormun/servlet/solicitudotadjuntos?721acc569a57baec1c8830678c2e4ecb,INS,2025,22787,,1, HTTP/1.1" 200 116
190.95.15.15 - - [21/Jul/2025:10:12:16 -0300] "GET /cormun/servlet/hpexe_return? HTTP/1.1" 200 1024
190.95.15.15 - - [21/Jul/2025:10:12:16 -0300] "GET /cormun/servlet/trsolicitudadjuntos?2025,22787, HTTP/1.1" 200 10376
190.95.15.15 - - [21/Jul/2025:10:12:20 -0300] "POST /cormun/servlet/trsolicitudadjuntos?721acc569a57baec1c8830678c2e4ecb,2025,22787,,gx-no-cache=1753103718628 HTTP/1.1" 200 90
190.95.15.15 - - [21/Jul/2025:10:12:20 -0300] "GET /cormun/servlet/hpexe_link HTTP/1.1" 200 967
190.95.15.15 - - [21/Jul/2025:10:12:20 -0300] "GET /cormun/servlet/trsolicitudot HTTP/1.1" 200 8474
190.95.15.15 - - [21/Jul/2025:10:12:25 -0300] "POST /cormun/servlet/trsolicitudot?721acc569a57baec1c8830678c2e4ecb,gx-no-cache=1753103722892 HTTP/1.1" 200 112
190.95.15.15 - - [21/Jul/2025:10:12:25 -0300] "GET /cormun/servlet/solicitudot?UPD,2025,22787,false, HTTP/1.1" 200 16602
190.95.15.15 - - [21/Jul/2025:10:12:25 -0300] "POST /cormun/servlet/solicitudot?gx-no-cache=1753103723613 HTTP/1.1" 200 4120
190.95.15.15 - - [21/Jul/2025:10:12:25 -0300] "POST /cormun/servlet/solicitudot?721acc569a57baec1c8830678c2e4ecb,UPD,2025,22787,false,,gx-no-cache=1753103723704 HTTP/1.1" 200 12787
190.95.15.15 - - [21/Jul/2025:10:12:25 -0300] "GET /cormun/servlet/solicitudot?52712d9f012394a1f70b867f0eed2671b66239850beabd922ecedfabdedaf922b1f1e54006ee3e57eb6a2a8b729cc575,gx-no-cache=1753103723785 HTTP/1.1" 200 30
190.95.15.15 - - [21/Jul/2025:10:12:26 -0300] "GET /cormun/servlet/solicitudot?52712d9f012394a1f70b867f0eed26718798691eb8ff3d213376f35989859bbb6f7a0a1ae9557d6ac2a342082c00df2011fae26a43552cf996901cbba38bde13,gx-no-cache=1753103723803 HTTP/1.1" 200 30
190.95.15.15 - - [21/Jul/2025:10:12:26 -0300] "GET /cormun/servlet/solicitudot?52712d9f012394a1f70b867f0eed2671ffca133f5d747f6a4d7eb0a2882ea65143b9b1e23ed133efd47dcda8dd961aa21f210c6dfd27867c0d4c2eb90816ea48b3812e5edf3c7b08015c66145dde12a7,gx-no-cache=1753103723823 HTTP/1.1" 200 60
190.95.15.15 - - [21/Jul/2025:10:12:26 -0300] "POST /cormun/servlet/solicitudot?gx-no-cache=1753103723841 HTTP/1.1" 200 297
190.95.15.15 - - [21/Jul/2025:10:12:26 -0300] "GET /cormun/servlet/solicitudot?52712d9f012394a1f70b867f0eed2671f22b2d6837c111a93a2893ff04989a736e640d1f99dbf9079bddd157696ebcc9e21994a95da3a212a1b15ebd27d0a18a79a9591224b6174cfa6e3df845dc6a5646435f514d02cb919e95da470cf971f927d3f63341da36c3c62ffcfb1bb61bd776b7371bf839081a9276655deb44c60fb42980d1da38358252771740a8fd22334b2f6cf65edbd0e0209e15e10103a50254649960348ec90cece15985f5fb758f4f995596b0b3aa71f64bfce5b7d03c840b83fe618f87526407b94f228c0e71e199c8244a118468aa5aab9f7b371aa8f90e7a27508ce567db0450fb5ffdf899a17df5dc04f9bbc15fb8ed145519a0ff22bd3795507c6a6e1369f72cb66637ff1cf3476d8c48f4ff908b35246fc77a68866cde5ac7c62a538fd9873980523022d2fac312e0ed472902dec53799c6f242510516678bbae049b6066d015c73d7a77475db3f74da6054732e06165535e05f80d32a586ff033bc44ee93846fc5d8fd2182e6305def2e41769235f0887504edf9a3a7855187992a3447fa052fdbbcddff,gx-no-cache=1753103723860 HTTP/1.1" 200 30
190.95.15.15 - - [21/Jul/2025:10:12:26 -0300] "POST /cormun/servlet/solicitudot?gx-no-cache=1753103723875 HTTP/1.1" 200 30
190.95.15.15 - - [21/Jul/2025:10:12:26 -0300] "POST /cormun/servlet/solicitudot?gx-no-cache=1753103723895 HTTP/1.1" 200 1482
190.95.15.15 - - [21/Jul/2025:10:12:26 -0300] "POST /cormun/servlet/solicitudot?gx-no-cache=1753103723917 HTTP/1.1" 200 41
190.95.15.15 - - [21/Jul/2025:10:12:40 -0300] "GET /cormun/servlet/solicitudot?52712d9f012394a1f70b867f0eed2671f9e8609f6a9428e723659471244791163c337546b077efc476e41a0d5e3ce15df63988b002f3921556480faa873c89f59a60e4bde96bd100c18800495487d55b8f0df9028f657f53be941cd134508bbf9decdd2a3977b9f3c343a5b026ce6cd5,gx-no-cache=1753103738371 HTTP/1.1" 200 110
190.95.15.15 - - [21/Jul/2025:10:12:40 -0300] "POST /cormun/servlet/solicitudot?gx-no-cache=1753103738392 HTTP/1.1" 200 67
190.95.15.15 - - [21/Jul/2025:10:12:40 -0300] "GET /cormun/servlet/solicitudot?52712d9f012394a1f70b867f0eed267166fde6c986fe7aed83a99f0c08b2893ae7da608da1302564f55aef4a4fce5023bc05f5f845047a6266ca95e2b6fd021188044a34b198294e9d3dee91d86c20ce3f2291ce6d987d0e7505a6de2d417bce899873b6c2db9627f1a7edd306bf1963,gx-no-cache=1753103738410 HTTP/1.1" 200 29
190.95.15.15 - - [21/Jul/2025:10:12:40 -0300] "GET /cormun/servlet/solicitudot?52712d9f012394a1f70b867f0eed2671ef6d174466d939bf3fc55a65d295b5da37dc4a353ae13441a00974bb8ea72954,gx-no-cache=1753103738425 HTTP/1.1" 200 30
190.95.15.15 - - [21/Jul/2025:10:12:40 -0300] "POST /cormun/servlet/solicitudot?gx-no-cache=1753103738443 HTTP/1.1" 200 30
190.95.15.15 - - [21/Jul/2025:10:12:40 -0300] "POST /cormun/servlet/solicitudot?721acc569a57baec1c8830678c2e4ecb,UPD,2025,22787,false,,gx-no-cache=1753103738460 HTTP/1.1" 200 93
190.95.15.15 - - [21/Jul/2025:10:12:40 -0300] "GET /cormun/servlet/hpexe_return? HTTP/1.1" 200 1013
190.95.15.15 - - [21/Jul/2025:10:12:40 -0300] "GET /cormun/servlet/trsolicitudot HTTP/1.1" 200 8477
190.95.15.15 - - [21/Jul/2025:10:12:46 -0300] "POST /cormun/servlet/trsolicitudot?721acc569a57baec1c8830678c2e4ecb,gx-no-cache=1753103744482 HTTP/1.1" 200 4319
190.95.15.15 - - [21/Jul/2025:10:12:46 -0300] "GET /cormun/static/Shared/jqueryui/images/ui-bg_highlight-soft_100_c6c2c8_1x100.png HTTP/1.1" 404 1117
190.95.15.15 - - [21/Jul/2025:10:12:46 -0300] "GET /cormun/static/Shared/jqueryui/images/ui-icons_82798d_256x240.png HTTP/1.1" 404 1089
190.95.15.15 - - [21/Jul/2025:10:12:46 -0300] "GET /cormun/static/Shared/jqueryui/images/ui-bg_flat_55_fafafa_40x100.png HTTP/1.1" 404 1097
190.95.15.15 - - [21/Jul/2025:10:12:46 -0300] "GET /cormun/static/Shared/jqueryui/images/ui-icons_8d78a5_256x240.png HTTP/1.1" 404 1089
190.95.15.15 - - [21/Jul/2025:10:12:46 -0300] "POST /cormun/servlet/trsolicitudot?721acc569a57baec1c8830678c2e4ecb,gx-no-cache=1753103744587 HTTP/1.1" 200 4068
190.95.15.15 - - [21/Jul/2025:10:12:56 -0300] "GET /cormun/servlet/hlogin HTTP/1.1" 200 1736
190.95.15.15 - - [21/Jul/2025:10:13:04 -0300] "POST /cormun/servlet/hlogin?721acc569a57baec1c8830678c2e4ecb,gx-no-cache=1753103761810 HTTP/1.1" 200 90
190.95.15.15 - - [21/Jul/2025:10:13:04 -0300] "GET /cormun/servlet/hpexe_link HTTP/1.1" 200 950
190.95.15.15 - - [21/Jul/2025:10:13:04 -0300] "GET /cormun/servlet/hhome HTTP/1.1" 200 4225
190.95.15.15 - - [21/Jul/2025:10:13:04 -0300] "GET /cormun/static/SmoothNavMenu/resources/images/right.gif HTTP/1.1" 200 860
190.95.15.15 - - [21/Jul/2025:10:13:06 -0300] "GET /cormun/servlet/trautorizarsolicitud? HTTP/1.1" 200 8735
190.95.15.15 - - [21/Jul/2025:10:13:06 -0300] "GET /cormun/static/gxcfg.js?202211298474254 HTTP/1.1" 200 953
190.95.15.15 - - [21/Jul/2025:10:13:06 -0300] "GET /cormun/static/trautorizarsolicitud.js?202211298474588 HTTP/1.1" 200 53909
190.95.15.15 - - [21/Jul/2025:10:13:20 -0300] "POST /cormun/servlet/trautorizarsolicitud?721acc569a57baec1c8830678c2e4ecb,,gx-no-cache=1753103778209 HTTP/1.1" 200 4784
190.95.15.15 - - [21/Jul/2025:10:13:20 -0300] "POST /cormun/servlet/trautorizarsolicitud?721acc569a57baec1c8830678c2e4ecb,,gx-no-cache=1753103778309 HTTP/1.1" 200 4531
190.95.15.15 - - [21/Jul/2025:10:13:30 -0300] "GET /cormun/servlet/hlogin HTTP/1.1" 200 1741
190.95.15.15 - - [21/Jul/2025:10:13:36 -0300] "POST /cormun/servlet/hlogin?721acc569a57baec1c8830678c2e4ecb,gx-no-cache=1753103794722 HTTP/1.1" 200 90
190.95.15.15 - - [21/Jul/2025:10:13:36 -0300] "GET /cormun/servlet/hpexe_link HTTP/1.1" 200 950
190.95.15.15 - - [21/Jul/2025:10:13:37 -0300] "GET /cormun/servlet/hhome HTTP/1.1" 200 3975
190.95.15.15 - - [21/Jul/2025:10:13:39 -0300] "GET /cormun/servlet/trlicencias? HTTP/1.1" 200 12095
179.57.78.9 - - [21/Jul/2025:10:22:18 -0300] "GET /cormun/servlet/hlogin HTTP/1.1" 200 1719
179.57.78.9 - - [21/Jul/2025:10:22:18 -0300] "GET /favicon.ico HTTP/1.1" 200 21630
179.57.78.9 - - [21/Jul/2025:10:22:21 -0300] "POST /cormun/servlet/hlogin?980607570393bf2ec330be7a8422b155,gx-no-cache=1753104318943 HTTP/1.1" 200 90
179.57.78.9 - - [21/Jul/2025:10:22:21 -0300] "GET /cormun/servlet/hpexe_link HTTP/1.1" 200 950
179.57.78.9 - - [21/Jul/2025:10:22:21 -0300] "GET /cormun/servlet/hhome HTTP/1.1" 200 4347
179.57.78.9 - - [21/Jul/2025:10:22:23 -0300] "GET /cormun/servlet/trlicencias? HTTP/1.1" 200 12128
190.121.111.10 - - [21/Jul/2025:10:23:51 -0300] "POST /cormun/servlet/trsolicitudgral?a74e6da0ecc48a8f38fa759d462cfedf,,gx-no-cache=1753104437726 HTTP/1.1" 200 5265
190.121.111.10 - - [21/Jul/2025:10:23:51 -0300] "POST /cormun/servlet/trsolicitudgral?a74e6da0ecc48a8f38fa759d462cfedf,,gx-no-cache=1753104438269 HTTP/1.1" 200 5266
190.121.111.10 - - [21/Jul/2025:10:23:51 -0300] "POST /cormun/servlet/trsolicitudgral?a74e6da0ecc48a8f38fa759d462cfedf,,gx-no-cache=1753104438422 HTTP/1.1" 200 5267
190.121.111.10 - - [21/Jul/2025:10:24:01 -0300] "POST /cormun/servlet/trsolicitudgral?a74e6da0ecc48a8f38fa759d462cfedf,,gx-no-cache=1753104448222 HTTP/1.1" 200 5268
190.121.111.10 - - [21/Jul/2025:10:24:02 -0300] "POST /cormun/servlet/trsolicitudgral?a74e6da0ecc48a8f38fa759d462cfedf,,gx-no-cache=1753104448669 HTTP/1.1" 200 5267
190.95.67.99 - - [21/Jul/2025:10:24:23 -0300] "GET /cormun/servlet/hlogin HTTP/1.1" 200 1748
190.95.67.99 - - [21/Jul/2025:10:24:31 -0300] "POST /cormun/servlet/hlogin?f4325fddaba712644680eb82773fced8,gx-no-cache=1753104449610 HTTP/1.1" 200 90
190.95.67.99 - - [21/Jul/2025:10:24:32 -0300] "GET /cormun/servlet/hpexe_link HTTP/1.1" 200 953
190.95.67.99 - - [21/Jul/2025:10:24:32 -0300] "GET /cormun/servlet/hhome HTTP/1.1" 200 4320
190.95.67.91 - - [21/Jul/2025:10:24:41 -0300] "GET /cormun/servlet/permisogoce?INS,0,,, HTTP/1.1" 200 7128
190.95.67.99 - - [21/Jul/2025:10:24:49 -0300] "GET /cormun/servlet/trpermisosgoce? HTTP/1.1" 200 11396
190.95.67.91 - - [21/Jul/2025:10:24:49 -0300] "GET /cormun/servlet/permisogoce?f98fc07215ffc34a46badb7cac47e8d4f87499fc45bb0fa30a81bea318902141635499618466fbf7df186b9880390b56b4fde313a1123b41f56620cc2bf03ce6,gx-no-cache=1753104467437 HTTP/1.1" 200 84
190.95.67.91 - - [21/Jul/2025:10:24:52 -0300] "GET /cormun/static/menuarrow.gif HTTP/1.1" 404 1015
190.95.67.99 - - [21/Jul/2025:10:24:56 -0300] "POST /cormun/servlet/trpermisosgoce?f4325fddaba712644680eb82773fced8,,gx-no-cache=1753104473829 HTTP/1.1" 200 8415
190.95.67.99 - - [21/Jul/2025:10:24:56 -0300] "POST /cormun/servlet/trpermisosgoce?f4325fddaba712644680eb82773fced8,,gx-no-cache=1753104474086 HTTP/1.1" 200 8394
190.95.67.91 - - [21/Jul/2025:10:24:57 -0300] "GET /cormun/servlet/permisogoce?f98fc07215ffc34a46badb7cac47e8d4fc90e8cfca3f6ba3e5f561f45063215e8caba5d635589f538c9273e6f74ea9d2eea5773b05fd7d2f935cbfb65b8e6c41,gx-no-cache=1753104475475 HTTP/1.1" 200 48
190.95.67.91 - - [21/Jul/2025:10:25:14 -0300] "POST /cormun/servlet/permisogoce?6947f92081a8ec0e5b392bc1be182775,INS,0,,,,gx-no-cache=1753104492170 HTTP/1.1" 200 93
190.95.67.91 - - [21/Jul/2025:10:25:14 -0300] "GET /cormun/servlet/hpexe_return? HTTP/1.1" 200 1010
190.95.67.91 - - [21/Jul/2025:10:25:15 -0300] "GET /cormun/servlet/trpermisosgoce HTTP/1.1" 200 14101
190.95.67.91 - - [21/Jul/2025:10:25:20 -0300] "GET /cormun/servlet/trpermisosadjuntos?19299414,20250721092808,P, HTTP/1.1" 200 6562
190.95.67.91 - - [21/Jul/2025:10:25:22 -0300] "GET /cormun/servlet/permisosadjuntos?INS,19299414,P,20250721092808,, HTTP/1.1" 200 5887
190.95.67.91 - - [21/Jul/2025:10:25:22 -0300] "GET /cormun/static/about:blank HTTP/1.1" 404 1011
190.95.67.91 - - [21/Jul/2025:10:25:31 -0300] "POST /cormun/servlet/permisosadjuntos?6947f92081a8ec0e5b392bc1be182775,INS,19299414,P,20250721092808,, HTTP/1.1" 200 116
190.95.67.91 - - [21/Jul/2025:10:25:31 -0300] "GET /cormun/servlet/hpexe_return? HTTP/1.1" 200 1038
190.95.67.91 - - [21/Jul/2025:10:25:31 -0300] "GET /cormun/servlet/trpermisosadjuntos?19299414,20250721092808,P, HTTP/1.1" 200 7094
190.95.67.91 - - [21/Jul/2025:10:25:35 -0300] "POST /cormun/servlet/trpermisosadjuntos?6947f92081a8ec0e5b392bc1be182775,19299414,20250721092808,P,,gx-no-cache=1753104513587 HTTP/1.1" 200 90
190.95.67.91 - - [21/Jul/2025:10:25:35 -0300] "GET /cormun/servlet/hpexe_link HTTP/1.1" 200 983
190.95.67.91 - - [21/Jul/2025:10:25:36 -0300] "GET /cormun/servlet/trpermisosgoce HTTP/1.1" 200 14097
179.57.78.55 - - [21/Jul/2025:10:25:38 -0300] "GET /cormun/servlet/trpermisosgoce? HTTP/1.1" 200 6018
179.57.78.55 - - [21/Jul/2025:10:25:38 -0300] "GET /cormun/servlet/hlogin HTTP/1.1" 200 1742
190.95.67.91 - - [21/Jul/2025:10:25:38 -0300] "POST /cormun/servlet/trpermisosgoce?6947f92081a8ec0e5b392bc1be182775,gx-no-cache=1753104516435 HTTP/1.1" 200 11274
190.95.67.91 - - [21/Jul/2025:10:25:39 -0300] "GET /cormun/static/Shared/jqueryui/images/ui-icons_82798d_256x240.png HTTP/1.1" 404 1089
190.95.67.91 - - [21/Jul/2025:10:25:39 -0300] "GET /cormun/static/Shared/jqueryui/images/ui-bg_highlight-soft_100_c6c2c8_1x100.png HTTP/1.1" 404 1117
190.95.67.91 - - [21/Jul/2025:10:25:39 -0300] "GET /cormun/static/Shared/jqueryui/images/ui-bg_flat_55_fafafa_40x100.png HTTP/1.1" 404 1097
190.95.67.91 - - [21/Jul/2025:10:25:39 -0300] "GET /cormun/static/Shared/jqueryui/images/ui-icons_8d78a5_256x240.png HTTP/1.1" 404 1089
179.57.78.55 - - [21/Jul/2025:10:25:42 -0300] "POST /cormun/servlet/hlogin?66050edc25e1324061504dfc7700ec40,gx-no-cache=1753104520414 HTTP/1.1" 200 90
179.57.78.55 - - [21/Jul/2025:10:25:42 -0300] "GET /cormun/servlet/hpexe_link HTTP/1.1" 200 956
179.57.78.55 - - [21/Jul/2025:10:25:42 -0300] "GET /cormun/servlet/trpermisosgoce HTTP/1.1" 200 10938
179.57.78.55 - - [21/Jul/2025:10:25:45 -0300] "GET /cormun/servlet/trpermisosgoce? HTTP/1.1" 200 10937
179.57.78.55 - - [21/Jul/2025:10:25:47 -0300] "GET /cormun/servlet/permisogoce?INS,0,,, HTTP/1.1" 200 6845
190.95.67.91 - - [21/Jul/2025:10:25:48 -0300] "GET /cormun/servlet/permisogoce?INS,0,,, HTTP/1.1" 200 7128
179.57.78.55 - - [21/Jul/2025:10:25:54 -0300] "GET /cormun/servlet/permisogoce?a35c08cfbae859b8824122749bb32e275b1492b2a053616cfac340bc49c48956f3ebde0eade437017df0a03eff9edb6de16f2b605b02cb28e0404f4525b3d6f2,gx-no-cache=1753104531890 HTTP/1.1" 200 83
190.95.67.91 - - [21/Jul/2025:10:25:54 -0300] "GET /cormun/servlet/permisogoce?f98fc07215ffc34a46badb7cac47e8d497feba74241aca69842e3eb5d495de93635499618466fbf7df186b9880390b56b4fde313a1123b41f56620cc2bf03ce6,gx-no-cache=1753104532225 HTTP/1.1" 200 81
179.57.78.55 - - [21/Jul/2025:10:25:56 -0300] "GET /cormun/static/menuarrow.gif HTTP/1.1" 404 1015
190.95.67.91 - - [21/Jul/2025:10:26:01 -0300] "GET /cormun/servlet/permisogoce?f98fc07215ffc34a46badb7cac47e8d41f6e2fc7f15be978d07fdc59c2caf2722ea5807ff3d1f3342a2538e39c458b5aeea5773b05fd7d2f935cbfb65b8e6c41,gx-no-cache=1753104539118 HTTP/1.1" 200 48
179.57.78.55 - - [21/Jul/2025:10:26:03 -0300] "GET /cormun/servlet/permisogoce?a35c08cfbae859b8824122749bb32e2760287f5872297028c1cac3d03a9066f7c01588416005ba08ddad196ceed74dbe89e8e3ec1b7142182bd43680827c790d,gx-no-cache=1753104540683 HTTP/1.1" 200 47
179.57.78.55 - - [21/Jul/2025:10:26:05 -0300] "POST /cormun/servlet/permisogoce?66050edc25e1324061504dfc7700ec40,INS,0,,,,gx-no-cache=1753104542343 HTTP/1.1" 200 93
179.57.78.55 - - [21/Jul/2025:10:26:05 -0300] "GET /cormun/servlet/hpexe_return? HTTP/1.1" 200 1010
179.57.78.55 - - [21/Jul/2025:10:26:05 -0300] "GET /cormun/servlet/trpermisosgoce HTTP/1.1" 200 11144
179.57.78.55 - - [21/Jul/2025:10:26:08 -0300] "GET /cormun/servlet/apermisogoceprn?12912142,P,20250721092914,PU HTTP/1.1" 200 1648
190.95.67.99 - - [21/Jul/2025:10:26:13 -0300] "GET /cormun/static/menuarrow.gif HTTP/1.1" 404 1015
190.95.67.91 - - [21/Jul/2025:10:26:14 -0300] "POST /cormun/servlet/permisogoce?6947f92081a8ec0e5b392bc1be182775,INS,0,,,,gx-no-cache=1753104551624 HTTP/1.1" 200 93
190.95.67.91 - - [21/Jul/2025:10:26:14 -0300] "GET /cormun/servlet/hpexe_return? HTTP/1.1" 200 1032
190.95.67.91 - - [21/Jul/2025:10:26:14 -0300] "GET /cormun/servlet/trpermisosgoce?gx-no-cache=1753104516435 HTTP/1.1" 200 14290
190.95.67.91 - - [21/Jul/2025:10:26:17 -0300] "GET /cormun/servlet/trpermisosadjuntos?16255371,20250721092915,P, HTTP/1.1" 200 6581
190.95.67.91 - - [21/Jul/2025:10:26:18 -0300] "GET /cormun/servlet/permisosadjuntos?INS,16255371,P,20250721092915,, HTTP/1.1" 200 5880
190.95.67.91 - - [21/Jul/2025:10:26:18 -0300] "GET /cormun/static/about:blank HTTP/1.1" 404 1011
190.95.67.99 - - [21/Jul/2025:10:26:24 -0300] "POST /cormun/servlet/trpermisosgoce?f4325fddaba712644680eb82773fced8,,gx-no-cache=1753104562498 HTTP/1.1" 200 5940
190.95.67.91 - - [21/Jul/2025:10:26:26 -0300] "POST /cormun/servlet/permisosadjuntos?6947f92081a8ec0e5b392bc1be182775,INS,16255371,P,20250721092915,, HTTP/1.1" 200 116
190.95.67.91 - - [21/Jul/2025:10:26:26 -0300] "GET /cormun/servlet/hpexe_return? HTTP/1.1" 200 1038
190.95.67.91 - - [21/Jul/2025:10:26:26 -0300] "GET /cormun/servlet/trpermisosadjuntos?16255371,20250721092915,P, HTTP/1.1" 200 7103
190.95.67.91 - - [21/Jul/2025:10:26:28 -0300] "POST /cormun/servlet/trpermisosadjuntos?6947f92081a8ec0e5b392bc1be182775,16255371,20250721092915,P,,gx-no-cache=1753104566465 HTTP/1.1" 200 90
190.95.67.91 - - [21/Jul/2025:10:26:28 -0300] "GET /cormun/servlet/hpexe_link HTTP/1.1" 200 1005
190.95.67.91 - - [21/Jul/2025:10:26:29 -0300] "GET /cormun/servlet/trpermisosgoce?gx-no-cache=1753104516435 HTTP/1.1" 200 14287
190.95.67.91 - - [21/Jul/2025:10:26:30 -0300] "POST /cormun/servlet/trpermisosgoce?6947f92081a8ec0e5b392bc1be182775,gx-no-cache=1753104516435,gx-no-cache=1753104568450 HTTP/1.1" 200 11477
45.194.66.8 - - [21/Jul/2025:10:26:35 -0300] "GET / HTTP/1.1" 200 11217
190.95.67.91 - - [21/Jul/2025:10:26:40 -0300] "GET /cormun/servlet/permisogoce?INS,0,,, HTTP/1.1" 200 7150
190.95.67.91 - - [21/Jul/2025:10:26:47 -0300] "GET /cormun/servlet/permisogoce?f98fc07215ffc34a46badb7cac47e8d4eaf1d09d760eee1a1ade33409a2cbf02635499618466fbf7df186b9880390b56b4fde313a1123b41f56620cc2bf03ce6,gx-no-cache=1753104584921 HTTP/1.1" 200 74
190.95.67.91 - - [21/Jul/2025:10:26:53 -0300] "GET /cormun/servlet/permisogoce?f98fc07215ffc34a46badb7cac47e8d4de1bd81965981c6a6b1da17c2c5ce03a66d15470db195d6961c6ad07fa44df06eea5773b05fd7d2f935cbfb65b8e6c41,gx-no-cache=1753104591537 HTTP/1.1" 200 48
179.57.78.55 - - [21/Jul/2025:10:26:57 -0300] "POST /cormun/servlet/trpermisosgoce?66050edc25e1324061504dfc7700ec40,gx-no-cache=1753104594647 HTTP/1.1" 200 5095
190.95.67.91 - - [21/Jul/2025:10:27:04 -0300] "POST /cormun/servlet/permisogoce?6947f92081a8ec0e5b392bc1be182775,INS,0,,,,gx-no-cache=1753104601544 HTTP/1.1" 200 93
190.95.67.91 - - [21/Jul/2025:10:27:04 -0300] "GET /cormun/servlet/hpexe_return? HTTP/1.1" 200 1032
190.95.67.91 - - [21/Jul/2025:10:27:04 -0300] "GET /cormun/servlet/trpermisosgoce?gx-no-cache=1753104516435 HTTP/1.1" 200 14531
190.95.67.91 - - [21/Jul/2025:10:27:11 -0300] "GET /cormun/servlet/trpermisosadjuntos?15569821,20250721093007,P, HTTP/1.1" 200 6576
190.95.67.91 - - [21/Jul/2025:10:27:12 -0300] "GET /cormun/servlet/permisosadjuntos?INS,15569821,P,20250721093007,, HTTP/1.1" 200 5879
190.95.67.91 - - [21/Jul/2025:10:27:12 -0300] "GET /cormun/static/about:blank HTTP/1.1" 404 1011
190.95.67.91 - - [21/Jul/2025:10:27:17 -0300] "POST /cormun/servlet/permisosadjuntos?6947f92081a8ec0e5b392bc1be182775,INS,15569821,P,20250721093007,, HTTP/1.1" 200 116
190.95.67.91 - - [21/Jul/2025:10:27:17 -0300] "GET /cormun/servlet/hpexe_return? HTTP/1.1" 200 1039
190.95.67.91 - - [21/Jul/2025:10:27:17 -0300] "GET /cormun/servlet/trpermisosadjuntos?15569821,20250721093007,P, HTTP/1.1" 200 7069
190.95.67.91 - - [21/Jul/2025:10:27:19 -0300] "POST /cormun/servlet/trpermisosadjuntos?6947f92081a8ec0e5b392bc1be182775,15569821,20250721093007,P,,gx-no-cache=1753104617177 HTTP/1.1" 200 90
190.95.67.91 - - [21/Jul/2025:10:27:19 -0300] "GET /cormun/servlet/hpexe_link HTTP/1.1" 200 1005
190.95.67.91 - - [21/Jul/2025:10:27:19 -0300] "GET /cormun/servlet/trpermisosgoce?gx-no-cache=1753104516435 HTTP/1.1" 200 14528
190.95.67.91 - - [21/Jul/2025:10:27:21 -0300] "POST /cormun/servlet/trpermisosgoce?6947f92081a8ec0e5b392bc1be182775,gx-no-cache=1753104516435,gx-no-cache=1753104619098 HTTP/1.1" 200 11714
190.95.67.91 - - [21/Jul/2025:10:27:24 -0300] "GET /cormun/servlet/permisogoce?INS,0,,, HTTP/1.1" 200 7149
190.95.67.91 - - [21/Jul/2025:10:27:31 -0300] "GET /cormun/servlet/permisogoce?f98fc07215ffc34a46badb7cac47e8d48fc4d08a2ad20e0a68a0e5aacb802af6635499618466fbf7df186b9880390b56b4fde313a1123b41f56620cc2bf03ce6,gx-no-cache=1753104629336 HTTP/1.1" 200 82
190.95.67.91 - - [21/Jul/2025:10:27:38 -0300] "GET /cormun/servlet/permisogoce?f98fc07215ffc34a46badb7cac47e8d4c9027b2767d24e3f28d488d1f1313c0e7e38f6bea897593c3695bfe38c6600b8eea5773b05fd7d2f935cbfb65b8e6c41,gx-no-cache=1753104635762 HTTP/1.1" 200 48
190.95.67.91 - - [21/Jul/2025:10:27:41 -0300] "POST /cormun/servlet/permisogoce?6947f92081a8ec0e5b392bc1be182775,INS,0,,,,gx-no-cache=1753104638369 HTTP/1.1" 200 93
190.95.67.91 - - [21/Jul/2025:10:27:41 -0300] "GET /cormun/servlet/hpexe_return? HTTP/1.1" 200 1032
190.95.67.91 - - [21/Jul/2025:10:27:41 -0300] "GET /cormun/servlet/trpermisosgoce?gx-no-cache=1753104516435 HTTP/1.1" 200 14737
190.95.67.91 - - [21/Jul/2025:10:27:43 -0300] "GET /cormun/servlet/trpermisosadjuntos?15392921,20250721093051,P, HTTP/1.1" 200 6583
190.95.67.91 - - [21/Jul/2025:10:27:44 -0300] "GET /cormun/servlet/permisosadjuntos?INS,15392921,P,20250721093051,, HTTP/1.1" 200 5885
190.95.67.91 - - [21/Jul/2025:10:27:44 -0300] "GET /cormun/static/about:blank HTTP/1.1" 404 1011
190.95.67.91 - - [21/Jul/2025:10:27:53 -0300] "POST /cormun/servlet/permisosadjuntos?6947f92081a8ec0e5b392bc1be182775,INS,15392921,P,20250721093051,, HTTP/1.1" 200 116
190.95.67.91 - - [21/Jul/2025:10:27:53 -0300] "GET /cormun/servlet/hpexe_return? HTTP/1.1" 200 1038
190.95.67.91 - - [21/Jul/2025:10:27:53 -0300] "GET /cormun/servlet/trpermisosadjuntos?15392921,20250721093051,P, HTTP/1.1" 200 7098
190.95.67.97 - - [21/Jul/2025:10:30:39 -0300] "GET /cormun/servlet/trpermisosgoce? HTTP/1.1" 200 6036
190.95.67.97 - - [21/Jul/2025:10:30:39 -0300] "GET /cormun/servlet/hlogin HTTP/1.1" 200 1743
190.95.67.97 - - [21/Jul/2025:10:30:42 -0300] "POST /cormun/servlet/hlogin?3fd718eca581639b8c116503053dea5e,gx-no-cache=1753104294471 HTTP/1.1" 200 90
190.95.67.97 - - [21/Jul/2025:10:30:42 -0300] "GET /cormun/servlet/hpexe_link HTTP/1.1" 200 953
190.95.67.97 - - [21/Jul/2025:10:30:42 -0300] "GET /cormun/servlet/hhome HTTP/1.1" 200 3953
190.95.67.97 - - [21/Jul/2025:10:30:42 -0300] "GET /cormun/static/gxcfg.js?20201215495537 HTTP/1.1" 200 953
190.95.67.97 - - [21/Jul/2025:10:30:42 -0300] "GET /cormun/static/hhome.js?20201215495544 HTTP/1.1" 200 777
190.95.67.97 - - [21/Jul/2025:10:30:46 -0300] "GET /cormun/servlet/trpermisosgoce? HTTP/1.1" 200 13281
190.95.67.91 - - [21/Jul/2025:10:30:53 -0300] "POST /cormun/servlet/trpermisosadjuntos?6947f92081a8ec0e5b392bc1be182775,15392921,20250721093051,P,,gx-no-cache=1753104830890 HTTP/1.1" 200 90
190.95.67.91 - - [21/Jul/2025:10:30:53 -0300] "GET /cormun/servlet/hpexe_link HTTP/1.1" 200 1005
190.95.67.91 - - [21/Jul/2025:10:30:53 -0300] "GET /cormun/servlet/trpermisosgoce?gx-no-cache=1753104516435 HTTP/1.1" 200 14733
190.95.67.91 - - [21/Jul/2025:10:30:56 -0300] "POST /cormun/servlet/trpermisosgoce?6947f92081a8ec0e5b392bc1be182775,gx-no-cache=1753104516435,gx-no-cache=1753104833509 HTTP/1.1" 200 11901
190.95.67.91 - - [21/Jul/2025:10:30:56 -0300] "GET /cormun/static/Shared/jqueryui/images/ui-bg_highlight-soft_100_c6c2c8_1x100.png HTTP/1.1" 404 1117
190.95.67.91 - - [21/Jul/2025:10:30:56 -0300] "GET /cormun/static/Shared/jqueryui/images/ui-icons_82798d_256x240.png HTTP/1.1" 404 1089
190.95.67.91 - - [21/Jul/2025:10:30:56 -0300] "GET /cormun/static/Shared/jqueryui/images/ui-bg_flat_55_fafafa_40x100.png HTTP/1.1" 404 1097
190.95.67.91 - - [21/Jul/2025:10:30:56 -0300] "GET /cormun/static/Shared/jqueryui/images/ui-icons_8d78a5_256x240.png HTTP/1.1" 404 1089
190.95.67.97 - - [21/Jul/2025:10:30:57 -0300] "POST /cormun/servlet/trpermisosgoce?3fd718eca581639b8c116503053dea5e,,gx-no-cache=1753104308879 HTTP/1.1" 200 5018
52.167.144.187 - - [21/Jul/2025:10:34:17 -0300] "GET /cormun/servlet/hlogin HTTP/1.1" 200 1717
190.95.67.91 - - [21/Jul/2025:10:34:59 -0300] "GET /cormun/servlet/trautorizarpermisogoce? HTTP/1.1" 200 10159
