190.95.67.91 - - [17/Jun/2025:09:09:14 -0300] "POST /cormun/servlet/trpermisosgoce?c6afe758f14a389b3449139162801732,gx-no-cache=1750161985733,gx-no-cache=1750162273377 HTTP/1.1" 200 16668
190.95.67.91 - - [17/Jun/2025:09:09:15 -0300] "GET /cormun/servlet/permisogoce?INS,0,,, HTTP/1.1" 200 7145
190.95.67.99 - - [17/Jun/2025:09:09:18 -0300] "GET /cormun/servlet/hhome HTTP/1.1" 200 3321
190.95.67.91 - - [17/Jun/2025:09:09:22 -0300] "GET /cormun/servlet/permisogoce?d31bd858bce46fbbd89228ad795ab4fb4b5e144386d3e9657a5a6b48554ef744b0594fc0a97749b5a5aa37a0993a5cad838e0fa32b566065bf19963ae2a5a049,gx-no-cache=1750162282202 HTTP/1.1" 200 83
190.95.67.99 - - [17/Jun/2025:09:09:30 -0300] "GET /cormun/servlet/hlogin HTTP/1.1" 200 1730
190.95.67.91 - - [17/Jun/2025:09:09:31 -0300] "GET /cormun/servlet/permisogoce?d31bd858bce46fbbd89228ad795ab4fb928a335675a80776af9c98c9c7cd8e1a9327775654d8f34c4afd53042d74ded6f8dc17cd656454eb7f1b511b927690cf,gx-no-cache=1750162290467 HTTP/1.1" 200 48
190.95.67.91 - - [17/Jun/2025:09:09:36 -0300] "POST /cormun/servlet/permisogoce?c6afe758f14a389b3449139162801732,INS,0,,,,gx-no-cache=1750162295239 HTTP/1.1" 200 93
190.95.67.91 - - [17/Jun/2025:09:09:36 -0300] "GET /cormun/servlet/hpexe_return? HTTP/1.1" 200 1027
190.95.67.91 - - [17/Jun/2025:09:09:36 -0300] "GET /cormun/servlet/trpermisosgoce?gx-no-cache=1750161985733 HTTP/1.1" 200 19359
190.95.67.99 - - [17/Jun/2025:09:09:36 -0300] "POST /cormun/servlet/hlogin?62cd62be3235d4eabe42511b7f52ed9a,gx-no-cache=1750162296425 HTTP/1.1" 200 90
190.95.67.99 - - [17/Jun/2025:09:09:37 -0300] "GET /cormun/servlet/hpexe_link HTTP/1.1" 200 949
190.95.67.99 - - [17/Jun/2025:09:09:37 -0300] "GET /cormun/servlet/hhome HTTP/1.1" 200 4315
190.95.67.91 - - [17/Jun/2025:09:09:42 -0300] "GET /cormun/servlet/trpermisosadjuntos?17137328,20250617081115,P, HTTP/1.1" 200 6577
190.95.67.91 - - [17/Jun/2025:09:09:44 -0300] "GET /cormun/servlet/permisosadjuntos?INS,17137328,P,20250617081115,, HTTP/1.1" 200 5876
190.95.67.91 - - [17/Jun/2025:09:09:44 -0300] "GET /cormun/static/about:blank HTTP/1.1" 404 1011
190.95.67.91 - - [17/Jun/2025:09:09:52 -0300] "POST /cormun/servlet/permisosadjuntos?c6afe758f14a389b3449139162801732,INS,17137328,P,20250617081115,, HTTP/1.1" 200 116
190.95.67.91 - - [17/Jun/2025:09:09:52 -0300] "GET /cormun/servlet/hpexe_return? HTTP/1.1" 200 1032
190.95.67.91 - - [17/Jun/2025:09:09:53 -0300] "GET /cormun/servlet/trpermisosadjuntos?17137328,20250617081115,P, HTTP/1.1" 200 7069
190.95.67.99 - - [17/Jun/2025:09:09:53 -0300] "GET /cormun/servlet/trlicencias? HTTP/1.1" 200 10561
190.95.67.95 - - [17/Jun/2025:09:10:57 -0300] "GET /cormun/servlet/hlogin HTTP/1.1" 200 1715
190.95.67.95 - - [17/Jun/2025:09:10:57 -0300] "GET /cormun/servlet/hlogin HTTP/1.1" 200 1726
190.95.67.95 - - [17/Jun/2025:09:11:00 -0300] "POST /cormun/servlet/hlogin?6419f5a7fbdf075a4457c71041d275ec,gx-no-cache=1750162377942 HTTP/1.1" 200 90
190.95.67.95 - - [17/Jun/2025:09:11:00 -0300] "GET /cormun/servlet/hpexe_link HTTP/1.1" 200 946
190.95.67.95 - - [17/Jun/2025:09:11:00 -0300] "GET /cormun/servlet/hhome HTTP/1.1" 200 3998
190.95.67.95 - - [17/Jun/2025:09:11:07 -0300] "GET /cormun/servlet/trlicencias? HTTP/1.1" 200 11288
190.95.67.95 - - [17/Jun/2025:09:11:16 -0300] "POST /cormun/servlet/trlicencias?6419f5a7fbdf075a4457c71041d275ec,,gx-no-cache=1750162393947 HTTP/1.1" 200 101
190.95.67.95 - - [17/Jun/2025:09:11:16 -0300] "POST /cormun/servlet/trlicencias?6419f5a7fbdf075a4457c71041d275ec,,gx-no-cache=1750162394087 HTTP/1.1" 200 8758
190.95.67.95 - - [17/Jun/2025:09:11:16 -0300] "GET /cormun/Licencias-1070.xls HTTP/1.1" 200 8704
201.186.225.193 - - [17/Jun/2025:09:11:53 -0300] "GET /cormun/servlet/hhome HTTP/1.1" 200 3326
201.186.225.193 - - [17/Jun/2025:09:11:53 -0300] "GET /cormun/servlet/hlogin HTTP/1.1" 200 1734
201.186.225.193 - - [17/Jun/2025:09:11:59 -0300] "POST /cormun/servlet/hlogin?c59f7e51490657be6d2a9793c72e85a0,gx-no-cache=1750162438018 HTTP/1.1" 200 90
201.186.225.193 - - [17/Jun/2025:09:11:59 -0300] "GET /cormun/servlet/hpexe_link HTTP/1.1" 200 950
201.186.225.193 - - [17/Jun/2025:09:11:59 -0300] "GET /cormun/servlet/hhome HTTP/1.1" 200 4296
201.186.225.193 - - [17/Jun/2025:09:12:02 -0300] "GET /cormun/servlet/trlicencias? HTTP/1.1" 200 10254
190.95.67.95 - - [17/Jun/2025:09:12:36 -0300] "GET /cormun/static/menuarrow.gif HTTP/1.1" 404 1015
190.95.67.95 - - [17/Jun/2025:09:12:42 -0300] "POST /cormun/servlet/trlicencias?6419f5a7fbdf075a4457c71041d275ec,,gx-no-cache=1750162480396 HTTP/1.1" 200 17504
190.95.67.95 - - [17/Jun/2025:09:12:47 -0300] "POST /cormun/servlet/trlicencias?6419f5a7fbdf075a4457c71041d275ec,,gx-no-cache=1750162484973 HTTP/1.1" 200 101
190.95.67.95 - - [17/Jun/2025:09:12:47 -0300] "POST /cormun/servlet/trlicencias?6419f5a7fbdf075a4457c71041d275ec,,gx-no-cache=1750162485162 HTTP/1.1" 200 17480
190.95.67.95 - - [17/Jun/2025:09:12:47 -0300] "GET /cormun/Licencias-9882.xls HTTP/1.1" 200 19968
190.95.67.95 - - [17/Jun/2025:09:13:07 -0300] "GET /cormun/servlet/hhome HTTP/1.1" 200 3998
190.95.67.95 - - [17/Jun/2025:09:13:13 -0300] "GET /cormun/servlet/trlicencias? HTTP/1.1" 200 19184
190.95.67.95 - - [17/Jun/2025:09:13:18 -0300] "POST /cormun/servlet/trlicencias?6419f5a7fbdf075a4457c71041d275ec,,gx-no-cache=1750162516533 HTTP/1.1" 200 17495
190.95.67.95 - - [17/Jun/2025:09:13:21 -0300] "POST /cormun/servlet/trlicencias?6419f5a7fbdf075a4457c71041d275ec,,gx-no-cache=1750162519571 HTTP/1.1" 200 101
190.95.67.95 - - [17/Jun/2025:09:13:21 -0300] "GET /cormun/Licencias-2163.xls HTTP/1.1" 200 19968
190.95.67.97 - - [17/Jun/2025:09:17:09 -0300] "GET /cormun/servlet/trlicencias? HTTP/1.1" 200 8095
190.95.67.97 - - [17/Jun/2025:09:17:10 -0300] "GET /cormun/servlet/trlicencias? HTTP/1.1" 200 8095
190.121.111.10 - - [17/Jun/2025:09:20:45 -0300] "GET /cormun/servlet/trlicencias? HTTP/1.1" 200 6049
190.121.111.10 - - [17/Jun/2025:09:20:45 -0300] "GET /cormun/servlet/hlogin HTTP/1.1" 200 1735
190.121.111.10 - - [17/Jun/2025:09:20:45 -0300] "GET /favicon.ico HTTP/1.1" 200 21630
190.121.111.10 - - [17/Jun/2025:09:20:51 -0300] "POST /cormun/servlet/hlogin?f070ef30d34053896af644a3faa4752e,gx-no-cache=1750162969777 HTTP/1.1" 200 90
190.121.111.10 - - [17/Jun/2025:09:20:51 -0300] "GET /cormun/servlet/hpexe_link HTTP/1.1" 200 955
190.121.111.10 - - [17/Jun/2025:09:20:51 -0300] "GET /cormun/servlet/trlicencias HTTP/1.1" 200 6003
190.121.111.10 - - [17/Jun/2025:09:20:54 -0300] "POST /cormun/servlet/trlicencias?f070ef30d34053896af644a3faa4752e,gx-no-cache=1750162972609 HTTP/1.1" 200 3267
190.121.111.10 - - [17/Jun/2025:09:21:03 -0300] "GET /cormun/servlet/hlogin HTTP/1.1" 200 1734
190.121.111.10 - - [17/Jun/2025:09:21:07 -0300] "POST /cormun/servlet/hlogin?f070ef30d34053896af644a3faa4752e,gx-no-cache=1750162985911 HTTP/1.1" 200 90
190.121.111.10 - - [17/Jun/2025:09:21:07 -0300] "GET /cormun/servlet/hpexe_link HTTP/1.1" 200 950
190.121.111.10 - - [17/Jun/2025:09:21:07 -0300] "GET /cormun/servlet/hhome HTTP/1.1" 200 4696
190.121.111.10 - - [17/Jun/2025:09:21:11 -0300] "GET /cormun/servlet/trsecurityrole? HTTP/1.1" 200 10581
190.121.111.10 - - [17/Jun/2025:09:21:16 -0300] "GET /cormun/servlet/trsecurityuserroles?3811, HTTP/1.1" 200 7154
190.121.111.10 - - [17/Jun/2025:09:21:16 -0300] "GET /cormun/static/gxcfg.js?20221129851757 HTTP/1.1" 200 953
190.121.111.10 - - [17/Jun/2025:09:21:16 -0300] "GET /cormun/static/trsecurityuserroles.js?20221129851878 HTTP/1.1" 200 16289
190.121.111.10 - - [17/Jun/2025:09:21:21 -0300] "GET /cormun/servlet/trsecurityuserroles?e5a673216d8692e404cd9db88edac17f8225ba20ee7adc63ecb392e88b6f6cdac3d69273cc5a82505d27a73bd847d5ab,gx-no-cache=1750162999915 HTTP/1.1" 200 72
190.121.111.10 - - [17/Jun/2025:09:21:23 -0300] "GET /cormun/servlet/trsecurityuserroles?d7896d06c49dc159341ce8ecdc4471ecc04584e776982cd190fd5ec52aa658f0c2e22077ba6e8f0fa48714001eb8b06c0ff874dc21e00c5fbaea0b56dd4e4dd2,gx-no-cache=1750163001656 HTTP/1.1" 200 50
190.121.111.10 - - [17/Jun/2025:09:21:24 -0300] "POST /cormun/servlet/trsecurityuserroles?f070ef30d34053896af644a3faa4752e,3811,,gx-no-cache=1750163002545 HTTP/1.1" 200 4934
190.95.67.97 - - [17/Jun/2025:09:21:29 -0300] "POST /cormun/servlet/trlicencias?8906a01a1eace28d0c983288da9a79d6,,gx-no-cache=1750162476963 HTTP/1.1" 200 17660
190.95.67.97 - - [17/Jun/2025:09:21:29 -0300] "GET /cormun/static/Resources/PXToolsGridNext.gif HTTP/1.1" 200 369
190.95.67.97 - - [17/Jun/2025:09:21:29 -0300] "GET /cormun/static/Resources/PXToolsGridLast.gif HTTP/1.1" 200 370
190.121.111.10 - - [17/Jun/2025:09:21:32 -0300] "GET /cormun/servlet/trsecurityuser01? HTTP/1.1" 200 12129
190.121.111.10 - - [17/Jun/2025:09:21:38 -0300] "POST /cormun/servlet/trsecurityuser01?f070ef30d34053896af644a3faa4752e,,gx-no-cache=1750163016889 HTTP/1.1" 200 5335
190.121.111.10 - - [17/Jun/2025:09:21:40 -0300] "GET /cormun/servlet/trsecurityuserroles2?3918, HTTP/1.1" 200 8059
190.121.111.10 - - [17/Jun/2025:09:21:47 -0300] "POST /cormun/servlet/trsecurityuserroles2?f070ef30d34053896af644a3faa4752e,3918,,gx-no-cache=1750163025457 HTTP/1.1" 200 5644
190.121.111.10 - - [17/Jun/2025:09:21:49 -0300] "GET /cormun/servlet/hlogin HTTP/1.1" 200 1747
190.121.111.10 - - [17/Jun/2025:09:21:56 -0300] "POST /cormun/servlet/hlogin?f070ef30d34053896af644a3faa4752e,gx-no-cache=1750163035296 HTTP/1.1" 200 90
190.121.111.10 - - [17/Jun/2025:09:21:56 -0300] "GET /cormun/servlet/hpexe_link HTTP/1.1" 200 950
190.121.111.10 - - [17/Jun/2025:09:21:56 -0300] "GET /cormun/servlet/hhome HTTP/1.1" 200 3280
190.121.111.10 - - [17/Jun/2025:09:21:59 -0300] "GET /cormun/servlet/trlicencias? HTTP/1.1" 200 19357
190.95.67.91 - - [17/Jun/2025:09:23:07 -0300] "POST /cormun/servlet/trpermisosadjuntos?c6afe758f14a389b3449139162801732,17137328,20250617081115,P,,gx-no-cache=1750163106336 HTTP/1.1" 200 90
190.95.67.91 - - [17/Jun/2025:09:23:07 -0300] "GET /cormun/servlet/hpexe_link HTTP/1.1" 200 999
190.95.67.91 - - [17/Jun/2025:09:23:07 -0300] "GET /cormun/servlet/trpermisosgoce?gx-no-cache=1750161985733 HTTP/1.1" 200 19355
190.95.67.91 - - [17/Jun/2025:09:23:14 -0300] "POST /cormun/servlet/trpermisosgoce?c6afe758f14a389b3449139162801732,gx-no-cache=1750161985733,gx-no-cache=1750163113772 HTTP/1.1" 200 16715
190.95.67.91 - - [17/Jun/2025:09:23:15 -0300] "GET /cormun/static/Shared/jqueryui/images/ui-bg_highlight-soft_100_c6c2c8_1x100.png HTTP/1.1" 404 1117
190.95.67.91 - - [17/Jun/2025:09:23:15 -0300] "GET /cormun/static/Shared/jqueryui/images/ui-icons_82798d_256x240.png HTTP/1.1" 404 1089
190.95.67.91 - - [17/Jun/2025:09:23:15 -0300] "GET /cormun/static/Shared/jqueryui/images/ui-icons_8d78a5_256x240.png HTTP/1.1" 404 1089
190.95.67.91 - - [17/Jun/2025:09:23:15 -0300] "GET /cormun/static/Shared/jqueryui/images/ui-bg_flat_55_fafafa_40x100.png HTTP/1.1" 404 1097
190.95.15.15 - - [17/Jun/2025:09:23:21 -0300] "GET /cormun/servlet/hlogin HTTP/1.1" 200 1708
190.95.15.15 - - [17/Jun/2025:09:23:21 -0300] "GET /cormun/servlet/hlogin HTTP/1.1" 200 1719
190.95.15.15 - - [17/Jun/2025:09:23:35 -0300] "POST /cormun/servlet/hlogin?ce48511d9e98aef8066ee5459c6b29dc,gx-no-cache=1750163133984 HTTP/1.1" 200 90
190.95.15.15 - - [17/Jun/2025:09:23:35 -0300] "GET /cormun/servlet/hpexe_link HTTP/1.1" 200 939
190.95.15.15 - - [17/Jun/2025:09:23:35 -0300] "GET /cormun/servlet/hhome HTTP/1.1" 200 3962
190.95.15.15 - - [17/Jun/2025:09:23:39 -0300] "GET /cormun/servlet/trpermisosgoce? HTTP/1.1" 200 11913
190.95.15.15 - - [17/Jun/2025:09:23:43 -0300] "GET /cormun/servlet/permisogoce?INS,0,,, HTTP/1.1" 200 6830
190.95.15.15 - - [17/Jun/2025:09:23:58 -0300] "GET /cormun/servlet/permisogoce?4b7ad288d3e75f7cd4b02f8c629641094bce72dfede1764a82fe2f1c42f4799f266dc6f7717380d69fa23b301617e043a54a83af5c8cae023c22829c3c3b8b47,gx-no-cache=1750163157261 HTTP/1.1" 200 83
190.95.15.15 - - [17/Jun/2025:09:23:58 -0300] "GET /cormun/static/menuarrow.gif HTTP/1.1" 404 1015
190.95.15.15 - - [17/Jun/2025:09:24:04 -0300] "GET /cormun/servlet/permisogoce?4b7ad288d3e75f7cd4b02f8c62964109a67400a1b032dd27cf63be104803488ade6b77c7e03691ce108da818a213bf0cba0a1b4e0e950f982e6db1a5efbba3a1,gx-no-cache=1750163162849 HTTP/1.1" 200 47
190.95.15.15 - - [17/Jun/2025:09:24:09 -0300] "POST /cormun/servlet/permisogoce?ce48511d9e98aef8066ee5459c6b29dc,INS,0,,,,gx-no-cache=1750163167539 HTTP/1.1" 200 93
190.95.15.15 - - [17/Jun/2025:09:24:09 -0300] "GET /cormun/servlet/hpexe_return? HTTP/1.1" 200 997
190.95.15.15 - - [17/Jun/2025:09:24:09 -0300] "GET /cormun/servlet/trpermisosgoce HTTP/1.1" 200 12186
190.95.15.15 - - [17/Jun/2025:09:24:12 -0300] "GET /cormun/servlet/apermisogoceprn?9012315,P,20250617082543,PU HTTP/1.1" 200 1664
200.126.116.145 - - [17/Jun/2025:09:25:30 -0300] "GET /cormun/servlet/hlogin HTTP/1.1" 200 1720
200.126.116.145 - - [17/Jun/2025:09:25:51 -0300] "POST /cormun/servlet/hlogin?aa77c92435067f47fd2d0d7ddb88ea4a,gx-no-cache=1750163269864 HTTP/1.1" 200 90
200.126.116.145 - - [17/Jun/2025:09:25:51 -0300] "GET /cormun/servlet/hpexe_link HTTP/1.1" 200 950
200.126.116.145 - - [17/Jun/2025:09:25:51 -0300] "GET /cormun/servlet/hhome HTTP/1.1" 200 4327
200.126.116.145 - - [17/Jun/2025:09:25:54 -0300] "GET /cormun/servlet/trlicencias? HTTP/1.1" 200 17231
200.126.116.145 - - [17/Jun/2025:09:26:15 -0300] "GET /cormun/servlet/trlicencias? HTTP/1.1" 200 17222
200.126.116.145 - - [17/Jun/2025:09:26:25 -0300] "GET /cormun/servlet/trsolicitudot? HTTP/1.1" 200 7534
200.126.116.145 - - [17/Jun/2025:09:26:28 -0300] "GET /cormun/servlet/solicitudot?INS,0,0,false, HTTP/1.1" 200 16317
190.121.111.10 - - [17/Jun/2025:09:27:25 -0300] "GET /cormun/servlet/hlogin HTTP/1.1" 200 1735
190.121.111.10 - - [17/Jun/2025:09:27:31 -0300] "POST /cormun/servlet/hlogin?f070ef30d34053896af644a3faa4752e,gx-no-cache=1750163369966 HTTP/1.1" 200 90
190.121.111.10 - - [17/Jun/2025:09:27:31 -0300] "GET /cormun/servlet/hpexe_link HTTP/1.1" 200 950
190.121.111.10 - - [17/Jun/2025:09:27:31 -0300] "GET /cormun/servlet/hhome HTTP/1.1" 200 4696
190.121.111.10 - - [17/Jun/2025:09:27:37 -0300] "GET /cormun/servlet/trsecurityrole? HTTP/1.1" 200 10581
200.126.116.145 - - [17/Jun/2025:09:27:48 -0300] "POST /cormun/servlet/solicitudot?gx-no-cache=1750163386588 HTTP/1.1" 200 4046
200.126.116.145 - - [17/Jun/2025:09:27:48 -0300] "POST /cormun/servlet/solicitudot?aa77c92435067f47fd2d0d7ddb88ea4a,INS,0,0,false,,gx-no-cache=1750163386753 HTTP/1.1" 200 12893
200.126.116.145 - - [17/Jun/2025:09:27:52 -0300] "GET /cormun/servlet/solicitudot?226c0e489c5a26e9b2f00ce7a63fc59f24369bb0217e9499415381193824df07cae536211b97a5c1bebb1aef18f7658e,gx-no-cache=1750163391252 HTTP/1.1" 200 30
190.121.111.10 - - [17/Jun/2025:09:28:01 -0300] "GET /cormun/servlet/securityroles?UPD,3924, HTTP/1.1" 200 6353
190.121.111.10 - - [17/Jun/2025:09:28:04 -0300] "GET /cormun/servlet/securityroles?53ac4a65fd825fb055f4a73222c33229d055c9204c83db83bc44ec2205dcfe38b9f7833f05d53310a8f49c7414dda0e848bfe642adaf68be01fad3017478c3a55fad1cbef0124cd800ceaa9553afc4b52e52d78671dc6e495dc4233938d58d79,gx-no-cache=1750163402760 HTTP/1.1" 200 65
190.121.111.10 - - [17/Jun/2025:09:28:11 -0300] "POST /cormun/servlet/securityroles?f070ef30d34053896af644a3faa4752e,UPD,3924,,gx-no-cache=1750163409983 HTTP/1.1" 500 10
190.121.111.10 - - [17/Jun/2025:09:28:17 -0300] "GET /cormun/servlet/securityroles?UPD,3924, HTTP/1.1" 200 6353
190.121.111.10 - - [17/Jun/2025:09:28:18 -0300] "GET /cormun/servlet/securityroles?53ac4a65fd825fb055f4a73222c33229d055c9204c83db83bc44ec2205dcfe389ed8ff17e8468b53b4eb5f8d36d2e68e49050183c341494d5458e3f71520b4db98d6851dca659e0c778a6e40fe665fe8,gx-no-cache=1750163417223 HTTP/1.1" 200 56
190.121.111.10 - - [17/Jun/2025:09:28:18 -0300] "POST /cormun/servlet/securityroles?f070ef30d34053896af644a3faa4752e,UPD,3924,,gx-no-cache=1750163417244 HTTP/1.1" 200 93
190.121.111.10 - - [17/Jun/2025:09:28:18 -0300] "GET /cormun/servlet/hpexe_return? HTTP/1.1" 200 1008
190.121.111.10 - - [17/Jun/2025:09:28:19 -0300] "GET /cormun/servlet/trsecurityrole HTTP/1.1" 200 10584
190.121.111.10 - - [17/Jun/2025:09:28:36 -0300] "GET /cormun/servlet/securityroles?UPD,3924, HTTP/1.1" 200 6353
190.121.111.10 - - [17/Jun/2025:09:28:39 -0300] "GET /cormun/servlet/securityroles?53ac4a65fd825fb055f4a73222c33229d055c9204c83db83bc44ec2205dcfe38b9f7833f05d53310a8f49c7414dda0e848bfe642adaf68be01fad3017478c3a55fad1cbef0124cd800ceaa9553afc4b52e52d78671dc6e495dc4233938d58d79,gx-no-cache=1750163437591 HTTP/1.1" 200 65
190.121.111.10 - - [17/Jun/2025:09:28:44 -0300] "POST /cormun/servlet/securityroles?f070ef30d34053896af644a3faa4752e,UPD,3924,,gx-no-cache=1750163443407 HTTP/1.1" 500 10
190.121.111.10 - - [17/Jun/2025:09:28:48 -0300] "GET /cormun/servlet/securityroles?UPD,3924, HTTP/1.1" 200 6353
190.121.111.10 - - [17/Jun/2025:09:28:49 -0300] "GET /cormun/servlet/securityroles?53ac4a65fd825fb055f4a73222c33229d055c9204c83db83bc44ec2205dcfe389ed8ff17e8468b53b4eb5f8d36d2e68e49050183c341494d5458e3f71520b4db98d6851dca659e0c778a6e40fe665fe8,gx-no-cache=1750163448359 HTTP/1.1" 200 56
190.121.111.10 - - [17/Jun/2025:09:28:49 -0300] "POST /cormun/servlet/securityroles?f070ef30d34053896af644a3faa4752e,UPD,3924,,gx-no-cache=1750163448373 HTTP/1.1" 200 93
190.121.111.10 - - [17/Jun/2025:09:28:49 -0300] "GET /cormun/servlet/hpexe_return? HTTP/1.1" 200 1008
190.121.111.10 - - [17/Jun/2025:09:28:50 -0300] "GET /cormun/servlet/trsecurityrole HTTP/1.1" 200 10584
190.95.67.95 - - [17/Jun/2025:09:28:50 -0300] "GET /cormun/servlet/hlogin HTTP/1.1" 200 1715
190.95.67.95 - - [17/Jun/2025:09:28:54 -0300] "POST /cormun/servlet/hlogin?6419f5a7fbdf075a4457c71041d275ec,gx-no-cache=1750163452142 HTTP/1.1" 200 90
190.95.67.95 - - [17/Jun/2025:09:28:54 -0300] "GET /cormun/servlet/hpexe_link HTTP/1.1" 200 951
190.95.67.95 - - [17/Jun/2025:09:28:54 -0300] "GET /cormun/servlet/trlicencias? HTTP/1.1" 200 19183
190.95.67.95 - - [17/Jun/2025:09:29:00 -0300] "GET /cormun/servlet/trpermisosgoce? HTTP/1.1" 200 10499
190.95.67.95 - - [17/Jun/2025:09:29:03 -0300] "GET /cormun/servlet/permisogoce?INS,0,,, HTTP/1.1" 200 6870
190.95.67.95 - - [17/Jun/2025:09:29:06 -0300] "GET /cormun/static/Resources/resize.gif HTTP/1.1" 200 77
190.95.67.95 - - [17/Jun/2025:09:29:06 -0300] "GET /cormun/static/Resources/PXTools/ClosePrompt.png HTTP/1.1" 200 1036
190.95.67.95 - - [17/Jun/2025:09:29:06 -0300] "GET /cormun/servlet/prfichaempleado?,MD,,gxPopupLevel%3D0%3B HTTP/1.1" 200 9303
190.121.111.10 - - [17/Jun/2025:09:29:06 -0300] "GET /cormun/servlet/securityroles?UPD,3811, HTTP/1.1" 200 6314
190.95.67.95 - - [17/Jun/2025:09:29:06 -0300] "GET /cormun/static/gxcfg.js?20201215571085 HTTP/1.1" 200 953
190.95.67.95 - - [17/Jun/2025:09:29:06 -0300] "GET /cormun/static/Resources/PXToolsMenuSearch.png HTTP/1.1" 200 336
190.95.67.95 - - [17/Jun/2025:09:29:06 -0300] "GET /cormun/static/prfichaempleado.js?20201215572193 HTTP/1.1" 200 16005
190.95.67.95 - - [17/Jun/2025:09:29:06 -0300] "GET /cormun/static/menusearch.js?20201214473581 HTTP/1.1" 200 1424
190.95.67.95 - - [17/Jun/2025:09:29:07 -0300] "GET /cormun/static/hmpwkw011.js?202211298443482 HTTP/1.1" 200 1968
190.95.67.95 - - [17/Jun/2025:09:29:07 -0300] "GET /cormun/static/Resources/PXToolsMenuSearchCancel.png HTTP/1.1" 200 306
190.121.111.10 - - [17/Jun/2025:09:29:09 -0300] "POST /cormun/servlet/securityroles?f070ef30d34053896af644a3faa4752e,UPD,3811,,gx-no-cache=1750163468023 HTTP/1.1" 200 93
190.121.111.10 - - [17/Jun/2025:09:29:09 -0300] "GET /cormun/servlet/hpexe_return? HTTP/1.1" 200 1009
190.121.111.10 - - [17/Jun/2025:09:29:09 -0300] "GET /cormun/servlet/trsecurityrole HTTP/1.1" 200 10584
190.95.67.95 - - [17/Jun/2025:09:29:20 -0300] "POST /cormun/servlet/prfichaempleado?6419f5a7fbdf075a4457c71041d275ec,,MD,,gxPopupLevel%3D0%3B,gx-no-cache=1750163478300 HTTP/1.1" 200 3402
190.95.67.95 - - [17/Jun/2025:09:29:24 -0300] "GET /cormun/servlet/permisogoce?382fe8c17ff7da00365d86ff5b13255ed5aaf3e81ed4163944fe16ff4076b87a6fb59a51abbbf66fe4ebe22aae974a7506a4622f6600e3e3f9bdc39bffeb8dcc,gx-no-cache=1750163481999 HTTP/1.1" 200 84
190.95.67.95 - - [17/Jun/2025:09:29:24 -0300] "GET /cormun/static/menuarrow.gif HTTP/1.1" 404 1015
190.121.111.10 - - [17/Jun/2025:09:29:24 -0300] "GET /cormun/servlet/securityroles?UPD,3924, HTTP/1.1" 200 6353
190.121.111.10 - - [17/Jun/2025:09:29:28 -0300] "GET /cormun/servlet/securityroles?53ac4a65fd825fb055f4a73222c33229d055c9204c83db83bc44ec2205dcfe38b9f7833f05d53310a8f49c7414dda0e848bfe642adaf68be01fad3017478c3a55fad1cbef0124cd800ceaa9553afc4b52e52d78671dc6e495dc4233938d58d79,gx-no-cache=1750163486886 HTTP/1.1" 200 65
190.95.67.95 - - [17/Jun/2025:09:29:29 -0300] "GET /cormun/servlet/permisogoce?382fe8c17ff7da00365d86ff5b13255eb8db328e98bb13d625c4fadca7c66cbb85d0c39e75cf057ee40c15058c91825d16a93d7f0e8bbce1190eaf399468f505,gx-no-cache=1750163487246 HTTP/1.1" 200 48
190.121.111.10 - - [17/Jun/2025:09:29:30 -0300] "POST /cormun/servlet/securityroles?f070ef30d34053896af644a3faa4752e,UPD,3924,,gx-no-cache=1750163488503 HTTP/1.1" 500 10
190.95.67.95 - - [17/Jun/2025:09:29:35 -0300] "POST /cormun/servlet/permisogoce?6419f5a7fbdf075a4457c71041d275ec,INS,0,,,,gx-no-cache=1750163492014 HTTP/1.1" 200 93
190.95.67.95 - - [17/Jun/2025:09:29:35 -0300] "GET /cormun/servlet/hpexe_return? HTTP/1.1" 200 1004
190.95.67.95 - - [17/Jun/2025:09:29:35 -0300] "GET /cormun/servlet/trpermisosgoce HTTP/1.1" 200 10751
190.95.67.95 - - [17/Jun/2025:09:29:38 -0300] "GET /cormun/servlet/apermisogoceprn?15996249,P,20250617083103,PU HTTP/1.1" 200 1654
190.121.111.10 - - [17/Jun/2025:09:29:44 -0300] "GET /cormun/servlet/securityroles?UPD,3924, HTTP/1.1" 200 6353
190.121.111.10 - - [17/Jun/2025:09:29:47 -0300] "GET /cormun/servlet/securityroles?53ac4a65fd825fb055f4a73222c33229d055c9204c83db83bc44ec2205dcfe38b9f7833f05d53310a8f49c7414dda0e848bfe642adaf68be01fad3017478c3a55fad1cbef0124cd800ceaa9553afc4b52e52d78671dc6e495dc4233938d58d79,gx-no-cache=1750163505847 HTTP/1.1" 200 65
190.121.111.10 - - [17/Jun/2025:09:29:47 -0300] "POST /cormun/servlet/securityroles?f070ef30d34053896af644a3faa4752e,UPD,3924,,gx-no-cache=1750163505861 HTTP/1.1" 500 10
190.121.111.10 - - [17/Jun/2025:09:29:48 -0300] "GET /cormun/servlet/securityroles?UPD,3924, HTTP/1.1" 200 6353
190.121.111.10 - - [17/Jun/2025:09:29:58 -0300] "GET /cormun/servlet/securityroles?53ac4a65fd825fb055f4a73222c33229d055c9204c83db83bc44ec2205dcfe38b9f7833f05d53310a8f49c7414dda0e848bfe642adaf68be01fad3017478c3a55fad1cbef0124cd800ceaa9553afc4b52e52d78671dc6e495dc4233938d58d79,gx-no-cache=1750163517079 HTTP/1.1" 200 65
190.121.111.10 - - [17/Jun/2025:09:29:58 -0300] "POST /cormun/servlet/securityroles?f070ef30d34053896af644a3faa4752e,UPD,3924,,gx-no-cache=1750163517092 HTTP/1.1" 500 10
190.121.111.10 - - [17/Jun/2025:09:30:00 -0300] "GET /cormun/servlet/securityroles?UPD,3924, HTTP/1.1" 200 6353
190.121.111.10 - - [17/Jun/2025:09:30:13 -0300] "GET /cormun/servlet/securityroles?53ac4a65fd825fb055f4a73222c33229d055c9204c83db83bc44ec2205dcfe38e0d222a62cf4adcab80b4e6a1f3fd9c74f01a5fc305fa2c614886c3de8543975fcfb2086b0b279f8ff5f341448eed6a102e626bbd6ee465e159eb4eb13dd7b6b,gx-no-cache=1750163532295 HTTP/1.1" 200 63
190.121.111.10 - - [17/Jun/2025:09:30:13 -0300] "POST /cormun/servlet/securityroles?f070ef30d34053896af644a3faa4752e,UPD,3924,,gx-no-cache=1750163532309 HTTP/1.1" 500 10
190.121.111.10 - - [17/Jun/2025:09:30:16 -0300] "GET /cormun/servlet/trsecurityrole HTTP/1.1" 200 10584
190.121.111.10 - - [17/Jun/2025:09:30:20 -0300] "GET /cormun/servlet/securityroles?UPD,3924, HTTP/1.1" 200 6353
190.121.111.10 - - [17/Jun/2025:09:30:25 -0300] "GET /cormun/servlet/securityroles?53ac4a65fd825fb055f4a73222c33229d055c9204c83db83bc44ec2205dcfe38b9f7833f05d53310a8f49c7414dda0e848bfe642adaf68be01fad3017478c3a55fad1cbef0124cd800ceaa9553afc4b52e52d78671dc6e495dc4233938d58d79,gx-no-cache=1750163544334 HTTP/1.1" 200 65
190.121.111.10 - - [17/Jun/2025:09:30:31 -0300] "GET /cormun/servlet/securityroles?53ac4a65fd825fb055f4a73222c33229d055c9204c83db83bc44ec2205dcfe38b9f7833f05d53310a8f49c7414dda0e8e47e731582ac3ca9675025b1561bd68b0b520028ffff1ec7a11f5d0a5a57b41702e626bbd6ee465e159eb4eb13dd7b6b,gx-no-cache=1750163550174 HTTP/1.1" 200 61
190.121.111.10 - - [17/Jun/2025:09:30:31 -0300] "POST /cormun/servlet/securityroles?f070ef30d34053896af644a3faa4752e,UPD,3924,,gx-no-cache=1750163550189 HTTP/1.1" 500 10
190.95.1.185 - - [17/Jun/2025:09:31:09 -0300] "GET /cormun/servlet/hlogin HTTP/1.1" 200 1720
190.95.1.185 - - [17/Jun/2025:09:31:09 -0300] "GET /cormun/servlet/hlogin HTTP/1.1" 200 1731
190.95.1.185 - - [17/Jun/2025:09:31:12 -0300] "POST /cormun/servlet/hlogin?bb7897568c5b385628027a25bf921b1b,gx-no-cache=1750163591083 HTTP/1.1" 200 90
190.95.1.185 - - [17/Jun/2025:09:31:12 -0300] "GET /cormun/servlet/hpexe_link HTTP/1.1" 200 949
190.95.1.185 - - [17/Jun/2025:09:31:12 -0300] "GET /cormun/servlet/hhome HTTP/1.1" 200 4474
190.95.1.185 - - [17/Jun/2025:09:31:15 -0300] "GET /cormun/servlet/trlicencias? HTTP/1.1" 200 12983
190.95.1.185 - - [17/Jun/2025:09:31:31 -0300] "GET /cormun/servlet/trpermisosgoce? HTTP/1.1" 200 11913
200.126.116.145 - - [17/Jun/2025:09:32:03 -0300] "GET /cormun/servlet/solicitudot?226c0e489c5a26e9b2f00ce7a63fc59fc61bc8e7f9606b8b60a298fa84c3852e835cb6f7f02b85bbaef9b71b82fee7bc21e3175f611dc527a2600a7314bc63f7142a4218a587c45845ba47c0cb009b0c,gx-no-cache=1750163641842 HTTP/1.1" 200 103
200.126.116.145 - - [17/Jun/2025:09:32:03 -0300] "GET /cormun/static/Shared/jqueryui/images/ui-icons_82798d_256x240.png HTTP/1.1" 404 1089
200.126.116.145 - - [17/Jun/2025:09:32:03 -0300] "GET /cormun/static/Shared/jqueryui/images/ui-bg_highlight-soft_100_c6c2c8_1x100.png HTTP/1.1" 404 1117
200.126.116.145 - - [17/Jun/2025:09:32:03 -0300] "GET /cormun/static/Shared/jqueryui/images/ui-bg_flat_55_994d53_40x100.png HTTP/1.1" 404 1097
200.126.116.145 - - [17/Jun/2025:09:32:03 -0300] "GET /cormun/static/Shared/jqueryui/images/ui-icons_ebccce_256x240.png HTTP/1.1" 404 1089
200.126.116.145 - - [17/Jun/2025:09:32:09 -0300] "GET /cormun/servlet/prbanco?,MD,,gxPopupLevel%3D0%3B HTTP/1.1" 200 6735
200.126.116.145 - - [17/Jun/2025:09:32:20 -0300] "GET /cormun/servlet/solicitudot?226c0e489c5a26e9b2f00ce7a63fc59f266d712a991d122757d5b898443d5ba3,gx-no-cache=1750163658747 HTTP/1.1" 200 45
200.126.116.145 - - [17/Jun/2025:09:32:51 -0300] "GET /cormun/servlet/solicitudot?226c0e489c5a26e9b2f00ce7a63fc59fc61bc8e7f9606b8b60a298fa84c3852e835cb6f7f02b85bbaef9b71b82fee7bc654ca2473f360427ce5ca7de3f10cb5ae571fb227453afa016b16f6e9042bb17,gx-no-cache=1750163690418 HTTP/1.1" 200 30
200.126.116.145 - - [17/Jun/2025:09:32:53 -0300] "POST /cormun/servlet/solicitudot?gx-no-cache=1750163691605 HTTP/1.1" 200 255
200.126.116.145 - - [17/Jun/2025:09:32:54 -0300] "GET /cormun/servlet/solicitudot?226c0e489c5a26e9b2f00ce7a63fc59f9907e49911b77df0b6901705e40164e04f2812265f5306796bcf19e66820c8b32524e02bff59f96e18c76b58c7cb8a3deb5b46db0fe43a81dec84ee334b919a3b126f79690a802313dd8fc3488b2004b5d38b0e84bbd992befcf1678efd77a39045c47de30e5203110a7303fd48efea382173b1a4f0ab4714834e4303372bc5781f197bd91f757be839f3e1320875e69533dcfd8d3ce66e74818e51e5bd09853d1df2501c0f88b412d2b4d25ef05b95b1eb39228e81e3f95172a074d8b86b0750dcc01ca8b3032a7c138ff0457ff8d7093eab76a5d09d537ce49d160205738f75eb23946456d8281e5b42ed9d2d513721dac822278ad617b877efaeeee0fc11ac578bae559442aed33acd987a2a4753719287a24f8e2660df1ccbb8b31c997157328cac369e9beb2e922b21619c73c7e169ac92ee846da21483da51fcb7eb67e370e029f0b6f531a3dba4558106bf033e35486a1a29bb25faf8b8dece58dbefe76aaa2f2c7929c54145951e71949bd42,gx-no-cache=1750163693302 HTTP/1.1" 200 30
200.126.116.145 - - [17/Jun/2025:09:32:59 -0300] "POST /cormun/servlet/solicitudot?gx-no-cache=1750163697941 HTTP/1.1" 200 30
200.126.116.145 - - [17/Jun/2025:09:33:11 -0300] "GET /cormun/servlet/prcontratosol?19588115,,,,,MD,,gxPopupLevel%3D0%3B HTTP/1.1" 200 7707
200.126.116.145 - - [17/Jun/2025:09:33:11 -0300] "GET /cormun/static/gxcfg.js?202211298464198 HTTP/1.1" 200 953
200.126.116.145 - - [17/Jun/2025:09:33:11 -0300] "GET /cormun/static/prcontratosol.js?202211298464288 HTTP/1.1" 200 15806
200.126.116.145 - - [17/Jun/2025:09:33:13 -0300] "POST /cormun/servlet/solicitudot?gx-no-cache=1750163712294 HTTP/1.1" 200 1563
200.126.116.145 - - [17/Jun/2025:09:33:13 -0300] "POST /cormun/servlet/solicitudot?gx-no-cache=1750163712322 HTTP/1.1" 200 117
200.126.116.145 - - [17/Jun/2025:09:33:13 -0300] "GET /cormun/servlet/solicitudot?226c0e489c5a26e9b2f00ce7a63fc59f232bc447a30fb48d5685a9f0a767154432886d533a740162abb2a6fa213bf52f1947759f26ecdda3a816276cd62d46f7f93f68569f32cc640fd6a1a991a338a4a8fa32fccf42d6b992e793b36cb3226679ef5aaa64da8dda01369b163b28c2d2,gx-no-cache=1750163712339 HTTP/1.1" 200 110
200.126.116.145 - - [17/Jun/2025:09:33:13 -0300] "POST /cormun/servlet/solicitudot?gx-no-cache=1750163712366 HTTP/1.1" 200 64
200.126.116.145 - - [17/Jun/2025:09:33:13 -0300] "GET /cormun/servlet/solicitudot?226c0e489c5a26e9b2f00ce7a63fc59f2ad35206d4b7fc2e453194db97fdcb45a7f054635623a3adc86753a42058efdb19c299c7e512775d3685395901fb128bd50db0f9cb8f4b082f0a0e6153628da575ab6e36a5d44f4bd25a7367c5efe117cba045aacb4ccbc64420554f9c595ecd,gx-no-cache=1750163712385 HTTP/1.1" 200 29
200.126.116.145 - - [17/Jun/2025:09:33:13 -0300] "GET /cormun/servlet/solicitudot?226c0e489c5a26e9b2f00ce7a63fc59f869da2ebc844d77cbd1522f18bf81bfee80cd75854cde05273a4f5914dc65bf5,gx-no-cache=1750163712399 HTTP/1.1" 200 134
200.126.116.145 - - [17/Jun/2025:09:33:28 -0300] "POST /cormun/servlet/solicitudot?gx-no-cache=1750163726798 HTTP/1.1" 200 1481
200.126.116.145 - - [17/Jun/2025:09:33:31 -0300] "GET /cormun/static/menuarrow.gif HTTP/1.1" 404 1015
200.126.116.145 - - [17/Jun/2025:09:33:33 -0300] "GET /cormun/servlet/prlicenciaspermisos?12365931,L,,MD,,gxPopupLevel%3D0%3B HTTP/1.1" 200 7274
200.126.116.145 - - [17/Jun/2025:09:33:33 -0300] "GET /cormun/static/gxcfg.js?2020121559567 HTTP/1.1" 200 953
200.126.116.145 - - [17/Jun/2025:09:33:33 -0300] "GET /cormun/static/prlicenciaspermisos.js?2020121559821 HTTP/1.1" 200 13379
200.126.116.145 - - [17/Jun/2025:09:33:43 -0300] "POST /cormun/servlet/solicitudot?gx-no-cache=1750163742355 HTTP/1.1" 200 41
200.126.116.145 - - [17/Jun/2025:09:34:01 -0300] "GET /cormun/servlet/solicitudot?226c0e489c5a26e9b2f00ce7a63fc59f232bc447a30fb48d5685a9f0a767154432886d533a740162abb2a6fa213bf52f1947759f26ecdda3a816276cd62d46f7f93f68569f32cc640fd6a1a991a338a4a8fa32fccf42d6b992e793b36cb3226679ef5aaa64da8dda01369b163b28c2d2,gx-no-cache=1750163760275 HTTP/1.1" 200 110
200.126.116.145 - - [17/Jun/2025:09:34:01 -0300] "POST /cormun/servlet/solicitudot?gx-no-cache=1750163760335 HTTP/1.1" 200 97
190.95.67.97 - - [17/Jun/2025:09:34:14 -0300] "GET /cormun/servlet/trpermisosgoce? HTTP/1.1" 200 15111
190.95.67.97 - - [17/Jun/2025:09:34:14 -0300] "GET /cormun/static/gxcfg.js?2020121631564 HTTP/1.1" 200 953
190.95.67.97 - - [17/Jun/2025:09:34:14 -0300] "GET /cormun/static/trpermisosgoce.js?2020121633681 HTTP/1.1" 200 35904
190.95.67.97 - - [17/Jun/2025:09:34:14 -0300] "GET /cormun/static/Resources/Spanish/PXTools.css?14345360 HTTP/1.1" 200 100853
190.95.67.97 - - [17/Jun/2025:09:34:15 -0300] "GET /cormun//static/Resources/PXToolsGridDelete.png HTTP/1.1" 200 538
190.95.67.97 - - [17/Jun/2025:09:34:15 -0300] "GET /cormun//static/Resources/PXToolsGridUpdate.png HTTP/1.1" 200 470
190.95.67.97 - - [17/Jun/2025:09:34:19 -0300] "GET /cormun/servlet/permisogoce?INS,0,,, HTTP/1.1" 200 6739
190.95.67.97 - - [17/Jun/2025:09:34:19 -0300] "GET /cormun/static/gxcfg.js?20201215124560 HTTP/1.1" 200 953
190.95.67.97 - - [17/Jun/2025:09:34:19 -0300] "GET /cormun/static/Resources/prompt.gif HTTP/1.1" 200 902
190.95.67.97 - - [17/Jun/2025:09:34:19 -0300] "GET /cormun/static/permisogoce.js?20201215124939 HTTP/1.1" 200 27790
200.126.116.145 - - [17/Jun/2025:09:34:24 -0300] "GET /cormun/servlet/solicitudot?226c0e489c5a26e9b2f00ce7a63fc59ff6ca7b37dc011e7ccb1eb6c5ad9db6126c78a1fafd8919d6adca70b655079414,gx-no-cache=1750163783147 HTTP/1.1" 200 134
200.126.116.145 - - [17/Jun/2025:09:34:24 -0300] "POST /cormun/servlet/solicitudot?gx-no-cache=1750163783178 HTTP/1.1" 200 122
190.95.67.97 - - [17/Jun/2025:09:34:27 -0300] "GET /cormun/servlet/permisogoce?5f508cb1a286f062b3398689f8c8656eb68556226b61f0099c3754a0c91f5c4d2e0ebfd4df59b952dce69fcd6410c3d6bd5d96e5de0f3065ddd09bc493343951,gx-no-cache=1750163256012 HTTP/1.1" 200 178
190.95.67.97 - - [17/Jun/2025:09:34:27 -0300] "GET /cormun/static/Shared/jqueryui/images/ui-bg_highlight-soft_100_c6c2c8_1x100.png HTTP/1.1" 404 1117
190.95.67.97 - - [17/Jun/2025:09:34:27 -0300] "GET /cormun/static/Shared/jqueryui/images/ui-icons_82798d_256x240.png HTTP/1.1" 404 1089
190.95.67.97 - - [17/Jun/2025:09:34:27 -0300] "GET /cormun/static/Shared/jqueryui/images/ui-bg_flat_55_994d53_40x100.png HTTP/1.1" 404 1097
190.95.67.97 - - [17/Jun/2025:09:34:27 -0300] "GET /cormun/static/Shared/jqueryui/images/ui-icons_ebccce_256x240.png HTTP/1.1" 404 1089
190.95.67.97 - - [17/Jun/2025:09:34:35 -0300] "GET /cormun/servlet/permisogoce?5f508cb1a286f062b3398689f8c8656e6623ed675b4f5570b8a920548f06086f2e0ebfd4df59b952dce69fcd6410c3d6bd5d96e5de0f3065ddd09bc493343951,gx-no-cache=1750163264030 HTTP/1.1" 200 78
190.95.67.97 - - [17/Jun/2025:09:34:37 -0300] "GET /cormun/static/menuarrow.gif HTTP/1.1" 404 1015
190.95.67.97 - - [17/Jun/2025:09:34:40 -0300] "GET /cormun/servlet/permisogoce?5f508cb1a286f062b3398689f8c8656e33029e43a70295a861ed75771d3086d455aaaad2d7cb1bab98e7281be5bdba50d7ec64645ace5d0530b9b82f159caa84,gx-no-cache=1750163269276 HTTP/1.1" 200 47
190.95.67.97 - - [17/Jun/2025:09:34:43 -0300] "POST /cormun/servlet/permisogoce?8906a01a1eace28d0c983288da9a79d6,INS,0,,,,gx-no-cache=1750163270945 HTTP/1.1" 200 93
190.95.67.97 - - [17/Jun/2025:09:34:43 -0300] "GET /cormun/servlet/hpexe_return? HTTP/1.1" 200 1014
190.95.67.97 - - [17/Jun/2025:09:34:43 -0300] "GET /cormun/static/hpexe_return.js?20221129846037 HTTP/1.1" 200 1633
190.95.67.97 - - [17/Jun/2025:09:34:43 -0300] "GET /cormun/static/gxcfg.js?20221129846035 HTTP/1.1" 200 953
190.95.67.97 - - [17/Jun/2025:09:34:43 -0300] "GET /cormun/servlet/trpermisosgoce HTTP/1.1" 200 15340
190.95.67.97 - - [17/Jun/2025:09:34:45 -0300] "GET /cormun/servlet/apermisogoceprn?10054303,P,20250617083619,PU HTTP/1.1" 200 1653
200.126.116.145 - - [17/Jun/2025:09:36:15 -0300] "POST /cormun/servlet/solicitudot?gx-no-cache=1750163894060 HTTP/1.1" 200 122
200.126.116.145 - - [17/Jun/2025:09:36:24 -0300] "GET /cormun/servlet/solicitudot?226c0e489c5a26e9b2f00ce7a63fc59f7f93c7c58b31ccff9f8aad8278b232117027eeba993946e0b638e5c161dedd34,gx-no-cache=1750163902591 HTTP/1.1" 200 30
200.126.116.145 - - [17/Jun/2025:09:36:24 -0300] "POST /cormun/servlet/solicitudot?gx-no-cache=1750163902612 HTTP/1.1" 200 122
190.95.15.15 - - [17/Jun/2025:09:37:29 -0300] "GET /cormun/servlet/trlicencias? HTTP/1.1" 200 12371
179.57.78.55 - - [17/Jun/2025:09:38:11 -0300] "GET /cormun/servlet/trlicencias? HTTP/1.1" 200 6054
179.57.78.55 - - [17/Jun/2025:09:38:11 -0300] "GET /cormun/servlet/hlogin HTTP/1.1" 200 1738
179.57.78.55 - - [17/Jun/2025:09:38:11 -0300] "GET /cormun/servlet/trlicencias? HTTP/1.1" 200 6048
179.57.78.55 - - [17/Jun/2025:09:38:17 -0300] "POST /cormun/servlet/hlogin?e1f1ec5868f141e546aac10810044876,gx-no-cache=1750164014975 HTTP/1.1" 200 450
179.57.78.55 - - [17/Jun/2025:09:38:20 -0300] "POST /cormun/servlet/hlogin?e1f1ec5868f141e546aac10810044876,gx-no-cache=1750164018477 HTTP/1.1" 200 90
179.57.78.55 - - [17/Jun/2025:09:38:20 -0300] "GET /cormun/servlet/hpexe_link HTTP/1.1" 200 956
179.57.78.55 - - [17/Jun/2025:09:38:20 -0300] "GET /cormun/servlet/trlicencias HTTP/1.1" 200 10354
179.57.78.55 - - [17/Jun/2025:09:38:24 -0300] "GET /cormun/static/menuarrow.gif HTTP/1.1" 404 1015
179.57.78.55 - - [17/Jun/2025:09:38:26 -0300] "POST /cormun/servlet/trlicencias?e1f1ec5868f141e546aac10810044876,gx-no-cache=1750164024663 HTTP/1.1" 200 7753
179.57.78.55 - - [17/Jun/2025:09:38:30 -0300] "POST /cormun/servlet/trlicencias?e1f1ec5868f141e546aac10810044876,gx-no-cache=1750164027848 HTTP/1.1" 200 7753
179.57.78.55 - - [17/Jun/2025:09:38:35 -0300] "POST /cormun/servlet/trlicencias?e1f1ec5868f141e546aac10810044876,gx-no-cache=1750164033279 HTTP/1.1" 200 13628
200.126.116.145 - - [17/Jun/2025:09:40:01 -0300] "POST /cormun/servlet/solicitudot?aa77c92435067f47fd2d0d7ddb88ea4a,INS,0,0,false,,gx-no-cache=1750164120111 HTTP/1.1" 200 13325
200.126.116.145 - - [17/Jun/2025:09:40:42 -0300] "POST /cormun/servlet/solicitudot?gx-no-cache=1750164161137 HTTP/1.1" 200 122
200.126.116.145 - - [17/Jun/2025:09:40:54 -0300] "GET /cormun/servlet/solicitudot?226c0e489c5a26e9b2f00ce7a63fc59f67848d4f588411b533dfcfd6ea5edab1a9bba09790ebe11e59815d738e0c21f0,gx-no-cache=1750164173016 HTTP/1.1" 200 30
200.126.116.145 - - [17/Jun/2025:09:40:54 -0300] "POST /cormun/servlet/solicitudot?gx-no-cache=1750164173040 HTTP/1.1" 200 122
200.126.116.145 - - [17/Jun/2025:09:41:02 -0300] "GET /cormun/servlet/prlicenciaspermisos?12365931,L,,MD,,gxPopupLevel%3D0%3B HTTP/1.1" 200 7274
200.126.116.145 - - [17/Jun/2025:09:41:17 -0300] "GET /cormun/servlet/solicitudot?226c0e489c5a26e9b2f00ce7a63fc59f232bc447a30fb48d5685a9f0a767154432886d533a740162abb2a6fa213bf52f1947759f26ecdda3a816276cd62d46f7f93f68569f32cc640fd6a1a991a338a4a8fa32fccf42d6b992e793b36cb3226679ef5aaa64da8dda01369b163b28c2d2,gx-no-cache=1750164196052 HTTP/1.1" 200 110
200.126.116.145 - - [17/Jun/2025:09:41:19 -0300] "GET /cormun/servlet/solicitudot?226c0e489c5a26e9b2f00ce7a63fc59f232bc447a30fb48d5685a9f0a767154432886d533a740162abb2a6fa213bf52f1947759f26ecdda3a816276cd62d46f7f93f68569f32cc640fd6a1a991a338a4a8fa32fccf42d6b992e793b36cb3226679ef5aaa64da8dda01369b163b28c2d2,gx-no-cache=1750164197986 HTTP/1.1" 200 110
200.126.116.145 - - [17/Jun/2025:09:41:20 -0300] "GET /cormun/servlet/solicitudot?226c0e489c5a26e9b2f00ce7a63fc59f7f93c7c58b31ccff9f8aad8278b23211650c1d7e0c08311da89bb549ad4a6ba2,gx-no-cache=1750164198878 HTTP/1.1" 200 30
200.126.116.145 - - [17/Jun/2025:09:41:20 -0300] "POST /cormun/servlet/solicitudot?gx-no-cache=1750164198902 HTTP/1.1" 200 122
190.95.67.91 - - [17/Jun/2025:09:41:27 -0300] "GET /cormun/servlet/permisogoce?INS,0,,, HTTP/1.1" 200 7146
200.126.116.145 - - [17/Jun/2025:09:41:37 -0300] "POST /cormun/servlet/solicitudot?gx-no-cache=1750164216401 HTTP/1.1" 200 32
200.126.116.145 - - [17/Jun/2025:09:41:41 -0300] "POST /cormun/servlet/solicitudot?aa77c92435067f47fd2d0d7ddb88ea4a,INS,0,0,false,,gx-no-cache=1750164219229 HTTP/1.1" 200 93
200.126.116.145 - - [17/Jun/2025:09:41:41 -0300] "GET /cormun/servlet/hpexe_return? HTTP/1.1" 200 1007
200.126.116.145 - - [17/Jun/2025:09:41:41 -0300] "GET /cormun/servlet/trsolicitudot HTTP/1.1" 200 8972
200.126.116.145 - - [17/Jun/2025:09:41:48 -0300] "POST /cormun/servlet/trsolicitudot?aa77c92435067f47fd2d0d7ddb88ea4a,gx-no-cache=1750164227158 HTTP/1.1" 200 112
200.126.116.145 - - [17/Jun/2025:09:41:48 -0300] "GET /cormun/servlet/solicitudot?UPD,2025,22722,false, HTTP/1.1" 200 16926
200.126.116.145 - - [17/Jun/2025:09:41:49 -0300] "POST /cormun/servlet/solicitudot?gx-no-cache=1750164227971 HTTP/1.1" 200 4126
200.126.116.145 - - [17/Jun/2025:09:41:49 -0300] "POST /cormun/servlet/solicitudot?aa77c92435067f47fd2d0d7ddb88ea4a,UPD,2025,22722,false,,gx-no-cache=1750164228108 HTTP/1.1" 200 13036
200.126.116.145 - - [17/Jun/2025:09:41:49 -0300] "GET /cormun/servlet/solicitudot?226c0e489c5a26e9b2f00ce7a63fc59f24369bb0217e9499415381193824df07087a6c2007df85f4ad3855e4479dc215,gx-no-cache=1750164228236 HTTP/1.1" 200 30
200.126.116.145 - - [17/Jun/2025:09:41:49 -0300] "GET /cormun/servlet/solicitudot?226c0e489c5a26e9b2f00ce7a63fc59fc61bc8e7f9606b8b60a298fa84c3852e835cb6f7f02b85bbaef9b71b82fee7bca2468d0d673d800750f9c9d7da60d403e571fb227453afa016b16f6e9042bb17,gx-no-cache=1750164228253 HTTP/1.1" 200 30
200.126.116.145 - - [17/Jun/2025:09:41:49 -0300] "GET /cormun/servlet/solicitudot?226c0e489c5a26e9b2f00ce7a63fc59f0693d2a28f4346c4599ff89042fef9a024a80344aebf974a07a068105b2ac583,gx-no-cache=1750164228269 HTTP/1.1" 200 45
200.126.116.145 - - [17/Jun/2025:09:41:49 -0300] "POST /cormun/servlet/solicitudot?gx-no-cache=1750164228284 HTTP/1.1" 200 256
200.126.116.145 - - [17/Jun/2025:09:41:49 -0300] "GET /cormun/servlet/solicitudot?226c0e489c5a26e9b2f00ce7a63fc59f9907e49911b77df0b6901705e40164e04f2812265f5306796bcf19e66820c8b32524e02bff59f96e18c76b58c7cb8a3deb5b46db0fe43a81dec84ee334b919a3b126f79690a802313dd8fc3488b2004b5d38b0e84bbd992befcf1678efd77a39045c47de30e5203110a7303fd48efea382173b1a4f0ab4714834e4303372bc5781f197bd91f757be839f3e1320875e69533dcfd8d3ce66e74818e51e5bd09853d1df2501c0f88b412d2b4d25ef05b95b1eb39228e81e3f95172a074d8b86b0750dcc01ca8b3032a7c138ff0457ff8d7093eab76a5d09d537ce49d160205738f75eb23946456d8281e5b42ed9d2d513721dac822278ad617b877efaeeee0fc11ac578bae559442aed33acd987a2a4753719287a24f8e2660df1ccbb8b31c997157328cac369e9beb2e922b21619c73c7e169ac92ee846da21483da51fcb7eb67e370e029f0b6f531a3dba4558106bf033e35486a1a29bb25faf8b8dece58dbefe3d3b3cb1604ecf5fcb7d60756178a86d,gx-no-cache=1750164228310 HTTP/1.1" 200 30
200.126.116.145 - - [17/Jun/2025:09:41:49 -0300] "POST /cormun/servlet/solicitudot?gx-no-cache=1750164228325 HTTP/1.1" 200 30
200.126.116.145 - - [17/Jun/2025:09:41:49 -0300] "POST /cormun/servlet/solicitudot?gx-no-cache=1750164228341 HTTP/1.1" 200 1483
200.126.116.145 - - [17/Jun/2025:09:41:49 -0300] "POST /cormun/servlet/solicitudot?gx-no-cache=1750164228414 HTTP/1.1" 200 41
200.126.116.145 - - [17/Jun/2025:09:41:52 -0300] "GET /cormun/servlet/solicitudot?226c0e489c5a26e9b2f00ce7a63fc59f232bc447a30fb48d5685a9f0a767154432886d533a740162abb2a6fa213bf52f1947759f26ecdda3a816276cd62d46f7f93f68569f32cc640fd6a1a991a338a4a8fa32fccf42d6b992e793b36cb3226679ef5aaa64da8dda01369b163b28c2d2,gx-no-cache=1750164230767 HTTP/1.1" 200 110
200.126.116.145 - - [17/Jun/2025:09:41:52 -0300] "POST /cormun/servlet/solicitudot?gx-no-cache=1750164230789 HTTP/1.1" 200 67
200.126.116.145 - - [17/Jun/2025:09:41:52 -0300] "GET /cormun/servlet/solicitudot?226c0e489c5a26e9b2f00ce7a63fc59f4cafee0f8d3b8a4c4008d9361d8643cf2d81703e32d5239af924264dbd3ca62fae29a5eecf362b71665f380e3ac781bd0cfaf34b7c458348e61ebee2130937bb520efd980ec6dce4fe2079c1ff3e780351691aba5fd6e52c711df1fb46cbf899eb227a400c3fab25ddcbd584c50a9be11d44be77fab61ac54e7d2c3c0183823e7a714c8b2eb42d01ccbf295898cefb22,gx-no-cache=1750164230811 HTTP/1.1" 200 29
200.126.116.145 - - [17/Jun/2025:09:41:52 -0300] "GET /cormun/servlet/solicitudot?226c0e489c5a26e9b2f00ce7a63fc59f7f93c7c58b31ccff9f8aad8278b23211d68861c16ab13cc96b8c2c5b469a55a5,gx-no-cache=1750164230827 HTTP/1.1" 200 30
200.126.116.145 - - [17/Jun/2025:09:41:52 -0300] "POST /cormun/servlet/solicitudot?gx-no-cache=1750164230844 HTTP/1.1" 200 32
201.186.225.193 - - [17/Jun/2025:09:42:03 -0300] "GET /cormun/servlet/licenciaspermisos?DSP,15102853,L,20250522000000, HTTP/1.1" 200 6274
201.186.225.193 - - [17/Jun/2025:09:42:03 -0300] "GET /cormun/servlet/hlogin HTTP/1.1" 200 1764
201.186.225.193 - - [17/Jun/2025:09:42:03 -0300] "GET /cormun/servlet/licenciaspermisos?DSP,15102853,L,20250522000000, HTTP/1.1" 200 6271
190.95.67.91 - - [17/Jun/2025:09:42:39 -0300] "GET /cormun/servlet/permisogoce?d31bd858bce46fbbd89228ad795ab4fb4b5e144386d3e9657a5a6b48554ef744b0594fc0a97749b5a5aa37a0993a5cad838e0fa32b566065bf19963ae2a5a049,gx-no-cache=1750164278858 HTTP/1.1" 200 85
190.95.67.91 - - [17/Jun/2025:09:42:42 -0300] "GET /cormun/static/menuarrow.gif HTTP/1.1" 404 1015
200.126.116.145 - - [17/Jun/2025:09:42:42 -0300] "POST /cormun/servlet/solicitudot?aa77c92435067f47fd2d0d7ddb88ea4a,UPD,2025,22722,false,,gx-no-cache=1750164280973 HTTP/1.1" 200 93
200.126.116.145 - - [17/Jun/2025:09:42:42 -0300] "GET /cormun/servlet/hpexe_return? HTTP/1.1" 200 1012
200.126.116.145 - - [17/Jun/2025:09:42:42 -0300] "GET /cormun/servlet/trsolicitudot HTTP/1.1" 200 8972
190.95.67.91 - - [17/Jun/2025:09:42:48 -0300] "GET /cormun/servlet/permisogoce?d31bd858bce46fbbd89228ad795ab4fb928a335675a80776af9c98c9c7cd8e1ab0a5b5b31c4bf932d3b38a9a9f2f1f7eb7052074aada901e50c18d190f2811a3,gx-no-cache=1750164288010 HTTP/1.1" 200 47
190.95.67.91 - - [17/Jun/2025:09:42:51 -0300] "POST /cormun/servlet/permisogoce?c6afe758f14a389b3449139162801732,INS,0,,,,gx-no-cache=1750164290129 HTTP/1.1" 200 93
190.95.67.91 - - [17/Jun/2025:09:42:51 -0300] "GET /cormun/servlet/hpexe_return? HTTP/1.1" 200 1027
190.95.67.91 - - [17/Jun/2025:09:42:51 -0300] "GET /cormun/servlet/trpermisosgoce?gx-no-cache=1750161985733 HTTP/1.1" 200 19355
200.126.116.145 - - [17/Jun/2025:09:42:52 -0300] "POST /cormun/servlet/trsolicitudot?aa77c92435067f47fd2d0d7ddb88ea4a,gx-no-cache=1750164291318 HTTP/1.1" 200 112
200.126.116.145 - - [17/Jun/2025:09:42:52 -0300] "GET /cormun/servlet/solicitudot?UPD,2025,22722,false, HTTP/1.1" 200 16968
200.126.116.145 - - [17/Jun/2025:09:42:53 -0300] "POST /cormun/servlet/solicitudot?gx-no-cache=1750164292117 HTTP/1.1" 200 4126
200.126.116.145 - - [17/Jun/2025:09:42:53 -0300] "POST /cormun/servlet/solicitudot?aa77c92435067f47fd2d0d7ddb88ea4a,UPD,2025,22722,false,,gx-no-cache=1750164292243 HTTP/1.1" 200 13079
200.126.116.145 - - [17/Jun/2025:09:42:53 -0300] "GET /cormun/servlet/solicitudot?226c0e489c5a26e9b2f00ce7a63fc59f24369bb0217e9499415381193824df07087a6c2007df85f4ad3855e4479dc215,gx-no-cache=1750164292359 HTTP/1.1" 200 30
200.126.116.145 - - [17/Jun/2025:09:42:53 -0300] "GET /cormun/servlet/solicitudot?226c0e489c5a26e9b2f00ce7a63fc59fc61bc8e7f9606b8b60a298fa84c3852e835cb6f7f02b85bbaef9b71b82fee7bca2468d0d673d800750f9c9d7da60d403e571fb227453afa016b16f6e9042bb17,gx-no-cache=1750164292378 HTTP/1.1" 200 30
190.95.67.91 - - [17/Jun/2025:09:42:53 -0300] "GET /cormun/servlet/trpermisosadjuntos?17137328,20250617084327,P, HTTP/1.1" 200 6578
200.126.116.145 - - [17/Jun/2025:09:42:53 -0300] "GET /cormun/servlet/solicitudot?226c0e489c5a26e9b2f00ce7a63fc59f0693d2a28f4346c4599ff89042fef9a024a80344aebf974a07a068105b2ac583,gx-no-cache=1750164292391 HTTP/1.1" 200 45
200.126.116.145 - - [17/Jun/2025:09:42:53 -0300] "POST /cormun/servlet/solicitudot?gx-no-cache=1750164292410 HTTP/1.1" 200 256
200.126.116.145 - - [17/Jun/2025:09:42:53 -0300] "GET /cormun/servlet/solicitudot?226c0e489c5a26e9b2f00ce7a63fc59f9907e49911b77df0b6901705e40164e04f2812265f5306796bcf19e66820c8b32524e02bff59f96e18c76b58c7cb8a3deb5b46db0fe43a81dec84ee334b919a3b126f79690a802313dd8fc3488b2004b5d38b0e84bbd992befcf1678efd77a39045c47de30e5203110a7303fd48efea382173b1a4f0ab4714834e4303372bc5781f197bd91f757be839f3e1320875e69533dcfd8d3ce66e74818e51e5bd09853d1df2501c0f88b412d2b4d25ef05b95b1eb39228e81e3f95172a074d8b86b0750dcc01ca8b3032a7c138ff0457ff8d7093eab76a5d09d537ce49d160205738f75eb23946456d8281e5b42ed9d2d513721dac822278ad617b877efaeeee0fc11ac578bae559442aed33acd987a2a4753719287a24f8e2660df1ccbb8b31c997157328cac369e9beb2e922b21619c73c7e169ac92ee846da21483da51fcb7eb67e370e029f0b6f531a3dba4558106bf033e35486a1a29bb25faf8b8dece58dbefe3d3b3cb1604ecf5fcb7d60756178a86d,gx-no-cache=1750164292432 HTTP/1.1" 200 30
200.126.116.145 - - [17/Jun/2025:09:42:53 -0300] "POST /cormun/servlet/solicitudot?gx-no-cache=1750164292452 HTTP/1.1" 200 30
200.126.116.145 - - [17/Jun/2025:09:42:54 -0300] "POST /cormun/servlet/solicitudot?gx-no-cache=1750164292477 HTTP/1.1" 200 1483
200.126.116.145 - - [17/Jun/2025:09:42:54 -0300] "POST /cormun/servlet/solicitudot?gx-no-cache=1750164292551 HTTP/1.1" 200 41
190.95.67.91 - - [17/Jun/2025:09:42:55 -0300] "GET /cormun/servlet/permisosadjuntos?INS,17137328,P,20250617084327,, HTTP/1.1" 200 5879
190.95.67.91 - - [17/Jun/2025:09:42:55 -0300] "GET /cormun/static/about:blank HTTP/1.1" 404 1011
200.126.116.145 - - [17/Jun/2025:09:42:56 -0300] "GET /cormun/servlet/solicitudot?226c0e489c5a26e9b2f00ce7a63fc59f232bc447a30fb48d5685a9f0a767154432886d533a740162abb2a6fa213bf52f1947759f26ecdda3a816276cd62d46f7f93f68569f32cc640fd6a1a991a338a4a8fa32fccf42d6b992e793b36cb3226679ef5aaa64da8dda01369b163b28c2d2,gx-no-cache=1750164294731 HTTP/1.1" 200 110
190.95.67.91 - - [17/Jun/2025:09:43:05 -0300] "POST /cormun/servlet/permisosadjuntos?c6afe758f14a389b3449139162801732,INS,17137328,P,20250617084327,, HTTP/1.1" 200 116
190.95.67.91 - - [17/Jun/2025:09:43:05 -0300] "GET /cormun/servlet/hpexe_return? HTTP/1.1" 200 1033
190.95.67.91 - - [17/Jun/2025:09:43:06 -0300] "GET /cormun/servlet/trpermisosadjuntos?17137328,20250617084327,P, HTTP/1.1" 200 7073
190.95.67.91 - - [17/Jun/2025:09:43:08 -0300] "POST /cormun/servlet/trpermisosadjuntos?c6afe758f14a389b3449139162801732,17137328,20250617084327,P,,gx-no-cache=1750164307496 HTTP/1.1" 200 90
190.95.67.91 - - [17/Jun/2025:09:43:08 -0300] "GET /cormun/servlet/hpexe_link HTTP/1.1" 200 999
190.95.67.91 - - [17/Jun/2025:09:43:08 -0300] "GET /cormun/servlet/trpermisosgoce?gx-no-cache=1750161985733 HTTP/1.1" 200 19352
190.95.67.91 - - [17/Jun/2025:09:43:12 -0300] "POST /cormun/servlet/trpermisosgoce?c6afe758f14a389b3449139162801732,gx-no-cache=1750161985733,gx-no-cache=1750164311411 HTTP/1.1" 200 16681
190.95.67.91 - - [17/Jun/2025:09:43:12 -0300] "GET /cormun/static/Shared/jqueryui/images/ui-bg_highlight-soft_100_c6c2c8_1x100.png HTTP/1.1" 404 1117
190.95.67.91 - - [17/Jun/2025:09:43:12 -0300] "GET /cormun/static/Shared/jqueryui/images/ui-bg_flat_55_fafafa_40x100.png HTTP/1.1" 404 1097
190.95.67.91 - - [17/Jun/2025:09:43:12 -0300] "GET /cormun/static/Shared/jqueryui/images/ui-icons_8d78a5_256x240.png HTTP/1.1" 404 1089
190.95.67.91 - - [17/Jun/2025:09:43:12 -0300] "GET /cormun/static/Shared/jqueryui/images/ui-icons_82798d_256x240.png HTTP/1.1" 404 1089
200.126.116.145 - - [17/Jun/2025:09:43:14 -0300] "POST /cormun/servlet/solicitudot?gx-no-cache=1750164313166 HTTP/1.1" 200 105
200.126.116.145 - - [17/Jun/2025:09:43:20 -0300] "GET /cormun/servlet/solicitudot?226c0e489c5a26e9b2f00ce7a63fc59f4cafee0f8d3b8a4c4008d9361d8643cf2d81703e32d5239af924264dbd3ca62fae29a5eecf362b71665f380e3ac781bd0cfaf34b7c458348e61ebee2130937bb520efd980ec6dce4fe2079c1ff3e780351691aba5fd6e52c711df1fb46cbf899eb227a400c3fab25ddcbd584c50a9be11d44be77fab61ac54e7d2c3c0183823e7a714c8b2eb42d01ccbf295898cefb22,gx-no-cache=1750164319076 HTTP/1.1" 200 29
200.126.116.145 - - [17/Jun/2025:09:43:20 -0300] "GET /cormun/servlet/solicitudot?226c0e489c5a26e9b2f00ce7a63fc59f7f93c7c58b31ccff9f8aad8278b23211d68861c16ab13cc96b8c2c5b469a55a5,gx-no-cache=1750164319091 HTTP/1.1" 200 30
