190.121.111.10 - - [16/Jun/2025:11:04:38 -0300] "GET /cormun/static/PXToolsJavascripts/pexe_oavdivfix.js HTTP/1.1" 200 639
190.121.111.10 - - [16/Jun/2025:11:04:38 -0300] "GET /cormun/static/PXToolsJavascripts/pexe_scrolldiv.js HTTP/1.1" 200 4138
190.121.111.10 - - [16/Jun/2025:11:04:38 -0300] "GET /cormun/static/PXToolsJavascripts/pexe_picture.js HTTP/1.1" 200 689
190.121.111.10 - - [16/Jun/2025:11:04:38 -0300] "GET /cormun/static/PXToolsJavascripts/pexe_popup.js HTTP/1.1" 200 15149
190.121.111.10 - - [16/Jun/2025:11:04:38 -0300] "GET /cormun/static/PXToolsJavascripts/pexe_tabdivfix.js HTTP/1.1" 200 898
190.121.111.10 - - [16/Jun/2025:11:04:38 -0300] "GET /cormun/static/PXToolsJavascripts/pexe_tabs.js HTTP/1.1" 200 3748
190.121.111.10 - - [16/Jun/2025:11:04:38 -0300] "GET /cormun/static/PXToolsJavascripts/pexe_upload.js HTTP/1.1" 200 1423
190.121.111.10 - - [16/Jun/2025:11:04:38 -0300] "GET /cormun/static/PXToolsJavascripts/PXToolsJavascriptsRender.js HTTP/1.1" 200 367
190.121.111.10 - - [16/Jun/2025:11:04:38 -0300] "GET /cormun/static/Resources/CormunMP2.png HTTP/1.1" 200 6878
190.121.111.10 - - [16/Jun/2025:11:04:38 -0300] "GET /cormun/static/Resources/ImgHome.png HTTP/1.1" 200 1364
190.121.111.10 - - [16/Jun/2025:11:04:38 -0300] "GET /cormun/static/Resources/ImgLogin.png HTTP/1.1" 200 1432
190.121.111.10 - - [16/Jun/2025:11:04:38 -0300] "GET /cormun/static/RunJS/RunJS.js HTTP/1.1" 200 288
190.121.111.10 - - [16/Jun/2025:11:04:38 -0300] "GET /cormun/static/Resources/Llave.png HTTP/1.1" 200 1395
190.121.111.10 - - [16/Jun/2025:11:04:38 -0300] "GET /cormun/static/Shared/ext/locale/ext-lang-en.js HTTP/1.1" 200 10940
190.121.111.10 - - [16/Jun/2025:11:04:38 -0300] "GET /cormun/static/Resources/PXToolsDataTitle.png HTTP/1.1" 200 1173
190.121.111.10 - - [16/Jun/2025:11:04:38 -0300] "GET /cormun/static/hwchdr01.js?2022112219251119 HTTP/1.1" 200 996
190.121.111.10 - - [16/Jun/2025:11:04:38 -0300] "GET /cormun/static/hhome.js?20201215495544 HTTP/1.1" 200 777
190.121.111.10 - - [16/Jun/2025:11:04:38 -0300] "GET /cormun/static/gxui/gxui-all.js HTTP/1.1" 200 107772
190.121.111.10 - - [16/Jun/2025:11:04:38 -0300] "GET /cormun/static/hpexe_recentlink.js?20201214471090 HTTP/1.1" 200 2144
190.121.111.10 - - [16/Jun/2025:11:04:38 -0300] "GET /cormun/static/hpexe_scripts.js?20201214471411 HTTP/1.1" 200 1544
190.121.111.10 - - [16/Jun/2025:11:04:38 -0300] "GET /cormun/static/hpexe_messagecontroller.js?202211298371222 HTTP/1.1" 200 870
190.121.111.10 - - [16/Jun/2025:11:04:38 -0300] "GET /cormun/static/hpexe_messagepopupcomponent.js?2020121447232 HTTP/1.1" 200 605
190.121.111.10 - - [16/Jun/2025:11:04:38 -0300] "GET /cormun/static/hpexe_messagegenexuscomponent.js?20221129836373 HTTP/1.1" 200 587
190.121.111.10 - - [16/Jun/2025:11:04:38 -0300] "GET /cormun/static/cmcontrolpreferences.js?20199141926336 HTTP/1.1" 200 1375
190.121.111.10 - - [16/Jun/2025:11:04:38 -0300] "GET /cormun/static/SmoothNavMenu/resources/ddsmoothmenu.js HTTP/1.1" 200 12712
190.121.111.10 - - [16/Jun/2025:11:04:38 -0300] "GET /cormun/static/SmoothNavMenu/resources/SmoothNavMenuRender.js HTTP/1.1" 200 5951
190.121.111.10 - - [16/Jun/2025:11:04:38 -0300] "GET /cormun/static/scaMessage/js/jquery.pnotify.min.js HTTP/1.1" 200 13038
190.121.111.10 - - [16/Jun/2025:11:04:38 -0300] "GET /cormun/static/scaMessage/scaMessageRender.js HTTP/1.1" 200 11977
190.121.111.10 - - [16/Jun/2025:11:04:39 -0300] "GET /cormun/static/Shared/jquery/jquery-1.4.2.min.js HTTP/1.1" 200 72174
190.121.111.10 - - [16/Jun/2025:11:04:39 -0300] "GET /cormun/static/hmpwkw03.js?20221129844354 HTTP/1.1" 200 3971
190.121.111.10 - - [16/Jun/2025:11:04:39 -0300] "GET /cormun/static/Shared/jquery/jquery-1.10.2.min.js HTTP/1.1" 200 273199
190.121.111.10 - - [16/Jun/2025:11:04:39 -0300] "GET /cormun/static/Shared/jqueryui/jquery-ui.min.js HTTP/1.1" 200 240427
190.121.111.10 - - [16/Jun/2025:11:04:39 -0300] "GET /cormun/static/Shared/ext/ext-all.js HTTP/1.1" 200 1289687
190.121.111.10 - - [16/Jun/2025:11:04:39 -0300] "GET /cormun/static/SmoothNavMenu/resources/images/down.gif HTTP/1.1" 200 854
190.121.111.10 - - [16/Jun/2025:11:04:39 -0300] "GET /cormun/static/SmoothNavMenu/resources/images/right.gif HTTP/1.1" 200 860
190.121.111.10 - - [16/Jun/2025:11:04:43 -0300] "GET /cormun/servlet/trsystemobject01? HTTP/1.1" 200 7717
190.121.111.10 - - [16/Jun/2025:11:04:44 -0300] "GET /cormun/static/gxui/gxui-all.css?120300 HTTP/1.1" 200 2179
190.121.111.10 - - [16/Jun/2025:11:04:44 -0300] "GET /cormun/static/trsystemobject01.js?2020121555541 HTTP/1.1" 200 13926
190.121.111.10 - - [16/Jun/2025:11:04:44 -0300] "GET /cormun/static/gxcfg.js?20201215554199 HTTP/1.1" 200 953
190.121.111.10 - - [16/Jun/2025:11:04:44 -0300] "GET /cormun/static/Shared/ext/resources/css/ext-all.css?215870 HTTP/1.1" 200 416045
190.121.111.10 - - [16/Jun/2025:11:04:44 -0300] "GET /cormun/static/Shared/ext/resources/themes/images/default/tools/tool-sprites.gif HTTP/1.1" 200 5434
190.121.111.10 - - [16/Jun/2025:11:04:44 -0300] "GET /cormun/static/Shared/ext/resources/themes/images/default/panel/bg-headersPanel.png HTTP/1.1" 200 255
190.121.111.10 - - [16/Jun/2025:11:04:52 -0300] "GET /cormun/servlet/trauditlogspanish? HTTP/1.1" 200 7938
190.121.111.10 - - [16/Jun/2025:11:04:52 -0300] "GET /cormun/static/calendar-system.css?85620 HTTP/1.1" 200 5572
190.121.111.10 - - [16/Jun/2025:11:04:52 -0300] "GET /cormun/static/calendar.js?85251 HTTP/1.1" 200 26246
190.121.111.10 - - [16/Jun/2025:11:04:52 -0300] "GET /cormun/static/Resources/PXTools/calendar.png HTTP/1.1" 200 1306
190.121.111.10 - - [16/Jun/2025:11:04:52 -0300] "GET /cormun/static/gxcfg.js?2020121553095 HTTP/1.1" 200 953
190.121.111.10 - - [16/Jun/2025:11:04:52 -0300] "GET /cormun/static/calendar-setup.js?85251 HTTP/1.1" 200 2588
190.121.111.10 - - [16/Jun/2025:11:04:52 -0300] "GET /cormun/static/calendar-es.js?85251 HTTP/1.1" 200 1901
190.121.111.10 - - [16/Jun/2025:11:04:52 -0300] "GET /cormun/static/trauditlogspanish.js?20201215532457 HTTP/1.1" 200 39863
190.121.111.10 - - [16/Jun/2025:11:05:00 -0300] "GET /cormun/servlet/trestablecimiento? HTTP/1.1" 200 7063
190.121.111.10 - - [16/Jun/2025:11:05:19 -0300] "GET /cormun/servlet/trfunciones? HTTP/1.1" 200 11076
190.121.111.10 - - [16/Jun/2025:11:05:19 -0300] "GET /cormun/static/gxui/gxui-all.css?110300 HTTP/1.1" 200 2179
190.121.111.10 - - [16/Jun/2025:11:05:19 -0300] "GET /cormun/static/gxcfg.js?201991422565231 HTTP/1.1" 200 953
190.121.111.10 - - [16/Jun/2025:11:05:19 -0300] "GET /cormun/static/trfunciones.js?201991422565542 HTTP/1.1" 200 17870
190.121.111.10 - - [16/Jun/2025:11:05:19 -0300] "GET /cormun/static/Resources/Spanish/PXTools.css?2294816 HTTP/1.1" 200 100853
190.121.111.10 - - [16/Jun/2025:11:05:19 -0300] "GET /cormun/static/Shared/ext/resources/css/ext-all.css?205870 HTTP/1.1" 200 416045
190.121.111.10 - - [16/Jun/2025:11:05:30 -0300] "GET /cormun/servlet/trcargahorariagral? HTTP/1.1" 200 10586
190.121.111.10 - - [16/Jun/2025:11:05:30 -0300] "GET /cormun/static/gxcfg.js?20201216275689 HTTP/1.1" 200 953
190.121.111.10 - - [16/Jun/2025:11:05:30 -0300] "GET /cormun/static/trcargahorariagral.js?2020121628972 HTTP/1.1" 200 19897
190.121.111.10 - - [16/Jun/2025:11:05:31 -0300] "POST /cormun/servlet/acontrolpreferencessavestate?None,INFORMATICA,true HTTP/1.1" 200 35
190.121.111.10 - - [16/Jun/2025:11:05:43 -0300] "GET /cormun/servlet/trformatos? HTTP/1.1" 200 7127
190.121.111.10 - - [16/Jun/2025:11:05:43 -0300] "GET /cormun/static/gxcfg.js?20201215583523 HTTP/1.1" 200 953
190.121.111.10 - - [16/Jun/2025:11:05:43 -0300] "GET /cormun/static/trformatos.js?2020121558386 HTTP/1.1" 200 13291
190.121.111.10 - - [16/Jun/2025:11:05:49 -0300] "GET /cormun/servlet/trfunciones? HTTP/1.1" 200 11082
190.121.111.10 - - [16/Jun/2025:11:06:31 -0300] "GET /cormun/servlet/trsecurityrole? HTTP/1.1" 200 10532
190.121.111.10 - - [16/Jun/2025:11:06:32 -0300] "GET /cormun/static/gxcfg.js?202012155576 HTTP/1.1" 200 953
190.121.111.10 - - [16/Jun/2025:11:06:32 -0300] "GET /cormun/static/trsecurityrole.js?20201215552064 HTTP/1.1" 200 15963
190.95.1.185 - - [16/Jun/2025:11:08:24 -0300] "GET /cormun/servlet/hlogin HTTP/1.1" 200 1721
190.95.1.185 - - [16/Jun/2025:11:08:27 -0300] "POST /cormun/servlet/hlogin?49f9740bda4ed999363999bf2614a9b6,gx-no-cache=1750083027446 HTTP/1.1" 200 90
190.95.1.185 - - [16/Jun/2025:11:08:27 -0300] "GET /cormun/servlet/hpexe_link HTTP/1.1" 200 952
190.95.1.185 - - [16/Jun/2025:11:08:27 -0300] "GET /cormun/servlet/hhome HTTP/1.1" 200 4478
190.95.1.185 - - [16/Jun/2025:11:08:31 -0300] "GET /cormun/servlet/trpermisosgoce? HTTP/1.1" 200 11913
190.95.1.185 - - [16/Jun/2025:11:08:32 -0300] "GET /cormun/servlet/trlicencias? HTTP/1.1" 200 13165
192.168.10.19 - - [16/Jun/2025:11:17:26 -0300] "POST /cormun/servlet/trsolicitudgral?7ce2cefc0573a6caaee268dc1260489b,,gx-no-cache=1750083567614 HTTP/1.1" 200 5276
190.121.111.10 - - [16/Jun/2025:11:19:09 -0300] "GET /cormun/servlet/securityroles?INS,0, HTTP/1.1" 200 6220
190.121.111.10 - - [16/Jun/2025:11:19:13 -0300] "GET /cormun/servlet/securityroles?e3349e5e824ecdffa93d8b729bae3717bbbc617e5afc313000e825bacc8bbe492077046d9fb6b206ba3a416b843cf1af,gx-no-cache=1750083674830 HTTP/1.1" 200 29
190.121.111.10 - - [16/Jun/2025:11:19:24 -0300] "GET /cormun/servlet/securityroles?e3349e5e824ecdffa93d8b729bae37179b654a4d7c6fe591bf8e1a87d485feffe4932825e89701fef6563c02efc2964fb9c5e71596479646c894c225dd6606a6,gx-no-cache=1750083685125 HTTP/1.1" 200 47
190.121.111.10 - - [16/Jun/2025:11:19:37 -0300] "POST /cormun/servlet/securityroles?a6648d2a60676199bf6eb83de3c67d4e,INS,0,,gx-no-cache=1750083698086 HTTP/1.1" 200 93
190.121.111.10 - - [16/Jun/2025:11:19:37 -0300] "GET /cormun/servlet/hpexe_return? HTTP/1.1" 200 1005
190.121.111.10 - - [16/Jun/2025:11:19:37 -0300] "GET /cormun/static/gxcfg.js?20221129846035 HTTP/1.1" 200 953
190.121.111.10 - - [16/Jun/2025:11:19:37 -0300] "GET /cormun/static/hpexe_return.js?20221129846037 HTTP/1.1" 200 1633
190.121.111.10 - - [16/Jun/2025:11:19:37 -0300] "GET /cormun/servlet/trsecurityrole HTTP/1.1" 200 10536
190.121.111.10 - - [16/Jun/2025:11:19:42 -0300] "GET /cormun/servlet/securityroles?UPD,3813, HTTP/1.1" 200 6282
190.121.111.10 - - [16/Jun/2025:11:19:45 -0300] "POST /cormun/servlet/securityroles?a6648d2a60676199bf6eb83de3c67d4e,UPD,3813,,gx-no-cache=1750083706799 HTTP/1.1" 200 93
190.121.111.10 - - [16/Jun/2025:11:19:45 -0300] "GET /cormun/servlet/hpexe_return? HTTP/1.1" 200 1008
190.121.111.10 - - [16/Jun/2025:11:19:46 -0300] "GET /cormun/servlet/trsecurityrole HTTP/1.1" 200 10536
190.121.111.10 - - [16/Jun/2025:11:19:49 -0300] "GET /cormun/servlet/securityroles?UPD,700, HTTP/1.1" 200 6282
190.121.111.10 - - [16/Jun/2025:11:19:52 -0300] "POST /cormun/servlet/securityroles?a6648d2a60676199bf6eb83de3c67d4e,UPD,700,,gx-no-cache=1750083713694 HTTP/1.1" 200 93
190.121.111.10 - - [16/Jun/2025:11:19:52 -0300] "GET /cormun/servlet/hpexe_return? HTTP/1.1" 200 1008
190.121.111.10 - - [16/Jun/2025:11:19:52 -0300] "GET /cormun/servlet/trsecurityrole HTTP/1.1" 200 10536
190.121.111.10 - - [16/Jun/2025:11:19:56 -0300] "GET /cormun/servlet/securityroles?UPD,1200, HTTP/1.1" 200 6293
190.121.111.10 - - [16/Jun/2025:11:19:58 -0300] "POST /cormun/servlet/securityroles?a6648d2a60676199bf6eb83de3c67d4e,UPD,1200,,gx-no-cache=1750083719807 HTTP/1.1" 200 93
190.121.111.10 - - [16/Jun/2025:11:19:58 -0300] "GET /cormun/servlet/hpexe_return? HTTP/1.1" 200 1008
190.121.111.10 - - [16/Jun/2025:11:19:59 -0300] "GET /cormun/servlet/trsecurityrole HTTP/1.1" 200 10536
190.121.111.10 - - [16/Jun/2025:11:20:01 -0300] "GET /cormun/servlet/securityroles?UPD,3806, HTTP/1.1" 200 6286
190.121.111.10 - - [16/Jun/2025:11:20:03 -0300] "POST /cormun/servlet/securityroles?a6648d2a60676199bf6eb83de3c67d4e,UPD,3806,,gx-no-cache=1750083724446 HTTP/1.1" 200 93
190.121.111.10 - - [16/Jun/2025:11:20:03 -0300] "GET /cormun/servlet/hpexe_return? HTTP/1.1" 200 1008
190.121.111.10 - - [16/Jun/2025:11:20:03 -0300] "GET /cormun/servlet/trsecurityrole HTTP/1.1" 200 10536
190.121.111.10 - - [16/Jun/2025:11:20:14 -0300] "GET /cormun/servlet/securityroles?INS,0, HTTP/1.1" 200 6218
190.121.111.10 - - [16/Jun/2025:11:20:20 -0300] "GET /cormun/servlet/securityroles?e3349e5e824ecdffa93d8b729bae37179b654a4d7c6fe591bf8e1a87d485feffe4932825e89701fef6563c02efc2964fe2f9d2fe61b9dcb75f0cb50bf2e5c65a,gx-no-cache=1750083741620 HTTP/1.1" 200 47
190.121.111.10 - - [16/Jun/2025:11:21:23 -0300] "POST /cormun/servlet/securityroles?a6648d2a60676199bf6eb83de3c67d4e,INS,0,,gx-no-cache=1750083804069 HTTP/1.1" 200 4222
190.121.111.10 - - [16/Jun/2025:11:21:23 -0300] "GET /cormun/static/Shared/jqueryui/images/ui-bg_highlight-soft_100_c6c2c8_1x100.png HTTP/1.1" 404 1117
190.121.111.10 - - [16/Jun/2025:11:21:23 -0300] "GET /cormun/static/Shared/jqueryui/images/ui-icons_82798d_256x240.png HTTP/1.1" 404 1089
190.121.111.10 - - [16/Jun/2025:11:21:23 -0300] "GET /cormun/static/Shared/jqueryui/images/ui-bg_flat_55_994d53_40x100.png HTTP/1.1" 404 1097
190.121.111.10 - - [16/Jun/2025:11:21:23 -0300] "GET /cormun/static/Shared/jqueryui/images/ui-icons_ebccce_256x240.png HTTP/1.1" 404 1089
190.121.111.10 - - [16/Jun/2025:11:21:28 -0300] "POST /cormun/servlet/securityroles?a6648d2a60676199bf6eb83de3c67d4e,INS,0,,gx-no-cache=1750083809102 HTTP/1.1" 200 4221
190.121.111.10 - - [16/Jun/2025:11:21:32 -0300] "POST /cormun/servlet/securityroles?a6648d2a60676199bf6eb83de3c67d4e,INS,0,,gx-no-cache=1750083813373 HTTP/1.1" 200 4220
190.121.111.10 - - [16/Jun/2025:11:21:36 -0300] "POST /cormun/servlet/securityroles?a6648d2a60676199bf6eb83de3c67d4e,INS,0,,gx-no-cache=1750083817717 HTTP/1.1" 200 93
190.121.111.10 - - [16/Jun/2025:11:21:36 -0300] "GET /cormun/servlet/hpexe_return? HTTP/1.1" 200 1005
190.121.111.10 - - [16/Jun/2025:11:21:37 -0300] "GET /cormun/servlet/trsecurityrole HTTP/1.1" 200 10535
190.121.111.10 - - [16/Jun/2025:11:21:51 -0300] "GET /cormun/servlet/trsecurityuser01? HTTP/1.1" 200 12117
190.121.111.10 - - [16/Jun/2025:11:21:51 -0300] "GET /cormun/static/gxcfg.js?201991419585080 HTTP/1.1" 200 953
190.121.111.10 - - [16/Jun/2025:11:21:51 -0300] "GET /cormun/static/trsecurityuser01.js?201991419585536 HTTP/1.1" 200 19557
190.121.111.10 - - [16/Jun/2025:11:21:51 -0300] "GET /cormun/static/Resources/Spanish/PXTools.css?19172979 HTTP/1.1" 200 100853
190.121.111.10 - - [16/Jun/2025:11:21:55 -0300] "GET /cormun/servlet/securityusers?INS,0, HTTP/1.1" 200 7669
190.121.111.10 - - [16/Jun/2025:11:21:55 -0300] "GET /cormun/static/securityusers.js?2020121501060 HTTP/1.1" 200 21447
190.121.111.10 - - [16/Jun/2025:11:21:55 -0300] "GET /cormun/static/gxcfg.js?202012150861 HTTP/1.1" 200 953
129.222.173.48 - - [16/Jun/2025:11:22:29 -0300] "GET /cormun/servlet/trpermisosgoce? HTTP/1.1" 200 6033
129.222.173.48 - - [16/Jun/2025:11:22:30 -0300] "GET /cormun/servlet/hlogin HTTP/1.1" 200 1741
129.222.173.48 - - [16/Jun/2025:11:22:33 -0300] "POST /cormun/servlet/hlogin?b54248c43a750f1a9c9a79803508b9ef,gx-no-cache=1750083873320 HTTP/1.1" 200 90
129.222.173.48 - - [16/Jun/2025:11:22:33 -0300] "GET /cormun/servlet/hpexe_link HTTP/1.1" 200 960
129.222.173.48 - - [16/Jun/2025:11:22:33 -0300] "GET /cormun/servlet/trpermisosgoce HTTP/1.1" 200 8748
190.121.111.10 - - [16/Jun/2025:11:22:35 -0300] "GET /cormun/servlet/trfunciones? HTTP/1.1" 200 11089
129.222.173.48 - - [16/Jun/2025:11:22:37 -0300] "GET /cormun/servlet/trpermisosgoce? HTTP/1.1" 200 8747
190.121.111.10 - - [16/Jun/2025:11:22:39 -0300] "GET /cormun/servlet/trestablecimiento? HTTP/1.1" 200 7068
129.222.173.48 - - [16/Jun/2025:11:22:42 -0300] "GET /cormun/servlet/permisogoce?INS,0,,, HTTP/1.1" 200 6817
129.222.173.48 - - [16/Jun/2025:11:22:42 -0300] "GET /cormun/static/gxcfg.js?20201215124560 HTTP/1.1" 200 953
129.222.173.48 - - [16/Jun/2025:11:22:42 -0300] "GET /cormun/static/permisogoce.js?20201215124939 HTTP/1.1" 200 27790
190.121.111.10 - - [16/Jun/2025:11:22:46 -0300] "GET /cormun/servlet/trbonoreemplazogral? HTTP/1.1" 500 10
190.121.111.10 - - [16/Jun/2025:11:22:49 -0300] "GET /cormun/servlet/trestablecimiento? HTTP/1.1" 200 7068
190.121.111.10 - - [16/Jun/2025:11:22:51 -0300] "GET /cormun/servlet/trsecurityrole? HTTP/1.1" 200 10531
179.57.78.71 - - [16/Jun/2025:11:22:55 -0300] "GET /cormun/servlet/hhome HTTP/1.1" 200 3326
179.57.78.71 - - [16/Jun/2025:11:22:55 -0300] "GET /cormun/servlet/hlogin HTTP/1.1" 200 1737
179.57.78.71 - - [16/Jun/2025:11:22:59 -0300] "POST /cormun/servlet/hlogin?ee7c5b72d45aafca1f46be253d60a4bc,gx-no-cache=1750083899349 HTTP/1.1" 200 90
179.57.78.71 - - [16/Jun/2025:11:22:59 -0300] "GET /cormun/servlet/hpexe_link HTTP/1.1" 200 955
179.57.78.71 - - [16/Jun/2025:11:23:00 -0300] "GET /cormun/servlet/hhome HTTP/1.1" 200 4262
179.57.78.71 - - [16/Jun/2025:11:23:02 -0300] "GET /cormun/servlet/trlicencias? HTTP/1.1" 200 12436
190.121.111.10 - - [16/Jun/2025:11:23:02 -0300] "GET /cormun/servlet/securityroles?INS,0, HTTP/1.1" 200 6220
190.121.111.10 - - [16/Jun/2025:11:23:10 -0300] "GET /cormun/servlet/securityroles?e3349e5e824ecdffa93d8b729bae3717a788333bccf0fea41fe2c07fcada069e055354bcb0c4b7f1e1f7690cc38df6d6a37a4fddb074c661d1afdb7ee918eb34,gx-no-cache=1750083911278 HTTP/1.1" 200 39
179.57.78.71 - - [16/Jun/2025:11:23:28 -0300] "GET /cormun/static/menuarrow.gif HTTP/1.1" 404 1015
190.121.111.10 - - [16/Jun/2025:11:23:31 -0300] "POST /cormun/servlet/securityroles?a6648d2a60676199bf6eb83de3c67d4e,INS,0,,gx-no-cache=1750083932064 HTTP/1.1" 200 93
190.121.111.10 - - [16/Jun/2025:11:23:31 -0300] "GET /cormun/servlet/hpexe_return? HTTP/1.1" 200 1005
190.121.111.10 - - [16/Jun/2025:11:23:31 -0300] "GET /cormun/servlet/trsecurityrole HTTP/1.1" 200 10540
179.57.78.71 - - [16/Jun/2025:11:23:37 -0300] "POST /cormun/servlet/trlicencias?ee7c5b72d45aafca1f46be253d60a4bc,,gx-no-cache=1750083936631 HTTP/1.1" 200 18328
179.57.78.71 - - [16/Jun/2025:11:23:37 -0300] "GET /cormun/static/Resources/PXToolsGridNext.gif HTTP/1.1" 200 369
179.57.78.71 - - [16/Jun/2025:11:23:37 -0300] "GET /cormun/static/Resources/PXToolsGridLast.gif HTTP/1.1" 200 370
179.57.78.71 - - [16/Jun/2025:11:23:40 -0300] "POST /cormun/servlet/trlicencias?ee7c5b72d45aafca1f46be253d60a4bc,,gx-no-cache=1750083939375 HTTP/1.1" 200 101
179.57.78.71 - - [16/Jun/2025:11:23:40 -0300] "GET /cormun/Licencias-6172.xls HTTP/1.1" 200 21504
129.222.173.48 - - [16/Jun/2025:11:24:09 -0300] "GET /cormun/servlet/permisogoce?b937f9f2dd53df0293a379f529f607a8f464aa2d3cc20c2cc52043b05fd655ae2cdc0a9ef0246ebf9176b391a5457342424d9bdf63ca7cdaa66baa13b967596a,gx-no-cache=1750083969696 HTTP/1.1" 200 77
129.222.173.48 - - [16/Jun/2025:11:24:11 -0300] "GET /cormun/static/menuarrow.gif HTTP/1.1" 404 1015
190.121.111.10 - - [16/Jun/2025:11:24:12 -0300] "GET /cormun/servlet/securityroles?INS,0, HTTP/1.1" 200 6218
129.222.173.48 - - [16/Jun/2025:11:24:22 -0300] "GET /cormun/servlet/permisogoce?b937f9f2dd53df0293a379f529f607a8d89079bbaf1bbf7487e0ae262c2993793aed76768c8f4f60be049f492b2a584d2ed1e9ce4f678630d81d2b4c29977d56,gx-no-cache=1750083982113 HTTP/1.1" 200 47
129.222.173.48 - - [16/Jun/2025:11:24:24 -0300] "POST /cormun/servlet/permisogoce?b54248c43a750f1a9c9a79803508b9ef,INS,0,,,,gx-no-cache=1750083984281 HTTP/1.1" 200 93
129.222.173.48 - - [16/Jun/2025:11:24:24 -0300] "GET /cormun/servlet/hpexe_return? HTTP/1.1" 200 1014
129.222.173.48 - - [16/Jun/2025:11:24:25 -0300] "GET /cormun/servlet/trpermisosgoce HTTP/1.1" 200 8967
129.222.173.48 - - [16/Jun/2025:11:24:29 -0300] "GET /cormun/servlet/permisogoce?INS,0,,, HTTP/1.1" 200 6817
190.121.111.10 - - [16/Jun/2025:11:24:34 -0300] "GET /cormun/servlet/securityroles?e3349e5e824ecdffa93d8b729bae3717dd9d4fc342da9df00794cbe27a1e8cecb28c5ae6e9cde880acea8c3c3e97b9f0bc818e984d9c1fb3768f301c768650fc60e4e1dd7d52df2cf87d70750fc7e9e3,gx-no-cache=1750083995340 HTTP/1.1" 200 58
201.186.225.191 - - [16/Jun/2025:11:24:49 -0300] "GET /cormun/servlet/hlogin HTTP/1.1" 200 1718
129.222.173.48 - - [16/Jun/2025:11:24:53 -0300] "GET /cormun/servlet/permisogoce?b937f9f2dd53df0293a379f529f607a844fc21487cfc988a4db3c4fc0654391d2cdc0a9ef0246ebf9176b391a5457342424d9bdf63ca7cdaa66baa13b967596a,gx-no-cache=1750084012888 HTTP/1.1" 200 82
201.186.225.191 - - [16/Jun/2025:11:25:00 -0300] "POST /cormun/servlet/hlogin?c4c062ca9b3f07a5363e96873fc18876,gx-no-cache=1750084018936 HTTP/1.1" 200 90
201.186.225.191 - - [16/Jun/2025:11:25:00 -0300] "GET /cormun/servlet/hpexe_link HTTP/1.1" 200 945
201.186.225.191 - - [16/Jun/2025:11:25:00 -0300] "GET /cormun/servlet/hhome HTTP/1.1" 200 4183
129.222.173.48 - - [16/Jun/2025:11:25:03 -0300] "GET /cormun/servlet/permisogoce?b937f9f2dd53df0293a379f529f607a8334d045370b2ffb658dc0983607be4693af3f63dc7a4171684a234663c3f3c122ed1e9ce4f678630d81d2b4c29977d56,gx-no-cache=1750084023405 HTTP/1.1" 200 46
129.222.173.48 - - [16/Jun/2025:11:25:05 -0300] "POST /cormun/servlet/permisogoce?b54248c43a750f1a9c9a79803508b9ef,INS,0,,,,gx-no-cache=1750084025184 HTTP/1.1" 200 93
129.222.173.48 - - [16/Jun/2025:11:25:05 -0300] "GET /cormun/servlet/hpexe_return? HTTP/1.1" 200 1014
129.222.173.48 - - [16/Jun/2025:11:25:06 -0300] "GET /cormun/servlet/trpermisosgoce HTTP/1.1" 200 9182
129.222.173.48 - - [16/Jun/2025:11:25:09 -0300] "GET /cormun/servlet/permisogoce?INS,0,,, HTTP/1.1" 200 6817
129.222.173.48 - - [16/Jun/2025:11:25:30 -0300] "GET /cormun/servlet/permisogoce?b937f9f2dd53df0293a379f529f607a844fc21487cfc988a4db3c4fc0654391d2cdc0a9ef0246ebf9176b391a5457342424d9bdf63ca7cdaa66baa13b967596a,gx-no-cache=1750084050646 HTTP/1.1" 200 84
190.121.111.10 - - [16/Jun/2025:11:25:37 -0300] "GET /cormun/servlet/securityroles?e3349e5e824ecdffa93d8b729bae3717dd9d4fc342da9df00794cbe27a1e8cec3258b4098b6466305ac6fe29900af408bc818e984d9c1fb3768f301c768650fc60e4e1dd7d52df2cf87d70750fc7e9e3,gx-no-cache=1750084058756 HTTP/1.1" 200 58
190.121.111.10 - - [16/Jun/2025:11:25:38 -0300] "POST /cormun/servlet/securityroles?a6648d2a60676199bf6eb83de3c67d4e,INS,0,,gx-no-cache=1750084058776 HTTP/1.1" 200 93
190.121.111.10 - - [16/Jun/2025:11:25:38 -0300] "GET /cormun/servlet/hpexe_return? HTTP/1.1" 200 1005
190.121.111.10 - - [16/Jun/2025:11:25:38 -0300] "GET /cormun/servlet/trsecurityrole HTTP/1.1" 200 10561
129.222.173.48 - - [16/Jun/2025:11:25:38 -0300] "GET /cormun/servlet/permisogoce?b937f9f2dd53df0293a379f529f607a8334d045370b2ffb658dc0983607be469417f5ab9b24c7d6f0a1bebef358b721d2ed1e9ce4f678630d81d2b4c29977d56,gx-no-cache=1750084058394 HTTP/1.1" 200 45
129.222.173.48 - - [16/Jun/2025:11:25:40 -0300] "POST /cormun/servlet/permisogoce?b54248c43a750f1a9c9a79803508b9ef,INS,0,,,,gx-no-cache=1750084060128 HTTP/1.1" 200 93
129.222.173.48 - - [16/Jun/2025:11:25:40 -0300] "GET /cormun/servlet/hpexe_return? HTTP/1.1" 200 1014
129.222.173.48 - - [16/Jun/2025:11:25:40 -0300] "GET /cormun/servlet/trpermisosgoce HTTP/1.1" 200 9337
129.222.173.48 - - [16/Jun/2025:11:25:43 -0300] "GET /cormun/servlet/permisogoce?INS,0,,, HTTP/1.1" 200 6817
190.121.111.10 - - [16/Jun/2025:11:25:51 -0300] "GET /cormun/servlet/securityroles?INS,0, HTTP/1.1" 200 6218
129.222.173.48 - - [16/Jun/2025:11:26:08 -0300] "GET /cormun/servlet/permisogoce?b937f9f2dd53df0293a379f529f607a85d788ab1399848116cbaff6e7c58b24b2cdc0a9ef0246ebf9176b391a5457342424d9bdf63ca7cdaa66baa13b967596a,gx-no-cache=1750084087631 HTTP/1.1" 200 82
129.222.173.48 - - [16/Jun/2025:11:26:20 -0300] "GET /cormun/servlet/permisogoce?b937f9f2dd53df0293a379f529f607a8a8c9a1c4e3e987a0912bc80921f91393f8d2491a219267d7246850229055cf5e2ed1e9ce4f678630d81d2b4c29977d56,gx-no-cache=1750084100368 HTTP/1.1" 200 47
129.222.173.48 - - [16/Jun/2025:11:26:23 -0300] "POST /cormun/servlet/permisogoce?b54248c43a750f1a9c9a79803508b9ef,INS,0,,,,gx-no-cache=1750084102928 HTTP/1.1" 200 93
129.222.173.48 - - [16/Jun/2025:11:26:23 -0300] "GET /cormun/servlet/hpexe_return? HTTP/1.1" 200 1014
129.222.173.48 - - [16/Jun/2025:11:26:23 -0300] "GET /cormun/servlet/trpermisosgoce HTTP/1.1" 200 9527
129.222.173.48 - - [16/Jun/2025:11:26:26 -0300] "GET /cormun/servlet/permisogoce?INS,0,,, HTTP/1.1" 200 6816
190.121.111.10 - - [16/Jun/2025:11:26:27 -0300] "GET /cormun/servlet/securityroles?e3349e5e824ecdffa93d8b729bae3717dd9d4fc342da9df00794cbe27a1e8cecb28c5ae6e9cde880acea8c3c3e97b9f0e649601894416b67e5407d893e031b68985ed35fb2e1051a37c65253e1dfb8bc,gx-no-cache=1750084108772 HTTP/1.1" 200 59
129.222.173.48 - - [16/Jun/2025:11:26:38 -0300] "GET /cormun/servlet/permisogoce?b937f9f2dd53df0293a379f529f607a85d788ab1399848116cbaff6e7c58b24b2cdc0a9ef0246ebf9176b391a5457342424d9bdf63ca7cdaa66baa13b967596a,gx-no-cache=1750084118482 HTTP/1.1" 200 80
129.222.173.48 - - [16/Jun/2025:11:26:53 -0300] "GET /cormun/servlet/permisogoce?b937f9f2dd53df0293a379f529f607a8a8c9a1c4e3e987a0912bc80921f91393a16e8d9b14564b918ff4ebc3675a3af42ed1e9ce4f678630d81d2b4c29977d56,gx-no-cache=1750084133343 HTTP/1.1" 200 48
129.222.173.48 - - [16/Jun/2025:11:26:55 -0300] "POST /cormun/servlet/permisogoce?b54248c43a750f1a9c9a79803508b9ef,INS,0,,,,gx-no-cache=1750084135097 HTTP/1.1" 200 93
129.222.173.48 - - [16/Jun/2025:11:26:55 -0300] "GET /cormun/servlet/hpexe_return? HTTP/1.1" 200 1014
129.222.173.48 - - [16/Jun/2025:11:26:56 -0300] "GET /cormun/servlet/trpermisosgoce HTTP/1.1" 200 9698
129.222.173.48 - - [16/Jun/2025:11:27:01 -0300] "GET /cormun/servlet/permisogoce?INS,0,,, HTTP/1.1" 200 6817
129.222.173.48 - - [16/Jun/2025:11:27:20 -0300] "GET /cormun/servlet/permisogoce?b937f9f2dd53df0293a379f529f607a860fbc522583910bf94d281518e1b488e2cdc0a9ef0246ebf9176b391a5457342424d9bdf63ca7cdaa66baa13b967596a,gx-no-cache=1750084160567 HTTP/1.1" 200 83
201.186.225.191 - - [16/Jun/2025:11:27:22 -0300] "GET /cormun/servlet/trlicencias? HTTP/1.1" 200 12023
190.121.111.10 - - [16/Jun/2025:11:27:24 -0300] "GET /cormun/servlet/securityroles?e3349e5e824ecdffa93d8b729bae3717dd9d4fc342da9df00794cbe27a1e8cec3258b4098b6466305ac6fe29900af408e649601894416b67e5407d893e031b68985ed35fb2e1051a37c65253e1dfb8bc,gx-no-cache=1750084164963 HTTP/1.1" 200 59
190.121.111.10 - - [16/Jun/2025:11:27:24 -0300] "POST /cormun/servlet/securityroles?a6648d2a60676199bf6eb83de3c67d4e,INS,0,,gx-no-cache=1750084164982 HTTP/1.1" 200 93
190.121.111.10 - - [16/Jun/2025:11:27:24 -0300] "GET /cormun/servlet/hpexe_return? HTTP/1.1" 200 1005
190.121.111.10 - - [16/Jun/2025:11:27:24 -0300] "GET /cormun/servlet/trsecurityrole HTTP/1.1" 200 10555
190.121.111.10 - - [16/Jun/2025:11:27:26 -0300] "GET /cormun/servlet/securityroles?INS,0, HTTP/1.1" 200 6218
129.222.173.48 - - [16/Jun/2025:11:27:30 -0300] "GET /cormun/servlet/permisogoce?b937f9f2dd53df0293a379f529f607a804f70a2de3f0586045030ed7c6a8c01ccfcb21aae1b3626ede0681954d9fd3732ed1e9ce4f678630d81d2b4c29977d56,gx-no-cache=1750084170553 HTTP/1.1" 200 47
129.222.173.48 - - [16/Jun/2025:11:27:32 -0300] "POST /cormun/servlet/permisogoce?b54248c43a750f1a9c9a79803508b9ef,INS,0,,,,gx-no-cache=1750084171744 HTTP/1.1" 200 93
129.222.173.48 - - [16/Jun/2025:11:27:32 -0300] "GET /cormun/servlet/hpexe_return? HTTP/1.1" 200 1014
129.222.173.48 - - [16/Jun/2025:11:27:32 -0300] "GET /cormun/servlet/trpermisosgoce HTTP/1.1" 200 9919
129.222.173.48 - - [16/Jun/2025:11:27:35 -0300] "GET /cormun/servlet/permisogoce?INS,0,,, HTTP/1.1" 200 6817
201.186.225.191 - - [16/Jun/2025:11:27:42 -0300] "GET /cormun/static/menuarrow.gif HTTP/1.1" 404 1015
201.186.225.191 - - [16/Jun/2025:11:27:48 -0300] "POST /cormun/servlet/trlicencias?c4c062ca9b3f07a5363e96873fc18876,,gx-no-cache=1750084186894 HTTP/1.1" 200 17127
190.121.111.10 - - [16/Jun/2025:11:27:52 -0300] "GET /cormun/servlet/securityroles?e3349e5e824ecdffa93d8b729bae3717dd9d4fc342da9df00794cbe27a1e8cec3258b4098b6466305ac6fe29900af40851aabda49c0f4306046a9693ef40cb11e6820cbed6455b6d58ee92b7411962df,gx-no-cache=1750084193779 HTTP/1.1" 200 55
129.222.173.48 - - [16/Jun/2025:11:27:55 -0300] "GET /cormun/servlet/permisogoce?b937f9f2dd53df0293a379f529f607a8e47e2fda3eb499d68ebb60e50ab143ba2cdc0a9ef0246ebf9176b391a5457342424d9bdf63ca7cdaa66baa13b967596a,gx-no-cache=1750084194791 HTTP/1.1" 200 79
129.222.173.48 - - [16/Jun/2025:11:28:00 -0300] "GET /cormun/servlet/permisogoce?b937f9f2dd53df0293a379f529f607a8883f544c709d7d7349aee5d2b4d4b6d2670f45cf38311cc778a2ac7a168e6e7a2ed1e9ce4f678630d81d2b4c29977d56,gx-no-cache=1750084199953 HTTP/1.1" 200 47
129.222.173.48 - - [16/Jun/2025:11:28:01 -0300] "POST /cormun/servlet/permisogoce?b54248c43a750f1a9c9a79803508b9ef,INS,0,,,,gx-no-cache=1750084201306 HTTP/1.1" 200 93
129.222.173.48 - - [16/Jun/2025:11:28:01 -0300] "GET /cormun/servlet/hpexe_return? HTTP/1.1" 200 1014
129.222.173.48 - - [16/Jun/2025:11:28:02 -0300] "GET /cormun/servlet/trpermisosgoce HTTP/1.1" 200 10170
129.222.173.48 - - [16/Jun/2025:11:28:04 -0300] "GET /cormun/servlet/permisogoce?INS,0,,, HTTP/1.1" 200 6817
129.222.173.48 - - [16/Jun/2025:11:28:16 -0300] "GET /cormun/servlet/permisogoce?b937f9f2dd53df0293a379f529f607a8e6e845240bf918c918a54e775ca71d5a2cdc0a9ef0246ebf9176b391a5457342424d9bdf63ca7cdaa66baa13b967596a,gx-no-cache=1750084215943 HTTP/1.1" 200 81
129.222.173.48 - - [16/Jun/2025:11:28:22 -0300] "GET /cormun/servlet/permisogoce?b937f9f2dd53df0293a379f529f607a8e21d62a05ca589f84cf4470b9c4d4aa91cd3aab1fae43b3e323778efc665dc6d2ed1e9ce4f678630d81d2b4c29977d56,gx-no-cache=1750084222123 HTTP/1.1" 200 47
129.222.173.48 - - [16/Jun/2025:11:28:24 -0300] "POST /cormun/servlet/permisogoce?b54248c43a750f1a9c9a79803508b9ef,INS,0,,,,gx-no-cache=1750084223704 HTTP/1.1" 200 93
129.222.173.48 - - [16/Jun/2025:11:28:24 -0300] "GET /cormun/servlet/hpexe_return? HTTP/1.1" 200 1014
129.222.173.48 - - [16/Jun/2025:11:28:24 -0300] "GET /cormun/servlet/trpermisosgoce HTTP/1.1" 200 10405
129.222.173.48 - - [16/Jun/2025:11:28:27 -0300] "GET /cormun/servlet/permisogoce?INS,0,,, HTTP/1.1" 200 6817
190.121.111.10 - - [16/Jun/2025:11:28:42 -0300] "POST /cormun/servlet/securityroles?a6648d2a60676199bf6eb83de3c67d4e,INS,0,,gx-no-cache=1750084243436 HTTP/1.1" 200 93
190.121.111.10 - - [16/Jun/2025:11:28:42 -0300] "GET /cormun/servlet/hpexe_return? HTTP/1.1" 200 1005
190.121.111.10 - - [16/Jun/2025:11:28:42 -0300] "GET /cormun/servlet/trsecurityrole HTTP/1.1" 200 10559
190.121.111.10 - - [16/Jun/2025:11:29:20 -0300] "GET /cormun/servlet/securityroles?INS,0, HTTP/1.1" 200 6218
129.222.173.48 - - [16/Jun/2025:11:29:26 -0300] "GET /cormun/servlet/permisogoce?b937f9f2dd53df0293a379f529f607a8f2b0c4c8e06d8c632aebcfd980eb78ff2cdc0a9ef0246ebf9176b391a5457342424d9bdf63ca7cdaa66baa13b967596a,gx-no-cache=1750084286112 HTTP/1.1" 200 77
129.222.173.48 - - [16/Jun/2025:11:29:32 -0300] "GET /cormun/servlet/permisogoce?b937f9f2dd53df0293a379f529f607a8700733c1b654799145f89bfde43539caac114d4cfbaa5d84102b3ad54bb319b22ed1e9ce4f678630d81d2b4c29977d56,gx-no-cache=1750084292488 HTTP/1.1" 200 47
129.222.173.48 - - [16/Jun/2025:11:29:34 -0300] "POST /cormun/servlet/permisogoce?b54248c43a750f1a9c9a79803508b9ef,INS,0,,,,gx-no-cache=1750084293696 HTTP/1.1" 200 93
129.222.173.48 - - [16/Jun/2025:11:29:34 -0300] "GET /cormun/servlet/hpexe_return? HTTP/1.1" 200 1014
129.222.173.48 - - [16/Jun/2025:11:29:34 -0300] "GET /cormun/servlet/trpermisosgoce HTTP/1.1" 200 10596
129.222.173.48 - - [16/Jun/2025:11:29:37 -0300] "GET /cormun/servlet/permisogoce?INS,0,,, HTTP/1.1" 200 6817
190.121.111.10 - - [16/Jun/2025:11:29:46 -0300] "GET /cormun/servlet/securityroles?e3349e5e824ecdffa93d8b729bae3717dd9d4fc342da9df00794cbe27a1e8cecab9d133a01fa5d4eb311e4d5df81280cee105b0fcec14e5393aa6f0f30d55f1ad2f8019e5dc138a64e9f6ef4229a1eba,gx-no-cache=1750084307451 HTTP/1.1" 200 56
129.222.173.48 - - [16/Jun/2025:11:29:49 -0300] "GET /cormun/servlet/permisogoce?b937f9f2dd53df0293a379f529f607a8a330d9b02f17bc66e6ac4862651a7eba2cdc0a9ef0246ebf9176b391a5457342424d9bdf63ca7cdaa66baa13b967596a,gx-no-cache=1750084309206 HTTP/1.1" 200 75
129.222.173.48 - - [16/Jun/2025:11:30:10 -0300] "GET /cormun/servlet/permisogoce?b937f9f2dd53df0293a379f529f607a88a40f9febb44f6d20464f89a0957cb2076dab322391c11b61481d1365539f1322ed1e9ce4f678630d81d2b4c29977d56,gx-no-cache=1750084330440 HTTP/1.1" 200 47
129.222.173.48 - - [16/Jun/2025:11:30:14 -0300] "POST /cormun/servlet/permisogoce?b54248c43a750f1a9c9a79803508b9ef,INS,0,,,,gx-no-cache=1750084333672 HTTP/1.1" 200 93
129.222.173.48 - - [16/Jun/2025:11:30:14 -0300] "GET /cormun/servlet/hpexe_return? HTTP/1.1" 200 1014
129.222.173.48 - - [16/Jun/2025:11:30:14 -0300] "GET /cormun/servlet/trpermisosgoce HTTP/1.1" 200 10825
129.222.173.48 - - [16/Jun/2025:11:30:18 -0300] "GET /cormun/servlet/permisogoce?INS,0,,, HTTP/1.1" 200 6816
190.121.111.10 - - [16/Jun/2025:11:30:24 -0300] "POST /cormun/servlet/securityroles?a6648d2a60676199bf6eb83de3c67d4e,INS,0,,gx-no-cache=1750084345411 HTTP/1.1" 200 93
190.121.111.10 - - [16/Jun/2025:11:30:24 -0300] "GET /cormun/servlet/hpexe_return? HTTP/1.1" 200 1005
190.121.111.10 - - [16/Jun/2025:11:30:24 -0300] "GET /cormun/servlet/trsecurityrole HTTP/1.1" 200 10560
129.222.173.48 - - [16/Jun/2025:11:30:28 -0300] "GET /cormun/servlet/permisogoce?b937f9f2dd53df0293a379f529f607a8839211f7c6299ecfef231ab2c64d69bb2cdc0a9ef0246ebf9176b391a5457342424d9bdf63ca7cdaa66baa13b967596a,gx-no-cache=1750084348479 HTTP/1.1" 200 84
129.222.173.48 - - [16/Jun/2025:11:30:37 -0300] "GET /cormun/servlet/permisogoce?b937f9f2dd53df0293a379f529f607a8577abadff75b8b1b399eb0ac022d487f706cb57c5b428e94e3d732d18fdef3f82ed1e9ce4f678630d81d2b4c29977d56,gx-no-cache=1750084357447 HTTP/1.1" 200 46
129.222.173.48 - - [16/Jun/2025:11:30:39 -0300] "POST /cormun/servlet/permisogoce?b54248c43a750f1a9c9a79803508b9ef,INS,0,,,,gx-no-cache=1750084358888 HTTP/1.1" 200 93
129.222.173.48 - - [16/Jun/2025:11:30:39 -0300] "GET /cormun/servlet/hpexe_return? HTTP/1.1" 200 1014
129.222.173.48 - - [16/Jun/2025:11:30:39 -0300] "GET /cormun/servlet/trpermisosgoce HTTP/1.1" 200 11103
201.186.225.191 - - [16/Jun/2025:11:30:58 -0300] "POST /cormun/servlet/trlicencias?c4c062ca9b3f07a5363e96873fc18876,,gx-no-cache=1750084376765 HTTP/1.1" 200 8509
129.222.173.48 - - [16/Jun/2025:11:31:32 -0300] "GET /cormun/servlet/permisogoce?INS,0,,, HTTP/1.1" 200 6818
129.222.173.48 - - [16/Jun/2025:11:31:44 -0300] "GET /cormun/servlet/permisogoce?b937f9f2dd53df0293a379f529f607a844fc21487cfc988a4db3c4fc0654391d2cdc0a9ef0246ebf9176b391a5457342424d9bdf63ca7cdaa66baa13b967596a,gx-no-cache=1750084424008 HTTP/1.1" 200 84
129.222.173.48 - - [16/Jun/2025:11:31:55 -0300] "GET /cormun/servlet/permisogoce?b937f9f2dd53df0293a379f529f607a8334d045370b2ffb658dc0983607be469e025508dbe858fbcd42e48e4e49293072ed1e9ce4f678630d81d2b4c29977d56,gx-no-cache=1750084434920 HTTP/1.1" 200 47
129.222.173.48 - - [16/Jun/2025:11:31:58 -0300] "POST /cormun/servlet/permisogoce?b54248c43a750f1a9c9a79803508b9ef,INS,0,,,,gx-no-cache=1750084438480 HTTP/1.1" 200 93
129.222.173.48 - - [16/Jun/2025:11:31:59 -0300] "GET /cormun/servlet/hpexe_return? HTTP/1.1" 200 1014
129.222.173.48 - - [16/Jun/2025:11:31:59 -0300] "GET /cormun/servlet/trpermisosgoce HTTP/1.1" 200 11275
201.186.225.191 - - [16/Jun/2025:11:32:01 -0300] "POST /cormun/servlet/trlicencias?c4c062ca9b3f07a5363e96873fc18876,,gx-no-cache=1750084440048 HTTP/1.1" 200 8623
190.95.123.102 - - [16/Jun/2025:11:32:21 -0300] "GET /cormun/servlet/hlogin HTTP/1.1" 200 1726
190.95.123.102 - - [16/Jun/2025:11:32:21 -0300] "GET /cormun/servlet/hlogin HTTP/1.1" 200 1737
190.95.123.102 - - [16/Jun/2025:11:32:26 -0300] "POST /cormun/servlet/hlogin?077c6369f5c2d43a01b0f3b2098654e7,gx-no-cache=1750084466994 HTTP/1.1" 200 90
190.95.123.102 - - [16/Jun/2025:11:32:26 -0300] "GET /cormun/servlet/hpexe_link HTTP/1.1" 200 953
190.95.123.102 - - [16/Jun/2025:11:32:26 -0300] "GET /cormun/servlet/hhome HTTP/1.1" 200 3919
190.95.123.102 - - [16/Jun/2025:11:32:27 -0300] "GET /cormun/static/Shared/ext/ext-all.js HTTP/1.1" 200 1289687
190.95.123.102 - - [16/Jun/2025:11:32:31 -0300] "GET /cormun/servlet/trlicencias? HTTP/1.1" 200 12479
190.95.123.102 - - [16/Jun/2025:11:32:31 -0300] "GET /cormun/static/Shared/ext/resources/css/ext-all.css?215870 HTTP/1.1" 200 416045
201.186.225.191 - - [16/Jun/2025:11:32:43 -0300] "POST /cormun/servlet/trlicencias?c4c062ca9b3f07a5363e96873fc18876,,gx-no-cache=1750084481659 HTTP/1.1" 200 10488
129.222.173.48 - - [16/Jun/2025:11:32:58 -0300] "GET /cormun/servlet/apermisogoceprn?15104576,P,20250616102903,PU HTTP/1.1" 200 1637
129.222.173.48 - - [16/Jun/2025:11:32:59 -0300] "GET /cormun/servlet/apermisogoceprn?15104576,P,20250616102903,PU HTTP/1.1" 200 1636
201.220.128.38 - - [16/Jun/2025:11:33:13 -0300] "GET / HTTP/1.1" 200 11217
129.222.173.48 - - [16/Jun/2025:11:33:25 -0300] "GET /cormun/servlet/apermisogoceprn?16251438,P,20250616102828,PU HTTP/1.1" 200 1651
129.222.173.48 - - [16/Jun/2025:11:33:25 -0300] "GET /cormun/servlet/apermisogoceprn?16251438,P,20250616102828,PU HTTP/1.1" 200 1651
129.222.173.48 - - [16/Jun/2025:11:33:52 -0300] "GET /cormun/servlet/apermisogoceprn?16251438,P,20250616102745,PU HTTP/1.1" 200 1649
129.222.173.48 - - [16/Jun/2025:11:33:53 -0300] "GET /cormun/servlet/apermisogoceprn?16251438,P,20250616102745,PU HTTP/1.1" 200 1652
129.222.173.48 - - [16/Jun/2025:11:34:17 -0300] "GET /cormun/servlet/apermisogoceprn?18918658,P,20250616102711,PU HTTP/1.1" 200 1650
129.222.173.48 - - [16/Jun/2025:11:34:17 -0300] "GET /cormun/servlet/apermisogoceprn?18918658,P,20250616102711,PU HTTP/1.1" 200 1654
129.222.173.48 - - [16/Jun/2025:11:35:18 -0300] "GET /cormun/servlet/apermisogoceprn?18918658,P,20250616102630,PU HTTP/1.1" 200 1653
129.222.173.48 - - [16/Jun/2025:11:35:18 -0300] "GET /cormun/servlet/apermisogoceprn?18918658,P,20250616102630,PU HTTP/1.1" 200 1651
129.222.173.48 - - [16/Jun/2025:11:35:32 -0300] "GET /cormun/servlet/apermisogoceprn?11889741,P,20250616102443,PU HTTP/1.1" 200 1649
129.222.173.48 - - [16/Jun/2025:11:35:32 -0300] "GET /cormun/servlet/apermisogoceprn?11889741,P,20250616102443,PU HTTP/1.1" 200 1650
129.222.173.48 - - [16/Jun/2025:11:35:46 -0300] "GET /cormun/servlet/apermisogoceprn?18918658,P,20250616103334,PU HTTP/1.1" 200 1650
129.222.173.48 - - [16/Jun/2025:11:35:47 -0300] "GET /cormun/servlet/apermisogoceprn?18918658,P,20250616103334,PU HTTP/1.1" 200 1647
129.222.173.48 - - [16/Jun/2025:11:36:00 -0300] "GET /cormun/servlet/apermisogoceprn?19860909,P,20250616103220,PU HTTP/1.1" 200 1655
129.222.173.48 - - [16/Jun/2025:11:36:01 -0300] "GET /cormun/servlet/apermisogoceprn?19860909,P,20250616103220,PU HTTP/1.1" 200 1658
178.34.160.0 - - [16/Jun/2025:11:36:18 -0300] "-" 400 -
178.34.160.0 - - [16/Jun/2025:11:36:19 -0300] "-" 400 -
129.222.173.48 - - [16/Jun/2025:11:36:19 -0300] "GET /cormun/servlet/apermisogoceprn?18918658,P,20250616103334,PU HTTP/1.1" 200 1651
178.34.160.0 - - [16/Jun/2025:11:36:19 -0300] "-" 400 -
129.222.173.48 - - [16/Jun/2025:11:36:20 -0300] "GET /cormun/servlet/apermisogoceprn?18918658,P,20250616103334,PU HTTP/1.1" 200 1650
178.34.160.0 - - [16/Jun/2025:11:36:27 -0300] "-" 400 -
178.34.160.0 - - [16/Jun/2025:11:36:27 -0300] "-" 400 -
129.222.173.48 - - [16/Jun/2025:11:36:39 -0300] "GET /cormun/servlet/apermisogoceprn?19860909,P,20250616103220,PU HTTP/1.1" 200 1654
129.222.173.48 - - [16/Jun/2025:11:36:39 -0300] "GET /cormun/servlet/apermisogoceprn?19860909,P,20250616103220,PU HTTP/1.1" 200 1660
129.222.173.48 - - [16/Jun/2025:11:36:55 -0300] "GET /cormun/servlet/apermisogoceprn?19131588,P,20250616103139,PU HTTP/1.1" 200 1640
129.222.173.48 - - [16/Jun/2025:11:36:56 -0300] "GET /cormun/servlet/apermisogoceprn?19131588,P,20250616103139,PU HTTP/1.1" 200 1647
129.222.173.48 - - [16/Jun/2025:11:37:07 -0300] "GET /cormun/servlet/apermisogoceprn?17295959,P,20250616103028,PU HTTP/1.1" 200 1655
129.222.173.48 - - [16/Jun/2025:11:37:07 -0300] "GET /cormun/servlet/apermisogoceprn?17295959,P,20250616103028,PU HTTP/1.1" 200 1649
190.121.111.10 - - [16/Jun/2025:11:37:13 -0300] "GET /cormun/servlet/trvisualizargeneral? HTTP/1.1" 200 8291
190.121.111.10 - - [16/Jun/2025:11:37:13 -0300] "GET /cormun/static/calendar-system.css?75620 HTTP/1.1" 200 5572
190.121.111.10 - - [16/Jun/2025:11:37:13 -0300] "GET /cormun/static/gxcfg.js?201991422545979 HTTP/1.1" 200 953
190.121.111.10 - - [16/Jun/2025:11:37:13 -0300] "GET /cormun/static/gxdec.js?85251 HTTP/1.1" 200 19579
190.121.111.10 - - [16/Jun/2025:11:37:13 -0300] "GET /cormun/static/trvisualizargeneral.js?20199142255360 HTTP/1.1" 200 20831
129.222.173.48 - - [16/Jun/2025:11:37:24 -0300] "GET /cormun/servlet/apermisogoceprn?20210885,P,20250616103006,PU HTTP/1.1" 200 1662
129.222.173.48 - - [16/Jun/2025:11:37:25 -0300] "GET /cormun/servlet/apermisogoceprn?20210885,P,20250616103006,PU HTTP/1.1" 200 1663
190.121.111.10 - - [16/Jun/2025:11:37:31 -0300] "GET /cormun/servlet/trestablecimiento? HTTP/1.1" 200 7068
190.121.111.10 - - [16/Jun/2025:11:37:36 -0300] "GET /cormun/servlet/trestablecimientocargahoraria?ADM, HTTP/1.1" 200 7167
129.222.173.48 - - [16/Jun/2025:11:37:39 -0300] "GET /cormun/servlet/apermisogoceprn?14272425,P,20250616102937,PU HTTP/1.1" 200 1648
190.121.111.10 - - [16/Jun/2025:11:37:39 -0300] "GET /cormun/servlet/trestablecimiento? HTTP/1.1" 200 7068
129.222.173.48 - - [16/Jun/2025:11:37:40 -0300] "GET /cormun/servlet/apermisogoceprn?14272425,P,20250616102937,PU HTTP/1.1" 200 1653
190.121.111.10 - - [16/Jun/2025:11:37:43 -0300] "GET /cormun/servlet/trestablecimiento? HTTP/1.1" 200 7067
190.121.111.10 - - [16/Jun/2025:11:37:48 -0300] "POST /cormun/servlet/trestablecimiento?a6648d2a60676199bf6eb83de3c67d4e,,gx-no-cache=1750084789324 HTTP/1.1" 200 4701
190.121.111.10 - - [16/Jun/2025:11:37:50 -0300] "POST /cormun/servlet/trestablecimiento?a6648d2a60676199bf6eb83de3c67d4e,,gx-no-cache=1750084791739 HTTP/1.1" 200 6855
201.186.225.193 - - [16/Jun/2025:11:37:53 -0300] "GET /cormun/servlet/hhome HTTP/1.1" 200 3323
201.186.225.193 - - [16/Jun/2025:11:37:53 -0300] "GET /cormun/servlet/hlogin HTTP/1.1" 200 1734
190.121.111.10 - - [16/Jun/2025:11:37:55 -0300] "POST /cormun/servlet/trestablecimiento?a6648d2a60676199bf6eb83de3c67d4e,,gx-no-cache=1750084795938 HTTP/1.1" 200 5838
201.186.225.193 - - [16/Jun/2025:11:37:56 -0300] "POST /cormun/servlet/hlogin?6ae90ca7884a1be35f56c5591b711544,gx-no-cache=1750084796737 HTTP/1.1" 200 90
201.186.225.193 - - [16/Jun/2025:11:37:57 -0300] "GET /cormun/servlet/hpexe_link HTTP/1.1" 200 951
201.186.225.193 - - [16/Jun/2025:11:37:57 -0300] "GET /cormun/servlet/hhome HTTP/1.1" 200 4296
201.186.225.193 - - [16/Jun/2025:11:37:58 -0300] "GET /cormun/servlet/trlicencias? HTTP/1.1" 200 10257
190.121.111.10 - - [16/Jun/2025:11:39:09 -0300] "GET /cormun/servlet/trsecurityrole? HTTP/1.1" 200 10556
190.121.111.10 - - [16/Jun/2025:11:39:11 -0300] "GET /cormun/servlet/trestablecimiento? HTTP/1.1" 200 8238
190.121.111.10 - - [16/Jun/2025:11:39:14 -0300] "GET /cormun/servlet/trestablecimientocargahoraria?CCOF2, HTTP/1.1" 200 7187
190.121.111.10 - - [16/Jun/2025:11:39:24 -0300] "POST /cormun/servlet/trestablecimientocargahoraria?a6648d2a60676199bf6eb83de3c67d4e,CCOF2,,gx-no-cache=1750084885210 HTTP/1.1" 200 4807
190.121.111.10 - - [16/Jun/2025:11:39:26 -0300] "GET /cormun/servlet/establecimientocargahoraria?INS,CCOF2,0,,, HTTP/1.1" 200 6601
190.121.111.10 - - [16/Jun/2025:11:39:27 -0300] "GET /cormun/static/gxcfg.js?20201215374644 HTTP/1.1" 200 953
190.121.111.10 - - [16/Jun/2025:11:39:27 -0300] "GET /cormun/static/establecimientocargahoraria.js?20201215374773 HTTP/1.1" 200 13743
190.121.111.10 - - [16/Jun/2025:11:39:28 -0300] "GET /cormun/servlet/establecimientocargahoraria?9eb4cc78632cfbf7922f89fc7aff0db274f7f349ad89cc8bb804ab6eac715393ff137591f7b309dbd43121cbee83efc3c8c6bc0f8ef7e7463fee225c86aab116,gx-no-cache=1750084888985 HTTP/1.1" 200 59
190.121.111.10 - - [16/Jun/2025:11:39:30 -0300] "POST /cormun/servlet/establecimientocargahoraria?a6648d2a60676199bf6eb83de3c67d4e,INS,CCOF2,0,,,,gx-no-cache=1750084891306 HTTP/1.1" 200 93
190.121.111.10 - - [16/Jun/2025:11:39:30 -0300] "GET /cormun/servlet/hpexe_return? HTTP/1.1" 200 1027
190.121.111.10 - - [16/Jun/2025:11:39:30 -0300] "GET /cormun/servlet/trestablecimientocargahoraria?CCOF2, HTTP/1.1" 200 7199
190.121.111.10 - - [16/Jun/2025:11:39:35 -0300] "GET /cormun/servlet/trvisualizargeneral? HTTP/1.1" 200 8294
190.121.111.10 - - [16/Jun/2025:11:39:59 -0300] "POST /cormun/servlet/trvisualizargeneral?a6648d2a60676199bf6eb83de3c67d4e,,gx-no-cache=1750084920530 HTTP/1.1" 200 5445
190.121.111.10 - - [16/Jun/2025:11:40:53 -0300] "GET /cormun/servlet/trsecurityrole? HTTP/1.1" 200 10563
190.121.111.10 - - [16/Jun/2025:11:41:34 -0300] "GET /cormun/servlet/trsecurityuser01? HTTP/1.1" 200 12117
190.121.111.10 - - [16/Jun/2025:11:41:42 -0300] "POST /cormun/servlet/trsecurityuser01?a6648d2a60676199bf6eb83de3c67d4e,,gx-no-cache=1750085023604 HTTP/1.1" 200 5203
190.121.111.10 - - [16/Jun/2025:11:41:48 -0300] "GET /cormun/servlet/securityusers?UPD,3918, HTTP/1.1" 200 7874
190.121.111.10 - - [16/Jun/2025:11:42:30 -0300] "POST /cormun/servlet/securityusers?a6648d2a60676199bf6eb83de3c67d4e,UPD,3918,,gx-no-cache=1750085071610 HTTP/1.1" 200 93
190.121.111.10 - - [16/Jun/2025:11:42:30 -0300] "GET /cormun/servlet/hpexe_return? HTTP/1.1" 200 1010
190.121.111.10 - - [16/Jun/2025:11:42:30 -0300] "GET /cormun/servlet/trsecurityuser01? HTTP/1.1" 200 7551
190.121.111.10 - - [16/Jun/2025:11:42:39 -0300] "POST /cormun/servlet/trsecurityuser01?a6648d2a60676199bf6eb83de3c67d4e,,gx-no-cache=1750085080211 HTTP/1.1" 200 10025
190.121.111.10 - - [16/Jun/2025:11:42:45 -0300] "GET /cormun/servlet/securityusers?UPD,15, HTTP/1.1" 200 7854
190.121.111.10 - - [16/Jun/2025:11:42:50 -0300] "POST /cormun/servlet/securityusers?a6648d2a60676199bf6eb83de3c67d4e,UPD,15,,gx-no-cache=1750085091561 HTTP/1.1" 200 93
190.121.111.10 - - [16/Jun/2025:11:42:50 -0300] "GET /cormun/servlet/hpexe_return? HTTP/1.1" 200 1009
190.121.111.10 - - [16/Jun/2025:11:42:50 -0300] "GET /cormun/servlet/trsecurityuser01? HTTP/1.1" 200 12122
190.121.111.10 - - [16/Jun/2025:11:42:54 -0300] "GET /cormun/servlet/trsecurityusersproyecto?15, HTTP/1.1" 200 6835
190.121.111.10 - - [16/Jun/2025:11:42:55 -0300] "GET /cormun/static/gxcfg.js?202211298475421 HTTP/1.1" 200 953
190.121.111.10 - - [16/Jun/2025:11:42:55 -0300] "GET /cormun/static/Resources/PXToolsGridNew.png HTTP/1.1" 200 427
190.121.111.10 - - [16/Jun/2025:11:42:55 -0300] "GET /cormun/static/trsecurityusersproyecto.js?202211298475534 HTTP/1.1" 200 13866
190.121.111.10 - - [16/Jun/2025:11:42:56 -0300] "POST /cormun/servlet/acontrolpreferencessavestate?None,INFORMATICA,true HTTP/1.1" 200 35
190.121.111.10 - - [16/Jun/2025:11:42:57 -0300] "GET /cormun/servlet/trsecurityuser01? HTTP/1.1" 200 12128
190.121.111.10 - - [16/Jun/2025:11:43:04 -0300] "POST /cormun/servlet/trsecurityuser01?a6648d2a60676199bf6eb83de3c67d4e,,gx-no-cache=1750085105086 HTTP/1.1" 200 10026
190.121.111.10 - - [16/Jun/2025:11:43:08 -0300] "GET /cormun/servlet/trsecurityrole? HTTP/1.1" 200 10575
190.121.111.10 - - [16/Jun/2025:11:43:18 -0300] "GET /cormun/servlet/trsecurityuser01? HTTP/1.1" 200 12124
190.121.111.10 - - [16/Jun/2025:11:43:42 -0300] "GET /cormun/servlet/trsecurityuserroles2?25, HTTP/1.1" 200 7983
190.121.111.10 - - [16/Jun/2025:11:43:43 -0300] "GET /cormun/static/gxcfg.js?202211298475249 HTTP/1.1" 200 953
190.121.111.10 - - [16/Jun/2025:11:43:43 -0300] "GET /cormun/static/trsecurityuserroles2.js?202211298475366 HTTP/1.1" 200 15414
190.121.111.10 - - [16/Jun/2025:11:43:47 -0300] "GET /cormun/servlet/trsecurityuser01? HTTP/1.1" 200 12124
190.121.111.10 - - [16/Jun/2025:11:43:56 -0300] "POST /cormun/servlet/trsecurityuser01?a6648d2a60676199bf6eb83de3c67d4e,,gx-no-cache=1750085156900 HTTP/1.1" 200 5333
190.121.111.10 - - [16/Jun/2025:11:43:57 -0300] "GET /cormun/servlet/trsecurityuserroles2?3918, HTTP/1.1" 200 7999
190.121.111.10 - - [16/Jun/2025:11:44:03 -0300] "POST /cormun/servlet/trsecurityuserroles2?a6648d2a60676199bf6eb83de3c67d4e,3918,,gx-no-cache=1750085164642 HTTP/1.1" 200 5705
190.121.111.10 - - [16/Jun/2025:11:44:06 -0300] "POST /cormun/servlet/trsecurityuserroles2?a6648d2a60676199bf6eb83de3c67d4e,3918,,gx-no-cache=1750085166947 HTTP/1.1" 200 5644
190.121.111.10 - - [16/Jun/2025:11:44:14 -0300] "POST /cormun/servlet/trsecurityuserroles2?a6648d2a60676199bf6eb83de3c67d4e,3918,,gx-no-cache=1750085175489 HTTP/1.1" 200 5417
190.121.111.10 - - [16/Jun/2025:11:44:27 -0300] "POST /cormun/servlet/trsecurityuserroles2?a6648d2a60676199bf6eb83de3c67d4e,3918,,gx-no-cache=1750085188217 HTTP/1.1" 200 5665
190.121.111.10 - - [16/Jun/2025:11:44:36 -0300] "POST /cormun/servlet/trsecurityuserroles2?a6648d2a60676199bf6eb83de3c67d4e,3918,,gx-no-cache=1750085197681 HTTP/1.1" 200 5713
190.121.111.10 - - [16/Jun/2025:11:44:40 -0300] "POST /cormun/servlet/trsecurityuserroles2?a6648d2a60676199bf6eb83de3c67d4e,3918,,gx-no-cache=1750085201073 HTTP/1.1" 200 5647
190.95.15.15 - - [16/Jun/2025:11:45:15 -0300] "GET /cormun/servlet/trlicencias? HTTP/1.1" 200 6051
190.95.15.15 - - [16/Jun/2025:11:45:15 -0300] "GET /cormun/servlet/hlogin HTTP/1.1" 200 1740
190.95.15.15 - - [16/Jun/2025:11:45:22 -0300] "POST /cormun/servlet/hlogin?b27e5abc5b5f390f6c0b59ff33c7d59f,gx-no-cache=1750085242562 HTTP/1.1" 200 90
190.95.15.15 - - [16/Jun/2025:11:45:22 -0300] "GET /cormun/servlet/hpexe_link HTTP/1.1" 200 958
190.95.15.15 - - [16/Jun/2025:11:45:22 -0300] "GET /cormun/servlet/trlicencias HTTP/1.1" 200 11942
20.168.121.45 - - [16/Jun/2025:11:46:13 -0300] "-" 400 -
157.55.39.192 - - [16/Jun/2025:11:46:26 -0300] "GET /cormun/servlet/hlogin HTTP/1.1" 200 1722
190.95.67.93 - - [16/Jun/2025:11:49:59 -0300] "GET /cormun/servlet/hlogin HTTP/1.1" 200 1723
190.95.67.93 - - [16/Jun/2025:11:50:00 -0300] "GET /cormun/static/gxtimezone.js?85251 HTTP/1.1" 200 5781
190.95.67.93 - - [16/Jun/2025:11:50:00 -0300] "GET /cormun/static/gxcfg.js?2022112219184450 HTTP/1.1" 200 953
190.95.67.93 - - [16/Jun/2025:11:50:00 -0300] "GET /cormun/static/Resources/Spanish/PXTools.css?1759030 HTTP/1.1" 200 100853
190.95.67.93 - - [16/Jun/2025:11:50:00 -0300] "GET /cormun/static/Resources/CormunLogin.png HTTP/1.1" 200 19132
190.95.67.93 - - [16/Jun/2025:11:50:00 -0300] "GET /cormun/static/hlogin.js?2022112219184458 HTTP/1.1" 200 2156
190.95.67.93 - - [16/Jun/2025:11:50:00 -0300] "GET /cormun/static/gxgral.js?85251 HTTP/1.1" 200 384558
190.95.67.93 - - [16/Jun/2025:11:50:00 -0300] "GET /cormun/static/messages.spa.js?85251 HTTP/1.1" 200 30736
