129.222.173.48 - - [03/Jun/2025:09:08:52 -0300] "GET /cormun/servlet/solicitudot?926cb1e5fcf80ea37eabd464c9b1607ad74ea5dd455e8d4bdf6da3f1dc568f5df1f8d6eff49118d9054b7b8db577f53a8293da773deb91507f1ecdbef495d63a69094f4b6dc02875bd9d42dc73f19dfd772e048e261578644a83a0461a31a7718327b76d3e9bd336324518ad49bf3b1823ce6c4aa8e79133bfb74a699bb6e945d72d14410cb6070300143de398dc6fbabdcb6fcbd6ebbdcbf6aabef2d475b49c5d6702a1680f3bcfc4586939a411a0fd34b8a996e309f698679f25e001a97f9b7240cf50a8ea44ea3556bf428cf9724a44e56b67d946af2828ace48cecedb4bd510eb01ea2a7ab8f1cc1372af2bf87b33a25ca9c60d5f05e8b515adc0e9572cbac12047912cf93682cd13f3d8e7392c772d6bd0c4d2bc45b07f8585b9abd0b78c39aa290cd6cdf5d0f21a5a8c6d48347508fcbffb1bdaf7c1b50e56577a907bbd5619a221a7a8def5717910e011b4558ef9b86d9bb51fa30b35730d5e6a20a6a74c9809db9ccf42c857f29d7d22c1fb9600b15f0f0d238f5d852a954c143bc0d709c98e1c7c6ead1365d56f7e5801b17,gx-no-cache=1748952669162 HTTP/1.1" 200 30
129.222.173.48 - - [03/Jun/2025:09:08:55 -0300] "POST /cormun/servlet/solicitudot?gx-no-cache=1748952672598 HTTP/1.1" 200 30
129.222.173.48 - - [03/Jun/2025:09:08:57 -0300] "GET /cormun/servlet/prcontratosol?19131588,,,,,MD,,gxPopupLevel%3D0%3B HTTP/1.1" 200 9026
129.222.173.48 - - [03/Jun/2025:09:09:02 -0300] "POST /cormun/servlet/solicitudot?gx-no-cache=1748952679829 HTTP/1.1" 200 1481
129.222.173.48 - - [03/Jun/2025:09:09:02 -0300] "POST /cormun/servlet/solicitudot?gx-no-cache=1748952679908 HTTP/1.1" 200 38
129.222.173.48 - - [03/Jun/2025:09:09:02 -0300] "GET /cormun/servlet/solicitudot?926cb1e5fcf80ea37eabd464c9b1607abcc226d52c9a39965b76652375ff13731534c4a0f03a59f1930af41f19f8c6b678a56274ba3289007c1531f84ff93e6bced053e85c958e7ee5ca370b71dd49910d74fff656fcc675c11a8445e46bbc953fa0b24b0e60f0de4298b817d241137a,gx-no-cache=1748952679980 HTTP/1.1" 200 110
129.222.173.48 - - [03/Jun/2025:09:09:02 -0300] "POST /cormun/servlet/solicitudot?gx-no-cache=1748952680051 HTTP/1.1" 200 97
129.222.173.48 - - [03/Jun/2025:09:09:03 -0300] "GET /cormun/servlet/solicitudot?926cb1e5fcf80ea37eabd464c9b1607af3a15b11ea20c7f2e2ecdbb64280f16d1874fc09d07e9c14dc26da0931b3c9fb0944c7810c61dbfc71b4e49835a5614761a464dd2f3d3d1bef7b13a6be7e88bb243075d6cff9e6c2c055c281b8333dc411b44d5f75a66aae7df6860396a0e19b,gx-no-cache=1748952680151 HTTP/1.1" 200 29
129.222.173.48 - - [03/Jun/2025:09:09:03 -0300] "GET /cormun/servlet/solicitudot?926cb1e5fcf80ea37eabd464c9b1607a522e79fe868aea60ea5972738eb3d13020839667080236b4fb0b4c95d4bd9b81,gx-no-cache=1748952680224 HTTP/1.1" 200 134
129.222.173.48 - - [03/Jun/2025:09:09:03 -0300] "GET /cormun/static/Shared/jqueryui/images/ui-bg_highlight-soft_100_c6c2c8_1x100.png HTTP/1.1" 404 1117
129.222.173.48 - - [03/Jun/2025:09:09:03 -0300] "GET /cormun/static/Shared/jqueryui/images/ui-bg_flat_55_994d53_40x100.png HTTP/1.1" 404 1097
129.222.173.48 - - [03/Jun/2025:09:09:03 -0300] "GET /cormun/static/Shared/jqueryui/images/ui-icons_82798d_256x240.png HTTP/1.1" 404 1089
129.222.173.48 - - [03/Jun/2025:09:09:03 -0300] "GET /cormun/static/Shared/jqueryui/images/ui-icons_ebccce_256x240.png HTTP/1.1" 404 1089
179.57.78.71 - - [03/Jun/2025:09:09:07 -0300] "GET /cormun/servlet/prbanco?,MD,,gxPopupLevel%3D0%3B HTTP/1.1" 200 6649
179.57.78.71 - - [03/Jun/2025:09:09:13 -0300] "GET /cormun/servlet/solicitudot?69f7ac173ca7e65dc9c87642429e3f91f65ec212fa74ce7259bffa0e5483cb99a073e24c9281d1049e116b7fbb11062181933052f9a4dfaa7cdf9f118861075d021bbc02d1b0341e981f7a55a60eebdb,gx-no-cache=1748952691672 HTTP/1.1" 200 30
179.57.78.71 - - [03/Jun/2025:09:09:16 -0300] "GET /cormun/servlet/solicitudot?69f7ac173ca7e65dc9c87642429e3f911b18b066bda76f2b0ba104d1d62246f1,gx-no-cache=1748952694424 HTTP/1.1" 200 53
179.57.78.71 - - [03/Jun/2025:09:09:50 -0300] "POST /cormun/servlet/solicitudot?gx-no-cache=1748952728612 HTTP/1.1" 200 297
179.57.78.71 - - [03/Jun/2025:09:09:50 -0300] "GET /cormun/servlet/solicitudot?69f7ac173ca7e65dc9c87642429e3f910e288193656358258e1227dbb5bf419306395ec7ba710ceace9f6046dfa5a449bbac694863a36c8d812151efbbb1e96ff0ef7976ae82621e08d1912c06de701e627ea12c98d0bf54589d8c64c5fd9cf3be5c87c9d56da4e0751cb5b270b64a33e0d51834de66b2bfed6319fc7e46c73bc1dd766e59409445306b08335d1cfdc13b9ea816114793fe1532c271e3d16d727e7a981d0480e6496d7e54b02cc8c07fd2f2ce052bbd4cd8d3646f305201eda1ca852fc6c5908a4f0743b9b80621613b3732ab0feb54019121c45087018b11c089c44f06486e88a7bf93121ba5757f21c551d962f1a7011809caf634cd5694f0c1329cbeed497560cdc3e77f631d13514ac8f601fb826da7ac85416f2518e00d73ab69599951aaf9766717d0ce8454acae63b86d7b00438cd9458a848e256029a62fbd7ec85b9b07cbbdb7c60273881d91619ce2a48837263c1e0c755d7dd2d45c2a6276cb38212070dcfb9b61844558d3e2f7e254609e4f9d95720768094bf756d631f52d0634d1715eb2a6ef59e554,gx-no-cache=1748952728666 HTTP/1.1" 200 30
179.57.78.71 - - [03/Jun/2025:09:09:55 -0300] "POST /cormun/servlet/solicitudot?gx-no-cache=1748952733372 HTTP/1.1" 200 30
179.57.78.71 - - [03/Jun/2025:09:10:00 -0300] "POST /cormun/servlet/solicitudot?gx-no-cache=1748952738871 HTTP/1.1" 200 1479
179.57.78.71 - - [03/Jun/2025:09:10:00 -0300] "POST /cormun/servlet/solicitudot?gx-no-cache=1748952738907 HTTP/1.1" 200 38
179.57.78.71 - - [03/Jun/2025:09:10:35 -0300] "GET /cormun/servlet/solicitudot?69f7ac173ca7e65dc9c87642429e3f910f2d45bf0f7ddd8d3a18cff9b5530bcb151c2df3592e2d57850565a306680ea873421abac9c53bd54e78ad490cd4e9ba6e18dab7e9e54378169c551e0d52d8b257ae9778b0adfa8ff9238baf82da664c6b2b5db83191021a810590d95c7aa58e,gx-no-cache=1748952773202 HTTP/1.1" 200 110
179.57.78.71 - - [03/Jun/2025:09:10:35 -0300] "POST /cormun/servlet/solicitudot?gx-no-cache=1748952773247 HTTP/1.1" 200 110
179.57.78.9 - - [03/Jun/2025:09:11:27 -0300] "GET /cormun/servlet/hlogin HTTP/1.1" 200 1714
179.57.78.9 - - [03/Jun/2025:09:11:29 -0300] "POST /cormun/servlet/hlogin?4c62240c0ef704b79f65bb7a7c48b43a,gx-no-cache=1748952828543 HTTP/1.1" 200 90
179.57.78.9 - - [03/Jun/2025:09:11:29 -0300] "GET /cormun/servlet/hpexe_link HTTP/1.1" 200 948
179.57.78.9 - - [03/Jun/2025:09:11:29 -0300] "GET /cormun/servlet/trlicencias HTTP/1.1" 200 10589
190.95.1.187 - - [03/Jun/2025:09:12:56 -0300] "GET /cormun/servlet/hlogin HTTP/1.1" 200 1713
190.95.1.187 - - [03/Jun/2025:09:12:56 -0300] "GET /cormun/servlet/hlogin HTTP/1.1" 200 1724
190.95.1.187 - - [03/Jun/2025:09:12:59 -0300] "POST /cormun/servlet/hlogin?d72e6f91c76a74c3f95bf034b9797e6b,gx-no-cache=1748952917203 HTTP/1.1" 200 90
190.95.1.187 - - [03/Jun/2025:09:13:00 -0300] "GET /cormun/servlet/hpexe_link HTTP/1.1" 200 945
190.95.1.187 - - [03/Jun/2025:09:13:00 -0300] "GET /cormun/servlet/hhome HTTP/1.1" 200 4015
190.95.1.187 - - [03/Jun/2025:09:13:04 -0300] "GET /cormun/servlet/trlicencias? HTTP/1.1" 200 13874
179.57.78.71 - - [03/Jun/2025:09:13:34 -0300] "POST /cormun/servlet/solicitudot?gx-no-cache=1748952952772 HTTP/1.1" 200 1479
179.57.78.71 - - [03/Jun/2025:09:13:34 -0300] "POST /cormun/servlet/solicitudot?gx-no-cache=1748952952838 HTTP/1.1" 200 38
179.57.78.71 - - [03/Jun/2025:09:13:34 -0300] "GET /cormun/servlet/solicitudot?69f7ac173ca7e65dc9c87642429e3f910f2d45bf0f7ddd8d3a18cff9b5530bcb151c2df3592e2d57850565a306680ea873421abac9c53bd54e78ad490cd4e9ba6e18dab7e9e54378169c551e0d52d8b257ae9778b0adfa8ff9238baf82da664c6b2b5db83191021a810590d95c7aa58e,gx-no-cache=1748952952865 HTTP/1.1" 200 110
179.57.78.71 - - [03/Jun/2025:09:13:34 -0300] "POST /cormun/servlet/solicitudot?gx-no-cache=1748952952894 HTTP/1.1" 200 110
179.57.78.71 - - [03/Jun/2025:09:13:34 -0300] "GET /cormun/servlet/solicitudot?69f7ac173ca7e65dc9c87642429e3f9112db398474278a2a0e903c20b369f81e8f3a9cb6f95705bcd4415c7b397504d6d6dc2ce3523b6a427b721973e4424912303f0a4ec11a7aa5e14304d3a44415c361c21faf08d7e3636e66237a9c71ca56b9963fb7937f5bb0d34a67343aa790c9,gx-no-cache=1748952952924 HTTP/1.1" 200 29
179.57.78.71 - - [03/Jun/2025:09:13:48 -0300] "GET /cormun/servlet/solicitudot?69f7ac173ca7e65dc9c87642429e3f9198629b7b454becc0954e32962e236ac8e530762a90de6e4916c4ce86152ab44d,gx-no-cache=1748952966474 HTTP/1.1" 200 30
179.57.78.71 - - [03/Jun/2025:09:14:08 -0300] "POST /cormun/servlet/solicitudot?gx-no-cache=1748952986730 HTTP/1.1" 200 30
190.95.67.99 - - [03/Jun/2025:09:14:45 -0300] "GET /cormun/servlet/permisogoce?INS,0,,, HTTP/1.1" 200 7215
190.95.67.99 - - [03/Jun/2025:09:14:45 -0300] "GET /cormun/servlet/permisogoce?INS,0,,, HTTP/1.1" 200 7214
179.57.78.55 - - [03/Jun/2025:09:14:51 -0300] "POST /cormun/servlet/trlicencias?f87273eb9b562da324e37d88bdef614b,,gx-no-cache=1748953028873 HTTP/1.1" 200 9694
190.95.67.99 - - [03/Jun/2025:09:15:05 -0300] "GET /cormun/servlet/permisogoce?88bea0fc5afe25e989ad3994d85826ac65570a554944e125497787dd69d598c1d21541be7aad3bdf6b9b0cac4ba333893c50a752fa643fb4da82761ae1543959,gx-no-cache=1748953044310 HTTP/1.1" 200 85
190.95.67.99 - - [03/Jun/2025:09:15:19 -0300] "GET /cormun/servlet/permisogoce?88bea0fc5afe25e989ad3994d85826ac1fab2479b39b15693ec95c5c05a3576c6deada27d2a16f9b92a5fbde9a962256e8305d191acf71962a87ec9fe446cfbf,gx-no-cache=1748953058697 HTTP/1.1" 200 47
190.95.67.99 - - [03/Jun/2025:09:15:23 -0300] "POST /cormun/servlet/permisogoce?bc709721c5f8a5ce441d6b930a153b2a,INS,0,,,,gx-no-cache=1748953062495 HTTP/1.1" 200 93
190.95.67.99 - - [03/Jun/2025:09:15:23 -0300] "GET /cormun/servlet/hpexe_return? HTTP/1.1" 200 1013
190.95.67.99 - - [03/Jun/2025:09:15:24 -0300] "GET /cormun/servlet/trpermisosgoce HTTP/1.1" 200 17596
190.95.67.99 - - [03/Jun/2025:09:16:36 -0300] "GET /cormun/servlet/permisogoce?INS,0,,, HTTP/1.1" 200 7215
190.95.67.99 - - [03/Jun/2025:09:16:47 -0300] "GET /cormun/servlet/permisogoce?88bea0fc5afe25e989ad3994d85826accccf1c7e74425323f7598baedfb44109d21541be7aad3bdf6b9b0cac4ba333893c50a752fa643fb4da82761ae1543959,gx-no-cache=1748953146386 HTTP/1.1" 200 89
190.95.67.99 - - [03/Jun/2025:09:16:52 -0300] "GET /cormun/servlet/permisogoce?88bea0fc5afe25e989ad3994d85826ac7b664dcb2d49d9a6ee46327987a9d3023472278106ff85f2209c0d62b8e537e2e8305d191acf71962a87ec9fe446cfbf,gx-no-cache=1748953152071 HTTP/1.1" 200 46
190.95.67.99 - - [03/Jun/2025:09:16:55 -0300] "POST /cormun/servlet/permisogoce?bc709721c5f8a5ce441d6b930a153b2a,INS,0,,,,gx-no-cache=1748953154394 HTTP/1.1" 200 93
190.95.67.99 - - [03/Jun/2025:09:16:55 -0300] "GET /cormun/servlet/hpexe_return? HTTP/1.1" 200 1013
190.95.67.99 - - [03/Jun/2025:09:16:55 -0300] "GET /cormun/servlet/trpermisosgoce HTTP/1.1" 200 17806
190.95.67.99 - - [03/Jun/2025:09:17:07 -0300] "GET /cormun/servlet/apermisogoceprn?10411509,P,20250603081907,PU HTTP/1.1" 200 1654
179.57.78.71 - - [03/Jun/2025:09:17:23 -0300] "GET /cormun/servlet/solicitudot?69f7ac173ca7e65dc9c87642429e3f9198629b7b454becc0954e32962e236ac8e530762a90de6e4916c4ce86152ab44d,gx-no-cache=1748953181803 HTTP/1.1" 200 30
179.57.78.71 - - [03/Jun/2025:09:17:23 -0300] "POST /cormun/servlet/solicitudot?gx-no-cache=1748953181834 HTTP/1.1" 200 30
179.57.78.71 - - [03/Jun/2025:09:17:24 -0300] "POST /cormun/servlet/solicitudot?c8d0212dbb4975c00c02edd07d5015c1,INS,0,0,false,,gx-no-cache=1748953181854 HTTP/1.1" 200 93
179.57.78.71 - - [03/Jun/2025:09:17:24 -0300] "GET /cormun/servlet/hpexe_return? HTTP/1.1" 200 1013
179.57.78.71 - - [03/Jun/2025:09:17:24 -0300] "GET /cormun/servlet/trsolicitudot HTTP/1.1" 200 8871
179.57.78.71 - - [03/Jun/2025:09:17:55 -0300] "POST /cormun/servlet/trsolicitudot?c8d0212dbb4975c00c02edd07d5015c1,gx-no-cache=1748953213734 HTTP/1.1" 200 4862
179.57.78.71 - - [03/Jun/2025:09:17:55 -0300] "GET /cormun/static/Shared/jqueryui/images/ui-bg_highlight-soft_100_c6c2c8_1x100.png HTTP/1.1" 404 1117
179.57.78.71 - - [03/Jun/2025:09:17:55 -0300] "GET /cormun/static/Shared/jqueryui/images/ui-icons_82798d_256x240.png HTTP/1.1" 404 1089
179.57.78.71 - - [03/Jun/2025:09:17:55 -0300] "GET /cormun/static/Shared/jqueryui/images/ui-bg_flat_55_fafafa_40x100.png HTTP/1.1" 404 1097
179.57.78.71 - - [03/Jun/2025:09:17:55 -0300] "GET /cormun/static/Shared/jqueryui/images/ui-icons_8d78a5_256x240.png HTTP/1.1" 404 1089
179.57.78.71 - - [03/Jun/2025:09:17:56 -0300] "POST /cormun/servlet/trsolicitudot?c8d0212dbb4975c00c02edd07d5015c1,gx-no-cache=1748953213928 HTTP/1.1" 200 4620
190.95.15.9 - - [03/Jun/2025:09:19:00 -0300] "GET /cormun/servlet/hlogin HTTP/1.1" 200 1723
190.95.15.9 - - [03/Jun/2025:09:19:04 -0300] "POST /cormun/servlet/hlogin?0e145d9ac2b6f0db03a313e38ba8cb1f,gx-no-cache=1748953282479 HTTP/1.1" 200 90
190.95.15.9 - - [03/Jun/2025:09:19:04 -0300] "GET /cormun/servlet/hpexe_link HTTP/1.1" 200 978
190.95.15.9 - - [03/Jun/2025:09:19:04 -0300] "GET /cormun/servlet/trlicencias?gx-no-cache=1748952372912 HTTP/1.1" 200 11684
190.95.15.15 - - [03/Jun/2025:09:19:09 -0300] "GET /cormun/servlet/hlogin HTTP/1.1" 200 1716
190.95.15.9 - - [03/Jun/2025:09:19:10 -0300] "POST /cormun/servlet/trlicencias?0e145d9ac2b6f0db03a313e38ba8cb1f,gx-no-cache=1748952372912,gx-no-cache=1748953288818 HTTP/1.1" 200 9124
190.95.2.163 - - [03/Jun/2025:09:19:16 -0300] "GET /cormun/servlet/hlogin HTTP/1.1" 200 1720
190.95.15.9 - - [03/Jun/2025:09:19:19 -0300] "GET /cormun/servlet/trsolicitudot? HTTP/1.1" 200 7483
190.95.15.15 - - [03/Jun/2025:09:19:20 -0300] "POST /cormun/servlet/hlogin?257ad2f974617feedaed88ba3dce27e9,gx-no-cache=1748953298578 HTTP/1.1" 200 90
190.95.15.15 - - [03/Jun/2025:09:19:20 -0300] "GET /cormun/servlet/hpexe_link HTTP/1.1" 200 947
190.95.15.15 - - [03/Jun/2025:09:19:20 -0300] "GET /cormun/servlet/hhome HTTP/1.1" 200 3970
190.95.15.15 - - [03/Jun/2025:09:19:20 -0300] "GET /cormun/servlet/hhome HTTP/1.1" 200 3966
190.95.2.163 - - [03/Jun/2025:09:19:24 -0300] "POST /cormun/servlet/hlogin?d57c28bf0983362d7654322df0a49a32,gx-no-cache=1748953302989 HTTP/1.1" 200 90
190.95.2.163 - - [03/Jun/2025:09:19:24 -0300] "GET /cormun/servlet/hpexe_link HTTP/1.1" 200 951
190.95.2.163 - - [03/Jun/2025:09:19:25 -0300] "GET /cormun/servlet/hhome HTTP/1.1" 200 3996
190.95.15.9 - - [03/Jun/2025:09:19:26 -0300] "GET /cormun/servlet/solicitudot?INS,0,0,false, HTTP/1.1" 200 16250
190.95.2.163 - - [03/Jun/2025:09:19:29 -0300] "GET /cormun/servlet/trsolicitudot? HTTP/1.1" 200 8606
190.95.2.163 - - [03/Jun/2025:09:19:32 -0300] "POST /cormun/servlet/trsolicitudot?d57c28bf0983362d7654322df0a49a32,,gx-no-cache=1748953310581 HTTP/1.1" 200 107
190.95.2.163 - - [03/Jun/2025:09:19:32 -0300] "GET /cormun/servlet/trsolicitudadjuntos?2025,22676, HTTP/1.1" 200 6106
190.95.2.163 - - [03/Jun/2025:09:19:36 -0300] "GET /cormun/servlet/solicitudotadjuntos?INS,2025,22676,,1, HTTP/1.1" 200 6050
190.95.2.163 - - [03/Jun/2025:09:19:37 -0300] "GET /cormun/static/about:blank HTTP/1.1" 404 1011
190.95.2.163 - - [03/Jun/2025:09:19:38 -0300] "GET /cormun/servlet/solicitudotadjuntos?85b9ccda8ea2264a8d8807b58aa4dba2e2b33dd5f432a3b66f5004cfb25e6fc45b09283c3cab004c56469d00c859d364,gx-no-cache=1748953316211 HTTP/1.1" 200 30
190.95.2.163 - - [03/Jun/2025:09:19:38 -0300] "POST /cormun/servlet/solicitudotadjuntos?d57c28bf0983362d7654322df0a49a32,INS,2025,22676,,1,,gx-no-cache=1748953316230 HTTP/1.1" 200 3869
190.95.2.163 - - [03/Jun/2025:09:19:46 -0300] "POST /cormun/servlet/solicitudotadjuntos?gx-no-cache=1748953324209 HTTP/1.1" 200 26
190.95.67.99 - - [03/Jun/2025:09:20:02 -0300] "GET /cormun/static/menuarrow.gif HTTP/1.1" 404 1015
190.95.67.99 - - [03/Jun/2025:09:20:07 -0300] "POST /cormun/servlet/trpermisosgoce?bc709721c5f8a5ce441d6b930a153b2a,gx-no-cache=1748953346932 HTTP/1.1" 200 6139
190.95.2.163 - - [03/Jun/2025:09:20:10 -0300] "GET /cormun/servlet/solicitudotadjuntos?85b9ccda8ea2264a8d8807b58aa4dba2d0273b1b3a6501a5be5ad45ba48937d2,gx-no-cache=1748953348866 HTTP/1.1" 200 30
190.95.2.163 - - [03/Jun/2025:09:20:10 -0300] "GET /cormun/servlet/solicitudotadjuntos?85b9ccda8ea2264a8d8807b58aa4dba2d0273b1b3a6501a5be5ad45ba48937d2,gx-no-cache=1748953348893 HTTP/1.1" 200 30
190.95.2.163 - - [03/Jun/2025:09:20:10 -0300] "POST /cormun/servlet/solicitudotadjuntos?d57c28bf0983362d7654322df0a49a32,INS,2025,22676,,1, HTTP/1.1" 200 116
190.95.2.163 - - [03/Jun/2025:09:20:10 -0300] "GET /cormun/servlet/hpexe_return? HTTP/1.1" 200 1025
190.95.2.163 - - [03/Jun/2025:09:20:11 -0300] "GET /cormun/servlet/trsolicitudadjuntos?2025,22676, HTTP/1.1" 200 9139
190.95.2.163 - - [03/Jun/2025:09:20:14 -0300] "GET /cormun/servlet/solicitudotadjuntos?INS,2025,22676,,1, HTTP/1.1" 200 6050
190.95.2.163 - - [03/Jun/2025:09:20:14 -0300] "GET /cormun/static/about:blank HTTP/1.1" 404 1011
190.95.2.163 - - [03/Jun/2025:09:20:14 -0300] "GET /cormun/servlet/solicitudotadjuntos?85b9ccda8ea2264a8d8807b58aa4dba2e2b33dd5f432a3b66f5004cfb25e6fc45b09283c3cab004c56469d00c859d364,gx-no-cache=1748953352951 HTTP/1.1" 200 30
190.95.2.163 - - [03/Jun/2025:09:20:14 -0300] "POST /cormun/servlet/solicitudotadjuntos?d57c28bf0983362d7654322df0a49a32,INS,2025,22676,,1,,gx-no-cache=1748953352966 HTTP/1.1" 200 3869
190.95.2.163 - - [03/Jun/2025:09:20:18 -0300] "POST /cormun/servlet/solicitudotadjuntos?gx-no-cache=1748953357074 HTTP/1.1" 200 26
190.95.15.9 - - [03/Jun/2025:09:20:46 -0300] "POST /cormun/servlet/solicitudot?gx-no-cache=1748953384526 HTTP/1.1" 200 4124
190.95.15.9 - - [03/Jun/2025:09:20:46 -0300] "GET /cormun/static/Shared/jqueryui/images/ui-bg_highlight-soft_100_c6c2c8_1x100.png HTTP/1.1" 404 1117
190.95.15.9 - - [03/Jun/2025:09:20:46 -0300] "GET /cormun/static/Shared/jqueryui/images/ui-icons_82798d_256x240.png HTTP/1.1" 404 1089
190.95.15.9 - - [03/Jun/2025:09:20:46 -0300] "GET /cormun/static/Shared/jqueryui/images/ui-icons_ebccce_256x240.png HTTP/1.1" 404 1089
190.95.15.9 - - [03/Jun/2025:09:20:46 -0300] "GET /cormun/static/Shared/jqueryui/images/ui-bg_flat_55_994d53_40x100.png HTTP/1.1" 404 1097
190.95.15.15 - - [03/Jun/2025:09:20:48 -0300] "GET /cormun/servlet/trlicencias? HTTP/1.1" 200 13707
190.95.2.163 - - [03/Jun/2025:09:21:09 -0300] "GET /cormun/servlet/solicitudotadjuntos?85b9ccda8ea2264a8d8807b58aa4dba2d0273b1b3a6501a5be5ad45ba48937d2,gx-no-cache=1748953407670 HTTP/1.1" 200 30
190.95.2.163 - - [03/Jun/2025:09:21:09 -0300] "GET /cormun/servlet/solicitudotadjuntos?85b9ccda8ea2264a8d8807b58aa4dba2d0273b1b3a6501a5be5ad45ba48937d2,gx-no-cache=1748953407695 HTTP/1.1" 200 30
190.95.15.9 - - [03/Jun/2025:09:21:09 -0300] "POST /cormun/servlet/solicitudot?gx-no-cache=1748953407563 HTTP/1.1" 200 4127
190.95.2.163 - - [03/Jun/2025:09:21:09 -0300] "POST /cormun/servlet/solicitudotadjuntos?d57c28bf0983362d7654322df0a49a32,INS,2025,22676,,1, HTTP/1.1" 200 116
190.95.2.163 - - [03/Jun/2025:09:21:09 -0300] "GET /cormun/servlet/hpexe_return? HTTP/1.1" 200 1025
190.95.15.9 - - [03/Jun/2025:09:21:09 -0300] "GET /cormun/servlet/solicitudot?f45ce3899e74fbd07e241035020c44680131f7d902be3bd9c3cca73321a16da6a347fad9997f59bf2e8023f8d7fc11c1,gx-no-cache=1748953407706 HTTP/1.1" 200 30
190.95.2.163 - - [03/Jun/2025:09:21:09 -0300] "GET /cormun/servlet/trsolicitudadjuntos?2025,22676, HTTP/1.1" 200 9392
190.95.2.163 - - [03/Jun/2025:09:21:12 -0300] "GET /cormun/servlet/solicitudotadjuntos?INS,2025,22676,,1, HTTP/1.1" 200 6049
190.95.2.163 - - [03/Jun/2025:09:21:13 -0300] "GET /cormun/static/about:blank HTTP/1.1" 404 1011
190.95.2.163 - - [03/Jun/2025:09:21:13 -0300] "GET /cormun/servlet/solicitudotadjuntos?85b9ccda8ea2264a8d8807b58aa4dba2e2b33dd5f432a3b66f5004cfb25e6fc45b09283c3cab004c56469d00c859d364,gx-no-cache=1748953411677 HTTP/1.1" 200 30
190.95.2.163 - - [03/Jun/2025:09:21:13 -0300] "POST /cormun/servlet/solicitudotadjuntos?d57c28bf0983362d7654322df0a49a32,INS,2025,22676,,1,,gx-no-cache=1748953411692 HTTP/1.1" 200 3868
190.95.2.163 - - [03/Jun/2025:09:21:19 -0300] "POST /cormun/servlet/solicitudotadjuntos?gx-no-cache=1748953417946 HTTP/1.1" 200 26
190.95.67.99 - - [03/Jun/2025:09:21:20 -0300] "GET /cormun/servlet/trlicencias? HTTP/1.1" 200 11434
190.95.2.163 - - [03/Jun/2025:09:22:31 -0300] "GET /cormun/servlet/solicitudotadjuntos?85b9ccda8ea2264a8d8807b58aa4dba2d0273b1b3a6501a5be5ad45ba48937d2,gx-no-cache=1748953489636 HTTP/1.1" 200 30
190.95.2.163 - - [03/Jun/2025:09:22:31 -0300] "GET /cormun/servlet/solicitudotadjuntos?85b9ccda8ea2264a8d8807b58aa4dba2d0273b1b3a6501a5be5ad45ba48937d2,gx-no-cache=1748953489677 HTTP/1.1" 200 30
190.95.2.163 - - [03/Jun/2025:09:22:31 -0300] "POST /cormun/servlet/solicitudotadjuntos?d57c28bf0983362d7654322df0a49a32,INS,2025,22676,,1, HTTP/1.1" 200 116
190.95.2.163 - - [03/Jun/2025:09:22:31 -0300] "GET /cormun/servlet/hpexe_return? HTTP/1.1" 200 1025
190.95.2.163 - - [03/Jun/2025:09:22:31 -0300] "GET /cormun/servlet/trsolicitudadjuntos?2025,22676, HTTP/1.1" 200 9669
190.95.2.163 - - [03/Jun/2025:09:22:34 -0300] "GET /cormun/servlet/solicitudotadjuntos?INS,2025,22676,,1, HTTP/1.1" 200 6048
190.95.2.163 - - [03/Jun/2025:09:22:35 -0300] "GET /cormun/static/about:blank HTTP/1.1" 404 1011
190.95.2.163 - - [03/Jun/2025:09:22:35 -0300] "GET /cormun/servlet/solicitudotadjuntos?85b9ccda8ea2264a8d8807b58aa4dba2e2b33dd5f432a3b66f5004cfb25e6fc45b09283c3cab004c56469d00c859d364,gx-no-cache=1748953493789 HTTP/1.1" 200 30
190.95.2.163 - - [03/Jun/2025:09:22:35 -0300] "POST /cormun/servlet/solicitudotadjuntos?d57c28bf0983362d7654322df0a49a32,INS,2025,22676,,1,,gx-no-cache=1748953493804 HTTP/1.1" 200 3866
190.95.2.163 - - [03/Jun/2025:09:22:41 -0300] "POST /cormun/servlet/solicitudotadjuntos?gx-no-cache=1748953499228 HTTP/1.1" 200 26
190.95.67.99 - - [03/Jun/2025:09:22:44 -0300] "GET /cormun/servlet/trpermisosgoce? HTTP/1.1" 200 8942
190.95.15.9 - - [03/Jun/2025:09:22:51 -0300] "GET /cormun/servlet/solicitudot?f45ce3899e74fbd07e241035020c446842237bb63b610a4d33c38f5856044c99ff7961629dafe5c4b2d4acb11557b0fc7dfa2af2fc55dceb7720fe38f9b84e85,gx-no-cache=1748953509050 HTTP/1.1" 200 30
190.95.15.9 - - [03/Jun/2025:09:22:53 -0300] "GET /cormun/servlet/solicitudot?f45ce3899e74fbd07e241035020c44680d467105310443101cdf374e0ba7d45a,gx-no-cache=1748953511902 HTTP/1.1" 200 53
190.95.67.99 - - [03/Jun/2025:09:22:54 -0300] "POST /cormun/servlet/trpermisosgoce?bc709721c5f8a5ce441d6b930a153b2a,,gx-no-cache=1748953513449 HTTP/1.1" 200 16127
190.95.2.163 - - [03/Jun/2025:09:23:14 -0300] "GET /cormun/servlet/solicitudotadjuntos?85b9ccda8ea2264a8d8807b58aa4dba2d0273b1b3a6501a5be5ad45ba48937d2,gx-no-cache=1748953532420 HTTP/1.1" 200 30
190.95.2.163 - - [03/Jun/2025:09:23:14 -0300] "GET /cormun/servlet/solicitudotadjuntos?85b9ccda8ea2264a8d8807b58aa4dba2d0273b1b3a6501a5be5ad45ba48937d2,gx-no-cache=1748953532449 HTTP/1.1" 200 30
190.95.2.163 - - [03/Jun/2025:09:23:14 -0300] "POST /cormun/servlet/solicitudotadjuntos?d57c28bf0983362d7654322df0a49a32,INS,2025,22676,,1, HTTP/1.1" 200 116
190.95.2.163 - - [03/Jun/2025:09:23:14 -0300] "GET /cormun/servlet/hpexe_return? HTTP/1.1" 200 1025
190.95.2.163 - - [03/Jun/2025:09:23:14 -0300] "GET /cormun/servlet/trsolicitudadjuntos?2025,22676, HTTP/1.1" 200 9937
190.95.2.163 - - [03/Jun/2025:09:23:18 -0300] "GET /cormun/servlet/solicitudotadjuntos?INS,2025,22676,,1, HTTP/1.1" 200 6048
190.95.2.163 - - [03/Jun/2025:09:23:18 -0300] "GET /cormun/static/about:blank HTTP/1.1" 404 1011
190.95.2.163 - - [03/Jun/2025:09:23:19 -0300] "GET /cormun/servlet/solicitudotadjuntos?85b9ccda8ea2264a8d8807b58aa4dba2e2b33dd5f432a3b66f5004cfb25e6fc45b09283c3cab004c56469d00c859d364,gx-no-cache=1748953537103 HTTP/1.1" 200 30
190.95.2.163 - - [03/Jun/2025:09:23:19 -0300] "POST /cormun/servlet/solicitudotadjuntos?d57c28bf0983362d7654322df0a49a32,INS,2025,22676,,1,,gx-no-cache=1748953537121 HTTP/1.1" 200 3866
190.95.2.163 - - [03/Jun/2025:09:23:24 -0300] "POST /cormun/servlet/solicitudotadjuntos?gx-no-cache=1748953543004 HTTP/1.1" 200 26
190.95.15.27 - - [03/Jun/2025:09:23:31 -0300] "GET /cormun/servlet/hlogin HTTP/1.1" 200 1722
190.95.15.27 - - [03/Jun/2025:09:23:31 -0300] "GET /cormun/servlet/hlogin HTTP/1.1" 200 1733
190.95.15.27 - - [03/Jun/2025:09:23:38 -0300] "POST /cormun/servlet/hlogin?930a8d966046b41de2a5c9f3dd3b5083,gx-no-cache=1748953556437 HTTP/1.1" 200 90
190.95.15.27 - - [03/Jun/2025:09:23:38 -0300] "GET /cormun/servlet/hpexe_link HTTP/1.1" 200 952
190.95.15.27 - - [03/Jun/2025:09:23:38 -0300] "GET /cormun/servlet/hhome HTTP/1.1" 200 3923
190.95.2.163 - - [03/Jun/2025:09:23:39 -0300] "GET /cormun/servlet/solicitudotadjuntos?85b9ccda8ea2264a8d8807b58aa4dba2d0273b1b3a6501a5be5ad45ba48937d2,gx-no-cache=1748953557852 HTTP/1.1" 200 30
190.95.2.163 - - [03/Jun/2025:09:23:39 -0300] "GET /cormun/servlet/solicitudotadjuntos?85b9ccda8ea2264a8d8807b58aa4dba2d0273b1b3a6501a5be5ad45ba48937d2,gx-no-cache=1748953557864 HTTP/1.1" 200 30
190.95.2.163 - - [03/Jun/2025:09:23:39 -0300] "POST /cormun/servlet/solicitudotadjuntos?d57c28bf0983362d7654322df0a49a32,INS,2025,22676,,1, HTTP/1.1" 200 116
190.95.2.163 - - [03/Jun/2025:09:23:39 -0300] "GET /cormun/servlet/hpexe_return? HTTP/1.1" 200 1025
190.95.2.163 - - [03/Jun/2025:09:23:39 -0300] "GET /cormun/servlet/trsolicitudadjuntos?2025,22676, HTTP/1.1" 200 10190
190.95.15.27 - - [03/Jun/2025:09:23:40 -0300] "GET /cormun/servlet/trlicencias? HTTP/1.1" 200 10377
190.95.2.163 - - [03/Jun/2025:09:23:42 -0300] "GET /cormun/servlet/solicitudotadjuntos?INS,2025,22676,,1, HTTP/1.1" 200 6048
190.95.2.163 - - [03/Jun/2025:09:23:42 -0300] "GET /cormun/static/about:blank HTTP/1.1" 404 1011
190.95.2.163 - - [03/Jun/2025:09:23:43 -0300] "GET /cormun/servlet/solicitudotadjuntos?85b9ccda8ea2264a8d8807b58aa4dba2e2b33dd5f432a3b66f5004cfb25e6fc45b09283c3cab004c56469d00c859d364,gx-no-cache=1748953561517 HTTP/1.1" 200 30
190.95.2.163 - - [03/Jun/2025:09:23:43 -0300] "POST /cormun/servlet/solicitudotadjuntos?d57c28bf0983362d7654322df0a49a32,INS,2025,22676,,1,,gx-no-cache=1748953561532 HTTP/1.1" 200 3867
190.95.2.163 - - [03/Jun/2025:09:23:48 -0300] "POST /cormun/servlet/solicitudotadjuntos?gx-no-cache=1748953566392 HTTP/1.1" 200 26
104.28.115.49 - - [03/Jun/2025:09:24:42 -0300] "GET /cormun/servlet/hlogin HTTP/1.1" 200 1724
104.28.115.49 - - [03/Jun/2025:09:24:42 -0300] "GET /cormun/servlet/hlogin HTTP/1.1" 200 1735
104.28.115.49 - - [03/Jun/2025:09:24:49 -0300] "POST /cormun/servlet/hlogin?bb6af40a30e5175f46dd0d79f17138eb,gx-no-cache=1748953627202 HTTP/1.1" 200 90
104.28.115.49 - - [03/Jun/2025:09:24:49 -0300] "GET /cormun/servlet/hpexe_link HTTP/1.1" 200 954
104.28.115.49 - - [03/Jun/2025:09:24:49 -0300] "GET /cormun/servlet/hhome HTTP/1.1" 200 4263
104.28.115.49 - - [03/Jun/2025:09:24:49 -0300] "GET /cormun/static/hhome.js?20201215495544 HTTP/1.1" 200 777
104.28.115.49 - - [03/Jun/2025:09:24:53 -0300] "GET /cormun/servlet/trautorizarsolicitud? HTTP/1.1" 200 8756
104.28.115.49 - - [03/Jun/2025:09:24:53 -0300] "GET /cormun/static/Resources/PXTools/calendar.png HTTP/1.1" 200 1306
104.28.115.49 - - [03/Jun/2025:09:24:53 -0300] "ü <ï"㆓ ³¥2±•Kvnð[ šOBÝÂ;}Á ¯G…’^~†¨±V©ãí" 400 -
104.28.115.49 - - [03/Jun/2025:09:24:53 -0300] "GET /cormun/static/Resources/PXToolsGridFirstDisabled.gif HTTP/1.1" 200 100
104.28.115.49 - - [03/Jun/2025:09:24:53 -0300] "GET /cormun/static/Resources/PXToolsDataSearch.png HTTP/1.1" 200 435
104.28.115.48 - - [03/Jun/2025:09:24:53 -0300] "ü|þ÷i¦Ž–ÑE à EålCÁb^„f²Áú£ýJ^ ôùىtP暘ã·×>y`¶wʕ1l-6Y*À,À+Ì©À0À/̨À" 400 -
104.28.115.49 - - [03/Jun/2025:09:24:53 -0300] "GET /cormun/static/Resources/PXToolsDataSearch.png HTTP/1.1" 200 435
104.28.115.49 - - [03/Jun/2025:09:24:56 -0300] "POST /cormun/servlet/trautorizarsolicitud?bb6af40a30e5175f46dd0d79f17138eb,,gx-no-cache=1748953634120 HTTP/1.1" 200 4779
104.28.115.49 - - [03/Jun/2025:09:24:56 -0300] "GET /cormun/static/Shared/jqueryui/images/ui-bg_highlight-soft_100_c6c2c8_1x100.png HTTP/1.1" 404 1117
104.28.115.49 - - [03/Jun/2025:09:24:56 -0300] "üd ™E¥wˆQ:36’ŠÇµ;îÈÔ/ÞH¨`4”€R-Äê …›]šL°¢åÜŸhι .›¡+4réV_]BÉD™*êêÀ,À+Ì©À0À/̨À" 400 -
104.28.115.49 - - [03/Jun/2025:09:24:56 -0300] "üÁKz&Ž ÕL”) Tþxn’T;œQSŸt„MÜé¼ã £™t;÷ôn· z̳b“gؖ^eœìlâ " 400 -
104.28.115.49 - - [03/Jun/2025:09:24:56 -0300] "ü•`Lˆw®à%äùÏjræq¿IO¤á2C¬vhÜäÊtÎ 7\!â"]¿瀆ü=ý4€Rlg‘Ò´÷ÑðþŠû*ººÀ,À+Ì©À0À/̨À " 400 -
104.28.115.49 - - [03/Jun/2025:09:24:56 -0300] "GET /cormun/static/Shared/jqueryui/images/ui-bg_flat_55_fafafa_40x100.png HTTP/1.1" 404 1097
104.28.115.49 - - [03/Jun/2025:09:24:56 -0300] "üëÏ¡‘‘d‚yá£IÝp{…”tUf Ýÿ ¾“ V9;|ëØp2µ‡ÞµÔH@*ã$ƒÆTÞ<*e·\ã*jjÀ,À+Ì©À0À/̨À" 400 -
104.28.115.49 - - [03/Jun/2025:09:24:56 -0300] "-" 400 -
104.28.115.49 - - [03/Jun/2025:09:24:56 -0300] "-" 400 -
104.28.115.49 - - [03/Jun/2025:09:24:56 -0300] "GET /cormun/static/Shared/jqueryui/images/ui-icons_8d78a5_256x240.png HTTP/1.1" 404 1089
104.28.115.49 - - [03/Jun/2025:09:24:56 -0300] "üàã%†õ*»˜b(®Œ¨`_)ÏÐ`Ãbà{HÈh i߈£¤^…aã1!<4 " 400 -
104.28.115.49 - - [03/Jun/2025:09:24:56 -0300] "GET /cormun/static/Shared/jqueryui/images/ui-icons_82798d_256x240.png HTTP/1.1" 404 1089
104.28.115.49 - - [03/Jun/2025:09:24:59 -0300] "GET /cormun/servlet/trautorizarsolicitud? HTTP/1.1" 200 7376
104.28.115.49 - - [03/Jun/2025:09:25:01 -0300] "GET /cormun/servlet/hlogin HTTP/1.1" 200 1748
104.28.115.49 - - [03/Jun/2025:09:25:07 -0300] "POST /cormun/servlet/hlogin?bb6af40a30e5175f46dd0d79f17138eb,gx-no-cache=1748953645482 HTTP/1.1" 200 90
104.28.115.49 - - [03/Jun/2025:09:25:07 -0300] "GET /cormun/servlet/hpexe_link HTTP/1.1" 200 965
104.28.115.49 - - [03/Jun/2025:09:25:07 -0300] "GET /cormun/servlet/trautorizarsolicitud HTTP/1.1" 200 7377
104.28.115.49 - - [03/Jun/2025:09:25:10 -0300] "GET /cormun/servlet/trautorizarsolicitud? HTTP/1.1" 200 7376
190.95.15.9 - - [03/Jun/2025:09:25:16 -0300] "GET /cormun/servlet/solicitudot?f45ce3899e74fbd07e241035020c4468c1b7006a75fb16b76fe704c35720bfaab6fea5c697af99505a7744ab728edf651ae949edd01c6131b92c1410ff927249af8dd8dd65a07282d19fc16730778250db36aaa40961c03158cf3a88d37fd1841be51cc497c2b67fca42983a9d1183dbfbfb1ce014d2f8a6ff161921026a720574f29d2817f861c52769cc95284815852e0a5f301401eb26ff562dc3475343bc71f329d5def0ccfa469401c553943a8d89559b7880db6e59e8e32001f9996870db063cff08b80a28a4ece572bf780cf92e04b5f0f7c32701280bf041b54af40da9240fe9e3996f56d13f705324bcea527a4eeb82bae33a4ac4402155b11612894b7572bcd691641a50b179811ad1f8bceaa2e3036bf255b2b8a7534e7633915bbf346a9bfe58d756941c2017f838b810c6cc4c7369fe35ee622160e1471273d99a9a3d212d448e658d513ae6968d0263,gx-no-cache=1748953653979 HTTP/1.1" 200 240
104.28.115.48 - - [03/Jun/2025:09:25:16 -0300] "üR‘¸lBqÿ ¡ÜØ¡þ 1}tÊ]/«u"ìKE+œJ ý+LB¤¸T ༛ q—(Ë<íÁ8[h+)-Œîe§ö*zzÀ,À+Ì©À0À/̨À" 400 -
104.28.115.48 - - [03/Jun/2025:09:25:16 -0300] "-" 400 -
104.28.115.50 - - [03/Jun/2025:09:25:16 -0300] "üՃxô‡¾ô8†ò9‘òž&£Z ®–CDmoTwºmÇRX  tëٗ^ÛÙ¤ " 400 -
104.28.115.50 - - [03/Jun/2025:09:25:16 -0300] "-" 400 -
104.28.115.50 - - [03/Jun/2025:09:25:16 -0300] "üê:îRPè×ofáÏC!Izþë£ì%þs‹ނ»ê,ÎmÑ ²ðÝè¿WüXƒ²Zf§rµéXi " 400 -
104.28.115.50 - - [03/Jun/2025:09:25:16 -0300] "ü³P11 QžaԞgãàÞ¯Tiop40çw®Wt•ƒ ¹nƋv>M~®7掁›xÜài²f:D#PºÞ%¾s*ŠŠÀ,À+Ì©À0À/̨À" 400 -
104.28.115.50 - - [03/Jun/2025:09:25:16 -0300] "üOõÐ 9½Lúºyq0t_ç|‘¨!•w¡¹ˆ-v ’@sKÒîaçrÁÂ+E«q»Óh&· 4‚¸ðh¨¦ÇS*ššÀ,À+Ì©À0À/̨À" 400 -
104.28.115.50 - - [03/Jun/2025:09:25:16 -0300] "üšs¼^ýÃd>‰vÝúdQ1XŠ‹üÙ쏙{F]Þ v8 çHÅ1èl?Cêö,ø™¯ÚÝË}öº"ˆœ5$~,ÿ*ššÀ,À+Ì©À0À/̨À " 400 -
104.28.115.50 - - [03/Jun/2025:09:25:16 -0300] "ü{ÑàÏɘwìõ˜¾ÎݰƒØ&ۀюˆª•÷i†Gã²Ý I3ÝÁü®}ä]åޤvu$åJטòé»þ;à*ZZÀ,À+Ì©À0À/̨À " 400 -
104.28.115.50 - - [03/Jun/2025:09:25:16 -0300] "üÔeN+Òg’&2@ q=êõ5<ôØ å’:7ÙAiN6¶Ð ù؀à”á´]jâ/ÂÑÓÍp±’ôÎÅÜÖ´áudß]­*" 505 -
104.28.115.50 - - [03/Jun/2025:09:25:16 -0300] "üÔ´\;ï.½Çè² ñ”AŽzs ÉÓ"ٓžõ ¹ÅCš»9œŠºšNÈꞗÜk^t¬ñwÈO*À,À+Ì©À0À/̨À" 400 -
104.28.115.50 - - [03/Jun/2025:09:25:16 -0300] "üÄñ¬`GÑ4¥bUuÝ?>KöR–@¼ò¹=\FvöŽÞ Qß " 400 -
104.28.115.50 - - [03/Jun/2025:09:25:16 -0300] "üð¦p~ÒFq*EDcKgºe6HüˆñJ¿‡É¦ŒêÁ ñV¹f—u[:µlÀ w."»_d/¥ùxÁɩޖþ*JJÀ,À+Ì©À0À/̨À" 400 -
104.28.115.50 - - [03/Jun/2025:09:25:16 -0300] "ü`(1hÚ4`’Å{ƒ±þ²Uó™^ÿ¤R0á ÁÙe'é q ºpý‰Ýáÿè®úF¯×©íRV…­Hš" 400 -
104.28.115.50 - - [03/Jun/2025:09:25:16 -0300] "ü”>F|\¡]aQ…?”Î2TQõ¥ù»G ®œéXÐí =ƒasô;cªšÐtu‰”(ŽªÙ(+¬¹Q ÌõK*ššÀ,À+Ì©À0À/̨À" 400 -
104.28.115.49 - - [03/Jun/2025:09:25:16 -0300] "GET /cormun/servlet/trlicencias? HTTP/1.1" 200 13609
104.28.115.50 - - [03/Jun/2025:09:25:16 -0300] "ü@KK7"]72"VÉ//hx©ËSYí—™„‰›ÕÛ ÆÌý¬íG×Ée¹Š¤Y:Ââ„Cú\Ñ3X­kŽmHr*êêÀ,À+Ì©À0À/̨À " 400 -
104.28.115.50 - - [03/Jun/2025:09:25:16 -0300] "-" 400 -
104.28.115.50 - - [03/Jun/2025:09:25:16 -0300] "üƒF"UŒ˜ºËÄ%\äÛ²6ÕÆåM"¿ø™œsMn`Ë žêJ] V:&§¥×m^Ðòªª±“ñÅ:.Š_§êíã*ººÀ,À+Ì©À0À/̨À" 400 -
104.28.115.49 - - [03/Jun/2025:09:25:16 -0300] "GET /cormun/static/trlicencias.js?202211298463889 HTTP/1.1" 200 41883
104.28.115.50 - - [03/Jun/2025:09:25:16 -0300] "üD³lÅ­*1p7eƒjŽȸ{S× p#‡ç'’Þµ açrˆ¾eõÍÅ38—@þ@½Akß(5®-öl*ººÀ,À+Ì©À0À/̨À " 400 -
104.28.115.49 - - [03/Jun/2025:09:25:16 -0300] "GET /cormun//static/Resources/PXToolsHeaderHelp.png HTTP/1.1" 200 1333
104.28.115.49 - - [03/Jun/2025:09:25:17 -0300] "GET /cormun//static/Resources/PXToolsHeaderFavorites.png HTTP/1.1" 200 1414
104.28.115.50 - - [03/Jun/2025:09:25:17 -0300] "ü5"~µ’»kŠ{6¯„¿_qÖé¦Vg,´Qβ¯šÄu4 2p cÆHˆ}¸Ðaš]’Ö9\0ÓÚ¤©äM***À,À+Ì©À0À/̨À " 400 -
104.28.115.50 - - [03/Jun/2025:09:25:17 -0300] "ü§ø¹#3ÏIÊʞ1ֈæä‚Ýå"¶ò|æþŸ%gýök ùdÜj‡G³(UQ™-nÖ¬ƒ»£f¥vóВÇu^=K"*ÚÚÀ,À+Ì©À0À/̨À " 400 -
104.28.115.49 - - [03/Jun/2025:09:25:17 -0300] "GET /cormun//static/Resources/PXToolsActionDisabled.gif HTTP/1.1" 200 53
190.95.15.9 - - [03/Jun/2025:09:25:18 -0300] "GET /cormun/servlet/solicitudot?f45ce3899e74fbd07e241035020c446830cdba487424c1c9143f5b0fe3725503aa43428d6e7ab1e3ddeb0bcd618478cb0495a463db3a7438ab5eb932ed42603e97623440bfb0343dbc0ce6c6a7cce7f30f995a1c621b7c8db83f7c57d1d8507e200e2741bdc1e0680817d25d4d14a1ccc4bf5206a043639d6f55dde561027ca43a8f2cecc9ccbe0c37e5ecc5de6931d9419e1ace718b56b33ebc35ba384772eb5591b1733c94379305b49b4c58e6c00f70137503cdab195fc61a5c661d88224c6a8230fad6e9c8ef540f82efff76a1846e1b4185cfe38b356bef0601c2537d4e5f2a99f0504042577d9841abeaee430a8fc8328101c6a4d6acc72fec5a3941b6ac79ad756612e142e5aea9922b5cc871d3de1658a40699e6d63c370209f4f654fe61ce52c08bef8d41f18f3e9ebc2bf04f58a53a36590cd75822de762bcc900eea4eedbe6dc770f19eb882f41b55801621e720db7722c1e361a8ac226de25b410b5215d83adab08b6f259c36fd57d6a8f7fff4f4c6fd736bc4b3c6d272fcb2d0,gx-no-cache=1748953656525 HTTP/1.1" 200 30
190.95.15.9 - - [03/Jun/2025:09:25:21 -0300] "POST /cormun/servlet/solicitudot?gx-no-cache=1748953659627 HTTP/1.1" 200 30
190.95.15.9 - - [03/Jun/2025:09:25:26 -0300] "GET /cormun/static/Resources/resize.gif HTTP/1.1" 200 77
190.95.15.9 - - [03/Jun/2025:09:25:26 -0300] "GET /cormun/static/Resources/PXTools/ClosePrompt.png HTTP/1.1" 200 1036
190.95.15.9 - - [03/Jun/2025:09:25:27 -0300] "GET /cormun/servlet/prfichaempleado?,MD,,gxPopupLevel%3D0%3B HTTP/1.1" 200 9269
190.95.15.9 - - [03/Jun/2025:09:25:27 -0300] "GET /cormun/static/gxcfg.js?20201215571085 HTTP/1.1" 200 953
190.95.15.9 - - [03/Jun/2025:09:25:27 -0300] "GET /cormun/static/Resources/PXToolsMenuSearch.png HTTP/1.1" 200 336
190.95.15.9 - - [03/Jun/2025:09:25:27 -0300] "GET /cormun/static/prfichaempleado.js?20201215572193 HTTP/1.1" 200 16005
190.95.15.9 - - [03/Jun/2025:09:25:27 -0300] "GET /cormun/static/menusearch.js?20201214473581 HTTP/1.1" 200 1424
190.95.15.9 - - [03/Jun/2025:09:25:27 -0300] "GET /cormun/static/hmpwkw011.js?202211298443482 HTTP/1.1" 200 1968
190.95.15.9 - - [03/Jun/2025:09:25:27 -0300] "GET /cormun/static/Resources/PXToolsMenuSearchCancel.png HTTP/1.1" 200 306
190.95.15.9 - - [03/Jun/2025:09:25:39 -0300] "POST /cormun/servlet/prfichaempleado?0e145d9ac2b6f0db03a313e38ba8cb1f,,MD,,gxPopupLevel%3D0%3B,gx-no-cache=1748953677561 HTTP/1.1" 200 5544
104.28.115.48 - - [03/Jun/2025:09:25:42 -0300] "-" 400 -
104.28.115.48 - - [03/Jun/2025:09:25:42 -0300] "GET /cormun/servlet/hlogin HTTP/1.1" 200 1742
190.95.15.9 - - [03/Jun/2025:09:26:02 -0300] "POST /cormun/servlet/prfichaempleado?0e145d9ac2b6f0db03a313e38ba8cb1f,,MD,,gxPopupLevel%3D0%3B,gx-no-cache=1748953700392 HTTP/1.1" 200 3178
190.95.15.9 - - [03/Jun/2025:09:26:14 -0300] "POST /cormun/servlet/prfichaempleado?0e145d9ac2b6f0db03a313e38ba8cb1f,,MD,,gxPopupLevel%3D0%3B,gx-no-cache=1748953712468 HTTP/1.1" 200 3178
190.95.15.9 - - [03/Jun/2025:09:26:33 -0300] "GET /cormun/servlet/prfichaempleado?,MD,,gxPopupLevel%3D0%3B HTTP/1.1" 200 9269
190.95.15.9 - - [03/Jun/2025:09:26:48 -0300] "POST /cormun/servlet/prfichaempleado?0e145d9ac2b6f0db03a313e38ba8cb1f,,MD,,gxPopupLevel%3D0%3B,gx-no-cache=1748953746439 HTTP/1.1" 200 5544
190.95.15.9 - - [03/Jun/2025:09:27:22 -0300] "POST /cormun/servlet/prfichaempleado?0e145d9ac2b6f0db03a313e38ba8cb1f,,MD,,gxPopupLevel%3D0%3B,gx-no-cache=1748953780164 HTTP/1.1" 200 5549
190.95.67.99 - - [03/Jun/2025:09:27:23 -0300] "POST /cormun/servlet/trpermisosgoce?bc709721c5f8a5ce441d6b930a153b2a,,gx-no-cache=1748953782689 HTTP/1.1" 200 5789
190.95.15.9 - - [03/Jun/2025:09:27:52 -0300] "GET /cormun/servlet/prfichaempleado?,MD,,gxPopupLevel%3D0%3B HTTP/1.1" 200 9269
190.95.15.9 - - [03/Jun/2025:09:28:02 -0300] "POST /cormun/servlet/prfichaempleado?0e145d9ac2b6f0db03a313e38ba8cb1f,,MD,,gxPopupLevel%3D0%3B,gx-no-cache=1748953820464 HTTP/1.1" 200 5544
190.95.15.9 - - [03/Jun/2025:09:28:48 -0300] "GET /cormun/servlet/prlicenciaspermisos?0,L,,MD,,gxPopupLevel%3D0%3B HTTP/1.1" 200 5125
190.95.15.9 - - [03/Jun/2025:09:28:48 -0300] "GET /cormun/static/gxcfg.js?2020121559567 HTTP/1.1" 200 953
190.95.15.9 - - [03/Jun/2025:09:28:48 -0300] "GET /cormun/static/prlicenciaspermisos.js?2020121559821 HTTP/1.1" 200 13379
190.95.15.9 - - [03/Jun/2025:09:28:59 -0300] "POST /cormun/servlet/solicitudot?gx-no-cache=1748953877134 HTTP/1.1" 200 1557
190.95.2.163 - - [03/Jun/2025:09:29:43 -0300] "GET /cormun/servlet/solicitudotadjuntos?85b9ccda8ea2264a8d8807b58aa4dba2d0273b1b3a6501a5be5ad45ba48937d2,gx-no-cache=1748953922013 HTTP/1.1" 200 30
190.95.2.163 - - [03/Jun/2025:09:29:44 -0300] "GET /cormun/servlet/solicitudotadjuntos?85b9ccda8ea2264a8d8807b58aa4dba2d0273b1b3a6501a5be5ad45ba48937d2,gx-no-cache=1748953922065 HTTP/1.1" 200 30
190.95.2.163 - - [03/Jun/2025:09:29:44 -0300] "POST /cormun/servlet/solicitudotadjuntos?d57c28bf0983362d7654322df0a49a32,INS,2025,22676,,1, HTTP/1.1" 200 116
190.95.2.163 - - [03/Jun/2025:09:29:44 -0300] "GET /cormun/servlet/hpexe_return? HTTP/1.1" 200 1025
190.95.2.163 - - [03/Jun/2025:09:29:44 -0300] "GET /cormun/servlet/trsolicitudadjuntos?2025,22676, HTTP/1.1" 200 10432
190.95.2.163 - - [03/Jun/2025:09:29:53 -0300] "GET /cormun/servlet/trsolicitudot? HTTP/1.1" 200 8611
190.95.2.163 - - [03/Jun/2025:09:30:00 -0300] "POST /cormun/servlet/trsolicitudot?d57c28bf0983362d7654322df0a49a32,,gx-no-cache=1748953938125 HTTP/1.1" 200 4580
190.95.2.163 - - [03/Jun/2025:09:30:00 -0300] "GET /cormun/static/Shared/jqueryui/images/ui-bg_highlight-soft_100_c6c2c8_1x100.png HTTP/1.1" 404 1117
190.95.2.163 - - [03/Jun/2025:09:30:00 -0300] "GET /cormun/static/Shared/jqueryui/images/ui-icons_82798d_256x240.png HTTP/1.1" 404 1089
190.95.2.163 - - [03/Jun/2025:09:30:00 -0300] "GET /cormun/static/Shared/jqueryui/images/ui-bg_flat_55_fafafa_40x100.png HTTP/1.1" 404 1097
190.95.2.163 - - [03/Jun/2025:09:30:00 -0300] "GET /cormun/static/Shared/jqueryui/images/ui-icons_8d78a5_256x240.png HTTP/1.1" 404 1089
190.95.2.163 - - [03/Jun/2025:09:30:00 -0300] "POST /cormun/servlet/trsolicitudot?d57c28bf0983362d7654322df0a49a32,,gx-no-cache=1748953938234 HTTP/1.1" 200 4345
190.95.2.163 - - [03/Jun/2025:09:30:07 -0300] "GET /cormun/servlet/hlogin HTTP/1.1" 200 1720
190.95.2.163 - - [03/Jun/2025:09:30:13 -0300] "POST /cormun/servlet/hlogin?d57c28bf0983362d7654322df0a49a32,gx-no-cache=1748953951927 HTTP/1.1" 200 90
190.95.2.163 - - [03/Jun/2025:09:30:13 -0300] "GET /cormun/servlet/hpexe_link HTTP/1.1" 200 951
190.95.2.163 - - [03/Jun/2025:09:30:13 -0300] "GET /cormun/servlet/hhome HTTP/1.1" 200 4167
190.95.2.163 - - [03/Jun/2025:09:30:14 -0300] "GET /cormun/static/SmoothNavMenu/resources/images/right.gif HTTP/1.1" 200 860
190.95.2.163 - - [03/Jun/2025:09:30:18 -0300] "GET /cormun/servlet/trautorizarsolicitud? HTTP/1.1" 200 8659
190.95.2.163 - - [03/Jun/2025:09:30:18 -0300] "GET /cormun/static/gxcfg.js?202211298474254 HTTP/1.1" 200 953
190.95.2.163 - - [03/Jun/2025:09:30:18 -0300] "GET /cormun/static/trautorizarsolicitud.js?202211298474588 HTTP/1.1" 200 53909
190.95.2.163 - - [03/Jun/2025:09:30:34 -0300] "POST /cormun/servlet/trautorizarsolicitud?d57c28bf0983362d7654322df0a49a32,,gx-no-cache=1748953972249 HTTP/1.1" 200 4773
190.95.2.163 - - [03/Jun/2025:09:30:34 -0300] "GET /cormun/static/Shared/jqueryui/images/ui-icons_82798d_256x240.png HTTP/1.1" 404 1089
190.95.2.163 - - [03/Jun/2025:09:30:34 -0300] "GET /cormun/static/Shared/jqueryui/images/ui-bg_highlight-soft_100_c6c2c8_1x100.png HTTP/1.1" 404 1117
190.95.2.163 - - [03/Jun/2025:09:30:34 -0300] "GET /cormun/static/Shared/jqueryui/images/ui-icons_8d78a5_256x240.png HTTP/1.1" 404 1089
190.95.2.163 - - [03/Jun/2025:09:30:34 -0300] "GET /cormun/static/Shared/jqueryui/images/ui-bg_flat_55_fafafa_40x100.png HTTP/1.1" 404 1097
190.95.2.163 - - [03/Jun/2025:09:30:34 -0300] "POST /cormun/servlet/trautorizarsolicitud?d57c28bf0983362d7654322df0a49a32,,gx-no-cache=1748953972394 HTTP/1.1" 200 4535
190.95.15.9 - - [03/Jun/2025:09:30:36 -0300] "GET /cormun/servlet/prlicenciaspermisos?262589161,L,,MD,,gxPopupLevel%3D0%3B HTTP/1.1" 200 5134
190.95.15.9 - - [03/Jun/2025:09:30:59 -0300] "POST /cormun/servlet/solicitudot?gx-no-cache=1748953997405 HTTP/1.1" 200 1619
190.95.67.99 - - [03/Jun/2025:09:31:03 -0300] "POST /cormun/servlet/trpermisosgoce?bc709721c5f8a5ce441d6b930a153b2a,,gx-no-cache=1748954002792 HTTP/1.1" 200 16125
190.95.15.9 - - [03/Jun/2025:09:31:06 -0300] "GET /cormun/servlet/prfichaempleado?,MD,,gxPopupLevel%3D0%3B HTTP/1.1" 200 9269
190.95.15.9 - - [03/Jun/2025:09:31:12 -0300] "POST /cormun/servlet/prfichaempleado?0e145d9ac2b6f0db03a313e38ba8cb1f,,MD,,gxPopupLevel%3D0%3B,gx-no-cache=1748954010407 HTTP/1.1" 200 6569
190.95.15.9 - - [03/Jun/2025:09:31:13 -0300] "GET /cormun/static/Resources/PXToolsGridNext.gif HTTP/1.1" 200 369
190.95.15.9 - - [03/Jun/2025:09:31:13 -0300] "GET /cormun/static/Resources/PXToolsGridLast.gif HTTP/1.1" 200 370
190.95.15.9 - - [03/Jun/2025:09:31:44 -0300] "GET /cormun/servlet/prfichaempleado?,MD,,gxPopupLevel%3D0%3B HTTP/1.1" 200 9269
190.95.15.9 - - [03/Jun/2025:09:31:57 -0300] "POST /cormun/servlet/prfichaempleado?0e145d9ac2b6f0db03a313e38ba8cb1f,,MD,,gxPopupLevel%3D0%3B,gx-no-cache=1748954054999 HTTP/1.1" 200 3178
190.95.15.9 - - [03/Jun/2025:09:32:00 -0300] "POST /cormun/servlet/prfichaempleado?0e145d9ac2b6f0db03a313e38ba8cb1f,,MD,,gxPopupLevel%3D0%3B,gx-no-cache=1748954058407 HTTP/1.1" 200 3178
190.95.15.9 - - [03/Jun/2025:09:32:01 -0300] "POST /cormun/servlet/prfichaempleado?0e145d9ac2b6f0db03a313e38ba8cb1f,,MD,,gxPopupLevel%3D0%3B,gx-no-cache=1748954059524 HTTP/1.1" 200 3178
190.95.67.99 - - [03/Jun/2025:09:32:50 -0300] "GET /cormun/servlet/trlicencias? HTTP/1.1" 200 11435
190.95.67.99 - - [03/Jun/2025:09:32:50 -0300] "GET /cormun/servlet/trlicencias? HTTP/1.1" 200 11435
190.95.67.99 - - [03/Jun/2025:09:33:18 -0300] "POST /cormun/servlet/trlicencias?bc709721c5f8a5ce441d6b930a153b2a,,gx-no-cache=1748954137850 HTTP/1.1" 200 8943
190.95.15.9 - - [03/Jun/2025:09:36:17 -0300] "POST /cormun/servlet/solicitudot?gx-no-cache=1748954315086 HTTP/1.1" 200 1619
190.95.15.9 - - [03/Jun/2025:09:36:31 -0300] "GET /cormun/servlet/trcontratounov2? HTTP/1.1" 200 18173
190.95.15.9 - - [03/Jun/2025:09:36:31 -0300] "GET /cormun/static/gxcfg.js?2020121614367 HTTP/1.1" 200 953
190.95.15.9 - - [03/Jun/2025:09:36:31 -0300] "GET /cormun/static/trcontratounov2.js?20201216143065 HTTP/1.1" 200 38486
190.95.15.9 - - [03/Jun/2025:09:36:31 -0300] "GET /cormun/static/Resources/PXToolsAddSelectedAction.png HTTP/1.1" 200 523
190.95.15.9 - - [03/Jun/2025:09:36:43 -0300] "POST /cormun/servlet/trcontratounov2?0e145d9ac2b6f0db03a313e38ba8cb1f,,gx-no-cache=1748954341022 HTTP/1.1" 200 7809
201.186.225.193 - - [03/Jun/2025:09:37:02 -0300] "GET /cormun/servlet/hhome HTTP/1.1" 200 3325
201.186.225.193 - - [03/Jun/2025:09:37:02 -0300] "GET /cormun/servlet/hlogin HTTP/1.1" 200 1734
201.186.225.193 - - [03/Jun/2025:09:37:06 -0300] "POST /cormun/servlet/hlogin?de55c3c7aed15b01f6a739a6698ddd80,gx-no-cache=1748954363992 HTTP/1.1" 200 90
201.186.225.193 - - [03/Jun/2025:09:37:06 -0300] "GET /cormun/servlet/hpexe_link HTTP/1.1" 200 952
201.186.225.193 - - [03/Jun/2025:09:37:06 -0300] "GET /cormun/servlet/hhome HTTP/1.1" 200 4298
201.186.225.193 - - [03/Jun/2025:09:37:08 -0300] "GET /cormun/servlet/trlicencias? HTTP/1.1" 200 10794
190.95.15.9 - - [03/Jun/2025:09:37:11 -0300] "GET /cormun/servlet/trsolicitudot? HTTP/1.1" 200 7462
190.95.15.9 - - [03/Jun/2025:09:37:17 -0300] "GET /cormun/servlet/solicitudot?INS,0,0,false, HTTP/1.1" 200 16248
190.95.15.9 - - [03/Jun/2025:09:37:35 -0300] "POST /cormun/servlet/solicitudot?0e145d9ac2b6f0db03a313e38ba8cb1f,INS,0,0,false,,gx-no-cache=1748954393855 HTTP/1.1" 200 93
190.95.15.9 - - [03/Jun/2025:09:37:35 -0300] "GET /cormun/servlet/hpexe_return? HTTP/1.1" 200 1011
190.95.15.9 - - [03/Jun/2025:09:37:36 -0300] "GET /cormun/servlet/trsolicitudot HTTP/1.1" 200 7465
190.95.15.9 - - [03/Jun/2025:09:37:58 -0300] "POST /cormun/servlet/trsolicitudot?0e145d9ac2b6f0db03a313e38ba8cb1f,gx-no-cache=1748954416111 HTTP/1.1" 200 4643
190.95.15.9 - - [03/Jun/2025:09:37:59 -0300] "POST /cormun/servlet/trsolicitudot?0e145d9ac2b6f0db03a313e38ba8cb1f,gx-no-cache=1748954417580 HTTP/1.1" 200 4642
190.95.15.9 - - [03/Jun/2025:09:38:06 -0300] "GET /cormun/servlet/solicitudot?INS,0,0,false, HTTP/1.1" 200 16246
190.95.15.9 - - [03/Jun/2025:09:38:17 -0300] "POST /cormun/servlet/solicitudot?gx-no-cache=1748954435887 HTTP/1.1" 200 4124
190.95.15.9 - - [03/Jun/2025:09:38:18 -0300] "GET /cormun/static/Shared/jqueryui/images/ui-bg_highlight-soft_100_c6c2c8_1x100.png HTTP/1.1" 404 1117
190.95.15.9 - - [03/Jun/2025:09:38:18 -0300] "GET /cormun/static/Shared/jqueryui/images/ui-icons_82798d_256x240.png HTTP/1.1" 404 1089
190.95.15.9 - - [03/Jun/2025:09:38:18 -0300] "GET /cormun/static/Shared/jqueryui/images/ui-icons_ebccce_256x240.png HTTP/1.1" 404 1089
190.95.15.9 - - [03/Jun/2025:09:38:18 -0300] "GET /cormun/static/Shared/jqueryui/images/ui-bg_flat_55_994d53_40x100.png HTTP/1.1" 404 1097
190.95.15.9 - - [03/Jun/2025:09:38:22 -0300] "GET /cormun/servlet/solicitudot?f45ce3899e74fbd07e241035020c44680131f7d902be3bd9c3cca73321a16da6a347fad9997f59bf2e8023f8d7fc11c1,gx-no-cache=1748954440088 HTTP/1.1" 200 30
190.95.15.17 - - [03/Jun/2025:09:38:40 -0300] "GET /cormun/servlet/hlogin HTTP/1.1" 200 1723
190.95.15.17 - - [03/Jun/2025:09:38:41 -0300] "GET /cormun/servlet/hlogin HTTP/1.1" 200 1734
190.95.15.17 - - [03/Jun/2025:09:38:44 -0300] "POST /cormun/servlet/hlogin?32d6c9ca4dafb7162e60ac9d9f3d02e0,gx-no-cache=1748954902677 HTTP/1.1" 200 90
190.95.15.17 - - [03/Jun/2025:09:38:44 -0300] "GET /cormun/servlet/hpexe_link HTTP/1.1" 200 953
190.95.15.17 - - [03/Jun/2025:09:38:44 -0300] "GET /cormun/servlet/hhome HTTP/1.1" 200 4381
190.95.15.17 - - [03/Jun/2025:09:38:48 -0300] "GET /cormun/servlet/trlicencias? HTTP/1.1" 200 10074
190.95.15.9 - - [03/Jun/2025:09:39:25 -0300] "GET /cormun/servlet/prbanco?,MD,,gxPopupLevel%3D0%3B HTTP/1.1" 200 6638
190.95.15.9 - - [03/Jun/2025:09:39:25 -0300] "GET /cormun/static/gxcfg.js?20201216131581 HTTP/1.1" 200 953
190.95.15.9 - - [03/Jun/2025:09:39:25 -0300] "GET /cormun/static/prbanco.js?20201216132311 HTTP/1.1" 200 10693
200.126.117.15 - - [03/Jun/2025:09:39:27 -0300] "GET /cormun/servlet/hlogin HTTP/1.1" 200 1720
200.126.117.15 - - [03/Jun/2025:09:39:27 -0300] "GET /cormun/static/gxtimezone.js?85251 HTTP/1.1" 200 5781
200.126.117.15 - - [03/Jun/2025:09:39:27 -0300] "GET /cormun/static/gxcfg.js?2022112219184450 HTTP/1.1" 200 953
200.126.117.15 - - [03/Jun/2025:09:39:27 -0300] "GET /cormun/static/Resources/CormunLogin.png HTTP/1.1" 200 19132
200.126.117.15 - - [03/Jun/2025:09:39:27 -0300] "GET /cormun/static/messages.spa.js?85251 HTTP/1.1" 200 30736
200.126.117.15 - - [03/Jun/2025:09:39:27 -0300] "GET /cormun/static/hlogin.js?2022112219184458 HTTP/1.1" 200 2156
200.126.117.15 - - [03/Jun/2025:09:39:28 -0300] "GET /cormun/static/Resources/Spanish/PXTools.css?1759030 HTTP/1.1" 200 100853
200.126.117.15 - - [03/Jun/2025:09:39:28 -0300] "GET /cormun/static/gxgral.js?85251 HTTP/1.1" 200 384558
200.126.117.15 - - [03/Jun/2025:09:39:28 -0300] "GET /cormun/static/Resources/PXToolsLoginTop.png HTTP/1.1" 200 1337
200.126.117.15 - - [03/Jun/2025:09:39:28 -0300] "GET /cormun/static/Resources/PXToolsLoginBackground.png HTTP/1.1" 200 1164
200.126.117.15 - - [03/Jun/2025:09:39:28 -0300] "GET /cormun/static/Resources/PXToolsButtonLeft.png HTTP/1.1" 200 1310
200.126.117.15 - - [03/Jun/2025:09:39:28 -0300] "GET /cormun/static/Resources/PXToolsButtonBackground.png HTTP/1.1" 200 1176
200.126.117.15 - - [03/Jun/2025:09:39:28 -0300] "GET /cormun/static/Resources/PXToolsButtonRight.png HTTP/1.1" 200 1294
200.126.117.15 - - [03/Jun/2025:09:39:28 -0300] "GET /cormun/static/Resources/PXToolsLoginBottom.png HTTP/1.1" 200 1389
200.126.117.15 - - [03/Jun/2025:09:39:28 -0300] "GET /cormun/static/Resources/indicator.gif HTTP/1.1" 200 1553
190.95.15.9 - - [03/Jun/2025:09:39:30 -0300] "GET /cormun/servlet/solicitudot?f45ce3899e74fbd07e241035020c4468bd44d77da6124db553d86b3621aea1bd,gx-no-cache=1748954508085 HTTP/1.1" 200 94
190.95.15.9 - - [03/Jun/2025:09:39:31 -0300] "GET /cormun/servlet/solicitudot?f45ce3899e74fbd07e241035020c44680d467105310443101cdf374e0ba7d45a,gx-no-cache=1748954509081 HTTP/1.1" 200 53
200.126.117.15 - - [03/Jun/2025:09:39:33 -0300] "POST /cormun/servlet/hlogin?498c60e52b316da7a14c323c82053f36,gx-no-cache=1748954510245 HTTP/1.1" 200 90
200.126.117.15 - - [03/Jun/2025:09:39:33 -0300] "GET /cormun/servlet/hpexe_link HTTP/1.1" 200 951
200.126.117.15 - - [03/Jun/2025:09:39:33 -0300] "GET /cormun/static/gxcfg.js?20221129847421 HTTP/1.1" 200 953
200.126.117.15 - - [03/Jun/2025:09:39:33 -0300] "GET /cormun/static/hpexe_link.js?20221129847423 HTTP/1.1" 200 625
200.126.117.15 - - [03/Jun/2025:09:39:33 -0300] "GET /cormun/static/Resources/Spanish/PXTools.css?8354383 HTTP/1.1" 200 100853
200.126.117.15 - - [03/Jun/2025:09:39:33 -0300] "GET /cormun/servlet/hhome HTTP/1.1" 200 4323
200.126.117.15 - - [03/Jun/2025:09:39:33 -0300] "GET /cormun/static/SmoothNavMenu/resources/ddsmoothmenu.css?1112540 HTTP/1.1" 200 2223
200.126.117.15 - - [03/Jun/2025:09:39:33 -0300] "GET /cormun/static/SmoothNavMenu/resources/ddsmoothmenu-v.css?1112540 HTTP/1.1" 200 1188
200.126.117.15 - - [03/Jun/2025:09:39:33 -0300] "GET /cormun/static/Shared/jqueryui/jquery-ui.min.css?1345370 HTTP/1.1" 200 30288
200.126.117.15 - - [03/Jun/2025:09:39:33 -0300] "GET /cormun/static/gxcfg.js?20201215495537 HTTP/1.1" 200 953
