190.95.67.97 - - [28/May/2025:10:36:25 -0300] "GET /cormun/static/SmoothNavMenu/resources/images/down.gif HTTP/1.1" 200 854
190.95.67.97 - - [28/May/2025:10:36:27 -0300] "GET /cormun/servlet/trpermisosgoce? HTTP/1.1" 200 16508
190.95.67.97 - - [28/May/2025:10:36:27 -0300] "GET /cormun/static/gxcfg.js?2020121631564 HTTP/1.1" 200 953
190.95.67.97 - - [28/May/2025:10:36:27 -0300] "GET /cormun/static/Resources/Spanish/PXTools.css?14345360 HTTP/1.1" 200 100853
190.95.67.97 - - [28/May/2025:10:36:27 -0300] "GET /cormun/static/trpermisosgoce.js?2020121633681 HTTP/1.1" 200 35904
190.95.67.97 - - [28/May/2025:10:36:29 -0300] "GET /cormun//static/Resources/PXToolsGridUpdate.png HTTP/1.1" 200 470
190.95.67.97 - - [28/May/2025:10:36:29 -0300] "GET /cormun//static/Resources/PXToolsGridDelete.png HTTP/1.1" 200 538
190.95.67.97 - - [28/May/2025:10:36:31 -0300] "GET /cormun/servlet/permisogoce?INS,0,,, HTTP/1.1" 200 6736
190.95.67.97 - - [28/May/2025:10:36:31 -0300] "GET /cormun/static/gxcfg.js?20201215124560 HTTP/1.1" 200 953
190.95.67.97 - - [28/May/2025:10:36:31 -0300] "GET /cormun/static/Resources/prompt.gif HTTP/1.1" 200 902
190.95.67.97 - - [28/May/2025:10:36:31 -0300] "GET /cormun/static/permisogoce.js?20201215124939 HTTP/1.1" 200 27790
190.95.67.97 - - [28/May/2025:10:36:40 -0300] "GET /cormun/servlet/permisogoce?613bb1a159508e253b6940a6d0ffdfec3f3421e4c0a89b1a1477cceede5d1a0ea172b3380e161ca5d33df4d76df3b3a8e2fc9ede23b0f0de87a735097d6f036f,gx-no-cache=1748439315919 HTTP/1.1" 200 85
190.95.67.97 - - [28/May/2025:10:36:50 -0300] "GET /cormun/servlet/trpermisosgoce? HTTP/1.1" 200 16516
190.95.67.97 - - [28/May/2025:10:37:02 -0300] "GET /cormun/servlet/apermisogoceprn?15438765,P,20250527112421,PU HTTP/1.1" 200 1671
190.95.67.97 - - [28/May/2025:10:38:47 -0300] "POST /cormun/servlet/trpermisosgoce?93d70166e0b633c5c574aa17658f4951,,gx-no-cache=1748439443004 HTTP/1.1" 200 5517
201.186.225.193 - - [28/May/2025:10:39:00 -0300] "GET /cormun/servlet/hhome HTTP/1.1" 200 3329
201.186.225.193 - - [28/May/2025:10:39:00 -0300] "GET /cormun/servlet/hlogin HTTP/1.1" 200 1740
201.186.225.193 - - [28/May/2025:10:39:05 -0300] "POST /cormun/servlet/hlogin?d23b282663436a29b123b78ddda71db6,gx-no-cache=1748439692321 HTTP/1.1" 200 90
201.186.225.193 - - [28/May/2025:10:39:05 -0300] "GET /cormun/servlet/hpexe_link HTTP/1.1" 200 957
201.186.225.193 - - [28/May/2025:10:39:06 -0300] "GET /cormun/servlet/hhome HTTP/1.1" 200 4302
201.186.225.193 - - [28/May/2025:10:39:08 -0300] "GET /cormun/servlet/trlicencias? HTTP/1.1" 200 10331
190.95.67.97 - - [28/May/2025:10:39:18 -0300] "GET /cormun/servlet/trpermisosgoce? HTTP/1.1" 200 8138
201.186.225.193 - - [28/May/2025:10:39:19 -0300] "GET /cormun/servlet/hhome HTTP/1.1" 200 4302
192.168.10.19 - - [28/May/2025:10:39:32 -0300] "GET /cormun/servlet/hhome HTTP/1.1" 200 3312
192.168.10.19 - - [28/May/2025:10:39:32 -0300] "GET /cormun/servlet/hlogin HTTP/1.1" 200 1722
192.168.10.19 - - [28/May/2025:10:39:32 -0300] "GET /cormun/servlet/hhome HTTP/1.1" 200 3322
192.168.10.19 - - [28/May/2025:10:39:55 -0300] "POST /cormun/servlet/hlogin?6fbaafeb2fbdc777ad9f489e7bd84fd6,gx-no-cache=1748439759881 HTTP/1.1" 200 90
192.168.10.19 - - [28/May/2025:10:39:55 -0300] "GET /cormun/servlet/hpexe_link HTTP/1.1" 200 942
192.168.10.19 - - [28/May/2025:10:39:55 -0300] "GET /cormun/servlet/hhome HTTP/1.1" 200 3810
192.168.10.19 - - [28/May/2025:10:40:01 -0300] "GET /cormun/servlet/trsolicitudgral? HTTP/1.1" 200 27863
192.168.10.22 - - [28/May/2025:10:40:01 -0300] "POST /cormun/servlet/trsolicitudgral?f4f546ccb09cf153a2d566b1a23c01e8,,gx-no-cache=1748439766094 HTTP/1.1" 200 25460
192.168.10.22 - - [28/May/2025:10:40:04 -0300] "GET /cormun/servlet/trautorizarot? HTTP/1.1" 200 9550
192.168.10.22 - - [28/May/2025:10:40:13 -0300] "POST /cormun/servlet/trautorizarot?f4f546ccb09cf153a2d566b1a23c01e8,,gx-no-cache=1748439777824 HTTP/1.1" 200 5330
192.168.10.22 - - [28/May/2025:10:40:14 -0300] "GET /cormun/servlet/trautorizarot? HTTP/1.1" 200 8152
192.168.10.22 - - [28/May/2025:10:40:17 -0300] "GET /cormun/servlet/trsolicitudgral? HTTP/1.1" 200 27856
192.168.10.22 - - [28/May/2025:10:40:20 -0300] "POST /cormun/servlet/trsolicitudgral?f4f546ccb09cf153a2d566b1a23c01e8,,gx-no-cache=1748439784766 HTTP/1.1" 200 7166
190.95.67.91 - - [28/May/2025:10:40:21 -0300] "POST /cormun/servlet/trlicencias?5f272167e6b6d8d8cf1f2a07e9e85a83,,gx-no-cache=1748439767461 HTTP/1.1" 200 16213
192.168.10.22 - - [28/May/2025:10:40:23 -0300] "GET /cormun/servlet/vesolicitudgral?2025,22617,, HTTP/1.1" 200 8374
192.168.10.22 - - [28/May/2025:10:40:23 -0300] "GET /cormun/pexe_scrolldiv.js HTTP/1.1" 404 1009
190.95.67.91 - - [28/May/2025:10:40:24 -0300] "GET /cormun/servlet/trsolicitudot? HTTP/1.1" 200 7449
190.95.67.91 - - [28/May/2025:10:40:42 -0300] "GET /cormun/servlet/solicitudot?INS,0,0,false, HTTP/1.1" 200 16228
190.95.67.91 - - [28/May/2025:10:40:43 -0300] "GET /cormun/static/gxcfg.js?20221129840861 HTTP/1.1" 200 953
190.95.67.91 - - [28/May/2025:10:40:43 -0300] "GET /cormun/static/solicitudot.js?20221129840983 HTTP/1.1" 200 74072
192.168.10.19 - - [28/May/2025:10:40:46 -0300] "GET /cormun/servlet/vesolicitudgral?2025,22616,, HTTP/1.1" 200 8408
192.168.10.19 - - [28/May/2025:10:40:46 -0300] "GET /cormun/pexe_scrolldiv.js HTTP/1.1" 404 1009
190.95.67.97 - - [28/May/2025:10:40:46 -0300] "GET /cormun/servlet/trpermisosgoce? HTTP/1.1" 200 8138
192.168.10.22 - - [28/May/2025:10:40:55 -0300] "GET /cormun/servlet/vesolicitudgral?2025,22617,,SolicitudOTAdjuntos HTTP/1.1" 200 11174
192.168.10.22 - - [28/May/2025:10:40:55 -0300] "GET /cormun/pexe_scrolldiv.js HTTP/1.1" 404 1009
192.168.10.22 - - [28/May/2025:10:40:56 -0300] "POST /cormun/servlet/acontrolpreferencessavestate?None,RRHH+DANIELA,true HTTP/1.1" 200 35
192.168.10.22 - - [28/May/2025:10:40:57 -0300] "GET /cormun/PublicTempStorage/cedula_identidad_paula1418543.pdf HTTP/1.1" 200 311255
192.168.10.19 - - [28/May/2025:10:40:59 -0300] "GET /cormun/servlet/vesolicitudgral?2025,22616,,SolicitudOTAdjuntos HTTP/1.1" 200 11085
192.168.10.19 - - [28/May/2025:10:40:59 -0300] "GET /cormun/pexe_scrolldiv.js HTTP/1.1" 404 1009
192.168.10.19 - - [28/May/2025:10:41:00 -0300] "POST /cormun/servlet/acontrolpreferencessavestate?None,RRHH+DANIELA,true HTTP/1.1" 200 35
192.168.10.19 - - [28/May/2025:10:41:00 -0300] "GET /cormun/servlet/vesolicitudgral?2025,22616,,General HTTP/1.1" 200 8412
192.168.10.19 - - [28/May/2025:10:41:00 -0300] "GET /cormun/pexe_scrolldiv.js HTTP/1.1" 404 1009
190.95.67.91 - - [28/May/2025:10:41:01 -0300] "POST /cormun/servlet/solicitudot?gx-no-cache=1748439807386 HTTP/1.1" 200 4039
190.95.67.91 - - [28/May/2025:10:41:01 -0300] "POST /cormun/servlet/solicitudot?5f272167e6b6d8d8cf1f2a07e9e85a83,INS,0,0,false,,gx-no-cache=1748439807514 HTTP/1.1" 200 12899
192.168.10.22 - - [28/May/2025:10:41:01 -0300] "GET /cormun/servlet/vesolicitudgral?2025,22617,,SolicitudOTAdjuntos HTTP/1.1" 200 11173
192.168.10.22 - - [28/May/2025:10:41:02 -0300] "POST /cormun/servlet/acontrolpreferencessavestate?None,RRHH+DANIELA,true HTTP/1.1" 200 35
190.95.67.91 - - [28/May/2025:10:41:03 -0300] "GET /cormun/servlet/solicitudot?88ca3b1b09334ba6122aded08581442482f55bfc408890b7d8d89c2dd03834736e4034a2980fcc4d807fb19ef070f24d,gx-no-cache=1748439809757 HTTP/1.1" 200 30
190.95.67.97 - - [28/May/2025:10:41:32 -0300] "GET /cormun/servlet/trlicencias? HTTP/1.1" 200 9906
190.95.15.15 - - [28/May/2025:10:43:14 -0300] "GET /cormun/servlet/trlicencias? HTTP/1.1" 200 6053
190.95.15.15 - - [28/May/2025:10:43:14 -0300] "GET /cormun/servlet/hlogin HTTP/1.1" 200 1738
192.168.10.22 - - [28/May/2025:10:43:18 -0300] "GET /cormun/servlet/vesolicitudgral?2025,22617,, HTTP/1.1" 200 8378
192.168.10.22 - - [28/May/2025:10:43:19 -0300] "GET /cormun/servlet/trsolicitudgral? HTTP/1.1" 200 9748
190.95.15.15 - - [28/May/2025:10:43:21 -0300] "POST /cormun/servlet/hlogin?951e62be5bcf9bfbc009ec7d75e87143,gx-no-cache=1748439948019 HTTP/1.1" 200 448
190.95.67.99 - - [28/May/2025:10:43:24 -0300] "GET /cormun/servlet/hlogin HTTP/1.1" 200 1711
190.95.67.99 - - [28/May/2025:10:43:24 -0300] "GET /cormun/static/gxtimezone.js?85251 HTTP/1.1" 200 5781
190.95.67.99 - - [28/May/2025:10:43:24 -0300] "GET /cormun/static/gxcfg.js?2022112219184450 HTTP/1.1" 200 953
190.95.67.99 - - [28/May/2025:10:43:25 -0300] "GET /cormun/static/messages.spa.js?85251 HTTP/1.1" 200 30736
190.95.67.99 - - [28/May/2025:10:43:25 -0300] "GET /cormun/static/Resources/CormunLogin.png HTTP/1.1" 200 19132
190.95.67.99 - - [28/May/2025:10:43:25 -0300] "GET /cormun/static/Resources/Spanish/PXTools.css?1759030 HTTP/1.1" 200 100853
190.95.67.99 - - [28/May/2025:10:43:25 -0300] "GET /cormun/static/hlogin.js?2022112219184458 HTTP/1.1" 200 2156
190.95.67.99 - - [28/May/2025:10:43:25 -0300] "GET /cormun/static/gxgral.js?85251 HTTP/1.1" 200 384558
190.95.67.99 - - [28/May/2025:10:43:25 -0300] "GET /cormun/static/Resources/PXToolsLoginBackground.png HTTP/1.1" 200 1164
190.95.67.99 - - [28/May/2025:10:43:25 -0300] "GET /cormun/static/Resources/PXToolsLoginTop.png HTTP/1.1" 200 1337
190.95.67.99 - - [28/May/2025:10:43:25 -0300] "GET /cormun/static/Resources/PXToolsButtonLeft.png HTTP/1.1" 200 1310
190.95.67.99 - - [28/May/2025:10:43:25 -0300] "GET /cormun/static/Resources/PXToolsButtonBackground.png HTTP/1.1" 200 1176
190.95.67.99 - - [28/May/2025:10:43:25 -0300] "GET /cormun/static/Resources/PXToolsButtonRight.png HTTP/1.1" 200 1294
190.95.67.99 - - [28/May/2025:10:43:25 -0300] "GET /cormun/static/Resources/PXToolsLoginBottom.png HTTP/1.1" 200 1389
190.95.67.99 - - [28/May/2025:10:43:25 -0300] "GET /cormun/static/Resources/indicator.gif HTTP/1.1" 200 1553
190.95.15.15 - - [28/May/2025:10:43:26 -0300] "POST /cormun/servlet/hlogin?951e62be5bcf9bfbc009ec7d75e87143,gx-no-cache=1748439952454 HTTP/1.1" 200 90
190.95.15.15 - - [28/May/2025:10:43:26 -0300] "GET /cormun/servlet/hpexe_link HTTP/1.1" 200 956
190.95.15.15 - - [28/May/2025:10:43:26 -0300] "GET /cormun/servlet/trlicencias HTTP/1.1" 200 13815
190.95.67.99 - - [28/May/2025:10:43:29 -0300] "POST /cormun/servlet/hlogin?381e08e062ffc131b59663275070d43d,gx-no-cache=1748439954449 HTTP/1.1" 200 90
190.95.67.99 - - [28/May/2025:10:43:29 -0300] "GET /cormun/servlet/hpexe_link HTTP/1.1" 200 944
190.95.67.99 - - [28/May/2025:10:43:30 -0300] "GET /cormun/static/gxcfg.js?20221129847421 HTTP/1.1" 200 953
190.95.67.99 - - [28/May/2025:10:43:30 -0300] "GET /cormun/static/hpexe_link.js?20221129847423 HTTP/1.1" 200 625
190.95.67.99 - - [28/May/2025:10:43:30 -0300] "GET /cormun/static/Resources/Spanish/PXTools.css?8354383 HTTP/1.1" 200 100853
190.95.67.99 - - [28/May/2025:10:43:30 -0300] "GET /cormun/servlet/hhome HTTP/1.1" 200 4309
190.95.67.99 - - [28/May/2025:10:43:30 -0300] "GET /cormun/static/SmoothNavMenu/resources/ddsmoothmenu.css?1112540 HTTP/1.1" 200 2223
190.95.67.99 - - [28/May/2025:10:43:30 -0300] "GET /cormun/static/Resources/Spanish/PXTools.css?14345360 HTTP/1.1" 200 100853
190.95.67.99 - - [28/May/2025:10:43:30 -0300] "GET /cormun/static/PXToolsJavascripts/pexe_autoreload.js HTTP/1.1" 200 1762
190.95.67.99 - - [28/May/2025:10:43:30 -0300] "GET /cormun/static/gxcfg.js?20201215495537 HTTP/1.1" 200 953
190.95.67.99 - - [28/May/2025:10:43:30 -0300] "GET /cormun/static/Shared/jqueryui/jquery-ui.min.css?1345370 HTTP/1.1" 200 30288
190.95.67.99 - - [28/May/2025:10:43:30 -0300] "GET /cormun/static/scaMessage/css/jquery.pnotify.default.css?1816380 HTTP/1.1" 200 1707
190.95.67.99 - - [28/May/2025:10:43:30 -0300] "GET /cormun/static/SmoothNavMenu/resources/ddsmoothmenu-v.css?1112540 HTTP/1.1" 200 1188
190.95.67.99 - - [28/May/2025:10:43:30 -0300] "GET /cormun/static/PXToolsJavascripts/pexe_cookies.js HTTP/1.1" 200 792
190.95.67.99 - - [28/May/2025:10:43:30 -0300] "GET /cormun/static/PXToolsJavascripts/pexe_griddivfix.js HTTP/1.1" 200 6946
190.95.67.99 - - [28/May/2025:10:43:30 -0300] "GET /cormun/static/PXToolsJavascripts/pexe_grid.js HTTP/1.1" 200 7559
190.95.67.99 - - [28/May/2025:10:43:30 -0300] "GET /cormun/static/PXToolsJavascripts/pexe_windows.js HTTP/1.1" 200 15249
190.95.67.99 - - [28/May/2025:10:43:30 -0300] "GET /cormun/static/PXToolsJavascripts/pexe_link.js HTTP/1.1" 200 5671
190.95.67.99 - - [28/May/2025:10:43:30 -0300] "GET /cormun/static/PXToolsJavascripts/pexe_menudivfix.js HTTP/1.1" 200 333
190.95.67.99 - - [28/May/2025:10:43:30 -0300] "GET /cormun/static/PXToolsJavascripts/pexe_menus.js HTTP/1.1" 200 1286
190.95.67.99 - - [28/May/2025:10:43:30 -0300] "GET /cormun/static/PXToolsJavascripts/pexe_layers.js HTTP/1.1" 200 4114
190.95.67.99 - - [28/May/2025:10:43:30 -0300] "GET /cormun/static/PXToolsJavascripts/pexe_oav.js HTTP/1.1" 200 645
190.95.67.99 - - [28/May/2025:10:43:30 -0300] "GET /cormun/static/PXToolsJavascripts/pexe_oavdivfix.js HTTP/1.1" 200 639
190.95.67.99 - - [28/May/2025:10:43:30 -0300] "GET /cormun/static/PXToolsJavascripts/pexe_picture.js HTTP/1.1" 200 689
190.95.67.99 - - [28/May/2025:10:43:30 -0300] "GET /cormun/static/PXToolsJavascripts/pexe_tabdivfix.js HTTP/1.1" 200 898
190.95.67.99 - - [28/May/2025:10:43:30 -0300] "GET /cormun/static/PXToolsJavascripts/pexe_scrolldiv.js HTTP/1.1" 200 4138
190.95.67.99 - - [28/May/2025:10:43:30 -0300] "GET /cormun/static/PXToolsJavascripts/pexe_popup.js HTTP/1.1" 200 15149
190.95.67.99 - - [28/May/2025:10:43:30 -0300] "GET /cormun/static/PXToolsJavascripts/pexe_tabs.js HTTP/1.1" 200 3748
190.95.67.99 - - [28/May/2025:10:43:30 -0300] "GET /cormun/static/PXToolsJavascripts/pexe_upload.js HTTP/1.1" 200 1423
190.95.67.99 - - [28/May/2025:10:43:30 -0300] "GET /cormun/static/PXToolsJavascripts/PXToolsJavascriptsRender.js HTTP/1.1" 200 367
190.95.67.99 - - [28/May/2025:10:43:30 -0300] "GET /cormun/static/Resources/CormunMP2.png HTTP/1.1" 200 6878
190.95.67.99 - - [28/May/2025:10:43:30 -0300] "GET /cormun/static/Resources/ImgHome.png HTTP/1.1" 200 1364
190.95.67.99 - - [28/May/2025:10:43:30 -0300] "GET /cormun/static/Resources/ImgLogin.png HTTP/1.1" 200 1432
190.95.67.99 - - [28/May/2025:10:43:30 -0300] "GET /cormun/static/Resources/Llave.png HTTP/1.1" 200 1395
190.95.67.99 - - [28/May/2025:10:43:30 -0300] "GET /cormun/static/RunJS/RunJS.js HTTP/1.1" 200 288
190.95.67.99 - - [28/May/2025:10:43:30 -0300] "GET /cormun/static/gxui/gxui-all.js HTTP/1.1" 200 107772
190.95.67.99 - - [28/May/2025:10:43:30 -0300] "GET /cormun/static/Shared/ext/locale/ext-lang-en.js HTTP/1.1" 200 10940
190.95.67.99 - - [28/May/2025:10:43:30 -0300] "GET /cormun/static/hhome.js?20201215495544 HTTP/1.1" 200 777
190.95.67.99 - - [28/May/2025:10:43:30 -0300] "GET /cormun/static/hwchdr01.js?2022112219251119 HTTP/1.1" 200 996
190.95.67.99 - - [28/May/2025:10:43:30 -0300] "GET /cormun/static/hpexe_recentlink.js?20201214471090 HTTP/1.1" 200 2144
190.95.67.99 - - [28/May/2025:10:43:30 -0300] "GET /cormun/static/hpexe_scripts.js?20201214471411 HTTP/1.1" 200 1544
190.95.67.99 - - [28/May/2025:10:43:30 -0300] "GET /cormun/static/hpexe_messagecontroller.js?202211298371222 HTTP/1.1" 200 870
190.95.67.99 - - [28/May/2025:10:43:30 -0300] "GET /cormun/static/hpexe_messagepopupcomponent.js?2020121447232 HTTP/1.1" 200 605
190.95.67.99 - - [28/May/2025:10:43:30 -0300] "GET /cormun/static/hpexe_messagegenexuscomponent.js?20221129836373 HTTP/1.1" 200 587
190.95.67.99 - - [28/May/2025:10:43:30 -0300] "GET /cormun/static/cmcontrolpreferences.js?20199141926336 HTTP/1.1" 200 1375
190.95.67.99 - - [28/May/2025:10:43:30 -0300] "GET /cormun/static/Shared/jquery/jquery-1.4.2.min.js HTTP/1.1" 200 72174
190.95.67.99 - - [28/May/2025:10:43:30 -0300] "GET /cormun/static/Shared/ext/ext-all.js HTTP/1.1" 200 1289687
190.95.67.99 - - [28/May/2025:10:43:30 -0300] "GET /cormun/static/Shared/jqueryui/jquery-ui.min.js HTTP/1.1" 200 240427
190.95.67.99 - - [28/May/2025:10:43:30 -0300] "GET /cormun/static/SmoothNavMenu/resources/ddsmoothmenu.js HTTP/1.1" 200 12712
190.95.67.99 - - [28/May/2025:10:43:30 -0300] "GET /cormun/static/SmoothNavMenu/resources/SmoothNavMenuRender.js HTTP/1.1" 200 5951
190.95.67.99 - - [28/May/2025:10:43:30 -0300] "GET /cormun/static/hmpwkw03.js?20221129844354 HTTP/1.1" 200 3971
190.95.67.99 - - [28/May/2025:10:43:30 -0300] "GET /cormun/static/scaMessage/scaMessageRender.js HTTP/1.1" 200 11977
190.95.67.99 - - [28/May/2025:10:43:30 -0300] "GET /cormun/static/scaMessage/js/jquery.pnotify.min.js HTTP/1.1" 200 13038
190.95.67.99 - - [28/May/2025:10:43:30 -0300] "GET /cormun/static/Resources/PXToolsDataTitle.png HTTP/1.1" 200 1173
190.95.67.99 - - [28/May/2025:10:43:30 -0300] "GET /cormun/static/Shared/jquery/jquery-1.10.2.min.js HTTP/1.1" 200 273199
190.95.67.99 - - [28/May/2025:10:43:31 -0300] "GET /cormun/static/SmoothNavMenu/resources/images/down.gif HTTP/1.1" 200 854
190.95.67.99 - - [28/May/2025:10:43:31 -0300] "GET /cormun/static/SmoothNavMenu/resources/images/right.gif HTTP/1.1" 200 860
190.95.15.15 - - [28/May/2025:10:43:37 -0300] "GET /cormun/servlet/licenciaspermisos?DSP,18379399,L,20250526000000, HTTP/1.1" 200 7075
190.95.15.15 - - [28/May/2025:10:43:37 -0300] "GET /cormun/static/gxcfg.js?202012153173 HTTP/1.1" 200 953
190.95.15.15 - - [28/May/2025:10:43:37 -0300] "GET /cormun/static/licenciaspermisos.js?2020121532136 HTTP/1.1" 200 38753
190.95.15.15 - - [28/May/2025:10:43:42 -0300] "POST /cormun/servlet/licenciaspermisos?951e62be5bcf9bfbc009ec7d75e87143,DSP,18379399,L,20250526000000,,gx-no-cache=1748439968687 HTTP/1.1" 200 93
190.95.15.15 - - [28/May/2025:10:43:42 -0300] "GET /cormun/servlet/hpexe_return? HTTP/1.1" 200 1028
190.95.15.15 - - [28/May/2025:10:43:42 -0300] "GET /cormun/servlet/trlicencias HTTP/1.1" 200 13816
190.95.67.99 - - [28/May/2025:10:44:01 -0300] "GET /cormun/servlet/trpermisosgoce? HTTP/1.1" 200 15212
190.95.67.99 - - [28/May/2025:10:44:01 -0300] "GET /cormun/static/gxui/gxui-all.css?120300 HTTP/1.1" 200 2179
190.95.67.99 - - [28/May/2025:10:44:01 -0300] "GET /cormun/static/calendar-setup.js?85251 HTTP/1.1" 200 2588
190.95.67.99 - - [28/May/2025:10:44:01 -0300] "GET /cormun/static/gxcfg.js?2020121631564 HTTP/1.1" 200 953
190.95.67.99 - - [28/May/2025:10:44:01 -0300] "GET /cormun/static/calendar-system.css?85620 HTTP/1.1" 200 5572
190.95.67.99 - - [28/May/2025:10:44:01 -0300] "GET /cormun/static/calendar-es.js?85251 HTTP/1.1" 200 1901
190.95.67.99 - - [28/May/2025:10:44:01 -0300] "GET /cormun/static/calendar.js?85251 HTTP/1.1" 200 26246
190.95.67.99 - - [28/May/2025:10:44:01 -0300] "GET /cormun/static/Resources/PXTools/calendar.png HTTP/1.1" 200 1306
190.95.67.99 - - [28/May/2025:10:44:01 -0300] "GET /cormun/static/gxdec.js?85251 HTTP/1.1" 200 19579
190.95.67.99 - - [28/May/2025:10:44:01 -0300] "GET /cormun/static/trpermisosgoce.js?2020121633681 HTTP/1.1" 200 35904
190.95.67.99 - - [28/May/2025:10:44:01 -0300] "GET /cormun/static/Resources/PXToolsDataSearch.png HTTP/1.1" 200 435
190.95.67.99 - - [28/May/2025:10:44:01 -0300] "GET /cormun/static/Resources/PXToolsGridFirstDisabled.gif HTTP/1.1" 200 100
190.95.67.99 - - [28/May/2025:10:44:01 -0300] "GET /cormun/static/Resources/PXToolsGridPreviousDisabled.gif HTTP/1.1" 200 90
190.95.67.99 - - [28/May/2025:10:44:01 -0300] "GET /cormun/static/Resources/PXToolsGridNextDisabled.gif HTTP/1.1" 200 90
190.95.67.99 - - [28/May/2025:10:44:01 -0300] "GET /cormun/static/Resources/PXToolsGridLastDisabled.gif HTTP/1.1" 200 98
190.95.67.99 - - [28/May/2025:10:44:01 -0300] "GET /cormun/static/Resources/PXToolsGridPage.gif HTTP/1.1" 200 725
190.95.67.99 - - [28/May/2025:10:44:01 -0300] "GET /cormun/static/Resources/PXToolsActionExcel.png HTTP/1.1" 200 727
190.95.67.99 - - [28/May/2025:10:44:01 -0300] "GET /cormun/static/Resources/PXToolsAddAllAction.png HTTP/1.1" 200 495
190.95.67.99 - - [28/May/2025:10:44:01 -0300] "GET /cormun/static/Shared/ext/resources/css/ext-all.css?215870 HTTP/1.1" 200 416045
190.95.67.99 - - [28/May/2025:10:44:01 -0300] "GET /cormun//static/Resources/PXToolsActionPrint.png HTTP/1.1" 200 404
190.95.67.99 - - [28/May/2025:10:44:01 -0300] "GET /cormun//static/Resources/PXTools/ActionInsert.png HTTP/1.1" 200 1482
190.95.67.99 - - [28/May/2025:10:44:01 -0300] "GET /cormun//static/Resources/PXToolsGridDisplay.png HTTP/1.1" 200 525
190.95.67.99 - - [28/May/2025:10:44:01 -0300] "GET /cormun/static/Resources/asc.gif HTTP/1.1" 200 67
190.95.67.99 - - [28/May/2025:10:44:01 -0300] "GET /cormun/static/Resources/desc.gif HTTP/1.1" 200 65
190.95.67.99 - - [28/May/2025:10:44:01 -0300] "GET /cormun//static/Resources/PXToolsGridUpdate.png HTTP/1.1" 200 470
190.95.67.99 - - [28/May/2025:10:44:01 -0300] "GET /cormun//static/Resources/PXToolsHeaderHelp.png HTTP/1.1" 200 1333
190.95.67.99 - - [28/May/2025:10:44:01 -0300] "GET /cormun//static/Resources/PXToolsActionDisabled.gif HTTP/1.1" 200 53
190.95.67.99 - - [28/May/2025:10:44:01 -0300] "GET /cormun//static/Resources/PXToolsGridDelete.png HTTP/1.1" 200 538
190.95.67.99 - - [28/May/2025:10:44:01 -0300] "GET /cormun//static/Resources/PXToolsHeaderFavorites.png HTTP/1.1" 200 1414
190.95.67.99 - - [28/May/2025:10:44:01 -0300] "GET /cormun/static/Shared/ext/resources/themes/images/default/tools/tool-sprites.gif HTTP/1.1" 200 5434
190.95.67.99 - - [28/May/2025:10:44:01 -0300] "GET /cormun/static/Shared/ext/resources/themes/images/default/panel/bg-headersPanel.png HTTP/1.1" 200 255
129.222.173.48 - - [28/May/2025:10:44:12 -0300] "POST /cormun/servlet/hlogin?a18f0379d3632b0a6edbdb0b23e96c71,gx-no-cache=1748439999793 HTTP/1.1" 440 972
190.95.67.99 - - [28/May/2025:10:44:13 -0300] "POST /cormun/servlet/trpermisosgoce?381e08e062ffc131b59663275070d43d,,gx-no-cache=1748439998562 HTTP/1.1" 200 5539
129.222.173.48 - - [28/May/2025:10:44:14 -0300] "GET /cormun/servlet/hlogin HTTP/1.1" 200 1736
129.222.173.48 - - [28/May/2025:10:44:17 -0300] "POST /cormun/servlet/hlogin?8f834e7a26027852378aee9c69d028da,gx-no-cache=1748440004673 HTTP/1.1" 200 90
129.222.173.48 - - [28/May/2025:10:44:17 -0300] "GET /cormun/servlet/hpexe_link HTTP/1.1" 200 954
129.222.173.48 - - [28/May/2025:10:44:17 -0300] "GET /cormun/servlet/hhome HTTP/1.1" 200 3943
129.222.173.48 - - [28/May/2025:10:44:27 -0300] "GET /cormun/servlet/trlicencias? HTTP/1.1" 200 10371
129.222.173.48 - - [28/May/2025:10:44:44 -0300] "GET /cormun/servlet/hlogin HTTP/1.1" 200 1742
192.168.10.19 - - [28/May/2025:10:45:38 -0300] "GET /cormun/servlet/vesolicitudgral?2025,22616,,SolicitudOTAdjuntos HTTP/1.1" 200 11083
192.168.10.19 - - [28/May/2025:10:45:38 -0300] "GET /cormun/pexe_scrolldiv.js HTTP/1.1" 404 1009
192.168.10.19 - - [28/May/2025:10:45:40 -0300] "POST /cormun/servlet/acontrolpreferencessavestate?None,RRHH+DANIELA,true HTTP/1.1" 200 35
192.168.10.19 - - [28/May/2025:10:45:40 -0300] "GET /cormun/servlet/vesolicitudgral?2025,22616,,General HTTP/1.1" 200 8412
192.168.10.19 - - [28/May/2025:10:45:40 -0300] "GET /cormun/pexe_scrolldiv.js HTTP/1.1" 404 1009
192.168.10.19 - - [28/May/2025:10:45:46 -0300] "POST /cormun/servlet/vesolicitudgral?6fbaafeb2fbdc777ad9f489e7bd84fd6,2025,22616,,General,gx-no-cache=1748440110828 HTTP/1.1" 200 12338
192.168.10.19 - - [28/May/2025:10:45:46 -0300] "GET /cormun/static/Shared/jqueryui/images/ui-bg_highlight-soft_100_c6c2c8_1x100.png HTTP/1.1" 404 1117
192.168.10.19 - - [28/May/2025:10:45:46 -0300] "GET /cormun/static/Shared/jqueryui/images/ui-icons_82798d_256x240.png HTTP/1.1" 404 1089
192.168.10.19 - - [28/May/2025:10:45:46 -0300] "GET /cormun/static/Shared/jqueryui/images/ui-icons_8d78a5_256x240.png HTTP/1.1" 404 1089
192.168.10.19 - - [28/May/2025:10:45:46 -0300] "GET /cormun/static/Shared/jqueryui/images/ui-bg_flat_55_fafafa_40x100.png HTTP/1.1" 404 1097
192.168.10.19 - - [28/May/2025:10:45:46 -0300] "POST /cormun/servlet/vesolicitudgral?6fbaafeb2fbdc777ad9f489e7bd84fd6,2025,22616,,General,gx-no-cache=1748440110948 HTTP/1.1" 200 12272
192.168.10.19 - - [28/May/2025:10:45:48 -0300] "GET /cormun/servlet/trautorizarot? HTTP/1.1" 200 9580
192.168.10.19 - - [28/May/2025:10:45:51 -0300] "POST /cormun/servlet/trautorizarot?6fbaafeb2fbdc777ad9f489e7bd84fd6,,gx-no-cache=1748440115364 HTTP/1.1" 200 5357
192.168.10.19 - - [28/May/2025:10:45:52 -0300] "GET /cormun/servlet/trsolicitudgral? HTTP/1.1" 200 27949
190.95.67.99 - - [28/May/2025:10:46:08 -0300] "GET /cormun/servlet/trlicencias? HTTP/1.1" 200 10800
190.95.67.99 - - [28/May/2025:10:46:09 -0300] "GET /cormun/static/gxcfg.js?202211298463625 HTTP/1.1" 200 953
190.95.67.99 - - [28/May/2025:10:46:09 -0300] "GET /cormun/static/trlicencias.js?202211298463889 HTTP/1.1" 200 41883
190.95.67.99 - - [28/May/2025:10:46:36 -0300] "GET /cormun/servlet/licenciaspermisos?DSP,18446144,L,20250520000000, HTTP/1.1" 200 7424
190.95.67.99 - - [28/May/2025:10:46:36 -0300] "GET /cormun/static/gxcfg.js?202012153173 HTTP/1.1" 200 953
190.95.67.99 - - [28/May/2025:10:46:36 -0300] "GET /cormun/static/Resources/prompt.gif HTTP/1.1" 200 902
190.95.67.99 - - [28/May/2025:10:46:36 -0300] "GET /cormun/static/licenciaspermisos.js?2020121532136 HTTP/1.1" 200 38753
190.95.67.99 - - [28/May/2025:10:46:39 -0300] "POST /cormun/servlet/licenciaspermisos?381e08e062ffc131b59663275070d43d,DSP,18446144,L,20250520000000,,gx-no-cache=1748440144946 HTTP/1.1" 200 93
190.95.67.99 - - [28/May/2025:10:46:39 -0300] "GET /cormun/servlet/hpexe_return? HTTP/1.1" 200 1021
190.95.67.99 - - [28/May/2025:10:46:39 -0300] "GET /cormun/static/gxcfg.js?20221129846035 HTTP/1.1" 200 953
190.95.67.99 - - [28/May/2025:10:46:39 -0300] "GET /cormun/static/hpexe_return.js?20221129846037 HTTP/1.1" 200 1633
190.95.67.99 - - [28/May/2025:10:46:40 -0300] "GET /cormun/servlet/trlicencias HTTP/1.1" 200 10804
190.95.67.91 - - [28/May/2025:10:47:17 -0300] "GET /cormun/servlet/solicitudot?88ca3b1b09334ba6122aded0858144249589141b7e2d4f5ad817ed43146b6f14000163bc5ffe3a38f81372033e0255d1ed472e77e52a23f925ce5568d1a3a92e,gx-no-cache=1748440184000 HTTP/1.1" 200 30
190.95.67.91 - - [28/May/2025:10:47:20 -0300] "GET /cormun/static/Resources/resize.gif HTTP/1.1" 200 77
190.95.67.91 - - [28/May/2025:10:47:20 -0300] "GET /cormun/static/Resources/PXTools/ClosePrompt.png HTTP/1.1" 200 1036
190.95.67.91 - - [28/May/2025:10:47:20 -0300] "GET /cormun/servlet/prbanco?,MD,,gxPopupLevel%3D0%3B HTTP/1.1" 200 6622
190.95.67.91 - - [28/May/2025:10:47:21 -0300] "GET /cormun/static/gxcfg.js?20201216131581 HTTP/1.1" 200 953
190.95.67.91 - - [28/May/2025:10:47:21 -0300] "GET /cormun/static/Resources/PXToolsMenuSearch.png HTTP/1.1" 200 336
190.95.67.91 - - [28/May/2025:10:47:21 -0300] "GET /cormun/static/prbanco.js?20201216132311 HTTP/1.1" 200 10693
190.95.67.91 - - [28/May/2025:10:47:21 -0300] "GET /cormun/static/menusearch.js?20201214473581 HTTP/1.1" 200 1424
190.95.67.91 - - [28/May/2025:10:47:21 -0300] "GET /cormun/static/Resources/PXToolsMenuSearchCancel.png HTTP/1.1" 200 306
190.95.67.91 - - [28/May/2025:10:47:21 -0300] "GET /cormun/static/hmpwkw011.js?202211298443482 HTTP/1.1" 200 1968
190.95.67.91 - - [28/May/2025:10:47:32 -0300] "GET /cormun/servlet/solicitudot?88ca3b1b09334ba6122aded08581442437ed47f73e351f4b943665b494f71d6f,gx-no-cache=1748440198500 HTTP/1.1" 200 60
190.95.67.91 - - [28/May/2025:10:48:45 -0300] "POST /cormun/servlet/solicitudot?gx-no-cache=1748440271737 HTTP/1.1" 200 255
190.95.67.91 - - [28/May/2025:10:48:47 -0300] "GET /cormun/servlet/solicitudot?88ca3b1b09334ba6122aded08581442414b5ff5bc23914a416cc81fb8f19f59076dcec5c21eb496ba73da4309d5e92e4d20da77cf9f917532deb4a88032f2cf8566f9327d7cae452ecd3c627e81191959610e3bba2bd67740d1ce870c9a181a99589468dc827192a4a563ed177bd22c677babd991ae2a25ee1ed63405db575a84b592fe349901db67126d43a9cd24515c0cfe7a621dc166e56cf6f87d882da436457aa1c7fd10de899368b49789b8b74729d5cfea23b7b75e78b652d39ddc36b57436991c175093e8b2540fb29738125ebb1cedf815a99d82818439a31c4d79a54d0123a0200778b88f4a688b5d21a34e6d3f572afd530292d1e4621c8d1ff63e6203a29ec8e4c8f79edc095ca74cacbace4411cdc33b4a57af5710c5b74e022c0046a8f5ab8c11a754be1550740d03075911d8ad824f949b812868180d440653425415743fde610d10971ee9f06af8787d5038f7c6256b52351b7e1351342578a67daaca89795ec10d9d244deb8f8bc2a7670935367f6c26d5857ed4410eb31,gx-no-cache=1748440273466 HTTP/1.1" 200 30
190.95.67.91 - - [28/May/2025:10:48:56 -0300] "POST /cormun/servlet/solicitudot?gx-no-cache=1748440282401 HTTP/1.1" 200 240
190.95.67.91 - - [28/May/2025:10:48:56 -0300] "GET /cormun/servlet/solicitudot?88ca3b1b09334ba6122aded08581442414b5ff5bc23914a416cc81fb8f19f5901fe3fdc800e8fddc9f6e01768fcca132d20da77cf9f917532deb4a88032f2cf8566f9327d7cae452ecd3c627e81191959610e3bba2bd67740d1ce870c9a181a99589468dc827192a4a563ed177bd22c677babd991ae2a25ee1ed63405db575a84b592fe349901db67126d43a9cd24515c0cfe7a621dc166e56cf6f87d882da436457aa1c7fd10de899368b49789b8b74729d5cfea23b7b75e78b652d39ddc36b57436991c175093e8b2540fb29738125ebb1cedf815a99d82818439a31c4d79a54d0123a0200778b88f4a688b5d21a34e6d3f572afd530292d1e4621c8d1ff63e6203a29ec8e4c8f79edc095ca74cacb5c7c2c598e5a482dcde640a868d7767ffbc167f6ff53839f9ec69d74fe460453ea9e374fef70bf4dda0ac5e94bf0d41889509dd5df9c78736e906578189be56490031d8309049aa15614d90348a24b87c4760c29650cd9c3ef2911c0bd3fcd81741707b9d143540deca024d4b732b9e0,gx-no-cache=1748440283150 HTTP/1.1" 200 30
190.95.67.91 - - [28/May/2025:10:48:58 -0300] "POST /cormun/servlet/solicitudot?gx-no-cache=1748440284905 HTTP/1.1" 200 30
190.95.67.91 - - [28/May/2025:10:49:07 -0300] "POST /cormun/servlet/solicitudot?gx-no-cache=1748440293765 HTTP/1.1" 200 1482
190.95.67.91 - - [28/May/2025:10:49:12 -0300] "GET /cormun/servlet/prlicenciaspermisos?13568456,L,,MD,,gxPopupLevel%3D0%3B HTTP/1.1" 200 7651
190.95.67.91 - - [28/May/2025:10:49:12 -0300] "GET /cormun/static/gxcfg.js?2020121559567 HTTP/1.1" 200 953
190.95.67.91 - - [28/May/2025:10:49:12 -0300] "GET /cormun/static/prlicenciaspermisos.js?2020121559821 HTTP/1.1" 200 13379
190.95.67.91 - - [28/May/2025:10:49:33 -0300] "POST /cormun/servlet/solicitudot?gx-no-cache=1748440319845 HTTP/1.1" 200 41
192.168.10.19 - - [28/May/2025:10:49:47 -0300] "GET /cormun/servlet/vesolicitudgral?2025,22610,, HTTP/1.1" 200 8419
192.168.10.19 - - [28/May/2025:10:49:47 -0300] "GET /cormun/pexe_scrolldiv.js HTTP/1.1" 404 1009
190.95.67.91 - - [28/May/2025:10:50:05 -0300] "GET /cormun/servlet/solicitudot?88ca3b1b09334ba6122aded0858144241eca22253d1911d7daad50e58b2b8d521f2eac620c933b34bc269100dd814a56e0ceab1634d90a8002c6d974bcfe4f675cfb12de72e36bedc31569b94e28b5ba48e64f163b3c037a7049e8b363cfe00298dc40ac8c1a6fb9a3e1b9585597572b,gx-no-cache=1748440351309 HTTP/1.1" 200 110
190.95.67.91 - - [28/May/2025:10:50:11 -0300] "POST /cormun/servlet/solicitudot?gx-no-cache=1748440357427 HTTP/1.1" 200 97
190.95.67.91 - - [28/May/2025:10:50:19 -0300] "GET /cormun/servlet/solicitudot?88ca3b1b09334ba6122aded08581442492d64126a38b4f5ce3f4be6c951c0f631d8b72c6e5b1fd56595aa149d537a76b061cfabf294bf9f115bbe38a382f5d2e8cf7808f011aa8413ed06de1845ea130cb76c4b76e6275a23e0f47752ff89d21f1c230bfbea91a9a9af5257dffe6141a,gx-no-cache=1748440365769 HTTP/1.1" 200 29
190.95.67.91 - - [28/May/2025:10:50:19 -0300] "GET /cormun/static/menuarrow.gif HTTP/1.1" 404 1015
190.95.67.91 - - [28/May/2025:10:50:34 -0300] "GET /cormun/servlet/solicitudot?88ca3b1b09334ba6122aded085814424eaa017b28c3df99313d43269a5b652c53134eaaa36550c2370df041b29fa3f47,gx-no-cache=1748440380973 HTTP/1.1" 200 30
190.95.67.91 - - [28/May/2025:10:50:34 -0300] "POST /cormun/servlet/solicitudot?gx-no-cache=1748440380994 HTTP/1.1" 200 34
190.95.1.187 - - [28/May/2025:10:50:39 -0300] "GET /cormun/servlet/hlogin HTTP/1.1" 200 1720
190.95.1.187 - - [28/May/2025:10:50:41 -0300] "POST /cormun/servlet/hlogin?ea04b6c9aca4dc612e784ac3621ec067,gx-no-cache=1748440387703 HTTP/1.1" 200 90
190.95.1.187 - - [28/May/2025:10:50:41 -0300] "GET /cormun/servlet/hpexe_link HTTP/1.1" 200 951
190.95.1.187 - - [28/May/2025:10:50:41 -0300] "GET /cormun/servlet/hhome HTTP/1.1" 200 4022
192.168.10.19 - - [28/May/2025:10:50:45 -0300] "POST /cormun/servlet/vesolicitudgral?6fbaafeb2fbdc777ad9f489e7bd84fd6,2025,22610,,,gx-no-cache=1748440409873 HTTP/1.1" 200 12366
192.168.10.19 - - [28/May/2025:10:50:45 -0300] "POST /cormun/servlet/vesolicitudgral?6fbaafeb2fbdc777ad9f489e7bd84fd6,2025,22610,,,gx-no-cache=1748440409992 HTTP/1.1" 200 12300
190.95.1.187 - - [28/May/2025:10:50:46 -0300] "GET /cormun/servlet/trlicencias? HTTP/1.1" 200 13938
192.168.10.19 - - [28/May/2025:10:50:47 -0300] "GET /cormun/servlet/trautorizarot? HTTP/1.1" 200 9559
192.168.10.19 - - [28/May/2025:10:50:50 -0300] "POST /cormun/servlet/trautorizarot?6fbaafeb2fbdc777ad9f489e7bd84fd6,,gx-no-cache=1748440414947 HTTP/1.1" 200 5336
190.95.67.99 - - [28/May/2025:10:51:12 -0300] "GET /cormun/servlet/trpermisosgoce HTTP/1.1" 200 6031
190.95.67.91 - - [28/May/2025:10:51:14 -0300] "POST /cormun/servlet/solicitudot?5f272167e6b6d8d8cf1f2a07e9e85a83,INS,0,0,false,,gx-no-cache=1748440420154 HTTP/1.1" 200 93
190.95.67.91 - - [28/May/2025:10:51:14 -0300] "GET /cormun/servlet/hpexe_return? HTTP/1.1" 200 1014
190.95.67.91 - - [28/May/2025:10:51:14 -0300] "GET /cormun/servlet/trsolicitudot HTTP/1.1" 200 8903
192.168.10.19 - - [28/May/2025:10:51:14 -0300] "GET /cormun/servlet/trautorizarot? HTTP/1.1" 200 8148
190.95.1.187 - - [28/May/2025:10:51:14 -0300] "GET /cormun/servlet/trpermisosgoce? HTTP/1.1" 200 16988
190.95.67.91 - - [28/May/2025:10:51:14 -0300] "GET /cormun//static/Resources/PXToolsActionView.png HTTP/1.1" 200 398
190.95.67.91 - - [28/May/2025:10:51:14 -0300] "GET /cormun//static/Resources/PXToolsRemoveAllAction.png HTTP/1.1" 200 487
190.95.1.187 - - [28/May/2025:10:51:16 -0300] "GET /cormun/servlet/permisogoce?INS,0,,, HTTP/1.1" 200 6884
192.168.10.19 - - [28/May/2025:10:51:16 -0300] "GET /cormun/servlet/trsolicitudgral? HTTP/1.1" 200 28016
190.95.67.99 - - [28/May/2025:10:51:18 -0300] "GET /cormun/servlet/trpermisosgoce HTTP/1.1" 200 6027
190.95.67.99 - - [28/May/2025:10:51:18 -0300] "GET /cormun/servlet/hlogin HTTP/1.1" 200 1738
190.95.67.99 - - [28/May/2025:10:51:22 -0300] "POST /cormun/servlet/hlogin?90a503aa8be30b2e05859338092072cd,gx-no-cache=1748440429844 HTTP/1.1" 200 90
190.95.67.99 - - [28/May/2025:10:51:22 -0300] "GET /cormun/servlet/hpexe_link HTTP/1.1" 200 956
190.95.67.99 - - [28/May/2025:10:51:23 -0300] "GET /cormun/servlet/trpermisosgoce HTTP/1.1" 200 15081
192.168.10.19 - - [28/May/2025:10:51:23 -0300] "POST /cormun/servlet/trsolicitudgral?6fbaafeb2fbdc777ad9f489e7bd84fd6,,gx-no-cache=1748440448164 HTTP/1.1" 200 6923
190.95.1.187 - - [28/May/2025:10:51:24 -0300] "GET /cormun/servlet/permisogoce?4c90497de4f84baeab5b1b5be571a376d3cccf6cee4d87f2033a9efd713cb728cdd989a647a609e0e99c3e27ccf9e2141abfc490b3e7d6eaa93c6d09ee10223c,gx-no-cache=1748440430485 HTTP/1.1" 200 79
192.168.10.19 - - [28/May/2025:10:51:28 -0300] "GET /cormun/servlet/trsolicitudgral? HTTP/1.1" 200 9983
190.95.1.187 - - [28/May/2025:10:51:29 -0300] "GET /cormun/static/menuarrow.gif HTTP/1.1" 404 1015
192.168.10.19 - - [28/May/2025:10:51:33 -0300] "POST /cormun/servlet/trsolicitudgral?6fbaafeb2fbdc777ad9f489e7bd84fd6,,gx-no-cache=1748440457241 HTTP/1.1" 200 25634
179.57.78.71 - - [28/May/2025:10:51:37 -0300] "GET /cormun/servlet/hlogin HTTP/1.1" 200 1736
190.95.1.187 - - [28/May/2025:10:51:49 -0300] "GET /cormun/servlet/permisogoce?4c90497de4f84baeab5b1b5be571a376eb3cfd583b3e2189b2ef4665b413c5129b6b4b2476faf67c9027b966b6be6add8c78c7a5b351fdafe7123abfc43ceea1,gx-no-cache=1748440456085 HTTP/1.1" 200 48
190.95.1.187 - - [28/May/2025:10:51:53 -0300] "POST /cormun/servlet/permisogoce?ea04b6c9aca4dc612e784ac3621ec067,INS,0,,,,gx-no-cache=1748440458761 HTTP/1.1" 200 93
190.95.1.187 - - [28/May/2025:10:51:53 -0300] "GET /cormun/servlet/hpexe_return? HTTP/1.1" 200 1009
190.95.1.187 - - [28/May/2025:10:51:53 -0300] "GET /cormun/servlet/trpermisosgoce HTTP/1.1" 200 17239
190.95.67.91 - - [28/May/2025:10:52:00 -0300] "POST /cormun/servlet/trsolicitudot?5f272167e6b6d8d8cf1f2a07e9e85a83,gx-no-cache=1748440466875 HTTP/1.1" 200 6350
190.95.67.91 - - [28/May/2025:10:52:00 -0300] "GET /cormun/static/Shared/jqueryui/images/ui-bg_highlight-soft_100_c6c2c8_1x100.png HTTP/1.1" 404 1117
190.95.67.91 - - [28/May/2025:10:52:00 -0300] "GET /cormun/static/Shared/jqueryui/images/ui-icons_82798d_256x240.png HTTP/1.1" 404 1089
190.95.67.91 - - [28/May/2025:10:52:00 -0300] "GET /cormun/static/Shared/jqueryui/images/ui-bg_flat_55_fafafa_40x100.png HTTP/1.1" 404 1097
190.95.67.91 - - [28/May/2025:10:52:00 -0300] "GET /cormun/static/Shared/jqueryui/images/ui-icons_8d78a5_256x240.png HTTP/1.1" 404 1089
190.95.1.187 - - [28/May/2025:10:52:02 -0300] "GET /cormun/servlet/trpermisosadjuntos?13946275,20250528095400,P, HTTP/1.1" 200 6340
190.95.1.187 - - [28/May/2025:10:52:03 -0300] "GET /cormun/servlet/permisosadjuntos?INS,13946275,P,20250528095400,, HTTP/1.1" 200 5656
190.95.1.187 - - [28/May/2025:10:52:03 -0300] "GET /cormun/static/about:blank HTTP/1.1" 404 1011
190.95.67.91 - - [28/May/2025:10:52:04 -0300] "POST /cormun/servlet/trsolicitudot?5f272167e6b6d8d8cf1f2a07e9e85a83,gx-no-cache=1748440470499 HTTP/1.1" 200 107
190.95.67.91 - - [28/May/2025:10:52:04 -0300] "GET /cormun/servlet/trsolicitudadjuntos?2025,22653, HTTP/1.1" 200 6344
190.95.67.91 - - [28/May/2025:10:52:05 -0300] "GET /cormun/static/gxcfg.js?20201215574222 HTTP/1.1" 200 953
190.95.67.91 - - [28/May/2025:10:52:05 -0300] "GET /cormun/static/Resources/PXToolsGridNew.png HTTP/1.1" 200 427
190.95.67.91 - - [28/May/2025:10:52:05 -0300] "GET /cormun/static/trsolicitudadjuntos.js?20201215574932 HTTP/1.1" 200 17921
190.95.67.91 - - [28/May/2025:10:52:07 -0300] "GET /cormun/servlet/solicitudotadjuntos?INS,2025,22653,,1, HTTP/1.1" 200 6289
190.95.67.91 - - [28/May/2025:10:52:07 -0300] "GET /cormun/static/solicitudotadjuntos.js?202211298385196 HTTP/1.1" 200 11771
190.95.67.91 - - [28/May/2025:10:52:07 -0300] "GET /cormun/static/gxcfg.js?202211298385187 HTTP/1.1" 200 953
190.95.67.91 - - [28/May/2025:10:52:07 -0300] "GET /cormun/static/about:blank HTTP/1.1" 404 1011
190.95.67.91 - - [28/May/2025:10:52:08 -0300] "GET /cormun/servlet/solicitudotadjuntos?88ca3b1b09334ba6122aded085814424c3fa0062b4d6d587ab50143f011927c9b47dfcf910e47182e6a4e6c634701f10,gx-no-cache=1748440474467 HTTP/1.1" 200 30
190.95.67.91 - - [28/May/2025:10:52:08 -0300] "POST /cormun/servlet/solicitudotadjuntos?5f272167e6b6d8d8cf1f2a07e9e85a83,INS,2025,22653,,1,,gx-no-cache=1748440474479 HTTP/1.1" 200 4195
190.95.67.91 - - [28/May/2025:10:52:11 -0300] "POST /cormun/servlet/solicitudotadjuntos?gx-no-cache=1748440477476 HTTP/1.1" 200 26
190.95.1.187 - - [28/May/2025:10:52:14 -0300] "POST /cormun/servlet/permisosadjuntos?ea04b6c9aca4dc612e784ac3621ec067,INS,13946275,P,20250528095400,, HTTP/1.1" 200 116
190.95.1.187 - - [28/May/2025:10:52:14 -0300] "GET /cormun/servlet/hpexe_return? HTTP/1.1" 200 1039
190.95.1.187 - - [28/May/2025:10:52:14 -0300] "GET /cormun/servlet/trpermisosadjuntos?13946275,20250528095400,P, HTTP/1.1" 200 6834
190.95.1.187 - - [28/May/2025:10:52:18 -0300] "POST /cormun/servlet/trpermisosadjuntos?ea04b6c9aca4dc612e784ac3621ec067,13946275,20250528095400,P,,gx-no-cache=1748440484352 HTTP/1.1" 200 90
190.95.1.187 - - [28/May/2025:10:52:18 -0300] "GET /cormun/servlet/hpexe_link HTTP/1.1" 200 985
190.95.1.187 - - [28/May/2025:10:52:18 -0300] "GET /cormun/servlet/trpermisosgoce HTTP/1.1" 200 17234
190.95.67.91 - - [28/May/2025:10:52:19 -0300] "GET /cormun/servlet/solicitudotadjuntos?88ca3b1b09334ba6122aded085814424776543ad47a6a6c2497e870356b4a06d,gx-no-cache=1748440485585 HTTP/1.1" 200 30
190.95.67.91 - - [28/May/2025:10:52:19 -0300] "GET /cormun/servlet/solicitudotadjuntos?88ca3b1b09334ba6122aded085814424776543ad47a6a6c2497e870356b4a06d,gx-no-cache=1748440485595 HTTP/1.1" 200 30
190.95.67.91 - - [28/May/2025:10:52:19 -0300] "POST /cormun/servlet/solicitudotadjuntos?5f272167e6b6d8d8cf1f2a07e9e85a83,INS,2025,22653,,1, HTTP/1.1" 200 116
190.95.67.91 - - [28/May/2025:10:52:19 -0300] "GET /cormun/servlet/hpexe_return? HTTP/1.1" 200 1031
190.95.67.91 - - [28/May/2025:10:52:19 -0300] "GET /cormun/servlet/trsolicitudadjuntos?2025,22653, HTTP/1.1" 200 9366
190.95.1.187 - - [28/May/2025:10:52:20 -0300] "POST /cormun/servlet/trpermisosgoce?ea04b6c9aca4dc612e784ac3621ec067,gx-no-cache=1748440486525 HTTP/1.1" 200 14433
190.95.1.187 - - [28/May/2025:10:52:20 -0300] "GET /cormun/static/Shared/jqueryui/images/ui-bg_highlight-soft_100_c6c2c8_1x100.png HTTP/1.1" 404 1117
190.95.1.187 - - [28/May/2025:10:52:20 -0300] "GET /cormun/static/Shared/jqueryui/images/ui-icons_82798d_256x240.png HTTP/1.1" 404 1089
190.95.1.187 - - [28/May/2025:10:52:20 -0300] "GET /cormun/static/Shared/jqueryui/images/ui-bg_flat_55_fafafa_40x100.png HTTP/1.1" 404 1097
190.95.1.187 - - [28/May/2025:10:52:20 -0300] "GET /cormun/static/Shared/jqueryui/images/ui-icons_8d78a5_256x240.png HTTP/1.1" 404 1089
190.95.67.91 - - [28/May/2025:10:52:21 -0300] "GET /cormun/servlet/solicitudotadjuntos?INS,2025,22653,,1, HTTP/1.1" 200 6290
190.95.67.91 - - [28/May/2025:10:52:21 -0300] "GET /cormun/static/about:blank HTTP/1.1" 404 1011
190.95.67.91 - - [28/May/2025:10:52:21 -0300] "GET /cormun/servlet/solicitudotadjuntos?88ca3b1b09334ba6122aded085814424c3fa0062b4d6d587ab50143f011927c9b47dfcf910e47182e6a4e6c634701f10,gx-no-cache=1748440488195 HTTP/1.1" 200 30
190.95.67.91 - - [28/May/2025:10:52:21 -0300] "POST /cormun/servlet/solicitudotadjuntos?5f272167e6b6d8d8cf1f2a07e9e85a83,INS,2025,22653,,1,,gx-no-cache=1748440488206 HTTP/1.1" 200 4195
190.95.1.187 - - [28/May/2025:10:52:22 -0300] "GET /cormun/servlet/permisogoce?INS,0,,, HTTP/1.1" 200 6884
190.95.67.91 - - [28/May/2025:10:52:23 -0300] "POST /cormun/servlet/solicitudotadjuntos?gx-no-cache=1748440489657 HTTP/1.1" 200 26
190.95.1.187 - - [28/May/2025:10:52:26 -0300] "GET /cormun/servlet/permisogoce?4c90497de4f84baeab5b1b5be571a376d3cccf6cee4d87f2033a9efd713cb728cdd989a647a609e0e99c3e27ccf9e2141abfc490b3e7d6eaa93c6d09ee10223c,gx-no-cache=1748440492676 HTTP/1.1" 200 80
190.95.67.91 - - [28/May/2025:10:52:28 -0300] "GET /cormun/servlet/solicitudotadjuntos?88ca3b1b09334ba6122aded085814424776543ad47a6a6c2497e870356b4a06d,gx-no-cache=1748440495129 HTTP/1.1" 200 30
190.95.67.91 - - [28/May/2025:10:52:28 -0300] "GET /cormun/servlet/solicitudotadjuntos?88ca3b1b09334ba6122aded085814424776543ad47a6a6c2497e870356b4a06d,gx-no-cache=1748440495139 HTTP/1.1" 200 30
190.95.67.91 - - [28/May/2025:10:52:29 -0300] "POST /cormun/servlet/solicitudotadjuntos?5f272167e6b6d8d8cf1f2a07e9e85a83,INS,2025,22653,,1, HTTP/1.1" 200 116
190.95.67.91 - - [28/May/2025:10:52:29 -0300] "GET /cormun/servlet/hpexe_return? HTTP/1.1" 200 1031
190.95.67.91 - - [28/May/2025:10:52:29 -0300] "GET /cormun/servlet/trsolicitudadjuntos?2025,22653, HTTP/1.1" 200 9603
190.95.67.91 - - [28/May/2025:10:52:30 -0300] "GET /cormun/servlet/solicitudotadjuntos?INS,2025,22653,,1, HTTP/1.1" 200 6290
190.95.67.91 - - [28/May/2025:10:52:30 -0300] "GET /cormun/static/about:blank HTTP/1.1" 404 1011
190.95.67.91 - - [28/May/2025:10:52:31 -0300] "GET /cormun/servlet/solicitudotadjuntos?88ca3b1b09334ba6122aded085814424c3fa0062b4d6d587ab50143f011927c9b47dfcf910e47182e6a4e6c634701f10,gx-no-cache=1748440497686 HTTP/1.1" 200 30
190.95.67.91 - - [28/May/2025:10:52:31 -0300] "POST /cormun/servlet/solicitudotadjuntos?5f272167e6b6d8d8cf1f2a07e9e85a83,INS,2025,22653,,1,,gx-no-cache=1748440497698 HTTP/1.1" 200 4195
190.95.67.91 - - [28/May/2025:10:52:33 -0300] "POST /cormun/servlet/solicitudotadjuntos?gx-no-cache=1748440499426 HTTP/1.1" 200 26
190.95.1.187 - - [28/May/2025:10:52:36 -0300] "GET /cormun/servlet/permisogoce?4c90497de4f84baeab5b1b5be571a376eb3cfd583b3e2189b2ef4665b413c512cee23ff79f7f65761d9d520d23180c148c78c7a5b351fdafe7123abfc43ceea1,gx-no-cache=1748440503093 HTTP/1.1" 200 48
190.95.67.91 - - [28/May/2025:10:52:38 -0300] "GET /cormun/servlet/solicitudotadjuntos?88ca3b1b09334ba6122aded085814424776543ad47a6a6c2497e870356b4a06d,gx-no-cache=1748440504857 HTTP/1.1" 200 30
190.95.67.91 - - [28/May/2025:10:52:38 -0300] "GET /cormun/servlet/solicitudotadjuntos?88ca3b1b09334ba6122aded085814424776543ad47a6a6c2497e870356b4a06d,gx-no-cache=1748440504867 HTTP/1.1" 200 30
190.95.67.91 - - [28/May/2025:10:52:38 -0300] "POST /cormun/servlet/solicitudotadjuntos?5f272167e6b6d8d8cf1f2a07e9e85a83,INS,2025,22653,,1, HTTP/1.1" 200 116
190.95.67.91 - - [28/May/2025:10:52:38 -0300] "GET /cormun/servlet/hpexe_return? HTTP/1.1" 200 1031
190.95.67.91 - - [28/May/2025:10:52:38 -0300] "GET /cormun/servlet/trsolicitudadjuntos?2025,22653, HTTP/1.1" 200 9858
190.95.1.187 - - [28/May/2025:10:52:39 -0300] "POST /cormun/servlet/permisogoce?ea04b6c9aca4dc612e784ac3621ec067,INS,0,,,,gx-no-cache=1748440505446 HTTP/1.1" 200 93
190.95.1.187 - - [28/May/2025:10:52:39 -0300] "GET /cormun/servlet/hpexe_return? HTTP/1.1" 200 1030
190.95.1.187 - - [28/May/2025:10:52:39 -0300] "GET /cormun/servlet/trpermisosgoce?gx-no-cache=1748440486525 HTTP/1.1" 200 17343
190.95.67.91 - - [28/May/2025:10:52:40 -0300] "GET /cormun/servlet/solicitudotadjuntos?INS,2025,22653,,1, HTTP/1.1" 200 6290
190.95.67.91 - - [28/May/2025:10:52:40 -0300] "GET /cormun/static/about:blank HTTP/1.1" 404 1011
190.95.67.91 - - [28/May/2025:10:52:41 -0300] "GET /cormun/servlet/solicitudotadjuntos?88ca3b1b09334ba6122aded085814424c3fa0062b4d6d587ab50143f011927c9b47dfcf910e47182e6a4e6c634701f10,gx-no-cache=1748440507422 HTTP/1.1" 200 30
190.95.67.91 - - [28/May/2025:10:52:41 -0300] "POST /cormun/servlet/solicitudotadjuntos?5f272167e6b6d8d8cf1f2a07e9e85a83,INS,2025,22653,,1,,gx-no-cache=1748440507444 HTTP/1.1" 200 4195
190.95.67.91 - - [28/May/2025:10:52:43 -0300] "POST /cormun/servlet/solicitudotadjuntos?gx-no-cache=1748440509497 HTTP/1.1" 200 26
190.95.1.187 - - [28/May/2025:10:52:45 -0300] "GET /cormun/servlet/trpermisosadjuntos?13946275,20250528095506,P, HTTP/1.1" 200 6361
190.95.1.187 - - [28/May/2025:10:52:47 -0300] "GET /cormun/servlet/permisosadjuntos?INS,13946275,P,20250528095506,, HTTP/1.1" 200 5658
190.95.1.187 - - [28/May/2025:10:52:47 -0300] "GET /cormun/static/about:blank HTTP/1.1" 404 1011
190.95.67.91 - - [28/May/2025:10:52:50 -0300] "GET /cormun/servlet/solicitudotadjuntos?88ca3b1b09334ba6122aded085814424776543ad47a6a6c2497e870356b4a06d,gx-no-cache=1748440516825 HTTP/1.1" 200 30
190.95.67.91 - - [28/May/2025:10:52:50 -0300] "GET /cormun/servlet/solicitudotadjuntos?88ca3b1b09334ba6122aded085814424776543ad47a6a6c2497e870356b4a06d,gx-no-cache=1748440516834 HTTP/1.1" 200 30
190.95.67.91 - - [28/May/2025:10:52:50 -0300] "POST /cormun/servlet/solicitudotadjuntos?5f272167e6b6d8d8cf1f2a07e9e85a83,INS,2025,22653,,1, HTTP/1.1" 200 116
190.95.67.91 - - [28/May/2025:10:52:50 -0300] "GET /cormun/servlet/hpexe_return? HTTP/1.1" 200 1031
190.95.67.91 - - [28/May/2025:10:52:50 -0300] "GET /cormun/servlet/trsolicitudadjuntos?2025,22653, HTTP/1.1" 200 10137
190.95.67.91 - - [28/May/2025:10:52:53 -0300] "GET /cormun/servlet/solicitudotadjuntos?INS,2025,22653,,1, HTTP/1.1" 200 6290
190.95.67.91 - - [28/May/2025:10:52:53 -0300] "GET /cormun/static/about:blank HTTP/1.1" 404 1011
190.95.67.91 - - [28/May/2025:10:52:53 -0300] "GET /cormun/servlet/solicitudotadjuntos?88ca3b1b09334ba6122aded085814424c3fa0062b4d6d587ab50143f011927c9b47dfcf910e47182e6a4e6c634701f10,gx-no-cache=1748440520095 HTTP/1.1" 200 30
190.95.67.91 - - [28/May/2025:10:52:53 -0300] "POST /cormun/servlet/solicitudotadjuntos?5f272167e6b6d8d8cf1f2a07e9e85a83,INS,2025,22653,,1,,gx-no-cache=1748440520106 HTTP/1.1" 200 4195
190.95.67.91 - - [28/May/2025:10:52:55 -0300] "POST /cormun/servlet/solicitudotadjuntos?gx-no-cache=1748440521817 HTTP/1.1" 200 26
190.95.1.187 - - [28/May/2025:10:52:56 -0300] "POST /cormun/servlet/permisosadjuntos?ea04b6c9aca4dc612e784ac3621ec067,INS,13946275,P,20250528095506,, HTTP/1.1" 200 116
190.95.1.187 - - [28/May/2025:10:52:56 -0300] "GET /cormun/servlet/hpexe_return? HTTP/1.1" 200 1039
190.95.1.187 - - [28/May/2025:10:52:56 -0300] "GET /cormun/servlet/trpermisosadjuntos?13946275,20250528095506,P, HTTP/1.1" 200 6836
190.95.1.187 - - [28/May/2025:10:52:59 -0300] "POST /cormun/servlet/trpermisosadjuntos?ea04b6c9aca4dc612e784ac3621ec067,13946275,20250528095506,P,,gx-no-cache=1748440525428 HTTP/1.1" 200 90
190.95.1.187 - - [28/May/2025:10:52:59 -0300] "GET /cormun/servlet/hpexe_link HTTP/1.1" 200 1006
190.95.1.187 - - [28/May/2025:10:52:59 -0300] "GET /cormun/servlet/trpermisosgoce?gx-no-cache=1748440486525 HTTP/1.1" 200 17353
190.95.67.91 - - [28/May/2025:10:52:59 -0300] "GET /cormun/servlet/solicitudotadjuntos?88ca3b1b09334ba6122aded085814424776543ad47a6a6c2497e870356b4a06d,gx-no-cache=1748440525825 HTTP/1.1" 200 30
190.95.67.91 - - [28/May/2025:10:52:59 -0300] "GET /cormun/servlet/solicitudotadjuntos?88ca3b1b09334ba6122aded085814424776543ad47a6a6c2497e870356b4a06d,gx-no-cache=1748440525835 HTTP/1.1" 200 30
190.95.67.91 - - [28/May/2025:10:52:59 -0300] "POST /cormun/servlet/solicitudotadjuntos?5f272167e6b6d8d8cf1f2a07e9e85a83,INS,2025,22653,,1, HTTP/1.1" 200 116
190.95.67.91 - - [28/May/2025:10:52:59 -0300] "GET /cormun/servlet/hpexe_return? HTTP/1.1" 200 1031
190.95.67.91 - - [28/May/2025:10:52:59 -0300] "GET /cormun/servlet/trsolicitudadjuntos?2025,22653, HTTP/1.1" 200 10417
190.95.67.91 - - [28/May/2025:10:53:01 -0300] "GET /cormun/servlet/solicitudotadjuntos?INS,2025,22653,,1, HTTP/1.1" 200 6290
190.95.67.91 - - [28/May/2025:10:53:01 -0300] "GET /cormun/static/about:blank HTTP/1.1" 404 1011
190.95.67.91 - - [28/May/2025:10:53:02 -0300] "GET /cormun/servlet/solicitudotadjuntos?88ca3b1b09334ba6122aded085814424c3fa0062b4d6d587ab50143f011927c9b47dfcf910e47182e6a4e6c634701f10,gx-no-cache=1748440528515 HTTP/1.1" 200 30
190.95.67.91 - - [28/May/2025:10:53:02 -0300] "POST /cormun/servlet/solicitudotadjuntos?5f272167e6b6d8d8cf1f2a07e9e85a83,INS,2025,22653,,1,,gx-no-cache=1748440528537 HTTP/1.1" 200 4195
190.95.1.187 - - [28/May/2025:10:53:02 -0300] "POST /cormun/servlet/trpermisosgoce?ea04b6c9aca4dc612e784ac3621ec067,gx-no-cache=1748440486525,gx-no-cache=1748440528241 HTTP/1.1" 200 14570
190.95.67.91 - - [28/May/2025:10:53:03 -0300] "POST /cormun/servlet/solicitudotadjuntos?gx-no-cache=1748440530113 HTTP/1.1" 200 26
190.95.67.91 - - [28/May/2025:10:53:07 -0300] "GET /cormun/servlet/solicitudotadjuntos?88ca3b1b09334ba6122aded085814424776543ad47a6a6c2497e870356b4a06d,gx-no-cache=1748440533697 HTTP/1.1" 200 30
