179.57.78.9 - - [27/May/2025:11:43:26 -0300] "GET /cormun/servlet/solicitudot?01bdd9c102c57250063a7353e7860a58f5e29db926e2675e489ebeb725b7ffd9,gx-no-cache=1748357153793 HTTP/1.1" 200 51
179.57.78.9 - - [27/May/2025:11:43:26 -0300] "POST /cormun/servlet/solicitudot?gx-no-cache=1748357153818 HTTP/1.1" 200 297
179.57.78.9 - - [27/May/2025:11:43:26 -0300] "GET /cormun/servlet/solicitudot?01bdd9c102c57250063a7353e7860a5868fc5f16481210eb55dcd876174fca9df074947331145ca8c32e7f25617f7cf43feeaaaef5906a32130475e708b144771338698941e192a5a10fd320f71f7e861600309c63a817549f2e7f920bf033ff1cdc91b9888b2f15e19cae0bb07d5217572e09aa1c257c3a2d2ba79bc2a09da212d6185e7c9180f5154ed302bbce33e8852968010da0f52984e89b30d6deb8d617c153dd57d246e1bc74cdd3728afb97a518dad50491790182541a1321800b7cd5a0e6033a9756f1d0609e4de585697392fdc19087beb83f852529d7116345ef9759a82fb9910c0534064e8261b3fc0e9d82da63708d766db0a9ea2d9d15cd83b8a64196f8d27c73c69343dbc638513a4729c142d713046ff4a4e4c4c5fd1c2db3344084c140318bd52b0ff88301863302c8e3996e7c1b0c5a19c1f52fcb255e9a4e3eb63f4fe2f46cf991d847bb60f0c21785251b5b296ebe1dc7cf6c98d22692a259ab1ba048377b2dad725c7b7c4ceab97f9e6409d745402b995c490b7c9b4844af94cab34874c5d3f6edb0e9270b,gx-no-cache=1748357153850 HTTP/1.1" 200 30
179.57.78.9 - - [27/May/2025:11:43:26 -0300] "POST /cormun/servlet/solicitudot?gx-no-cache=1748357153868 HTTP/1.1" 200 30
179.57.78.9 - - [27/May/2025:11:43:26 -0300] "POST /cormun/servlet/solicitudot?gx-no-cache=1748357153893 HTTP/1.1" 200 1480
179.57.78.9 - - [27/May/2025:11:43:26 -0300] "POST /cormun/servlet/solicitudot?gx-no-cache=1748357153922 HTTP/1.1" 200 38
190.95.67.97 - - [27/May/2025:11:43:52 -0300] "GET /cormun/servlet/trpermisosgoce? HTTP/1.1" 200 18140
190.95.1.185 - - [27/May/2025:11:44:19 -0300] "GET /cormun/servlet/trpermisosgoce? HTTP/1.1" 200 6208
190.95.1.185 - - [27/May/2025:11:44:19 -0300] "GET /cormun/servlet/hlogin HTTP/1.1" 200 1738
190.95.1.185 - - [27/May/2025:11:44:22 -0300] "POST /cormun/servlet/hlogin?9a60b64950ab95dd1524f1e825e9086d,gx-no-cache=1748357209992 HTTP/1.1" 200 90
190.95.1.185 - - [27/May/2025:11:44:22 -0300] "GET /cormun/servlet/hpexe_link HTTP/1.1" 200 955
190.95.1.185 - - [27/May/2025:11:44:22 -0300] "GET /cormun/servlet/trpermisosgoce HTTP/1.1" 200 11422
190.95.67.97 - - [27/May/2025:11:44:25 -0300] "GET /cormun/servlet/permisogoce?INS,0,,, HTTP/1.1" 200 6734
190.95.1.185 - - [27/May/2025:11:44:25 -0300] "GET /cormun/servlet/trpermisosgoce? HTTP/1.1" 200 11420
190.95.1.185 - - [27/May/2025:11:44:27 -0300] "GET /cormun/servlet/permisogoce?INS,0,,, HTTP/1.1" 200 7375
190.95.67.97 - - [27/May/2025:11:44:34 -0300] "GET /cormun/servlet/permisogoce?3e342af143f25ce377f4cb7865858ed8199c739476d4193cb51030fd913f2588460b1272cc58fa10e0289211e8b64fc0e79166035c876b10350cbdea2d4fa466,gx-no-cache=1748357145360 HTTP/1.1" 200 79
190.95.1.185 - - [27/May/2025:11:44:47 -0300] "GET /cormun/servlet/permisogoce?5f2b9b5c373504b3eef6cf1f4a1ef8989a9a1b92626f0f390f5967452c186fe476e3ec76da2e7be605316cb2d64f0fe0b24327449f76019d17f00cff1ba38b6b,gx-no-cache=1748357235016 HTTP/1.1" 200 79
190.95.1.185 - - [27/May/2025:11:44:47 -0300] "GET /cormun/static/menuarrow.gif HTTP/1.1" 404 1015
190.95.67.97 - - [27/May/2025:11:44:48 -0300] "GET /cormun/servlet/permisogoce?3e342af143f25ce377f4cb7865858ed882fbf16f84a20d924588c356612fd577fda40e2013279de97412b441cc0f5c0b7e2919b8df0d8640292f8bf0c00849ca,gx-no-cache=1748357159199 HTTP/1.1" 200 47
190.95.67.97 - - [27/May/2025:11:44:50 -0300] "POST /cormun/servlet/permisogoce?766b0fc0a3604095fbe16329b07327aa,INS,0,,,,gx-no-cache=1748357160863 HTTP/1.1" 200 93
190.95.67.97 - - [27/May/2025:11:44:50 -0300] "GET /cormun/servlet/hpexe_return? HTTP/1.1" 200 1012
190.95.67.97 - - [27/May/2025:11:44:50 -0300] "GET /cormun/servlet/trpermisosgoce HTTP/1.1" 200 18103
190.95.1.185 - - [27/May/2025:11:44:50 -0300] "GET /cormun/servlet/permisogoce?5f2b9b5c373504b3eef6cf1f4a1ef89888f02aee1ea9f909590523169ab5f770e009b7b5402e26ead5c9d734cd2ddd68aea4dcd906ed59f7bc53984d9deed2a6,gx-no-cache=1748357238666 HTTP/1.1" 200 47
190.95.1.185 - - [27/May/2025:11:44:59 -0300] "POST /cormun/servlet/permisogoce?9a60b64950ab95dd1524f1e825e9086d,INS,0,,,,gx-no-cache=1748357246850 HTTP/1.1" 200 93
190.95.1.185 - - [27/May/2025:11:44:59 -0300] "GET /cormun/servlet/hpexe_return? HTTP/1.1" 200 1008
190.95.1.185 - - [27/May/2025:11:44:59 -0300] "GET /cormun/servlet/trpermisosgoce HTTP/1.1" 200 11733
190.95.1.185 - - [27/May/2025:11:45:01 -0300] "GET /cormun/servlet/apermisogoceprn?18221736,P,20250527104714,PU HTTP/1.1" 200 1666
179.57.78.9 - - [27/May/2025:11:45:19 -0300] "POST /cormun/servlet/solicitudot?269eea48240b4ca70ee2ea35cf812b62,INS,0,0,false,,gx-no-cache=1748357266737 HTTP/1.1" 200 93
179.57.78.9 - - [27/May/2025:11:45:19 -0300] "GET /cormun/servlet/hpexe_return? HTTP/1.1" 200 1011
179.57.78.9 - - [27/May/2025:11:45:19 -0300] "GET /cormun/static/gxcfg.js?20221129846035 HTTP/1.1" 200 953
179.57.78.9 - - [27/May/2025:11:45:19 -0300] "GET /cormun/static/hpexe_return.js?20221129846037 HTTP/1.1" 200 1633
179.57.78.9 - - [27/May/2025:11:45:19 -0300] "GET /cormun/servlet/trsolicitudot HTTP/1.1" 200 7571
190.95.67.97 - - [27/May/2025:11:45:21 -0300] "GET /cormun/servlet/permisogoce?INS,0,,, HTTP/1.1" 200 6735
179.57.78.9 - - [27/May/2025:11:45:22 -0300] "GET /cormun/servlet/trlicencias? HTTP/1.1" 200 9837
190.95.67.97 - - [27/May/2025:11:45:54 -0300] "GET /cormun/servlet/permisogoce?3e342af143f25ce377f4cb7865858ed87c46c69c336f2406d7663139c52d98c13ca1ce1ee6ad99bfa79c6505547cb54af0388dca8123729533c6a758a983bf36,gx-no-cache=1748357225466 HTTP/1.1" 200 226
201.186.225.185 - - [27/May/2025:11:45:57 -0300] "POST /cormun/servlet/trlicencias?7093d255465f996391c67b11d876f7cf,,gx-no-cache=1748357305001 HTTP/1.1" 200 10580
190.95.67.97 - - [27/May/2025:11:46:21 -0300] "GET /cormun/servlet/permisogoce?3e342af143f25ce377f4cb7865858ed82b498dd3ec6ca612bc3af7de2c106f99460b1272cc58fa10e0289211e8b64fc0e79166035c876b10350cbdea2d4fa466,gx-no-cache=1748357252272 HTTP/1.1" 200 69
190.95.67.97 - - [27/May/2025:11:46:34 -0300] "GET /cormun/servlet/permisogoce?3e342af143f25ce377f4cb7865858ed8bd305802ced5c77821b4941f981df8136eb643264d1ec6bb540cbde24371769c5e926a78348736dfbd6fb6e4518f3529,gx-no-cache=1748357266011 HTTP/1.1" 200 47
190.95.67.97 - - [27/May/2025:11:46:36 -0300] "POST /cormun/servlet/permisogoce?766b0fc0a3604095fbe16329b07327aa,INS,0,,,,gx-no-cache=1748357267548 HTTP/1.1" 200 93
190.95.67.97 - - [27/May/2025:11:46:36 -0300] "GET /cormun/servlet/hpexe_return? HTTP/1.1" 200 1012
190.95.67.97 - - [27/May/2025:11:46:37 -0300] "GET /cormun/servlet/trpermisosgoce HTTP/1.1" 200 18162
190.95.67.97 - - [27/May/2025:11:47:21 -0300] "GET /cormun/servlet/permisogoce?INS,0,,, HTTP/1.1" 200 6735
190.95.67.97 - - [27/May/2025:11:47:28 -0300] "GET /cormun/servlet/permisogoce?3e342af143f25ce377f4cb7865858ed82b498dd3ec6ca612bc3af7de2c106f99460b1272cc58fa10e0289211e8b64fc0e79166035c876b10350cbdea2d4fa466,gx-no-cache=1748357320012 HTTP/1.1" 200 72
190.95.67.97 - - [27/May/2025:11:47:34 -0300] "GET /cormun/servlet/permisogoce?3e342af143f25ce377f4cb7865858ed8bd305802ced5c77821b4941f981df8136fa943ea24c3a596a77a548f5f8049367e2919b8df0d8640292f8bf0c00849ca,gx-no-cache=1748357325829 HTTP/1.1" 200 47
190.95.67.97 - - [27/May/2025:11:47:36 -0300] "POST /cormun/servlet/permisogoce?766b0fc0a3604095fbe16329b07327aa,INS,0,,,,gx-no-cache=1748357327198 HTTP/1.1" 200 93
190.95.67.97 - - [27/May/2025:11:47:36 -0300] "GET /cormun/servlet/hpexe_return? HTTP/1.1" 200 1012
190.95.67.97 - - [27/May/2025:11:47:36 -0300] "GET /cormun/servlet/trpermisosgoce HTTP/1.1" 200 18130
190.95.67.97 - - [27/May/2025:11:47:47 -0300] "GET /cormun/servlet/permisogoce?INS,0,,, HTTP/1.1" 200 6735
190.95.67.97 - - [27/May/2025:11:48:36 -0300] "GET /cormun/servlet/permisogoce?3e342af143f25ce377f4cb7865858ed89e95f88e60365f83a5d7192e8f17ef773ca1ce1ee6ad99bfa79c6505547cb54af0388dca8123729533c6a758a983bf36,gx-no-cache=1748357387163 HTTP/1.1" 200 75
190.95.15.15 - - [27/May/2025:11:48:43 -0300] "GET /cormun/servlet/trlicencias? HTTP/1.1" 200 6053
190.95.15.15 - - [27/May/2025:11:48:43 -0300] "GET /cormun/servlet/hlogin HTTP/1.1" 200 1742
190.95.15.15 - - [27/May/2025:11:48:53 -0300] "POST /cormun/servlet/hlogin?e4d05d28b97a444f474e85cbec76c08b,gx-no-cache=1748357480857 HTTP/1.1" 200 90
190.95.15.15 - - [27/May/2025:11:48:53 -0300] "GET /cormun/servlet/hpexe_link HTTP/1.1" 200 961
190.95.15.15 - - [27/May/2025:11:48:53 -0300] "GET /cormun/servlet/trlicencias HTTP/1.1" 200 13314
190.95.67.91 - - [27/May/2025:11:50:18 -0300] "GET /cormun/servlet/trlicencias? HTTP/1.1" 200 6051
190.95.67.91 - - [27/May/2025:11:50:18 -0300] "GET /cormun/servlet/hlogin HTTP/1.1" 200 1735
190.95.67.91 - - [27/May/2025:11:50:25 -0300] "POST /cormun/servlet/hlogin?2818ff6175b1d5a830f57d9867510366,gx-no-cache=1748357573234 HTTP/1.1" 200 90
190.95.67.91 - - [27/May/2025:11:50:25 -0300] "GET /cormun/servlet/hpexe_link HTTP/1.1" 200 955
190.95.67.91 - - [27/May/2025:11:50:25 -0300] "GET /cormun/servlet/trlicencias HTTP/1.1" 200 17566
190.95.67.97 - - [27/May/2025:11:50:41 -0300] "GET /cormun/servlet/trlicencias? HTTP/1.1" 200 9345
190.95.67.97 - - [27/May/2025:11:50:51 -0300] "POST /cormun/servlet/trlicencias?766b0fc0a3604095fbe16329b07327aa,,gx-no-cache=1748357522988 HTTP/1.1" 200 5471
190.95.67.91 - - [27/May/2025:11:50:54 -0300] "GET /cormun/servlet/trpermisosgoce? HTTP/1.1" 200 19272
190.95.67.91 - - [27/May/2025:11:50:57 -0300] "GET /cormun/servlet/permisogoce?INS,0,,, HTTP/1.1" 200 7118
190.95.67.97 - - [27/May/2025:11:50:58 -0300] "GET /cormun/servlet/trpermisosgoce? HTTP/1.1" 200 18132
190.95.67.97 - - [27/May/2025:11:51:00 -0300] "GET /cormun/servlet/permisogoce?INS,0,,, HTTP/1.1" 200 6735
190.95.67.91 - - [27/May/2025:11:51:06 -0300] "GET /cormun/servlet/permisogoce?68095125c6399701edb2eed820e09da680a050b004694990cddfa8e4e75bdaf153c59e64c377467257f1b3ca260345864612232d362939390e3a57b15b6dcd67,gx-no-cache=1748357613830 HTTP/1.1" 200 86
190.95.67.91 - - [27/May/2025:11:51:07 -0300] "GET /cormun/static/menuarrow.gif HTTP/1.1" 404 1015
190.95.67.97 - - [27/May/2025:11:51:09 -0300] "GET /cormun/servlet/permisogoce?3e342af143f25ce377f4cb7865858ed89e95f88e60365f83a5d7192e8f17ef773ca1ce1ee6ad99bfa79c6505547cb54af0388dca8123729533c6a758a983bf36,gx-no-cache=1748357540506 HTTP/1.1" 200 75
190.95.67.97 - - [27/May/2025:11:51:16 -0300] "GET /cormun/servlet/permisogoce?3e342af143f25ce377f4cb7865858ed841b1d3e45628eca3e64e1bd310dd308be31090187fed6c9f8f520070076447c84b59d7afcec126bb038f49f7eb237058,gx-no-cache=1748357548038 HTTP/1.1" 200 48
190.95.67.91 - - [27/May/2025:11:51:18 -0300] "GET /cormun/servlet/permisogoce?68095125c6399701edb2eed820e09da6c7622cbdedac3c42763b05078ab455ae945fe6b171669aab5962bceb15056ec13a595a95d0c924e0161d8976482281a9,gx-no-cache=1748357626084 HTTP/1.1" 200 47
190.95.67.97 - - [27/May/2025:11:51:18 -0300] "POST /cormun/servlet/permisogoce?766b0fc0a3604095fbe16329b07327aa,INS,0,,,,gx-no-cache=1748357549568 HTTP/1.1" 200 93
190.95.67.97 - - [27/May/2025:11:51:18 -0300] "GET /cormun/servlet/hpexe_return? HTTP/1.1" 200 1012
190.95.67.97 - - [27/May/2025:11:51:19 -0300] "GET /cormun/servlet/trpermisosgoce HTTP/1.1" 200 18118
190.95.67.91 - - [27/May/2025:11:51:25 -0300] "POST /cormun/servlet/permisogoce?2818ff6175b1d5a830f57d9867510366,INS,0,,,,gx-no-cache=1748357632850 HTTP/1.1" 200 93
190.95.67.91 - - [27/May/2025:11:51:25 -0300] "GET /cormun/servlet/hpexe_return? HTTP/1.1" 200 1008
190.95.67.91 - - [27/May/2025:11:51:25 -0300] "GET /cormun/servlet/trpermisosgoce HTTP/1.1" 200 19319
190.95.67.91 - - [27/May/2025:11:51:28 -0300] "GET /cormun/servlet/trpermisosadjuntos?18799253,20250527105344,P, HTTP/1.1" 200 6552
190.95.67.91 - - [27/May/2025:11:51:30 -0300] "GET /cormun/servlet/permisosadjuntos?INS,18799253,P,20250527105344,, HTTP/1.1" 200 5878
190.95.67.91 - - [27/May/2025:11:51:30 -0300] "GET /cormun/static/about:blank HTTP/1.1" 404 1011
190.95.67.97 - - [27/May/2025:11:52:20 -0300] "POST /cormun/servlet/trpermisosgoce?766b0fc0a3604095fbe16329b07327aa,gx-no-cache=1748357611913 HTTP/1.1" 200 5312
129.222.173.48 - - [27/May/2025:11:52:41 -0300] "POST /cormun/servlet/hlogin?eb7e46942d9a5c4fd0566037644ae4e9,gx-no-cache=1748357708955 HTTP/1.1" 440 972
129.222.173.48 - - [27/May/2025:11:52:43 -0300] "GET /cormun/servlet/hlogin HTTP/1.1" 200 1734
129.222.173.48 - - [27/May/2025:11:52:45 -0300] "POST /cormun/servlet/hlogin?8bae0d0c0009e4e61a8625cbad3e1148,gx-no-cache=1748357713011 HTTP/1.1" 200 90
129.222.173.48 - - [27/May/2025:11:52:45 -0300] "GET /cormun/servlet/hpexe_link HTTP/1.1" 200 951
129.222.173.48 - - [27/May/2025:11:52:45 -0300] "GET /cormun/servlet/hhome HTTP/1.1" 200 3936
129.222.173.48 - - [27/May/2025:11:52:49 -0300] "GET /cormun/servlet/trlicencias? HTTP/1.1" 200 10370
190.95.67.97 - - [27/May/2025:11:52:49 -0300] "GET /cormun/servlet/trpermisosgoce? HTTP/1.1" 200 7929
179.57.78.71 - - [27/May/2025:11:52:56 -0300] "GET /cormun/servlet/trlicencias HTTP/1.1" 200 6049
179.57.78.71 - - [27/May/2025:11:52:57 -0300] "GET /cormun/servlet/hlogin HTTP/1.1" 200 1735
190.95.67.97 - - [27/May/2025:11:52:59 -0300] "POST /cormun/servlet/trpermisosgoce?766b0fc0a3604095fbe16329b07327aa,,gx-no-cache=1748357650005 HTTP/1.1" 200 15553
190.95.67.97 - - [27/May/2025:11:53:32 -0300] "GET /cormun/servlet/permisogoce?INS,0,,, HTTP/1.1" 200 6735
190.95.67.97 - - [27/May/2025:11:53:46 -0300] "GET /cormun/servlet/permisogoce?3e342af143f25ce377f4cb7865858ed8be1d4df7f41990dea64a70e0d3175269460b1272cc58fa10e0289211e8b64fc0e79166035c876b10350cbdea2d4fa466,gx-no-cache=1748357697162 HTTP/1.1" 200 87
190.95.67.97 - - [27/May/2025:11:53:58 -0300] "GET /cormun/servlet/trpermisosgoce? HTTP/1.1" 200 18124
190.95.67.97 - - [27/May/2025:11:54:11 -0300] "POST /cormun/servlet/trpermisosgoce?766b0fc0a3604095fbe16329b07327aa,,gx-no-cache=1748357722827 HTTP/1.1" 200 5273
190.95.67.97 - - [27/May/2025:11:54:29 -0300] "GET /cormun/servlet/trpermisosgoce? HTTP/1.1" 200 7886
190.95.67.97 - - [27/May/2025:11:54:52 -0300] "GET /cormun/servlet/trpermisosgoce? HTTP/1.1" 200 7886
190.95.67.97 - - [27/May/2025:11:54:56 -0300] "GET /cormun/servlet/permisogoce?INS,0,,, HTTP/1.1" 200 6735
190.95.67.97 - - [27/May/2025:11:55:04 -0300] "GET /cormun/servlet/permisogoce?3e342af143f25ce377f4cb7865858ed8a34c9472760e3b30a419c9cd7d7e2ea2460b1272cc58fa10e0289211e8b64fc0e79166035c876b10350cbdea2d4fa466,gx-no-cache=1748357775261 HTTP/1.1" 200 90
190.95.67.97 - - [27/May/2025:11:55:35 -0300] "GET /cormun/servlet/trlicencias? HTTP/1.1" 200 8067
190.95.67.97 - - [27/May/2025:11:55:44 -0300] "POST /cormun/servlet/trlicencias?766b0fc0a3604095fbe16329b07327aa,,gx-no-cache=1748357815841 HTTP/1.1" 200 3909
190.95.67.97 - - [27/May/2025:11:56:00 -0300] "POST /cormun/servlet/trlicencias?766b0fc0a3604095fbe16329b07327aa,,gx-no-cache=1748357831921 HTTP/1.1" 200 3912
190.95.67.97 - - [27/May/2025:11:56:15 -0300] "POST /cormun/servlet/trlicencias?766b0fc0a3604095fbe16329b07327aa,,gx-no-cache=1748357846906 HTTP/1.1" 200 3912
190.95.67.97 - - [27/May/2025:11:56:16 -0300] "POST /cormun/servlet/trlicencias?766b0fc0a3604095fbe16329b07327aa,,gx-no-cache=1748357847769 HTTP/1.1" 200 3912
190.95.67.97 - - [27/May/2025:11:56:18 -0300] "GET /cormun/servlet/trpermisosgoce? HTTP/1.1" 200 7886
201.186.225.185 - - [27/May/2025:11:56:20 -0300] "HEAD /cormun/servlet/trlicenciaspermisoslog?18041931,L,20250403000000, HTTP/1.1" 200 -
201.186.225.185 - - [27/May/2025:11:56:20 -0300] "GET /cormun/servlet/trlicenciaspermisoslog?18041931,L,20250403000000, HTTP/1.1" 200 5341
201.186.225.185 - - [27/May/2025:11:56:20 -0300] "GET /cormun/servlet/trlicenciaspermisoslog?18041931,L,20250403000000, HTTP/1.1" 200 5353
201.186.225.185 - - [27/May/2025:11:56:21 -0300] "GET /cormun/servlet/hlogin HTTP/1.1" 200 1768
190.95.67.97 - - [27/May/2025:11:56:28 -0300] "POST /cormun/servlet/trpermisosgoce?766b0fc0a3604095fbe16329b07327aa,,gx-no-cache=1748357859466 HTTP/1.1" 200 5478
190.95.67.97 - - [27/May/2025:11:59:15 -0300] "GET /cormun/servlet/trpermisosgoce? HTTP/1.1" 200 8081
190.95.67.97 - - [27/May/2025:11:59:20 -0300] "GET /cormun/servlet/permisogoce?INS,0,,, HTTP/1.1" 200 6734
190.95.67.97 - - [27/May/2025:11:59:27 -0300] "GET /cormun/servlet/permisogoce?3e342af143f25ce377f4cb7865858ed8a34c9472760e3b30a419c9cd7d7e2ea2460b1272cc58fa10e0289211e8b64fc0e79166035c876b10350cbdea2d4fa466,gx-no-cache=1748358038888 HTTP/1.1" 200 90
190.95.67.91 - - [27/May/2025:12:03:01 -0300] "POST /cormun/servlet/permisosadjuntos?2818ff6175b1d5a830f57d9867510366,INS,18799253,P,20250527105344,, HTTP/1.1" 200 116
190.95.67.91 - - [27/May/2025:12:03:01 -0300] "GET /cormun/servlet/hpexe_return? HTTP/1.1" 200 1038
190.95.67.91 - - [27/May/2025:12:03:01 -0300] "GET /cormun/servlet/trpermisosadjuntos?18799253,20250527105344,P, HTTP/1.1" 200 7076
190.95.67.91 - - [27/May/2025:12:03:10 -0300] "POST /cormun/servlet/trpermisosadjuntos?2818ff6175b1d5a830f57d9867510366,18799253,20250527105344,P,,gx-no-cache=1748358338420 HTTP/1.1" 200 90
190.95.67.91 - - [27/May/2025:12:03:10 -0300] "GET /cormun/servlet/hpexe_link HTTP/1.1" 200 985
190.95.67.91 - - [27/May/2025:12:03:10 -0300] "GET /cormun/servlet/trpermisosgoce HTTP/1.1" 200 19315
190.95.67.91 - - [27/May/2025:12:03:13 -0300] "GET /cormun/servlet/trpermisosadjuntos?18799253,20250527105344,P, HTTP/1.1" 200 7072
190.95.67.91 - - [27/May/2025:12:03:15 -0300] "POST /cormun/servlet/trpermisosadjuntos?2818ff6175b1d5a830f57d9867510366,18799253,20250527105344,P,,gx-no-cache=1748358343324 HTTP/1.1" 200 90
190.95.67.91 - - [27/May/2025:12:03:15 -0300] "GET /cormun/servlet/hpexe_link HTTP/1.1" 200 985
190.95.67.91 - - [27/May/2025:12:03:15 -0300] "GET /cormun/servlet/trpermisosgoce HTTP/1.1" 200 19315
190.95.67.91 - - [27/May/2025:12:03:20 -0300] "POST /cormun/servlet/trpermisosgoce?2818ff6175b1d5a830f57d9867510366,gx-no-cache=1748358347724 HTTP/1.1" 200 16610
190.95.67.91 - - [27/May/2025:12:03:20 -0300] "GET /cormun/static/Shared/jqueryui/images/ui-bg_highlight-soft_100_c6c2c8_1x100.png HTTP/1.1" 404 1117
190.95.67.91 - - [27/May/2025:12:03:20 -0300] "GET /cormun/static/Shared/jqueryui/images/ui-icons_82798d_256x240.png HTTP/1.1" 404 1089
190.95.67.91 - - [27/May/2025:12:03:20 -0300] "GET /cormun/static/Shared/jqueryui/images/ui-bg_flat_55_fafafa_40x100.png HTTP/1.1" 404 1097
190.95.67.91 - - [27/May/2025:12:03:20 -0300] "GET /cormun/static/Shared/jqueryui/images/ui-icons_8d78a5_256x240.png HTTP/1.1" 404 1089
190.95.67.91 - - [27/May/2025:12:03:43 -0300] "GET /cormun/servlet/permisogoce?INS,0,,, HTTP/1.1" 200 7118
190.95.67.91 - - [27/May/2025:12:03:52 -0300] "GET /cormun/servlet/permisogoce?68095125c6399701edb2eed820e09da6117cd0175388f4a7d4ea6d0f6d90cda953c59e64c377467257f1b3ca260345864612232d362939390e3a57b15b6dcd67,gx-no-cache=1748358380148 HTTP/1.1" 200 78
190.95.67.91 - - [27/May/2025:12:03:58 -0300] "GET /cormun/static/menuarrow.gif HTTP/1.1" 404 1015
190.95.67.91 - - [27/May/2025:12:04:07 -0300] "GET /cormun/servlet/permisogoce?68095125c6399701edb2eed820e09da667dfad7a7bda043c6338739af081863b74c84e3f6c2c8cf917b2e16ed568c51b3a595a95d0c924e0161d8976482281a9,gx-no-cache=1748358395534 HTTP/1.1" 200 48
190.95.67.91 - - [27/May/2025:12:04:11 -0300] "POST /cormun/servlet/permisogoce?2818ff6175b1d5a830f57d9867510366,INS,0,,,,gx-no-cache=1748358399299 HTTP/1.1" 200 93
190.95.67.91 - - [27/May/2025:12:04:11 -0300] "GET /cormun/servlet/hpexe_return? HTTP/1.1" 200 1030
190.95.67.91 - - [27/May/2025:12:04:12 -0300] "GET /cormun/servlet/trpermisosgoce?gx-no-cache=1748358347724 HTTP/1.1" 200 19304
190.95.67.91 - - [27/May/2025:12:04:14 -0300] "GET /cormun/servlet/trpermisosadjuntos?18646110,20250527110630,P, HTTP/1.1" 200 6566
190.95.67.91 - - [27/May/2025:12:04:15 -0300] "GET /cormun/servlet/permisosadjuntos?INS,18646110,P,20250527110630,, HTTP/1.1" 200 5870
190.95.67.91 - - [27/May/2025:12:04:16 -0300] "GET /cormun/static/about:blank HTTP/1.1" 404 1011
190.95.67.91 - - [27/May/2025:12:04:24 -0300] "POST /cormun/servlet/permisosadjuntos?2818ff6175b1d5a830f57d9867510366,INS,18646110,P,20250527110630,, HTTP/1.1" 200 116
190.95.67.91 - - [27/May/2025:12:04:24 -0300] "GET /cormun/servlet/hpexe_return? HTTP/1.1" 200 1037
190.95.67.91 - - [27/May/2025:12:04:24 -0300] "GET /cormun/servlet/trpermisosadjuntos?18646110,20250527110630,P, HTTP/1.1" 200 7070
190.95.67.91 - - [27/May/2025:12:04:25 -0300] "POST /cormun/servlet/trpermisosadjuntos?2818ff6175b1d5a830f57d9867510366,18646110,20250527110630,P,,gx-no-cache=1748358413468 HTTP/1.1" 200 90
190.95.67.91 - - [27/May/2025:12:04:25 -0300] "GET /cormun/servlet/hpexe_link HTTP/1.1" 200 1005
190.95.67.91 - - [27/May/2025:12:04:25 -0300] "GET /cormun/servlet/trpermisosgoce?gx-no-cache=1748358347724 HTTP/1.1" 200 19301
190.95.67.91 - - [27/May/2025:12:04:28 -0300] "POST /cormun/servlet/trpermisosgoce?2818ff6175b1d5a830f57d9867510366,gx-no-cache=1748358347724,gx-no-cache=1748358415622 HTTP/1.1" 200 16615
190.95.67.91 - - [27/May/2025:12:04:42 -0300] "GET /cormun/servlet/permisogoce?INS,0,,, HTTP/1.1" 200 7140
190.95.67.91 - - [27/May/2025:12:04:49 -0300] "GET /cormun/servlet/permisogoce?68095125c6399701edb2eed820e09da6612d2d98843e0b49f5d0f77aee9ce6b653c59e64c377467257f1b3ca260345864612232d362939390e3a57b15b6dcd67,gx-no-cache=1748358437396 HTTP/1.1" 200 80
190.95.67.91 - - [27/May/2025:12:04:56 -0300] "GET /cormun/servlet/permisogoce?68095125c6399701edb2eed820e09da645fac60cc0391c93398e56e337bbd7777bdb97827113315783f4dcf6ff9000a43a595a95d0c924e0161d8976482281a9,gx-no-cache=1748358444173 HTTP/1.1" 200 47
190.95.67.91 - - [27/May/2025:12:05:04 -0300] "POST /cormun/servlet/permisogoce?2818ff6175b1d5a830f57d9867510366,INS,0,,,,gx-no-cache=1748358452363 HTTP/1.1" 200 93
190.95.67.91 - - [27/May/2025:12:05:04 -0300] "GET /cormun/servlet/hpexe_return? HTTP/1.1" 200 1030
190.95.67.91 - - [27/May/2025:12:05:05 -0300] "GET /cormun/servlet/trpermisosgoce?gx-no-cache=1748358347724 HTTP/1.1" 200 19359
190.95.67.91 - - [27/May/2025:12:05:07 -0300] "GET /cormun/servlet/trpermisosadjuntos?11498793,20250527110729,P, HTTP/1.1" 200 6568
190.95.67.91 - - [27/May/2025:12:05:10 -0300] "GET /cormun/servlet/permisosadjuntos?INS,11498793,P,20250527110729,, HTTP/1.1" 200 5871
190.95.67.91 - - [27/May/2025:12:05:10 -0300] "GET /cormun/static/about:blank HTTP/1.1" 404 1011
190.95.67.91 - - [27/May/2025:12:05:25 -0300] "POST /cormun/servlet/permisosadjuntos?2818ff6175b1d5a830f57d9867510366,INS,11498793,P,20250527110729,, HTTP/1.1" 200 116
190.95.67.91 - - [27/May/2025:12:05:25 -0300] "GET /cormun/servlet/hpexe_return? HTTP/1.1" 200 1038
190.95.67.91 - - [27/May/2025:12:05:25 -0300] "GET /cormun/servlet/trpermisosadjuntos?11498793,20250527110729,P, HTTP/1.1" 200 7118
190.95.67.91 - - [27/May/2025:12:05:35 -0300] "POST /cormun/servlet/trpermisosadjuntos?2818ff6175b1d5a830f57d9867510366,11498793,20250527110729,P,,gx-no-cache=1748358483164 HTTP/1.1" 200 90
190.95.67.91 - - [27/May/2025:12:05:35 -0300] "GET /cormun/servlet/hpexe_link HTTP/1.1" 200 1006
190.95.67.91 - - [27/May/2025:12:05:35 -0300] "GET /cormun/servlet/trpermisosgoce?gx-no-cache=1748358347724 HTTP/1.1" 200 19356
190.95.67.91 - - [27/May/2025:12:05:37 -0300] "POST /cormun/servlet/trpermisosgoce?2818ff6175b1d5a830f57d9867510366,gx-no-cache=1748358347724,gx-no-cache=1748358485382 HTTP/1.1" 200 16663
190.95.67.91 - - [27/May/2025:12:05:41 -0300] "GET /cormun/servlet/permisogoce?INS,0,,, HTTP/1.1" 200 7140
190.95.67.91 - - [27/May/2025:12:05:53 -0300] "GET /cormun/servlet/permisogoce?68095125c6399701edb2eed820e09da666339ead0fdbefb1937fa6a0bcbf920d53c59e64c377467257f1b3ca260345864612232d362939390e3a57b15b6dcd67,gx-no-cache=1748358501022 HTTP/1.1" 200 82
201.186.225.187 - - [27/May/2025:12:07:09 -0300] "POST /cormun/servlet/trlicencias?6b7cd293b06efc561f8674f010df7de3,gx-no-cache=1748358391210 HTTP/1.1" 440 972
201.186.225.187 - - [27/May/2025:12:07:10 -0300] "GET /cormun/servlet/trlicencias HTTP/1.1" 200 6042
201.186.225.187 - - [27/May/2025:12:07:10 -0300] "GET /cormun/servlet/hlogin HTTP/1.1" 200 1735
201.186.225.187 - - [27/May/2025:12:07:17 -0300] "POST /cormun/servlet/hlogin?3dbd43299c6b805293ebf73b9ad1cb05,gx-no-cache=1748358398776 HTTP/1.1" 200 90
201.186.225.187 - - [27/May/2025:12:07:17 -0300] "GET /cormun/servlet/hpexe_link HTTP/1.1" 200 954
201.186.225.187 - - [27/May/2025:12:07:17 -0300] "GET /cormun/servlet/trlicencias HTTP/1.1" 200 8775
192.168.10.19 - - [27/May/2025:12:07:37 -0300] "POST /cormun/servlet/trsolicitudgral?13e757a96fb80ff437df6a84e09cd8de,,gx-no-cache=1748358624206 HTTP/1.1" 440 972
192.168.10.19 - - [27/May/2025:12:07:39 -0300] "GET /cormun/servlet/trsolicitudgral? HTTP/1.1" 500 10
192.168.10.19 - - [27/May/2025:12:07:45 -0300] "GET /cormun/servlet/vesolicitudgral?2025,22636,, HTTP/1.1" 200 7795
192.168.10.19 - - [27/May/2025:12:07:45 -0300] "GET /cormun/pexe_scrolldiv.js HTTP/1.1" 404 1009
192.168.10.19 - - [27/May/2025:12:07:45 -0300] "GET /cormun/servlet/hlogin HTTP/1.1" 200 1753
192.168.10.19 - - [27/May/2025:12:07:50 -0300] "POST /cormun/servlet/hlogin?a1e37e3b65c1b0aff2763937093ee710,gx-no-cache=1748358636739 HTTP/1.1" 200 90
192.168.10.19 - - [27/May/2025:12:07:50 -0300] "GET /cormun/servlet/hpexe_link HTTP/1.1" 200 972
192.168.10.19 - - [27/May/2025:12:07:50 -0300] "GET /cormun/servlet/vesolicitudgral?2025,22636,, HTTP/1.1" 200 8325
192.168.10.19 - - [27/May/2025:12:07:50 -0300] "GET /cormun/pexe_scrolldiv.js HTTP/1.1" 404 1009
192.168.10.19 - - [27/May/2025:12:07:53 -0300] "GET /cormun/servlet/trsolicitudgral? HTTP/1.1" 200 28075
192.168.10.19 - - [27/May/2025:12:08:01 -0300] "POST /cormun/servlet/trsolicitudgral?a1e37e3b65c1b0aff2763937093ee710,,gx-no-cache=1748358647455 HTTP/1.1" 200 7851
190.95.67.97 - - [27/May/2025:12:08:07 -0300] "GET /cormun/servlet/permisogoce?3e342af143f25ce377f4cb7865858ed851aeefec9ee86d344953f71310fd0f0b8070cc3a5e8ad0993a253de9e58d651db6124059db5fd6326a199a16337b8466431f80db9616ac4582ce65bc44866f9b66fbae038863e352b361c582c9ccad4300901e9e6dd16d91272f07b7d962cebcf4b8bedc501b5f25dbd6d6c957b8c473,gx-no-cache=1748358558143 HTTP/1.1" 200 81
192.168.10.19 - - [27/May/2025:12:08:09 -0300] "POST /cormun/servlet/trsolicitudgral?a1e37e3b65c1b0aff2763937093ee710,,gx-no-cache=1748358656205 HTTP/1.1" 200 7032
192.168.10.19 - - [27/May/2025:12:08:09 -0300] "GET /cormun/static/Shared/jqueryui/images/ui-bg_highlight-soft_100_c6c2c8_1x100.png HTTP/1.1" 404 1117
192.168.10.19 - - [27/May/2025:12:08:09 -0300] "GET /cormun/static/Shared/jqueryui/images/ui-icons_82798d_256x240.png HTTP/1.1" 404 1089
192.168.10.19 - - [27/May/2025:12:08:09 -0300] "GET /cormun/static/Shared/jqueryui/images/ui-bg_flat_55_fafafa_40x100.png HTTP/1.1" 404 1097
192.168.10.19 - - [27/May/2025:12:08:09 -0300] "GET /cormun/static/Shared/jqueryui/images/ui-icons_8d78a5_256x240.png HTTP/1.1" 404 1089
192.168.10.19 - - [27/May/2025:12:08:12 -0300] "GET /cormun/servlet/trautorizarot? HTTP/1.1" 200 10165
192.168.10.19 - - [27/May/2025:12:08:16 -0300] "POST /cormun/servlet/trautorizarot?a1e37e3b65c1b0aff2763937093ee710,,gx-no-cache=1748358662493 HTTP/1.1" 200 5345
192.168.10.19 - - [27/May/2025:12:08:17 -0300] "GET /cormun/servlet/trsolicitudgral? HTTP/1.1" 200 10061
190.95.67.97 - - [27/May/2025:12:08:48 -0300] "GET /cormun/servlet/trpermisosgoce? HTTP/1.1" 200 8083
190.95.67.97 - - [27/May/2025:12:08:56 -0300] "POST /cormun/servlet/trpermisosgoce?766b0fc0a3604095fbe16329b07327aa,,gx-no-cache=1748358607870 HTTP/1.1" 200 5271
190.95.67.97 - - [27/May/2025:12:09:26 -0300] "GET /cormun/servlet/trpermisosgoce? HTTP/1.1" 200 7886
190.95.67.97 - - [27/May/2025:12:09:39 -0300] "GET /cormun/servlet/trpermisosgoce? HTTP/1.1" 200 7886
190.95.67.97 - - [27/May/2025:12:09:41 -0300] "GET /cormun/servlet/permisogoce?INS,0,,, HTTP/1.1" 200 6734
190.95.67.97 - - [27/May/2025:12:09:49 -0300] "GET /cormun/servlet/permisogoce?3e342af143f25ce377f4cb7865858ed81c005c3ed0aaf0f5225960f082605d99460b1272cc58fa10e0289211e8b64fc0e79166035c876b10350cbdea2d4fa466,gx-no-cache=1748358660267 HTTP/1.1" 200 80
190.95.67.97 - - [27/May/2025:12:10:01 -0300] "GET /cormun/servlet/trpermisosgoce? HTTP/1.1" 200 7887
190.95.67.97 - - [27/May/2025:12:10:09 -0300] "POST /cormun/servlet/trpermisosgoce?766b0fc0a3604095fbe16329b07327aa,,gx-no-cache=1748358680173 HTTP/1.1" 200 5289
190.95.67.97 - - [27/May/2025:12:10:29 -0300] "GET /cormun/servlet/trpermisosgoce? HTTP/1.1" 200 7900
190.95.67.97 - - [27/May/2025:12:10:32 -0300] "GET /cormun/servlet/permisogoce?INS,0,,, HTTP/1.1" 200 6734
201.186.226.5 - - [27/May/2025:12:10:39 -0300] "POST /cormun/servlet/hlogin?4bb21c48a8b0617a01cb87017d8272ea,gx-no-cache=1748358786775 HTTP/1.1" 440 972
201.186.226.5 - - [27/May/2025:12:10:41 -0300] "GET /cormun/servlet/hlogin HTTP/1.1" 200 1725
190.95.67.97 - - [27/May/2025:12:10:42 -0300] "GET /cormun/servlet/permisogoce?3e342af143f25ce377f4cb7865858ed81c005c3ed0aaf0f5225960f082605d99460b1272cc58fa10e0289211e8b64fc0e79166035c876b10350cbdea2d4fa466,gx-no-cache=1748358713342 HTTP/1.1" 200 80
190.95.67.97 - - [27/May/2025:12:10:42 -0300] "GET /cormun/static/menuarrow.gif HTTP/1.1" 404 1015
201.186.226.5 - - [27/May/2025:12:10:46 -0300] "POST /cormun/servlet/hlogin?8cfd3574dcbf8a377f57860eec208192,gx-no-cache=1748358794005 HTTP/1.1" 200 90
201.186.226.5 - - [27/May/2025:12:10:46 -0300] "GET /cormun/servlet/hpexe_link HTTP/1.1" 200 944
201.186.226.5 - - [27/May/2025:12:10:46 -0300] "GET /cormun/servlet/hhome HTTP/1.1" 200 3986
190.95.67.97 - - [27/May/2025:12:10:47 -0300] "GET /cormun/servlet/permisogoce?3e342af143f25ce377f4cb7865858ed818437938852840e28c3f089fd63396316e89f776a788fd008a42a3f598b45c027e2919b8df0d8640292f8bf0c00849ca,gx-no-cache=1748358718668 HTTP/1.1" 200 47
190.95.67.97 - - [27/May/2025:12:10:49 -0300] "POST /cormun/servlet/permisogoce?766b0fc0a3604095fbe16329b07327aa,INS,0,,,,gx-no-cache=1748358720364 HTTP/1.1" 200 93
190.95.67.97 - - [27/May/2025:12:10:49 -0300] "GET /cormun/servlet/hpexe_return? HTTP/1.1" 200 1012
190.95.67.97 - - [27/May/2025:12:10:49 -0300] "GET /cormun/servlet/trpermisosgoce HTTP/1.1" 200 8134
201.186.226.5 - - [27/May/2025:12:10:50 -0300] "GET /cormun/servlet/trlicencias? HTTP/1.1" 200 11878
190.95.67.97 - - [27/May/2025:12:10:56 -0300] "POST /cormun/servlet/trpermisosgoce?766b0fc0a3604095fbe16329b07327aa,gx-no-cache=1748358727418 HTTP/1.1" 200 15541
190.95.67.97 - - [27/May/2025:12:11:33 -0300] "GET /cormun/servlet/permisogoce?INS,0,,, HTTP/1.1" 200 6734
190.95.67.97 - - [27/May/2025:12:11:54 -0300] "GET /cormun/servlet/trpermisosgoce? HTTP/1.1" 200 18124
176.65.148.254 - - [27/May/2025:12:11:56 -0300] "GET /script HTTP/1.1" 404 973
201.186.225.185 - - [27/May/2025:12:11:56 -0300] "GET /cormun/servlet/hlogin HTTP/1.1" 200 1724
201.186.225.185 - - [27/May/2025:12:11:56 -0300] "GET /cormun/servlet/hlogin HTTP/1.1" 200 1734
201.186.225.185 - - [27/May/2025:12:12:00 -0300] "POST /cormun/servlet/hlogin?8627cdc47ffe3ed8312afb13eaaae141,gx-no-cache=1748358867167 HTTP/1.1" 200 90
201.186.225.185 - - [27/May/2025:12:12:00 -0300] "GET /cormun/servlet/hpexe_link HTTP/1.1" 200 952
190.95.67.97 - - [27/May/2025:12:12:00 -0300] "POST /cormun/servlet/trpermisosgoce?766b0fc0a3604095fbe16329b07327aa,,gx-no-cache=1748358792004 HTTP/1.1" 200 5283
201.186.225.185 - - [27/May/2025:12:12:01 -0300] "GET /cormun/servlet/hhome HTTP/1.1" 200 4230
201.186.225.185 - - [27/May/2025:12:12:04 -0300] "GET /cormun/servlet/trlicencias? HTTP/1.1" 200 16175
148.222.218.189 - - [27/May/2025:12:12:57 -0300] "GET /cormun/servlet/hlogin HTTP/1.1" 200 1727
148.222.218.189 - - [27/May/2025:12:12:57 -0300] "GET /cormun/servlet/hlogin HTTP/1.1" 200 1737
148.222.218.189 - - [27/May/2025:12:13:02 -0300] "POST /cormun/servlet/hlogin?32f2c7d7ac38ec72f2ced252e4de6422,gx-no-cache=1748358930305 HTTP/1.1" 200 90
148.222.218.189 - - [27/May/2025:12:13:02 -0300] "GET /cormun/servlet/hpexe_link HTTP/1.1" 200 955
148.222.218.189 - - [27/May/2025:12:13:02 -0300] "GET /cormun/servlet/hhome HTTP/1.1" 200 4339
148.222.218.189 - - [27/May/2025:12:13:29 -0300] "GET /cormun/servlet/trlicencias? HTTP/1.1" 200 8994
148.222.218.189 - - [27/May/2025:12:13:29 -0300] "GET /cormun/static/gxcfg.js?202211298463625 HTTP/1.1" 200 953
148.222.218.189 - - [27/May/2025:12:13:29 -0300] "GET /cormun/static/Resources/PXTools/calendar.png HTTP/1.1" 200 1306
148.222.218.189 - - [27/May/2025:12:13:29 -0300] "GET /cormun/static/trlicencias.js?202211298463889 HTTP/1.1" 200 41883
148.222.218.189 - - [27/May/2025:12:13:30 -0300] "GET /cormun/static/Resources/PXToolsAddAllAction.png HTTP/1.1" 200 495
148.222.218.189 - - [27/May/2025:12:13:30 -0300] "GET /cormun/static/Resources/PXToolsActionExcel.png HTTP/1.1" 200 727
148.222.218.189 - - [27/May/2025:12:13:30 -0300] "GET /cormun//static/Resources/PXToolsActionPrint.png HTTP/1.1" 200 404
148.222.218.189 - - [27/May/2025:12:13:30 -0300] "GET /cormun//static/Resources/PXTools/ActionInsert.png HTTP/1.1" 200 1482
148.222.218.189 - - [27/May/2025:12:13:30 -0300] "GET /cormun//static/Resources/PXToolsGridDisplay.png HTTP/1.1" 200 525
148.222.218.189 - - [27/May/2025:12:13:30 -0300] "GET /cormun//static/Resources/PXToolsHeaderFavorites.png HTTP/1.1" 200 1414
148.222.218.189 - - [27/May/2025:12:13:30 -0300] "GET /cormun//static/Resources/PXToolsHeaderHelp.png HTTP/1.1" 200 1333
148.222.218.189 - - [27/May/2025:12:14:47 -0300] "GET /cormun/servlet/hlogin HTTP/1.1" 200 1719
148.222.218.189 - - [27/May/2025:12:15:12 -0300] "POST /cormun/servlet/hlogin?88b785d90496ac4a4c3f364a44d2a01d,gx-no-cache=1748359060641 HTTP/1.1" 200 90
148.222.218.189 - - [27/May/2025:12:15:12 -0300] "GET /cormun/servlet/hpexe_link HTTP/1.1" 200 951
148.222.218.189 - - [27/May/2025:12:15:12 -0300] "GET /cormun/servlet/hhome HTTP/1.1" 200 4334
148.222.218.189 - - [27/May/2025:12:15:20 -0300] "GET /cormun/servlet/trlicencias? HTTP/1.1" 200 8990
191.126.189.171 - - [27/May/2025:12:15:42 -0300] "GET /cormun/servlet/hlogin HTTP/1.1" 200 1720
191.126.189.171 - - [27/May/2025:12:15:42 -0300] "GET /cormun/static/gxtimezone.js?85251 HTTP/1.1" 200 5781
191.126.189.171 - - [27/May/2025:12:15:42 -0300] "GET /cormun/static/gxcfg.js?2022112219184450 HTTP/1.1" 200 953
191.126.189.171 - - [27/May/2025:12:15:42 -0300] "GET /cormun/static/Resources/CormunLogin.png HTTP/1.1" 200 19132
191.126.189.171 - - [27/May/2025:12:15:42 -0300] "GET /cormun/static/messages.spa.js?85251 HTTP/1.1" 200 30736
191.126.189.171 - - [27/May/2025:12:15:42 -0300] "GET /cormun/static/Resources/Spanish/PXTools.css?1759030 HTTP/1.1" 200 100853
191.126.189.171 - - [27/May/2025:12:15:42 -0300] "GET /cormun/static/hlogin.js?2022112219184458 HTTP/1.1" 200 2156
191.126.189.171 - - [27/May/2025:12:15:42 -0300] "GET /cormun/static/gxgral.js?85251 HTTP/1.1" 200 384558
191.126.189.171 - - [27/May/2025:12:15:42 -0300] "GET /cormun/static/Resources/PXToolsLoginTop.png HTTP/1.1" 200 1337
191.126.189.171 - - [27/May/2025:12:15:42 -0300] "GET /cormun/static/Resources/PXToolsLoginBackground.png HTTP/1.1" 200 1164
191.126.189.171 - - [27/May/2025:12:15:42 -0300] "GET /cormun/static/Resources/PXToolsButtonLeft.png HTTP/1.1" 200 1310
191.126.189.171 - - [27/May/2025:12:15:42 -0300] "GET /cormun/static/Resources/PXToolsButtonBackground.png HTTP/1.1" 200 1176
191.126.189.171 - - [27/May/2025:12:15:42 -0300] "GET /cormun/static/Resources/PXToolsLoginBottom.png HTTP/1.1" 200 1389
191.126.189.171 - - [27/May/2025:12:15:42 -0300] "GET /cormun/static/Resources/PXToolsButtonRight.png HTTP/1.1" 200 1294
191.126.189.171 - - [27/May/2025:12:15:42 -0300] "GET /cormun/static/Resources/indicator.gif HTTP/1.1" 200 1553
191.126.189.171 - - [27/May/2025:12:15:42 -0300] "GET /cormun/servlet/hlogin HTTP/1.1" 200 1730
191.126.189.171 - - [27/May/2025:12:15:42 -0300] "GET /favicon.ico HTTP/1.1" 200 21630
190.95.67.97 - - [27/May/2025:12:16:13 -0300] "GET /cormun/servlet/trpermisosgoce? HTTP/1.1" 200 7900
190.95.67.97 - - [27/May/2025:12:16:16 -0300] "GET /cormun/servlet/permisogoce?INS,0,,, HTTP/1.1" 200 6734
190.95.67.97 - - [27/May/2025:12:16:24 -0300] "GET /cormun/servlet/permisogoce?3e342af143f25ce377f4cb7865858ed815664a75e15eb723a893a69fca94e4ba460b1272cc58fa10e0289211e8b64fc0e79166035c876b10350cbdea2d4fa466,gx-no-cache=1748359055346 HTTP/1.1" 200 80
190.95.67.97 - - [27/May/2025:12:16:42 -0300] "GET /cormun/servlet/trpermisosgoce? HTTP/1.1" 200 7901
201.186.226.5 - - [27/May/2025:12:17:31 -0300] "GET /cormun/servlet/hlogin HTTP/1.1" 200 1730
179.57.78.9 - - [27/May/2025:12:18:07 -0300] "GET /cormun/servlet/hlogin HTTP/1.1" 200 1721
179.57.78.9 - - [27/May/2025:12:18:13 -0300] "POST /cormun/servlet/hlogin?61af1d2b6c93594fc21fca59af588262,gx-no-cache=1748359248881 HTTP/1.1" 200 90
179.57.78.9 - - [27/May/2025:12:18:13 -0300] "GET /cormun/servlet/hpexe_link HTTP/1.1" 200 950
179.57.78.9 - - [27/May/2025:12:18:13 -0300] "GET /cormun/servlet/hhome HTTP/1.1" 200 4346
201.186.225.185 - - [27/May/2025:12:18:15 -0300] "POST /cormun/servlet/trlicencias?7093d255465f996391c67b11d876f7cf,,gx-no-cache=1748359242842 HTTP/1.1" 440 972
179.57.78.9 - - [27/May/2025:12:18:17 -0300] "GET /cormun/servlet/trsolicitudot? HTTP/1.1" 200 7563
201.186.225.185 - - [27/May/2025:12:18:19 -0300] "GET /cormun/servlet/trlicencias? HTTP/1.1" 200 6047
201.186.225.185 - - [27/May/2025:12:18:20 -0300] "GET /cormun/servlet/hlogin HTTP/1.1" 200 1738
201.186.225.185 - - [27/May/2025:12:18:23 -0300] "POST /cormun/servlet/hlogin?d8e18fc0ec0054fbe57e0075a013de63,gx-no-cache=1748359250808 HTTP/1.1" 200 90
201.186.225.185 - - [27/May/2025:12:18:23 -0300] "GET /cormun/servlet/hpexe_link HTTP/1.1" 200 954
201.186.225.185 - - [27/May/2025:12:18:23 -0300] "GET /cormun/servlet/trlicencias HTTP/1.1" 200 16029
201.186.225.185 - - [27/May/2025:12:18:26 -0300] "GET /cormun/static/menuarrow.gif HTTP/1.1" 404 1015
201.186.225.185 - - [27/May/2025:12:18:33 -0300] "POST /cormun/servlet/trlicencias?d8e18fc0ec0054fbe57e0075a013de63,gx-no-cache=1748359260965 HTTP/1.1" 200 17947
201.186.225.185 - - [27/May/2025:12:18:33 -0300] "GET /cormun/static/Resources/PXToolsGridNext.gif HTTP/1.1" 200 369
201.186.225.185 - - [27/May/2025:12:18:33 -0300] "GET /cormun/static/Resources/PXToolsGridLast.gif HTTP/1.1" 200 370
201.186.225.185 - - [27/May/2025:12:18:38 -0300] "POST /cormun/servlet/trlicencias?d8e18fc0ec0054fbe57e0075a013de63,gx-no-cache=1748359265826 HTTP/1.1" 200 17947
190.95.67.97 - - [27/May/2025:12:18:41 -0300] "GET /cormun/servlet/trpermisosgoce? HTTP/1.1" 200 7900
190.95.67.97 - - [27/May/2025:12:18:48 -0300] "POST /cormun/servlet/trpermisosgoce?766b0fc0a3604095fbe16329b07327aa,,gx-no-cache=1748359199104 HTTP/1.1" 200 15540
190.95.67.97 - - [27/May/2025:12:19:15 -0300] "GET /cormun/servlet/trpermisosgoce? HTTP/1.1" 200 18111
190.95.67.97 - - [27/May/2025:12:19:39 -0300] "POST /cormun/servlet/trpermisosgoce?766b0fc0a3604095fbe16329b07327aa,,gx-no-cache=1748359250179 HTTP/1.1" 200 4204
190.95.67.97 - - [27/May/2025:12:19:45 -0300] "GET /cormun/servlet/permisogoce?INS,0,,, HTTP/1.1" 200 6734
190.95.67.97 - - [27/May/2025:12:19:58 -0300] "GET /cormun/servlet/permisogoce?3e342af143f25ce377f4cb7865858ed84612074b6ff5e029ba94cc09c84d3b24460b1272cc58fa10e0289211e8b64fc0e79166035c876b10350cbdea2d4fa466,gx-no-cache=1748359269526 HTTP/1.1" 200 84
190.95.67.91 - - [27/May/2025:12:20:07 -0300] "GET /cormun/servlet/permisogoce?68095125c6399701edb2eed820e09da660e4046bd6613206f4e76450d6770b517f551ea0359ca3e0d10020dae81a840fb5228dcf73678b184ac612a65dd4b0a6,gx-no-cache=1748359355143 HTTP/1.1" 200 47
190.95.67.91 - - [27/May/2025:12:20:30 -0300] "POST /cormun/servlet/permisogoce?2818ff6175b1d5a830f57d9867510366,INS,0,,,,gx-no-cache=1748359378187 HTTP/1.1" 200 93
190.95.67.91 - - [27/May/2025:12:20:30 -0300] "GET /cormun/servlet/hpexe_return? HTTP/1.1" 200 1030
190.95.67.91 - - [27/May/2025:12:20:31 -0300] "GET /cormun/servlet/trpermisosgoce?gx-no-cache=1748358347724 HTTP/1.1" 200 19361
190.95.67.97 - - [27/May/2025:12:20:32 -0300] "GET /cormun/servlet/trpermisosgoce? HTTP/1.1" 200 6783
190.95.15.15 - - [27/May/2025:12:20:34 -0300] "GET /cormun/servlet/trpermisosgoce? HTTP/1.1" 200 6036
190.95.67.91 - - [27/May/2025:12:20:34 -0300] "GET /cormun/servlet/trpermisosadjuntos?11276255,20250527110828,P, HTTP/1.1" 200 6574
190.95.15.15 - - [27/May/2025:12:20:34 -0300] "GET /cormun/servlet/hlogin HTTP/1.1" 200 1746
190.95.67.91 - - [27/May/2025:12:20:35 -0300] "GET /cormun/servlet/permisosadjuntos?INS,11276255,P,20250527110828,, HTTP/1.1" 200 5879
190.95.67.91 - - [27/May/2025:12:20:35 -0300] "GET /cormun/static/about:blank HTTP/1.1" 404 1011
190.95.67.97 - - [27/May/2025:12:20:35 -0300] "POST /cormun/servlet/trpermisosgoce?766b0fc0a3604095fbe16329b07327aa,,gx-no-cache=1748359306680 HTTP/1.1" 200 4195
190.95.67.97 - - [27/May/2025:12:20:36 -0300] "POST /cormun/servlet/trpermisosgoce?766b0fc0a3604095fbe16329b07327aa,,gx-no-cache=1748359307589 HTTP/1.1" 200 4194
190.95.15.15 - - [27/May/2025:12:20:41 -0300] "POST /cormun/servlet/hlogin?3798a9ef73b904ccc8a2ccacb1274e59,gx-no-cache=1748359388345 HTTP/1.1" 200 90
190.95.15.15 - - [27/May/2025:12:20:41 -0300] "GET /cormun/servlet/hpexe_link HTTP/1.1" 200 963
190.95.15.15 - - [27/May/2025:12:20:41 -0300] "GET /cormun/servlet/trpermisosgoce HTTP/1.1" 200 11365
190.95.67.97 - - [27/May/2025:12:20:41 -0300] "GET /cormun/servlet/trpermisosgoce? HTTP/1.1" 200 6773
190.95.67.91 - - [27/May/2025:12:20:41 -0300] "POST /cormun/servlet/permisosadjuntos?2818ff6175b1d5a830f57d9867510366,INS,11276255,P,20250527110828,, HTTP/1.1" 200 116
190.95.67.91 - - [27/May/2025:12:20:41 -0300] "GET /cormun/servlet/hpexe_return? HTTP/1.1" 200 1037
190.95.67.91 - - [27/May/2025:12:20:41 -0300] "GET /cormun/servlet/trpermisosadjuntos?11276255,20250527110828,P, HTTP/1.1" 200 7075
190.95.67.91 - - [27/May/2025:12:20:43 -0300] "POST /cormun/servlet/trpermisosadjuntos?2818ff6175b1d5a830f57d9867510366,11276255,20250527110828,P,,gx-no-cache=1748359391244 HTTP/1.1" 200 90
190.95.67.91 - - [27/May/2025:12:20:43 -0300] "GET /cormun/servlet/hpexe_link HTTP/1.1" 200 1005
190.95.67.91 - - [27/May/2025:12:20:43 -0300] "GET /cormun/servlet/trpermisosgoce?gx-no-cache=1748358347724 HTTP/1.1" 200 19357
190.95.67.91 - - [27/May/2025:12:20:45 -0300] "POST /cormun/servlet/trpermisosgoce?2818ff6175b1d5a830f57d9867510366,gx-no-cache=1748358347724,gx-no-cache=1748359393374 HTTP/1.1" 200 16668
190.95.67.91 - - [27/May/2025:12:20:46 -0300] "GET /cormun/static/Shared/jqueryui/images/ui-icons_82798d_256x240.png HTTP/1.1" 404 1089
190.95.67.91 - - [27/May/2025:12:20:46 -0300] "GET /cormun/static/Shared/jqueryui/images/ui-bg_highlight-soft_100_c6c2c8_1x100.png HTTP/1.1" 404 1117
190.95.67.91 - - [27/May/2025:12:20:46 -0300] "GET /cormun/static/Shared/jqueryui/images/ui-icons_8d78a5_256x240.png HTTP/1.1" 404 1089
190.95.67.91 - - [27/May/2025:12:20:46 -0300] "GET /cormun/static/Shared/jqueryui/images/ui-bg_flat_55_fafafa_40x100.png HTTP/1.1" 404 1097
190.95.15.15 - - [27/May/2025:12:20:46 -0300] "GET /cormun/servlet/permisogoce?INS,0,,, HTTP/1.1" 200 6846
190.95.15.15 - - [27/May/2025:12:20:46 -0300] "GET /cormun/static/gxcfg.js?20201215124560 HTTP/1.1" 200 953
190.95.15.15 - - [27/May/2025:12:20:46 -0300] "GET /cormun/static/permisogoce.js?20201215124939 HTTP/1.1" 200 27790
190.95.67.91 - - [27/May/2025:12:20:55 -0300] "GET /cormun/servlet/permisogoce?INS,0,,, HTTP/1.1" 200 7140
190.95.67.97 - - [27/May/2025:12:20:58 -0300] "POST /cormun/servlet/trpermisosgoce?766b0fc0a3604095fbe16329b07327aa,,gx-no-cache=1748359329406 HTTP/1.1" 200 5481
190.95.15.15 - - [27/May/2025:12:20:58 -0300] "GET /cormun/servlet/permisogoce?a6612ce04ad7b27826912b934f1e34eff4d26f0ea68a1a06e38a794302d0901c2d04f5f5e0c96c52970c653b6eed3504fbaff5e572009dee661705b3aabdfe41,gx-no-cache=1748359405730 HTTP/1.1" 200 80
190.95.15.15 - - [27/May/2025:12:20:58 -0300] "GET /cormun/static/menuarrow.gif HTTP/1.1" 404 1015
190.95.67.91 - - [27/May/2025:12:21:02 -0300] "GET /cormun/servlet/permisogoce?68095125c6399701edb2eed820e09da6b3f9c6da29372a5fe4fcb5d647f6296553c59e64c377467257f1b3ca260345864612232d362939390e3a57b15b6dcd67,gx-no-cache=1748359409862 HTTP/1.1" 200 226
190.95.67.91 - - [27/May/2025:12:21:02 -0300] "GET /cormun/static/Shared/jqueryui/images/ui-icons_ebccce_256x240.png HTTP/1.1" 404 1089
190.95.67.91 - - [27/May/2025:12:21:02 -0300] "GET /cormun/static/Shared/jqueryui/images/ui-bg_flat_55_994d53_40x100.png HTTP/1.1" 404 1097
190.95.15.15 - - [27/May/2025:12:21:08 -0300] "GET /cormun/servlet/permisogoce?a6612ce04ad7b27826912b934f1e34efad069eb6f0c62f4995a80998c9c49cba8af65c79dd237771c83beed4eb2ed60ff6f3b2fa8a5e40d96544f10fa0d54759,gx-no-cache=1748359415730 HTTP/1.1" 200 129
190.95.15.15 - - [27/May/2025:12:21:08 -0300] "GET /cormun/static/Shared/jqueryui/images/ui-bg_highlight-soft_100_c6c2c8_1x100.png HTTP/1.1" 404 1117
190.95.15.15 - - [27/May/2025:12:21:08 -0300] "GET /cormun/static/Shared/jqueryui/images/ui-icons_82798d_256x240.png HTTP/1.1" 404 1089
190.95.15.15 - - [27/May/2025:12:21:08 -0300] "GET /cormun/static/Shared/jqueryui/images/ui-bg_flat_55_994d53_40x100.png HTTP/1.1" 404 1097
190.95.15.15 - - [27/May/2025:12:21:08 -0300] "GET /cormun/static/Shared/jqueryui/images/ui-icons_ebccce_256x240.png HTTP/1.1" 404 1089
190.95.15.15 - - [27/May/2025:12:21:13 -0300] "GET /cormun/servlet/permisogoce?a6612ce04ad7b27826912b934f1e34efad069eb6f0c62f4995a80998c9c49cba324e427af503df8b3ee4992110412a96f6f3b2fa8a5e40d96544f10fa0d54759,gx-no-cache=1748359420981 HTTP/1.1" 200 48
190.95.67.91 - - [27/May/2025:12:21:14 -0300] "GET /cormun/servlet/permisogoce?68095125c6399701edb2eed820e09da6765551289d6c494ba08b7c9b8720fc2553c59e64c377467257f1b3ca260345864612232d362939390e3a57b15b6dcd67,gx-no-cache=1748359422543 HTTP/1.1" 200 83
190.95.67.91 - - [27/May/2025:12:21:16 -0300] "GET /cormun/static/menuarrow.gif HTTP/1.1" 404 1015
190.95.67.91 - - [27/May/2025:12:21:21 -0300] "GET /cormun/servlet/permisogoce?68095125c6399701edb2eed820e09da6c23ea7f01d8228d53106f47a6977c7addb102ae2022c45021de63395b73c08c2b5228dcf73678b184ac612a65dd4b0a6,gx-no-cache=1748359429158 HTTP/1.1" 200 47
190.95.15.31 - - [27/May/2025:12:21:24 -0300] "POST /cormun/servlet/solicitudot?gx-no-cache=1748359431988 HTTP/1.1" 440 972
190.95.15.31 - - [27/May/2025:12:21:26 -0300] "POST /cormun/servlet/solicitudot?gx-no-cache=1748359434141 HTTP/1.1" 440 972
190.95.15.31 - - [27/May/2025:12:21:26 -0300] "GET /cormun/servlet/solicitudot?INS,0,0,false, HTTP/1.1" 200 15153
190.95.67.91 - - [27/May/2025:12:21:26 -0300] "POST /cormun/servlet/permisogoce?2818ff6175b1d5a830f57d9867510366,INS,0,,,,gx-no-cache=1748359433747 HTTP/1.1" 200 93
190.95.67.91 - - [27/May/2025:12:21:26 -0300] "GET /cormun/servlet/hpexe_return? HTTP/1.1" 200 1030
190.95.67.91 - - [27/May/2025:12:21:26 -0300] "GET /cormun/servlet/trpermisosgoce?gx-no-cache=1748358347724 HTTP/1.1" 200 19346
190.95.67.91 - - [27/May/2025:12:21:29 -0300] "GET /cormun/servlet/trpermisosadjuntos?18039144,20250527112342,P, HTTP/1.1" 200 6572
190.95.15.31 - - [27/May/2025:12:21:32 -0300] "POST /cormun/servlet/solicitudot?gx-no-cache=1748359440291 HTTP/1.1" 440 972
190.95.15.31 - - [27/May/2025:12:21:32 -0300] "GET /cormun/servlet/solicitudot?INS,0,0,false, HTTP/1.1" 200 15153
190.95.67.97 - - [27/May/2025:12:21:32 -0300] "GET /cormun/servlet/trpermisosgoce? HTTP/1.1" 200 8089
190.95.67.91 - - [27/May/2025:12:21:34 -0300] "GET /cormun/servlet/permisosadjuntos?INS,18039144,P,20250527112342,, HTTP/1.1" 200 5877
190.95.67.91 - - [27/May/2025:12:21:34 -0300] "GET /cormun/static/about:blank HTTP/1.1" 404 1011
190.95.67.97 - - [27/May/2025:12:21:35 -0300] "GET /cormun/servlet/permisogoce?INS,0,,, HTTP/1.1" 200 6734
190.95.15.15 - - [27/May/2025:12:21:37 -0300] "GET /cormun/servlet/permisogoce?a6612ce04ad7b27826912b934f1e34efad069eb6f0c62f4995a80998c9c49cbaab2729f4314b5cdc025e0a3b514d8b69408ba286c753358ee63b08fd330e4d65,gx-no-cache=1748359444943 HTTP/1.1" 200 48
190.95.15.31 - - [27/May/2025:12:21:40 -0300] "GET /cormun/servlet/solicitudot?a92018c04c107bdca518185f579ca0138c41460825fa350bd205036c1944d4101647637d826e1e396079c42c04e6e1f1c69ea2fbb9785b59126c69a5ef7af6e89f9c43087f58f650289ddd4f75ff76adb77a0aa1c0f51d103146c0c725585512a727dac6944ae16612f40add051678d0,gx-no-cache=1748359448098 HTTP/1.1" 440 972
190.95.15.31 - - [27/May/2025:12:21:42 -0300] "GET /cormun/servlet/hlogin HTTP/1.1" 200 1748
190.95.67.97 - - [27/May/2025:12:21:44 -0300] "GET /cormun/servlet/permisogoce?3e342af143f25ce377f4cb7865858ed84612074b6ff5e029ba94cc09c84d3b24460b1272cc58fa10e0289211e8b64fc0e79166035c876b10350cbdea2d4fa466,gx-no-cache=1748359375146 HTTP/1.1" 200 84
190.95.67.91 - - [27/May/2025:12:21:45 -0300] "POST /cormun/servlet/permisosadjuntos?2818ff6175b1d5a830f57d9867510366,INS,18039144,P,20250527112342,, HTTP/1.1" 200 116
190.95.67.91 - - [27/May/2025:12:21:45 -0300] "GET /cormun/servlet/hpexe_return? HTTP/1.1" 200 1037
190.95.67.91 - - [27/May/2025:12:21:45 -0300] "GET /cormun/servlet/trpermisosadjuntos?18039144,20250527112342,P, HTTP/1.1" 200 7079
190.95.15.31 - - [27/May/2025:12:21:46 -0300] "POST /cormun/servlet/hlogin?2e57da1e320b3447e670a60061e99db8,gx-no-cache=1748359454498 HTTP/1.1" 200 90
190.95.15.31 - - [27/May/2025:12:21:46 -0300] "GET /cormun/servlet/hpexe_link HTTP/1.1" 200 966
190.95.15.31 - - [27/May/2025:12:21:47 -0300] "GET /cormun/servlet/solicitudot?INS,0,0,false, HTTP/1.1" 200 16197
190.95.67.97 - - [27/May/2025:12:21:51 -0300] "GET /cormun/servlet/permisogoce?3e342af143f25ce377f4cb7865858ed8058208e86c9ab5a69c643c9f7485e07c74600f052445973aea7df06e040797847e2919b8df0d8640292f8bf0c00849ca,gx-no-cache=1748359382339 HTTP/1.1" 200 47
190.95.15.15 - - [27/May/2025:12:21:53 -0300] "POST /cormun/servlet/permisogoce?3798a9ef73b904ccc8a2ccacb1274e59,INS,0,,,,gx-no-cache=1748359459999 HTTP/1.1" 200 93
190.95.15.15 - - [27/May/2025:12:21:53 -0300] "GET /cormun/servlet/hpexe_return? HTTP/1.1" 200 1017
190.95.67.97 - - [27/May/2025:12:21:53 -0300] "POST /cormun/servlet/permisogoce?766b0fc0a3604095fbe16329b07327aa,INS,0,,,,gx-no-cache=1748359383922 HTTP/1.1" 200 93
190.95.15.15 - - [27/May/2025:12:21:53 -0300] "GET /cormun/servlet/trpermisosgoce HTTP/1.1" 200 11579
190.95.67.97 - - [27/May/2025:12:21:53 -0300] "GET /cormun/servlet/hpexe_return? HTTP/1.1" 200 1012
