201.186.226.3 - - [27/May/2025:12:42:14 -0300] "GET /cormun/servlet/trpermisosgoce? HTTP/1.1" 200 10741
190.95.67.97 - - [27/May/2025:12:42:18 -0300] "POST /cormun/servlet/trlicencias?766b0fc0a3604095fbe16329b07327aa,,gx-no-cache=1748360609196 HTTP/1.1" 200 5982
190.95.15.31 - - [27/May/2025:12:42:19 -0300] "GET /cormun/servlet/trlicencias? HTTP/1.1" 200 11180
201.186.226.3 - - [27/May/2025:12:42:33 -0300] "GET /cormun/servlet/permisogoce?INS,0,,, HTTP/1.1" 200 6762
192.168.10.19 - - [27/May/2025:12:42:33 -0300] "GET /cormun/servlet/vesolicitudgral?2025,22627,,SolicitudOTAdjuntos HTTP/1.1" 200 11153
192.168.10.19 - - [27/May/2025:12:42:33 -0300] "GET /cormun/pexe_scrolldiv.js HTTP/1.1" 404 1009
192.168.10.19 - - [27/May/2025:12:42:34 -0300] "POST /cormun/servlet/acontrolpreferencessavestate?None,RRHH+DANIELA,true HTTP/1.1" 200 35
192.168.10.19 - - [27/May/2025:12:42:35 -0300] "GET /cormun/PublicTempStorage/curriculum_paola_fernandez%21%21%214175634.pdf HTTP/1.1" 200 80818
201.186.226.3 - - [27/May/2025:12:43:16 -0300] "GET /cormun/servlet/permisogoce?b5d5aa34abc27b703ac6ff461204febe0e5f32519e14eff0513615df335f4fca291a9cf671bb0409b005e162fa8e549632e5dc30b31297167d05fe0e47d525cf,gx-no-cache=1748360743382 HTTP/1.1" 200 83
190.95.67.97 - - [27/May/2025:12:43:17 -0300] "GET /cormun/servlet/trpermisosgoce? HTTP/1.1" 200 7667
201.186.226.3 - - [27/May/2025:12:43:18 -0300] "GET /cormun/static/menuarrow.gif HTTP/1.1" 404 1015
192.168.10.19 - - [27/May/2025:12:43:25 -0300] "GET /cormun/servlet/vesolicitudgral?2025,22627,,SolicitudOTAdjuntos HTTP/1.1" 200 11160
192.168.10.19 - - [27/May/2025:12:43:26 -0300] "POST /cormun/servlet/acontrolpreferencessavestate?None,RRHH+DANIELA,true HTTP/1.1" 200 35
192.168.10.19 - - [27/May/2025:12:43:26 -0300] "GET /cormun/servlet/vesolicitudgral?2025,22627,,General HTTP/1.1" 200 8281
192.168.10.19 - - [27/May/2025:12:43:26 -0300] "GET /cormun/pexe_scrolldiv.js HTTP/1.1" 404 1009
201.186.226.3 - - [27/May/2025:12:43:27 -0300] "GET /cormun/servlet/permisogoce?b5d5aa34abc27b703ac6ff461204febe686da3189fd610fd4fbb5cc19b5f280d86edfc3ea5add01b7ef82c6903de50edc6fe29760c7cf454214b083dc9809b1d,gx-no-cache=1748360754788 HTTP/1.1" 200 47
190.95.67.97 - - [27/May/2025:12:43:28 -0300] "POST /cormun/servlet/trpermisosgoce?766b0fc0a3604095fbe16329b07327aa,,gx-no-cache=1748360679537 HTTP/1.1" 200 5479
201.186.226.3 - - [27/May/2025:12:43:32 -0300] "POST /cormun/servlet/permisogoce?5b993e14d9b077df92ee4af7bcbaad13,INS,0,,,,gx-no-cache=1748360759046 HTTP/1.1" 200 93
201.186.226.3 - - [27/May/2025:12:43:32 -0300] "GET /cormun/servlet/hpexe_return? HTTP/1.1" 200 1004
201.186.226.3 - - [27/May/2025:12:43:32 -0300] "GET /cormun/servlet/trpermisosgoce HTTP/1.1" 200 10968
201.186.226.3 - - [27/May/2025:12:43:39 -0300] "GET /cormun/servlet/apermisogoceprn?20985850,P,20250527114520,PU HTTP/1.1" 200 1651
190.95.15.31 - - [27/May/2025:12:43:53 -0300] "GET /cormun/servlet/trsolicitudot? HTTP/1.1" 200 7572
190.95.15.31 - - [27/May/2025:12:43:59 -0300] "GET /cormun/servlet/solicitudot?INS,0,0,false, HTTP/1.1" 200 16359
190.95.15.31 - - [27/May/2025:12:44:27 -0300] "POST /cormun/servlet/solicitudot?gx-no-cache=1748360815705 HTTP/1.1" 200 4046
190.95.15.31 - - [27/May/2025:12:44:28 -0300] "POST /cormun/servlet/solicitudot?2e57da1e320b3447e670a60061e99db8,INS,0,0,false,,gx-no-cache=1748360815840 HTTP/1.1" 200 12903
190.95.15.31 - - [27/May/2025:12:44:30 -0300] "GET /cormun/servlet/solicitudot?37da253e1cbe572f0105bfde1112840768e5995332e3232d5b85a7821a4d873f5a290a16dd72e45e08dba320a65af0e6,gx-no-cache=1748360818223 HTTP/1.1" 200 30
190.95.67.97 - - [27/May/2025:12:45:01 -0300] "GET /cormun/servlet/trlicencias? HTTP/1.1" 200 8564
190.95.67.97 - - [27/May/2025:12:45:52 -0300] "GET /cormun/servlet/trpermisosgoce? HTTP/1.1" 200 8087
190.95.67.97 - - [27/May/2025:12:46:10 -0300] "GET /cormun/servlet/trlicencias? HTTP/1.1" 200 8564
192.168.10.19 - - [27/May/2025:12:46:24 -0300] "GET /cormun/servlet/trsolicitudgral? HTTP/1.1" 200 9707
201.186.226.5 - - [27/May/2025:12:46:27 -0300] "GET /cormun/servlet/hlogin HTTP/1.1" 200 1715
192.168.10.19 - - [27/May/2025:12:46:32 -0300] "POST /cormun/servlet/trsolicitudgral?a1e37e3b65c1b0aff2763937093ee710,,gx-no-cache=1748360958495 HTTP/1.1" 200 25939
201.186.226.5 - - [27/May/2025:12:46:35 -0300] "POST /cormun/servlet/hlogin?8cfd3574dcbf8a377f57860eec208192,gx-no-cache=1748360942759 HTTP/1.1" 200 90
201.186.226.5 - - [27/May/2025:12:46:35 -0300] "GET /cormun/servlet/hpexe_link HTTP/1.1" 200 948
201.186.226.5 - - [27/May/2025:12:46:35 -0300] "GET /cormun/servlet/trlicencias HTTP/1.1" 200 12051
190.95.15.31 - - [27/May/2025:12:46:43 -0300] "GET /cormun/servlet/prbanco?,MD,,gxPopupLevel%3D0%3B HTTP/1.1" 200 6770
190.95.15.31 - - [27/May/2025:12:46:43 -0300] "GET /cormun/static/gxcfg.js?20201216131581 HTTP/1.1" 200 953
190.95.15.31 - - [27/May/2025:12:46:43 -0300] "GET /cormun/static/prbanco.js?20201216132311 HTTP/1.1" 200 10693
190.95.15.31 - - [27/May/2025:12:46:50 -0300] "GET /cormun/servlet/solicitudot?37da253e1cbe572f0105bfde111284074963b17ee7369d45602a4626db507e47c5c7c280bcd126cd76fc7d200951f808be9cf69568e1ed7c5e50d008ee9b8713,gx-no-cache=1748360958196 HTTP/1.1" 200 30
190.95.15.31 - - [27/May/2025:12:46:59 -0300] "GET /cormun/servlet/solicitudot?37da253e1cbe572f0105bfde111284074980595743916c90d8e52ce7d0fad04c,gx-no-cache=1748360967732 HTTP/1.1" 200 53
190.95.67.97 - - [27/May/2025:12:48:22 -0300] "GET /cormun/servlet/trpermisosgoce? HTTP/1.1" 200 8087
190.95.15.31 - - [27/May/2025:12:48:34 -0300] "POST /cormun/servlet/solicitudot?2e57da1e320b3447e670a60061e99db8,INS,0,0,false,,gx-no-cache=1748361062441 HTTP/1.1" 200 13123
190.95.15.31 - - [27/May/2025:12:48:39 -0300] "GET /cormun/servlet/solicitudot?37da253e1cbe572f0105bfde111284073230ac2790425c5bb289653ae6d056a61128742cd71d7ceadf1609eb8724418b1d54aa8027ae44c8ac646907198a6c31,gx-no-cache=1748361066832 HTTP/1.1" 200 53
190.95.15.31 - - [27/May/2025:12:48:40 -0300] "POST /cormun/servlet/solicitudot?gx-no-cache=1748361068473 HTTP/1.1" 200 240
190.95.15.31 - - [27/May/2025:12:48:42 -0300] "GET /cormun/servlet/solicitudot?37da253e1cbe572f0105bfde111284076ac343becdc192acef8e6644830f44ca6efe83749ec2f2f952d5e0c905161a84ac31bdd2d7fbef8aad9d4c780839504327582f8e90de8e40d5c47a3dc46f198357295f7416d52d137b05b0202f6211d89feff3e0ca537e731858ab173d08e5b505f910ccdff66000e3d45a4213953083cdf21c544494d1f5eb645fd65c9418eb6f61c3e8a84e50b107463308636f81b754603d84f867ef65e8ff8cfca752d94a8f1818d6dd55d1a3597abe70e66c523d10cc1f72ae47c192c13ac2e26e9c1c53183b1dec6261c87d52eafc6bbd6632fa7f809e8b40906ee393712aac14a03b52c82f2d088f3b3e526a83a90608064eedaed841106597e77ffff1a2ee99574d972c43d3d2b73bc7e4e7b6bb007238691d2eea6804a07c268b9bfe3c4b88365de3dd848ed3376491a3d545f7e2b7f1dff2c09640c6b61b23c88814d7ef3fe36168a48fb16e83f857ea632691c0f0cd0e5d051f796944874786cf9cbd7f9288327daad13d934794b07bad61724d0496ef88,gx-no-cache=1748361070681 HTTP/1.1" 200 30
190.95.15.31 - - [27/May/2025:12:48:45 -0300] "POST /cormun/servlet/solicitudot?gx-no-cache=1748361073121 HTTP/1.1" 200 30
190.95.67.97 - - [27/May/2025:12:49:03 -0300] "GET /cormun/servlet/trlicencias? HTTP/1.1" 200 8564
190.95.67.97 - - [27/May/2025:12:49:44 -0300] "GET /cormun/servlet/trpermisosgoce? HTTP/1.1" 200 8087
190.95.15.31 - - [27/May/2025:12:50:19 -0300] "GET /cormun/servlet/prlicenciaspermisos?928,L,,MD,,gxPopupLevel%3D0%3B HTTP/1.1" 200 5248
190.95.15.31 - - [27/May/2025:12:50:26 -0300] "POST /cormun/servlet/solicitudot?gx-no-cache=1748361174173 HTTP/1.1" 200 1619
190.95.15.31 - - [27/May/2025:12:50:26 -0300] "GET /cormun/static/Shared/jqueryui/images/ui-bg_flat_55_994d53_40x100.png HTTP/1.1" 404 1097
190.95.15.31 - - [27/May/2025:12:50:26 -0300] "GET /cormun/static/Shared/jqueryui/images/ui-icons_ebccce_256x240.png HTTP/1.1" 404 1089
190.95.15.31 - - [27/May/2025:12:50:39 -0300] "GET /cormun/servlet/prlicenciaspermisos?20852928,L,,MD,,gxPopupLevel%3D0%3B HTTP/1.1" 200 5809
190.95.15.31 - - [27/May/2025:12:50:44 -0300] "POST /cormun/servlet/solicitudot?gx-no-cache=1748361192354 HTTP/1.1" 200 1483
190.95.15.31 - - [27/May/2025:12:50:48 -0300] "POST /cormun/servlet/solicitudot?gx-no-cache=1748361196538 HTTP/1.1" 200 41
190.95.67.97 - - [27/May/2025:12:51:41 -0300] "POST /cormun/servlet/trpermisosgoce?766b0fc0a3604095fbe16329b07327aa,,gx-no-cache=1748361172242 HTTP/1.1" 200 4204
190.95.67.97 - - [27/May/2025:12:51:49 -0300] "GET /cormun/servlet/trpermisosgoce? HTTP/1.1" 200 6779
190.95.67.97 - - [27/May/2025:12:51:53 -0300] "GET /cormun/servlet/trpermisosgoce? HTTP/1.1" 200 6779
190.95.67.97 - - [27/May/2025:12:51:56 -0300] "POST /cormun/servlet/trpermisosgoce?766b0fc0a3604095fbe16329b07327aa,,gx-no-cache=1748361187043 HTTP/1.1" 200 4201
190.95.67.97 - - [27/May/2025:12:52:01 -0300] "GET /cormun/servlet/permisogoce?INS,0,,, HTTP/1.1" 200 6735
190.95.15.31 - - [27/May/2025:12:52:03 -0300] "GET /cormun/servlet/solicitudot?37da253e1cbe572f0105bfde1112840728056a57ff1387223637de4f88dfef8dca0994c786340ac41a18348b22424a1d3a166b32e99f75098b2be1a8a40233cbd112d3c97647ef0e08385d7aea40cc7b794fe142fc32d2419eef98cc99e4dde9d62bfa77a331432e8f28085df654316f,gx-no-cache=1748361271758 HTTP/1.1" 200 110
200.126.116.145 - - [27/May/2025:12:52:12 -0300] "GET /cormun/servlet/trpermisosgoce? HTTP/1.1" 200 6022
200.126.116.145 - - [27/May/2025:12:52:12 -0300] "GET /cormun/servlet/hlogin HTTP/1.1" 200 1730
190.95.67.97 - - [27/May/2025:12:52:26 -0300] "GET /cormun/servlet/permisogoce?3e342af143f25ce377f4cb7865858ed83d46a10f2d9f45942fccd6de83b0e91f460b1272cc58fa10e0289211e8b64fc0e79166035c876b10350cbdea2d4fa466,gx-no-cache=1748361217332 HTTP/1.1" 200 79
200.126.116.145 - - [27/May/2025:12:52:27 -0300] "POST /cormun/servlet/hlogin?c09f79b8b2373672540366ef416e2bba,gx-no-cache=1748361296426 HTTP/1.1" 200 90
200.126.116.145 - - [27/May/2025:12:52:27 -0300] "GET /cormun/servlet/hpexe_link HTTP/1.1" 200 947
200.126.116.145 - - [27/May/2025:12:52:27 -0300] "GET /cormun/servlet/trpermisosgoce HTTP/1.1" 200 12179
200.126.116.145 - - [27/May/2025:12:52:31 -0300] "GET /cormun/servlet/trpermisosgoce? HTTP/1.1" 200 12177
200.126.116.145 - - [27/May/2025:12:52:35 -0300] "GET /cormun/servlet/permisogoce?INS,0,,, HTTP/1.1" 200 7212
190.95.15.31 - - [27/May/2025:12:52:38 -0300] "POST /cormun/servlet/solicitudot?gx-no-cache=1748361306507 HTTP/1.1" 200 64
190.95.67.97 - - [27/May/2025:12:52:43 -0300] "GET /cormun/static/menuarrow.gif HTTP/1.1" 404 1015
190.95.67.97 - - [27/May/2025:12:52:48 -0300] "GET /cormun/servlet/permisogoce?3e342af143f25ce377f4cb7865858ed8d18eaa3611040bfd0843c35ad3fe1069682c5d5bc01490beb3a5d93ae8214dbe7e2919b8df0d8640292f8bf0c00849ca,gx-no-cache=1748361239304 HTTP/1.1" 200 47
190.95.15.31 - - [27/May/2025:12:52:48 -0300] "GET /cormun/servlet/solicitudot?37da253e1cbe572f0105bfde11128407a5c45f0306c830dd365fb275948da56b1888e26b7a635ad324809bb2dadd4445ce1c92b39f76f0cb20d5689798f66d14ca1f3415ebdb5da29dff4e659eca44489ce797a754e029b99d4edea66fd65104128f9517305c5ac0b4d9a4952b888fa2,gx-no-cache=1748361316647 HTTP/1.1" 200 29
190.95.15.31 - - [27/May/2025:12:52:48 -0300] "GET /cormun/static/menuarrow.gif HTTP/1.1" 404 1015
190.95.67.97 - - [27/May/2025:12:52:50 -0300] "POST /cormun/servlet/permisogoce?766b0fc0a3604095fbe16329b07327aa,INS,0,,,,gx-no-cache=1748361241137 HTTP/1.1" 200 93
190.95.67.97 - - [27/May/2025:12:52:50 -0300] "GET /cormun/servlet/hpexe_return? HTTP/1.1" 200 1012
190.95.67.97 - - [27/May/2025:12:52:50 -0300] "GET /cormun/servlet/trpermisosgoce? HTTP/1.1" 200 7679
190.95.15.31 - - [27/May/2025:12:52:59 -0300] "GET /cormun/servlet/solicitudot?37da253e1cbe572f0105bfde111284078597ee46634bc30b33a69becc0cb97e134172f69c361471f8e706fe0467b0761,gx-no-cache=1748361326886 HTTP/1.1" 200 30
190.95.15.31 - - [27/May/2025:12:52:59 -0300] "POST /cormun/servlet/solicitudot?gx-no-cache=1748361326920 HTTP/1.1" 200 34
190.95.67.97 - - [27/May/2025:12:53:00 -0300] "POST /cormun/servlet/trpermisosgoce?766b0fc0a3604095fbe16329b07327aa,,gx-no-cache=1748361250906 HTTP/1.1" 200 15572
179.57.78.71 - - [27/May/2025:12:53:48 -0300] "GET /cormun/servlet/hlogin HTTP/1.1" 200 1738
190.95.15.31 - - [27/May/2025:12:53:54 -0300] "POST /cormun/servlet/solicitudot?2e57da1e320b3447e670a60061e99db8,INS,0,0,false,,gx-no-cache=1748361382393 HTTP/1.1" 200 93
190.95.15.31 - - [27/May/2025:12:53:55 -0300] "GET /cormun/servlet/hpexe_return? HTTP/1.1" 200 1010
190.95.15.31 - - [27/May/2025:12:53:55 -0300] "GET /cormun/servlet/trsolicitudot HTTP/1.1" 200 9004
200.126.116.145 - - [27/May/2025:12:53:56 -0300] "GET /cormun/servlet/permisogoce?dd6922d7fbebcfe542ab38f4c5cf9d5cfc74e3141dfbc10c72982fa488aec48928c1dd3c85e19e07a98e47da826daf92250887ab5ec60e18b093fc118cc5ac42,gx-no-cache=1748361385539 HTTP/1.1" 200 79
200.126.116.145 - - [27/May/2025:12:53:59 -0300] "GET /cormun/static/menuarrow.gif HTTP/1.1" 404 1015
190.95.15.31 - - [27/May/2025:12:54:04 -0300] "POST /cormun/servlet/trsolicitudot?2e57da1e320b3447e670a60061e99db8,gx-no-cache=1748361391963 HTTP/1.1" 200 4889
190.95.15.31 - - [27/May/2025:12:54:04 -0300] "GET /cormun/static/Shared/jqueryui/images/ui-bg_highlight-soft_100_c6c2c8_1x100.png HTTP/1.1" 404 1117
190.95.15.31 - - [27/May/2025:12:54:04 -0300] "GET /cormun/static/Shared/jqueryui/images/ui-bg_flat_55_fafafa_40x100.png HTTP/1.1" 404 1097
190.95.15.31 - - [27/May/2025:12:54:04 -0300] "GET /cormun/static/Shared/jqueryui/images/ui-icons_8d78a5_256x240.png HTTP/1.1" 404 1089
190.95.15.31 - - [27/May/2025:12:54:04 -0300] "GET /cormun/static/Shared/jqueryui/images/ui-icons_82798d_256x240.png HTTP/1.1" 404 1089
190.95.15.31 - - [27/May/2025:12:54:04 -0300] "POST /cormun/servlet/trsolicitudot?2e57da1e320b3447e670a60061e99db8,gx-no-cache=1748361392126 HTTP/1.1" 200 4618
200.126.116.145 - - [27/May/2025:12:54:04 -0300] "GET /cormun/servlet/permisogoce?dd6922d7fbebcfe542ab38f4c5cf9d5c8f309ab80cf03ff14a408d46ac1386ddcd5a13bc3099258c2c7747e079be51a503eb3ed145cd9cca87610f476fcb0fd2,gx-no-cache=1748361393578 HTTP/1.1" 200 47
200.126.116.145 - - [27/May/2025:12:54:07 -0300] "POST /cormun/servlet/permisogoce?c09f79b8b2373672540366ef416e2bba,INS,0,,,,gx-no-cache=1748361394901 HTTP/1.1" 200 93
200.126.116.145 - - [27/May/2025:12:54:07 -0300] "GET /cormun/servlet/hpexe_return? HTTP/1.1" 200 1001
200.126.116.145 - - [27/May/2025:12:54:07 -0300] "GET /cormun/servlet/trpermisosgoce HTTP/1.1" 200 12425
190.95.15.31 - - [27/May/2025:12:54:07 -0300] "GET /cormun/servlet/trautorizarsolicitud? HTTP/1.1" 200 8896
200.126.116.145 - - [27/May/2025:12:54:13 -0300] "GET /cormun/servlet/apermisogoceprn?14070981,P,20250527115522,PU HTTP/1.1" 200 1658
190.95.15.31 - - [27/May/2025:12:54:13 -0300] "POST /cormun/servlet/trautorizarsolicitud?2e57da1e320b3447e670a60061e99db8,,gx-no-cache=1748361401089 HTTP/1.1" 200 4816
190.95.15.31 - - [27/May/2025:12:54:13 -0300] "POST /cormun/servlet/trautorizarsolicitud?2e57da1e320b3447e670a60061e99db8,,gx-no-cache=1748361401224 HTTP/1.1" 200 4546
190.95.15.31 - - [27/May/2025:12:54:18 -0300] "GET /cormun/servlet/trautorizarsolicitud? HTTP/1.1" 200 7475
190.95.15.31 - - [27/May/2025:12:54:25 -0300] "POST /cormun/servlet/trautorizarsolicitud?2e57da1e320b3447e670a60061e99db8,,gx-no-cache=1748361413361 HTTP/1.1" 200 7909
190.95.67.97 - - [27/May/2025:12:54:51 -0300] "POST /cormun/servlet/trpermisosgoce?766b0fc0a3604095fbe16329b07327aa,,gx-no-cache=1748361362522 HTTP/1.1" 200 5279
201.186.225.187 - - [27/May/2025:12:55:55 -0300] "GET /cormun/servlet/trpermisosgoce? HTTP/1.1" 200 6030
201.186.225.187 - - [27/May/2025:12:55:55 -0300] "GET /cormun/servlet/hlogin HTTP/1.1" 200 1741
201.186.225.187 - - [27/May/2025:12:55:55 -0300] "GET /cormun/servlet/trpermisosgoce? HTTP/1.1" 200 6028
201.186.225.187 - - [27/May/2025:12:56:03 -0300] "POST /cormun/servlet/hlogin?6e03393e2159f1cfb83cce6e7be62dfe,gx-no-cache=1748361324929 HTTP/1.1" 200 90
201.186.225.187 - - [27/May/2025:12:56:03 -0300] "GET /cormun/servlet/hpexe_link HTTP/1.1" 200 957
201.186.225.187 - - [27/May/2025:12:56:03 -0300] "GET /cormun/servlet/trpermisosgoce HTTP/1.1" 200 13804
201.186.225.185 - - [27/May/2025:12:56:19 -0300] "GET /cormun/servlet/hlogin HTTP/1.1" 200 1720
201.186.225.185 - - [27/May/2025:12:56:27 -0300] "POST /cormun/servlet/hlogin?1402525e70442c21bfcf90ec51efc07b,gx-no-cache=1748361534177 HTTP/1.1" 200 90
201.186.225.185 - - [27/May/2025:12:56:27 -0300] "GET /cormun/servlet/hpexe_link HTTP/1.1" 200 951
201.186.225.185 - - [27/May/2025:12:56:28 -0300] "GET /cormun/servlet/hhome HTTP/1.1" 200 4228
201.186.225.185 - - [27/May/2025:12:56:30 -0300] "GET /cormun/servlet/trlicencias? HTTP/1.1" 200 16172
201.186.225.187 - - [27/May/2025:12:57:37 -0300] "GET /cormun/servlet/trpermisosadjuntos?15523299,20250527082933,P, HTTP/1.1" 200 6301
201.186.225.187 - - [27/May/2025:12:57:39 -0300] "GET /cormun/servlet/permisosadjuntos?INS,15523299,P,20250527082933,, HTTP/1.1" 200 5620
201.186.225.187 - - [27/May/2025:12:57:39 -0300] "GET /cormun/static/about:blank HTTP/1.1" 404 1011
190.95.67.97 - - [27/May/2025:12:58:17 -0300] "POST /cormun/servlet/trpermisosgoce?766b0fc0a3604095fbe16329b07327aa,,gx-no-cache=1748361568714 HTTP/1.1" 200 5440
190.95.67.97 - - [27/May/2025:12:58:42 -0300] "GET /cormun/servlet/permisogoce?INS,0,,, HTTP/1.1" 200 6734
201.186.225.187 - - [27/May/2025:12:58:57 -0300] "POST /cormun/servlet/permisosadjuntos?6e03393e2159f1cfb83cce6e7be62dfe,INS,15523299,P,20250527082933,, HTTP/1.1" 200 116
201.186.225.187 - - [27/May/2025:12:58:57 -0300] "GET /cormun/servlet/hpexe_return? HTTP/1.1" 200 1037
201.186.225.187 - - [27/May/2025:12:58:57 -0300] "GET /cormun/servlet/trpermisosadjuntos?15523299,20250527082933,P, HTTP/1.1" 200 6783
201.186.225.187 - - [27/May/2025:12:59:01 -0300] "GET /cormun/servlet/trpermisosgoce? HTTP/1.1" 200 13804
190.95.67.97 - - [27/May/2025:12:59:07 -0300] "GET /cormun/servlet/trpermisosgoce? HTTP/1.1" 200 8054
201.186.225.187 - - [27/May/2025:12:59:10 -0300] "POST /cormun/servlet/trpermisosgoce?6e03393e2159f1cfb83cce6e7be62dfe,,gx-no-cache=1748361512120 HTTP/1.1" 200 10958
201.186.225.187 - - [27/May/2025:12:59:11 -0300] "GET /cormun/static/Shared/jqueryui/images/ui-icons_82798d_256x240.png HTTP/1.1" 404 1089
201.186.225.187 - - [27/May/2025:12:59:11 -0300] "GET /cormun/static/Shared/jqueryui/images/ui-bg_highlight-soft_100_c6c2c8_1x100.png HTTP/1.1" 404 1117
201.186.225.187 - - [27/May/2025:12:59:11 -0300] "GET /cormun/static/Shared/jqueryui/images/ui-icons_8d78a5_256x240.png HTTP/1.1" 404 1089
201.186.225.187 - - [27/May/2025:12:59:11 -0300] "GET /cormun/static/Shared/jqueryui/images/ui-bg_flat_55_fafafa_40x100.png HTTP/1.1" 404 1097
200.126.116.145 - - [27/May/2025:13:00:40 -0300] "GET /cormun/servlet/trlicencias? HTTP/1.1" 200 17196
200.126.116.145 - - [27/May/2025:13:00:46 -0300] "GET /cormun/servlet/alicenciaprn?18744604,L,20250526000000,PU HTTP/1.1" 200 1552
200.126.116.145 - - [27/May/2025:13:00:55 -0300] "GET /cormun/servlet/alicenciaprn?20660550,L,20250527000000,PU HTTP/1.1" 200 1545
201.186.225.187 - - [27/May/2025:13:01:42 -0300] "GET /cormun/servlet/trpermisosadjuntos?16253896,20250526115509,P, HTTP/1.1" 200 6288
201.186.225.187 - - [27/May/2025:13:01:46 -0300] "GET /cormun/servlet/permisosadjuntos?INS,16253896,P,20250526115509,, HTTP/1.1" 200 5610
201.186.225.187 - - [27/May/2025:13:01:47 -0300] "GET /cormun/static/about:blank HTTP/1.1" 404 1011
201.186.226.3 - - [27/May/2025:13:01:58 -0300] "GET /cormun/servlet/hlogin HTTP/1.1" 200 1733
190.95.67.97 - - [27/May/2025:13:02:18 -0300] "POST /cormun/servlet/trpermisosgoce?766b0fc0a3604095fbe16329b07327aa,,gx-no-cache=1748361809323 HTTP/1.1" 200 5050
190.95.67.97 - - [27/May/2025:13:03:51 -0300] "POST /cormun/servlet/trpermisosgoce?766b0fc0a3604095fbe16329b07327aa,,gx-no-cache=1748361902821 HTTP/1.1" 200 4207
201.186.225.187 - - [27/May/2025:13:03:52 -0300] "POST /cormun/servlet/permisosadjuntos?6e03393e2159f1cfb83cce6e7be62dfe,INS,16253896,P,20250526115509,, HTTP/1.1" 200 116
201.186.225.187 - - [27/May/2025:13:03:52 -0300] "GET /cormun/servlet/hpexe_return? HTTP/1.1" 200 1037
201.186.225.187 - - [27/May/2025:13:03:52 -0300] "GET /cormun/servlet/trpermisosadjuntos?16253896,20250526115509,P, HTTP/1.1" 200 6765
190.95.67.97 - - [27/May/2025:13:03:56 -0300] "GET /cormun/servlet/trpermisosgoce? HTTP/1.1" 200 6788
201.186.225.187 - - [27/May/2025:13:03:56 -0300] "GET /cormun/servlet/trpermisosgoce? HTTP/1.1" 200 13788
201.186.225.187 - - [27/May/2025:13:04:04 -0300] "POST /cormun/servlet/trpermisosgoce?6e03393e2159f1cfb83cce6e7be62dfe,,gx-no-cache=1748361805633 HTTP/1.1" 200 10957
190.95.67.97 - - [27/May/2025:13:04:04 -0300] "GET /cormun/servlet/trpermisosgoce? HTTP/1.1" 200 6788
190.95.67.97 - - [27/May/2025:13:04:09 -0300] "POST /cormun/servlet/trpermisosgoce?766b0fc0a3604095fbe16329b07327aa,,gx-no-cache=1748361920168 HTTP/1.1" 200 4198
190.95.67.97 - - [27/May/2025:13:04:51 -0300] "POST /cormun/servlet/trpermisosgoce?766b0fc0a3604095fbe16329b07327aa,,gx-no-cache=1748361962808 HTTP/1.1" 200 4208
190.95.67.99 - - [27/May/2025:13:05:27 -0300] "GET /cormun/servlet/hhome HTTP/1.1" 200 3316
190.95.67.99 - - [27/May/2025:13:05:28 -0300] "GET /cormun/servlet/hlogin HTTP/1.1" 200 1730
190.95.67.99 - - [27/May/2025:13:05:42 -0300] "POST /cormun/servlet/hlogin?fc2a5b0e6427e5a5735ab73023964277,gx-no-cache=1748362091177 HTTP/1.1" 200 90
190.95.67.99 - - [27/May/2025:13:05:42 -0300] "GET /cormun/servlet/hpexe_link HTTP/1.1" 200 946
190.95.67.99 - - [27/May/2025:13:05:43 -0300] "GET /cormun/servlet/hhome HTTP/1.1" 200 4311
190.95.67.97 - - [27/May/2025:13:05:43 -0300] "POST /cormun/servlet/trpermisosgoce?766b0fc0a3604095fbe16329b07327aa,,gx-no-cache=1748362014435 HTTP/1.1" 200 4205
190.95.67.99 - - [27/May/2025:13:05:48 -0300] "GET /cormun/servlet/trlicencias? HTTP/1.1" 200 10803
201.186.225.187 - - [27/May/2025:13:06:14 -0300] "GET /cormun/servlet/trpermisosadjuntos?13096745,20250526115416,P, HTTP/1.1" 200 6293
201.186.225.187 - - [27/May/2025:13:06:18 -0300] "GET /cormun/servlet/permisosadjuntos?INS,13096745,P,20250526115416,, HTTP/1.1" 200 5618
201.186.225.187 - - [27/May/2025:13:06:20 -0300] "GET /cormun/static/about:blank HTTP/1.1" 404 1011
201.186.225.187 - - [27/May/2025:13:06:35 -0300] "POST /cormun/servlet/permisosadjuntos?6e03393e2159f1cfb83cce6e7be62dfe,INS,13096745,P,20250526115416,, HTTP/1.1" 200 116
201.186.225.187 - - [27/May/2025:13:06:35 -0300] "GET /cormun/servlet/hpexe_return? HTTP/1.1" 200 1037
201.186.225.187 - - [27/May/2025:13:06:35 -0300] "GET /cormun/servlet/trpermisosadjuntos?13096745,20250526115416,P, HTTP/1.1" 200 6782
201.186.225.187 - - [27/May/2025:13:06:40 -0300] "GET /cormun/servlet/trpermisosgoce? HTTP/1.1" 200 13782
201.186.225.187 - - [27/May/2025:13:06:48 -0300] "POST /cormun/servlet/trpermisosgoce?6e03393e2159f1cfb83cce6e7be62dfe,,gx-no-cache=1748361969852 HTTP/1.1" 200 10939
190.95.1.185 - - [27/May/2025:13:06:56 -0300] "GET /cormun/servlet/hlogin HTTP/1.1" 200 1721
190.95.1.185 - - [27/May/2025:13:06:59 -0300] "POST /cormun/servlet/hlogin?9bf5065085063f8509de04a19fd9d3a1,gx-no-cache=1748362166967 HTTP/1.1" 200 90
190.95.1.185 - - [27/May/2025:13:06:59 -0300] "GET /cormun/servlet/hpexe_link HTTP/1.1" 200 956
190.95.1.185 - - [27/May/2025:13:06:59 -0300] "GET /cormun/servlet/trpermisosgoce HTTP/1.1" 200 11963
190.95.1.185 - - [27/May/2025:13:07:07 -0300] "GET /cormun/servlet/trpermisosgoce? HTTP/1.1" 200 11961
190.95.1.185 - - [27/May/2025:13:07:09 -0300] "GET /cormun/servlet/permisogoce?INS,0,,, HTTP/1.1" 200 7374
190.95.67.97 - - [27/May/2025:13:07:19 -0300] "POST /cormun/servlet/trpermisosgoce?766b0fc0a3604095fbe16329b07327aa,,gx-no-cache=1748362110766 HTTP/1.1" 200 5309
190.95.1.185 - - [27/May/2025:13:07:24 -0300] "GET /cormun/servlet/permisogoce?0dde429307ebd7e551ec6baeace741e066d66e6d0427597a15ec54802021a602cf16891280ae7b3b9cda8c4588130942de5fd94218fb2484bec6c40e1cdd3d2b,gx-no-cache=1748362191731 HTTP/1.1" 200 80
190.95.1.185 - - [27/May/2025:13:07:25 -0300] "GET /cormun/static/menuarrow.gif HTTP/1.1" 404 1015
190.95.1.185 - - [27/May/2025:13:07:27 -0300] "GET /cormun/servlet/permisogoce?0dde429307ebd7e551ec6baeace741e09a4f916dfbaf6d9deaa90e36e215053e0c207316018ff0719717299a467c0bdcfb275aff4009fdedf49ee1392eaf2771,gx-no-cache=1748362195238 HTTP/1.1" 200 47
190.95.1.185 - - [27/May/2025:13:07:34 -0300] "POST /cormun/servlet/permisogoce?9bf5065085063f8509de04a19fd9d3a1,INS,0,,,,gx-no-cache=1748362201344 HTTP/1.1" 200 93
190.95.1.185 - - [27/May/2025:13:07:34 -0300] "GET /cormun/servlet/hpexe_return? HTTP/1.1" 200 1009
190.95.1.185 - - [27/May/2025:13:07:34 -0300] "GET /cormun/servlet/trpermisosgoce HTTP/1.1" 200 12212
190.95.1.185 - - [27/May/2025:13:07:36 -0300] "GET /cormun/servlet/apermisogoceprn?17501372,P,20250527120956,PU HTTP/1.1" 200 1657
190.95.15.13 - - [27/May/2025:13:08:31 -0300] "GET /cormun/servlet/hlogin HTTP/1.1" 200 1737
190.95.15.13 - - [27/May/2025:13:08:31 -0300] "GET /cormun/static/gxtimezone.js?85251 HTTP/1.1" 200 5781
190.95.15.13 - - [27/May/2025:13:08:31 -0300] "GET /cormun/static/gxcfg.js?2022112219184450 HTTP/1.1" 200 953
190.95.15.13 - - [27/May/2025:13:08:31 -0300] "GET /cormun/static/Resources/Spanish/PXTools.css?1759030 HTTP/1.1" 200 100853
190.95.15.13 - - [27/May/2025:13:08:31 -0300] "GET /cormun/static/messages.spa.js?85251 HTTP/1.1" 200 30736
190.95.15.13 - - [27/May/2025:13:08:31 -0300] "GET /cormun/static/Resources/CormunLogin.png HTTP/1.1" 200 19132
190.95.15.13 - - [27/May/2025:13:08:31 -0300] "GET /cormun/static/hlogin.js?2022112219184458 HTTP/1.1" 200 2156
190.95.15.13 - - [27/May/2025:13:08:31 -0300] "GET /cormun/static/gxgral.js?85251 HTTP/1.1" 200 384558
190.95.15.13 - - [27/May/2025:13:08:31 -0300] "GET /cormun/static/Resources/PXToolsLoginTop.png HTTP/1.1" 200 1337
190.95.15.13 - - [27/May/2025:13:08:31 -0300] "GET /cormun/static/Resources/PXToolsLoginBackground.png HTTP/1.1" 200 1164
190.95.15.13 - - [27/May/2025:13:08:31 -0300] "GET /cormun/static/Resources/PXToolsButtonLeft.png HTTP/1.1" 200 1310
190.95.15.13 - - [27/May/2025:13:08:31 -0300] "GET /cormun/static/Resources/PXToolsLoginBottom.png HTTP/1.1" 200 1389
190.95.15.13 - - [27/May/2025:13:08:31 -0300] "GET /cormun/static/Resources/PXToolsButtonRight.png HTTP/1.1" 200 1294
190.95.15.13 - - [27/May/2025:13:08:31 -0300] "GET /cormun/static/Resources/PXToolsButtonBackground.png HTTP/1.1" 200 1176
190.95.15.13 - - [27/May/2025:13:08:31 -0300] "GET /cormun/static/Resources/indicator.gif HTTP/1.1" 200 1553
190.95.67.97 - - [27/May/2025:13:08:37 -0300] "POST /cormun/servlet/trpermisosgoce?766b0fc0a3604095fbe16329b07327aa,,gx-no-cache=1748362188845 HTTP/1.1" 200 4205
190.95.67.97 - - [27/May/2025:13:08:44 -0300] "GET /cormun/servlet/trpermisosgoce? HTTP/1.1" 200 6784
201.186.225.187 - - [27/May/2025:13:08:55 -0300] "GET /cormun/servlet/trpermisosadjuntos?17877099,20250526135940,P, HTTP/1.1" 200 6292
201.186.225.187 - - [27/May/2025:13:08:59 -0300] "GET /cormun/servlet/permisosadjuntos?INS,17877099,P,20250526135940,, HTTP/1.1" 200 5615
201.186.225.187 - - [27/May/2025:13:09:00 -0300] "GET /cormun/static/about:blank HTTP/1.1" 404 1011
201.186.225.187 - - [27/May/2025:13:09:16 -0300] "POST /cormun/servlet/permisosadjuntos?6e03393e2159f1cfb83cce6e7be62dfe,INS,17877099,P,20250526135940,, HTTP/1.1" 200 116
201.186.225.187 - - [27/May/2025:13:09:16 -0300] "GET /cormun/servlet/hpexe_return? HTTP/1.1" 200 1037
201.186.225.187 - - [27/May/2025:13:09:16 -0300] "GET /cormun/servlet/trpermisosadjuntos?17877099,20250526135940,P, HTTP/1.1" 200 6767
201.186.225.187 - - [27/May/2025:13:09:22 -0300] "GET /cormun/servlet/trpermisosgoce? HTTP/1.1" 200 13778
201.186.225.187 - - [27/May/2025:13:09:32 -0300] "POST /cormun/servlet/trpermisosgoce?6e03393e2159f1cfb83cce6e7be62dfe,,gx-no-cache=1748362133903 HTTP/1.1" 200 10934
201.186.225.187 - - [27/May/2025:13:09:46 -0300] "GET /cormun/servlet/hlogin HTTP/1.1" 200 1741
201.186.225.185 - - [27/May/2025:13:10:38 -0300] "POST /cormun/servlet/trlicencias?d8e18fc0ec0054fbe57e0075a013de63,gx-no-cache=1748362385890 HTTP/1.1" 440 972
201.186.225.185 - - [27/May/2025:13:10:42 -0300] "GET /cormun/servlet/trlicencias HTTP/1.1" 200 6049
201.186.225.185 - - [27/May/2025:13:10:43 -0300] "GET /cormun/servlet/hlogin HTTP/1.1" 200 1739
201.186.225.185 - - [27/May/2025:13:10:47 -0300] "POST /cormun/servlet/hlogin?c9e88a0066095a944ed8b75bbc934e69,gx-no-cache=1748362394791 HTTP/1.1" 200 90
201.186.225.185 - - [27/May/2025:13:10:47 -0300] "GET /cormun/servlet/hpexe_link HTTP/1.1" 200 957
201.186.225.185 - - [27/May/2025:13:10:47 -0300] "GET /cormun/servlet/trlicencias HTTP/1.1" 200 16031
201.186.225.185 - - [27/May/2025:13:10:55 -0300] "POST /cormun/servlet/trlicencias?c9e88a0066095a944ed8b75bbc934e69,gx-no-cache=1748362398232 HTTP/1.1" 200 101
201.186.225.185 - - [27/May/2025:13:10:55 -0300] "GET /cormun/Licencias-6503.xls HTTP/1.1" 200 14848
179.57.78.9 - - [27/May/2025:13:13:56 -0300] "GET /cormun/servlet/hlogin HTTP/1.1" 200 1725
179.57.78.9 - - [27/May/2025:13:13:58 -0300] "POST /cormun/servlet/hlogin?635f0a1a0a22b9241857fa1b8acd605b,gx-no-cache=1748362594632 HTTP/1.1" 200 90
179.57.78.9 - - [27/May/2025:13:13:58 -0300] "GET /cormun/servlet/hpexe_link HTTP/1.1" 200 952
179.57.78.9 - - [27/May/2025:13:13:59 -0300] "GET /cormun/servlet/hhome HTTP/1.1" 200 4352
179.57.78.9 - - [27/May/2025:13:14:01 -0300] "GET /cormun/servlet/trlicencias? HTTP/1.1" 200 10112
190.95.67.91 - - [27/May/2025:13:14:16 -0300] "POST /cormun/servlet/trlicencias?2818ff6175b1d5a830f57d9867510366,,gx-no-cache=1748362603878 HTTP/1.1" 440 972
190.95.67.91 - - [27/May/2025:13:14:17 -0300] "GET /cormun/servlet/trlicencias? HTTP/1.1" 200 6038
190.95.67.91 - - [27/May/2025:13:14:18 -0300] "GET /cormun/servlet/hlogin HTTP/1.1" 200 1728
190.95.67.91 - - [27/May/2025:13:14:24 -0300] "POST /cormun/servlet/hlogin?c2fa8afe039477dfad9061a09ab571ee,gx-no-cache=1748362612275 HTTP/1.1" 200 90
190.95.67.91 - - [27/May/2025:13:14:24 -0300] "GET /cormun/servlet/hpexe_link HTTP/1.1" 200 948
190.95.67.91 - - [27/May/2025:13:14:24 -0300] "GET /cormun/servlet/trlicencias HTTP/1.1" 200 17558
190.95.67.91 - - [27/May/2025:13:14:31 -0300] "POST /cormun/servlet/trlicencias?c2fa8afe039477dfad9061a09ab571ee,gx-no-cache=1748362618541 HTTP/1.1" 200 15654
52.167.144.19 - - [27/May/2025:13:15:02 -0300] "GET /cormun/servlet/hlogin HTTP/1.1" 200 1720
190.95.15.9 - - [27/May/2025:13:15:46 -0300] "GET /cormun/servlet/trlicencias? HTTP/1.1" 200 6044
190.95.15.9 - - [27/May/2025:13:15:47 -0300] "GET /cormun/servlet/hlogin HTTP/1.1" 200 1736
190.95.15.9 - - [27/May/2025:13:15:47 -0300] "GET /cormun/static/Resources/indicator.gif HTTP/1.1" 200 1553
190.95.15.9 - - [27/May/2025:13:15:51 -0300] "POST /cormun/servlet/hlogin?427788f711bebd8bf82ec5e2b173e62d,gx-no-cache=1748362699512 HTTP/1.1" 200 90
190.95.15.9 - - [27/May/2025:13:15:51 -0300] "GET /cormun/servlet/hpexe_link HTTP/1.1" 200 954
190.95.15.9 - - [27/May/2025:13:15:51 -0300] "GET /cormun/servlet/trlicencias HTTP/1.1" 200 12237
190.95.15.9 - - [27/May/2025:13:15:51 -0300] "GET /cormun/static/Resources/asc.gif HTTP/1.1" 200 67
190.95.15.9 - - [27/May/2025:13:15:51 -0300] "GET /cormun/static/Resources/desc.gif HTTP/1.1" 200 65
190.95.15.9 - - [27/May/2025:13:16:01 -0300] "GET /cormun/servlet/trsolicitudot? HTTP/1.1" 200 7456
190.95.15.9 - - [27/May/2025:13:16:05 -0300] "GET /cormun/servlet/trautorizarsolicitud? HTTP/1.1" 200 7362
190.95.15.9 - - [27/May/2025:13:16:05 -0300] "GET /cormun/static/gxcfg.js?202211298474254 HTTP/1.1" 200 953
190.95.15.9 - - [27/May/2025:13:16:05 -0300] "GET /cormun/static/trautorizarsolicitud.js?202211298474588 HTTP/1.1" 200 53909
190.95.15.9 - - [27/May/2025:13:16:08 -0300] "POST /cormun/servlet/trautorizarsolicitud?427788f711bebd8bf82ec5e2b173e62d,,gx-no-cache=1748362717308 HTTP/1.1" 200 4557
190.95.15.9 - - [27/May/2025:13:16:12 -0300] "GET /cormun/servlet/trlicencias? HTTP/1.1" 200 12243
201.186.225.185 - - [27/May/2025:13:17:11 -0300] "GET /cormun/static/menuarrow.gif HTTP/1.1" 404 1015
201.186.225.185 - - [27/May/2025:13:17:37 -0300] "POST /cormun/servlet/trlicencias?c9e88a0066095a944ed8b75bbc934e69,gx-no-cache=1748362805041 HTTP/1.1" 200 17934
201.186.225.185 - - [27/May/2025:13:17:42 -0300] "POST /cormun/servlet/trlicencias?c9e88a0066095a944ed8b75bbc934e69,gx-no-cache=1748362810223 HTTP/1.1" 200 17928
186.103.159.204 - - [27/May/2025:13:17:42 -0300] "GET /cormun/servlet/trpermisosgoce? HTTP/1.1" 200 6784
186.103.159.204 - - [27/May/2025:13:17:45 -0300] "GET /cormun/servlet/permisogoce?INS,0,,, HTTP/1.1" 200 6734
201.186.225.185 - - [27/May/2025:13:17:53 -0300] "POST /cormun/servlet/trlicencias?c9e88a0066095a944ed8b75bbc934e69,gx-no-cache=1748362820994 HTTP/1.1" 200 17934
179.57.78.71 - - [27/May/2025:13:17:55 -0300] "GET /cormun/servlet/hlogin HTTP/1.1" 200 1722
179.57.78.71 - - [27/May/2025:13:17:55 -0300] "GET /cormun/servlet/hlogin HTTP/1.1" 200 1733
186.103.159.204 - - [27/May/2025:13:17:55 -0300] "GET /cormun/servlet/permisogoce?3e342af143f25ce377f4cb7865858ed8b19fa026b8135fd127b50a0063db6869460b1272cc58fa10e0289211e8b64fc0e79166035c876b10350cbdea2d4fa466,gx-no-cache=1748362746922 HTTP/1.1" 200 79
186.103.159.204 - - [27/May/2025:13:17:57 -0300] "GET /cormun/static/menuarrow.gif HTTP/1.1" 404 1015
179.57.78.71 - - [27/May/2025:13:18:00 -0300] "POST /cormun/servlet/hlogin?b00d99104499e24bf7eaaff550131896,gx-no-cache=1748362827749 HTTP/1.1" 200 90
179.57.78.71 - - [27/May/2025:13:18:00 -0300] "GET /cormun/servlet/hpexe_link HTTP/1.1" 200 949
179.57.78.71 - - [27/May/2025:13:18:00 -0300] "GET /cormun/servlet/hhome HTTP/1.1" 200 4256
186.103.159.204 - - [27/May/2025:13:18:05 -0300] "GET /cormun/servlet/permisogoce?3e342af143f25ce377f4cb7865858ed89bd25e921d41a75c750301044e004de4f4773b755253726a124552b1745a9f975e926a78348736dfbd6fb6e4518f3529,gx-no-cache=1748362756793 HTTP/1.1" 200 47
186.103.159.204 - - [27/May/2025:13:18:07 -0300] "POST /cormun/servlet/permisogoce?766b0fc0a3604095fbe16329b07327aa,INS,0,,,,gx-no-cache=1748362758218 HTTP/1.1" 200 93
186.103.159.204 - - [27/May/2025:13:18:07 -0300] "GET /cormun/servlet/hpexe_return? HTTP/1.1" 200 1012
186.103.159.204 - - [27/May/2025:13:18:07 -0300] "GET /cormun/servlet/trpermisosgoce HTTP/1.1" 200 6788
201.186.225.185 - - [27/May/2025:13:18:08 -0300] "POST /cormun/servlet/trlicencias?c9e88a0066095a944ed8b75bbc934e69,gx-no-cache=1748362831332 HTTP/1.1" 200 8875
186.103.159.204 - - [27/May/2025:13:18:14 -0300] "POST /cormun/servlet/trpermisosgoce?766b0fc0a3604095fbe16329b07327aa,gx-no-cache=1748362765059 HTTP/1.1" 200 15563
186.103.159.204 - - [27/May/2025:13:18:20 -0300] "GET /cormun/servlet/apermisogoceprn?17835936,P,20250527104430,PU HTTP/1.1" 200 1666
201.186.225.185 - - [27/May/2025:13:18:26 -0300] "POST /cormun/servlet/trlicencias?c9e88a0066095a944ed8b75bbc934e69,gx-no-cache=1748362854028 HTTP/1.1" 200 101
201.186.225.185 - - [27/May/2025:13:18:26 -0300] "POST /cormun/servlet/trlicencias?c9e88a0066095a944ed8b75bbc934e69,gx-no-cache=1748362854181 HTTP/1.1" 200 8852
201.186.225.185 - - [27/May/2025:13:18:26 -0300] "GET /cormun/Licencias-3988.xls HTTP/1.1" 200 8704
190.95.15.15 - - [27/May/2025:13:19:03 -0300] "GET /cormun/servlet/trlicencias? HTTP/1.1" 200 6051
190.95.15.15 - - [27/May/2025:13:19:03 -0300] "GET /cormun/servlet/hlogin HTTP/1.1" 200 1737
190.95.15.15 - - [27/May/2025:13:19:09 -0300] "POST /cormun/servlet/hlogin?7b7a4042f4abbc9858357c1c600877f0,gx-no-cache=1748362896717 HTTP/1.1" 200 90
190.95.15.15 - - [27/May/2025:13:19:09 -0300] "GET /cormun/servlet/hpexe_link HTTP/1.1" 200 955
190.95.15.15 - - [27/May/2025:13:19:09 -0300] "GET /cormun/servlet/trlicencias HTTP/1.1" 200 13318
190.95.67.99 - - [27/May/2025:13:19:20 -0300] "GET /cormun/servlet/trpermisosgoce? HTTP/1.1" 200 14545
190.95.67.99 - - [27/May/2025:13:19:46 -0300] "GET /cormun/servlet/permisogoce?INS,0,,, HTTP/1.1" 200 7206
190.95.67.99 - - [27/May/2025:13:20:02 -0300] "GET /cormun/servlet/permisogoce?4c733d3cb64f2f9de7de5ccd796aadda3cefee70656785e6883d628fa796d3ee98b284f018fb9b196de0cd404cf41965d2e7effdd9105eb8d9abb15b1998f444,gx-no-cache=1748362950668 HTTP/1.1" 200 226
190.95.67.99 - - [27/May/2025:13:20:02 -0300] "GET /cormun/static/Shared/jqueryui/images/ui-bg_flat_55_994d53_40x100.png HTTP/1.1" 404 1097
190.95.67.99 - - [27/May/2025:13:20:02 -0300] "GET /cormun/static/Shared/jqueryui/images/ui-bg_highlight-soft_100_c6c2c8_1x100.png HTTP/1.1" 404 1117
190.95.67.99 - - [27/May/2025:13:20:02 -0300] "GET /cormun/static/Shared/jqueryui/images/ui-icons_82798d_256x240.png HTTP/1.1" 404 1089
190.95.67.99 - - [27/May/2025:13:20:02 -0300] "GET /cormun/static/Shared/jqueryui/images/ui-icons_ebccce_256x240.png HTTP/1.1" 404 1089
190.95.67.99 - - [27/May/2025:13:20:22 -0300] "GET /cormun/servlet/permisogoce?4c733d3cb64f2f9de7de5ccd796aadda83d36bdbd84ecc207512b56a6175b65ee38d571803a7b11632adf9a857ea6b2fca32acbe775393a24ab3e0ccaee5b0a0,gx-no-cache=1748362970640 HTTP/1.1" 200 84
190.95.67.99 - - [27/May/2025:13:20:27 -0300] "GET /cormun/servlet/permisogoce?4c733d3cb64f2f9de7de5ccd796aadda73cc9390fb5aced063bb763341df3d5cfbb2b8307ac41aa17779dbe0954e9bece35d43621351d342769948c3a70d4804,gx-no-cache=1748362975874 HTTP/1.1" 200 48
190.95.67.99 - - [27/May/2025:13:20:30 -0300] "POST /cormun/servlet/permisogoce?fc2a5b0e6427e5a5735ab73023964277,INS,0,,,,gx-no-cache=1748362978899 HTTP/1.1" 200 93
190.95.67.99 - - [27/May/2025:13:20:30 -0300] "GET /cormun/servlet/hpexe_return? HTTP/1.1" 200 1005
190.95.67.99 - - [27/May/2025:13:20:31 -0300] "GET /cormun/servlet/trpermisosgoce HTTP/1.1" 200 14738
190.95.67.99 - - [27/May/2025:13:20:35 -0300] "GET /cormun/servlet/apermisogoceprn?21125297,P,20250527122233,PU HTTP/1.1" 200 1656
200.126.110.43 - - [27/May/2025:13:21:16 -0300] "GET /cormun/servlet/hlogin HTTP/1.1" 200 1739
201.186.225.185 - - [27/May/2025:13:21:24 -0300] "POST /cormun/servlet/trlicencias?c9e88a0066095a944ed8b75bbc934e69,gx-no-cache=1748363031521 HTTP/1.1" 200 101
201.186.225.185 - - [27/May/2025:13:21:27 -0300] "GET /cormun/Licencias-9496.xls HTTP/1.1" 200 10752
200.126.110.43 - - [27/May/2025:13:21:29 -0300] "POST /cormun/servlet/hlogin?e78cd2fd8305080396697d6cedea1e20,gx-no-cache=1748363036283 HTTP/1.1" 200 90
200.126.110.43 - - [27/May/2025:13:21:29 -0300] "GET /cormun/servlet/hpexe_link HTTP/1.1" 200 955
200.126.110.43 - - [27/May/2025:13:21:29 -0300] "GET /cormun/servlet/hhome HTTP/1.1" 200 3965
200.126.110.43 - - [27/May/2025:13:21:29 -0300] "GET /cormun/servlet/hhome HTTP/1.1" 200 3961
200.126.110.43 - - [27/May/2025:13:21:34 -0300] "GET /cormun/servlet/trlicencias? HTTP/1.1" 200 13026
200.126.110.43 - - [27/May/2025:13:21:34 -0300] "GET /cormun/servlet/trlicencias? HTTP/1.1" 200 13013
201.186.225.185 - - [27/May/2025:13:22:34 -0300] "POST /cormun/servlet/trlicencias?c9e88a0066095a944ed8b75bbc934e69,gx-no-cache=1748363102100 HTTP/1.1" 200 12736
201.186.225.185 - - [27/May/2025:13:22:34 -0300] "POST /cormun/servlet/trlicencias?c9e88a0066095a944ed8b75bbc934e69,gx-no-cache=1748363102393 HTTP/1.1" 200 12736
201.186.225.185 - - [27/May/2025:13:22:41 -0300] "POST /cormun/servlet/trlicencias?c9e88a0066095a944ed8b75bbc934e69,gx-no-cache=1748363108616 HTTP/1.1" 200 101
201.186.225.185 - - [27/May/2025:13:22:41 -0300] "POST /cormun/servlet/trlicencias?c9e88a0066095a944ed8b75bbc934e69,gx-no-cache=1748363108780 HTTP/1.1" 200 12714
201.186.225.185 - - [27/May/2025:13:22:41 -0300] "GET /cormun/Licencias-6053.xls HTTP/1.1" 200 13824
201.186.225.185 - - [27/May/2025:13:22:47 -0300] "POST /cormun/servlet/trlicencias?c9e88a0066095a944ed8b75bbc934e69,gx-no-cache=1748363115220 HTTP/1.1" 200 101
201.186.225.185 - - [27/May/2025:13:22:52 -0300] "POST /cormun/servlet/trlicencias?c9e88a0066095a944ed8b75bbc934e69,gx-no-cache=1748363115387 HTTP/1.1" 200 12736
201.186.225.185 - - [27/May/2025:13:22:52 -0300] "GET /cormun/Licencias-2723.xls HTTP/1.1" 200 13824
201.186.225.185 - - [27/May/2025:13:22:57 -0300] "POST /cormun/servlet/trlicencias?c9e88a0066095a944ed8b75bbc934e69,gx-no-cache=1748363120246 HTTP/1.1" 200 101
201.186.225.185 - - [27/May/2025:13:22:57 -0300] "POST /cormun/servlet/trlicencias?c9e88a0066095a944ed8b75bbc934e69,gx-no-cache=1748363124974 HTTP/1.1" 200 12713
201.186.225.185 - - [27/May/2025:13:22:57 -0300] "GET /cormun/Licencias-5768.xls HTTP/1.1" 200 13824
201.186.225.185 - - [27/May/2025:13:23:14 -0300] "POST /cormun/servlet/trlicencias?c9e88a0066095a944ed8b75bbc934e69,gx-no-cache=1748363142184 HTTP/1.1" 200 101
201.186.225.185 - - [27/May/2025:13:23:14 -0300] "POST /cormun/servlet/trlicencias?c9e88a0066095a944ed8b75bbc934e69,gx-no-cache=1748363142357 HTTP/1.1" 200 12713
201.186.225.185 - - [27/May/2025:13:23:15 -0300] "GET /cormun/Licencias-7244.xls HTTP/1.1" 200 13824
190.95.67.99 - - [27/May/2025:13:23:29 -0300] "GET /cormun/servlet/permisogoce?INS,0,,, HTTP/1.1" 200 7207
201.186.225.185 - - [27/May/2025:13:24:12 -0300] "POST /cormun/servlet/trlicencias?c9e88a0066095a944ed8b75bbc934e69,gx-no-cache=1748363199850 HTTP/1.1" 200 101
201.186.225.185 - - [27/May/2025:13:24:12 -0300] "POST /cormun/servlet/trlicencias?c9e88a0066095a944ed8b75bbc934e69,gx-no-cache=1748363200022 HTTP/1.1" 200 12715
201.186.225.185 - - [27/May/2025:13:24:12 -0300] "GET /cormun/Licencias-8757.xls HTTP/1.1" 200 13824
190.95.67.99 - - [27/May/2025:13:25:02 -0300] "GET /cormun/servlet/permisogoce?4c733d3cb64f2f9de7de5ccd796aadda3acdb7c53264fc2be60d3551b73ec47f98b284f018fb9b196de0cd404cf41965d2e7effdd9105eb8d9abb15b1998f444,gx-no-cache=1748363251344 HTTP/1.1" 200 82
190.95.67.99 - - [27/May/2025:13:25:17 -0300] "POST /cormun/servlet/permisogoce?fc2a5b0e6427e5a5735ab73023964277,INS,0,,,,gx-no-cache=1748363265681 HTTP/1.1" 200 93
190.95.67.99 - - [27/May/2025:13:25:17 -0300] "GET /cormun/servlet/hpexe_return? HTTP/1.1" 200 1005
190.95.67.99 - - [27/May/2025:13:25:17 -0300] "GET /cormun/servlet/trpermisosgoce HTTP/1.1" 200 14738
190.95.15.15 - - [27/May/2025:13:28:06 -0300] "GET /cormun/servlet/trlicencias HTTP/1.1" 200 13330
201.186.225.185 - - [27/May/2025:13:28:47 -0300] "POST /cormun/servlet/trlicencias?c9e88a0066095a944ed8b75bbc934e69,gx-no-cache=1748363475045 HTTP/1.1" 200 12952
190.95.15.9 - - [27/May/2025:13:28:48 -0300] "POST /cormun/servlet/trlicencias?427788f711bebd8bf82ec5e2b173e62d,,gx-no-cache=1748363476726 HTTP/1.1" 200 9765
190.95.15.9 - - [27/May/2025:13:28:49 -0300] "POST /cormun/servlet/trlicencias?427788f711bebd8bf82ec5e2b173e62d,,gx-no-cache=1748363477938 HTTP/1.1" 200 9760
201.186.225.185 - - [27/May/2025:13:28:56 -0300] "POST /cormun/servlet/trlicencias?c9e88a0066095a944ed8b75bbc934e69,gx-no-cache=1748363483582 HTTP/1.1" 200 101
201.186.225.185 - - [27/May/2025:13:28:56 -0300] "POST /cormun/servlet/trlicencias?c9e88a0066095a944ed8b75bbc934e69,gx-no-cache=1748363483760 HTTP/1.1" 200 12930
201.186.225.185 - - [27/May/2025:13:28:56 -0300] "GET /cormun/Licencias-6825.xls HTTP/1.1" 200 13824
40.124.80.149 - - [27/May/2025:13:32:51 -0300] "GET / HTTP/1.1" 200 11217
190.95.1.183 - - [27/May/2025:13:37:49 -0300] "GET /cormun/servlet/hlogin HTTP/1.1" 200 1720
190.95.1.183 - - [27/May/2025:13:37:59 -0300] "POST /cormun/servlet/hlogin?6021880ee70473a510162e70934b7eed,gx-no-cache=1748364028054 HTTP/1.1" 200 90
190.95.1.183 - - [27/May/2025:13:37:59 -0300] "GET /cormun/servlet/hpexe_link HTTP/1.1" 200 951
190.95.1.183 - - [27/May/2025:13:37:59 -0300] "GET /cormun/servlet/hhome HTTP/1.1" 200 3974
190.95.1.183 - - [27/May/2025:13:38:02 -0300] "GET /cormun/servlet/trlicencias? HTTP/1.1" 200 16416
190.95.1.183 - - [27/May/2025:13:38:06 -0300] "GET /cormun/static/menuarrow.gif HTTP/1.1" 404 1015
190.95.1.183 - - [27/May/2025:13:38:18 -0300] "POST /cormun/servlet/trlicencias?6021880ee70473a510162e70934b7eed,,gx-no-cache=1748364047056 HTTP/1.1" 200 6402
190.95.1.183 - - [27/May/2025:13:39:11 -0300] "GET /cormun/servlet/licenciaspermisos?DSP,19019570,L,20250519000000, HTTP/1.1" 200 7112
190.95.1.183 - - [27/May/2025:13:39:15 -0300] "GET /cormun/servlet/trlicencias? HTTP/1.1" 200 8994
190.121.111.10 - - [27/May/2025:13:39:18 -0300] "GET /cormun/servlet/hlogin HTTP/1.1" 200 1717
190.121.111.10 - - [27/May/2025:13:39:19 -0300] "GET /cormun/static/gxtimezone.js?85251 HTTP/1.1" 200 5781
190.121.111.10 - - [27/May/2025:13:39:19 -0300] "GET /cormun/static/gxcfg.js?2022112219184450 HTTP/1.1" 200 953
190.121.111.10 - - [27/May/2025:13:39:19 -0300] "GET /cormun/static/Resources/CormunLogin.png HTTP/1.1" 200 19132
190.121.111.10 - - [27/May/2025:13:39:19 -0300] "GET /cormun/static/messages.spa.js?85251 HTTP/1.1" 200 30736
190.121.111.10 - - [27/May/2025:13:39:19 -0300] "GET /cormun/static/Resources/Spanish/PXTools.css?1759030 HTTP/1.1" 200 100853
190.121.111.10 - - [27/May/2025:13:39:19 -0300] "GET /cormun/static/hlogin.js?2022112219184458 HTTP/1.1" 200 2156
190.121.111.10 - - [27/May/2025:13:39:19 -0300] "GET /cormun/static/gxgral.js?85251 HTTP/1.1" 200 384558
190.121.111.10 - - [27/May/2025:13:39:19 -0300] "GET /cormun/static/Resources/PXToolsLoginBackground.png HTTP/1.1" 200 1164
190.121.111.10 - - [27/May/2025:13:39:19 -0300] "GET /cormun/static/Resources/PXToolsLoginTop.png HTTP/1.1" 200 1337
190.121.111.10 - - [27/May/2025:13:39:19 -0300] "GET /cormun/static/Resources/PXToolsButtonBackground.png HTTP/1.1" 200 1176
190.121.111.10 - - [27/May/2025:13:39:19 -0300] "GET /cormun/static/Resources/PXToolsButtonLeft.png HTTP/1.1" 200 1310
190.121.111.10 - - [27/May/2025:13:39:19 -0300] "GET /cormun/static/Resources/PXToolsButtonRight.png HTTP/1.1" 200 1294
190.121.111.10 - - [27/May/2025:13:39:19 -0300] "GET /cormun/static/Resources/PXToolsLoginBottom.png HTTP/1.1" 200 1389
190.121.111.10 - - [27/May/2025:13:39:19 -0300] "GET /cormun/static/Resources/indicator.gif HTTP/1.1" 200 1553
190.121.111.10 - - [27/May/2025:13:39:19 -0300] "GET /cormun/servlet/hlogin HTTP/1.1" 200 1727
190.121.111.10 - - [27/May/2025:13:39:19 -0300] "GET /favicon.ico HTTP/1.1" 200 21630
190.95.67.99 - - [27/May/2025:13:40:06 -0300] "GET /cormun/servlet/hhome HTTP/1.1" 200 4298
190.95.67.99 - - [27/May/2025:13:41:19 -0300] "GET /cormun/servlet/trpermisosgoce? HTTP/1.1" 200 14727
190.95.67.99 - - [27/May/2025:13:42:08 -0300] "GET /cormun/servlet/hhome HTTP/1.1" 200 4298
190.95.67.99 - - [27/May/2025:13:42:11 -0300] "GET /cormun/servlet/trpermisosgoce? HTTP/1.1" 200 14727
201.186.225.185 - - [27/May/2025:13:43:31 -0300] "GET /cormun/servlet/hlogin HTTP/1.1" 200 1722
201.186.225.185 - - [27/May/2025:13:43:37 -0300] "POST /cormun/servlet/hlogin?9bfdf6b507eae1d6006a5136908b1015,gx-no-cache=1748364363792 HTTP/1.1" 200 90
201.186.225.185 - - [27/May/2025:13:43:37 -0300] "GET /cormun/servlet/hpexe_link HTTP/1.1" 200 953
201.186.225.185 - - [27/May/2025:13:43:37 -0300] "GET /cormun/servlet/hhome HTTP/1.1" 200 4229
201.186.225.185 - - [27/May/2025:13:43:40 -0300] "GET /cormun/servlet/trlicencias? HTTP/1.1" 200 16175
190.95.67.91 - - [27/May/2025:13:45:06 -0300] "POST /cormun/servlet/trlicencias?c2fa8afe039477dfad9061a09ab571ee,gx-no-cache=1748364454198 HTTP/1.1" 440 972
190.95.67.91 - - [27/May/2025:13:45:08 -0300] "GET /cormun/servlet/trlicencias HTTP/1.1" 200 6049
190.95.67.91 - - [27/May/2025:13:45:08 -0300] "GET /cormun/servlet/hlogin HTTP/1.1" 200 1737
190.95.67.91 - - [27/May/2025:13:45:16 -0300] "POST /cormun/servlet/hlogin?2131741b14358349ec237dabf0807a3b,gx-no-cache=1748364464172 HTTP/1.1" 200 90
190.95.67.91 - - [27/May/2025:13:45:16 -0300] "GET /cormun/servlet/hpexe_link HTTP/1.1" 200 958
190.95.67.91 - - [27/May/2025:13:45:16 -0300] "GET /cormun/servlet/trlicencias HTTP/1.1" 200 17568
190.95.1.183 - - [27/May/2025:13:45:38 -0300] "POST /cormun/servlet/trlicencias?6021880ee70473a510162e70934b7eed,,gx-no-cache=1748364486966 HTTP/1.1" 200 6403
190.95.1.183 - - [27/May/2025:13:45:39 -0300] "POST /cormun/servlet/trlicencias?6021880ee70473a510162e70934b7eed,,gx-no-cache=1748364488271 HTTP/1.1" 200 6403
190.95.1.183 - - [27/May/2025:13:49:53 -0300] "GET /cormun/static/menuarrow.gif HTTP/1.1" 404 1015
190.95.67.91 - - [27/May/2025:13:49:58 -0300] "POST /cormun/servlet/trlicencias?2131741b14358349ec237dabf0807a3b,gx-no-cache=1748364746431 HTTP/1.1" 200 15664
190.95.1.183 - - [27/May/2025:13:50:00 -0300] "POST /cormun/servlet/trsolicitudot?41394fb43fcd57e52f0e34f6c794bed1,gx-no-cache=1748364749566 HTTP/1.1" 440 972
190.95.1.183 - - [27/May/2025:13:50:01 -0300] "GET /cormun/servlet/trsolicitudot HTTP/1.1" 200 7191
190.95.1.183 - - [27/May/2025:13:50:05 -0300] "GET /cormun/servlet/trlicencias? HTTP/1.1" 200 9207
66.249.66.12 - - [27/May/2025:13:54:12 -0300] "GET /cormun/servlet/hlogin HTTP/1.1" 200 1721
66.249.66.13 - - [27/May/2025:13:54:13 -0300] "GET /cormun/servlet/hlogin?_escaped_fragment_= HTTP/1.1" 200 1721
201.186.225.249 - - [27/May/2025:13:54:13 -0300] "GET /cormun/servlet/hlogin HTTP/1.1" 200 1725
201.186.225.249 - - [27/May/2025:13:54:13 -0300] "GET /cormun/servlet/hlogin HTTP/1.1" 200 1735
201.186.225.249 - - [27/May/2025:13:54:20 -0300] "POST /cormun/servlet/hlogin?e4eb7c30d9f2d62e03aff10207ef5bd6,gx-no-cache=1748365008600 HTTP/1.1" 200 90
201.186.225.249 - - [27/May/2025:13:54:20 -0300] "GET /cormun/servlet/hpexe_link HTTP/1.1" 200 954
201.186.225.249 - - [27/May/2025:13:54:21 -0300] "GET /cormun/servlet/hhome HTTP/1.1" 200 4308
201.186.225.249 - - [27/May/2025:13:54:23 -0300] "GET /cormun/servlet/trlicencias? HTTP/1.1" 200 11875
190.95.1.183 - - [27/May/2025:13:54:23 -0300] "GET /cormun/servlet/licenciaspermisos?DSP,19019570,L,20250526000000, HTTP/1.1" 200 7101
190.95.67.91 - - [27/May/2025:13:59:03 -0300] "POST /cormun/servlet/trlicencias?2131741b14358349ec237dabf0807a3b,gx-no-cache=1748365291086 HTTP/1.1" 200 15662
57.141.0.10 - - [27/May/2025:14:01:38 -0300] "GET /cormun/servlet/hlogin HTTP/1.1" 200 5104
173.252.87.15 - - [27/May/2025:14:01:42 -0300] "GET /robots.txt HTTP/1.1" 404 981
200.126.116.145 - - [27/May/2025:14:06:24 -0300] "GET /cormun/servlet/trlicencias? HTTP/1.1" 200 6051
200.126.116.145 - - [27/May/2025:14:06:24 -0300] "GET /cormun/servlet/hlogin HTTP/1.1" 200 1741
200.126.116.145 - - [27/May/2025:14:06:39 -0300] "POST /cormun/servlet/hlogin?313ebfb41fa340a30141f49b3bf8fb77,gx-no-cache=1748365748280 HTTP/1.1" 200 90
200.126.116.145 - - [27/May/2025:14:06:39 -0300] "GET /cormun/servlet/hpexe_link HTTP/1.1" 200 959
