190.95.67.97 - - [27/May/2025:12:21:53 -0300] "GET /cormun/servlet/trpermisosgoce HTTP/1.1" 200 8352
190.95.67.91 - - [27/May/2025:12:21:57 -0300] "POST /cormun/servlet/trpermisosadjuntos?2818ff6175b1d5a830f57d9867510366,18039144,20250527112342,P,,gx-no-cache=1748359465163 HTTP/1.1" 200 90
190.95.67.91 - - [27/May/2025:12:21:57 -0300] "GET /cormun/servlet/hpexe_link HTTP/1.1" 200 1005
190.95.67.91 - - [27/May/2025:12:21:57 -0300] "GET /cormun/servlet/trpermisosgoce?gx-no-cache=1748358347724 HTTP/1.1" 200 19342
190.95.15.15 - - [27/May/2025:12:22:00 -0300] "GET /cormun/servlet/permisogoce?UPD,19451604,P,20250527112333, HTTP/1.1" 200 6908
190.95.15.15 - - [27/May/2025:12:22:00 -0300] "GET /cormun/servlet/permisogoce?a6612ce04ad7b27826912b934f1e34eff4d26f0ea68a1a06e38a794302d0901c38d21a6ba5ef58fdc9f73b3f2fdcfff559d89615a0308bc8958e304d88bffd1d438deea0149b11be9cb52d92addeee3c,gx-no-cache=1748359467979 HTTP/1.1" 200 80
190.95.67.91 - - [27/May/2025:12:22:01 -0300] "POST /cormun/servlet/trpermisosgoce?2818ff6175b1d5a830f57d9867510366,gx-no-cache=1748358347724,gx-no-cache=1748359468846 HTTP/1.1" 200 16673
190.95.67.91 - - [27/May/2025:12:22:04 -0300] "GET /cormun/servlet/permisogoce?DSP,18039144,P,20250527112342, HTTP/1.1" 200 6972
190.95.15.15 - - [27/May/2025:12:22:05 -0300] "GET /cormun/servlet/permisogoce?a6612ce04ad7b27826912b934f1e34efad069eb6f0c62f4995a80998c9c49cba280fb30413b224f7c924daef11d982b274a5a23ce84006984bc698d5dfe9f4d9,gx-no-cache=1748359472556 HTTP/1.1" 200 48
190.95.67.91 - - [27/May/2025:12:22:11 -0300] "POST /cormun/servlet/permisogoce?2818ff6175b1d5a830f57d9867510366,DSP,18039144,P,20250527112342,,gx-no-cache=1748359478804 HTTP/1.1" 200 93
190.95.67.91 - - [27/May/2025:12:22:11 -0300] "GET /cormun/servlet/hpexe_return? HTTP/1.1" 200 1049
190.95.67.91 - - [27/May/2025:12:22:11 -0300] "GET /cormun/servlet/trpermisosgoce?gx-no-cache=1748358347724 HTTP/1.1" 200 19307
190.95.15.15 - - [27/May/2025:12:22:12 -0300] "POST /cormun/servlet/permisogoce?3798a9ef73b904ccc8a2ccacb1274e59,UPD,19451604,P,20250527112333,,gx-no-cache=1748359479071 HTTP/1.1" 200 93
190.95.15.15 - - [27/May/2025:12:22:12 -0300] "GET /cormun/servlet/hpexe_return? HTTP/1.1" 200 1035
190.95.15.15 - - [27/May/2025:12:22:12 -0300] "GET /cormun/servlet/trpermisosgoce HTTP/1.1" 200 11552
190.95.67.97 - - [27/May/2025:12:22:13 -0300] "GET /cormun/servlet/trpermisosgoce? HTTP/1.1" 200 8348
190.95.67.91 - - [27/May/2025:12:22:15 -0300] "GET /cormun/servlet/trautorizarpermisogoce? HTTP/1.1" 200 9609
190.95.15.15 - - [27/May/2025:12:22:16 -0300] "GET /cormun/servlet/apermisogoceprn?19451604,P,20250527112333,PU HTTP/1.1" 200 1658
190.95.67.91 - - [27/May/2025:12:22:17 -0300] "POST /cormun/servlet/trautorizarpermisogoce?2818ff6175b1d5a830f57d9867510366,,gx-no-cache=1748359485308 HTTP/1.1" 200 6737
190.95.67.91 - - [27/May/2025:12:22:18 -0300] "POST /cormun/servlet/trautorizarpermisogoce?2818ff6175b1d5a830f57d9867510366,,gx-no-cache=1748359485851 HTTP/1.1" 200 6478
190.95.67.91 - - [27/May/2025:12:22:18 -0300] "POST /cormun/servlet/trautorizarpermisogoce?2818ff6175b1d5a830f57d9867510366,,gx-no-cache=1748359486170 HTTP/1.1" 200 6253
190.95.67.91 - - [27/May/2025:12:22:18 -0300] "POST /cormun/servlet/trautorizarpermisogoce?2818ff6175b1d5a830f57d9867510366,,gx-no-cache=1748359486490 HTTP/1.1" 200 6042
190.95.67.91 - - [27/May/2025:12:22:19 -0300] "POST /cormun/servlet/trautorizarpermisogoce?2818ff6175b1d5a830f57d9867510366,,gx-no-cache=1748359486818 HTTP/1.1" 200 5808
190.95.67.91 - - [27/May/2025:12:22:19 -0300] "POST /cormun/servlet/trautorizarpermisogoce?2818ff6175b1d5a830f57d9867510366,,gx-no-cache=1748359487130 HTTP/1.1" 200 5566
190.95.67.91 - - [27/May/2025:12:22:19 -0300] "POST /cormun/servlet/trautorizarpermisogoce?2818ff6175b1d5a830f57d9867510366,,gx-no-cache=1748359487442 HTTP/1.1" 200 5291
190.95.67.91 - - [27/May/2025:12:22:20 -0300] "POST /cormun/servlet/trautorizarpermisogoce?2818ff6175b1d5a830f57d9867510366,,gx-no-cache=1748359487754 HTTP/1.1" 200 4536
192.168.10.19 - - [27/May/2025:12:22:20 -0300] "GET /cormun/servlet/vesolicitudgral?2025,22630,, HTTP/1.1" 200 8280
192.168.10.19 - - [27/May/2025:12:22:20 -0300] "GET /cormun/pexe_scrolldiv.js HTTP/1.1" 404 1009
190.95.15.15 - - [27/May/2025:12:22:28 -0300] "GET /cormun/servlet/permisogoce?INS,0,,, HTTP/1.1" 200 6846
190.95.67.91 - - [27/May/2025:12:22:30 -0300] "GET /cormun/servlet/trpermisosgoce? HTTP/1.1" 200 19286
190.95.67.91 - - [27/May/2025:12:22:34 -0300] "GET /cormun/servlet/permisogoce?DSP,18039144,P,20250527112342, HTTP/1.1" 200 6951
190.95.15.15 - - [27/May/2025:12:22:36 -0300] "GET /cormun/servlet/permisogoce?a6612ce04ad7b27826912b934f1e34eff4d26f0ea68a1a06e38a794302d0901c2d04f5f5e0c96c52970c653b6eed3504fbaff5e572009dee661705b3aabdfe41,gx-no-cache=1748359503888 HTTP/1.1" 200 81
190.95.67.91 - - [27/May/2025:12:22:38 -0300] "POST /cormun/servlet/permisogoce?2818ff6175b1d5a830f57d9867510366,DSP,18039144,P,20250527112342,,gx-no-cache=1748359506196 HTTP/1.1" 200 93
190.95.67.91 - - [27/May/2025:12:22:38 -0300] "GET /cormun/servlet/hpexe_return? HTTP/1.1" 200 1028
190.95.67.91 - - [27/May/2025:12:22:38 -0300] "GET /cormun/servlet/trpermisosgoce HTTP/1.1" 200 19290
190.95.67.97 - - [27/May/2025:12:22:38 -0300] "POST /cormun/servlet/trpermisosgoce?766b0fc0a3604095fbe16329b07327aa,,gx-no-cache=1748359429745 HTTP/1.1" 200 5664
190.95.15.15 - - [27/May/2025:12:22:44 -0300] "GET /cormun/servlet/permisogoce?a6612ce04ad7b27826912b934f1e34efad069eb6f0c62f4995a80998c9c49cba3b2876b86d229ed4d0e485457c34cc7ff6f3b2fa8a5e40d96544f10fa0d54759,gx-no-cache=1748359512168 HTTP/1.1" 200 48
190.95.15.15 - - [27/May/2025:12:22:48 -0300] "POST /cormun/servlet/permisogoce?3798a9ef73b904ccc8a2ccacb1274e59,INS,0,,,,gx-no-cache=1748359514970 HTTP/1.1" 200 93
190.95.15.15 - - [27/May/2025:12:22:48 -0300] "GET /cormun/servlet/hpexe_return? HTTP/1.1" 200 1017
190.95.15.15 - - [27/May/2025:12:22:48 -0300] "GET /cormun/servlet/trpermisosgoce HTTP/1.1" 200 11748
190.95.15.15 - - [27/May/2025:12:22:57 -0300] "GET /cormun/servlet/apermisogoceprn?19451604,P,20250527112515,PU HTTP/1.1" 200 1656
190.95.67.91 - - [27/May/2025:12:23:04 -0300] "GET /cormun/servlet/permisogoce?INS,0,,, HTTP/1.1" 200 7118
190.95.15.15 - - [27/May/2025:12:23:06 -0300] "GET /cormun/servlet/permisogoce?INS,0,,, HTTP/1.1" 200 6846
190.95.67.91 - - [27/May/2025:12:23:11 -0300] "GET /cormun/servlet/permisogoce?68095125c6399701edb2eed820e09da684c3e678f5638315e1bc6b5ef712935e53c59e64c377467257f1b3ca260345864612232d362939390e3a57b15b6dcd67,gx-no-cache=1748359539287 HTTP/1.1" 200 79
190.95.15.15 - - [27/May/2025:12:23:12 -0300] "GET /cormun/servlet/permisogoce?a6612ce04ad7b27826912b934f1e34eff4d26f0ea68a1a06e38a794302d0901c2d04f5f5e0c96c52970c653b6eed3504fbaff5e572009dee661705b3aabdfe41,gx-no-cache=1748359539712 HTTP/1.1" 200 80
190.95.15.15 - - [27/May/2025:12:23:17 -0300] "GET /cormun/servlet/permisogoce?a6612ce04ad7b27826912b934f1e34efad069eb6f0c62f4995a80998c9c49cba9e672aa9966eb19b8cc5549d23cb409bf6f3b2fa8a5e40d96544f10fa0d54759,gx-no-cache=1748359544552 HTTP/1.1" 200 48
190.95.67.91 - - [27/May/2025:12:23:18 -0300] "GET /cormun/servlet/permisogoce?68095125c6399701edb2eed820e09da6992965444ddbafbb5dbf73d846aaf9890e3afbb63a80cc223aafd258fffaffa93a595a95d0c924e0161d8976482281a9,gx-no-cache=1748359546542 HTTP/1.1" 200 47
190.95.15.15 - - [27/May/2025:12:23:19 -0300] "POST /cormun/servlet/permisogoce?3798a9ef73b904ccc8a2ccacb1274e59,INS,0,,,,gx-no-cache=1748359546592 HTTP/1.1" 200 93
190.95.15.15 - - [27/May/2025:12:23:19 -0300] "GET /cormun/servlet/hpexe_return? HTTP/1.1" 200 1017
190.95.15.15 - - [27/May/2025:12:23:19 -0300] "GET /cormun/servlet/trpermisosgoce HTTP/1.1" 200 11953
190.95.67.91 - - [27/May/2025:12:23:22 -0300] "POST /cormun/servlet/permisogoce?2818ff6175b1d5a830f57d9867510366,INS,0,,,,gx-no-cache=1748359549515 HTTP/1.1" 200 93
190.95.67.91 - - [27/May/2025:12:23:22 -0300] "GET /cormun/servlet/hpexe_return? HTTP/1.1" 200 1008
190.95.67.91 - - [27/May/2025:12:23:22 -0300] "GET /cormun/servlet/trpermisosgoce HTTP/1.1" 200 19339
190.95.67.91 - - [27/May/2025:12:23:24 -0300] "GET /cormun/servlet/trpermisosadjuntos?12824357,20250527112550,P, HTTP/1.1" 200 6547
190.95.15.15 - - [27/May/2025:12:23:24 -0300] "GET /cormun/servlet/apermisogoceprn?19451604,P,20250527112553,PU HTTP/1.1" 200 1652
190.95.67.91 - - [27/May/2025:12:23:25 -0300] "GET /cormun/servlet/permisosadjuntos?INS,12824357,P,20250527112550,, HTTP/1.1" 200 5876
190.95.67.91 - - [27/May/2025:12:23:25 -0300] "GET /cormun/static/about:blank HTTP/1.1" 404 1011
190.95.67.97 - - [27/May/2025:12:23:29 -0300] "POST /cormun/servlet/trpermisosgoce?766b0fc0a3604095fbe16329b07327aa,,gx-no-cache=1748359480221 HTTP/1.1" 200 5482
190.95.67.91 - - [27/May/2025:12:23:33 -0300] "POST /cormun/servlet/permisosadjuntos?2818ff6175b1d5a830f57d9867510366,INS,12824357,P,20250527112550,, HTTP/1.1" 200 116
190.95.67.91 - - [27/May/2025:12:23:33 -0300] "GET /cormun/servlet/hpexe_return? HTTP/1.1" 200 1037
190.95.67.91 - - [27/May/2025:12:23:33 -0300] "GET /cormun/servlet/trpermisosadjuntos?12824357,20250527112550,P, HTTP/1.1" 200 7101
190.95.67.91 - - [27/May/2025:12:23:41 -0300] "POST /cormun/servlet/trpermisosadjuntos?2818ff6175b1d5a830f57d9867510366,12824357,20250527112550,P,,gx-no-cache=1748359569476 HTTP/1.1" 200 90
190.95.67.91 - - [27/May/2025:12:23:41 -0300] "GET /cormun/servlet/hpexe_link HTTP/1.1" 200 984
190.95.67.91 - - [27/May/2025:12:23:41 -0300] "GET /cormun/servlet/trpermisosgoce HTTP/1.1" 200 19336
190.95.67.91 - - [27/May/2025:12:23:44 -0300] "POST /cormun/servlet/trpermisosgoce?2818ff6175b1d5a830f57d9867510366,gx-no-cache=1748359571806 HTTP/1.1" 200 16666
190.95.1.183 - - [27/May/2025:12:24:32 -0300] "GET /cormun/servlet/hlogin HTTP/1.1" 200 1717
190.95.1.183 - - [27/May/2025:12:24:33 -0300] "GET /cormun/servlet/hlogin HTTP/1.1" 200 1727
190.95.67.97 - - [27/May/2025:12:24:34 -0300] "POST /cormun/servlet/trpermisosgoce?766b0fc0a3604095fbe16329b07327aa,,gx-no-cache=1748359545964 HTTP/1.1" 200 5298
190.95.1.183 - - [27/May/2025:12:24:35 -0300] "POST /cormun/servlet/hlogin?1fb1c1686ecbe7c9634b2be3039edae9,gx-no-cache=1748359624310 HTTP/1.1" 200 90
190.95.1.183 - - [27/May/2025:12:24:35 -0300] "GET /cormun/servlet/hpexe_link HTTP/1.1" 200 946
190.95.1.183 - - [27/May/2025:12:24:36 -0300] "GET /cormun/servlet/hhome HTTP/1.1" 200 4198
190.95.1.183 - - [27/May/2025:12:24:36 -0300] "GET /cormun/static/gxcfg.js?20201215495537 HTTP/1.1" 200 953
190.95.1.183 - - [27/May/2025:12:24:36 -0300] "GET /cormun/static/hhome.js?20201215495544 HTTP/1.1" 200 777
190.95.1.183 - - [27/May/2025:12:24:41 -0300] "GET /cormun/servlet/trautorizarsolicitud? HTTP/1.1" 200 7310
190.95.1.183 - - [27/May/2025:12:24:41 -0300] "GET /cormun/static/gxcfg.js?202211298474254 HTTP/1.1" 200 953
190.95.1.183 - - [27/May/2025:12:24:41 -0300] "GET /cormun/static/trautorizarsolicitud.js?202211298474588 HTTP/1.1" 200 53909
190.95.67.97 - - [27/May/2025:12:25:11 -0300] "POST /cormun/servlet/trpermisosgoce?766b0fc0a3604095fbe16329b07327aa,,gx-no-cache=1748359582850 HTTP/1.1" 200 5437
192.168.10.19 - - [27/May/2025:12:25:48 -0300] "GET /cormun/servlet/trsolicitudgral? HTTP/1.1" 200 10062
190.95.67.97 - - [27/May/2025:12:25:49 -0300] "POST /cormun/servlet/trpermisosgoce?766b0fc0a3604095fbe16329b07327aa,,gx-no-cache=1748359620167 HTTP/1.1" 200 5451
192.168.10.19 - - [27/May/2025:12:25:52 -0300] "POST /cormun/servlet/trsolicitudgral?a1e37e3b65c1b0aff2763937093ee710,,gx-no-cache=1748359718437 HTTP/1.1" 200 5502
192.168.10.19 - - [27/May/2025:12:25:52 -0300] "GET /cormun/static/Shared/jqueryui/images/ui-icons_82798d_256x240.png HTTP/1.1" 404 1089
192.168.10.19 - - [27/May/2025:12:25:52 -0300] "GET /cormun/static/Shared/jqueryui/images/ui-bg_highlight-soft_100_c6c2c8_1x100.png HTTP/1.1" 404 1117
192.168.10.19 - - [27/May/2025:12:25:52 -0300] "GET /cormun/static/Shared/jqueryui/images/ui-bg_flat_55_fafafa_40x100.png HTTP/1.1" 404 1097
192.168.10.19 - - [27/May/2025:12:25:52 -0300] "GET /cormun/static/Shared/jqueryui/images/ui-icons_8d78a5_256x240.png HTTP/1.1" 404 1089
192.168.10.19 - - [27/May/2025:12:25:55 -0300] "GET /cormun/servlet/trsolicitudgral? HTTP/1.1" 200 8328
192.168.10.19 - - [27/May/2025:12:25:58 -0300] "POST /cormun/servlet/trsolicitudgral?a1e37e3b65c1b0aff2763937093ee710,,gx-no-cache=1748359724554 HTTP/1.1" 200 25581
192.168.10.19 - - [27/May/2025:12:26:15 -0300] "GET /cormun/servlet/trautorizarot? HTTP/1.1" 200 9891
190.95.67.91 - - [27/May/2025:12:26:17 -0300] "GET /cormun/servlet/trlicencias? HTTP/1.1" 200 17565
192.168.10.19 - - [27/May/2025:12:26:19 -0300] "POST /cormun/servlet/trautorizarot?a1e37e3b65c1b0aff2763937093ee710,,gx-no-cache=1748359745444 HTTP/1.1" 200 5352
190.95.67.91 - - [27/May/2025:12:26:19 -0300] "POST /cormun/servlet/trlicencias?2818ff6175b1d5a830f57d9867510366,,gx-no-cache=1748359727549 HTTP/1.1" 200 15664
192.168.10.19 - - [27/May/2025:12:26:20 -0300] "GET /cormun/servlet/trsolicitudgral? HTTP/1.1" 200 27964
190.95.67.97 - - [27/May/2025:12:26:41 -0300] "POST /cormun/servlet/trpermisosgoce?766b0fc0a3604095fbe16329b07327aa,,gx-no-cache=1748359672152 HTTP/1.1" 200 5429
190.95.67.97 - - [27/May/2025:12:26:47 -0300] "POST /cormun/servlet/trpermisosgoce?766b0fc0a3604095fbe16329b07327aa,,gx-no-cache=1748359678987 HTTP/1.1" 200 5429
192.168.10.19 - - [27/May/2025:12:26:58 -0300] "GET /cormun/servlet/vesolicitudgral?2025,22627,, HTTP/1.1" 200 8269
192.168.10.19 - - [27/May/2025:12:26:58 -0300] "GET /cormun/pexe_scrolldiv.js HTTP/1.1" 404 1009
190.95.1.183 - - [27/May/2025:12:27:38 -0300] "GET /cormun/servlet/hlogin HTTP/1.1" 200 1722
190.95.1.183 - - [27/May/2025:12:27:39 -0300] "GET /cormun/servlet/hlogin HTTP/1.1" 200 1733
190.95.1.183 - - [27/May/2025:12:27:43 -0300] "POST /cormun/servlet/hlogin?41394fb43fcd57e52f0e34f6c794bed1,gx-no-cache=1748359812656 HTTP/1.1" 200 90
190.95.1.183 - - [27/May/2025:12:27:43 -0300] "GET /cormun/servlet/hpexe_link HTTP/1.1" 200 954
190.95.1.183 - - [27/May/2025:12:27:43 -0300] "GET /cormun/servlet/hhome HTTP/1.1" 200 3980
200.73.124.137 - - [27/May/2025:12:27:44 -0300] "GET /cormun/servlet/hlogin HTTP/1.1" 200 1719
200.73.124.137 - - [27/May/2025:12:27:44 -0300] "GET /cormun/static/Resources/Spanish/PXTools.css?1759030 HTTP/1.1" 200 100853
200.73.124.137 - - [27/May/2025:12:27:44 -0300] "GET /cormun/static/gxtimezone.js?85251 HTTP/1.1" 200 5781
200.73.124.137 - - [27/May/2025:12:27:44 -0300] "GET /cormun/static/gxcfg.js?2022112219184450 HTTP/1.1" 200 953
200.73.124.137 - - [27/May/2025:12:27:44 -0300] "GET /cormun/static/Resources/CormunLogin.png HTTP/1.1" 200 19132
200.73.124.137 - - [27/May/2025:12:27:44 -0300] "GET /cormun/static/messages.spa.js?85251 HTTP/1.1" 200 30736
200.73.124.137 - - [27/May/2025:12:27:44 -0300] "GET /cormun/static/gxgral.js?85251 HTTP/1.1" 200 384558
200.73.124.137 - - [27/May/2025:12:27:45 -0300] "GET /cormun/static/hlogin.js?2022112219184458 HTTP/1.1" 200 2156
200.73.124.137 - - [27/May/2025:12:27:45 -0300] "GET /cormun/static/Resources/PXToolsLoginTop.png HTTP/1.1" 200 1337
200.73.124.137 - - [27/May/2025:12:27:45 -0300] "GET /cormun/static/Resources/PXToolsLoginBottom.png HTTP/1.1" 200 1389
200.73.124.137 - - [27/May/2025:12:27:45 -0300] "GET /cormun/static/Resources/PXToolsButtonBackground.png HTTP/1.1" 200 1176
200.73.124.137 - - [27/May/2025:12:27:45 -0300] "GET /cormun/static/Resources/PXToolsButtonRight.png HTTP/1.1" 200 1294
200.73.124.137 - - [27/May/2025:12:27:45 -0300] "GET /cormun/static/Resources/PXToolsLoginBackground.png HTTP/1.1" 200 1164
200.73.124.137 - - [27/May/2025:12:27:45 -0300] "GET /cormun/static/Resources/PXToolsButtonLeft.png HTTP/1.1" 200 1310
200.73.124.137 - - [27/May/2025:12:27:45 -0300] "GET /cormun/servlet/hlogin HTTP/1.1" 200 1728
200.73.124.137 - - [27/May/2025:12:27:45 -0300] "GET /cormun/static/Resources/indicator.gif HTTP/1.1" 200 1553
190.95.1.183 - - [27/May/2025:12:27:47 -0300] "GET /cormun/servlet/trlicencias? HTTP/1.1" 200 16429
190.95.15.31 - - [27/May/2025:12:28:04 -0300] "POST /cormun/servlet/solicitudot?gx-no-cache=1748359832675 HTTP/1.1" 200 4046
190.95.15.31 - - [27/May/2025:12:28:04 -0300] "POST /cormun/servlet/solicitudot?2e57da1e320b3447e670a60061e99db8,INS,0,0,false,,gx-no-cache=1748359832793 HTTP/1.1" 200 12635
190.95.15.31 - - [27/May/2025:12:28:08 -0300] "GET /cormun/servlet/solicitudot?37da253e1cbe572f0105bfde111284070223cb7e8be4c437410c4be58361f9b75a290a16dd72e45e08dba320a65af0e6,gx-no-cache=1748359836521 HTTP/1.1" 200 30
190.95.1.183 - - [27/May/2025:12:28:39 -0300] "POST /cormun/servlet/trlicencias?41394fb43fcd57e52f0e34f6c794bed1,,gx-no-cache=1748359868162 HTTP/1.1" 200 101
190.95.1.183 - - [27/May/2025:12:28:39 -0300] "POST /cormun/servlet/trlicencias?41394fb43fcd57e52f0e34f6c794bed1,,gx-no-cache=1748359868311 HTTP/1.1" 200 14518
190.95.1.183 - - [27/May/2025:12:28:39 -0300] "GET /cormun/Licencias-9920.xls HTTP/1.1" 200 15872
190.95.1.183 - - [27/May/2025:12:28:41 -0300] "GET /cormun/servlet/trsolicitudot? HTTP/1.1" 200 7192
190.95.1.183 - - [27/May/2025:12:28:42 -0300] "GET /cormun/static/gxcfg.js?20221129846531 HTTP/1.1" 200 953
190.95.1.183 - - [27/May/2025:12:28:42 -0300] "GET /cormun/static/trsolicitudot.js?202211298465651 HTTP/1.1" 200 54040
190.95.1.183 - - [27/May/2025:12:28:46 -0300] "GET /cormun/servlet/solicitudot?INS,0,0,false, HTTP/1.1" 200 15983
190.95.1.183 - - [27/May/2025:12:28:46 -0300] "GET /cormun/static/gxcfg.js?20221129840861 HTTP/1.1" 200 953
190.95.1.183 - - [27/May/2025:12:28:46 -0300] "GET /cormun/static/solicitudot.js?20221129840983 HTTP/1.1" 200 74072
190.95.1.183 - - [27/May/2025:12:28:53 -0300] "POST /cormun/servlet/solicitudot?gx-no-cache=1748359882438 HTTP/1.1" 200 4046
190.95.1.183 - - [27/May/2025:12:28:53 -0300] "POST /cormun/servlet/solicitudot?41394fb43fcd57e52f0e34f6c794bed1,INS,0,0,false,,gx-no-cache=1748359882596 HTTP/1.1" 200 12620
190.95.1.183 - - [27/May/2025:12:28:55 -0300] "GET /cormun/servlet/solicitudot?ed196aeb05089d16c7278d083bcf47d63c335ed47e36c196d118156716893eac0377873943d25fdd6e40c22ed4b9197e,gx-no-cache=1748359884777 HTTP/1.1" 200 30
190.95.1.183 - - [27/May/2025:12:29:58 -0300] "GET /cormun/servlet/solicitudot?ed196aeb05089d16c7278d083bcf47d614dfaf1770bc1e15b31c19cdae665b2d698cfd4ac27e1a297f0309571e14647d2c90ccd2af72d8f6eeec1cfd9b920286cf70ad01e8c0388978a73401bfd6739d,gx-no-cache=1748359947035 HTTP/1.1" 200 30
190.95.1.183 - - [27/May/2025:12:29:58 -0300] "GET /cormun/servlet/solicitudot?ed196aeb05089d16c7278d083bcf47d6382fc3fdaf9b04a671c9ae0dac78dd0f,gx-no-cache=1748359947065 HTTP/1.1" 200 29
190.95.1.183 - - [27/May/2025:12:30:00 -0300] "POST /cormun/servlet/solicitudot?gx-no-cache=1748359949023 HTTP/1.1" 200 240
190.95.1.183 - - [27/May/2025:12:30:04 -0300] "POST /cormun/servlet/solicitudot?gx-no-cache=1748359953183 HTTP/1.1" 200 255
190.95.1.183 - - [27/May/2025:12:30:06 -0300] "GET /cormun/servlet/solicitudot?ed196aeb05089d16c7278d083bcf47d6db3dc6fae52731e817806637a8022bc8399acb8502fd4c11976fce6ae4866b5c66092bd1524cee69c3180deacc20eb081c48a45667937ce99b3454be42dc18d080015bb0954eb9b1250dd1b9d7a41bb3528ad01847c99cb4310b9c0dfeaf538f7d92453492bc1e0605fd142aae66eadbbd46ec8fa190ebdbd53053cdf41fa1d20f88727af66f095653f8d2a6ccf0915f4b5a590b675e70ef1ebface11fbcae576f234c7aa125a522695f0aa9bad4e1dc262ec99c6e1d2a1493d53f22a6a306483064dc5126e4b26f472fbfbc9c76b0aa2cb61bc371ff083edd0f68db8992d5ff64dde0534075ff0a933fb00731da3f6b8381eae007a4dd0b598d925ccb3e298ec7b549a06864f084c8a2c6c028a8e40e772785a5d003decbbfa766a3d31e92e0ee025199fd97fdb75c22bc7d5e886877b1c55b03ce0dbd33e05dde091c1ebb1d898b249f0a5f372c60628e116b0b4e32eb5feedbf0d91e7770afcd0c04e771d60cdc584d9c9bf261bf6931ed05eafbcb,gx-no-cache=1748359955377 HTTP/1.1" 200 30
190.95.1.183 - - [27/May/2025:12:30:09 -0300] "POST /cormun/servlet/solicitudot?gx-no-cache=1748359958047 HTTP/1.1" 200 30
190.95.1.183 - - [27/May/2025:12:30:10 -0300] "POST /cormun/servlet/solicitudot?gx-no-cache=1748359959206 HTTP/1.1" 200 1481
190.95.1.183 - - [27/May/2025:12:30:10 -0300] "POST /cormun/servlet/solicitudot?gx-no-cache=1748359959243 HTTP/1.1" 200 38
190.95.67.97 - - [27/May/2025:12:30:14 -0300] "POST /cormun/servlet/trpermisosgoce?766b0fc0a3604095fbe16329b07327aa,,gx-no-cache=1748359885199 HTTP/1.1" 200 5049
190.95.1.183 - - [27/May/2025:12:31:32 -0300] "GET /cormun/servlet/solicitudot?ed196aeb05089d16c7278d083bcf47d6f8db4816928f4364364feeba03825fdbd22e11c822260d6cbfa3c946823d16f1547e3ae18812e6a7d33781156891f769d6261319afa29943a2dad08df04f88c9a2c46ee627cf1e3f1ac9ca2e927e133d3bb41e5a6b3d534b6e3387449438b24e,gx-no-cache=1748360041169 HTTP/1.1" 200 110
190.95.1.183 - - [27/May/2025:12:31:32 -0300] "POST /cormun/servlet/solicitudot?gx-no-cache=1748360041199 HTTP/1.1" 200 97
190.95.67.97 - - [27/May/2025:12:31:33 -0300] "POST /cormun/servlet/trpermisosgoce?766b0fc0a3604095fbe16329b07327aa,,gx-no-cache=1748359964189 HTTP/1.1" 200 5485
190.95.1.183 - - [27/May/2025:12:31:37 -0300] "GET /cormun/servlet/solicitudot?ed196aeb05089d16c7278d083bcf47d69312a316aaf043e59a68b1c7ffd4e5bd38493263f5eab90e9bcc389e31d6ae22b1ae84a98739d52425fe2e91185f3bc48dee5ffe86182964e3bd2cd4ea62b61117bf27f1adb3924fadadfe274308c32abe1a4e892fadb4e373047bc64925f5fd,gx-no-cache=1748360046237 HTTP/1.1" 200 29
190.95.1.183 - - [27/May/2025:12:31:37 -0300] "GET /cormun/static/menuarrow.gif HTTP/1.1" 404 1015
190.95.1.183 - - [27/May/2025:12:31:39 -0300] "GET /cormun/servlet/solicitudot?ed196aeb05089d16c7278d083bcf47d6ad4bebd7437f2506fb65383d3e549e44ad9aded52599089c9600c93056c11dd9,gx-no-cache=1748360048596 HTTP/1.1" 200 30
190.95.1.183 - - [27/May/2025:12:31:49 -0300] "POST /cormun/servlet/solicitudot?gx-no-cache=1748360058722 HTTP/1.1" 200 30
190.95.1.183 - - [27/May/2025:12:31:52 -0300] "POST /cormun/servlet/solicitudot?41394fb43fcd57e52f0e34f6c794bed1,INS,0,0,false,,gx-no-cache=1748360061318 HTTP/1.1" 200 93
190.95.1.183 - - [27/May/2025:12:31:52 -0300] "GET /cormun/servlet/hpexe_return? HTTP/1.1" 200 1012
190.95.1.183 - - [27/May/2025:12:31:53 -0300] "GET /cormun/static/gxcfg.js?20221129846035 HTTP/1.1" 200 953
190.95.1.183 - - [27/May/2025:12:31:53 -0300] "GET /cormun/static/hpexe_return.js?20221129846037 HTTP/1.1" 200 1633
190.95.1.183 - - [27/May/2025:12:31:53 -0300] "GET /cormun/servlet/trsolicitudot HTTP/1.1" 200 8602
190.95.1.183 - - [27/May/2025:12:31:53 -0300] "GET /cormun//static/Resources/PXToolsActionView.png HTTP/1.1" 200 398
190.95.1.183 - - [27/May/2025:12:31:53 -0300] "GET /cormun//static/Resources/PXToolsRemoveAllAction.png HTTP/1.1" 200 487
190.95.1.183 - - [27/May/2025:12:31:57 -0300] "POST /cormun/servlet/trsolicitudot?41394fb43fcd57e52f0e34f6c794bed1,gx-no-cache=1748360066011 HTTP/1.1" 200 107
190.95.1.183 - - [27/May/2025:12:31:57 -0300] "GET /cormun/servlet/trsolicitudadjuntos?2025,22648, HTTP/1.1" 200 6089
190.95.1.183 - - [27/May/2025:12:31:57 -0300] "GET /cormun/static/gxcfg.js?20201215574222 HTTP/1.1" 200 953
190.95.1.183 - - [27/May/2025:12:31:57 -0300] "GET /cormun/static/Resources/PXToolsGridNew.png HTTP/1.1" 200 427
190.95.1.183 - - [27/May/2025:12:31:57 -0300] "GET /cormun/static/trsolicitudadjuntos.js?20201215574932 HTTP/1.1" 200 17921
190.95.1.183 - - [27/May/2025:12:31:58 -0300] "GET /cormun/servlet/solicitudotadjuntos?INS,2025,22648,,1, HTTP/1.1" 200 6035
190.95.1.183 - - [27/May/2025:12:31:59 -0300] "GET /cormun/static/gxcfg.js?202211298385187 HTTP/1.1" 200 953
190.95.1.183 - - [27/May/2025:12:31:59 -0300] "GET /cormun/static/solicitudotadjuntos.js?202211298385196 HTTP/1.1" 200 11771
190.95.1.183 - - [27/May/2025:12:31:59 -0300] "GET /cormun/static/about:blank HTTP/1.1" 404 1011
190.95.1.183 - - [27/May/2025:12:31:59 -0300] "GET /cormun/servlet/solicitudotadjuntos?ed196aeb05089d16c7278d083bcf47d6d7c6420c14d24a0b1dc7d169ecad9674d8d7abc3266085844d341c6b07468ab4,gx-no-cache=1748360068584 HTTP/1.1" 200 30
190.95.1.183 - - [27/May/2025:12:31:59 -0300] "POST /cormun/servlet/solicitudotadjuntos?41394fb43fcd57e52f0e34f6c794bed1,INS,2025,22648,,1,,gx-no-cache=1748360068601 HTTP/1.1" 200 3899
190.95.1.183 - - [27/May/2025:12:32:01 -0300] "POST /cormun/servlet/solicitudotadjuntos?gx-no-cache=1748360069953 HTTP/1.1" 200 26
190.95.1.183 - - [27/May/2025:12:32:13 -0300] "GET /cormun/servlet/solicitudotadjuntos?ed196aeb05089d16c7278d083bcf47d680609395ac48aff84544fb59350d6908,gx-no-cache=1748360082303 HTTP/1.1" 200 30
190.95.1.183 - - [27/May/2025:12:32:13 -0300] "GET /cormun/servlet/solicitudotadjuntos?ed196aeb05089d16c7278d083bcf47d680609395ac48aff84544fb59350d6908,gx-no-cache=1748360082327 HTTP/1.1" 200 30
190.95.1.183 - - [27/May/2025:12:32:13 -0300] "POST /cormun/servlet/solicitudotadjuntos?41394fb43fcd57e52f0e34f6c794bed1,INS,2025,22648,,1, HTTP/1.1" 200 116
190.95.1.183 - - [27/May/2025:12:32:13 -0300] "GET /cormun/servlet/hpexe_return? HTTP/1.1" 200 1029
190.95.1.183 - - [27/May/2025:12:32:13 -0300] "GET /cormun/servlet/trsolicitudadjuntos?2025,22648, HTTP/1.1" 200 9107
190.95.1.183 - - [27/May/2025:12:32:15 -0300] "GET /cormun/servlet/solicitudotadjuntos?INS,2025,22648,,1, HTTP/1.1" 200 6034
190.95.1.183 - - [27/May/2025:12:32:15 -0300] "GET /cormun/static/about:blank HTTP/1.1" 404 1011
190.95.1.183 - - [27/May/2025:12:32:15 -0300] "GET /cormun/servlet/solicitudotadjuntos?ed196aeb05089d16c7278d083bcf47d6d7c6420c14d24a0b1dc7d169ecad9674d8d7abc3266085844d341c6b07468ab4,gx-no-cache=1748360084809 HTTP/1.1" 200 30
190.95.1.183 - - [27/May/2025:12:32:15 -0300] "POST /cormun/servlet/solicitudotadjuntos?41394fb43fcd57e52f0e34f6c794bed1,INS,2025,22648,,1,,gx-no-cache=1748360084826 HTTP/1.1" 200 3898
190.95.1.183 - - [27/May/2025:12:32:17 -0300] "POST /cormun/servlet/solicitudotadjuntos?gx-no-cache=1748360086166 HTTP/1.1" 200 26
190.95.1.183 - - [27/May/2025:12:32:24 -0300] "GET /cormun/servlet/solicitudotadjuntos?ed196aeb05089d16c7278d083bcf47d680609395ac48aff84544fb59350d6908,gx-no-cache=1748360093813 HTTP/1.1" 200 30
190.95.1.183 - - [27/May/2025:12:32:24 -0300] "GET /cormun/servlet/solicitudotadjuntos?ed196aeb05089d16c7278d083bcf47d680609395ac48aff84544fb59350d6908,gx-no-cache=1748360093826 HTTP/1.1" 200 30
190.95.1.183 - - [27/May/2025:12:32:24 -0300] "POST /cormun/servlet/solicitudotadjuntos?41394fb43fcd57e52f0e34f6c794bed1,INS,2025,22648,,1, HTTP/1.1" 200 116
190.95.1.183 - - [27/May/2025:12:32:24 -0300] "GET /cormun/servlet/hpexe_return? HTTP/1.1" 200 1029
190.95.1.183 - - [27/May/2025:12:32:25 -0300] "GET /cormun/servlet/trsolicitudadjuntos?2025,22648, HTTP/1.1" 200 9388
190.95.1.183 - - [27/May/2025:12:32:27 -0300] "GET /cormun/servlet/solicitudotadjuntos?INS,2025,22648,,1, HTTP/1.1" 200 6034
190.95.1.183 - - [27/May/2025:12:32:27 -0300] "GET /cormun/static/about:blank HTTP/1.1" 404 1011
190.95.1.183 - - [27/May/2025:12:32:27 -0300] "GET /cormun/servlet/solicitudotadjuntos?ed196aeb05089d16c7278d083bcf47d6d7c6420c14d24a0b1dc7d169ecad9674d8d7abc3266085844d341c6b07468ab4,gx-no-cache=1748360096695 HTTP/1.1" 200 30
190.95.1.183 - - [27/May/2025:12:32:27 -0300] "POST /cormun/servlet/solicitudotadjuntos?41394fb43fcd57e52f0e34f6c794bed1,INS,2025,22648,,1,,gx-no-cache=1748360096718 HTTP/1.1" 200 3898
190.95.1.183 - - [27/May/2025:12:32:29 -0300] "POST /cormun/servlet/solicitudotadjuntos?gx-no-cache=1748360098446 HTTP/1.1" 200 26
192.168.10.19 - - [27/May/2025:12:32:30 -0300] "GET /cormun/servlet/vesolicitudgral?2025,22627,,SolicitudOTAdjuntos HTTP/1.1" 200 11158
192.168.10.19 - - [27/May/2025:12:32:30 -0300] "GET /cormun/pexe_scrolldiv.js HTTP/1.1" 404 1009
192.168.10.19 - - [27/May/2025:12:32:31 -0300] "POST /cormun/servlet/acontrolpreferencessavestate?None,RRHH+DANIELA,true HTTP/1.1" 200 35
192.168.10.19 - - [27/May/2025:12:32:32 -0300] "GET /cormun/servlet/vesolicitudgral?2025,22627,,General HTTP/1.1" 200 8275
192.168.10.19 - - [27/May/2025:12:32:32 -0300] "GET /cormun/pexe_scrolldiv.js HTTP/1.1" 404 1009
192.168.10.19 - - [27/May/2025:12:32:33 -0300] "POST /cormun/servlet/vesolicitudgral?a1e37e3b65c1b0aff2763937093ee710,2025,22627,,General,gx-no-cache=1748360120188 HTTP/1.1" 200 12138
192.168.10.19 - - [27/May/2025:12:32:33 -0300] "POST /cormun/servlet/vesolicitudgral?a1e37e3b65c1b0aff2763937093ee710,2025,22627,,General,gx-no-cache=1748360120323 HTTP/1.1" 200 12071
190.95.1.183 - - [27/May/2025:12:32:34 -0300] "GET /cormun/servlet/solicitudotadjuntos?ed196aeb05089d16c7278d083bcf47d680609395ac48aff84544fb59350d6908,gx-no-cache=1748360103101 HTTP/1.1" 200 30
190.95.1.183 - - [27/May/2025:12:32:34 -0300] "GET /cormun/servlet/solicitudotadjuntos?ed196aeb05089d16c7278d083bcf47d680609395ac48aff84544fb59350d6908,gx-no-cache=1748360103118 HTTP/1.1" 200 30
190.95.1.183 - - [27/May/2025:12:32:34 -0300] "POST /cormun/servlet/solicitudotadjuntos?41394fb43fcd57e52f0e34f6c794bed1,INS,2025,22648,,1, HTTP/1.1" 200 116
190.95.1.183 - - [27/May/2025:12:32:34 -0300] "GET /cormun/servlet/hpexe_return? HTTP/1.1" 200 1029
190.95.1.183 - - [27/May/2025:12:32:34 -0300] "GET /cormun/servlet/trsolicitudadjuntos?2025,22648, HTTP/1.1" 200 9625
192.168.10.19 - - [27/May/2025:12:32:35 -0300] "GET /cormun/servlet/trautorizarot? HTTP/1.1" 200 9561
190.95.1.183 - - [27/May/2025:12:32:36 -0300] "GET /cormun/servlet/solicitudotadjuntos?INS,2025,22648,,1, HTTP/1.1" 200 6034
190.95.1.183 - - [27/May/2025:12:32:36 -0300] "GET /cormun/static/about:blank HTTP/1.1" 404 1011
190.95.1.183 - - [27/May/2025:12:32:36 -0300] "GET /cormun/servlet/solicitudotadjuntos?ed196aeb05089d16c7278d083bcf47d6d7c6420c14d24a0b1dc7d169ecad9674d8d7abc3266085844d341c6b07468ab4,gx-no-cache=1748360105652 HTTP/1.1" 200 30
190.95.1.183 - - [27/May/2025:12:32:36 -0300] "POST /cormun/servlet/solicitudotadjuntos?41394fb43fcd57e52f0e34f6c794bed1,INS,2025,22648,,1,,gx-no-cache=1748360105665 HTTP/1.1" 200 3898
190.95.1.183 - - [27/May/2025:12:32:38 -0300] "POST /cormun/servlet/solicitudotadjuntos?gx-no-cache=1748360107798 HTTP/1.1" 200 26
192.168.10.19 - - [27/May/2025:12:32:39 -0300] "POST /cormun/servlet/trautorizarot?a1e37e3b65c1b0aff2763937093ee710,,gx-no-cache=1748360126364 HTTP/1.1" 200 5351
192.168.10.19 - - [27/May/2025:12:32:41 -0300] "GET /cormun/servlet/trsolicitudgral? HTTP/1.1" 200 28000
190.95.1.183 - - [27/May/2025:12:32:44 -0300] "GET /cormun/servlet/solicitudotadjuntos?ed196aeb05089d16c7278d083bcf47d680609395ac48aff84544fb59350d6908,gx-no-cache=1748360113725 HTTP/1.1" 200 30
190.95.1.183 - - [27/May/2025:12:32:44 -0300] "GET /cormun/servlet/solicitudotadjuntos?ed196aeb05089d16c7278d083bcf47d680609395ac48aff84544fb59350d6908,gx-no-cache=1748360113736 HTTP/1.1" 200 30
190.95.1.183 - - [27/May/2025:12:32:44 -0300] "POST /cormun/servlet/solicitudotadjuntos?41394fb43fcd57e52f0e34f6c794bed1,INS,2025,22648,,1, HTTP/1.1" 200 116
190.95.1.183 - - [27/May/2025:12:32:44 -0300] "GET /cormun/servlet/hpexe_return? HTTP/1.1" 200 1029
190.95.1.183 - - [27/May/2025:12:32:44 -0300] "GET /cormun/servlet/trsolicitudadjuntos?2025,22648, HTTP/1.1" 200 9913
190.95.1.183 - - [27/May/2025:12:32:46 -0300] "GET /cormun/servlet/solicitudotadjuntos?INS,2025,22648,,1, HTTP/1.1" 200 6034
190.95.1.183 - - [27/May/2025:12:32:46 -0300] "GET /cormun/static/about:blank HTTP/1.1" 404 1011
190.95.1.183 - - [27/May/2025:12:32:47 -0300] "GET /cormun/servlet/solicitudotadjuntos?ed196aeb05089d16c7278d083bcf47d6d7c6420c14d24a0b1dc7d169ecad9674d8d7abc3266085844d341c6b07468ab4,gx-no-cache=1748360116344 HTTP/1.1" 200 30
190.95.1.183 - - [27/May/2025:12:32:47 -0300] "POST /cormun/servlet/solicitudotadjuntos?41394fb43fcd57e52f0e34f6c794bed1,INS,2025,22648,,1,,gx-no-cache=1748360116361 HTTP/1.1" 200 3898
190.95.1.183 - - [27/May/2025:12:32:49 -0300] "POST /cormun/servlet/solicitudotadjuntos?gx-no-cache=1748360118534 HTTP/1.1" 200 26
192.168.10.19 - - [27/May/2025:12:32:50 -0300] "POST /cormun/servlet/trsolicitudgral?a1e37e3b65c1b0aff2763937093ee710,,gx-no-cache=1748360137030 HTTP/1.1" 200 6649
192.168.10.19 - - [27/May/2025:12:32:52 -0300] "GET /cormun/servlet/vesolicitudgral?2025,22627,, HTTP/1.1" 200 8270
192.168.10.19 - - [27/May/2025:12:32:52 -0300] "GET /cormun/pexe_scrolldiv.js HTTP/1.1" 404 1009
190.95.1.183 - - [27/May/2025:12:32:54 -0300] "GET /cormun/servlet/solicitudotadjuntos?ed196aeb05089d16c7278d083bcf47d680609395ac48aff84544fb59350d6908,gx-no-cache=1748360123052 HTTP/1.1" 200 30
190.95.1.183 - - [27/May/2025:12:32:54 -0300] "GET /cormun/servlet/solicitudotadjuntos?ed196aeb05089d16c7278d083bcf47d680609395ac48aff84544fb59350d6908,gx-no-cache=1748360123063 HTTP/1.1" 200 30
190.95.1.183 - - [27/May/2025:12:32:54 -0300] "POST /cormun/servlet/solicitudotadjuntos?41394fb43fcd57e52f0e34f6c794bed1,INS,2025,22648,,1, HTTP/1.1" 200 116
190.95.1.183 - - [27/May/2025:12:32:54 -0300] "GET /cormun/servlet/hpexe_return? HTTP/1.1" 200 1029
190.95.1.183 - - [27/May/2025:12:32:54 -0300] "GET /cormun/servlet/trsolicitudadjuntos?2025,22648, HTTP/1.1" 200 10224
190.95.1.183 - - [27/May/2025:12:32:56 -0300] "GET /cormun/servlet/solicitudotadjuntos?INS,2025,22648,,1, HTTP/1.1" 200 6034
190.95.1.183 - - [27/May/2025:12:32:56 -0300] "GET /cormun/static/about:blank HTTP/1.1" 404 1011
190.95.1.183 - - [27/May/2025:12:32:56 -0300] "GET /cormun/servlet/solicitudotadjuntos?ed196aeb05089d16c7278d083bcf47d6d7c6420c14d24a0b1dc7d169ecad9674d8d7abc3266085844d341c6b07468ab4,gx-no-cache=1748360125677 HTTP/1.1" 200 30
190.95.1.183 - - [27/May/2025:12:32:56 -0300] "POST /cormun/servlet/solicitudotadjuntos?41394fb43fcd57e52f0e34f6c794bed1,INS,2025,22648,,1,,gx-no-cache=1748360125693 HTTP/1.1" 200 3898
190.95.1.183 - - [27/May/2025:12:32:58 -0300] "POST /cormun/servlet/solicitudotadjuntos?gx-no-cache=1748360127718 HTTP/1.1" 200 26
190.95.1.183 - - [27/May/2025:12:33:11 -0300] "GET /cormun/servlet/solicitudotadjuntos?ed196aeb05089d16c7278d083bcf47d680609395ac48aff84544fb59350d6908,gx-no-cache=1748360140789 HTTP/1.1" 200 30
190.95.1.183 - - [27/May/2025:12:33:11 -0300] "GET /cormun/servlet/solicitudotadjuntos?ed196aeb05089d16c7278d083bcf47d680609395ac48aff84544fb59350d6908,gx-no-cache=1748360140802 HTTP/1.1" 200 30
190.95.1.183 - - [27/May/2025:12:33:12 -0300] "POST /cormun/servlet/solicitudotadjuntos?41394fb43fcd57e52f0e34f6c794bed1,INS,2025,22648,,1, HTTP/1.1" 200 116
190.95.1.183 - - [27/May/2025:12:33:12 -0300] "GET /cormun/servlet/hpexe_return? HTTP/1.1" 200 1029
190.95.1.183 - - [27/May/2025:12:33:12 -0300] "GET /cormun/servlet/trsolicitudadjuntos?2025,22648, HTTP/1.1" 200 10413
190.95.15.9 - - [27/May/2025:12:33:14 -0300] "GET /cormun/servlet/hlogin HTTP/1.1" 200 1720
190.95.15.9 - - [27/May/2025:12:33:15 -0300] "GET /cormun/servlet/hlogin HTTP/1.1" 200 1731
190.95.15.9 - - [27/May/2025:12:33:18 -0300] "POST /cormun/servlet/hlogin?521742b5b72204268f096f171e95f256,gx-no-cache=1748360146176 HTTP/1.1" 200 90
190.95.15.9 - - [27/May/2025:12:33:18 -0300] "GET /cormun/servlet/hpexe_link HTTP/1.1" 200 949
190.95.15.9 - - [27/May/2025:12:33:18 -0300] "GET /cormun/servlet/hhome HTTP/1.1" 200 4244
190.95.15.9 - - [27/May/2025:12:33:22 -0300] "GET /cormun/servlet/trlicencias? HTTP/1.1" 200 12385
190.95.15.31 - - [27/May/2025:12:33:23 -0300] "GET /cormun/servlet/trpermisosgoce? HTTP/1.1" 200 11529
190.95.15.31 - - [27/May/2025:12:33:23 -0300] "GET /cormun/static/gxcfg.js?2020121631564 HTTP/1.1" 200 953
190.95.15.31 - - [27/May/2025:12:33:23 -0300] "GET /cormun/static/trpermisosgoce.js?2020121633681 HTTP/1.1" 200 35904
190.95.15.31 - - [27/May/2025:12:33:24 -0300] "GET /cormun//static/Resources/PXToolsGridUpdate.png HTTP/1.1" 200 470
190.95.15.31 - - [27/May/2025:12:33:24 -0300] "GET /cormun//static/Resources/PXToolsGridDelete.png HTTP/1.1" 200 538
190.95.15.31 - - [27/May/2025:12:33:29 -0300] "GET /cormun/servlet/permisogoce?INS,0,,, HTTP/1.1" 200 7254
190.95.15.31 - - [27/May/2025:12:33:29 -0300] "GET /cormun/static/gxcfg.js?20201215124560 HTTP/1.1" 200 953
190.95.15.31 - - [27/May/2025:12:33:29 -0300] "GET /cormun/static/permisogoce.js?20201215124939 HTTP/1.1" 200 27790
190.95.15.31 - - [27/May/2025:12:33:42 -0300] "GET /cormun/servlet/permisogoce?3642bde271aa81302a112e27d44fc772e704bf8af0ccd7d31cbad120b549ab9ad7d6bb0f0a99f9dc0575254f58688c77a29d66165a740e5c09b4af44776597d1,gx-no-cache=1748360170313 HTTP/1.1" 200 66
190.95.15.31 - - [27/May/2025:12:33:42 -0300] "GET /cormun/static/menuarrow.gif HTTP/1.1" 404 1015
190.95.15.9 - - [27/May/2025:12:33:48 -0300] "POST /cormun/servlet/trlicencias?521742b5b72204268f096f171e95f256,,gx-no-cache=1748360176046 HTTP/1.1" 200 10023
190.95.15.31 - - [27/May/2025:12:33:51 -0300] "GET /cormun/servlet/permisogoce?3642bde271aa81302a112e27d44fc7721a620ce6d0a18aca57b32bea8375bfe507c39899b25af797fd8de7a89be5dbbc9df86cc470d8756d02bdf845d749b7e9,gx-no-cache=1748360178936 HTTP/1.1" 200 47
190.95.15.9 - - [27/May/2025:12:33:54 -0300] "GET /cormun/servlet/alicenciaprn?14011509,L,20250520000000,PU HTTP/1.1" 200 1530
190.95.15.31 - - [27/May/2025:12:33:55 -0300] "POST /cormun/servlet/permisogoce?2e57da1e320b3447e670a60061e99db8,INS,0,,,,gx-no-cache=1748360182370 HTTP/1.1" 200 93
190.95.15.31 - - [27/May/2025:12:33:55 -0300] "GET /cormun/servlet/hpexe_return? HTTP/1.1" 200 1011
190.95.15.31 - - [27/May/2025:12:33:55 -0300] "GET /cormun/static/gxcfg.js?20221129846035 HTTP/1.1" 200 953
190.95.15.31 - - [27/May/2025:12:33:55 -0300] "GET /cormun/static/hpexe_return.js?20221129846037 HTTP/1.1" 200 1633
190.95.15.31 - - [27/May/2025:12:33:55 -0300] "GET /cormun/servlet/trpermisosgoce HTTP/1.1" 200 11769
190.95.15.31 - - [27/May/2025:12:34:00 -0300] "GET /cormun/servlet/apermisogoceprn?19849850,P,20250527113616,PU HTTP/1.1" 200 1651
190.95.15.31 - - [27/May/2025:12:35:48 -0300] "GET /cormun/servlet/trsolicitudot? HTTP/1.1" 200 7574
190.95.15.31 - - [27/May/2025:12:35:52 -0300] "GET /cormun/servlet/solicitudot?INS,0,0,false, HTTP/1.1" 200 16193
190.95.15.31 - - [27/May/2025:12:36:00 -0300] "POST /cormun/servlet/solicitudot?gx-no-cache=1748360308255 HTTP/1.1" 200 4046
190.95.15.31 - - [27/May/2025:12:36:00 -0300] "POST /cormun/servlet/solicitudot?2e57da1e320b3447e670a60061e99db8,INS,0,0,false,,gx-no-cache=1748360308365 HTTP/1.1" 200 12635
190.95.15.31 - - [27/May/2025:12:36:04 -0300] "GET /cormun/servlet/solicitudot?37da253e1cbe572f0105bfde111284070223cb7e8be4c437410c4be58361f9b75a290a16dd72e45e08dba320a65af0e6,gx-no-cache=1748360312224 HTTP/1.1" 200 30
192.168.10.19 - - [27/May/2025:12:38:10 -0300] "GET /cormun/servlet/vesolicitudgral?2025,22627,,SolicitudOTAdjuntos HTTP/1.1" 200 11154
192.168.10.19 - - [27/May/2025:12:38:10 -0300] "GET /cormun/pexe_scrolldiv.js HTTP/1.1" 404 1009
192.168.10.19 - - [27/May/2025:12:38:11 -0300] "POST /cormun/servlet/acontrolpreferencessavestate?None,RRHH+DANIELA,true HTTP/1.1" 200 35
192.168.10.19 - - [27/May/2025:12:38:15 -0300] "GET /cormun/PublicTempStorage/c.antecedentes_paola4086093.pdf HTTP/1.1" 200 37144
190.95.1.185 - - [27/May/2025:12:38:30 -0300] "GET /cormun/servlet/hlogin HTTP/1.1" 200 1721
190.95.1.185 - - [27/May/2025:12:38:32 -0300] "POST /cormun/servlet/hlogin?9bf5065085063f8509de04a19fd9d3a1,gx-no-cache=1748360460560 HTTP/1.1" 200 90
190.95.1.185 - - [27/May/2025:12:38:33 -0300] "GET /cormun/servlet/hpexe_link HTTP/1.1" 200 951
190.95.1.185 - - [27/May/2025:12:38:33 -0300] "GET /cormun/servlet/hhome HTTP/1.1" 200 4475
190.95.1.185 - - [27/May/2025:12:38:35 -0300] "GET /cormun/servlet/trpermisosgoce? HTTP/1.1" 200 11729
190.95.1.185 - - [27/May/2025:12:38:37 -0300] "GET /cormun/servlet/permisogoce?INS,0,,, HTTP/1.1" 200 7374
190.95.1.185 - - [27/May/2025:12:38:45 -0300] "GET /cormun/servlet/permisogoce?0dde429307ebd7e551ec6baeace741e00ebc6191c2df01cffa042ffcdd9380bdcf16891280ae7b3b9cda8c4588130942de5fd94218fb2484bec6c40e1cdd3d2b,gx-no-cache=1748360472651 HTTP/1.1" 200 77
190.95.1.185 - - [27/May/2025:12:38:46 -0300] "GET /cormun/static/menuarrow.gif HTTP/1.1" 404 1015
192.168.10.19 - - [27/May/2025:12:38:49 -0300] "GET /cormun/servlet/vesolicitudgral?2025,22627,,SolicitudOTAdjuntos HTTP/1.1" 200 11148
190.95.1.185 - - [27/May/2025:12:38:49 -0300] "GET /cormun/servlet/permisogoce?0dde429307ebd7e551ec6baeace741e04b50dd009d13b73ae87eb017bf604c7e26579590cdda8b5257ecafbbdcf30232fb275aff4009fdedf49ee1392eaf2771,gx-no-cache=1748360476842 HTTP/1.1" 200 47
190.95.67.95 - - [27/May/2025:12:38:49 -0300] "GET /cormun/servlet/hlogin HTTP/1.1" 200 1720
192.168.10.19 - - [27/May/2025:12:38:50 -0300] "POST /cormun/servlet/acontrolpreferencessavestate?None,RRHH+DANIELA,true HTTP/1.1" 200 35
190.95.15.31 - - [27/May/2025:12:38:51 -0300] "GET /cormun/servlet/solicitudot?37da253e1cbe572f0105bfde11128407bc48e7436fed9351ab9dcbfccf0a15e77be0e171933b32cf7fe9f0d61a914962dd02eba8828c71ccfdf8c20d7ca464d7,gx-no-cache=1748360479022 HTTP/1.1" 200 30
190.95.67.95 - - [27/May/2025:12:38:53 -0300] "POST /cormun/servlet/hlogin?e0ff0c26e837592b1189605ada141cb8,gx-no-cache=1748360481080 HTTP/1.1" 200 90
190.95.67.95 - - [27/May/2025:12:38:53 -0300] "GET /cormun/servlet/hpexe_link HTTP/1.1" 200 952
190.95.67.95 - - [27/May/2025:12:38:53 -0300] "GET /cormun/servlet/hhome HTTP/1.1" 200 4007
190.95.15.31 - - [27/May/2025:12:38:54 -0300] "GET /cormun/servlet/solicitudot?37da253e1cbe572f0105bfde111284074980595743916c90d8e52ce7d0fad04c,gx-no-cache=1748360482357 HTTP/1.1" 200 53
192.168.10.19 - - [27/May/2025:12:38:55 -0300] "GET /cormun/PublicTempStorage/afp_paola_%281%291013294.pdf HTTP/1.1" 200 68292
190.95.1.185 - - [27/May/2025:12:38:56 -0300] "POST /cormun/servlet/permisogoce?9bf5065085063f8509de04a19fd9d3a1,INS,0,,,,gx-no-cache=1748360483546 HTTP/1.1" 200 93
190.95.1.185 - - [27/May/2025:12:38:56 -0300] "GET /cormun/servlet/hpexe_return? HTTP/1.1" 200 1009
190.95.1.185 - - [27/May/2025:12:38:56 -0300] "GET /cormun/servlet/trpermisosgoce HTTP/1.1" 200 11965
190.95.67.95 - - [27/May/2025:12:38:58 -0300] "GET /cormun/servlet/trlicencias? HTTP/1.1" 200 12374
190.95.1.185 - - [27/May/2025:12:39:00 -0300] "GET /cormun/servlet/apermisogoceprn?14203755,P,20250527114124,PU HTTP/1.1" 200 1659
190.95.15.31 - - [27/May/2025:12:39:08 -0300] "POST /cormun/servlet/solicitudot?2e57da1e320b3447e670a60061e99db8,INS,0,0,false,,gx-no-cache=1748360495841 HTTP/1.1" 200 12856
190.95.15.31 - - [27/May/2025:12:39:08 -0300] "GET /cormun/static/Shared/jqueryui/images/ui-bg_highlight-soft_100_c6c2c8_1x100.png HTTP/1.1" 404 1117
190.95.15.31 - - [27/May/2025:12:39:08 -0300] "GET /cormun/static/Shared/jqueryui/images/ui-icons_82798d_256x240.png HTTP/1.1" 404 1089
190.95.15.31 - - [27/May/2025:12:39:08 -0300] "GET /cormun/static/Shared/jqueryui/images/ui-icons_8d78a5_256x240.png HTTP/1.1" 404 1089
190.95.15.31 - - [27/May/2025:12:39:08 -0300] "GET /cormun/static/Shared/jqueryui/images/ui-bg_flat_55_fafafa_40x100.png HTTP/1.1" 404 1097
190.95.15.31 - - [27/May/2025:12:39:12 -0300] "POST /cormun/servlet/solicitudot?gx-no-cache=1748360500769 HTTP/1.1" 200 240
190.95.15.31 - - [27/May/2025:12:39:15 -0300] "GET /cormun/servlet/solicitudot?37da253e1cbe572f0105bfde111284076ac343becdc192acef8e6644830f44ca6efe83749ec2f2f952d5e0c905161a84ac31bdd2d7fbef8aad9d4c780839504327582f8e90de8e40d5c47a3dc46f198357295f7416d52d137b05b0202f6211d89feff3e0ca537e731858ab173d08e5b505f910ccdff66000e3d45a4213953083cdf21c544494d1f5eb645fd65c9418eb6f61c3e8a84e50b107463308636f81b754603d84f867ef65e8ff8cfca752d94a8f1818d6dd55d1a3597abe70e66c523d10cc1f72ae47c192c13ac2e26e9c1c53183b1dec6261c87d52eafc6bbd6632fa7f809e8b40906ee393712aac14a03b52c82f2d088f3b3e526a83a90608064eedaed841106597e77ffff1a2ee99574d972c43d3d2b73bc7e4e7b6bb007238691d2eea6804a07c268b9bfe3c4b88365de3dd848ed3376491a3d545f7e2b7f1dff2c09640c6b61b23c88814d7ef3fe36168a48fb16e83f857ea632691c0f0cd0e5d051f796944874786cf9cbd7f9288327daad13d934794b07bad61724d0496ef88,gx-no-cache=1748360502937 HTTP/1.1" 200 30
192.168.10.19 - - [27/May/2025:12:39:16 -0300] "GET /cormun/servlet/vesolicitudgral?2025,22627,,SolicitudOTAdjuntos HTTP/1.1" 200 11153
190.95.15.31 - - [27/May/2025:12:39:17 -0300] "POST /cormun/servlet/solicitudot?gx-no-cache=1748360505593 HTTP/1.1" 200 30
192.168.10.19 - - [27/May/2025:12:39:17 -0300] "POST /cormun/servlet/acontrolpreferencessavestate?None,RRHH+DANIELA,true HTTP/1.1" 200 35
190.95.15.31 - - [27/May/2025:12:39:30 -0300] "GET /cormun/servlet/prlicenciaspermisos?19881705,L,,MD,,gxPopupLevel%3D0%3B HTTP/1.1" 200 6888
190.95.15.31 - - [27/May/2025:12:39:32 -0300] "POST /cormun/servlet/solicitudot?gx-no-cache=1748360520741 HTTP/1.1" 200 1483
190.95.15.31 - - [27/May/2025:12:39:35 -0300] "POST /cormun/servlet/solicitudot?gx-no-cache=1748360522915 HTTP/1.1" 200 41
190.95.67.97 - - [27/May/2025:12:39:40 -0300] "POST /cormun/servlet/trpermisosgoce?766b0fc0a3604095fbe16329b07327aa,,gx-no-cache=1748360451634 HTTP/1.1" 200 5054
190.95.1.183 - - [27/May/2025:12:39:44 -0300] "POST /cormun/servlet/trsolicitudadjuntos?41394fb43fcd57e52f0e34f6c794bed1,2025,22648,,gx-no-cache=1748360533264 HTTP/1.1" 200 90
190.95.1.183 - - [27/May/2025:12:39:44 -0300] "GET /cormun/servlet/hpexe_link HTTP/1.1" 200 971
190.95.1.183 - - [27/May/2025:12:39:44 -0300] "GET /cormun/servlet/trsolicitudot HTTP/1.1" 200 8599
190.95.1.183 - - [27/May/2025:12:39:46 -0300] "POST /cormun/servlet/trsolicitudot?41394fb43fcd57e52f0e34f6c794bed1,gx-no-cache=1748360535258 HTTP/1.1" 200 4554
190.95.1.183 - - [27/May/2025:12:39:46 -0300] "GET /cormun/static/Shared/jqueryui/images/ui-bg_highlight-soft_100_c6c2c8_1x100.png HTTP/1.1" 404 1117
190.95.1.183 - - [27/May/2025:12:39:46 -0300] "GET /cormun/static/Shared/jqueryui/images/ui-icons_82798d_256x240.png HTTP/1.1" 404 1089
190.95.1.183 - - [27/May/2025:12:39:46 -0300] "GET /cormun/static/Shared/jqueryui/images/ui-icons_8d78a5_256x240.png HTTP/1.1" 404 1089
190.95.1.183 - - [27/May/2025:12:39:46 -0300] "GET /cormun/static/Shared/jqueryui/images/ui-bg_flat_55_fafafa_40x100.png HTTP/1.1" 404 1097
190.95.1.183 - - [27/May/2025:12:39:46 -0300] "POST /cormun/servlet/trsolicitudot?41394fb43fcd57e52f0e34f6c794bed1,gx-no-cache=1748360535370 HTTP/1.1" 200 4321
190.95.67.97 - - [27/May/2025:12:39:51 -0300] "GET /cormun/servlet/trlicencias? HTTP/1.1" 200 6619
190.95.67.97 - - [27/May/2025:12:39:58 -0300] "POST /cormun/servlet/trlicencias?766b0fc0a3604095fbe16329b07327aa,,gx-no-cache=1748360469571 HTTP/1.1" 200 10248
190.95.15.31 - - [27/May/2025:12:40:13 -0300] "GET /cormun/servlet/solicitudot?37da253e1cbe572f0105bfde1112840728056a57ff1387223637de4f88dfef8dca0994c786340ac41a18348b22424a1d3a166b32e99f75098b2be1a8a40233cbd112d3c97647ef0e08385d7aea40cc7b794fe142fc32d2419eef98cc99e4dde9d62bfa77a331432e8f28085df654316f,gx-no-cache=1748360560896 HTTP/1.1" 200 110
190.95.15.31 - - [27/May/2025:12:40:24 -0300] "POST /cormun/servlet/solicitudot?gx-no-cache=1748360572435 HTTP/1.1" 200 83
190.95.15.31 - - [27/May/2025:12:40:30 -0300] "GET /cormun/servlet/solicitudot?37da253e1cbe572f0105bfde11128407a5c45f0306c830dd365fb275948da56b1888e26b7a635ad324809bb2dadd4445ce1c92b39f76f0cb20d5689798f66d14ca1f3415ebdb5da29dff4e659eca44489ce797a754e029b99d4edea66fd65104128f9517305c5ac0b4d9a4952b888fa2,gx-no-cache=1748360578488 HTTP/1.1" 200 29
190.95.15.31 - - [27/May/2025:12:40:33 -0300] "GET /cormun/servlet/solicitudot?37da253e1cbe572f0105bfde111284078597ee46634bc30b33a69becc0cb97e13577c46aad6be844b78a5a0aff74ffdc,gx-no-cache=1748360581477 HTTP/1.1" 200 30
190.95.15.31 - - [27/May/2025:12:40:33 -0300] "POST /cormun/servlet/solicitudot?gx-no-cache=1748360581505 HTTP/1.1" 200 34
190.95.15.31 - - [27/May/2025:12:41:03 -0300] "POST /cormun/servlet/solicitudot?2e57da1e320b3447e670a60061e99db8,INS,0,0,false,,gx-no-cache=1748360611297 HTTP/1.1" 200 93
190.95.15.31 - - [27/May/2025:12:41:03 -0300] "GET /cormun/servlet/hpexe_return? HTTP/1.1" 200 1010
190.95.15.31 - - [27/May/2025:12:41:04 -0300] "GET /cormun/servlet/hhome HTTP/1.1" 200 4358
190.95.15.31 - - [27/May/2025:12:41:10 -0300] "GET /cormun/servlet/trsolicitudot? HTTP/1.1" 200 8994
190.95.15.31 - - [27/May/2025:12:41:10 -0300] "GET /cormun//static/Resources/PXToolsRemoveAllAction.png HTTP/1.1" 200 487
190.95.15.31 - - [27/May/2025:12:41:10 -0300] "GET /cormun//static/Resources/PXToolsActionView.png HTTP/1.1" 200 398
190.95.15.31 - - [27/May/2025:12:41:20 -0300] "POST /cormun/servlet/trsolicitudot?2e57da1e320b3447e670a60061e99db8,,gx-no-cache=1748360628083 HTTP/1.1" 200 4881
190.95.15.31 - - [27/May/2025:12:41:20 -0300] "GET /cormun/static/Shared/jqueryui/images/ui-bg_highlight-soft_100_c6c2c8_1x100.png HTTP/1.1" 404 1117
190.95.15.31 - - [27/May/2025:12:41:20 -0300] "GET /cormun/static/Shared/jqueryui/images/ui-icons_82798d_256x240.png HTTP/1.1" 404 1089
190.95.15.31 - - [27/May/2025:12:41:20 -0300] "GET /cormun/static/Shared/jqueryui/images/ui-bg_flat_55_fafafa_40x100.png HTTP/1.1" 404 1097
190.95.15.31 - - [27/May/2025:12:41:20 -0300] "GET /cormun/static/Shared/jqueryui/images/ui-icons_8d78a5_256x240.png HTTP/1.1" 404 1089
190.95.15.31 - - [27/May/2025:12:41:20 -0300] "POST /cormun/servlet/trsolicitudot?2e57da1e320b3447e670a60061e99db8,,gx-no-cache=1748360628369 HTTP/1.1" 200 4614
190.95.15.31 - - [27/May/2025:12:41:24 -0300] "GET /cormun/servlet/trautorizarsolicitud? HTTP/1.1" 200 8889
190.95.15.31 - - [27/May/2025:12:41:24 -0300] "GET /cormun/static/gxcfg.js?202211298474254 HTTP/1.1" 200 953
190.95.15.31 - - [27/May/2025:12:41:24 -0300] "GET /cormun/static/trautorizarsolicitud.js?202211298474588 HTTP/1.1" 200 53909
190.95.15.31 - - [27/May/2025:12:41:28 -0300] "POST /cormun/servlet/trautorizarsolicitud?2e57da1e320b3447e670a60061e99db8,,gx-no-cache=1748360635930 HTTP/1.1" 200 4811
190.95.15.31 - - [27/May/2025:12:41:28 -0300] "POST /cormun/servlet/trautorizarsolicitud?2e57da1e320b3447e670a60061e99db8,,gx-no-cache=1748360636066 HTTP/1.1" 200 4546
192.168.10.19 - - [27/May/2025:12:41:50 -0300] "GET /cormun/servlet/vesolicitudgral?2025,22627,,General HTTP/1.1" 200 8278
192.168.10.19 - - [27/May/2025:12:41:50 -0300] "GET /cormun/pexe_scrolldiv.js HTTP/1.1" 404 1009
201.186.226.3 - - [27/May/2025:12:41:56 -0300] "GET /cormun/servlet/hlogin HTTP/1.1" 200 1716
201.186.226.3 - - [27/May/2025:12:42:09 -0300] "POST /cormun/servlet/hlogin?5b993e14d9b077df92ee4af7bcbaad13,gx-no-cache=1748360676901 HTTP/1.1" 200 90
201.186.226.3 - - [27/May/2025:12:42:09 -0300] "GET /cormun/servlet/hpexe_link HTTP/1.1" 200 946
201.186.226.3 - - [27/May/2025:12:42:10 -0300] "GET /cormun/servlet/hhome HTTP/1.1" 200 3900
