201.186.225.191 - - [22/May/2025:10:34:07 -0300] "GET /cormun/servlet/hpexe_return? HTTP/1.1" 200 1038
201.186.225.191 - - [22/May/2025:10:34:07 -0300] "GET /cormun/servlet/trpermisosadjuntos?18039171,20250522093606,P, HTTP/1.1" 200 7003
201.186.225.191 - - [22/May/2025:10:34:11 -0300] "GET /cormun/servlet/trpermisosgoce? HTTP/1.1" 200 8767
201.186.225.191 - - [22/May/2025:10:34:14 -0300] "GET /cormun/servlet/permisogoce?INS,0,,, HTTP/1.1" 200 7055
201.186.225.191 - - [22/May/2025:10:34:27 -0300] "GET /cormun/servlet/permisogoce?30cfaf939af5645738b8845e072c0fb3d429a501a584c6028e4a12116d65016d473e1a84338fbccd423fe146a6220d3342929dc4f66f6936fbb20d1721f3b9b9,gx-no-cache=1747921021568 HTTP/1.1" 200 84
201.186.225.191 - - [22/May/2025:10:34:38 -0300] "GET /cormun/servlet/permisogoce?30cfaf939af5645738b8845e072c0fb3056f3e353a207729a925278798146b8a2dcce6a0637af40af4222aff473dc1cd956dfb41496cd24e7a22602210d44bac,gx-no-cache=1747921032740 HTTP/1.1" 200 47
201.186.225.191 - - [22/May/2025:10:34:39 -0300] "POST /cormun/servlet/permisogoce?39bebe514b65146334e4a8d61b5cb919,INS,0,,,,gx-no-cache=1747921033984 HTTP/1.1" 200 93
201.186.225.191 - - [22/May/2025:10:34:40 -0300] "GET /cormun/servlet/hpexe_return? HTTP/1.1" 200 1010
201.186.225.191 - - [22/May/2025:10:34:40 -0300] "GET /cormun/servlet/trpermisosgoce HTTP/1.1" 200 8933
201.186.225.191 - - [22/May/2025:10:34:47 -0300] "GET /cormun/servlet/trpermisosadjuntos?18039171,20250522093712,P, HTTP/1.1" 200 6512
201.186.225.187 - - [22/May/2025:10:34:47 -0300] "GET /cormun/servlet/trpermisosgoce? HTTP/1.1" 200 12401
201.186.225.187 - - [22/May/2025:10:34:47 -0300] "GET /cormun/static/gxcfg.js?2020121631564 HTTP/1.1" 200 953
201.186.225.187 - - [22/May/2025:10:34:47 -0300] "GET /cormun/static/trpermisosgoce.js?2020121633681 HTTP/1.1" 200 35904
201.186.225.187 - - [22/May/2025:10:34:47 -0300] "GET /cormun//static/Resources/PXToolsGridUpdate.png HTTP/1.1" 200 470
201.186.225.187 - - [22/May/2025:10:34:47 -0300] "GET /cormun//static/Resources/PXToolsGridDelete.png HTTP/1.1" 200 538
201.186.225.191 - - [22/May/2025:10:34:49 -0300] "GET /cormun/servlet/permisosadjuntos?INS,18039171,P,20250522093712,, HTTP/1.1" 200 5833
201.186.225.191 - - [22/May/2025:10:34:49 -0300] "GET /cormun/static/about:blank HTTP/1.1" 404 1011
201.186.225.191 - - [22/May/2025:10:35:01 -0300] "POST /cormun/servlet/permisosadjuntos?39bebe514b65146334e4a8d61b5cb919,INS,18039171,P,20250522093712,, HTTP/1.1" 200 116
201.186.225.191 - - [22/May/2025:10:35:01 -0300] "GET /cormun/servlet/hpexe_return? HTTP/1.1" 200 1039
201.186.225.191 - - [22/May/2025:10:35:01 -0300] "GET /cormun/servlet/trpermisosadjuntos?18039171,20250522093712,P, HTTP/1.1" 200 7005
201.186.225.191 - - [22/May/2025:10:35:05 -0300] "GET /cormun/servlet/trpermisosgoce? HTTP/1.1" 200 8928
201.186.225.191 - - [22/May/2025:10:35:11 -0300] "GET /cormun/servlet/permisogoce?INS,0,,, HTTP/1.1" 200 7055
201.186.225.191 - - [22/May/2025:10:35:23 -0300] "GET /cormun/servlet/permisogoce?30cfaf939af5645738b8845e072c0fb3d429a501a584c6028e4a12116d65016d473e1a84338fbccd423fe146a6220d3342929dc4f66f6936fbb20d1721f3b9b9,gx-no-cache=1747921077840 HTTP/1.1" 200 81
201.186.225.191 - - [22/May/2025:10:35:35 -0300] "GET /cormun/servlet/permisogoce?30cfaf939af5645738b8845e072c0fb3056f3e353a207729a925278798146b8a650a12d6e777e028b1f1365c4a8b179f956dfb41496cd24e7a22602210d44bac,gx-no-cache=1747921089542 HTTP/1.1" 200 48
201.186.225.191 - - [22/May/2025:10:35:37 -0300] "POST /cormun/servlet/permisogoce?39bebe514b65146334e4a8d61b5cb919,INS,0,,,,gx-no-cache=1747921091960 HTTP/1.1" 200 93
201.186.225.191 - - [22/May/2025:10:35:37 -0300] "GET /cormun/servlet/hpexe_return? HTTP/1.1" 200 1010
201.186.225.191 - - [22/May/2025:10:35:38 -0300] "GET /cormun/servlet/trpermisosgoce HTTP/1.1" 200 9089
201.186.225.191 - - [22/May/2025:10:35:43 -0300] "GET /cormun/servlet/trpermisosadjuntos?18039171,20250522093809,P, HTTP/1.1" 200 6510
201.186.225.191 - - [22/May/2025:10:35:48 -0300] "GET /cormun/servlet/permisosadjuntos?INS,18039171,P,20250522093809,, HTTP/1.1" 200 5834
201.186.225.191 - - [22/May/2025:10:35:48 -0300] "GET /cormun/static/about:blank HTTP/1.1" 404 1011
201.186.225.191 - - [22/May/2025:10:35:59 -0300] "POST /cormun/servlet/permisosadjuntos?39bebe514b65146334e4a8d61b5cb919,INS,18039171,P,20250522093809,, HTTP/1.1" 200 116
201.186.225.191 - - [22/May/2025:10:35:59 -0300] "GET /cormun/servlet/hpexe_return? HTTP/1.1" 200 1038
201.186.225.191 - - [22/May/2025:10:35:59 -0300] "GET /cormun/servlet/trpermisosadjuntos?18039171,20250522093809,P, HTTP/1.1" 200 7003
201.186.225.191 - - [22/May/2025:10:36:06 -0300] "GET /cormun/servlet/trpermisosgoce? HTTP/1.1" 200 9085
201.186.225.191 - - [22/May/2025:10:36:21 -0300] "GET /cormun/servlet/permisogoce?INS,0,,, HTTP/1.1" 200 7055
201.186.225.187 - - [22/May/2025:10:36:23 -0300] "GET /cormun/servlet/hlogin HTTP/1.1" 200 1746
201.186.225.191 - - [22/May/2025:10:36:27 -0300] "GET /cormun/servlet/permisogoce?30cfaf939af5645738b8845e072c0fb3d429a501a584c6028e4a12116d65016d473e1a84338fbccd423fe146a6220d3342929dc4f66f6936fbb20d1721f3b9b9,gx-no-cache=1747921141923 HTTP/1.1" 200 84
201.186.225.191 - - [22/May/2025:10:36:36 -0300] "GET /cormun/servlet/permisogoce?30cfaf939af5645738b8845e072c0fb3056f3e353a207729a925278798146b8a539bff633abd252b37e72ad18af629b8956dfb41496cd24e7a22602210d44bac,gx-no-cache=1747921150698 HTTP/1.1" 200 47
201.186.225.191 - - [22/May/2025:10:36:39 -0300] "POST /cormun/servlet/permisogoce?39bebe514b65146334e4a8d61b5cb919,INS,0,,,,gx-no-cache=1747921153028 HTTP/1.1" 200 93
201.186.225.191 - - [22/May/2025:10:36:39 -0300] "GET /cormun/servlet/hpexe_return? HTTP/1.1" 200 1010
201.186.225.191 - - [22/May/2025:10:36:39 -0300] "GET /cormun/servlet/trpermisosgoce HTTP/1.1" 200 9245
201.186.225.191 - - [22/May/2025:10:36:46 -0300] "GET /cormun/servlet/trpermisosadjuntos?18039171,20250522093919,P, HTTP/1.1" 200 6509
201.186.225.191 - - [22/May/2025:10:37:33 -0300] "GET /cormun/servlet/permisosadjuntos?INS,18039171,P,20250522093919,, HTTP/1.1" 200 5836
201.186.225.191 - - [22/May/2025:10:37:33 -0300] "GET /cormun/static/about:blank HTTP/1.1" 404 1011
201.186.225.191 - - [22/May/2025:10:37:44 -0300] "POST /cormun/servlet/permisosadjuntos?39bebe514b65146334e4a8d61b5cb919,INS,18039171,P,20250522093919,, HTTP/1.1" 200 116
201.186.225.191 - - [22/May/2025:10:37:44 -0300] "GET /cormun/servlet/hpexe_return? HTTP/1.1" 200 1038
201.186.225.191 - - [22/May/2025:10:37:44 -0300] "GET /cormun/servlet/trpermisosadjuntos?18039171,20250522093919,P, HTTP/1.1" 200 7006
201.186.225.191 - - [22/May/2025:10:37:48 -0300] "GET /cormun/servlet/trpermisosgoce? HTTP/1.1" 200 9241
190.95.2.157 - - [22/May/2025:10:37:59 -0300] "GET /cormun/servlet/hlogin HTTP/1.1" 200 1719
190.95.2.157 - - [22/May/2025:10:37:59 -0300] "GET /cormun/servlet/hlogin HTTP/1.1" 200 1729
201.186.225.191 - - [22/May/2025:10:38:05 -0300] "GET /cormun/servlet/permisogoce?INS,0,,, HTTP/1.1" 200 7055
190.95.2.157 - - [22/May/2025:10:38:06 -0300] "POST /cormun/servlet/hlogin?680eff10781c26c5deca7ac8cfdf5101,gx-no-cache=1747921241449 HTTP/1.1" 200 90
190.95.2.157 - - [22/May/2025:10:38:06 -0300] "GET /cormun/servlet/hpexe_link HTTP/1.1" 200 950
190.95.2.157 - - [22/May/2025:10:38:07 -0300] "GET /cormun/servlet/hhome HTTP/1.1" 200 4310
190.95.2.157 - - [22/May/2025:10:38:12 -0300] "GET /cormun/servlet/trsolicitudot? HTTP/1.1" 200 7527
201.186.225.191 - - [22/May/2025:10:38:12 -0300] "GET /cormun/servlet/permisogoce?30cfaf939af5645738b8845e072c0fb3d429a501a584c6028e4a12116d65016d473e1a84338fbccd423fe146a6220d3342929dc4f66f6936fbb20d1721f3b9b9,gx-no-cache=1747921246671 HTTP/1.1" 200 82
190.95.2.157 - - [22/May/2025:10:38:15 -0300] "GET /cormun/servlet/solicitudot?INS,0,0,false, HTTP/1.1" 200 16305
201.186.225.191 - - [22/May/2025:10:38:19 -0300] "GET /cormun/servlet/permisogoce?30cfaf939af5645738b8845e072c0fb3056f3e353a207729a925278798146b8a9a14dc66a6ecfac145a2dfe4c6816743956dfb41496cd24e7a22602210d44bac,gx-no-cache=1747921253438 HTTP/1.1" 200 47
201.186.225.191 - - [22/May/2025:10:38:20 -0300] "POST /cormun/servlet/permisogoce?39bebe514b65146334e4a8d61b5cb919,INS,0,,,,gx-no-cache=1747921254391 HTTP/1.1" 200 93
201.186.225.191 - - [22/May/2025:10:38:20 -0300] "GET /cormun/servlet/hpexe_return? HTTP/1.1" 200 1010
201.186.225.191 - - [22/May/2025:10:38:20 -0300] "GET /cormun/servlet/trpermisosgoce HTTP/1.1" 200 9409
201.186.225.191 - - [22/May/2025:10:38:29 -0300] "GET /cormun/servlet/trpermisosadjuntos?18039171,20250522094103,P, HTTP/1.1" 200 6510
201.186.225.191 - - [22/May/2025:10:38:30 -0300] "GET /cormun/servlet/permisosadjuntos?INS,18039171,P,20250522094103,, HTTP/1.1" 200 5833
201.186.225.191 - - [22/May/2025:10:38:30 -0300] "GET /cormun/static/about:blank HTTP/1.1" 404 1011
201.186.225.191 - - [22/May/2025:10:38:36 -0300] "POST /cormun/servlet/permisosadjuntos?39bebe514b65146334e4a8d61b5cb919,INS,18039171,P,20250522094103,, HTTP/1.1" 200 116
201.186.225.191 - - [22/May/2025:10:38:36 -0300] "GET /cormun/servlet/hpexe_return? HTTP/1.1" 200 1039
201.186.225.191 - - [22/May/2025:10:38:36 -0300] "GET /cormun/servlet/trpermisosadjuntos?18039171,20250522094103,P, HTTP/1.1" 200 7002
201.186.225.191 - - [22/May/2025:10:38:44 -0300] "GET /cormun/servlet/trpermisosgoce? HTTP/1.1" 200 9405
190.95.15.27 - - [22/May/2025:10:38:47 -0300] "GET /cormun/servlet/hlogin HTTP/1.1" 200 1724
190.95.15.27 - - [22/May/2025:10:38:47 -0300] "GET /cormun/static/gxtimezone.js?85251 HTTP/1.1" 200 5781
190.95.15.27 - - [22/May/2025:10:38:47 -0300] "GET /cormun/static/gxcfg.js?2022112219184450 HTTP/1.1" 200 953
190.95.15.27 - - [22/May/2025:10:38:47 -0300] "GET /cormun/static/messages.spa.js?85251 HTTP/1.1" 200 30736
190.95.15.27 - - [22/May/2025:10:38:47 -0300] "GET /cormun/static/Resources/CormunLogin.png HTTP/1.1" 200 19132
190.95.15.27 - - [22/May/2025:10:38:47 -0300] "GET /cormun/static/Resources/Spanish/PXTools.css?1759030 HTTP/1.1" 200 100853
190.95.15.27 - - [22/May/2025:10:38:47 -0300] "GET /cormun/static/gxgral.js?85251 HTTP/1.1" 200 384558
190.95.15.27 - - [22/May/2025:10:38:47 -0300] "GET /cormun/static/hlogin.js?2022112219184458 HTTP/1.1" 200 2156
190.95.15.27 - - [22/May/2025:10:38:47 -0300] "GET /cormun/static/Resources/PXToolsLoginTop.png HTTP/1.1" 200 1337
190.95.15.27 - - [22/May/2025:10:38:48 -0300] "GET /cormun/static/Resources/PXToolsLoginBackground.png HTTP/1.1" 200 1164
190.95.15.27 - - [22/May/2025:10:38:48 -0300] "GET /cormun/static/Resources/PXToolsButtonBackground.png HTTP/1.1" 200 1176
190.95.15.27 - - [22/May/2025:10:38:48 -0300] "GET /cormun/static/Resources/PXToolsButtonRight.png HTTP/1.1" 200 1294
190.95.15.27 - - [22/May/2025:10:38:48 -0300] "GET /cormun/static/Resources/PXToolsLoginBottom.png HTTP/1.1" 200 1389
190.95.15.27 - - [22/May/2025:10:38:48 -0300] "GET /cormun/static/Resources/PXToolsButtonLeft.png HTTP/1.1" 200 1310
190.95.15.27 - - [22/May/2025:10:38:48 -0300] "GET /cormun/servlet/hlogin HTTP/1.1" 200 1735
190.95.15.27 - - [22/May/2025:10:38:48 -0300] "GET /cormun/static/Resources/indicator.gif HTTP/1.1" 200 1553
190.95.15.27 - - [22/May/2025:10:38:48 -0300] "GET /favicon.ico HTTP/1.1" 200 21630
201.186.225.191 - - [22/May/2025:10:38:52 -0300] "GET /cormun/servlet/permisogoce?INS,0,,, HTTP/1.1" 200 7055
201.186.225.191 - - [22/May/2025:10:39:00 -0300] "GET /cormun/servlet/permisogoce?30cfaf939af5645738b8845e072c0fb3d429a501a584c6028e4a12116d65016d473e1a84338fbccd423fe146a6220d3342929dc4f66f6936fbb20d1721f3b9b9,gx-no-cache=1747921294856 HTTP/1.1" 200 83
201.186.225.191 - - [22/May/2025:10:39:08 -0300] "GET /cormun/servlet/permisogoce?30cfaf939af5645738b8845e072c0fb3056f3e353a207729a925278798146b8ac1c58fc6affdc76740e825e1aaa013c1956dfb41496cd24e7a22602210d44bac,gx-no-cache=1747921302966 HTTP/1.1" 200 47
201.186.225.191 - - [22/May/2025:10:39:10 -0300] "POST /cormun/servlet/permisogoce?39bebe514b65146334e4a8d61b5cb919,INS,0,,,,gx-no-cache=1747921304755 HTTP/1.1" 200 93
201.186.225.191 - - [22/May/2025:10:39:10 -0300] "GET /cormun/servlet/hpexe_return? HTTP/1.1" 200 1010
201.186.225.191 - - [22/May/2025:10:39:10 -0300] "GET /cormun/servlet/trpermisosgoce HTTP/1.1" 200 9573
201.186.225.191 - - [22/May/2025:10:39:17 -0300] "GET /cormun/servlet/trpermisosadjuntos?18039171,20250522094150,P, HTTP/1.1" 200 6510
201.186.225.191 - - [22/May/2025:10:39:19 -0300] "GET /cormun/servlet/permisosadjuntos?INS,18039171,P,20250522094150,, HTTP/1.1" 200 5837
201.186.225.191 - - [22/May/2025:10:39:19 -0300] "GET /cormun/static/about:blank HTTP/1.1" 404 1011
201.186.225.191 - - [22/May/2025:10:39:27 -0300] "POST /cormun/servlet/permisosadjuntos?39bebe514b65146334e4a8d61b5cb919,INS,18039171,P,20250522094150,, HTTP/1.1" 200 116
201.186.225.191 - - [22/May/2025:10:39:27 -0300] "GET /cormun/servlet/hpexe_return? HTTP/1.1" 200 1038
201.186.225.191 - - [22/May/2025:10:39:28 -0300] "GET /cormun/servlet/trpermisosadjuntos?18039171,20250522094150,P, HTTP/1.1" 200 7004
201.186.225.191 - - [22/May/2025:10:39:31 -0300] "GET /cormun/servlet/trpermisosgoce? HTTP/1.1" 200 9569
201.186.225.191 - - [22/May/2025:10:39:41 -0300] "GET /cormun/servlet/permisogoce?INS,0,,, HTTP/1.1" 200 7055
201.186.225.191 - - [22/May/2025:10:39:49 -0300] "GET /cormun/servlet/permisogoce?30cfaf939af5645738b8845e072c0fb3d429a501a584c6028e4a12116d65016d473e1a84338fbccd423fe146a6220d3342929dc4f66f6936fbb20d1721f3b9b9,gx-no-cache=1747921343499 HTTP/1.1" 200 82
201.186.225.191 - - [22/May/2025:10:40:03 -0300] "GET /cormun/servlet/permisogoce?30cfaf939af5645738b8845e072c0fb3056f3e353a207729a925278798146b8a64d84641315c838d3b78e683cbfac09c956dfb41496cd24e7a22602210d44bac,gx-no-cache=1747921358409 HTTP/1.1" 200 47
201.186.225.191 - - [22/May/2025:10:40:06 -0300] "POST /cormun/servlet/permisogoce?39bebe514b65146334e4a8d61b5cb919,INS,0,,,,gx-no-cache=1747921360916 HTTP/1.1" 200 93
201.186.225.191 - - [22/May/2025:10:40:06 -0300] "GET /cormun/servlet/hpexe_return? HTTP/1.1" 200 1010
201.186.225.191 - - [22/May/2025:10:40:07 -0300] "GET /cormun/servlet/trpermisosgoce HTTP/1.1" 200 9757
190.95.67.99 - - [22/May/2025:10:42:16 -0300] "GET /cormun/servlet/hhome HTTP/1.1" 200 3321
190.95.67.99 - - [22/May/2025:10:42:20 -0300] "GET /cormun/servlet/hhome HTTP/1.1" 200 3331
190.95.67.99 - - [22/May/2025:10:42:20 -0300] "GET /cormun/servlet/hlogin HTTP/1.1" 200 1731
201.186.225.191 - - [22/May/2025:10:42:33 -0300] "GET /cormun/servlet/trpermisosadjuntos?18039171,20250522094239,P, HTTP/1.1" 200 6510
201.186.225.191 - - [22/May/2025:10:42:35 -0300] "GET /cormun/servlet/permisosadjuntos?INS,18039171,P,20250522094239,, HTTP/1.1" 200 5836
201.186.225.191 - - [22/May/2025:10:42:35 -0300] "GET /cormun/static/about:blank HTTP/1.1" 404 1011
190.95.67.99 - - [22/May/2025:10:42:45 -0300] "POST /cormun/servlet/hlogin?30c30c6166cd9bf3acbb7d403e7c31da,gx-no-cache=1747921519721 HTTP/1.1" 200 90
190.95.67.99 - - [22/May/2025:10:42:45 -0300] "GET /cormun/servlet/hpexe_link HTTP/1.1" 200 950
190.95.67.99 - - [22/May/2025:10:42:45 -0300] "GET /cormun/servlet/hhome HTTP/1.1" 200 4304
201.186.225.191 - - [22/May/2025:10:42:45 -0300] "POST /cormun/servlet/permisosadjuntos?39bebe514b65146334e4a8d61b5cb919,INS,18039171,P,20250522094239,, HTTP/1.1" 200 116
201.186.225.191 - - [22/May/2025:10:42:45 -0300] "GET /cormun/servlet/hpexe_return? HTTP/1.1" 200 1039
201.186.225.191 - - [22/May/2025:10:42:45 -0300] "GET /cormun/servlet/trpermisosadjuntos?18039171,20250522094239,P, HTTP/1.1" 200 7004
201.186.225.191 - - [22/May/2025:10:42:50 -0300] "GET /cormun/servlet/trpermisosgoce? HTTP/1.1" 200 9753
190.95.67.99 - - [22/May/2025:10:42:59 -0300] "GET /cormun/servlet/trpermisosgoce? HTTP/1.1" 200 12780
190.95.67.99 - - [22/May/2025:10:43:04 -0300] "GET /cormun/servlet/permisogoce?INS,0,,, HTTP/1.1" 200 7198
190.95.67.99 - - [22/May/2025:10:43:04 -0300] "GET /cormun/static/gxcfg.js?20201215124560 HTTP/1.1" 200 953
190.95.67.99 - - [22/May/2025:10:43:04 -0300] "GET /cormun/static/permisogoce.js?20201215124939 HTTP/1.1" 200 27790
201.186.225.191 - - [22/May/2025:10:43:09 -0300] "GET /cormun/servlet/permisogoce?INS,0,,, HTTP/1.1" 200 7055
201.186.225.191 - - [22/May/2025:10:43:15 -0300] "GET /cormun/servlet/permisogoce?30cfaf939af5645738b8845e072c0fb3d429a501a584c6028e4a12116d65016d473e1a84338fbccd423fe146a6220d3342929dc4f66f6936fbb20d1721f3b9b9,gx-no-cache=1747921549588 HTTP/1.1" 200 83
201.186.225.191 - - [22/May/2025:10:43:22 -0300] "GET /cormun/servlet/permisogoce?30cfaf939af5645738b8845e072c0fb3056f3e353a207729a925278798146b8a156b0b3df3e63bd15ff5231ecb465ca2956dfb41496cd24e7a22602210d44bac,gx-no-cache=1747921556274 HTTP/1.1" 200 45
201.186.225.191 - - [22/May/2025:10:43:25 -0300] "POST /cormun/servlet/permisogoce?39bebe514b65146334e4a8d61b5cb919,INS,0,,,,gx-no-cache=1747921559100 HTTP/1.1" 200 93
201.186.225.191 - - [22/May/2025:10:43:25 -0300] "GET /cormun/servlet/hpexe_return? HTTP/1.1" 200 1010
201.186.225.191 - - [22/May/2025:10:43:25 -0300] "GET /cormun/servlet/trpermisosgoce HTTP/1.1" 200 9942
201.186.225.191 - - [22/May/2025:10:43:29 -0300] "GET /cormun/servlet/trpermisosadjuntos?18039171,20250522094607,P, HTTP/1.1" 200 6511
201.186.225.191 - - [22/May/2025:10:43:31 -0300] "GET /cormun/servlet/permisosadjuntos?INS,18039171,P,20250522094607,, HTTP/1.1" 200 5834
201.186.225.191 - - [22/May/2025:10:43:31 -0300] "GET /cormun/static/about:blank HTTP/1.1" 404 1011
201.186.225.191 - - [22/May/2025:10:43:42 -0300] "POST /cormun/servlet/permisosadjuntos?39bebe514b65146334e4a8d61b5cb919,INS,18039171,P,20250522094607,, HTTP/1.1" 200 116
201.186.225.191 - - [22/May/2025:10:43:42 -0300] "GET /cormun/servlet/hpexe_return? HTTP/1.1" 200 1038
201.186.225.191 - - [22/May/2025:10:43:42 -0300] "GET /cormun/servlet/trpermisosadjuntos?18039171,20250522094607,P, HTTP/1.1" 200 7003
190.95.67.99 - - [22/May/2025:10:43:51 -0300] "GET /cormun/servlet/permisogoce?0b614302234f7902968219598526851a599354a2cd045d1fa9f17f3dd786b8236cd2917ca6a4305067fa8ece64107a69f97259fc8443ef00df7e3af0c58fe814,gx-no-cache=1747921586444 HTTP/1.1" 200 83
201.186.225.191 - - [22/May/2025:10:43:57 -0300] "GET /cormun/servlet/trpermisosgoce? HTTP/1.1" 200 9938
190.95.67.99 - - [22/May/2025:10:43:57 -0300] "GET /cormun/servlet/permisogoce?0b614302234f7902968219598526851ad8695d5258360c28ce521fb0d8e62f8e56d594b1a9925cf4096c1863e1eda7755fadc44cd990326f87ac1eae8bc70a39,gx-no-cache=1747921592322 HTTP/1.1" 200 48
190.95.67.99 - - [22/May/2025:10:44:00 -0300] "POST /cormun/servlet/permisogoce?30c30c6166cd9bf3acbb7d403e7c31da,INS,0,,,,gx-no-cache=1747921594170 HTTP/1.1" 200 93
190.95.67.99 - - [22/May/2025:10:44:00 -0300] "GET /cormun/servlet/hpexe_return? HTTP/1.1" 200 1008
190.95.67.99 - - [22/May/2025:10:44:00 -0300] "GET /cormun/servlet/trpermisosgoce HTTP/1.1" 200 13050
190.95.67.99 - - [22/May/2025:10:44:04 -0300] "GET /cormun/servlet/apermisogoceprn?13720292,P,20250522094602,PU HTTP/1.1" 200 1657
201.186.225.191 - - [22/May/2025:10:44:33 -0300] "GET /cormun/servlet/permisogoce?INS,0,,, HTTP/1.1" 200 7055
201.186.225.191 - - [22/May/2025:10:44:45 -0300] "GET /cormun/servlet/permisogoce?30cfaf939af5645738b8845e072c0fb3da6d25e8de023119cfb7c196056b5cdc473e1a84338fbccd423fe146a6220d3342929dc4f66f6936fbb20d1721f3b9b9,gx-no-cache=1747921640295 HTTP/1.1" 200 77
201.186.225.191 - - [22/May/2025:10:44:55 -0300] "GET /cormun/servlet/permisogoce?30cfaf939af5645738b8845e072c0fb33b5aa8fcbbf182be8239299809a1826cf6b8dbd09cf54c6ee68b61759cc78a4a6a5fc95fa89a26d1c77b51379252f943,gx-no-cache=1747921650409 HTTP/1.1" 200 47
201.186.225.191 - - [22/May/2025:10:44:58 -0300] "POST /cormun/servlet/permisogoce?39bebe514b65146334e4a8d61b5cb919,INS,0,,,,gx-no-cache=1747921652023 HTTP/1.1" 200 93
201.186.225.191 - - [22/May/2025:10:44:58 -0300] "GET /cormun/servlet/hpexe_return? HTTP/1.1" 200 1010
201.186.225.191 - - [22/May/2025:10:44:58 -0300] "GET /cormun/servlet/trpermisosgoce HTTP/1.1" 200 9942
201.186.225.191 - - [22/May/2025:10:45:10 -0300] "POST /cormun/servlet/trpermisosgoce?39bebe514b65146334e4a8d61b5cb919,gx-no-cache=1747921664760 HTTP/1.1" 200 10809
201.186.225.191 - - [22/May/2025:10:45:16 -0300] "GET /cormun/servlet/trpermisosadjuntos?13581561,20250522094731,P, HTTP/1.1" 200 6504
201.186.225.191 - - [22/May/2025:10:45:17 -0300] "GET /cormun/servlet/permisosadjuntos?INS,13581561,P,20250522094731,, HTTP/1.1" 200 5830
201.186.225.191 - - [22/May/2025:10:45:17 -0300] "GET /cormun/static/about:blank HTTP/1.1" 404 1011
201.186.225.191 - - [22/May/2025:10:45:55 -0300] "POST /cormun/servlet/permisosadjuntos?39bebe514b65146334e4a8d61b5cb919,INS,13581561,P,20250522094731,,,gx-no-cache=1747921710244 HTTP/1.1" 200 93
201.186.225.191 - - [22/May/2025:10:45:55 -0300] "GET /cormun/servlet/hpexe_return? HTTP/1.1" 200 1038
201.186.225.191 - - [22/May/2025:10:45:55 -0300] "GET /cormun/servlet/trpermisosadjuntos?13581561,20250522094731,P, HTTP/1.1" 200 6508
201.186.225.191 - - [22/May/2025:10:45:59 -0300] "GET /cormun/servlet/trpermisosgoce? HTTP/1.1" 200 13470
190.95.67.99 - - [22/May/2025:10:46:19 -0300] "GET /cormun/servlet/trsolicitudot? HTTP/1.1" 200 7518
190.95.67.99 - - [22/May/2025:10:46:19 -0300] "GET /cormun/static/gxcfg.js?20221129846531 HTTP/1.1" 200 953
190.95.67.99 - - [22/May/2025:10:46:19 -0300] "GET /cormun/static/trsolicitudot.js?202211298465651 HTTP/1.1" 200 54040
190.95.67.99 - - [22/May/2025:10:46:24 -0300] "GET /cormun/servlet/solicitudot?INS,0,0,false, HTTP/1.1" 200 16300
190.95.67.99 - - [22/May/2025:10:46:24 -0300] "GET /cormun/static/gxcfg.js?20221129840861 HTTP/1.1" 200 953
190.95.67.99 - - [22/May/2025:10:46:24 -0300] "GET /cormun/static/solicitudot.js?20221129840983 HTTP/1.1" 200 74072
190.95.67.99 - - [22/May/2025:10:46:42 -0300] "POST /cormun/servlet/solicitudot?gx-no-cache=1747921757183 HTTP/1.1" 200 4046
190.95.67.99 - - [22/May/2025:10:46:42 -0300] "POST /cormun/servlet/solicitudot?30c30c6166cd9bf3acbb7d403e7c31da,INS,0,0,false,,gx-no-cache=1747921757325 HTTP/1.1" 200 12898
190.95.67.99 - - [22/May/2025:10:46:47 -0300] "GET /cormun/servlet/solicitudot?a0cd9236ff177a142a06927a85c545b5e73d68fbf0a1d317a9e6e9a1ddbfacaa420f3997bfc52c32d8d097539bd81b82,gx-no-cache=1747921762194 HTTP/1.1" 200 30
200.126.116.145 - - [22/May/2025:10:47:16 -0300] "GET /cormun/servlet/trsolicitudot? HTTP/1.1" 200 7535
200.126.116.145 - - [22/May/2025:10:47:19 -0300] "GET /cormun/servlet/solicitudot?INS,0,0,false, HTTP/1.1" 200 16311
200.126.116.145 - - [22/May/2025:10:47:37 -0300] "POST /cormun/servlet/solicitudot?gx-no-cache=1747921812486 HTTP/1.1" 200 4046
200.126.116.145 - - [22/May/2025:10:47:37 -0300] "POST /cormun/servlet/solicitudot?232af4b3c3fb0b29bb244b35baf1c41c,INS,0,0,false,,gx-no-cache=1747921812623 HTTP/1.1" 200 12887
200.126.116.145 - - [22/May/2025:10:47:50 -0300] "GET /cormun/servlet/solicitudot?ffff4672cdce1a7f575ba415f44d10ebee61b61a389cf1e097268a60b3453801073104c9f1123d241990f4410c9b775b,gx-no-cache=1747921825581 HTTP/1.1" 200 30
200.126.116.145 - - [22/May/2025:10:48:01 -0300] "POST /cormun/servlet/solicitudot?gx-no-cache=1747921836878 HTTP/1.1" 200 4107
200.126.116.145 - - [22/May/2025:10:48:01 -0300] "GET /cormun/static/Shared/jqueryui/images/ui-bg_highlight-soft_100_c6c2c8_1x100.png HTTP/1.1" 404 1117
200.126.116.145 - - [22/May/2025:10:48:01 -0300] "GET /cormun/static/Shared/jqueryui/images/ui-icons_82798d_256x240.png HTTP/1.1" 404 1089
200.126.116.145 - - [22/May/2025:10:48:01 -0300] "GET /cormun/static/Shared/jqueryui/images/ui-bg_flat_55_994d53_40x100.png HTTP/1.1" 404 1097
200.126.116.145 - - [22/May/2025:10:48:01 -0300] "GET /cormun/static/Shared/jqueryui/images/ui-icons_ebccce_256x240.png HTTP/1.1" 404 1089
179.57.78.71 - - [22/May/2025:10:48:46 -0300] "GET /cormun/servlet/trsolicitudot? HTTP/1.1" 200 7472
179.57.78.71 - - [22/May/2025:10:48:49 -0300] "GET /cormun/servlet/trautorizarsolicitud? HTTP/1.1" 200 7375
179.57.78.71 - - [22/May/2025:10:48:57 -0300] "GET /cormun/servlet/trvisualizadoreventos? HTTP/1.1" 200 7027
179.57.78.71 - - [22/May/2025:10:48:57 -0300] "GET /cormun/servlet/trvisualizadoreventos? HTTP/1.1" 200 7027
179.57.78.71 - - [22/May/2025:10:48:57 -0300] "GET /cormun/servlet/trvisualizadoreventos? HTTP/1.1" 200 7027
179.57.78.71 - - [22/May/2025:10:48:57 -0300] "GET /cormun/servlet/trvisualizadoreventos? HTTP/1.1" 200 7027
179.57.78.71 - - [22/May/2025:10:48:57 -0300] "GET /cormun/static/gxcfg.js?202211298474834 HTTP/1.1" 200 953
179.57.78.71 - - [22/May/2025:10:48:57 -0300] "GET /cormun/static/trvisualizadoreventos.js?202211298474971 HTTP/1.1" 200 19318
190.95.1.129 - - [22/May/2025:10:49:12 -0300] "GET /cormun/servlet/hlogin HTTP/1.1" 200 1718
190.95.1.129 - - [22/May/2025:10:49:12 -0300] "GET /cormun/servlet/hlogin HTTP/1.1" 200 1729
190.95.1.129 - - [22/May/2025:10:49:20 -0300] "POST /cormun/servlet/hlogin?d40310621eafd7d57e76c1a58c50340d,gx-no-cache=1747921914853 HTTP/1.1" 200 90
190.95.1.129 - - [22/May/2025:10:49:20 -0300] "GET /cormun/servlet/hpexe_link HTTP/1.1" 200 949
190.95.1.129 - - [22/May/2025:10:49:20 -0300] "GET /cormun/servlet/hhome HTTP/1.1" 200 4301
190.95.1.129 - - [22/May/2025:10:49:22 -0300] "GET /cormun/servlet/trlicencias? HTTP/1.1" 200 13124
201.186.225.191 - - [22/May/2025:10:49:23 -0300] "GET /cormun/servlet/permisogoce?INS,0,,, HTTP/1.1" 200 7055
190.95.1.129 - - [22/May/2025:10:49:26 -0300] "POST /cormun/servlet/trlicencias?d40310621eafd7d57e76c1a58c50340d,,gx-no-cache=1747921920855 HTTP/1.1" 200 10851
201.186.225.191 - - [22/May/2025:10:49:35 -0300] "GET /cormun/servlet/permisogoce?30cfaf939af5645738b8845e072c0fb3ba9d12838ab4ffdd7f0a10ebe82d96dc473e1a84338fbccd423fe146a6220d3342929dc4f66f6936fbb20d1721f3b9b9,gx-no-cache=1747921929811 HTTP/1.1" 200 74
201.186.225.191 - - [22/May/2025:10:50:04 -0300] "GET /cormun/servlet/permisogoce?30cfaf939af5645738b8845e072c0fb38d511d9e218743deea770c06c97ca3e3d7e15528532db078c09d39726510937a956dfb41496cd24e7a22602210d44bac,gx-no-cache=1747921958603 HTTP/1.1" 200 47
201.186.225.191 - - [22/May/2025:10:50:07 -0300] "POST /cormun/servlet/permisogoce?39bebe514b65146334e4a8d61b5cb919,INS,0,,,,gx-no-cache=1747921961555 HTTP/1.1" 200 93
201.186.225.191 - - [22/May/2025:10:50:07 -0300] "GET /cormun/servlet/hpexe_return? HTTP/1.1" 200 1010
201.186.225.191 - - [22/May/2025:10:50:07 -0300] "GET /cormun/servlet/trpermisosgoce HTTP/1.1" 200 13681
190.95.1.185 - - [22/May/2025:10:50:32 -0300] "GET /cormun/servlet/hlogin HTTP/1.1" 200 1724
190.95.1.185 - - [22/May/2025:10:50:32 -0300] "GET /cormun/servlet/hlogin HTTP/1.1" 200 1724
190.95.1.185 - - [22/May/2025:10:50:34 -0300] "POST /cormun/servlet/hlogin?a81e798b37f4f0f66fbd706220db1d35,gx-no-cache=1747921989426 HTTP/1.1" 200 90
190.95.1.185 - - [22/May/2025:10:50:34 -0300] "GET /cormun/servlet/hpexe_link HTTP/1.1" 200 953
190.95.1.185 - - [22/May/2025:10:50:35 -0300] "GET /cormun/servlet/hhome HTTP/1.1" 200 4478
190.95.1.185 - - [22/May/2025:10:50:38 -0300] "GET /cormun/servlet/trsolicitudot? HTTP/1.1" 200 7698
190.95.1.185 - - [22/May/2025:10:50:41 -0300] "GET /cormun/servlet/solicitudot?INS,0,0,false, HTTP/1.1" 200 16489
190.95.1.185 - - [22/May/2025:10:50:41 -0300] "GET /cormun/static/gxcfg.js?20221129840861 HTTP/1.1" 200 953
190.95.1.185 - - [22/May/2025:10:50:41 -0300] "GET /cormun/static/solicitudot.js?20221129840983 HTTP/1.1" 200 74072
201.186.225.191 - - [22/May/2025:10:50:57 -0300] "GET /cormun/servlet/trpermisosadjuntos?26604994,20250522095221,P, HTTP/1.1" 200 6503
201.186.225.191 - - [22/May/2025:10:50:59 -0300] "GET /cormun/servlet/permisosadjuntos?INS,26604994,P,20250522095221,, HTTP/1.1" 200 5827
201.186.225.191 - - [22/May/2025:10:50:59 -0300] "GET /cormun/static/about:blank HTTP/1.1" 404 1011
201.186.225.191 - - [22/May/2025:10:51:10 -0300] "POST /cormun/servlet/permisosadjuntos?39bebe514b65146334e4a8d61b5cb919,INS,26604994,P,20250522095221,, HTTP/1.1" 200 116
201.186.225.191 - - [22/May/2025:10:51:10 -0300] "GET /cormun/servlet/hpexe_return? HTTP/1.1" 200 1037
201.186.225.191 - - [22/May/2025:10:51:10 -0300] "GET /cormun/servlet/trpermisosadjuntos?26604994,20250522095221,P, HTTP/1.1" 200 7000
201.186.225.191 - - [22/May/2025:10:51:13 -0300] "GET /cormun/servlet/trpermisosgoce? HTTP/1.1" 200 13690
190.95.67.99 - - [22/May/2025:10:51:42 -0300] "GET /cormun/servlet/solicitudot?a0cd9236ff177a142a06927a85c545b557c462c2cd6457b7b3150e2504f8973d,gx-no-cache=1747922056693 HTTP/1.1" 200 94
190.95.67.99 - - [22/May/2025:10:51:42 -0300] "GET /cormun/static/Shared/jqueryui/images/ui-bg_highlight-soft_100_c6c2c8_1x100.png HTTP/1.1" 404 1117
190.95.67.99 - - [22/May/2025:10:51:42 -0300] "GET /cormun/static/Shared/jqueryui/images/ui-icons_82798d_256x240.png HTTP/1.1" 404 1089
190.95.67.99 - - [22/May/2025:10:51:42 -0300] "GET /cormun/static/Shared/jqueryui/images/ui-bg_flat_55_994d53_40x100.png HTTP/1.1" 404 1097
190.95.67.99 - - [22/May/2025:10:51:42 -0300] "GET /cormun/static/Shared/jqueryui/images/ui-icons_ebccce_256x240.png HTTP/1.1" 404 1089
190.95.67.99 - - [22/May/2025:10:51:42 -0300] "GET /cormun/servlet/solicitudot?a0cd9236ff177a142a06927a85c545b58d2f293c5142e83d8a8ef850a70bc0c6,gx-no-cache=1747922056916 HTTP/1.1" 200 29
190.95.1.185 - - [22/May/2025:10:51:59 -0300] "POST /cormun/servlet/solicitudot?gx-no-cache=1747922073521 HTTP/1.1" 200 4046
190.95.1.185 - - [22/May/2025:10:51:59 -0300] "POST /cormun/servlet/solicitudot?a81e798b37f4f0f66fbd706220db1d35,INS,0,0,false,,gx-no-cache=1747922073656 HTTP/1.1" 200 12900
190.95.1.185 - - [22/May/2025:10:52:00 -0300] "GET /cormun/servlet/solicitudot?e00709ab0c3c7f7cf6459ddf487d84cb1109cd0286bd038c2de51c7e5ca34b0e2fbc5ea23a362659673be673ff07e95d,gx-no-cache=1747922074630 HTTP/1.1" 200 30
190.95.67.99 - - [22/May/2025:10:52:05 -0300] "GET /cormun/static/Resources/resize.gif HTTP/1.1" 200 77
190.95.67.99 - - [22/May/2025:10:52:05 -0300] "GET /cormun/static/Resources/PXTools/ClosePrompt.png HTTP/1.1" 200 1036
190.95.67.99 - - [22/May/2025:10:52:05 -0300] "GET /cormun/servlet/prrenuncias?,MD,,gxPopupLevel%3D0%3B HTTP/1.1" 200 6012
190.95.67.99 - - [22/May/2025:10:52:05 -0300] "GET /cormun/static/gxui/gxui-all.css?110300 HTTP/1.1" 200 2179
190.95.67.99 - - [22/May/2025:10:52:05 -0300] "GET /cormun/static/calendar-system.css?75620 HTTP/1.1" 200 5572
190.95.67.99 - - [22/May/2025:10:52:05 -0300] "GET /cormun/static/gxcfg.js?201992416202991 HTTP/1.1" 200 953
190.95.67.99 - - [22/May/2025:10:52:05 -0300] "GET /cormun/static/Resources/PXToolsMenuSearch.png HTTP/1.1" 200 336
190.95.67.99 - - [22/May/2025:10:52:05 -0300] "GET /cormun/static/menusearch.js?20201214473581 HTTP/1.1" 200 1424
190.95.67.99 - - [22/May/2025:10:52:05 -0300] "GET /cormun/static/prrenuncias.js?201992416203493 HTTP/1.1" 200 22278
190.95.67.99 - - [22/May/2025:10:52:05 -0300] "GET /cormun/static/hmpwkw011.js?202211298443482 HTTP/1.1" 200 1968
190.95.67.99 - - [22/May/2025:10:52:05 -0300] "GET /cormun/static/Resources/Spanish/PXTools.css?2294816 HTTP/1.1" 200 100853
190.95.67.99 - - [22/May/2025:10:52:05 -0300] "GET /cormun/static/Shared/ext/resources/css/ext-all.css?205870 HTTP/1.1" 200 416045
190.95.67.99 - - [22/May/2025:10:52:05 -0300] "GET /cormun/static/Resources/PXToolsMenuSearchCancel.png HTTP/1.1" 200 306
190.95.67.99 - - [22/May/2025:10:52:06 -0300] "POST /cormun/servlet/acontrolpreferencessavestate?None,MREYES,true HTTP/1.1" 200 35
190.95.67.99 - - [22/May/2025:10:52:11 -0300] "GET /cormun/servlet/solicitudot?a0cd9236ff177a142a06927a85c545b557c462c2cd6457b7b3150e2504f8973d,gx-no-cache=1747922085508 HTTP/1.1" 200 94
190.95.67.99 - - [22/May/2025:10:52:20 -0300] "POST /cormun/servlet/solicitudot?gx-no-cache=1747922094696 HTTP/1.1" 200 297
190.95.67.99 - - [22/May/2025:10:52:20 -0300] "GET /cormun/servlet/solicitudot?a0cd9236ff177a142a06927a85c545b523e64f190a3fe1ea52e4971c093574ac7dedaaa1f6b6c8a0c8e51e9d456cb9063059b3b5f66ceac94e8c0ff75ae722141d764541a78f359144009ad878bbd585398da6ecf8c5dca9736518dd80ad172e8a633eff592bfe88782c715b78bab4a8ddd25fbbf860a434e6c3caebb95dc663341d444cee79f68e62e40020effb0e64eb6e6e47bf059ee54f9571838643258d78a0680b285645b24d7fbfdb4d9a34f2f1b43ce91aac29aed6d470bedc17733f7576f51a5d72bb11272d2f6a3b53072a51670759001c5ce95284f44f169b64aa891c010d59da9e56cc863f05eb6671eea2d7f98c911873e7d12e2dd68f0907e2bd6dc37f6ea6937672d999d81943c11c6f74c43674e8b02a4374518fc708463fe356f3060618ee183dccc194ac8316182e34571ca6fab16012406e5563278d5ad9b0b4cc77c85a6b701307a0de2c79ea14dbae9a9154a9e397fd055f15e18accf71232f04ea854f2ffafc58ea84d29a37d5c29cb33073a16d77203cd9c6b418411f1f4333797079188942cf828673446,gx-no-cache=1747922094741 HTTP/1.1" 200 30
190.95.67.99 - - [22/May/2025:10:52:22 -0300] "POST /cormun/servlet/solicitudot?gx-no-cache=1747922097112 HTTP/1.1" 200 30
201.186.225.191 - - [22/May/2025:10:52:24 -0300] "GET /cormun/servlet/hlogin HTTP/1.1" 200 1741
190.95.67.99 - - [22/May/2025:10:52:26 -0300] "GET /cormun/servlet/prfichaempleado?,MD,,gxPopupLevel%3D0%3B HTTP/1.1" 200 9337
190.95.67.99 - - [22/May/2025:10:52:26 -0300] "GET /cormun/static/gxcfg.js?20201215571085 HTTP/1.1" 200 953
190.95.67.99 - - [22/May/2025:10:52:26 -0300] "GET /cormun/static/prfichaempleado.js?20201215572193 HTTP/1.1" 200 16005
179.57.78.71 - - [22/May/2025:10:53:07 -0300] "POST /cormun/servlet/trvisualizadoreventos?f144be48907a2f1243d5f2ec9ea34653,,gx-no-cache=1747922141569 HTTP/1.1" 200 4309
190.95.67.99 - - [22/May/2025:10:53:07 -0300] "POST /cormun/servlet/prfichaempleado?30c30c6166cd9bf3acbb7d403e7c31da,,MD,,gxPopupLevel%3D0%3B,gx-no-cache=1747922141881 HTTP/1.1" 200 6106
179.57.78.71 - - [22/May/2025:10:53:10 -0300] "POST /cormun/servlet/trvisualizadoreventos?f144be48907a2f1243d5f2ec9ea34653,,gx-no-cache=1747922144864 HTTP/1.1" 200 4309
179.57.78.71 - - [22/May/2025:10:53:18 -0300] "GET /cormun/servlet/avisualizareventos?2025,22633,ING,20250325,20250522,PU HTTP/1.1" 200 1024
179.57.78.71 - - [22/May/2025:10:53:19 -0300] "GET /cormun/servlet/avisualizareventos?2025,22633,ING,20250325,20250522,PU HTTP/1.1" 200 1024
179.57.78.71 - - [22/May/2025:10:53:29 -0300] "POST /cormun/servlet/trvisualizadoreventos?f144be48907a2f1243d5f2ec9ea34653,,gx-no-cache=1747922163936 HTTP/1.1" 200 4308
179.57.78.71 - - [22/May/2025:10:53:30 -0300] "POST /cormun/servlet/trvisualizadoreventos?f144be48907a2f1243d5f2ec9ea34653,,gx-no-cache=1747922165408 HTTP/1.1" 200 4308
179.57.78.71 - - [22/May/2025:10:53:31 -0300] "POST /cormun/servlet/trvisualizadoreventos?f144be48907a2f1243d5f2ec9ea34653,,gx-no-cache=1747922165664 HTTP/1.1" 200 4308
190.95.67.97 - - [22/May/2025:10:54:02 -0300] "GET /cormun/servlet/permisogoce?INS,0,,, HTTP/1.1" 200 6033
190.95.67.97 - - [22/May/2025:10:54:03 -0300] "GET /cormun/servlet/hlogin HTTP/1.1" 200 1747
190.95.1.185 - - [22/May/2025:10:54:28 -0300] "GET /cormun/servlet/prbanco?,MD,,gxPopupLevel%3D0%3B HTTP/1.1" 200 6904
190.95.1.185 - - [22/May/2025:10:54:28 -0300] "GET /cormun/static/gxcfg.js?20201216131581 HTTP/1.1" 200 953
190.95.1.185 - - [22/May/2025:10:54:28 -0300] "GET /cormun/static/prbanco.js?20201216132311 HTTP/1.1" 200 10693
190.95.1.185 - - [22/May/2025:10:54:31 -0300] "GET /cormun/servlet/solicitudot?e00709ab0c3c7f7cf6459ddf487d84cb8c93fca5531c6583ca0e8abb459e6195c1aa3203684810466c0eed2241cbd32a6b9878dddb9d986033aac12feb96dd53,gx-no-cache=1747922226101 HTTP/1.1" 200 30
179.57.78.9 - - [22/May/2025:10:54:34 -0300] "GET /cormun/servlet/hlogin HTTP/1.1" 200 1722
190.95.1.185 - - [22/May/2025:10:54:35 -0300] "GET /cormun/servlet/solicitudot?e00709ab0c3c7f7cf6459ddf487d84cb59ce8d5b0c55b5fcb229d4fe6e7b3958,gx-no-cache=1747922230380 HTTP/1.1" 200 45
179.57.78.9 - - [22/May/2025:10:54:40 -0300] "POST /cormun/servlet/hlogin?426c0c5ac495e9b2f70e0f09e4c3d679,gx-no-cache=1747922235029 HTTP/1.1" 200 90
179.57.78.9 - - [22/May/2025:10:54:40 -0300] "GET /cormun/servlet/hpexe_link HTTP/1.1" 200 953
179.57.78.9 - - [22/May/2025:10:54:40 -0300] "GET /cormun/servlet/hhome HTTP/1.1" 200 4350
179.57.78.9 - - [22/May/2025:10:54:43 -0300] "GET /cormun/servlet/trlicencias? HTTP/1.1" 200 10397
190.95.1.185 - - [22/May/2025:10:55:00 -0300] "POST /cormun/servlet/solicitudot?gx-no-cache=1747922254535 HTTP/1.1" 200 297
190.95.1.185 - - [22/May/2025:10:55:00 -0300] "GET /cormun/servlet/solicitudot?e00709ab0c3c7f7cf6459ddf487d84cb56e142c70dc5d52cd27d3bac36c7de92345b480bf449054e232d4b3782131f1df12e09e9541b6921f9540c0108f95c9c57cc019064662a34d2595f554513048d57f3dd9afc88e83605cd7d60520be2e9978fa38a955aaef58217502659106309163579f2e16788bdc542b1e61019c231a7314f0119fa7bb89089f830c4b492e7df3abea71dd49fa7b857920a9ee5fc530862361d94c366de759bd4c77f84d04cdc111e34e79fe8478d279a3e2efa1dbefec589b59b2e7dd14a060bb29a05fc3a64b4bef48bee5167bdc1025d5eec8050932469be68969607fd682aff8a218d1009584e6a6b226b031edad0104c9a67c030ccb43c502a34f6c5636d265cfcbe9d495526132ed98d4cd1bfa51b1377ee1d723beb2e39a7ef833dc03a77a37785f95c0da81a44632fb863df6cfdcba1756e6b339c1a5df18910a4e6e7b40e4aaf4deecc0c4e9a84f8c870eff61f9b409cbc50029d025135cdeec66e5d219105bb4b601dc4dbf34890aa3b690b7e800c6bd4a7479f294a753db64f01ed847a0d0a8d,gx-no-cache=1747922254575 HTTP/1.1" 200 30
190.95.67.97 - - [22/May/2025:10:55:05 -0300] "POST /cormun/servlet/hlogin?718ca4ae857c70b0a8ee4766ad44dce1,gx-no-cache=1747922182487 HTTP/1.1" 200 90
190.95.67.97 - - [22/May/2025:10:55:05 -0300] "GET /cormun/servlet/hpexe_link HTTP/1.1" 200 966
190.95.67.97 - - [22/May/2025:10:55:05 -0300] "GET /cormun/servlet/permisogoce?INS,0,,, HTTP/1.1" 200 6566
190.95.1.185 - - [22/May/2025:10:55:11 -0300] "POST /cormun/servlet/solicitudot?gx-no-cache=1747922266298 HTTP/1.1" 200 30
190.95.1.185 - - [22/May/2025:10:55:14 -0300] "POST /cormun/servlet/solicitudot?gx-no-cache=1747922268501 HTTP/1.1" 200 1481
190.95.1.185 - - [22/May/2025:10:55:14 -0300] "POST /cormun/servlet/solicitudot?gx-no-cache=1747922268538 HTTP/1.1" 200 38
190.95.67.97 - - [22/May/2025:10:55:15 -0300] "GET /cormun/servlet/permisogoce?c079d5ebe2545ea3cae36debb18c20266d81b7c7c3b0886e11954796ae2139c1c8c09979ddb8572137d73570fed22cad290618d83cc2a3c8057b0e43b86bcadd,gx-no-cache=1747922192604 HTTP/1.1" 200 76
190.95.67.97 - - [22/May/2025:10:55:16 -0300] "GET /cormun/static/menuarrow.gif HTTP/1.1" 404 1015
190.95.67.97 - - [22/May/2025:10:55:21 -0300] "GET /cormun/servlet/permisogoce?c079d5ebe2545ea3cae36debb18c20266e42322b2c6f21825f72d0d6d0b6ac82e3621eef37f120c1390e668b9568e42f5b33a2895a92cbbc5e308100311bfedf,gx-no-cache=1747922198830 HTTP/1.1" 200 48
190.95.67.97 - - [22/May/2025:10:55:24 -0300] "POST /cormun/servlet/permisogoce?718ca4ae857c70b0a8ee4766ad44dce1,INS,0,,,,gx-no-cache=1747922200420 HTTP/1.1" 200 93
190.95.67.97 - - [22/May/2025:10:55:24 -0300] "GET /cormun/servlet/hpexe_return? HTTP/1.1" 200 1009
190.95.67.97 - - [22/May/2025:10:55:25 -0300] "GET /cormun/servlet/hhome HTTP/1.1" 200 3876
190.95.67.97 - - [22/May/2025:10:55:28 -0300] "GET /cormun/servlet/trpermisosgoce? HTTP/1.1" 200 13559
190.95.1.185 - - [22/May/2025:10:55:39 -0300] "GET /cormun/servlet/solicitudot?e00709ab0c3c7f7cf6459ddf487d84cb451fc232f69b26d672a571f96a9271e76d3b48a3d6ff90c3fb71c153e426f978949c3845b5aa2e476fa908b169ac6e5a5628317d1ee0ac2e97ddc60b2aa518e80b92fafb84666b2d61d982649a81a69e96a30b3847b29a87a0f8944e9fcc41ea,gx-no-cache=1747922294141 HTTP/1.1" 200 110
190.95.2.157 - - [22/May/2025:10:55:44 -0300] "GET /cormun/servlet/hlogin HTTP/1.1" 200 1719
190.95.1.185 - - [22/May/2025:10:55:46 -0300] "POST /cormun/servlet/solicitudot?gx-no-cache=1747922300547 HTTP/1.1" 200 72
190.95.2.157 - - [22/May/2025:10:55:51 -0300] "POST /cormun/servlet/hlogin?680eff10781c26c5deca7ac8cfdf5101,gx-no-cache=1747922305633 HTTP/1.1" 200 423
190.95.2.157 - - [22/May/2025:10:55:57 -0300] "POST /cormun/servlet/hlogin?680eff10781c26c5deca7ac8cfdf5101,gx-no-cache=1747922311537 HTTP/1.1" 200 90
190.95.2.157 - - [22/May/2025:10:55:57 -0300] "GET /cormun/servlet/hpexe_link HTTP/1.1" 200 964
190.95.2.157 - - [22/May/2025:10:55:57 -0300] "GET /cormun/servlet/solicitudot?INS,0,0,false, HTTP/1.1" 200 16306
190.95.1.185 - - [22/May/2025:10:56:15 -0300] "GET /cormun/servlet/solicitudot?e00709ab0c3c7f7cf6459ddf487d84cb451fc232f69b26d672a571f96a9271e76d3b48a3d6ff90c3fb71c153e426f978949c3845b5aa2e476fa908b169ac6e5a5628317d1ee0ac2e97ddc60b2aa518e80b92fafb84666b2d61d982649a81a69e96a30b3847b29a87a0f8944e9fcc41ea,gx-no-cache=1747922329701 HTTP/1.1" 200 110
190.95.1.185 - - [22/May/2025:10:56:23 -0300] "GET /cormun/servlet/solicitudot?e00709ab0c3c7f7cf6459ddf487d84cbe0a870a575e9c3db7d4022cc929f10242487f5eef493e73ccb720e7893a2a676c282b59f2aea2435d9871bdba3f5e54e72957e68ef62c636fef6f9cf935bc60dca9d0b778f576d659c0017c9e67461f6fec61793da9d47d99fdabaf70c8ac72e,gx-no-cache=1747922337985 HTTP/1.1" 200 29
190.95.1.185 - - [22/May/2025:10:56:23 -0300] "GET /cormun/static/menuarrow.gif HTTP/1.1" 404 1015
190.95.1.185 - - [22/May/2025:10:56:25 -0300] "GET /cormun/servlet/solicitudot?e00709ab0c3c7f7cf6459ddf487d84cb0ec5e8a12ae4bdcf0efadd94a604d92956a5caafc42573561c3341b1c28ecc60,gx-no-cache=1747922340134 HTTP/1.1" 200 30
190.95.2.157 - - [22/May/2025:10:56:30 -0300] "POST /cormun/servlet/solicitudot?gx-no-cache=1747922344841 HTTP/1.1" 200 4160
190.95.2.157 - - [22/May/2025:10:56:30 -0300] "POST /cormun/servlet/solicitudot?680eff10781c26c5deca7ac8cfdf5101,INS,0,0,false,,gx-no-cache=1747922344983 HTTP/1.1" 200 13020
190.95.1.185 - - [22/May/2025:10:56:33 -0300] "POST /cormun/servlet/solicitudot?gx-no-cache=1747922347627 HTTP/1.1" 200 30
200.126.116.145 - - [22/May/2025:10:56:54 -0300] "GET /cormun/servlet/trlicencias? HTTP/1.1" 200 9778
190.95.2.157 - - [22/May/2025:10:56:55 -0300] "GET /cormun/servlet/solicitudot?a25de7fd0244e4ab773eab1393426ec73c85ea2bd1ca0dc7b0be7807b8ae9be1c0add8f6ec2065f2df6c608ebb5a3378,gx-no-cache=1747922370053 HTTP/1.1" 200 30
190.95.2.157 - - [22/May/2025:10:56:55 -0300] "GET /cormun/servlet/solicitudot?a25de7fd0244e4ab773eab1393426ec7341e5834df04a3c05958fe53414437a2e98c34ed2fdcece55065414253e2bfa831cec099a0645513c9e7ba755c68dfc7,gx-no-cache=1747922370077 HTTP/1.1" 200 30
190.95.2.157 - - [22/May/2025:10:56:55 -0300] "GET /cormun/servlet/solicitudot?a25de7fd0244e4ab773eab1393426ec73b23a6099436db85661b3617b2603aab,gx-no-cache=1747922370090 HTTP/1.1" 200 51
190.95.2.157 - - [22/May/2025:10:56:55 -0300] "POST /cormun/servlet/solicitudot?gx-no-cache=1747922370107 HTTP/1.1" 200 255
190.95.2.157 - - [22/May/2025:10:56:55 -0300] "GET /cormun/servlet/solicitudot?a25de7fd0244e4ab773eab1393426ec7c2e1f9b43b2b6fcacd33811c8cb850f5507ca5031a1b5df6ef2b704f316a0f4855a5cc9b0bdb559bdc84e0d88b69a5ec185baa0457faae99f38a2a3ad44908eb27dccd28e8cdd66a722c52ca6f0d730f1bf2cae636339cf47b7d5be0e16c9fefbf803dc6d44573f698da04c2a1d89a0337036f46ee796aba9b7efbb04d37f6ccc5b160e1dc3e228b3d624d6b9e083f0523b6071fca57c5f32b458324273faf39b5b6ca82a6a617c59afca3b060c2777df3a0b72658ef0e60cbfbd75c8112764ece1bc76c354ff23b4f63d02da03b3406c5738cafe765856ef7fc04a6b10a40b9da68148fe73ba138c8e06cbd8b062303e0f164ce11867a8c569405c6e5f6d839a564d1406c5650c2097d462a9c1060de938ed286b043419f2e541e2a9040302d46c9ba5310b67e2f10566a50db259a8897f7bd5d420eb0ad982ea876aeb581ab6f5ff7bc0e8592aa5a43b7c0610c4f8eaa953099a92391f2bbeb42e2e2c410a5476e4a3e15e2bd27fb2d46151f43af07,gx-no-cache=1747922370123 HTTP/1.1" 200 30
190.95.2.157 - - [22/May/2025:10:56:55 -0300] "POST /cormun/servlet/solicitudot?gx-no-cache=1747922370140 HTTP/1.1" 200 30
190.95.2.157 - - [22/May/2025:10:56:55 -0300] "POST /cormun/servlet/solicitudot?gx-no-cache=1747922370162 HTTP/1.1" 200 1481
190.95.2.157 - - [22/May/2025:10:56:55 -0300] "POST /cormun/servlet/solicitudot?gx-no-cache=1747922370183 HTTP/1.1" 200 38
190.95.2.157 - - [22/May/2025:10:56:55 -0300] "GET /cormun/servlet/solicitudot?a25de7fd0244e4ab773eab1393426ec7ee0806c26d2fd212a637b9adc05c7c3bf28481430911afc2cbeb8aedb32bf088dbbde70bd93cc890a2367828461070855b6a18d595d366cf966df123bb9e10b368df9150dd2fe4022bb5f532954dcf775b3270414b17cde91b06049e0901fbc2,gx-no-cache=1747922370199 HTTP/1.1" 200 110
200.126.116.145 - - [22/May/2025:10:56:58 -0300] "GET /cormun/static/menuarrow.gif HTTP/1.1" 404 1015
190.95.2.157 - - [22/May/2025:10:57:01 -0300] "POST /cormun/servlet/solicitudot?gx-no-cache=1747922375590 HTTP/1.1" 200 97
190.95.1.185 - - [22/May/2025:10:57:02 -0300] "POST /cormun/servlet/solicitudot?a81e798b37f4f0f66fbd706220db1d35,INS,0,0,false,,gx-no-cache=1747922376852 HTTP/1.1" 200 93
190.95.1.185 - - [22/May/2025:10:57:02 -0300] "GET /cormun/servlet/hpexe_return? HTTP/1.1" 200 1011
190.95.1.185 - - [22/May/2025:10:57:02 -0300] "GET /cormun/servlet/trsolicitudot HTTP/1.1" 200 9099
190.95.1.185 - - [22/May/2025:10:57:05 -0300] "POST /cormun/servlet/trsolicitudot?a81e798b37f4f0f66fbd706220db1d35,gx-no-cache=1747922379621 HTTP/1.1" 200 107
190.95.1.185 - - [22/May/2025:10:57:05 -0300] "GET /cormun/servlet/trsolicitudadjuntos?2025,22636, HTTP/1.1" 200 6578
190.95.1.185 - - [22/May/2025:10:57:05 -0300] "GET /cormun/static/gxcfg.js?20201215574222 HTTP/1.1" 200 953
190.95.1.185 - - [22/May/2025:10:57:05 -0300] "GET /cormun/static/Resources/PXToolsGridNew.png HTTP/1.1" 200 427
190.95.1.185 - - [22/May/2025:10:57:05 -0300] "GET /cormun/static/trsolicitudadjuntos.js?20201215574932 HTTP/1.1" 200 17921
190.95.2.157 - - [22/May/2025:10:57:12 -0300] "GET /cormun/servlet/solicitudot?a25de7fd0244e4ab773eab1393426ec77efe8875aac32a20824d02e090e09698476738d9bd9e25865e5bd5a83c18b3f807477067a010e632c0311745959c34273f6ad6313118b409eb3f09d73fe62dbc7b1db8023cc6ca3143edffb28b0b2343d2eb59f9ca493ac1e6033f42a4573bf78b6c69d0218fdb673df9d1eefb967496d5ae66534ed01363143a0d79c391bd39e62de6e212908269faaf1c9c6124fcb8,gx-no-cache=1747922386810 HTTP/1.1" 200 29
190.95.2.157 - - [22/May/2025:10:57:12 -0300] "GET /cormun/static/menuarrow.gif HTTP/1.1" 404 1015
200.126.116.145 - - [22/May/2025:10:57:13 -0300] "POST /cormun/servlet/trlicencias?232af4b3c3fb0b29bb244b35baf1c41c,,gx-no-cache=1747922388917 HTTP/1.1" 200 11913
190.95.2.157 - - [22/May/2025:10:57:15 -0300] "GET /cormun/servlet/solicitudot?a25de7fd0244e4ab773eab1393426ec7a8e7b5400ab9a0541feb24aff9d4f6b6e31bba7ec1189a39ea8186cf1528d30e,gx-no-cache=1747922390488 HTTP/1.1" 200 30
190.95.2.157 - - [22/May/2025:10:57:21 -0300] "POST /cormun/servlet/solicitudot?gx-no-cache=1747922396044 HTTP/1.1" 200 30
200.126.116.145 - - [22/May/2025:10:57:25 -0300] "GET /cormun/servlet/alicenciaprn?11276668,L,20250522000000,PU HTTP/1.1" 200 1556
190.95.1.185 - - [22/May/2025:10:58:27 -0300] "GET /cormun/servlet/solicitudotadjuntos?INS,2025,22636,,1, HTTP/1.1" 200 6522
190.95.1.185 - - [22/May/2025:10:58:27 -0300] "GET /cormun/static/gxcfg.js?202211298385187 HTTP/1.1" 200 953
190.95.1.185 - - [22/May/2025:10:58:27 -0300] "GET /cormun/static/solicitudotadjuntos.js?202211298385196 HTTP/1.1" 200 11771
190.95.1.185 - - [22/May/2025:10:58:27 -0300] "GET /cormun/static/about:blank HTTP/1.1" 404 1011
190.95.1.185 - - [22/May/2025:10:58:28 -0300] "GET /cormun/servlet/solicitudotadjuntos?e00709ab0c3c7f7cf6459ddf487d84cb46c8df84b9e2764be388895258676619c5f4e377ab1a9c19335d54d20cd59a6c,gx-no-cache=1747922462545 HTTP/1.1" 200 30
190.95.1.185 - - [22/May/2025:10:58:28 -0300] "POST /cormun/servlet/solicitudotadjuntos?a81e798b37f4f0f66fbd706220db1d35,INS,2025,22636,,1,,gx-no-cache=1747922462565 HTTP/1.1" 200 4156
190.95.1.185 - - [22/May/2025:10:58:32 -0300] "POST /cormun/servlet/solicitudotadjuntos?gx-no-cache=1747922466786 HTTP/1.1" 200 26
190.95.2.157 - - [22/May/2025:10:58:32 -0300] "POST /cormun/servlet/solicitudot?gx-no-cache=1747922467497 HTTP/1.1" 200 30
190.95.1.185 - - [22/May/2025:10:58:39 -0300] "POST /cormun/servlet/solicitudotadjuntos?a81e798b37f4f0f66fbd706220db1d35,INS,2025,22636,,1,,gx-no-cache=1747922474026 HTTP/1.1" 200 93
190.95.1.185 - - [22/May/2025:10:58:39 -0300] "GET /cormun/servlet/hpexe_return? HTTP/1.1" 200 1029
190.95.1.185 - - [22/May/2025:10:58:39 -0300] "GET /cormun/servlet/trsolicitudadjuntos?2025,22636, HTTP/1.1" 200 6581
190.95.1.185 - - [22/May/2025:10:58:41 -0300] "GET /cormun/servlet/solicitudotadjuntos?INS,2025,22636,,1, HTTP/1.1" 200 6522
190.95.1.185 - - [22/May/2025:10:58:41 -0300] "GET /cormun/static/about:blank HTTP/1.1" 404 1011
190.95.1.185 - - [22/May/2025:10:58:42 -0300] "GET /cormun/servlet/solicitudotadjuntos?e00709ab0c3c7f7cf6459ddf487d84cb46c8df84b9e2764be388895258676619c5f4e377ab1a9c19335d54d20cd59a6c,gx-no-cache=1747922476921 HTTP/1.1" 200 30
190.95.1.185 - - [22/May/2025:10:58:42 -0300] "POST /cormun/servlet/solicitudotadjuntos?a81e798b37f4f0f66fbd706220db1d35,INS,2025,22636,,1,,gx-no-cache=1747922476937 HTTP/1.1" 200 4156
190.95.1.185 - - [22/May/2025:10:58:44 -0300] "POST /cormun/servlet/solicitudotadjuntos?gx-no-cache=1747922478985 HTTP/1.1" 200 26
190.95.2.157 - - [22/May/2025:10:58:59 -0300] "POST /cormun/servlet/solicitudot?gx-no-cache=1747922494427 HTTP/1.1" 200 1481
190.95.2.157 - - [22/May/2025:10:58:59 -0300] "POST /cormun/servlet/solicitudot?gx-no-cache=1747922494489 HTTP/1.1" 200 41
190.95.2.157 - - [22/May/2025:10:58:59 -0300] "GET /cormun/servlet/solicitudot?a25de7fd0244e4ab773eab1393426ec7ee0806c26d2fd212a637b9adc05c7c3bf28481430911afc2cbeb8aedb32bf088dbbde70bd93cc890a2367828461070855b6a18d595d366cf966df123bb9e10b368df9150dd2fe4022bb5f532954dcf775b3270414b17cde91b06049e0901fbc2,gx-no-cache=1747922494514 HTTP/1.1" 200 110
190.95.2.157 - - [22/May/2025:10:58:59 -0300] "POST /cormun/servlet/solicitudot?gx-no-cache=1747922494537 HTTP/1.1" 200 97
190.95.2.157 - - [22/May/2025:10:59:00 -0300] "GET /cormun/servlet/solicitudot?a25de7fd0244e4ab773eab1393426ec7a8e7b5400ab9a0541feb24aff9d4f6b6e31bba7ec1189a39ea8186cf1528d30e,gx-no-cache=1747922494556 HTTP/1.1" 200 30
190.95.2.157 - - [22/May/2025:10:59:00 -0300] "POST /cormun/servlet/solicitudot?gx-no-cache=1747922494573 HTTP/1.1" 200 30
190.95.2.157 - - [22/May/2025:10:59:01 -0300] "POST /cormun/servlet/solicitudot?680eff10781c26c5deca7ac8cfdf5101,INS,0,0,false,,gx-no-cache=1747922494591 HTTP/1.1" 200 93
190.95.2.157 - - [22/May/2025:10:59:01 -0300] "GET /cormun/servlet/hpexe_return? HTTP/1.1" 200 1007
190.95.2.157 - - [22/May/2025:10:59:01 -0300] "GET /cormun/servlet/trsolicitudot HTTP/1.1" 200 8927
190.95.2.157 - - [22/May/2025:10:59:10 -0300] "POST /cormun/servlet/trsolicitudot?680eff10781c26c5deca7ac8cfdf5101,gx-no-cache=1747922505019 HTTP/1.1" 200 4843
