190.95.1.187 - - [20/May/2025:09:49:57 -0300] "GET /cormun/servlet/solicitudotadjuntos?3cea56046da38c23e6a19cd56affa3d3349c85bfa81b6ee73e7da3fd8dd1b5bf,gx-no-cache=1747745546270 HTTP/1.1" 200 30
190.95.1.187 - - [20/May/2025:09:49:57 -0300] "POST /cormun/servlet/solicitudotadjuntos?b87ac757fb307404f81dfb3feb232c3c,INS,2025,22624,,1, HTTP/1.1" 200 116
190.95.1.187 - - [20/May/2025:09:49:57 -0300] "GET /cormun/servlet/hpexe_return? HTTP/1.1" 200 1025
190.95.1.187 - - [20/May/2025:09:49:57 -0300] "GET /cormun/servlet/trsolicitudadjuntos?2025,22624, HTTP/1.1" 200 9200
190.95.1.187 - - [20/May/2025:09:50:01 -0300] "GET /cormun/servlet/solicitudotadjuntos?INS,2025,22624,,1, HTTP/1.1" 200 6069
190.95.1.187 - - [20/May/2025:09:50:01 -0300] "GET /cormun/static/about:blank HTTP/1.1" 404 1011
190.95.1.187 - - [20/May/2025:09:50:02 -0300] "GET /cormun/servlet/solicitudotadjuntos?3cea56046da38c23e6a19cd56affa3d3d63a8f4e8d436a7bc0b85462a6ec680ef98b5ec8ce29fc83555e967bfdb996a5,gx-no-cache=1747745551054 HTTP/1.1" 200 30
190.95.1.187 - - [20/May/2025:09:50:02 -0300] "POST /cormun/servlet/solicitudotadjuntos?b87ac757fb307404f81dfb3feb232c3c,INS,2025,22624,,1,,gx-no-cache=1747745551069 HTTP/1.1" 200 3918
190.95.1.187 - - [20/May/2025:09:50:03 -0300] "POST /cormun/servlet/solicitudotadjuntos?gx-no-cache=1747745552654 HTTP/1.1" 200 26
190.95.15.15 - - [20/May/2025:09:50:08 -0300] "GET /cormun/servlet/trlicencias? HTTP/1.1" 200 13686
190.95.1.187 - - [20/May/2025:09:50:11 -0300] "GET /cormun/servlet/solicitudotadjuntos?3cea56046da38c23e6a19cd56affa3d3349c85bfa81b6ee73e7da3fd8dd1b5bf,gx-no-cache=1747745560696 HTTP/1.1" 200 30
190.95.1.187 - - [20/May/2025:09:50:11 -0300] "GET /cormun/servlet/solicitudotadjuntos?3cea56046da38c23e6a19cd56affa3d3349c85bfa81b6ee73e7da3fd8dd1b5bf,gx-no-cache=1747745560707 HTTP/1.1" 200 30
190.95.1.187 - - [20/May/2025:09:50:12 -0300] "POST /cormun/servlet/solicitudotadjuntos?b87ac757fb307404f81dfb3feb232c3c,INS,2025,22624,,1, HTTP/1.1" 200 116
190.95.1.187 - - [20/May/2025:09:50:12 -0300] "GET /cormun/servlet/hpexe_return? HTTP/1.1" 200 1025
190.95.1.187 - - [20/May/2025:09:50:12 -0300] "GET /cormun/servlet/trsolicitudadjuntos?2025,22624, HTTP/1.1" 200 9446
190.95.1.187 - - [20/May/2025:09:50:14 -0300] "GET /cormun/servlet/solicitudotadjuntos?INS,2025,22624,,1, HTTP/1.1" 200 6069
190.95.1.187 - - [20/May/2025:09:50:14 -0300] "GET /cormun/static/about:blank HTTP/1.1" 404 1011
190.95.1.187 - - [20/May/2025:09:50:15 -0300] "GET /cormun/servlet/solicitudotadjuntos?3cea56046da38c23e6a19cd56affa3d3d63a8f4e8d436a7bc0b85462a6ec680ef98b5ec8ce29fc83555e967bfdb996a5,gx-no-cache=1747745564234 HTTP/1.1" 200 30
190.95.1.187 - - [20/May/2025:09:50:15 -0300] "POST /cormun/servlet/solicitudotadjuntos?b87ac757fb307404f81dfb3feb232c3c,INS,2025,22624,,1,,gx-no-cache=1747745564246 HTTP/1.1" 200 3918
190.95.1.187 - - [20/May/2025:09:50:18 -0300] "POST /cormun/servlet/solicitudotadjuntos?gx-no-cache=1747745567332 HTTP/1.1" 200 26
190.95.1.187 - - [20/May/2025:09:50:23 -0300] "GET /cormun/servlet/solicitudotadjuntos?3cea56046da38c23e6a19cd56affa3d3349c85bfa81b6ee73e7da3fd8dd1b5bf,gx-no-cache=1747745572315 HTTP/1.1" 200 30
190.95.1.187 - - [20/May/2025:09:50:23 -0300] "GET /cormun/servlet/solicitudotadjuntos?3cea56046da38c23e6a19cd56affa3d3349c85bfa81b6ee73e7da3fd8dd1b5bf,gx-no-cache=1747745572545 HTTP/1.1" 200 30
190.95.1.187 - - [20/May/2025:09:50:24 -0300] "POST /cormun/servlet/solicitudotadjuntos?b87ac757fb307404f81dfb3feb232c3c,INS,2025,22624,,1, HTTP/1.1" 200 116
190.95.1.187 - - [20/May/2025:09:50:24 -0300] "GET /cormun/servlet/hpexe_return? HTTP/1.1" 200 1025
190.95.1.187 - - [20/May/2025:09:50:24 -0300] "GET /cormun/servlet/trsolicitudadjuntos?2025,22624, HTTP/1.1" 200 9686
190.95.1.187 - - [20/May/2025:09:50:26 -0300] "GET /cormun/servlet/solicitudotadjuntos?INS,2025,22624,,1, HTTP/1.1" 200 6069
190.95.1.187 - - [20/May/2025:09:50:26 -0300] "GET /cormun/static/about:blank HTTP/1.1" 404 1011
190.95.1.187 - - [20/May/2025:09:50:27 -0300] "GET /cormun/servlet/solicitudotadjuntos?3cea56046da38c23e6a19cd56affa3d3d63a8f4e8d436a7bc0b85462a6ec680ef98b5ec8ce29fc83555e967bfdb996a5,gx-no-cache=1747745575840 HTTP/1.1" 200 30
190.95.1.187 - - [20/May/2025:09:50:27 -0300] "POST /cormun/servlet/solicitudotadjuntos?b87ac757fb307404f81dfb3feb232c3c,INS,2025,22624,,1,,gx-no-cache=1747745575855 HTTP/1.1" 200 3918
190.95.1.187 - - [20/May/2025:09:50:28 -0300] "POST /cormun/servlet/solicitudotadjuntos?gx-no-cache=1747745577542 HTTP/1.1" 200 26
190.95.1.187 - - [20/May/2025:09:50:34 -0300] "GET /cormun/servlet/solicitudotadjuntos?3cea56046da38c23e6a19cd56affa3d3349c85bfa81b6ee73e7da3fd8dd1b5bf,gx-no-cache=1747745583277 HTTP/1.1" 200 30
190.95.1.187 - - [20/May/2025:09:50:34 -0300] "GET /cormun/servlet/solicitudotadjuntos?3cea56046da38c23e6a19cd56affa3d3349c85bfa81b6ee73e7da3fd8dd1b5bf,gx-no-cache=1747745583288 HTTP/1.1" 200 30
190.95.1.187 - - [20/May/2025:09:50:34 -0300] "POST /cormun/servlet/solicitudotadjuntos?b87ac757fb307404f81dfb3feb232c3c,INS,2025,22624,,1, HTTP/1.1" 200 116
190.95.1.187 - - [20/May/2025:09:50:34 -0300] "GET /cormun/servlet/hpexe_return? HTTP/1.1" 200 1025
190.95.1.187 - - [20/May/2025:09:50:34 -0300] "GET /cormun/servlet/trsolicitudadjuntos?2025,22624, HTTP/1.1" 200 9972
190.95.1.187 - - [20/May/2025:09:50:36 -0300] "GET /cormun/servlet/solicitudotadjuntos?INS,2025,22624,,1, HTTP/1.1" 200 6069
190.95.1.187 - - [20/May/2025:09:50:36 -0300] "GET /cormun/static/about:blank HTTP/1.1" 404 1011
190.95.1.187 - - [20/May/2025:09:50:37 -0300] "GET /cormun/servlet/solicitudotadjuntos?3cea56046da38c23e6a19cd56affa3d3d63a8f4e8d436a7bc0b85462a6ec680ef98b5ec8ce29fc83555e967bfdb996a5,gx-no-cache=1747745586124 HTTP/1.1" 200 30
190.95.1.187 - - [20/May/2025:09:50:37 -0300] "POST /cormun/servlet/solicitudotadjuntos?b87ac757fb307404f81dfb3feb232c3c,INS,2025,22624,,1,,gx-no-cache=1747745586139 HTTP/1.1" 200 3918
190.95.1.187 - - [20/May/2025:09:50:39 -0300] "POST /cormun/servlet/solicitudotadjuntos?gx-no-cache=1747745588411 HTTP/1.1" 200 26
190.95.1.187 - - [20/May/2025:09:50:44 -0300] "GET /cormun/servlet/solicitudotadjuntos?3cea56046da38c23e6a19cd56affa3d3349c85bfa81b6ee73e7da3fd8dd1b5bf,gx-no-cache=1747745593427 HTTP/1.1" 200 30
190.95.1.187 - - [20/May/2025:09:50:44 -0300] "GET /cormun/servlet/solicitudotadjuntos?3cea56046da38c23e6a19cd56affa3d3349c85bfa81b6ee73e7da3fd8dd1b5bf,gx-no-cache=1747745593439 HTTP/1.1" 200 30
190.95.1.187 - - [20/May/2025:09:50:44 -0300] "POST /cormun/servlet/solicitudotadjuntos?b87ac757fb307404f81dfb3feb232c3c,INS,2025,22624,,1, HTTP/1.1" 200 116
190.95.1.187 - - [20/May/2025:09:50:44 -0300] "GET /cormun/servlet/hpexe_return? HTTP/1.1" 200 1025
190.95.1.187 - - [20/May/2025:09:50:44 -0300] "GET /cormun/servlet/trsolicitudadjuntos?2025,22624, HTTP/1.1" 200 10218
190.95.1.187 - - [20/May/2025:09:50:47 -0300] "GET /cormun/servlet/solicitudotadjuntos?INS,2025,22624,,1, HTTP/1.1" 200 6069
190.95.1.187 - - [20/May/2025:09:50:47 -0300] "GET /cormun/static/about:blank HTTP/1.1" 404 1011
190.95.1.187 - - [20/May/2025:09:50:47 -0300] "GET /cormun/servlet/solicitudotadjuntos?3cea56046da38c23e6a19cd56affa3d3d63a8f4e8d436a7bc0b85462a6ec680ef98b5ec8ce29fc83555e967bfdb996a5,gx-no-cache=1747745596680 HTTP/1.1" 200 30
190.95.1.187 - - [20/May/2025:09:50:47 -0300] "POST /cormun/servlet/solicitudotadjuntos?b87ac757fb307404f81dfb3feb232c3c,INS,2025,22624,,1,,gx-no-cache=1747745596694 HTTP/1.1" 200 3918
190.95.1.187 - - [20/May/2025:09:50:50 -0300] "POST /cormun/servlet/solicitudotadjuntos?gx-no-cache=1747745599062 HTTP/1.1" 200 26
190.95.2.163 - - [20/May/2025:09:50:51 -0300] "GET /cormun/servlet/solicitudot?INS,0,0,false, HTTP/1.1" 200 15992
190.95.2.163 - - [20/May/2025:09:50:51 -0300] "GET /cormun/static/gxcfg.js?20221129840861 HTTP/1.1" 200 953
190.95.2.163 - - [20/May/2025:09:50:51 -0300] "GET /cormun/static/solicitudot.js?20221129840983 HTTP/1.1" 200 74072
190.95.67.99 - - [20/May/2025:09:50:52 -0300] "GET /cormun/servlet/hhome HTTP/1.1" 200 3325
190.95.67.99 - - [20/May/2025:09:50:53 -0300] "GET /cormun/servlet/hlogin HTTP/1.1" 200 1736
190.95.1.187 - - [20/May/2025:09:50:54 -0300] "GET /cormun/servlet/solicitudotadjuntos?3cea56046da38c23e6a19cd56affa3d3349c85bfa81b6ee73e7da3fd8dd1b5bf,gx-no-cache=1747745603787 HTTP/1.1" 200 30
190.95.1.187 - - [20/May/2025:09:50:55 -0300] "GET /cormun/servlet/solicitudotadjuntos?3cea56046da38c23e6a19cd56affa3d3349c85bfa81b6ee73e7da3fd8dd1b5bf,gx-no-cache=1747745603799 HTTP/1.1" 200 30
190.95.1.187 - - [20/May/2025:09:50:55 -0300] "POST /cormun/servlet/solicitudotadjuntos?b87ac757fb307404f81dfb3feb232c3c,INS,2025,22624,,1, HTTP/1.1" 200 116
190.95.1.187 - - [20/May/2025:09:50:55 -0300] "GET /cormun/servlet/hpexe_return? HTTP/1.1" 200 1025
190.95.1.187 - - [20/May/2025:09:50:55 -0300] "GET /cormun/servlet/trsolicitudadjuntos?2025,22624, HTTP/1.1" 200 10384
190.95.67.99 - - [20/May/2025:09:50:56 -0300] "POST /cormun/servlet/hlogin?b25f2c0be1241a307a55b671a30f9487,gx-no-cache=1747745610260 HTTP/1.1" 200 90
190.95.67.99 - - [20/May/2025:09:50:56 -0300] "GET /cormun/servlet/hpexe_link HTTP/1.1" 200 952
190.95.67.99 - - [20/May/2025:09:50:56 -0300] "GET /cormun/servlet/hhome HTTP/1.1" 200 4308
190.95.67.99 - - [20/May/2025:09:50:59 -0300] "GET /cormun/servlet/trlicencias? HTTP/1.1" 200 11687
190.95.1.187 - - [20/May/2025:09:51:02 -0300] "POST /cormun/servlet/trsolicitudadjuntos?b87ac757fb307404f81dfb3feb232c3c,2025,22624,,gx-no-cache=1747745611055 HTTP/1.1" 200 90
190.95.1.187 - - [20/May/2025:09:51:02 -0300] "GET /cormun/servlet/hpexe_link HTTP/1.1" 200 969
190.95.1.187 - - [20/May/2025:09:51:02 -0300] "GET /cormun/servlet/trsolicitudot HTTP/1.1" 200 9269
190.95.67.99 - - [20/May/2025:09:51:03 -0300] "POST /cormun/servlet/trlicencias?b25f2c0be1241a307a55b671a30f9487,,gx-no-cache=1747745617126 HTTP/1.1" 200 9218
190.95.1.187 - - [20/May/2025:09:51:05 -0300] "GET /cormun/servlet/solicitudot?INS,0,0,false, HTTP/1.1" 200 16026
190.95.67.99 - - [20/May/2025:09:51:09 -0300] "GET /cormun/servlet/trpermisosgoce? HTTP/1.1" 200 13273
190.95.1.187 - - [20/May/2025:09:51:14 -0300] "POST /cormun/servlet/solicitudot?gx-no-cache=1747745623688 HTTP/1.1" 200 4039
190.95.1.187 - - [20/May/2025:09:51:15 -0300] "POST /cormun/servlet/solicitudot?b87ac757fb307404f81dfb3feb232c3c,INS,0,0,false,,gx-no-cache=1747745623780 HTTP/1.1" 200 12611
190.95.1.187 - - [20/May/2025:09:51:15 -0300] "GET /cormun/servlet/solicitudot?3cea56046da38c23e6a19cd56affa3d3fcf308265e0bcbb9e258e77491e3c048befd0ade3020f26ff84df8c062a6b057,gx-no-cache=1747745624454 HTTP/1.1" 200 30
190.95.2.163 - - [20/May/2025:09:51:32 -0300] "POST /cormun/servlet/solicitudot?gx-no-cache=1747745641187 HTTP/1.1" 200 4039
190.95.2.163 - - [20/May/2025:09:51:32 -0300] "POST /cormun/servlet/solicitudot?7d850ab60e02a7d37b240e0043ecc996,INS,0,0,false,,gx-no-cache=1747745641312 HTTP/1.1" 200 12608
190.95.2.163 - - [20/May/2025:09:51:35 -0300] "GET /cormun/servlet/solicitudot?ede227f8fe0ce4d498b58571823aa29d5db917387ddad922f2dea038d40859bf19d536729eaa19a8ea1ff3850de4f14c,gx-no-cache=1747745643761 HTTP/1.1" 200 30
190.95.1.187 - - [20/May/2025:09:51:47 -0300] "GET /cormun/servlet/prbanco?,MD,,gxPopupLevel%3D0%3B HTTP/1.1" 200 6681
190.95.1.187 - - [20/May/2025:09:51:58 -0300] "GET /cormun/servlet/solicitudot?3cea56046da38c23e6a19cd56affa3d301df369496d2fc304e02ad4ae40dbe025fd4ecd9e197d6ac2b635d06a2942fa7,gx-no-cache=1747745667140 HTTP/1.1" 200 30
190.95.1.187 - - [20/May/2025:09:51:59 -0300] "GET /cormun/servlet/solicitudot?3cea56046da38c23e6a19cd56affa3d324d23388be66d1ef1cba46472d7527c5,gx-no-cache=1747745668561 HTTP/1.1" 200 51
190.95.1.187 - - [20/May/2025:09:52:11 -0300] "POST /cormun/servlet/solicitudot?gx-no-cache=1747745679958 HTTP/1.1" 200 240
190.95.1.187 - - [20/May/2025:09:52:12 -0300] "GET /cormun/servlet/solicitudot?3cea56046da38c23e6a19cd56affa3d308b4d6fac117bcbcd2a85ce532f803bd02b6d79e2a0f25c42de8e576d8e9d24a56cb1f9a6e967681faf2c51db8b53429bac6a595ba97f339e9d3f6f33dd6128ae74717ee182774c70752c945be81e1b9c76556f84acd2878c96d44ad6c7c2ae1f4788e75c1fa871f549d3e16fe3e4893e492898c34b021ea8cbdb8f82a4fe6129261b4d96185c947aeff2add78289c5510169e773176fa8603e3f8a1ba58b77464589f8fb4f9a1eda626a4a76e324a3f8fda91b6d79c63ae51883522a49beeb5708d0e6be36bea9e6150990acfb458d1fd7df5e00ba675926b06f2c5011021a4cfed305f19f706c1daf716ee4abb862744df5946019b2bd46fd994afb9bd39149833070eeec82aa9b61f951dfa223e4f191164324f8792ee76c896c6bdb7c7469367adbc93ba8875716fbd35db47dba45fe0dc7abaf3496ca3b1c0bdba2806b496e59ae8dd9323866eb3e0a685bcfcf7143c64ce9138573e98b4cd5be3469c55ca69355dd9cb624b5ec5d4f0630303f8,gx-no-cache=1747745681436 HTTP/1.1" 200 30
190.95.1.187 - - [20/May/2025:09:52:15 -0300] "POST /cormun/servlet/solicitudot?gx-no-cache=1747745684424 HTTP/1.1" 200 30
190.95.1.187 - - [20/May/2025:09:52:16 -0300] "GET /cormun/servlet/prsolicitudot?20971088,,,,,MD,,gxPopupLevel%3D0%3B HTTP/1.1" 200 5952
190.95.1.187 - - [20/May/2025:09:52:16 -0300] "GET /cormun/static/gxcfg.js?20201215593468 HTTP/1.1" 200 953
190.95.1.187 - - [20/May/2025:09:52:16 -0300] "GET /cormun/static/prsolicitudot.js?20201215593721 HTTP/1.1" 200 13680
190.95.1.187 - - [20/May/2025:09:52:18 -0300] "POST /cormun/servlet/solicitudot?gx-no-cache=1747745687694 HTTP/1.1" 200 1561
190.95.1.187 - - [20/May/2025:09:52:18 -0300] "GET /cormun/static/Shared/jqueryui/images/ui-icons_82798d_256x240.png HTTP/1.1" 404 1089
190.95.1.187 - - [20/May/2025:09:52:18 -0300] "GET /cormun/static/Shared/jqueryui/images/ui-bg_highlight-soft_100_c6c2c8_1x100.png HTTP/1.1" 404 1117
190.95.1.187 - - [20/May/2025:09:52:18 -0300] "GET /cormun/static/Shared/jqueryui/images/ui-icons_ebccce_256x240.png HTTP/1.1" 404 1089
190.95.1.187 - - [20/May/2025:09:52:18 -0300] "GET /cormun/static/Shared/jqueryui/images/ui-bg_flat_55_994d53_40x100.png HTTP/1.1" 404 1097
190.95.1.187 - - [20/May/2025:09:52:18 -0300] "POST /cormun/servlet/solicitudot?gx-no-cache=1747745687730 HTTP/1.1" 200 117
190.95.1.187 - - [20/May/2025:09:52:18 -0300] "GET /cormun/servlet/solicitudot?3cea56046da38c23e6a19cd56affa3d3e3c654b732ba426f327043b807a8cbe417da5f044888b6bb382516d4af28cf310956aad0703f8bf2d7aef1424d4b1f63624e7440ae41f3564b857eace0c5fc162dc874ba88bf73c6e50176b74b7576f9a2a7aeb2147c2383705d79c7d259ed84,gx-no-cache=1747745687755 HTTP/1.1" 200 110
190.95.1.187 - - [20/May/2025:09:52:18 -0300] "POST /cormun/servlet/solicitudot?gx-no-cache=1747745687774 HTTP/1.1" 200 64
190.95.1.187 - - [20/May/2025:09:52:19 -0300] "GET /cormun/servlet/solicitudot?3cea56046da38c23e6a19cd56affa3d35cd74445a3c32325fd235b50282fdad210518a0bb1ec6119a698c1218718ea99d930ea9e2a37a876e045df416f62dea1702219105f132ba1041d6628ec7b741f64b17225e448cfbeb29346b1c8aafd544f4ea0d8f5dab7a61dcc19dc940ecffc,gx-no-cache=1747745687793 HTTP/1.1" 200 29
190.95.1.187 - - [20/May/2025:09:52:19 -0300] "GET /cormun/servlet/solicitudot?3cea56046da38c23e6a19cd56affa3d35e679159288bf49c5d250ea2d1cb976c1bab0a3765b9913fa8dd4f0e88bac609,gx-no-cache=1747745687808 HTTP/1.1" 200 30
190.95.1.187 - - [20/May/2025:09:52:34 -0300] "POST /cormun/servlet/solicitudot?gx-no-cache=1747745702981 HTTP/1.1" 200 1482
190.95.1.187 - - [20/May/2025:09:52:35 -0300] "GET /cormun/servlet/prlicenciaspermisos?16494338,L,,MD,,gxPopupLevel%3D0%3B HTTP/1.1" 200 7105
190.95.1.187 - - [20/May/2025:09:52:39 -0300] "POST /cormun/servlet/solicitudot?gx-no-cache=1747745708076 HTTP/1.1" 200 41
190.95.1.187 - - [20/May/2025:09:52:46 -0300] "GET /cormun/servlet/solicitudot?3cea56046da38c23e6a19cd56affa3d3e3c654b732ba426f327043b807a8cbe417da5f044888b6bb382516d4af28cf310956aad0703f8bf2d7aef1424d4b1f63624e7440ae41f3564b857eace0c5fc162dc874ba88bf73c6e50176b74b7576f9a2a7aeb2147c2383705d79c7d259ed84,gx-no-cache=1747745715413 HTTP/1.1" 200 110
190.95.1.187 - - [20/May/2025:09:52:53 -0300] "POST /cormun/servlet/solicitudot?gx-no-cache=1747745722675 HTTP/1.1" 200 72
190.95.1.187 - - [20/May/2025:09:53:00 -0300] "POST /cormun/servlet/solicitudot?gx-no-cache=1747745729436 HTTP/1.1" 200 32
190.95.1.187 - - [20/May/2025:09:53:03 -0300] "POST /cormun/servlet/solicitudot?b87ac757fb307404f81dfb3feb232c3c,INS,0,0,false,,gx-no-cache=1747745732272 HTTP/1.1" 200 93
190.95.1.187 - - [20/May/2025:09:53:03 -0300] "GET /cormun/servlet/hpexe_return? HTTP/1.1" 200 1008
190.95.1.187 - - [20/May/2025:09:53:03 -0300] "GET /cormun/servlet/trsolicitudot HTTP/1.1" 200 9574
190.95.1.187 - - [20/May/2025:09:53:13 -0300] "POST /cormun/servlet/trsolicitudot?b87ac757fb307404f81dfb3feb232c3c,gx-no-cache=1747745741901 HTTP/1.1" 200 112
190.95.1.187 - - [20/May/2025:09:53:13 -0300] "GET /cormun/servlet/solicitudot?UPD,2025,22626,false, HTTP/1.1" 200 16612
190.95.1.187 - - [20/May/2025:09:53:13 -0300] "POST /cormun/servlet/solicitudot?gx-no-cache=1747745742667 HTTP/1.1" 200 4104
190.95.1.187 - - [20/May/2025:09:53:14 -0300] "POST /cormun/servlet/solicitudot?b87ac757fb307404f81dfb3feb232c3c,UPD,2025,22626,false,,gx-no-cache=1747745742750 HTTP/1.1" 200 12745
190.95.1.187 - - [20/May/2025:09:53:14 -0300] "GET /cormun/servlet/solicitudot?3cea56046da38c23e6a19cd56affa3d3fcf308265e0bcbb9e258e77491e3c048acd9f308027a1d5898a9781bca758cd2,gx-no-cache=1747745742837 HTTP/1.1" 200 30
190.95.1.187 - - [20/May/2025:09:53:14 -0300] "GET /cormun/servlet/solicitudot?3cea56046da38c23e6a19cd56affa3d301df369496d2fc304e02ad4ae40dbe02b5e54d46b2421f41b004b7d41197714a,gx-no-cache=1747745742856 HTTP/1.1" 200 30
190.95.1.187 - - [20/May/2025:09:53:14 -0300] "GET /cormun/servlet/solicitudot?3cea56046da38c23e6a19cd56affa3d3849c072e9cd7a7dc5f9527237990229683cb23a0e2dbf806b11b93b3bfda010424a021c8422795def3831c9a730fdf7a,gx-no-cache=1747745742870 HTTP/1.1" 200 51
190.95.1.187 - - [20/May/2025:09:53:14 -0300] "POST /cormun/servlet/solicitudot?gx-no-cache=1747745742887 HTTP/1.1" 200 239
190.95.1.187 - - [20/May/2025:09:53:14 -0300] "GET /cormun/servlet/solicitudot?3cea56046da38c23e6a19cd56affa3d308b4d6fac117bcbcd2a85ce532f803bd02b6d79e2a0f25c42de8e576d8e9d24a56cb1f9a6e967681faf2c51db8b53429bac6a595ba97f339e9d3f6f33dd6128ae74717ee182774c70752c945be81e1b9c76556f84acd2878c96d44ad6c7c2ae1f4788e75c1fa871f549d3e16fe3e4893e492898c34b021ea8cbdb8f82a4fe6129261b4d96185c947aeff2add78289c5510169e773176fa8603e3f8a1ba58b77464589f8fb4f9a1eda626a4a76e324a3f8fda91b6d79c63ae51883522a49beeb5708d0e6be36bea9e6150990acfb458d1fd7df5e00ba675926b06f2c5011021a4cfed305f19f706c1daf716ee4abb862744df5946019b2bd46fd994afb9bd39149833070eeec82aa9b61f951dfa223e4f191164324f8792ee76c896c6bdb7c7469367adbc93ba8875716fbd35db47dba45fe0dc7abaf3496ca3b1c0bdba2806b496e59ae8dd9323866eb3e0a685bcfcf7143c64ce9138573e98b4cd5be3469c55c97416c3455b2b7dead5b48db2036d55,gx-no-cache=1747745742906 HTTP/1.1" 200 30
190.95.1.187 - - [20/May/2025:09:53:14 -0300] "POST /cormun/servlet/solicitudot?gx-no-cache=1747745742922 HTTP/1.1" 200 30
190.95.1.187 - - [20/May/2025:09:53:14 -0300] "POST /cormun/servlet/solicitudot?gx-no-cache=1747745742939 HTTP/1.1" 200 1483
190.95.1.187 - - [20/May/2025:09:53:14 -0300] "POST /cormun/servlet/solicitudot?gx-no-cache=1747745743002 HTTP/1.1" 200 41
190.95.1.187 - - [20/May/2025:09:53:14 -0300] "GET /cormun/servlet/solicitudot?3cea56046da38c23e6a19cd56affa3d3e3c654b732ba426f327043b807a8cbe417da5f044888b6bb382516d4af28cf310956aad0703f8bf2d7aef1424d4b1f63624e7440ae41f3564b857eace0c5fc162dc874ba88bf73c6e50176b74b7576f9a2a7aeb2147c2383705d79c7d259ed84,gx-no-cache=1747745743660 HTTP/1.1" 200 110
190.95.1.187 - - [20/May/2025:09:53:14 -0300] "POST /cormun/servlet/solicitudot?gx-no-cache=1747745743679 HTTP/1.1" 200 67
190.95.1.187 - - [20/May/2025:09:53:15 -0300] "GET /cormun/servlet/solicitudot?3cea56046da38c23e6a19cd56affa3d3f4ba614b85dea7deb6c3718e55b045c42013a6c17d28ea4fb0baeba14522c5fc30a977cb9ea6eef679d62f8c9690f01c6a8c645c463f9486fafedde9022554a49728783b7fdf9bc2bc2498d445966b5d369405a9ce1d6d6f3a857adf10ff40449106a2da81627373141be378fb9a46a2b43158aa869064a1c1f559e1b094becd99f58a1d8539f2dd24d7c22511a11bccf2490f9307eb6a907aa2e94d23c72368263f98898dc0542b391403df319cdb419eb877e4af40a3454b15a8dbc1968897,gx-no-cache=1747745744612 HTTP/1.1" 200 30
129.222.173.48 - - [20/May/2025:09:53:19 -0300] "GET /cormun/servlet/hlogin HTTP/1.1" 200 1728
129.222.173.48 - - [20/May/2025:09:53:19 -0300] "GET /cormun/servlet/hlogin HTTP/1.1" 200 1739
190.95.1.187 - - [20/May/2025:09:53:20 -0300] "GET /cormun/servlet/solicitudot?3cea56046da38c23e6a19cd56affa3d35e679159288bf49c5d250ea2d1cb976cc1a978dd01e7b4f31b75bdea08e80395,gx-no-cache=1747745749607 HTTP/1.1" 200 30
190.95.1.187 - - [20/May/2025:09:53:20 -0300] "POST /cormun/servlet/solicitudot?gx-no-cache=1747745749631 HTTP/1.1" 200 32
190.95.1.187 - - [20/May/2025:09:53:21 -0300] "POST /cormun/servlet/solicitudot?b87ac757fb307404f81dfb3feb232c3c,UPD,2025,22626,false,,gx-no-cache=1747745749686 HTTP/1.1" 200 93
190.95.1.187 - - [20/May/2025:09:53:21 -0300] "GET /cormun/servlet/hpexe_return? HTTP/1.1" 200 1014
190.95.1.187 - - [20/May/2025:09:53:21 -0300] "GET /cormun/servlet/trsolicitudot HTTP/1.1" 200 9565
129.222.173.48 - - [20/May/2025:09:53:24 -0300] "POST /cormun/servlet/hlogin?9c1c547f9fe0e52b2e0be897dd1b01cc,gx-no-cache=1747745751945 HTTP/1.1" 200 90
129.222.173.48 - - [20/May/2025:09:53:24 -0300] "GET /cormun/servlet/hpexe_link HTTP/1.1" 200 954
129.222.173.48 - - [20/May/2025:09:53:24 -0300] "GET /cormun/servlet/hhome HTTP/1.1" 200 3944
129.222.173.48 - - [20/May/2025:09:53:32 -0300] "GET /cormun/servlet/trlicencias? HTTP/1.1" 200 10375
129.222.173.48 - - [20/May/2025:09:53:41 -0300] "GET /cormun/servlet/hlogin HTTP/1.1" 200 1745
129.222.173.48 - - [20/May/2025:09:53:45 -0300] "POST /cormun/servlet/hlogin?9c1c547f9fe0e52b2e0be897dd1b01cc,gx-no-cache=1747745773408 HTTP/1.1" 200 90
129.222.173.48 - - [20/May/2025:09:53:45 -0300] "GET /cormun/servlet/hpexe_link HTTP/1.1" 200 954
129.222.173.48 - - [20/May/2025:09:53:46 -0300] "GET /cormun/servlet/hhome HTTP/1.1" 200 4299
190.95.67.99 - - [20/May/2025:09:53:46 -0300] "GET /cormun/servlet/trlicencias? HTTP/1.1" 200 11686
129.222.173.48 - - [20/May/2025:09:53:53 -0300] "GET /cormun/servlet/trcontratosolicitud? HTTP/1.1" 200 14637
129.222.173.48 - - [20/May/2025:09:54:08 -0300] "GET /cormun/servlet/hhome HTTP/1.1" 200 4299
190.95.1.187 - - [20/May/2025:09:54:09 -0300] "POST /cormun/servlet/trsolicitudot?b87ac757fb307404f81dfb3feb232c3c,gx-no-cache=1747745797777 HTTP/1.1" 200 6459
190.95.1.187 - - [20/May/2025:09:54:09 -0300] "GET /cormun/static/Shared/jqueryui/images/ui-bg_highlight-soft_100_c6c2c8_1x100.png HTTP/1.1" 404 1117
190.95.1.187 - - [20/May/2025:09:54:09 -0300] "GET /cormun/static/Shared/jqueryui/images/ui-icons_82798d_256x240.png HTTP/1.1" 404 1089
190.95.1.187 - - [20/May/2025:09:54:09 -0300] "GET /cormun/static/Shared/jqueryui/images/ui-icons_8d78a5_256x240.png HTTP/1.1" 404 1089
190.95.1.187 - - [20/May/2025:09:54:09 -0300] "GET /cormun/static/Shared/jqueryui/images/ui-bg_flat_55_fafafa_40x100.png HTTP/1.1" 404 1097
190.95.1.187 - - [20/May/2025:09:54:09 -0300] "POST /cormun/servlet/trsolicitudot?b87ac757fb307404f81dfb3feb232c3c,gx-no-cache=1747745797915 HTTP/1.1" 200 6404
190.95.1.187 - - [20/May/2025:09:54:11 -0300] "POST /cormun/servlet/trsolicitudot?b87ac757fb307404f81dfb3feb232c3c,gx-no-cache=1747745800001 HTTP/1.1" 200 5810
190.95.1.187 - - [20/May/2025:09:54:11 -0300] "POST /cormun/servlet/trsolicitudot?b87ac757fb307404f81dfb3feb232c3c,gx-no-cache=1747745800104 HTTP/1.1" 200 5754
129.222.173.48 - - [20/May/2025:09:54:14 -0300] "GET /cormun/servlet/hlogin HTTP/1.1" 200 1741
206.81.19.45 - - [20/May/2025:09:55:19 -0300] "GET / HTTP/1.1" 200 11217
206.81.19.45 - - [20/May/2025:09:55:20 -0300] "GET /favicon.ico HTTP/1.1" 200 21630
190.95.2.163 - - [20/May/2025:09:55:59 -0300] "GET /cormun/servlet/solicitudot?ede227f8fe0ce4d498b58571823aa29d984e08f8dbf1cba062672b49cd45dc88380d176e2799f72f420cb167fbb7e11ecd22ea7cda4bf64704950cb948fb28eb,gx-no-cache=1747745908285 HTTP/1.1" 200 30
190.95.2.163 - - [20/May/2025:09:55:59 -0300] "GET /cormun/servlet/solicitudot?ede227f8fe0ce4d498b58571823aa29d93c0371b57331406cd8e4d3321dfbce8,gx-no-cache=1747745908322 HTTP/1.1" 200 29
190.95.2.163 - - [20/May/2025:09:55:59 -0300] "POST /cormun/servlet/solicitudot?gx-no-cache=1747745908342 HTTP/1.1" 200 297
190.95.2.163 - - [20/May/2025:09:55:59 -0300] "GET /cormun/servlet/solicitudot?ede227f8fe0ce4d498b58571823aa29d05c2ec3a66b0d23bb18fc672cee56983f76ed493a863d2c1f263df24ae9c4bed207fbce513c1e4c795bdce1869e61e239c32e8142602b3d422be2ade679f52afe24fd9b6fbcf0b54a133c32526dbfabc5aa0ddfabaa5e593ba38be5fbf89f302bcfbda8c555a421271ebae287fad11211df251b2b438f8f84f52d47c186918dec2999249620cc8f914d944e5666e674b673575170e0ac76f99089b71c8c1054254cbf0801496efd349410573ace18b8600605e508c4b7fa0028234821dac89108b6cbecc902a0cc03eb096438f6e41d07204fc2698d46e33352e41a513fe7f849a7343846faf579e8cf2dffffae833caa4d6e0788c7592dc056ff19ee50cceb443b78a6a890838efcec30112744181ff18a7a49f7b553d148d88df2b856f4da72bbd6f1c0998268d25029a1d30fb57e3436adf7847d0c82bff524e6b306805339d7b1ff4569dd4457da62a0f1f972d99c99c67b8bd1439778dbcdecd5d0f73cd3af6b427aec5e500d600ebbab566f977b2cc616637c3b253e16f5bf4d61a0841,gx-no-cache=1747745908364 HTTP/1.1" 200 30
190.95.2.163 - - [20/May/2025:09:56:03 -0300] "POST /cormun/servlet/solicitudot?gx-no-cache=1747745911529 HTTP/1.1" 200 30
190.95.2.163 - - [20/May/2025:09:56:05 -0300] "POST /cormun/servlet/solicitudot?gx-no-cache=1747745913727 HTTP/1.1" 200 1479
190.95.2.163 - - [20/May/2025:09:56:05 -0300] "POST /cormun/servlet/solicitudot?gx-no-cache=1747745913762 HTTP/1.1" 200 38
190.95.2.163 - - [20/May/2025:09:56:32 -0300] "GET /cormun/servlet/solicitudot?ede227f8fe0ce4d498b58571823aa29d5f6425d9d7337f5977f33db06e083e73b5aff5af2a556d599bde09779a7b7075add3acb8c7d0c81f7af0e9aa3395ac7008083c6811b36aba700b28b8fb836a04605f918d15c30179e1d257f3b0f69ed7f506cebc9bdfb1683e27e134c8625caf,gx-no-cache=1747745940904 HTTP/1.1" 200 110
190.95.15.9 - - [20/May/2025:09:56:55 -0300] "GET /cormun/static/Resources/PXTools/ClosePrompt.png HTTP/1.1" 200 1036
190.95.15.9 - - [20/May/2025:09:56:55 -0300] "GET /cormun/static/Resources/resize.gif HTTP/1.1" 200 77
190.95.15.9 - - [20/May/2025:09:56:55 -0300] "GET /cormun/servlet/prbanco?,MD,,gxPopupLevel%3D0%3B HTTP/1.1" 302 -
190.95.15.9 - - [20/May/2025:09:56:55 -0300] "GET /cormun/servlet/hlogin?gxPopupLevel%3D0%3B HTTP/1.1" 200 1762
190.95.2.163 - - [20/May/2025:09:56:57 -0300] "POST /cormun/servlet/solicitudot?gx-no-cache=1747745965603 HTTP/1.1" 200 97
190.95.15.9 - - [20/May/2025:09:56:58 -0300] "GET /cormun/servlet/solicitudot?d60a9e25444ca1db8ee60fd9c467ec88d5b999f6dff3bbb86e168f7022d0e9951bebc6d9b13e80e1022997ee01d17ccdac2aadb80a1bab8d74f496fcfc083ae2,gx-no-cache=1747745968467 HTTP/1.1" 440 972
190.95.15.9 - - [20/May/2025:09:57:01 -0300] "GET /cormun/servlet/solicitudot?INS,0,0,false, HTTP/1.1" 200 15147
190.95.15.9 - - [20/May/2025:09:57:01 -0300] "GET /cormun/servlet/hlogin HTTP/1.1" 200 1743
190.95.15.9 - - [20/May/2025:09:57:08 -0300] "POST /cormun/servlet/hlogin?cf8958ac776c1aebccb361819856d506,gx-no-cache=1747745978236 HTTP/1.1" 200 90
190.95.15.9 - - [20/May/2025:09:57:08 -0300] "GET /cormun/servlet/hpexe_link HTTP/1.1" 200 962
190.95.2.163 - - [20/May/2025:09:57:08 -0300] "GET /cormun/servlet/solicitudot?ede227f8fe0ce4d498b58571823aa29dbaeb2bbe3d9808bda2927ec4e94fa430075c149ef3f91493931f18bbc1a35d395fcaa50859b8820516aabf867159cd7fd869e28a1676e6094f59a3d128e0393997478af5d3e3d046fedc77de35c4e87ae03cb70602ecb640ef71072a3f854f5d,gx-no-cache=1747745977350 HTTP/1.1" 200 29
190.95.2.163 - - [20/May/2025:09:57:08 -0300] "GET /cormun/static/menuarrow.gif HTTP/1.1" 404 1015
190.95.15.9 - - [20/May/2025:09:57:08 -0300] "GET /cormun/servlet/solicitudot?INS,0,0,false, HTTP/1.1" 200 16079
190.95.67.91 - - [20/May/2025:09:57:13 -0300] "POST /cormun/servlet/trlicencias?c6b719f7d3937d45aca073754c8d75ea,,gx-no-cache=1747745982471 HTTP/1.1" 440 972
190.95.67.91 - - [20/May/2025:09:57:14 -0300] "GET /cormun/servlet/trlicencias? HTTP/1.1" 200 6045
190.95.67.91 - - [20/May/2025:09:57:15 -0300] "GET /cormun/servlet/hlogin HTTP/1.1" 200 1735
190.95.67.91 - - [20/May/2025:09:57:15 -0300] "GET /cormun/servlet/trlicencias? HTTP/1.1" 200 6045
190.95.67.91 - - [20/May/2025:09:57:27 -0300] "POST /cormun/servlet/hlogin?189cf34bd5d8f4a62acabc7f5d6af358,gx-no-cache=1747745997147 HTTP/1.1" 200 90
190.95.67.91 - - [20/May/2025:09:57:27 -0300] "GET /cormun/servlet/hpexe_link HTTP/1.1" 200 955
190.95.67.91 - - [20/May/2025:09:57:28 -0300] "GET /cormun/servlet/trlicencias HTTP/1.1" 200 17017
190.95.2.163 - - [20/May/2025:09:57:40 -0300] "GET /cormun/servlet/solicitudot?ede227f8fe0ce4d498b58571823aa29d294f46ae9db014a56a0e5212bd5122fbafa6776264245219d49fe3651fa083be,gx-no-cache=1747746008836 HTTP/1.1" 200 30
190.95.15.9 - - [20/May/2025:09:57:43 -0300] "POST /cormun/servlet/solicitudot?gx-no-cache=1747746012774 HTTP/1.1" 200 4046
190.95.15.9 - - [20/May/2025:09:57:43 -0300] "POST /cormun/servlet/solicitudot?cf8958ac776c1aebccb361819856d506,INS,0,0,false,,gx-no-cache=1747746012932 HTTP/1.1" 200 12630
190.95.15.9 - - [20/May/2025:09:57:46 -0300] "GET /cormun/servlet/solicitudot?e72b32570f9c2a2810fe3847db956ba2893df6e722c85f2f616d884269dd06f55ff6dcfdce51843fc099d72235e1296f,gx-no-cache=1747746016388 HTTP/1.1" 200 30
190.95.2.163 - - [20/May/2025:09:57:58 -0300] "POST /cormun/servlet/solicitudot?gx-no-cache=1747746026977 HTTP/1.1" 200 30
190.95.2.163 - - [20/May/2025:09:59:56 -0300] "GET /cormun/static/Resources/PXTools/ClosePrompt.png HTTP/1.1" 200 1036
190.95.2.163 - - [20/May/2025:09:59:56 -0300] "GET /cormun/static/Resources/resize.gif HTTP/1.1" 200 77
190.95.2.163 - - [20/May/2025:09:59:56 -0300] "GET /cormun/servlet/prbanco?,MD,,gxPopupLevel%3D0%3B HTTP/1.1" 200 6657
190.95.2.163 - - [20/May/2025:09:59:57 -0300] "GET /cormun/static/gxcfg.js?20201216131581 HTTP/1.1" 200 953
190.95.2.163 - - [20/May/2025:09:59:57 -0300] "GET /cormun/static/prbanco.js?20201216132311 HTTP/1.1" 200 10693
190.95.2.163 - - [20/May/2025:09:59:57 -0300] "GET /cormun/static/Resources/PXToolsMenuSearch.png HTTP/1.1" 200 336
190.95.2.163 - - [20/May/2025:09:59:57 -0300] "GET /cormun/static/hmpwkw011.js?202211298443482 HTTP/1.1" 200 1968
190.95.2.163 - - [20/May/2025:09:59:57 -0300] "GET /cormun/static/menusearch.js?20201214473581 HTTP/1.1" 200 1424
190.95.2.163 - - [20/May/2025:09:59:57 -0300] "GET /cormun/static/Resources/PXToolsMenuSearchCancel.png HTTP/1.1" 200 306
190.95.2.163 - - [20/May/2025:10:00:17 -0300] "GET /cormun/servlet/solicitudot?ede227f8fe0ce4d498b58571823aa29d1f8d2d67f27629cea59d6f6e30a13775,gx-no-cache=1747746166107 HTTP/1.1" 200 51
190.95.2.163 - - [20/May/2025:10:00:17 -0300] "GET /cormun/servlet/solicitudot?ede227f8fe0ce4d498b58571823aa29d05c2ec3a66b0d23bb18fc672cee56983f76ed493a863d2c1f263df24ae9c4bed207fbce513c1e4c795bdce1869e61e239c32e8142602b3d422be2ade679f52afe24fd9b6fbcf0b54a133c32526dbfabc5aa0ddfabaa5e593ba38be5fbf89f302bcfbda8c555a421271ebae287fad11211df251b2b438f8f84f52d47c186918dec2999249620cc8f914d944e5666e674b673575170e0ac76f99089b71c8c1054254cbf0801496efd349410573ace18b8600605e508c4b7fa0028234821dac89108b6cbecc902a0cc03eb096438f6e41d07204fc2698d46e33352e41a513fe7f849a7343846faf579e8cf2dffffae833caa4d6e0788c7592dc056ff19ee50cceb443b78a6a890838efcec30112744181ff18a7a49f7b553d148d88df2b856f4da72bbd6f1c0998268d25029a1d30fb57e3436adf7847d0c82bff524e6b306805339d7b1ff4569dd4457da62a0f1f972d99c99c67b8bd1439778dbcdecd5d0f73cd6c3db6d33f3c7f5bcf17e465bc43068fb2cc616637c3b253e16f5bf4d61a0841,gx-no-cache=1747746166144 HTTP/1.1" 200 30
190.95.2.163 - - [20/May/2025:10:00:17 -0300] "POST /cormun/servlet/solicitudot?gx-no-cache=1747746166165 HTTP/1.1" 200 30
190.95.2.163 - - [20/May/2025:10:00:17 -0300] "POST /cormun/servlet/solicitudot?gx-no-cache=1747746166197 HTTP/1.1" 200 1482
190.95.2.163 - - [20/May/2025:10:00:17 -0300] "POST /cormun/servlet/solicitudot?gx-no-cache=1747746166227 HTTP/1.1" 200 41
190.95.2.163 - - [20/May/2025:10:00:17 -0300] "GET /cormun/servlet/solicitudot?ede227f8fe0ce4d498b58571823aa29d5f6425d9d7337f5977f33db06e083e73b5aff5af2a556d599bde09779a7b7075add3acb8c7d0c81f7af0e9aa3395ac7008083c6811b36aba700b28b8fb836a04605f918d15c30179e1d257f3b0f69ed7f506cebc9bdfb1683e27e134c8625caf,gx-no-cache=1747746166248 HTTP/1.1" 200 110
190.95.2.163 - - [20/May/2025:10:00:17 -0300] "POST /cormun/servlet/solicitudot?gx-no-cache=1747746166266 HTTP/1.1" 200 97
190.95.2.163 - - [20/May/2025:10:00:17 -0300] "GET /cormun/servlet/solicitudot?ede227f8fe0ce4d498b58571823aa29d294f46ae9db014a56a0e5212bd5122fbafa6776264245219d49fe3651fa083be,gx-no-cache=1747746166287 HTTP/1.1" 200 30
190.95.2.163 - - [20/May/2025:10:00:17 -0300] "POST /cormun/servlet/solicitudot?gx-no-cache=1747746166310 HTTP/1.1" 200 30
190.95.2.163 - - [20/May/2025:10:00:18 -0300] "POST /cormun/servlet/solicitudot?7d850ab60e02a7d37b240e0043ecc996,INS,0,0,false,,gx-no-cache=1747746166329 HTTP/1.1" 200 93
190.95.2.163 - - [20/May/2025:10:00:18 -0300] "GET /cormun/servlet/hpexe_return? HTTP/1.1" 200 1007
190.95.2.163 - - [20/May/2025:10:00:18 -0300] "GET /cormun/servlet/trsolicitudot HTTP/1.1" 200 8590
190.95.2.163 - - [20/May/2025:10:00:18 -0300] "GET /cormun//static/Resources/PXToolsRemoveAllAction.png HTTP/1.1" 200 487
190.95.2.163 - - [20/May/2025:10:00:18 -0300] "GET /cormun//static/Resources/PXToolsActionView.png HTTP/1.1" 200 398
190.95.15.9 - - [20/May/2025:10:00:36 -0300] "GET /cormun/servlet/solicitudot?e72b32570f9c2a2810fe3847db956ba2b5327f04d20106d01b01d2259927c4ef858cce057285fe7766e7c76d5f6c4779674a66e553f0a5c519de5f39983bdd07,gx-no-cache=1747746185546 HTTP/1.1" 200 30
190.95.2.163 - - [20/May/2025:10:00:38 -0300] "POST /cormun/servlet/trsolicitudot?7d850ab60e02a7d37b240e0043ecc996,gx-no-cache=1747746186629 HTTP/1.1" 200 107
190.95.2.163 - - [20/May/2025:10:00:38 -0300] "GET /cormun/servlet/trsolicitudadjuntos?2025,22627, HTTP/1.1" 200 6104
190.95.2.163 - - [20/May/2025:10:00:38 -0300] "GET /cormun/static/gxcfg.js?20201215574222 HTTP/1.1" 200 953
190.95.2.163 - - [20/May/2025:10:00:38 -0300] "GET /cormun/static/trsolicitudadjuntos.js?20201215574932 HTTP/1.1" 200 17921
190.95.15.9 - - [20/May/2025:10:00:38 -0300] "GET /cormun/servlet/solicitudot?e72b32570f9c2a2810fe3847db956ba2bc5f1c5c97a2184ace6fc3ed603cca65,gx-no-cache=1747746188337 HTTP/1.1" 200 53
190.95.2.163 - - [20/May/2025:10:00:41 -0300] "GET /cormun/servlet/solicitudotadjuntos?INS,2025,22627,,1, HTTP/1.1" 200 6048
190.95.2.163 - - [20/May/2025:10:00:41 -0300] "GET /cormun/static/gxcfg.js?202211298385187 HTTP/1.1" 200 953
190.95.2.163 - - [20/May/2025:10:00:41 -0300] "GET /cormun/static/solicitudotadjuntos.js?202211298385196 HTTP/1.1" 200 11771
190.95.2.163 - - [20/May/2025:10:00:41 -0300] "GET /cormun/static/about:blank HTTP/1.1" 404 1011
190.95.2.163 - - [20/May/2025:10:00:41 -0300] "GET /cormun/servlet/solicitudotadjuntos?ede227f8fe0ce4d498b58571823aa29d19f0c3cd58d4fa86b810b004fa18cd552dbee48fc1f02b39b6a6ef9278066268,gx-no-cache=1747746190379 HTTP/1.1" 200 30
190.95.2.163 - - [20/May/2025:10:00:41 -0300] "POST /cormun/servlet/solicitudotadjuntos?7d850ab60e02a7d37b240e0043ecc996,INS,2025,22627,,1,,gx-no-cache=1747746190396 HTTP/1.1" 200 3867
190.95.2.163 - - [20/May/2025:10:00:48 -0300] "POST /cormun/servlet/solicitudotadjuntos?gx-no-cache=1747746197212 HTTP/1.1" 200 26
190.95.2.163 - - [20/May/2025:10:01:31 -0300] "POST /cormun/servlet/solicitudotadjuntos?7d850ab60e02a7d37b240e0043ecc996,INS,2025,22627,,1, HTTP/1.1" 200 116
190.95.2.163 - - [20/May/2025:10:01:32 -0300] "GET /cormun/servlet/hpexe_return? HTTP/1.1" 200 1024
190.95.2.163 - - [20/May/2025:10:01:32 -0300] "GET /cormun/servlet/trsolicitudadjuntos?2025,22627, HTTP/1.1" 200 6108
190.95.15.9 - - [20/May/2025:10:01:48 -0300] "POST /cormun/servlet/solicitudot?gx-no-cache=1747746257501 HTTP/1.1" 200 297
190.95.15.9 - - [20/May/2025:10:01:48 -0300] "GET /cormun/servlet/solicitudot?e72b32570f9c2a2810fe3847db956ba27aeae107df38a55b0c5ccfcbcb122be0f87cdee936bea6c097aa0e6c999ed763f615a8ab867a099e623434a5155259da5d0875a20528705d0656a71a7c1ba61861fa9f664a473fd2b0a7e09274ab6d1511ddd50b30cccef366ce4837ea838958aa8e13eefe9fecc863e0c67b53f129d6ff5872c2194f7055db91b6c5aad1a32d8122651a6e2a7bc8e728f0d9375d8da09354e34493fa3342bea3c681a3e1f58b4fbcc866231cf3d112e24e0cd7bf2cce33ce501d81cb317e6da9b6c8477b59f152ea4a52ccfa85d2f7cbfbe545065eb9a0f24664c3acea67ca0c14d5ddf0c32282a87f57c59077134f1957f21f4aa70434be0a0640fab47bd6a722beacbf6e0b681f9cd67ea73b36a7ddb1e9aacac8caef335fb569f5b79340c2d86598345d9e32dfcf4e93d2e73cc7d644c5229c8d539714a165a23ed469cbe54a24495e6593540565a69277bf4fb33690ae92ec196ec3d1b9d225b2b62b91a3342d6738b1804fb350b2b5f3db5b7cef6f6ca46ae34ee84ad03796f0175ca6a64fcaa11fce66,gx-no-cache=1747746257556 HTTP/1.1" 200 30
190.95.15.9 - - [20/May/2025:10:01:48 -0300] "POST /cormun/servlet/solicitudot?gx-no-cache=1747746257581 HTTP/1.1" 200 30
190.95.15.9 - - [20/May/2025:10:01:48 -0300] "POST /cormun/servlet/solicitudot?gx-no-cache=1747746257619 HTTP/1.1" 200 1479
190.95.15.9 - - [20/May/2025:10:01:48 -0300] "POST /cormun/servlet/solicitudot?gx-no-cache=1747746257659 HTTP/1.1" 200 38
129.222.173.48 - - [20/May/2025:10:01:51 -0300] "GET /cormun/servlet/hlogin HTTP/1.1" 200 1717
129.222.173.48 - - [20/May/2025:10:01:53 -0300] "POST /cormun/servlet/hlogin?b7b8bc5697913801238c83bac154e64f,gx-no-cache=1747746262582 HTTP/1.1" 200 90
129.222.173.48 - - [20/May/2025:10:01:53 -0300] "GET /cormun/servlet/hpexe_link HTTP/1.1" 200 946
129.222.173.48 - - [20/May/2025:10:01:53 -0300] "GET /cormun/servlet/hhome HTTP/1.1" 200 3929
129.222.173.48 - - [20/May/2025:10:01:56 -0300] "GET /cormun/servlet/trlicencias? HTTP/1.1" 200 10361
190.95.15.9 - - [20/May/2025:10:02:04 -0300] "GET /cormun/servlet/solicitudot?e72b32570f9c2a2810fe3847db956ba2d0040b58b98f8d95beac2b83bf31aca9fd3c5b8b3af582ee55ef4a78ac7b07768f49a58a0b3339eb7c7a33ea07c9f601ca12e7818969c592bce337afb3ffc37876b0dfb4e4dd128c686ead2aee85bd4a45e8c8b3b19e0e3770760e0101fb61bd,gx-no-cache=1747746274442 HTTP/1.1" 200 110
190.95.15.9 - - [20/May/2025:10:02:04 -0300] "POST /cormun/servlet/solicitudot?gx-no-cache=1747746274481 HTTP/1.1" 200 69
190.95.67.91 - - [20/May/2025:10:02:31 -0300] "GET /cormun/servlet/trlicencias? HTTP/1.1" 200 17015
190.95.67.91 - - [20/May/2025:10:02:34 -0300] "GET /cormun/servlet/licenciaspermisos?INS,0,,, HTTP/1.1" 200 7837
190.95.67.91 - - [20/May/2025:10:02:35 -0300] "GET /cormun/static/gxcfg.js?202012153173 HTTP/1.1" 200 953
190.95.67.91 - - [20/May/2025:10:02:35 -0300] "GET /cormun/static/licenciaspermisos.js?2020121532136 HTTP/1.1" 200 38753
190.95.67.91 - - [20/May/2025:10:03:04 -0300] "GET /cormun/servlet/licenciaspermisos?b6e2e91bcca6dce1f084746fe91e19316f96d97f0f54d56022dd3c2843e52a313d7d672c0391453321af1640a05b8b8be22779376394aa228b75ad6ed76563dd,gx-no-cache=1747746333651 HTTP/1.1" 200 189
190.95.67.91 - - [20/May/2025:10:03:04 -0300] "GET /cormun/static/Shared/jqueryui/images/ui-icons_82798d_256x240.png HTTP/1.1" 404 1089
190.95.67.91 - - [20/May/2025:10:03:04 -0300] "GET /cormun/static/Shared/jqueryui/images/ui-bg_highlight-soft_100_c6c2c8_1x100.png HTTP/1.1" 404 1117
190.95.67.91 - - [20/May/2025:10:03:04 -0300] "GET /cormun/static/Shared/jqueryui/images/ui-bg_flat_55_994d53_40x100.png HTTP/1.1" 404 1097
190.95.67.91 - - [20/May/2025:10:03:04 -0300] "GET /cormun/static/Shared/jqueryui/images/ui-icons_ebccce_256x240.png HTTP/1.1" 404 1089
190.95.67.91 - - [20/May/2025:10:03:24 -0300] "GET /cormun/servlet/licenciaspermisos?b6e2e91bcca6dce1f084746fe91e19318a556b9e0786b458299b498107a312373d7d672c0391453321af1640a05b8b8be22779376394aa228b75ad6ed76563dd,gx-no-cache=1747746354182 HTTP/1.1" 200 101
190.95.67.91 - - [20/May/2025:10:03:24 -0300] "POST /cormun/servlet/licenciaspermisos?189cf34bd5d8f4a62acabc7f5d6af358,INS,0,,,,gx-no-cache=1747746354209 HTTP/1.1" 200 5113
190.95.15.9 - - [20/May/2025:10:04:12 -0300] "POST /cormun/servlet/solicitudot?gx-no-cache=1747746401672 HTTP/1.1" 200 255
190.95.15.9 - - [20/May/2025:10:04:14 -0300] "GET /cormun/servlet/solicitudot?e72b32570f9c2a2810fe3847db956ba27aeae107df38a55b0c5ccfcbcb122be0d83d4e781c8aaa4d55700487334787e7f615a8ab867a099e623434a5155259da5d0875a20528705d0656a71a7c1ba61861fa9f664a473fd2b0a7e09274ab6d1511ddd50b30cccef366ce4837ea838958aa8e13eefe9fecc863e0c67b53f129d6ff5872c2194f7055db91b6c5aad1a32d8122651a6e2a7bc8e728f0d9375d8da09354e34493fa3342bea3c681a3e1f58b4fbcc866231cf3d112e24e0cd7bf2cce33ce501d81cb317e6da9b6c8477b59f152ea4a52ccfa85d2f7cbfbe545065eb9a0f24664c3acea67ca0c14d5ddf0c322a066bb0daf627e58429aa7d3617de67f34be0a0640fab47bd6a722beacbf6e0b9e84cf43f78e05b96f541fe8b3e28aca17fbd9ba04c2b03d5e8462f8538d3338875fb995f1b4f4ae6197b4513d269a5adbe340250159953fdf2c16c78430e9d70cecf2b393a0bbaacc39360817be5ccc79780ba5fec9329155f1bc6796a828bfae4fd814ee214dfa0e3cdee04a7800e7,gx-no-cache=1747746403946 HTTP/1.1" 200 30
190.95.15.9 - - [20/May/2025:10:04:19 -0300] "POST /cormun/servlet/solicitudot?gx-no-cache=1747746408664 HTTP/1.1" 200 30
190.95.15.9 - - [20/May/2025:10:04:34 -0300] "POST /cormun/servlet/solicitudot?gx-no-cache=1747746423511 HTTP/1.1" 200 1479
190.95.15.9 - - [20/May/2025:10:04:34 -0300] "POST /cormun/servlet/solicitudot?gx-no-cache=1747746423558 HTTP/1.1" 200 38
190.95.15.9 - - [20/May/2025:10:04:34 -0300] "GET /cormun/servlet/solicitudot?e72b32570f9c2a2810fe3847db956ba2d0040b58b98f8d95beac2b83bf31aca9fd3c5b8b3af582ee55ef4a78ac7b07768f49a58a0b3339eb7c7a33ea07c9f601ca12e7818969c592bce337afb3ffc37876b0dfb4e4dd128c686ead2aee85bd4a45e8c8b3b19e0e3770760e0101fb61bd,gx-no-cache=1747746423591 HTTP/1.1" 200 110
190.95.15.9 - - [20/May/2025:10:04:34 -0300] "POST /cormun/servlet/solicitudot?gx-no-cache=1747746423634 HTTP/1.1" 200 64
190.95.15.9 - - [20/May/2025:10:04:34 -0300] "GET /cormun/servlet/solicitudot?e72b32570f9c2a2810fe3847db956ba273bbba83de0aeef7c09d1b7d9a327ec6cde4d7d1caca689e2bf28c87260ab8b68d24535058ea5eff155dd127ffcd359400f53ef87010075bdfa51b43ad35ba466dbad49b91a526e753e8a33b0a55c9e840777af9e3291c703bb01dbbfcabd64e,gx-no-cache=1747746423668 HTTP/1.1" 200 29
190.95.15.9 - - [20/May/2025:10:04:34 -0300] "GET /cormun/servlet/solicitudot?e72b32570f9c2a2810fe3847db956ba22f5548bc5a60cdbfcea400fba1352274,gx-no-cache=1747746423691 HTTP/1.1" 200 30
190.95.15.9 - - [20/May/2025:10:04:34 -0300] "GET /cormun/static/menuarrow.gif HTTP/1.1" 404 1015
190.95.15.9 - - [20/May/2025:10:04:36 -0300] "POST /cormun/servlet/solicitudot?gx-no-cache=1747746425976 HTTP/1.1" 200 30
190.95.15.9 - - [20/May/2025:10:04:36 -0300] "POST /cormun/servlet/solicitudot?gx-no-cache=1747746426027 HTTP/1.1" 200 1479
190.95.15.9 - - [20/May/2025:10:04:36 -0300] "POST /cormun/servlet/solicitudot?gx-no-cache=1747746426073 HTTP/1.1" 200 38
190.95.15.9 - - [20/May/2025:10:04:36 -0300] "GET /cormun/servlet/solicitudot?e72b32570f9c2a2810fe3847db956ba2d0040b58b98f8d95beac2b83bf31aca9fd3c5b8b3af582ee55ef4a78ac7b07768f49a58a0b3339eb7c7a33ea07c9f601ca12e7818969c592bce337afb3ffc37876b0dfb4e4dd128c686ead2aee85bd4a45e8c8b3b19e0e3770760e0101fb61bd,gx-no-cache=1747746426095 HTTP/1.1" 200 110
190.95.15.9 - - [20/May/2025:10:04:36 -0300] "POST /cormun/servlet/solicitudot?gx-no-cache=1747746426120 HTTP/1.1" 200 64
190.95.15.9 - - [20/May/2025:10:04:44 -0300] "POST /cormun/servlet/solicitudot?gx-no-cache=1747746434003 HTTP/1.1" 200 30
190.95.2.163 - - [20/May/2025:10:05:31 -0300] "GET /cormun/servlet/solicitudotadjuntos?INS,2025,22627,,1, HTTP/1.1" 200 6048
190.95.2.163 - - [20/May/2025:10:05:31 -0300] "GET /cormun/static/about:blank HTTP/1.1" 404 1011
190.95.2.163 - - [20/May/2025:10:05:32 -0300] "GET /cormun/servlet/solicitudotadjuntos?ede227f8fe0ce4d498b58571823aa29d19f0c3cd58d4fa86b810b004fa18cd552dbee48fc1f02b39b6a6ef9278066268,gx-no-cache=1747746480848 HTTP/1.1" 200 30
190.95.2.163 - - [20/May/2025:10:05:32 -0300] "POST /cormun/servlet/solicitudotadjuntos?7d850ab60e02a7d37b240e0043ecc996,INS,2025,22627,,1,,gx-no-cache=1747746480862 HTTP/1.1" 200 3867
190.95.2.163 - - [20/May/2025:10:05:35 -0300] "POST /cormun/servlet/solicitudotadjuntos?gx-no-cache=1747746483792 HTTP/1.1" 200 26
190.95.15.9 - - [20/May/2025:10:05:43 -0300] "GET /cormun/servlet/solicitudot?e72b32570f9c2a2810fe3847db956ba212edbb51d568ef4afd1d9a1a3632efe55b53f79e2b8e36aaab6a33b4b105f917,gx-no-cache=1747746493394 HTTP/1.1" 200 30
190.95.15.9 - - [20/May/2025:10:05:43 -0300] "POST /cormun/servlet/solicitudot?gx-no-cache=1747746493424 HTTP/1.1" 200 30
190.95.15.9 - - [20/May/2025:10:05:44 -0300] "POST /cormun/servlet/solicitudot?cf8958ac776c1aebccb361819856d506,INS,0,0,false,,gx-no-cache=1747746493451 HTTP/1.1" 200 93
190.95.15.9 - - [20/May/2025:10:05:44 -0300] "GET /cormun/servlet/hpexe_return? HTTP/1.1" 200 1006
190.95.15.9 - - [20/May/2025:10:05:44 -0300] "GET /cormun/static/gxcfg.js?20221129846035 HTTP/1.1" 200 953
190.95.15.9 - - [20/May/2025:10:05:44 -0300] "GET /cormun/static/hpexe_return.js?20221129846037 HTTP/1.1" 200 1633
190.95.15.9 - - [20/May/2025:10:05:44 -0300] "GET /cormun/servlet/hhome HTTP/1.1" 200 4245
190.95.2.163 - - [20/May/2025:10:05:50 -0300] "GET /cormun/servlet/solicitudotadjuntos?ede227f8fe0ce4d498b58571823aa29d6faec0f7c7c6126a183c1274cfc6e0e9,gx-no-cache=1747746498542 HTTP/1.1" 200 30
190.95.2.163 - - [20/May/2025:10:05:50 -0300] "GET /cormun/servlet/solicitudotadjuntos?ede227f8fe0ce4d498b58571823aa29d6faec0f7c7c6126a183c1274cfc6e0e9,gx-no-cache=1747746498567 HTTP/1.1" 200 30
190.95.2.163 - - [20/May/2025:10:05:50 -0300] "POST /cormun/servlet/solicitudotadjuntos?7d850ab60e02a7d37b240e0043ecc996,INS,2025,22627,,1, HTTP/1.1" 200 116
190.95.2.163 - - [20/May/2025:10:05:50 -0300] "GET /cormun/servlet/hpexe_return? HTTP/1.1" 200 1024
190.95.2.163 - - [20/May/2025:10:05:50 -0300] "GET /cormun/servlet/trsolicitudadjuntos?2025,22627, HTTP/1.1" 200 9115
192.168.10.22 - - [20/May/2025:10:05:53 -0300] "GET /cormun/servlet/hlogin HTTP/1.1" 200 1717
192.168.10.22 - - [20/May/2025:10:05:53 -0300] "GET /cormun/servlet/hlogin HTTP/1.1" 200 1727
190.95.15.9 - - [20/May/2025:10:05:54 -0300] "GET /cormun/servlet/trsolicitudot? HTTP/1.1" 200 8872
190.95.15.9 - - [20/May/2025:10:05:54 -0300] "GET /cormun//static/Resources/PXToolsActionView.png HTTP/1.1" 200 398
190.95.15.9 - - [20/May/2025:10:05:54 -0300] "GET /cormun//static/Resources/PXToolsGridUpdate.png HTTP/1.1" 200 470
190.95.15.9 - - [20/May/2025:10:05:54 -0300] "GET /cormun//static/Resources/PXToolsRemoveAllAction.png HTTP/1.1" 200 487
190.95.15.9 - - [20/May/2025:10:05:54 -0300] "GET /cormun//static/Resources/PXToolsGridDelete.png HTTP/1.1" 200 538
190.95.2.163 - - [20/May/2025:10:05:55 -0300] "GET /cormun/servlet/solicitudotadjuntos?INS,2025,22627,,1, HTTP/1.1" 200 6048
190.95.2.163 - - [20/May/2025:10:05:55 -0300] "GET /cormun/static/about:blank HTTP/1.1" 404 1011
190.95.2.163 - - [20/May/2025:10:05:55 -0300] "GET /cormun/servlet/solicitudotadjuntos?ede227f8fe0ce4d498b58571823aa29d19f0c3cd58d4fa86b810b004fa18cd552dbee48fc1f02b39b6a6ef9278066268,gx-no-cache=1747746504368 HTTP/1.1" 200 30
190.95.2.163 - - [20/May/2025:10:05:55 -0300] "POST /cormun/servlet/solicitudotadjuntos?7d850ab60e02a7d37b240e0043ecc996,INS,2025,22627,,1,,gx-no-cache=1747746504383 HTTP/1.1" 200 3867
192.168.10.22 - - [20/May/2025:10:05:58 -0300] "POST /cormun/servlet/hlogin?5e6dca84b7c855ff76a9d0ffe4c69c5a,gx-no-cache=1747746527507 HTTP/1.1" 200 90
192.168.10.22 - - [20/May/2025:10:05:58 -0300] "GET /cormun/servlet/hpexe_link HTTP/1.1" 200 948
192.168.10.22 - - [20/May/2025:10:05:59 -0300] "GET /cormun/servlet/hhome HTTP/1.1" 200 3820
190.95.2.163 - - [20/May/2025:10:06:01 -0300] "POST /cormun/servlet/solicitudotadjuntos?gx-no-cache=1747746509562 HTTP/1.1" 200 26
192.168.10.22 - - [20/May/2025:10:06:03 -0300] "GET /cormun/servlet/trsolicitudgral? HTTP/1.1" 200 28169
192.168.10.22 - - [20/May/2025:10:06:06 -0300] "POST /cormun/servlet/trsolicitudgral?5e6dca84b7c855ff76a9d0ffe4c69c5a,,gx-no-cache=1747746534872 HTTP/1.1" 200 25768
190.95.2.163 - - [20/May/2025:10:06:40 -0300] "GET /cormun/servlet/solicitudotadjuntos?ede227f8fe0ce4d498b58571823aa29d6faec0f7c7c6126a183c1274cfc6e0e9,gx-no-cache=1747746548906 HTTP/1.1" 200 30
190.95.2.163 - - [20/May/2025:10:06:40 -0300] "GET /cormun/servlet/solicitudotadjuntos?ede227f8fe0ce4d498b58571823aa29d6faec0f7c7c6126a183c1274cfc6e0e9,gx-no-cache=1747746548950 HTTP/1.1" 200 30
190.95.2.163 - - [20/May/2025:10:06:40 -0300] "POST /cormun/servlet/solicitudotadjuntos?7d850ab60e02a7d37b240e0043ecc996,INS,2025,22627,,1, HTTP/1.1" 200 116
190.95.2.163 - - [20/May/2025:10:06:40 -0300] "GET /cormun/servlet/hpexe_return? HTTP/1.1" 200 1024
190.95.2.163 - - [20/May/2025:10:06:40 -0300] "GET /cormun/servlet/trsolicitudadjuntos?2025,22627, HTTP/1.1" 200 9392
190.95.2.163 - - [20/May/2025:10:06:43 -0300] "GET /cormun/servlet/solicitudotadjuntos?INS,2025,22627,,1, HTTP/1.1" 200 6048
190.95.2.163 - - [20/May/2025:10:06:43 -0300] "GET /cormun/static/about:blank HTTP/1.1" 404 1011
190.95.2.163 - - [20/May/2025:10:06:44 -0300] "GET /cormun/servlet/solicitudotadjuntos?ede227f8fe0ce4d498b58571823aa29d19f0c3cd58d4fa86b810b004fa18cd552dbee48fc1f02b39b6a6ef9278066268,gx-no-cache=1747746552804 HTTP/1.1" 200 30
190.95.2.163 - - [20/May/2025:10:06:44 -0300] "POST /cormun/servlet/solicitudotadjuntos?7d850ab60e02a7d37b240e0043ecc996,INS,2025,22627,,1,,gx-no-cache=1747746552822 HTTP/1.1" 200 3867
190.95.2.163 - - [20/May/2025:10:06:55 -0300] "POST /cormun/servlet/solicitudotadjuntos?gx-no-cache=1747746563866 HTTP/1.1" 200 26
190.95.2.163 - - [20/May/2025:10:06:55 -0300] "GET /cormun/servlet/solicitudotadjuntos?ede227f8fe0ce4d498b58571823aa29d6faec0f7c7c6126a183c1274cfc6e0e9,gx-no-cache=1747746563892 HTTP/1.1" 200 30
190.95.2.163 - - [20/May/2025:10:06:55 -0300] "GET /cormun/servlet/solicitudotadjuntos?ede227f8fe0ce4d498b58571823aa29d6faec0f7c7c6126a183c1274cfc6e0e9,gx-no-cache=1747746563920 HTTP/1.1" 200 30
190.95.2.163 - - [20/May/2025:10:06:55 -0300] "POST /cormun/servlet/solicitudotadjuntos?7d850ab60e02a7d37b240e0043ecc996,INS,2025,22627,,1,,gx-no-cache=1747746563938 HTTP/1.1" 200 3713
190.95.2.163 - - [20/May/2025:10:06:55 -0300] "GET /cormun/static/Shared/jqueryui/images/ui-bg_highlight-soft_100_c6c2c8_1x100.png HTTP/1.1" 404 1117
