190.95.67.93 - - [19/May/2025:12:37:27 -0300] "GET /cormun/servlet/trpermisosgoce? HTTP/1.1" 200 6033
190.95.67.93 - - [19/May/2025:12:37:27 -0300] "GET /cormun/servlet/hlogin HTTP/1.1" 200 1741
190.95.1.129 - - [19/May/2025:12:37:28 -0300] "GET /cormun/servlet/prbanco?,MD,,gxPopupLevel%3D0%3B HTTP/1.1" 200 6681
190.95.67.93 - - [19/May/2025:12:37:31 -0300] "POST /cormun/servlet/hlogin?09a94855881d48f904110d860054700c,gx-no-cache=1747669201615 HTTP/1.1" 200 90
190.95.67.93 - - [19/May/2025:12:37:31 -0300] "GET /cormun/servlet/hpexe_link HTTP/1.1" 200 958
190.95.67.93 - - [19/May/2025:12:37:31 -0300] "GET /cormun/servlet/trpermisosgoce HTTP/1.1" 200 15680
190.95.1.129 - - [19/May/2025:12:37:35 -0300] "GET /cormun/servlet/solicitudot?ebe47e89daf9e3685253c2aaf118212cee83ec03e30ef644412f858930dc4e04f6510674b4880bb743618f228e0074ca94b4fe058bab1ae5c5186ba73b3760e3,gx-no-cache=1747669205375 HTTP/1.1" 200 30
190.95.1.129 - - [19/May/2025:12:37:36 -0300] "GET /cormun/servlet/solicitudot?ebe47e89daf9e3685253c2aaf118212c7680390b7b314b9849fcb50ae47dc6fd,gx-no-cache=1747669206651 HTTP/1.1" 200 53
190.95.67.91 - - [19/May/2025:12:37:52 -0300] "GET /cormun/servlet/hlogin HTTP/1.1" 200 1711
190.95.67.91 - - [19/May/2025:12:38:00 -0300] "POST /cormun/servlet/hlogin?ff8b3cfe030b6b854292bf1fedfcbd6b,gx-no-cache=1747669230436 HTTP/1.1" 200 90
190.95.67.91 - - [19/May/2025:12:38:00 -0300] "GET /cormun/servlet/hpexe_link HTTP/1.1" 200 941
190.95.67.91 - - [19/May/2025:12:38:00 -0300] "GET /cormun/servlet/hhome HTTP/1.1" 200 4220
190.95.67.91 - - [19/May/2025:12:38:03 -0300] "GET /cormun/servlet/trlicencias? HTTP/1.1" 200 16927
10.40.40.2 - - [19/May/2025:12:38:08 -0300] "GET /cormun/servlet/hlogin HTTP/1.1" 200 1723
10.40.40.2 - - [19/May/2025:12:38:08 -0300] "GET /cormun/static/hlogin.js?2022112219184458 HTTP/1.1" 200 2156
10.40.40.2 - - [19/May/2025:12:38:08 -0300] "GET /cormun/static/gxcfg.js?2022112219184450 HTTP/1.1" 200 953
10.40.40.2 - - [19/May/2025:12:38:08 -0300] "GET /cormun/static/gxtimezone.js?85251 HTTP/1.1" 200 5781
10.40.40.2 - - [19/May/2025:12:38:08 -0300] "GET /cormun/static/messages.spa.js?85251 HTTP/1.1" 200 30736
10.40.40.2 - - [19/May/2025:12:38:08 -0300] "GET /cormun/static/Resources/Spanish/PXTools.css?1759030 HTTP/1.1" 200 100853
10.40.40.2 - - [19/May/2025:12:38:08 -0300] "GET /cormun/static/gxgral.js?85251 HTTP/1.1" 200 384558
10.40.40.2 - - [19/May/2025:12:38:08 -0300] "GET /cormun/static/Resources/CormunLogin.png HTTP/1.1" 200 19132
10.40.40.2 - - [19/May/2025:12:38:08 -0300] "GET /cormun/static/Resources/PXToolsLoginTop.png HTTP/1.1" 200 1337
10.40.40.2 - - [19/May/2025:12:38:08 -0300] "GET /cormun/static/Resources/PXToolsLoginBackground.png HTTP/1.1" 200 1164
10.40.40.2 - - [19/May/2025:12:38:08 -0300] "GET /cormun/static/Resources/PXToolsButtonLeft.png HTTP/1.1" 200 1310
10.40.40.2 - - [19/May/2025:12:38:08 -0300] "GET /cormun/static/Resources/PXToolsButtonRight.png HTTP/1.1" 200 1294
10.40.40.2 - - [19/May/2025:12:38:08 -0300] "GET /cormun/static/Resources/PXToolsButtonBackground.png HTTP/1.1" 200 1176
10.40.40.2 - - [19/May/2025:12:38:08 -0300] "GET /cormun/static/Resources/PXToolsLoginBottom.png HTTP/1.1" 200 1389
10.40.40.2 - - [19/May/2025:12:38:08 -0300] "GET /cormun/static/Resources/indicator.gif HTTP/1.1" 200 1553
10.40.40.2 - - [19/May/2025:12:38:08 -0300] "GET /cormun/servlet/hlogin HTTP/1.1" 200 1733
10.40.40.2 - - [19/May/2025:12:38:09 -0300] "GET /favicon.ico HTTP/1.1" 200 21630
190.95.1.129 - - [19/May/2025:12:38:12 -0300] "POST /cormun/servlet/solicitudot?gx-no-cache=1747669242274 HTTP/1.1" 200 240
190.95.1.129 - - [19/May/2025:12:38:12 -0300] "GET /cormun/servlet/solicitudot?ebe47e89daf9e3685253c2aaf118212c0cd506e08e750988ec28ca3ee8e8e13fd72917296e312cbadee82ff54914a6057e86302ec950f2b0f7de511a49df63d3e75f611b850a5af0b005c4da599efa1e5069e4c932c294627fc30c9f7740be8c87b210e49fe5e90042ab8355007baccc4c4461100ea80ca7c1db79d7f3e59dc0d84926d6cc44cddc54223d71f76bd1a25c25ab68045f0c7969b8c75490ee3ac96059f6915cce7fc79b8374870e86b1264e9a2a9c12f4629f44c52b6b23e45324c4c784b92cdc7943bc0e09065eb6ff77d24b20a4396af51c036266ef37e09018d4d19c88a0fe7497e711d55e8035763cffab23193e6d990ccb5399f8018d2e9d5210f653c82598e23d3f32efd56b2cb352f5b9eae527b7fad579ae9e7fb9d2510644d7b94cbead760a1a9e482a0fa7d45a5ffdd5250716dab06d53c9c61b448a61388e22684715c28a8ec91092e4dd88baa993f335564e193eabfaa73b24ed6c1bea13babca121979592bc68c649566b30be76c0914051378a24eaec1abc332b,gx-no-cache=1747669242337 HTTP/1.1" 200 30
190.95.1.129 - - [19/May/2025:12:38:21 -0300] "POST /cormun/servlet/solicitudot?gx-no-cache=1747669252160 HTTP/1.1" 200 30
190.95.1.129 - - [19/May/2025:12:38:46 -0300] "POST /cormun/servlet/solicitudot?gx-no-cache=1747669276168 HTTP/1.1" 200 1619
190.95.1.129 - - [19/May/2025:12:38:46 -0300] "GET /cormun/static/Shared/jqueryui/images/ui-bg_highlight-soft_100_c6c2c8_1x100.png HTTP/1.1" 404 1117
190.95.1.129 - - [19/May/2025:12:38:46 -0300] "GET /cormun/static/Shared/jqueryui/images/ui-bg_flat_55_994d53_40x100.png HTTP/1.1" 404 1097
190.95.1.129 - - [19/May/2025:12:38:46 -0300] "GET /cormun/static/Shared/jqueryui/images/ui-icons_82798d_256x240.png HTTP/1.1" 404 1089
190.95.1.129 - - [19/May/2025:12:38:46 -0300] "GET /cormun/static/Shared/jqueryui/images/ui-icons_ebccce_256x240.png HTTP/1.1" 404 1089
190.95.1.129 - - [19/May/2025:12:39:07 -0300] "POST /cormun/servlet/solicitudot?gx-no-cache=1747669297177 HTTP/1.1" 200 1483
190.95.1.129 - - [19/May/2025:12:39:07 -0300] "GET /cormun/static/menuarrow.gif HTTP/1.1" 404 1015
190.95.1.129 - - [19/May/2025:12:39:33 -0300] "POST /cormun/servlet/solicitudot?gx-no-cache=1747669323580 HTTP/1.1" 200 41
190.95.1.129 - - [19/May/2025:12:39:33 -0300] "GET /cormun/servlet/solicitudot?ebe47e89daf9e3685253c2aaf118212ce99f1b70aefec9dd90d5b2006387726c998f11ee7d324e04860dcc5f10a02119d3f296478eea4dd99d867c6bbb3e0dd8d1c22f5f3c9b3f83ffc47b99692d96bb2d70cacdc07cdd017e2a573d68ef1e751885b1bbe0cc0d684e280e8433450118,gx-no-cache=1747669323621 HTTP/1.1" 200 110
190.95.1.129 - - [19/May/2025:12:39:33 -0300] "POST /cormun/servlet/solicitudot?gx-no-cache=1747669323644 HTTP/1.1" 200 110
190.95.1.185 - - [19/May/2025:12:39:38 -0300] "POST /cormun/servlet/hlogin?aa1c7d78e6f748326f6a1199f00952ec,gx-no-cache=1747669328601 HTTP/1.1" 200 421
190.95.1.129 - - [19/May/2025:12:39:44 -0300] "GET /cormun/servlet/solicitudot?ebe47e89daf9e3685253c2aaf118212cf620c8c31ab51083563b467a9d5b1e396e6e7b91114de6adbc0d4f447a12abe7387316b4519438467d83a47dedc6683f8222fc15681ab4892d0f5c0de363aeec773c81c85d2bf252d843e3dba9459f72f1ea5372fc5e1e55ba9792baf5976e24,gx-no-cache=1747669334256 HTTP/1.1" 200 29
190.95.1.129 - - [19/May/2025:12:40:24 -0300] "GET /cormun/servlet/solicitudot?ebe47e89daf9e3685253c2aaf118212c7edc0ddadc3628d136701a109573586320284bfaff26f5a6d743571bf125775a,gx-no-cache=1747669374699 HTTP/1.1" 200 30
190.95.1.129 - - [19/May/2025:12:40:24 -0300] "POST /cormun/servlet/solicitudot?gx-no-cache=1747669374765 HTTP/1.1" 200 34
190.95.67.93 - - [19/May/2025:12:40:27 -0300] "GET /cormun/servlet/permisogoce?INS,0,,, HTTP/1.1" 200 7234
190.95.67.93 - - [19/May/2025:12:40:44 -0300] "GET /cormun/servlet/permisogoce?9a5a77fb9e6482be6f6b5713e18b49fac65a22c1762700b4173fac9f4b7d05a6f1385dbff690257ebcf9a6b123dfa643b5844c091f252811f05d0bc326bf5f00,gx-no-cache=1747669394638 HTTP/1.1" 200 89
190.95.67.93 - - [19/May/2025:12:41:02 -0300] "GET /cormun/static/menuarrow.gif HTTP/1.1" 404 1015
190.95.67.93 - - [19/May/2025:12:41:09 -0300] "GET /cormun/servlet/permisogoce?9a5a77fb9e6482be6f6b5713e18b49fa329fa5e4f943342dcee604207325e16f49bbc4776e8771463d596689b869ada06668729066a1d2a549b495c35c84487b,gx-no-cache=1747669419638 HTTP/1.1" 200 48
190.95.67.93 - - [19/May/2025:12:41:14 -0300] "POST /cormun/servlet/permisogoce?09a94855881d48f904110d860054700c,INS,0,,,,gx-no-cache=1747669424000 HTTP/1.1" 200 93
190.95.67.93 - - [19/May/2025:12:41:14 -0300] "GET /cormun/servlet/hpexe_return? HTTP/1.1" 200 1011
190.95.67.93 - - [19/May/2025:12:41:14 -0300] "GET /cormun/servlet/trpermisosgoce HTTP/1.1" 200 15863
190.95.67.93 - - [19/May/2025:12:41:20 -0300] "GET /cormun/servlet/apermisogoceprn?13346140,P,20250519114318,PU HTTP/1.1" 200 1650
190.95.1.129 - - [19/May/2025:12:41:20 -0300] "POST /cormun/servlet/solicitudot?57cae169c11d721e12aae45ceb9ad0f1,INS,0,0,false,,gx-no-cache=1747669430201 HTTP/1.1" 200 93
190.95.1.129 - - [19/May/2025:12:41:20 -0300] "GET /cormun/servlet/hpexe_return? HTTP/1.1" 200 1006
190.95.1.129 - - [19/May/2025:12:41:20 -0300] "GET /cormun/servlet/trsolicitudot HTTP/1.1" 200 8766
190.95.1.129 - - [19/May/2025:12:41:20 -0300] "GET /cormun//static/Resources/PXToolsActionView.png HTTP/1.1" 200 398
190.95.1.129 - - [19/May/2025:12:41:20 -0300] "GET /cormun//static/Resources/PXToolsRemoveAllAction.png HTTP/1.1" 200 487
190.95.1.129 - - [19/May/2025:12:41:31 -0300] "POST /cormun/servlet/trsolicitudot?57cae169c11d721e12aae45ceb9ad0f1,gx-no-cache=1747669441252 HTTP/1.1" 200 107
190.95.1.129 - - [19/May/2025:12:41:31 -0300] "GET /cormun/servlet/trsolicitudadjuntos?2025,22615, HTTP/1.1" 200 6396
190.95.1.129 - - [19/May/2025:12:41:31 -0300] "GET /cormun/static/gxcfg.js?20201215574222 HTTP/1.1" 200 953
190.95.1.129 - - [19/May/2025:12:41:31 -0300] "GET /cormun/static/trsolicitudadjuntos.js?20201215574932 HTTP/1.1" 200 17921
190.95.1.129 - - [19/May/2025:12:41:35 -0300] "POST /cormun/servlet/trsolicitudadjuntos?57cae169c11d721e12aae45ceb9ad0f1,2025,22615,,gx-no-cache=1747669445418 HTTP/1.1" 200 4221
190.95.1.129 - - [19/May/2025:12:41:38 -0300] "GET /cormun/servlet/solicitudotadjuntos?INS,2025,22615,,1, HTTP/1.1" 200 6342
190.95.1.129 - - [19/May/2025:12:41:38 -0300] "GET /cormun/static/solicitudotadjuntos.js?202211298385196 HTTP/1.1" 200 11771
190.95.1.129 - - [19/May/2025:12:41:38 -0300] "GET /cormun/static/gxcfg.js?202211298385187 HTTP/1.1" 200 953
190.95.1.129 - - [19/May/2025:12:41:38 -0300] "GET /cormun/static/about:blank HTTP/1.1" 404 1011
190.95.1.129 - - [19/May/2025:12:41:38 -0300] "GET /cormun/servlet/solicitudotadjuntos?ebe47e89daf9e3685253c2aaf118212ce735d12c1e823fe7e379ca784657c7e63d9b95bf36d776de1056096c562ba138,gx-no-cache=1747669449119 HTTP/1.1" 200 30
190.95.1.129 - - [19/May/2025:12:41:38 -0300] "POST /cormun/servlet/solicitudotadjuntos?57cae169c11d721e12aae45ceb9ad0f1,INS,2025,22615,,1,,gx-no-cache=1747669449136 HTTP/1.1" 200 4152
190.95.1.129 - - [19/May/2025:12:41:43 -0300] "POST /cormun/servlet/solicitudotadjuntos?gx-no-cache=1747669453660 HTTP/1.1" 200 26
190.95.1.129 - - [19/May/2025:12:41:52 -0300] "GET /cormun/servlet/solicitudotadjuntos?ebe47e89daf9e3685253c2aaf118212c6061b18ea83c16009b6dafab4c5825f6,gx-no-cache=1747669463128 HTTP/1.1" 200 30
190.95.1.129 - - [19/May/2025:12:41:52 -0300] "GET /cormun/servlet/solicitudotadjuntos?ebe47e89daf9e3685253c2aaf118212c6061b18ea83c16009b6dafab4c5825f6,gx-no-cache=1747669463142 HTTP/1.1" 200 30
190.95.1.129 - - [19/May/2025:12:41:53 -0300] "POST /cormun/servlet/solicitudotadjuntos?57cae169c11d721e12aae45ceb9ad0f1,INS,2025,22615,,1, HTTP/1.1" 200 116
190.95.1.129 - - [19/May/2025:12:41:53 -0300] "GET /cormun/servlet/hpexe_return? HTTP/1.1" 200 1023
190.95.1.129 - - [19/May/2025:12:41:53 -0300] "GET /cormun/servlet/trsolicitudadjuntos?2025,22615, HTTP/1.1" 200 9420
190.95.1.129 - - [19/May/2025:12:41:58 -0300] "GET /cormun/servlet/solicitudotadjuntos?INS,2025,22615,,1, HTTP/1.1" 200 6342
190.95.1.129 - - [19/May/2025:12:41:58 -0300] "GET /cormun/static/about:blank HTTP/1.1" 404 1011
190.95.1.129 - - [19/May/2025:12:41:59 -0300] "GET /cormun/servlet/solicitudotadjuntos?ebe47e89daf9e3685253c2aaf118212ce735d12c1e823fe7e379ca784657c7e63d9b95bf36d776de1056096c562ba138,gx-no-cache=1747669469277 HTTP/1.1" 200 30
190.95.1.129 - - [19/May/2025:12:41:59 -0300] "POST /cormun/servlet/solicitudotadjuntos?57cae169c11d721e12aae45ceb9ad0f1,INS,2025,22615,,1,,gx-no-cache=1747669469297 HTTP/1.1" 200 4152
190.95.1.129 - - [19/May/2025:12:42:03 -0300] "POST /cormun/servlet/solicitudotadjuntos?gx-no-cache=1747669473169 HTTP/1.1" 200 26
201.186.225.183 - - [19/May/2025:12:42:09 -0300] "GET /cormun/servlet/hlogin HTTP/1.1" 200 1722
201.186.225.183 - - [19/May/2025:12:42:09 -0300] "GET /cormun/static/gxtimezone.js?85251 HTTP/1.1" 200 5781
201.186.225.183 - - [19/May/2025:12:42:09 -0300] "GET /cormun/static/messages.spa.js?85251 HTTP/1.1" 200 30736
201.186.225.183 - - [19/May/2025:12:42:09 -0300] "GET /cormun/static/gxgral.js?85251 HTTP/1.1" 200 384558
201.186.225.183 - - [19/May/2025:12:42:09 -0300] "GET /cormun/static/Resources/indicator.gif HTTP/1.1" 200 1553
201.186.225.183 - - [19/May/2025:12:42:09 -0300] "GET /cormun/servlet/hlogin HTTP/1.1" 200 1733
190.95.1.129 - - [19/May/2025:12:42:10 -0300] "GET /cormun/servlet/solicitudotadjuntos?ebe47e89daf9e3685253c2aaf118212c6061b18ea83c16009b6dafab4c5825f6,gx-no-cache=1747669480768 HTTP/1.1" 200 30
190.95.1.129 - - [19/May/2025:12:42:10 -0300] "GET /cormun/servlet/solicitudotadjuntos?ebe47e89daf9e3685253c2aaf118212c6061b18ea83c16009b6dafab4c5825f6,gx-no-cache=1747669480782 HTTP/1.1" 200 30
190.95.1.129 - - [19/May/2025:12:42:10 -0300] "POST /cormun/servlet/solicitudotadjuntos?57cae169c11d721e12aae45ceb9ad0f1,INS,2025,22615,,1, HTTP/1.1" 200 116
190.95.1.129 - - [19/May/2025:12:42:10 -0300] "GET /cormun/servlet/hpexe_return? HTTP/1.1" 200 1023
190.95.1.129 - - [19/May/2025:12:42:10 -0300] "GET /cormun/servlet/trsolicitudadjuntos?2025,22615, HTTP/1.1" 200 9669
190.95.1.129 - - [19/May/2025:12:42:13 -0300] "GET /cormun/servlet/solicitudotadjuntos?INS,2025,22615,,1, HTTP/1.1" 200 6341
190.95.1.129 - - [19/May/2025:12:42:13 -0300] "GET /cormun/static/about:blank HTTP/1.1" 404 1011
190.95.1.129 - - [19/May/2025:12:42:14 -0300] "GET /cormun/servlet/solicitudotadjuntos?ebe47e89daf9e3685253c2aaf118212ce735d12c1e823fe7e379ca784657c7e63d9b95bf36d776de1056096c562ba138,gx-no-cache=1747669484774 HTTP/1.1" 200 30
190.95.1.129 - - [19/May/2025:12:42:14 -0300] "POST /cormun/servlet/solicitudotadjuntos?57cae169c11d721e12aae45ceb9ad0f1,INS,2025,22615,,1,,gx-no-cache=1747669484800 HTTP/1.1" 200 4151
190.95.1.129 - - [19/May/2025:12:42:16 -0300] "POST /cormun/servlet/solicitudotadjuntos?gx-no-cache=1747669486697 HTTP/1.1" 200 26
201.186.225.183 - - [19/May/2025:12:42:17 -0300] "POST /cormun/servlet/hlogin?8f43fdcf0cf35f45ed3be0917183dc0b,gx-no-cache=1747669488753 HTTP/1.1" 200 444
192.168.10.22 - - [19/May/2025:12:42:22 -0300] "POST /cormun/servlet/hlogin?3d05fbd739a92c14be6152ac021a8331,gx-no-cache=1747669512888 HTTP/1.1" 200 90
192.168.10.22 - - [19/May/2025:12:42:22 -0300] "GET /cormun/servlet/hpexe_link HTTP/1.1" 200 946
192.168.10.22 - - [19/May/2025:12:42:22 -0300] "GET /cormun/servlet/hhome HTTP/1.1" 200 3815
190.95.1.129 - - [19/May/2025:12:42:23 -0300] "GET /cormun/servlet/solicitudotadjuntos?ebe47e89daf9e3685253c2aaf118212c6061b18ea83c16009b6dafab4c5825f6,gx-no-cache=1747669493649 HTTP/1.1" 200 30
190.95.1.129 - - [19/May/2025:12:42:23 -0300] "GET /cormun/servlet/solicitudotadjuntos?ebe47e89daf9e3685253c2aaf118212c6061b18ea83c16009b6dafab4c5825f6,gx-no-cache=1747669493664 HTTP/1.1" 200 30
190.95.1.129 - - [19/May/2025:12:42:23 -0300] "POST /cormun/servlet/solicitudotadjuntos?57cae169c11d721e12aae45ceb9ad0f1,INS,2025,22615,,1, HTTP/1.1" 200 116
190.95.1.129 - - [19/May/2025:12:42:23 -0300] "GET /cormun/servlet/hpexe_return? HTTP/1.1" 200 1023
190.95.1.129 - - [19/May/2025:12:42:23 -0300] "GET /cormun/servlet/trsolicitudadjuntos?2025,22615, HTTP/1.1" 200 9918
192.168.10.22 - - [19/May/2025:12:42:24 -0300] "GET /cormun/servlet/trsolicitudgral? HTTP/1.1" 200 27742
201.186.225.183 - - [19/May/2025:12:42:25 -0300] "POST /cormun/servlet/hlogin?8f43fdcf0cf35f45ed3be0917183dc0b,gx-no-cache=1747669497096 HTTP/1.1" 200 444
190.95.1.129 - - [19/May/2025:12:42:26 -0300] "GET /cormun/servlet/solicitudotadjuntos?INS,2025,22615,,1, HTTP/1.1" 200 6341
190.95.1.129 - - [19/May/2025:12:42:26 -0300] "GET /cormun/static/about:blank HTTP/1.1" 404 1011
190.95.1.129 - - [19/May/2025:12:42:26 -0300] "GET /cormun/servlet/solicitudotadjuntos?ebe47e89daf9e3685253c2aaf118212ce735d12c1e823fe7e379ca784657c7e63d9b95bf36d776de1056096c562ba138,gx-no-cache=1747669497168 HTTP/1.1" 200 30
190.95.1.129 - - [19/May/2025:12:42:27 -0300] "POST /cormun/servlet/solicitudotadjuntos?57cae169c11d721e12aae45ceb9ad0f1,INS,2025,22615,,1,,gx-no-cache=1747669497185 HTTP/1.1" 200 4151
201.186.225.183 - - [19/May/2025:12:42:28 -0300] "POST /cormun/servlet/hlogin?8f43fdcf0cf35f45ed3be0917183dc0b,gx-no-cache=1747669499567 HTTP/1.1" 200 90
201.186.225.183 - - [19/May/2025:12:42:28 -0300] "GET /cormun/servlet/hpexe_link HTTP/1.1" 200 951
201.186.225.183 - - [19/May/2025:12:42:28 -0300] "GET /cormun/servlet/hhome HTTP/1.1" 200 3962
201.186.225.183 - - [19/May/2025:12:42:28 -0300] "GET /cormun/static/PXToolsJavascripts/pexe_autoreload.js HTTP/1.1" 200 1762
201.186.225.183 - - [19/May/2025:12:42:28 -0300] "GET /cormun/static/PXToolsJavascripts/pexe_cookies.js HTTP/1.1" 200 792
201.186.225.183 - - [19/May/2025:12:42:28 -0300] "GET /cormun/static/PXToolsJavascripts/pexe_grid.js HTTP/1.1" 200 7559
201.186.225.183 - - [19/May/2025:12:42:28 -0300] "GET /cormun/static/PXToolsJavascripts/pexe_windows.js HTTP/1.1" 200 15249
201.186.225.183 - - [19/May/2025:12:42:28 -0300] "GET /cormun/static/PXToolsJavascripts/pexe_griddivfix.js HTTP/1.1" 200 6946
201.186.225.183 - - [19/May/2025:12:42:28 -0300] "GET /cormun/static/PXToolsJavascripts/pexe_link.js HTTP/1.1" 200 5671
201.186.225.183 - - [19/May/2025:12:42:28 -0300] "GET /cormun/static/PXToolsJavascripts/pexe_menudivfix.js HTTP/1.1" 200 333
201.186.225.183 - - [19/May/2025:12:42:28 -0300] "GET /cormun/static/PXToolsJavascripts/pexe_menus.js HTTP/1.1" 200 1286
201.186.225.183 - - [19/May/2025:12:42:28 -0300] "GET /cormun/static/PXToolsJavascripts/pexe_layers.js HTTP/1.1" 200 4114
201.186.225.183 - - [19/May/2025:12:42:28 -0300] "GET /cormun/static/PXToolsJavascripts/pexe_oav.js HTTP/1.1" 200 645
201.186.225.183 - - [19/May/2025:12:42:28 -0300] "GET /cormun/static/PXToolsJavascripts/pexe_oavdivfix.js HTTP/1.1" 200 639
201.186.225.183 - - [19/May/2025:12:42:28 -0300] "GET /cormun/static/PXToolsJavascripts/pexe_picture.js HTTP/1.1" 200 689
201.186.225.183 - - [19/May/2025:12:42:28 -0300] "GET /cormun/static/PXToolsJavascripts/pexe_popup.js HTTP/1.1" 200 15149
201.186.225.183 - - [19/May/2025:12:42:28 -0300] "GET /cormun/static/PXToolsJavascripts/pexe_scrolldiv.js HTTP/1.1" 200 4138
201.186.225.183 - - [19/May/2025:12:42:28 -0300] "GET /cormun/static/PXToolsJavascripts/pexe_tabdivfix.js HTTP/1.1" 200 898
201.186.225.183 - - [19/May/2025:12:42:28 -0300] "GET /cormun/static/PXToolsJavascripts/pexe_tabs.js HTTP/1.1" 200 3748
201.186.225.183 - - [19/May/2025:12:42:28 -0300] "GET /cormun/static/PXToolsJavascripts/pexe_upload.js HTTP/1.1" 200 1423
201.186.225.183 - - [19/May/2025:12:42:28 -0300] "GET /cormun/static/PXToolsJavascripts/PXToolsJavascriptsRender.js HTTP/1.1" 200 367
201.186.225.183 - - [19/May/2025:12:42:28 -0300] "GET /cormun/static/RunJS/RunJS.js HTTP/1.1" 200 288
201.186.225.183 - - [19/May/2025:12:42:28 -0300] "GET /cormun/static/gxui/gxui-all.js HTTP/1.1" 200 107772
201.186.225.183 - - [19/May/2025:12:42:28 -0300] "GET /cormun/static/Shared/ext/locale/ext-lang-en.js HTTP/1.1" 200 10940
201.186.225.183 - - [19/May/2025:12:42:28 -0300] "GET /cormun/static/Resources/PXToolsDataTitle.png HTTP/1.1" 200 1173
201.186.225.183 - - [19/May/2025:12:42:28 -0300] "GET /cormun/static/hwchdr01.js?2022112219251119 HTTP/1.1" 200 996
201.186.225.183 - - [19/May/2025:12:42:28 -0300] "GET /cormun/static/hpexe_recentlink.js?20201214471090 HTTP/1.1" 200 2144
201.186.225.183 - - [19/May/2025:12:42:28 -0300] "GET /cormun/static/hpexe_scripts.js?20201214471411 HTTP/1.1" 200 1544
201.186.225.183 - - [19/May/2025:12:42:28 -0300] "GET /cormun/static/hpexe_messagecontroller.js?202211298371222 HTTP/1.1" 200 870
201.186.225.183 - - [19/May/2025:12:42:28 -0300] "GET /cormun/static/hpexe_messagepopupcomponent.js?2020121447232 HTTP/1.1" 200 605
201.186.225.183 - - [19/May/2025:12:42:28 -0300] "GET /cormun/static/hpexe_messagegenexuscomponent.js?20221129836373 HTTP/1.1" 200 587
201.186.225.183 - - [19/May/2025:12:42:28 -0300] "GET /cormun/static/cmcontrolpreferences.js?20199141926336 HTTP/1.1" 200 1375
201.186.225.183 - - [19/May/2025:12:42:28 -0300] "GET /cormun/static/Shared/jquery/jquery-1.4.2.min.js HTTP/1.1" 200 72174
201.186.225.183 - - [19/May/2025:12:42:28 -0300] "GET /cormun/static/SmoothNavMenu/resources/ddsmoothmenu.js HTTP/1.1" 200 12712
201.186.225.183 - - [19/May/2025:12:42:28 -0300] "GET /cormun/static/SmoothNavMenu/resources/SmoothNavMenuRender.js HTTP/1.1" 200 5951
201.186.225.183 - - [19/May/2025:12:42:28 -0300] "GET /cormun/static/scaMessage/js/jquery.pnotify.min.js HTTP/1.1" 200 13038
201.186.225.183 - - [19/May/2025:12:42:28 -0300] "GET /cormun/static/scaMessage/scaMessageRender.js HTTP/1.1" 200 11977
201.186.225.183 - - [19/May/2025:12:42:28 -0300] "GET /cormun/static/hmpwkw03.js?20221129844354 HTTP/1.1" 200 3971
201.186.225.183 - - [19/May/2025:12:42:28 -0300] "GET /cormun/static/Shared/jqueryui/jquery-ui.min.js HTTP/1.1" 200 240427
201.186.225.183 - - [19/May/2025:12:42:28 -0300] "GET /cormun/static/Shared/jquery/jquery-1.10.2.min.js HTTP/1.1" 200 273199
190.95.1.129 - - [19/May/2025:12:42:28 -0300] "POST /cormun/servlet/solicitudotadjuntos?gx-no-cache=1747669499056 HTTP/1.1" 200 26
201.186.225.183 - - [19/May/2025:12:42:28 -0300] "GET /cormun/static/Shared/ext/ext-all.js HTTP/1.1" 200 1289687
190.95.1.129 - - [19/May/2025:12:42:34 -0300] "GET /cormun/servlet/solicitudotadjuntos?ebe47e89daf9e3685253c2aaf118212c6061b18ea83c16009b6dafab4c5825f6,gx-no-cache=1747669504513 HTTP/1.1" 200 30
190.95.1.129 - - [19/May/2025:12:42:34 -0300] "GET /cormun/servlet/solicitudotadjuntos?ebe47e89daf9e3685253c2aaf118212c6061b18ea83c16009b6dafab4c5825f6,gx-no-cache=1747669504528 HTTP/1.1" 200 30
190.95.1.129 - - [19/May/2025:12:42:34 -0300] "POST /cormun/servlet/solicitudotadjuntos?57cae169c11d721e12aae45ceb9ad0f1,INS,2025,22615,,1, HTTP/1.1" 200 116
190.95.1.129 - - [19/May/2025:12:42:34 -0300] "GET /cormun/servlet/hpexe_return? HTTP/1.1" 200 1023
190.95.1.129 - - [19/May/2025:12:42:34 -0300] "GET /cormun/servlet/trsolicitudadjuntos?2025,22615, HTTP/1.1" 200 10172
190.95.1.129 - - [19/May/2025:12:42:37 -0300] "GET /cormun/servlet/solicitudotadjuntos?INS,2025,22615,,1, HTTP/1.1" 200 6341
190.95.1.129 - - [19/May/2025:12:42:37 -0300] "GET /cormun/static/about:blank HTTP/1.1" 404 1011
190.95.1.129 - - [19/May/2025:12:42:38 -0300] "GET /cormun/servlet/solicitudotadjuntos?ebe47e89daf9e3685253c2aaf118212ce735d12c1e823fe7e379ca784657c7e63d9b95bf36d776de1056096c562ba138,gx-no-cache=1747669508286 HTTP/1.1" 200 30
190.95.1.129 - - [19/May/2025:12:42:38 -0300] "POST /cormun/servlet/solicitudotadjuntos?57cae169c11d721e12aae45ceb9ad0f1,INS,2025,22615,,1,,gx-no-cache=1747669508303 HTTP/1.1" 200 4151
201.186.225.183 - - [19/May/2025:12:42:40 -0300] "GET /cormun/servlet/trsolicitudot? HTTP/1.1" 200 7179
201.186.225.183 - - [19/May/2025:12:42:40 -0300] "GET /cormun/static/calendar.js?85251 HTTP/1.1" 200 26246
201.186.225.183 - - [19/May/2025:12:42:40 -0300] "GET /cormun/static/calendar-es.js?85251 HTTP/1.1" 200 1901
201.186.225.183 - - [19/May/2025:12:42:40 -0300] "GET /cormun/static/gxcfg.js?20221129846531 HTTP/1.1" 200 953
201.186.225.183 - - [19/May/2025:12:42:40 -0300] "GET /cormun/static/calendar-setup.js?85251 HTTP/1.1" 200 2588
201.186.225.183 - - [19/May/2025:12:42:40 -0300] "GET /cormun/static/gxdec.js?85251 HTTP/1.1" 200 19579
190.95.1.129 - - [19/May/2025:12:42:40 -0300] "POST /cormun/servlet/solicitudotadjuntos?gx-no-cache=1747669511025 HTTP/1.1" 200 26
201.186.225.183 - - [19/May/2025:12:42:40 -0300] "GET /cormun/static/trsolicitudot.js?202211298465651 HTTP/1.1" 200 54040
190.95.1.129 - - [19/May/2025:12:42:45 -0300] "GET /cormun/servlet/solicitudotadjuntos?ebe47e89daf9e3685253c2aaf118212c6061b18ea83c16009b6dafab4c5825f6,gx-no-cache=1747669516057 HTTP/1.1" 200 30
190.95.1.129 - - [19/May/2025:12:42:45 -0300] "GET /cormun/servlet/solicitudotadjuntos?ebe47e89daf9e3685253c2aaf118212c6061b18ea83c16009b6dafab4c5825f6,gx-no-cache=1747669516070 HTTP/1.1" 200 30
190.95.1.129 - - [19/May/2025:12:42:45 -0300] "POST /cormun/servlet/solicitudotadjuntos?57cae169c11d721e12aae45ceb9ad0f1,INS,2025,22615,,1, HTTP/1.1" 200 116
190.95.1.129 - - [19/May/2025:12:42:45 -0300] "GET /cormun/servlet/hpexe_return? HTTP/1.1" 200 1023
190.95.1.129 - - [19/May/2025:12:42:46 -0300] "GET /cormun/servlet/trsolicitudadjuntos?2025,22615, HTTP/1.1" 200 10443
190.95.1.129 - - [19/May/2025:12:42:48 -0300] "GET /cormun/servlet/solicitudotadjuntos?INS,2025,22615,,1, HTTP/1.1" 200 6341
190.95.1.129 - - [19/May/2025:12:42:48 -0300] "GET /cormun/static/about:blank HTTP/1.1" 404 1011
190.95.1.129 - - [19/May/2025:12:42:49 -0300] "GET /cormun/servlet/solicitudotadjuntos?ebe47e89daf9e3685253c2aaf118212ce735d12c1e823fe7e379ca784657c7e63d9b95bf36d776de1056096c562ba138,gx-no-cache=1747669519685 HTTP/1.1" 200 30
190.95.1.129 - - [19/May/2025:12:42:49 -0300] "POST /cormun/servlet/solicitudotadjuntos?57cae169c11d721e12aae45ceb9ad0f1,INS,2025,22615,,1,,gx-no-cache=1747669519701 HTTP/1.1" 200 4151
201.186.225.183 - - [19/May/2025:12:42:50 -0300] "GET /cormun/servlet/solicitudot?INS,0,0,false, HTTP/1.1" 200 15962
201.186.225.183 - - [19/May/2025:12:42:50 -0300] "GET /cormun/static/gxcfg.js?20221129840861 HTTP/1.1" 200 953
201.186.225.183 - - [19/May/2025:12:42:50 -0300] "GET /cormun/static/solicitudot.js?20221129840983 HTTP/1.1" 200 74072
190.95.1.129 - - [19/May/2025:12:42:51 -0300] "POST /cormun/servlet/solicitudotadjuntos?gx-no-cache=1747669521600 HTTP/1.1" 200 26
201.186.225.183 - - [19/May/2025:12:42:55 -0300] "POST /cormun/servlet/solicitudot?gx-no-cache=1747669526763 HTTP/1.1" 200 4159
201.186.225.183 - - [19/May/2025:12:42:55 -0300] "POST /cormun/servlet/solicitudot?8f43fdcf0cf35f45ed3be0917183dc0b,INS,0,0,false,,gx-no-cache=1747669526972 HTTP/1.1" 200 12697
190.95.1.129 - - [19/May/2025:12:43:00 -0300] "GET /cormun/servlet/solicitudotadjuntos?ebe47e89daf9e3685253c2aaf118212c6061b18ea83c16009b6dafab4c5825f6,gx-no-cache=1747669531016 HTTP/1.1" 200 30
190.95.1.129 - - [19/May/2025:12:43:00 -0300] "GET /cormun/servlet/solicitudotadjuntos?ebe47e89daf9e3685253c2aaf118212c6061b18ea83c16009b6dafab4c5825f6,gx-no-cache=1747669531031 HTTP/1.1" 200 30
190.95.1.129 - - [19/May/2025:12:43:00 -0300] "POST /cormun/servlet/solicitudotadjuntos?57cae169c11d721e12aae45ceb9ad0f1,INS,2025,22615,,1, HTTP/1.1" 200 116
190.95.1.129 - - [19/May/2025:12:43:01 -0300] "GET /cormun/servlet/hpexe_return? HTTP/1.1" 200 1023
190.95.1.129 - - [19/May/2025:12:43:01 -0300] "GET /cormun/servlet/trsolicitudadjuntos?2025,22615, HTTP/1.1" 200 10593
201.186.225.183 - - [19/May/2025:12:43:01 -0300] "GET /cormun/servlet/solicitudot?217da35cf8a62af8644adae35a9d638e0f9114cf8c2165c3d188e002d1ff580b76d68cfba811d964c691988d779b5a7c,gx-no-cache=1747669533091 HTTP/1.1" 200 30
201.186.225.183 - - [19/May/2025:12:43:01 -0300] "GET /cormun/servlet/solicitudot?217da35cf8a62af8644adae35a9d638ef80e652e7e322bb114b4888db23ed697fc4729c768b63538edec262067b710fe,gx-no-cache=1747669533113 HTTP/1.1" 200 103
201.186.225.183 - - [19/May/2025:12:43:01 -0300] "GET /cormun/static/Shared/jqueryui/images/ui-bg_highlight-soft_100_c6c2c8_1x100.png HTTP/1.1" 404 1117
201.186.225.183 - - [19/May/2025:12:43:01 -0300] "GET /cormun/static/Shared/jqueryui/images/ui-icons_82798d_256x240.png HTTP/1.1" 404 1089
201.186.225.183 - - [19/May/2025:12:43:01 -0300] "GET /cormun/static/Shared/jqueryui/images/ui-icons_ebccce_256x240.png HTTP/1.1" 404 1089
201.186.225.183 - - [19/May/2025:12:43:01 -0300] "GET /cormun/static/Shared/jqueryui/images/ui-bg_flat_55_994d53_40x100.png HTTP/1.1" 404 1097
201.186.225.183 - - [19/May/2025:12:43:01 -0300] "GET /cormun/servlet/solicitudot?217da35cf8a62af8644adae35a9d638eaf3ee03c1db2f2fde0546529f19c9dc1,gx-no-cache=1747669533214 HTTP/1.1" 200 53
190.95.1.129 - - [19/May/2025:12:43:12 -0300] "GET /cormun/servlet/trsolicitudot? HTTP/1.1" 200 8769
201.186.225.183 - - [19/May/2025:12:43:30 -0300] "GET /cormun/servlet/solicitudot?217da35cf8a62af8644adae35a9d638e58b1d57ce8c11bed72ff36a2375ac6bcc12bcc2ed62e4fe95f2931da0c35e2af9a4e86964aaf0951f84853d4a54f75eb,gx-no-cache=1747669561624 HTTP/1.1" 200 30
201.186.225.183 - - [19/May/2025:12:43:30 -0300] "POST /cormun/servlet/solicitudot?gx-no-cache=1747669561650 HTTP/1.1" 200 240
201.186.225.183 - - [19/May/2025:12:43:30 -0300] "GET /cormun/servlet/solicitudot?217da35cf8a62af8644adae35a9d638e3d8c0daef0c5aea6dfb2ee28f7504bbd6f132c30c3927723dc9eef22d1b012dd71d69a8acdf62101ff806eee06cb917c2ad1f2aa19cb024143cb53d9ff13fca703f518c89471ae336745be4fbae7200d37520aace65bc9c479ecdf05e003c8705a40923eb4a80c340ff6c5e41c19a81d243b20714497bb2a9c29edc6643bc9bf624eddf3e74bbe38587e26a3dcfc198936d7d4374e6bb9254f88620f2bdb9e81c955fc631e4fe380d73c89c41b0622faa2845fe7c248f782598a19bee6f8557b24967502b825900c3641a033b2744c37920e3c80bf2d5c06f9648d2d85ca35a89377331ab954977d460feaa062c38a78a3d18539a9894c68266f8d4f9b43da7cf5dbd5556830e46215f27110aa11f919f066322fab59b15b6ee74eef93ddecdde1629bc561f884b8e096cdca4a2104e158ec89c61a312c01496c742d8e9d7dcdd5f5714d89d08839165fe33bb76f0b907ce30f289e8d39a733d37b70a2b97c2cacaf2847f3237c6612bbbaef293939c7,gx-no-cache=1747669561675 HTTP/1.1" 200 30
201.186.225.183 - - [19/May/2025:12:43:31 -0300] "POST /cormun/servlet/solicitudot?gx-no-cache=1747669563172 HTTP/1.1" 200 30
201.186.225.183 - - [19/May/2025:12:43:34 -0300] "POST /cormun/servlet/solicitudot?gx-no-cache=1747669565918 HTTP/1.1" 200 1481
201.186.225.183 - - [19/May/2025:12:43:34 -0300] "POST /cormun/servlet/solicitudot?gx-no-cache=1747669565948 HTTP/1.1" 200 38
190.95.1.129 - - [19/May/2025:12:43:35 -0300] "POST /cormun/servlet/trsolicitudot?57cae169c11d721e12aae45ceb9ad0f1,,gx-no-cache=1747669565859 HTTP/1.1" 200 4599
190.95.1.129 - - [19/May/2025:12:43:35 -0300] "GET /cormun/static/Shared/jqueryui/images/ui-bg_highlight-soft_100_c6c2c8_1x100.png HTTP/1.1" 404 1117
190.95.1.129 - - [19/May/2025:12:43:35 -0300] "GET /cormun/static/Shared/jqueryui/images/ui-bg_flat_55_fafafa_40x100.png HTTP/1.1" 404 1097
190.95.1.129 - - [19/May/2025:12:43:35 -0300] "GET /cormun/static/Shared/jqueryui/images/ui-icons_8d78a5_256x240.png HTTP/1.1" 404 1089
190.95.1.129 - - [19/May/2025:12:43:35 -0300] "GET /cormun/static/Shared/jqueryui/images/ui-icons_82798d_256x240.png HTTP/1.1" 404 1089
190.95.1.129 - - [19/May/2025:12:43:35 -0300] "POST /cormun/servlet/trsolicitudot?57cae169c11d721e12aae45ceb9ad0f1,,gx-no-cache=1747669565992 HTTP/1.1" 200 4362
201.186.225.183 - - [19/May/2025:12:43:36 -0300] "GET /cormun/servlet/solicitudot?217da35cf8a62af8644adae35a9d638e2a3aa9adf2b5b0e3fb1229429fd98897cef465d6eebcfadd1917f80d0cb2b72b275a777ef1cc5bc7c2b37f48db3872a806b69abe9c437a75dfbc42543ff9e53ee2de920fe5da7a4446c2d344e96f348b49eef65131452aff1b71050bab7fff75,gx-no-cache=1747669568194 HTTP/1.1" 200 110
201.186.225.183 - - [19/May/2025:12:43:36 -0300] "POST /cormun/servlet/solicitudot?gx-no-cache=1747669568215 HTTP/1.1" 200 79
201.186.225.183 - - [19/May/2025:12:43:39 -0300] "GET /cormun/servlet/solicitudot?217da35cf8a62af8644adae35a9d638e2e3c8c226415a2929abb8d156f8cda1dab9361646aad710870be9cf00c38f628127bfca691803061d0f66103527b632f0433819c614471df149fc35a99788055a5e9a658d26ce4af0bc97d3d3832dfaedccc992926750fb9b5cdbdd3ee5655ba,gx-no-cache=1747669570620 HTTP/1.1" 200 29
201.186.225.183 - - [19/May/2025:12:43:39 -0300] "GET /cormun/static/menuarrow.gif HTTP/1.1" 404 1015
201.186.225.189 - - [19/May/2025:12:43:41 -0300] "GET /cormun/servlet/hlogin HTTP/1.1" 200 1717
201.186.225.189 - - [19/May/2025:12:43:41 -0300] "GET /cormun/static/Resources/PXToolsLoginTop.png HTTP/1.1" 200 1337
201.186.225.189 - - [19/May/2025:12:43:41 -0300] "GET /cormun/static/Resources/PXToolsLoginBackground.png HTTP/1.1" 200 1164
201.186.225.189 - - [19/May/2025:12:43:41 -0300] "GET /cormun/static/Resources/PXToolsButtonLeft.png HTTP/1.1" 200 1310
201.186.225.189 - - [19/May/2025:12:43:41 -0300] "GET /cormun/static/Resources/PXToolsButtonRight.png HTTP/1.1" 200 1294
201.186.225.189 - - [19/May/2025:12:43:41 -0300] "GET /cormun/static/Resources/PXToolsButtonBackground.png HTTP/1.1" 200 1176
201.186.225.183 - - [19/May/2025:12:43:42 -0300] "GET /cormun/servlet/solicitudot?217da35cf8a62af8644adae35a9d638e713707c34fbd57b3c9a4978fc621ebce1031c5b3dc4067dae610a475422b8776,gx-no-cache=1747669574106 HTTP/1.1" 200 30
201.186.225.183 - - [19/May/2025:12:43:45 -0300] "POST /cormun/servlet/solicitudot?gx-no-cache=1747669577250 HTTP/1.1" 200 30
201.186.225.189 - - [19/May/2025:12:43:51 -0300] "POST /cormun/servlet/hlogin?3195281f7c679f4706e65cda1607db93,gx-no-cache=1747669581851 HTTP/1.1" 200 90
201.186.225.189 - - [19/May/2025:12:43:51 -0300] "GET /cormun/servlet/hpexe_link HTTP/1.1" 200 947
201.186.225.189 - - [19/May/2025:12:43:52 -0300] "GET /cormun/servlet/hhome HTTP/1.1" 200 4362
190.95.1.129 - - [19/May/2025:12:43:54 -0300] "POST /cormun/servlet/trsolicitudot?57cae169c11d721e12aae45ceb9ad0f1,,gx-no-cache=1747669584145 HTTP/1.1" 200 4380
190.95.1.129 - - [19/May/2025:12:43:54 -0300] "POST /cormun/servlet/trsolicitudot?57cae169c11d721e12aae45ceb9ad0f1,,gx-no-cache=1747669585121 HTTP/1.1" 200 4379
201.186.225.189 - - [19/May/2025:12:43:58 -0300] "GET /cormun/servlet/trlicencias? HTTP/1.1" 200 10866
201.186.225.189 - - [19/May/2025:12:43:58 -0300] "GET /cormun/static/gxcfg.js?202211298463625 HTTP/1.1" 200 953
201.186.225.189 - - [19/May/2025:12:43:58 -0300] "GET /cormun/static/trlicencias.js?202211298463889 HTTP/1.1" 200 41883
201.186.225.189 - - [19/May/2025:12:43:58 -0300] "GET /cormun//static/Resources/PXToolsGridDisplay.png HTTP/1.1" 200 525
190.95.1.129 - - [19/May/2025:12:43:59 -0300] "GET /cormun/servlet/trsolicitudot? HTTP/1.1" 200 7331
190.95.1.129 - - [19/May/2025:12:44:03 -0300] "POST /cormun/servlet/trsolicitudot?57cae169c11d721e12aae45ceb9ad0f1,,gx-no-cache=1747669593427 HTTP/1.1" 200 4362
201.186.225.183 - - [19/May/2025:12:44:03 -0300] "POST /cormun/servlet/solicitudot?8f43fdcf0cf35f45ed3be0917183dc0b,INS,0,0,false,,gx-no-cache=1747669594149 HTTP/1.1" 200 93
201.186.225.183 - - [19/May/2025:12:44:03 -0300] "GET /cormun/servlet/hpexe_return? HTTP/1.1" 200 1008
201.186.225.183 - - [19/May/2025:12:44:04 -0300] "GET /cormun/servlet/trsolicitudot HTTP/1.1" 200 8596
201.186.225.183 - - [19/May/2025:12:44:07 -0300] "POST /cormun/servlet/trsolicitudot?8f43fdcf0cf35f45ed3be0917183dc0b,gx-no-cache=1747669599182 HTTP/1.1" 200 107
201.186.225.183 - - [19/May/2025:12:44:07 -0300] "GET /cormun/servlet/trsolicitudadjuntos?2025,22616, HTTP/1.1" 200 6072
201.186.225.183 - - [19/May/2025:12:44:07 -0300] "GET /cormun/static/gxcfg.js?20201215574222 HTTP/1.1" 200 953
201.186.225.183 - - [19/May/2025:12:44:08 -0300] "GET /cormun/static/trsolicitudadjuntos.js?20201215574932 HTTP/1.1" 200 17921
201.186.225.183 - - [19/May/2025:12:44:09 -0300] "GET /cormun/servlet/solicitudotadjuntos?INS,2025,22616,,1, HTTP/1.1" 200 6018
201.186.225.183 - - [19/May/2025:12:44:09 -0300] "GET /cormun/static/gxcfg.js?202211298385187 HTTP/1.1" 200 953
201.186.225.183 - - [19/May/2025:12:44:09 -0300] "GET /cormun/static/solicitudotadjuntos.js?202211298385196 HTTP/1.1" 200 11771
201.186.225.183 - - [19/May/2025:12:44:09 -0300] "GET /cormun/static/about:blank HTTP/1.1" 404 1011
201.186.225.183 - - [19/May/2025:12:44:10 -0300] "GET /cormun/servlet/solicitudotadjuntos?217da35cf8a62af8644adae35a9d638e611041db925f1e54b3ff32c1f1125d79fa089a891168a3bd004281c4d2e0444e,gx-no-cache=1747669601514 HTTP/1.1" 200 30
201.186.225.183 - - [19/May/2025:12:44:10 -0300] "POST /cormun/servlet/solicitudotadjuntos?8f43fdcf0cf35f45ed3be0917183dc0b,INS,2025,22616,,1,,gx-no-cache=1747669601529 HTTP/1.1" 200 3865
190.95.1.129 - - [19/May/2025:12:44:11 -0300] "GET /cormun/servlet/hlogin HTTP/1.1" 200 1719
201.186.225.183 - - [19/May/2025:12:44:12 -0300] "POST /cormun/servlet/solicitudotadjuntos?gx-no-cache=1747669603498 HTTP/1.1" 200 26
190.95.1.129 - - [19/May/2025:12:44:17 -0300] "POST /cormun/servlet/hlogin?57cae169c11d721e12aae45ceb9ad0f1,gx-no-cache=1747669608033 HTTP/1.1" 200 425
190.95.1.129 - - [19/May/2025:12:44:25 -0300] "POST /cormun/servlet/hlogin?57cae169c11d721e12aae45ceb9ad0f1,gx-no-cache=1747669615152 HTTP/1.1" 200 90
190.95.1.129 - - [19/May/2025:12:44:25 -0300] "GET /cormun/servlet/hpexe_link HTTP/1.1" 200 955
190.95.1.129 - - [19/May/2025:12:44:25 -0300] "GET /cormun/servlet/trsolicitudot? HTTP/1.1" 200 7333
201.186.225.183 - - [19/May/2025:12:44:34 -0300] "GET /cormun/servlet/solicitudotadjuntos?217da35cf8a62af8644adae35a9d638e65947c0bbbe1fc7707d9545fb5c4c212,gx-no-cache=1747669625315 HTTP/1.1" 200 30
201.186.225.183 - - [19/May/2025:12:44:34 -0300] "GET /cormun/servlet/solicitudotadjuntos?217da35cf8a62af8644adae35a9d638e65947c0bbbe1fc7707d9545fb5c4c212,gx-no-cache=1747669625332 HTTP/1.1" 200 30
201.186.225.183 - - [19/May/2025:12:44:34 -0300] "POST /cormun/servlet/solicitudotadjuntos?8f43fdcf0cf35f45ed3be0917183dc0b,INS,2025,22616,,1, HTTP/1.1" 200 116
201.186.225.183 - - [19/May/2025:12:44:34 -0300] "GET /cormun/servlet/hpexe_return? HTTP/1.1" 200 1025
201.186.225.183 - - [19/May/2025:12:44:34 -0300] "GET /cormun/servlet/trsolicitudadjuntos?2025,22616, HTTP/1.1" 200 9071
201.186.225.183 - - [19/May/2025:12:44:35 -0300] "GET /cormun/servlet/solicitudotadjuntos?INS,2025,22616,,1, HTTP/1.1" 200 6018
201.186.225.183 - - [19/May/2025:12:44:36 -0300] "GET /cormun/static/about:blank HTTP/1.1" 404 1011
201.186.225.183 - - [19/May/2025:12:44:36 -0300] "GET /cormun/servlet/solicitudotadjuntos?217da35cf8a62af8644adae35a9d638e611041db925f1e54b3ff32c1f1125d79fa089a891168a3bd004281c4d2e0444e,gx-no-cache=1747669627843 HTTP/1.1" 200 30
201.186.225.183 - - [19/May/2025:12:44:36 -0300] "POST /cormun/servlet/solicitudotadjuntos?8f43fdcf0cf35f45ed3be0917183dc0b,INS,2025,22616,,1,,gx-no-cache=1747669627858 HTTP/1.1" 200 3865
201.186.225.183 - - [19/May/2025:12:44:38 -0300] "POST /cormun/servlet/solicitudotadjuntos?gx-no-cache=1747669629540 HTTP/1.1" 200 26
201.186.225.183 - - [19/May/2025:12:44:49 -0300] "GET /cormun/servlet/solicitudotadjuntos?217da35cf8a62af8644adae35a9d638e65947c0bbbe1fc7707d9545fb5c4c212,gx-no-cache=1747669640547 HTTP/1.1" 200 30
201.186.225.183 - - [19/May/2025:12:44:49 -0300] "GET /cormun/servlet/solicitudotadjuntos?217da35cf8a62af8644adae35a9d638e65947c0bbbe1fc7707d9545fb5c4c212,gx-no-cache=1747669640562 HTTP/1.1" 200 30
201.186.225.183 - - [19/May/2025:12:44:49 -0300] "POST /cormun/servlet/solicitudotadjuntos?8f43fdcf0cf35f45ed3be0917183dc0b,INS,2025,22616,,1, HTTP/1.1" 200 116
201.186.225.183 - - [19/May/2025:12:44:49 -0300] "GET /cormun/servlet/hpexe_return? HTTP/1.1" 200 1025
201.186.225.183 - - [19/May/2025:12:44:49 -0300] "GET /cormun/servlet/trsolicitudadjuntos?2025,22616, HTTP/1.1" 200 9310
201.186.225.183 - - [19/May/2025:12:44:51 -0300] "GET /cormun/PublicTempStorage/lm-67460752.pdf HTTP/1.1" 200 61443
201.186.225.183 - - [19/May/2025:12:44:54 -0300] "GET /cormun/servlet/trsolicitudadjuntos?2025,22616, HTTP/1.1" 200 9309
190.95.1.129 - - [19/May/2025:12:44:55 -0300] "POST /cormun/servlet/trsolicitudot?57cae169c11d721e12aae45ceb9ad0f1,,gx-no-cache=1747669645289 HTTP/1.1" 200 4371
201.186.225.183 - - [19/May/2025:12:44:56 -0300] "GET /cormun/servlet/solicitudotadjuntos?INS,2025,22616,,1, HTTP/1.1" 200 6018
201.186.225.183 - - [19/May/2025:12:44:56 -0300] "GET /cormun/static/about:blank HTTP/1.1" 404 1011
201.186.225.183 - - [19/May/2025:12:44:57 -0300] "GET /cormun/servlet/solicitudotadjuntos?217da35cf8a62af8644adae35a9d638e611041db925f1e54b3ff32c1f1125d79fa089a891168a3bd004281c4d2e0444e,gx-no-cache=1747669648492 HTTP/1.1" 200 30
201.186.225.183 - - [19/May/2025:12:44:57 -0300] "POST /cormun/servlet/solicitudotadjuntos?8f43fdcf0cf35f45ed3be0917183dc0b,INS,2025,22616,,1,,gx-no-cache=1747669648508 HTTP/1.1" 200 3865
201.186.225.183 - - [19/May/2025:12:44:58 -0300] "POST /cormun/servlet/solicitudotadjuntos?gx-no-cache=1747669650291 HTTP/1.1" 200 26
190.95.1.129 - - [19/May/2025:12:45:03 -0300] "POST /cormun/servlet/trsolicitudot?57cae169c11d721e12aae45ceb9ad0f1,,gx-no-cache=1747669653617 HTTP/1.1" 200 5816
201.186.225.183 - - [19/May/2025:12:45:03 -0300] "GET /cormun/servlet/solicitudotadjuntos?217da35cf8a62af8644adae35a9d638e65947c0bbbe1fc7707d9545fb5c4c212,gx-no-cache=1747669654947 HTTP/1.1" 200 30
201.186.225.183 - - [19/May/2025:12:45:03 -0300] "GET /cormun/servlet/solicitudotadjuntos?217da35cf8a62af8644adae35a9d638e65947c0bbbe1fc7707d9545fb5c4c212,gx-no-cache=1747669654959 HTTP/1.1" 200 30
201.186.225.183 - - [19/May/2025:12:45:03 -0300] "POST /cormun/servlet/solicitudotadjuntos?8f43fdcf0cf35f45ed3be0917183dc0b,INS,2025,22616,,1, HTTP/1.1" 200 116
201.186.225.183 - - [19/May/2025:12:45:03 -0300] "GET /cormun/servlet/hpexe_return? HTTP/1.1" 200 1025
201.186.225.183 - - [19/May/2025:12:45:03 -0300] "GET /cormun/servlet/trsolicitudadjuntos?2025,22616, HTTP/1.1" 200 9533
201.186.225.183 - - [19/May/2025:12:45:05 -0300] "GET /cormun/servlet/solicitudotadjuntos?INS,2025,22616,,1, HTTP/1.1" 200 6018
201.186.225.183 - - [19/May/2025:12:45:05 -0300] "GET /cormun/static/about:blank HTTP/1.1" 404 1011
201.186.225.183 - - [19/May/2025:12:45:06 -0300] "GET /cormun/servlet/solicitudotadjuntos?217da35cf8a62af8644adae35a9d638e611041db925f1e54b3ff32c1f1125d79fa089a891168a3bd004281c4d2e0444e,gx-no-cache=1747669657741 HTTP/1.1" 200 30
201.186.225.183 - - [19/May/2025:12:45:06 -0300] "POST /cormun/servlet/solicitudotadjuntos?8f43fdcf0cf35f45ed3be0917183dc0b,INS,2025,22616,,1,,gx-no-cache=1747669657764 HTTP/1.1" 200 3865
201.186.225.183 - - [19/May/2025:12:45:08 -0300] "POST /cormun/servlet/solicitudotadjuntos?gx-no-cache=1747669659387 HTTP/1.1" 200 26
201.186.225.183 - - [19/May/2025:12:45:12 -0300] "GET /cormun/servlet/solicitudotadjuntos?217da35cf8a62af8644adae35a9d638e65947c0bbbe1fc7707d9545fb5c4c212,gx-no-cache=1747669663971 HTTP/1.1" 200 30
201.186.225.183 - - [19/May/2025:12:45:12 -0300] "GET /cormun/servlet/solicitudotadjuntos?217da35cf8a62af8644adae35a9d638e65947c0bbbe1fc7707d9545fb5c4c212,gx-no-cache=1747669663983 HTTP/1.1" 200 30
201.186.225.183 - - [19/May/2025:12:45:12 -0300] "POST /cormun/servlet/solicitudotadjuntos?8f43fdcf0cf35f45ed3be0917183dc0b,INS,2025,22616,,1, HTTP/1.1" 200 116
201.186.225.183 - - [19/May/2025:12:45:12 -0300] "GET /cormun/servlet/hpexe_return? HTTP/1.1" 200 1025
201.186.225.183 - - [19/May/2025:12:45:12 -0300] "GET /cormun/servlet/trsolicitudadjuntos?2025,22616, HTTP/1.1" 200 9813
201.186.225.183 - - [19/May/2025:12:45:14 -0300] "GET /cormun/servlet/solicitudotadjuntos?INS,2025,22616,,1, HTTP/1.1" 200 6018
201.186.225.183 - - [19/May/2025:12:45:15 -0300] "GET /cormun/static/about:blank HTTP/1.1" 404 1011
201.186.225.183 - - [19/May/2025:12:45:15 -0300] "GET /cormun/servlet/solicitudotadjuntos?217da35cf8a62af8644adae35a9d638e611041db925f1e54b3ff32c1f1125d79fa089a891168a3bd004281c4d2e0444e,gx-no-cache=1747669666862 HTTP/1.1" 200 30
201.186.225.183 - - [19/May/2025:12:45:15 -0300] "POST /cormun/servlet/solicitudotadjuntos?8f43fdcf0cf35f45ed3be0917183dc0b,INS,2025,22616,,1,,gx-no-cache=1747669666877 HTTP/1.1" 200 3866
201.186.225.183 - - [19/May/2025:12:45:17 -0300] "POST /cormun/servlet/solicitudotadjuntos?gx-no-cache=1747669668475 HTTP/1.1" 200 26
201.186.225.183 - - [19/May/2025:12:45:19 -0300] "POST /cormun/servlet/solicitudotadjuntos?gx-no-cache=1747669670355 HTTP/1.1" 200 26
201.186.225.183 - - [19/May/2025:12:45:25 -0300] "GET /cormun/servlet/solicitudotadjuntos?217da35cf8a62af8644adae35a9d638e65947c0bbbe1fc7707d9545fb5c4c212,gx-no-cache=1747669676707 HTTP/1.1" 200 30
201.186.225.183 - - [19/May/2025:12:45:25 -0300] "GET /cormun/servlet/solicitudotadjuntos?217da35cf8a62af8644adae35a9d638e65947c0bbbe1fc7707d9545fb5c4c212,gx-no-cache=1747669676720 HTTP/1.1" 200 30
201.186.225.183 - - [19/May/2025:12:45:25 -0300] "POST /cormun/servlet/solicitudotadjuntos?8f43fdcf0cf35f45ed3be0917183dc0b,INS,2025,22616,,1, HTTP/1.1" 200 116
201.186.225.183 - - [19/May/2025:12:45:25 -0300] "GET /cormun/servlet/hpexe_return? HTTP/1.1" 200 1025
201.186.225.183 - - [19/May/2025:12:45:25 -0300] "GET /cormun/servlet/trsolicitudadjuntos?2025,22616, HTTP/1.1" 200 10058
201.186.225.183 - - [19/May/2025:12:45:27 -0300] "GET /cormun/servlet/solicitudotadjuntos?INS,2025,22616,,1, HTTP/1.1" 200 6018
201.186.225.183 - - [19/May/2025:12:45:27 -0300] "GET /cormun/static/about:blank HTTP/1.1" 404 1011
201.186.225.183 - - [19/May/2025:12:45:28 -0300] "GET /cormun/servlet/solicitudotadjuntos?217da35cf8a62af8644adae35a9d638e611041db925f1e54b3ff32c1f1125d79fa089a891168a3bd004281c4d2e0444e,gx-no-cache=1747669679376 HTTP/1.1" 200 30
201.186.225.183 - - [19/May/2025:12:45:28 -0300] "POST /cormun/servlet/solicitudotadjuntos?8f43fdcf0cf35f45ed3be0917183dc0b,INS,2025,22616,,1,,gx-no-cache=1747669679392 HTTP/1.1" 200 3866
201.186.225.183 - - [19/May/2025:12:45:29 -0300] "POST /cormun/servlet/solicitudotadjuntos?gx-no-cache=1747669680956 HTTP/1.1" 200 26
201.186.225.183 - - [19/May/2025:12:45:34 -0300] "GET /cormun/servlet/solicitudotadjuntos?217da35cf8a62af8644adae35a9d638e65947c0bbbe1fc7707d9545fb5c4c212,gx-no-cache=1747669685643 HTTP/1.1" 200 30
201.186.225.183 - - [19/May/2025:12:45:34 -0300] "GET /cormun/servlet/solicitudotadjuntos?217da35cf8a62af8644adae35a9d638e65947c0bbbe1fc7707d9545fb5c4c212,gx-no-cache=1747669685653 HTTP/1.1" 200 30
201.186.225.183 - - [19/May/2025:12:45:34 -0300] "POST /cormun/servlet/solicitudotadjuntos?8f43fdcf0cf35f45ed3be0917183dc0b,INS,2025,22616,,1, HTTP/1.1" 200 116
201.186.225.183 - - [19/May/2025:12:45:34 -0300] "GET /cormun/servlet/hpexe_return? HTTP/1.1" 200 1025
201.186.225.183 - - [19/May/2025:12:45:34 -0300] "GET /cormun/servlet/trsolicitudadjuntos?2025,22616, HTTP/1.1" 200 10216
201.186.225.183 - - [19/May/2025:12:45:37 -0300] "GET /cormun/servlet/trsolicitudot? HTTP/1.1" 200 8599
201.186.225.183 - - [19/May/2025:12:45:39 -0300] "POST /cormun/servlet/trsolicitudot?8f43fdcf0cf35f45ed3be0917183dc0b,,gx-no-cache=1747669691173 HTTP/1.1" 200 4590
201.186.225.183 - - [19/May/2025:12:45:39 -0300] "GET /cormun/static/Shared/jqueryui/images/ui-bg_flat_55_fafafa_40x100.png HTTP/1.1" 404 1097
201.186.225.183 - - [19/May/2025:12:45:39 -0300] "GET /cormun/static/Shared/jqueryui/images/ui-icons_8d78a5_256x240.png HTTP/1.1" 404 1089
201.186.225.183 - - [19/May/2025:12:45:40 -0300] "POST /cormun/servlet/trsolicitudot?8f43fdcf0cf35f45ed3be0917183dc0b,,gx-no-cache=1747669691289 HTTP/1.1" 200 4338
201.186.225.183 - - [19/May/2025:12:45:43 -0300] "GET /cormun/servlet/trlicencias? HTTP/1.1" 200 13659
201.186.225.183 - - [19/May/2025:12:45:57 -0300] "GET /cormun/servlet/hlogin HTTP/1.1" 200 1737
201.186.225.183 - - [19/May/2025:12:46:07 -0300] "POST /cormun/servlet/hlogin?8f43fdcf0cf35f45ed3be0917183dc0b,gx-no-cache=1747669718428 HTTP/1.1" 200 90
201.186.225.183 - - [19/May/2025:12:46:07 -0300] "GET /cormun/servlet/hpexe_link HTTP/1.1" 200 951
201.186.225.183 - - [19/May/2025:12:46:07 -0300] "GET /cormun/servlet/hhome HTTP/1.1" 200 4338
201.186.225.183 - - [19/May/2025:12:46:07 -0300] "GET /cormun/static/SmoothNavMenu/resources/images/right.gif HTTP/1.1" 200 860
201.186.225.183 - - [19/May/2025:12:46:10 -0300] "GET /cormun/servlet/trautorizarsolicitud? HTTP/1.1" 200 8849
201.186.225.183 - - [19/May/2025:12:46:10 -0300] "GET /cormun/static/gxcfg.js?202211298474254 HTTP/1.1" 200 953
201.186.225.183 - - [19/May/2025:12:46:10 -0300] "GET /cormun/static/trautorizarsolicitud.js?202211298474588 HTTP/1.1" 200 53909
201.186.225.183 - - [19/May/2025:12:46:12 -0300] "POST /cormun/servlet/trautorizarsolicitud?8f43fdcf0cf35f45ed3be0917183dc0b,,gx-no-cache=1747669723949 HTTP/1.1" 200 4783
201.186.225.183 - - [19/May/2025:12:46:12 -0300] "POST /cormun/servlet/trautorizarsolicitud?8f43fdcf0cf35f45ed3be0917183dc0b,,gx-no-cache=1747669724068 HTTP/1.1" 200 4525
201.186.225.183 - - [19/May/2025:12:48:23 -0300] "GET /cormun/servlet/trsolicitudot? HTTP/1.1" 200 7549
190.95.15.17 - - [19/May/2025:12:48:33 -0300] "GET /cormun/servlet/hlogin HTTP/1.1" 200 1722
190.95.15.17 - - [19/May/2025:12:48:33 -0300] "GET /favicon.ico HTTP/1.1" 200 21630
190.95.15.17 - - [19/May/2025:12:48:37 -0300] "POST /cormun/servlet/hlogin?4da3e50481380cef301d25d2a20f3903,gx-no-cache=1747670283727 HTTP/1.1" 200 90
190.95.15.17 - - [19/May/2025:12:48:37 -0300] "GET /cormun/servlet/hpexe_link HTTP/1.1" 200 952
190.95.15.17 - - [19/May/2025:12:48:37 -0300] "GET /cormun/servlet/hhome HTTP/1.1" 200 4383
201.186.225.183 - - [19/May/2025:12:48:51 -0300] "GET /cormun/servlet/trautorizarsolicitud? HTTP/1.1" 200 7447
190.95.15.17 - - [19/May/2025:12:48:51 -0300] "GET /cormun/servlet/trlicencias? HTTP/1.1" 200 10599
190.95.15.17 - - [19/May/2025:12:49:00 -0300] "GET /cormun/servlet/trpermisosgoce? HTTP/1.1" 200 9445
190.95.1.129 - - [19/May/2025:12:49:16 -0300] "POST /cormun/servlet/trsolicitudot?57cae169c11d721e12aae45ceb9ad0f1,,gx-no-cache=1747669906643 HTTP/1.1" 200 5793
190.95.15.17 - - [19/May/2025:12:49:27 -0300] "GET /cormun/servlet/permisogoce?INS,0,,, HTTP/1.1" 200 7281
201.186.225.183 - - [19/May/2025:12:49:43 -0300] "POST /cormun/servlet/trautorizarsolicitud?8f43fdcf0cf35f45ed3be0917183dc0b,,gx-no-cache=1747669934729 HTTP/1.1" 200 6862
190.95.15.17 - - [19/May/2025:12:50:02 -0300] "GET /cormun/servlet/permisogoce?6449955e9e34cbf44bb98e5144dc1f7fa794aba37600dabdd1dd9222347671c8201ed45e52b0736b04c61154af8525945012a957b1c43890f490fb311d1f921a,gx-no-cache=1747670368552 HTTP/1.1" 200 85
190.95.15.17 - - [19/May/2025:12:50:02 -0300] "GET /cormun/static/menuarrow.gif HTTP/1.1" 404 1015
201.186.225.183 - - [19/May/2025:12:50:07 -0300] "GET /cormun/servlet/veautorizarsolicitud?2025,22616,, HTTP/1.1" 200 8725
201.186.225.183 - - [19/May/2025:12:50:07 -0300] "GET /cormun/static/gxcfg.js?202211298474783 HTTP/1.1" 200 953
201.186.225.183 - - [19/May/2025:12:50:07 -0300] "GET /cormun/pexe_scrolldiv.js HTTP/1.1" 404 1009
201.186.225.183 - - [19/May/2025:12:50:07 -0300] "GET /cormun/static/veautorizarsolicitud.js?202211298474813 HTTP/1.1" 200 6140
