190.95.15.9 - - [12/May/2025:12:57:42 -0300] "POST /cormun/servlet/licenciaspermisos?c0c807141518321527d0499cfb974440,DSP,10209012,L,20250331000000,,gx-no-cache=1747065613004 HTTP/1.1" 200 93
190.95.15.9 - - [12/May/2025:12:57:42 -0300] "GET /cormun/servlet/hpexe_return? HTTP/1.1" 200 1048
190.95.15.9 - - [12/May/2025:12:57:42 -0300] "GET /cormun/servlet/trlicencias?gx-no-cache=1747065556495 HTTP/1.1" 200 18295
201.186.225.249 - - [12/May/2025:12:58:14 -0300] "GET /cormun/servlet/hlogin HTTP/1.1" 200 1721
190.95.15.9 - - [12/May/2025:12:58:21 -0300] "POST /cormun/servlet/trlicencias?c0c807141518321527d0499cfb974440,gx-no-cache=1747065556495,gx-no-cache=1747065650632 HTTP/1.1" 200 6482
190.95.67.95 - - [12/May/2025:12:59:21 -0300] "GET /cormun/servlet/hlogin HTTP/1.1" 200 1716
190.95.67.95 - - [12/May/2025:12:59:24 -0300] "POST /cormun/servlet/hlogin?9da0c0e02e316a4a2b655a47ea757f90,gx-no-cache=1747065714457 HTTP/1.1" 200 90
190.95.67.95 - - [12/May/2025:12:59:24 -0300] "GET /cormun/servlet/hpexe_link HTTP/1.1" 200 948
190.95.67.95 - - [12/May/2025:12:59:24 -0300] "GET /cormun/servlet/hhome HTTP/1.1" 200 4003
190.95.67.95 - - [12/May/2025:12:59:33 -0300] "GET /cormun/servlet/trpermisosgoce? HTTP/1.1" 200 11337
190.95.15.9 - - [12/May/2025:12:59:49 -0300] "GET /cormun/servlet/licenciaspermisos?DSP,10209012,L,20241113000000, HTTP/1.1" 200 7350
190.95.15.9 - - [12/May/2025:12:59:54 -0300] "POST /cormun/servlet/licenciaspermisos?c0c807141518321527d0499cfb974440,DSP,10209012,L,20241113000000,,gx-no-cache=1747065745059 HTTP/1.1" 200 93
190.95.15.9 - - [12/May/2025:12:59:54 -0300] "GET /cormun/servlet/hpexe_return? HTTP/1.1" 200 1048
190.95.15.9 - - [12/May/2025:12:59:54 -0300] "GET /cormun/servlet/trlicencias?gx-no-cache=1747065556495 HTTP/1.1" 200 9137
190.95.15.9 - - [12/May/2025:12:59:57 -0300] "GET /cormun/servlet/licenciaspermisos?DSP,10209012,L,20241118000000, HTTP/1.1" 200 7347
190.95.15.9 - - [12/May/2025:13:00:01 -0300] "GET /cormun/servlet/trlicencias?gx-no-cache=1747065556495 HTTP/1.1" 200 9137
190.95.15.9 - - [12/May/2025:13:00:08 -0300] "GET /cormun/servlet/licenciaspermisos?DSP,10209012,L,20241218000000, HTTP/1.1" 200 7347
190.95.15.9 - - [12/May/2025:13:00:11 -0300] "GET /cormun/servlet/trlicencias?gx-no-cache=1747065556495 HTTP/1.1" 200 9154
190.95.15.9 - - [12/May/2025:13:00:15 -0300] "GET /cormun/servlet/licenciaspermisos?DSP,10209012,L,20241231000000, HTTP/1.1" 200 7349
190.95.15.9 - - [12/May/2025:13:00:17 -0300] "GET /cormun/servlet/trlicencias?gx-no-cache=1747065556495 HTTP/1.1" 200 9154
190.95.15.9 - - [12/May/2025:13:00:20 -0300] "GET /cormun/servlet/licenciaspermisos?DSP,10209012,L,20250331000000, HTTP/1.1" 200 7355
190.95.15.9 - - [12/May/2025:13:00:31 -0300] "GET /cormun/servlet/trlicencias?gx-no-cache=1747065556495 HTTP/1.1" 200 9154
190.95.15.9 - - [12/May/2025:13:00:33 -0300] "GET /cormun/servlet/licenciaspermisos?DSP,10209012,L,20241231000000, HTTP/1.1" 200 7349
190.95.15.9 - - [12/May/2025:13:00:39 -0300] "GET /cormun/servlet/trlicencias?gx-no-cache=1747065556495 HTTP/1.1" 200 9154
190.95.15.9 - - [12/May/2025:13:00:41 -0300] "GET /cormun/servlet/licenciaspermisos?DSP,10209012,L,20241218000000, HTTP/1.1" 200 7347
190.95.15.9 - - [12/May/2025:13:00:45 -0300] "GET /cormun/servlet/trlicencias?gx-no-cache=1747065556495 HTTP/1.1" 200 9154
190.95.15.9 - - [12/May/2025:13:00:48 -0300] "GET /cormun/servlet/licenciaspermisos?DSP,10209012,L,20241118000000, HTTP/1.1" 200 7347
190.95.15.9 - - [12/May/2025:13:00:51 -0300] "GET /cormun/servlet/trlicencias?gx-no-cache=1747065556495 HTTP/1.1" 200 9154
190.95.15.9 - - [12/May/2025:13:00:54 -0300] "GET /cormun/servlet/licenciaspermisos?DSP,10209012,L,20241113000000, HTTP/1.1" 200 7350
190.95.15.9 - - [12/May/2025:13:00:59 -0300] "GET /cormun/servlet/trlicencias?gx-no-cache=1747065556495 HTTP/1.1" 200 9154
190.95.15.9 - - [12/May/2025:13:01:01 -0300] "GET /cormun/servlet/licenciaspermisos?DSP,10209012,L,20241118000000, HTTP/1.1" 200 7347
190.95.67.95 - - [12/May/2025:13:01:01 -0300] "GET /cormun/servlet/hlogin HTTP/1.1" 200 1716
190.95.67.95 - - [12/May/2025:13:01:04 -0300] "POST /cormun/servlet/hlogin?9da0c0e02e316a4a2b655a47ea757f90,gx-no-cache=1747065814369 HTTP/1.1" 200 90
190.95.67.95 - - [12/May/2025:13:01:04 -0300] "GET /cormun/servlet/hpexe_link HTTP/1.1" 200 954
190.95.15.9 - - [12/May/2025:13:01:04 -0300] "GET /cormun/servlet/trlicencias?gx-no-cache=1747065556495 HTTP/1.1" 200 9154
190.95.67.95 - - [12/May/2025:13:01:04 -0300] "GET /cormun/servlet/trpermisosgoce HTTP/1.1" 200 11336
190.95.67.95 - - [12/May/2025:13:01:10 -0300] "GET /cormun/servlet/permisogoce?UPD,15992723,P,20250429122427, HTTP/1.1" 200 6926
190.95.67.95 - - [12/May/2025:13:01:11 -0300] "GET /cormun/servlet/permisogoce?0fa31433e89fefc963737c23ca1d86c2df5ce746cd1d646659a97c55fcaed7918a248b6d018d985e150ed31b0c0bcb3e03660568e1baa7d73e251ecedeead15b,gx-no-cache=1747065820887 HTTP/1.1" 200 79
190.95.15.9 - - [12/May/2025:13:01:11 -0300] "GET /cormun/servlet/trlicenciaspermisosadjuntos?10209012,20250331000000,L, HTTP/1.1" 200 6602
190.95.15.9 - - [12/May/2025:13:01:11 -0300] "GET /cormun/static/gxui/gxui-all.css?110300 HTTP/1.1" 200 2179
190.95.15.9 - - [12/May/2025:13:01:11 -0300] "GET /cormun/static/calendar-system.css?75620 HTTP/1.1" 200 5572
190.95.15.9 - - [12/May/2025:13:01:11 -0300] "GET /cormun/static/gxcfg.js?201991422445549 HTTP/1.1" 200 953
190.95.15.9 - - [12/May/2025:13:01:11 -0300] "GET /cormun/static/Resources/Spanish/PXTools.css?2294816 HTTP/1.1" 200 100853
190.95.15.9 - - [12/May/2025:13:01:11 -0300] "GET /cormun/static/trlicenciaspermisosadjuntos.js?20199142244593 HTTP/1.1" 200 21036
190.95.15.9 - - [12/May/2025:13:01:11 -0300] "GET /cormun/static/Shared/ext/resources/css/ext-all.css?205870 HTTP/1.1" 200 416045
190.95.15.9 - - [12/May/2025:13:01:15 -0300] "GET /cormun/servlet/trlicencias?gx-no-cache=1747065556495 HTTP/1.1" 200 9154
190.95.67.95 - - [12/May/2025:13:01:15 -0300] "GET /cormun/servlet/permisogoce?0fa31433e89fefc963737c23ca1d86c2cea4238bc290cb97c8e602b822c7d9664201933fadae3bac4bda8794b45aefb2c4e75b89c3be515387ee450f5685cf0e,gx-no-cache=1747065825208 HTTP/1.1" 200 48
190.95.15.9 - - [12/May/2025:13:01:28 -0300] "GET /cormun/servlet/trlicenciaspermisoslog?10209012,L,20250331000000, HTTP/1.1" 200 6483
190.95.15.9 - - [12/May/2025:13:01:28 -0300] "GET /cormun/static/gxcfg.js?201991422452353 HTTP/1.1" 200 953
190.95.15.9 - - [12/May/2025:13:01:28 -0300] "GET /cormun/static/trlicenciaspermisoslog.js?201991422452676 HTTP/1.1" 200 20074
190.95.15.9 - - [12/May/2025:13:01:31 -0300] "GET /cormun/servlet/trlicencias?gx-no-cache=1747065556495 HTTP/1.1" 200 9154
190.95.15.9 - - [12/May/2025:13:01:39 -0300] "POST /cormun/servlet/trlicencias?c0c807141518321527d0499cfb974440,gx-no-cache=1747065556495,gx-no-cache=1747065850254 HTTP/1.1" 200 6499
190.95.15.9 - - [12/May/2025:13:01:39 -0300] "GET /cormun/static/Shared/jqueryui/images/ui-bg_highlight-soft_100_c6c2c8_1x100.png HTTP/1.1" 404 1117
190.95.15.9 - - [12/May/2025:13:01:39 -0300] "GET /cormun/static/Shared/jqueryui/images/ui-icons_82798d_256x240.png HTTP/1.1" 404 1089
190.95.15.9 - - [12/May/2025:13:01:39 -0300] "GET /cormun/static/Shared/jqueryui/images/ui-bg_flat_55_fafafa_40x100.png HTTP/1.1" 404 1097
190.95.15.9 - - [12/May/2025:13:01:39 -0300] "GET /cormun/static/Shared/jqueryui/images/ui-icons_8d78a5_256x240.png HTTP/1.1" 404 1089
190.95.67.95 - - [12/May/2025:13:01:41 -0300] "POST /cormun/servlet/permisogoce?9da0c0e02e316a4a2b655a47ea757f90,UPD,15992723,P,20250429122427,,gx-no-cache=1747065825234 HTTP/1.1" 200 93
190.95.67.95 - - [12/May/2025:13:01:41 -0300] "GET /cormun/servlet/hpexe_return? HTTP/1.1" 200 1026
190.95.67.95 - - [12/May/2025:13:01:41 -0300] "GET /cormun/servlet/trpermisosgoce HTTP/1.1" 200 11340
190.95.15.9 - - [12/May/2025:13:01:48 -0300] "GET /cormun/servlet/licenciaspermisos?DSP,10209012,L,20250331000000, HTTP/1.1" 200 7355
190.95.67.95 - - [12/May/2025:13:01:50 -0300] "GET /cormun/servlet/permisogoce?UPD,15992723,P,20250429122427, HTTP/1.1" 200 6926
190.95.67.95 - - [12/May/2025:13:01:51 -0300] "GET /cormun/servlet/permisogoce?0fa31433e89fefc963737c23ca1d86c2df5ce746cd1d646659a97c55fcaed7918a248b6d018d985e150ed31b0c0bcb3e03660568e1baa7d73e251ecedeead15b,gx-no-cache=1747065860887 HTTP/1.1" 200 79
190.95.67.95 - - [12/May/2025:13:01:59 -0300] "POST /cormun/servlet/permisogoce?9da0c0e02e316a4a2b655a47ea757f90,UPD,15992723,P,20250429122427,,gx-no-cache=1747065869399 HTTP/1.1" 200 93
190.95.67.95 - - [12/May/2025:13:01:59 -0300] "GET /cormun/servlet/hpexe_return? HTTP/1.1" 200 1026
190.95.67.95 - - [12/May/2025:13:02:00 -0300] "GET /cormun/servlet/trpermisosgoce HTTP/1.1" 200 11340
190.95.15.9 - - [12/May/2025:13:02:06 -0300] "GET /cormun/servlet/trlicencias?gx-no-cache=1747065556495 HTTP/1.1" 200 9154
190.95.67.95 - - [12/May/2025:13:02:14 -0300] "POST /cormun/servlet/trpermisosgoce?9da0c0e02e316a4a2b655a47ea757f90,gx-no-cache=1747065880474 HTTP/1.1" 200 8389
190.95.67.95 - - [12/May/2025:13:02:15 -0300] "POST /cormun/servlet/trpermisosgoce?9da0c0e02e316a4a2b655a47ea757f90,gx-no-cache=1747065885665 HTTP/1.1" 200 8368
201.186.225.191 - - [12/May/2025:13:02:17 -0300] "POST /cormun/servlet/solicitudot?gx-no-cache=1747065863696 HTTP/1.1" 200 4046
201.186.225.191 - - [12/May/2025:13:02:17 -0300] "POST /cormun/servlet/solicitudot?2609b73355204a4d14d26ad9c11f82c6,INS,0,0,false,,gx-no-cache=1747065887118 HTTP/1.1" 200 12900
201.186.225.191 - - [12/May/2025:13:02:28 -0300] "GET /cormun/servlet/solicitudot?579101dbdf103f4f33c5dd7b639a9c1bad72e45bd9eed17e13a6626ed23753274b7b3b9d69658fb26ebda5d0a5fdfa44,gx-no-cache=1747065897956 HTTP/1.1" 200 30
190.95.15.9 - - [12/May/2025:13:02:30 -0300] "POST /cormun/servlet/trlicencias?c0c807141518321527d0499cfb974440,gx-no-cache=1747065556495,gx-no-cache=1747065901597 HTTP/1.1" 200 17700
190.95.15.9 - - [12/May/2025:13:02:31 -0300] "GET /cormun/static/Resources/PXToolsGridNext.gif HTTP/1.1" 200 369
190.95.15.9 - - [12/May/2025:13:02:31 -0300] "GET /cormun/static/Resources/PXToolsGridLast.gif HTTP/1.1" 200 370
190.95.15.9 - - [12/May/2025:13:02:36 -0300] "GET /cormun/servlet/licenciaspermisos?DSP,8196891,L,20250507000000, HTTP/1.1" 200 7411
190.95.15.9 - - [12/May/2025:13:02:45 -0300] "GET /cormun/servlet/trlicencias?gx-no-cache=1747065556495 HTTP/1.1" 200 19577
190.95.15.9 - - [12/May/2025:13:02:49 -0300] "GET /cormun/servlet/licenciaspermisos?DSP,11274361,L,20250505000000, HTTP/1.1" 200 7414
179.57.78.71 - - [12/May/2025:13:02:52 -0300] "GET /cormun/servlet/trlicencias? HTTP/1.1" 200 6046
179.57.78.71 - - [12/May/2025:13:02:52 -0300] "GET /cormun/servlet/hlogin HTTP/1.1" 200 1739
190.95.15.9 - - [12/May/2025:13:02:54 -0300] "GET /cormun/servlet/trlicencias?gx-no-cache=1747065556495 HTTP/1.1" 200 19538
190.95.15.9 - - [12/May/2025:13:03:45 -0300] "GET /cormun/servlet/licenciaspermisos?DSP,19125914,L,20250430000000, HTTP/1.1" 200 7384
190.95.15.9 - - [12/May/2025:13:04:11 -0300] "GET /cormun/servlet/trlicencias?gx-no-cache=1747065556495 HTTP/1.1" 200 19538
181.203.14.200 - - [12/May/2025:13:04:16 -0300] "GET /cormun/servlet/hlogin HTTP/1.1" 200 1725
181.203.14.200 - - [12/May/2025:13:04:20 -0300] "POST /cormun/servlet/hlogin?dd34f2bac81ced0b9883e6e3e969b116,gx-no-cache=1747066010674 HTTP/1.1" 200 90
181.203.14.200 - - [12/May/2025:13:04:20 -0300] "GET /cormun/servlet/hpexe_link HTTP/1.1" 200 953
181.203.14.200 - - [12/May/2025:13:04:20 -0300] "GET /cormun/servlet/hhome HTTP/1.1" 200 3911
181.203.14.200 - - [12/May/2025:13:04:23 -0300] "GET /cormun/servlet/trsolicitudot? HTTP/1.1" 200 7127
181.203.14.200 - - [12/May/2025:13:04:23 -0300] "GET /cormun/static/gxcfg.js?20221129846531 HTTP/1.1" 200 953
181.203.14.200 - - [12/May/2025:13:04:23 -0300] "GET /cormun/static/trsolicitudot.js?202211298465651 HTTP/1.1" 200 54040
181.203.14.200 - - [12/May/2025:13:04:26 -0300] "GET /cormun/static/menuarrow.gif HTTP/1.1" 404 1015
190.95.15.13 - - [12/May/2025:13:04:57 -0300] "GET /cormun/servlet/hlogin HTTP/1.1" 200 1735
179.57.78.71 - - [12/May/2025:13:06:02 -0300] "POST /cormun/servlet/hlogin?46f72cde994a47217090119a6f881bdf,gx-no-cache=1747066111994 HTTP/1.1" 200 90
179.57.78.71 - - [12/May/2025:13:06:02 -0300] "GET /cormun/servlet/hpexe_link HTTP/1.1" 200 956
179.57.78.71 - - [12/May/2025:13:06:02 -0300] "GET /cormun/servlet/trlicencias HTTP/1.1" 200 11509
201.186.225.191 - - [12/May/2025:13:09:17 -0300] "GET /cormun/servlet/solicitudot?579101dbdf103f4f33c5dd7b639a9c1b900fe9a621059839498ef9255b86c8dbc586ec3e70b7a165b6047bce45b8c8c58ee6b97b6e0a1a0c980d3b3b63255286,gx-no-cache=1747066306766 HTTP/1.1" 200 30
201.186.225.191 - - [12/May/2025:13:09:19 -0300] "GET /cormun/static/Resources/resize.gif HTTP/1.1" 200 77
201.186.225.191 - - [12/May/2025:13:09:19 -0300] "GET /cormun/static/Resources/PXTools/ClosePrompt.png HTTP/1.1" 200 1036
201.186.225.191 - - [12/May/2025:13:09:20 -0300] "GET /cormun/servlet/prbanco?,MD,,gxPopupLevel%3D0%3B HTTP/1.1" 200 6565
201.186.225.191 - - [12/May/2025:13:09:20 -0300] "GET /cormun/static/gxcfg.js?20201216131581 HTTP/1.1" 200 953
201.186.225.191 - - [12/May/2025:13:09:20 -0300] "GET /cormun/static/Resources/PXToolsMenuSearch.png HTTP/1.1" 200 336
201.186.225.191 - - [12/May/2025:13:09:20 -0300] "GET /cormun/static/prbanco.js?20201216132311 HTTP/1.1" 200 10693
201.186.225.191 - - [12/May/2025:13:09:20 -0300] "GET /cormun/static/menusearch.js?20201214473581 HTTP/1.1" 200 1424
201.186.225.191 - - [12/May/2025:13:09:20 -0300] "GET /cormun/static/hmpwkw011.js?202211298443482 HTTP/1.1" 200 1968
201.186.225.191 - - [12/May/2025:13:09:20 -0300] "GET /cormun/static/Resources/PXToolsMenuSearchCancel.png HTTP/1.1" 200 306
201.186.225.191 - - [12/May/2025:13:09:25 -0300] "GET /cormun/servlet/solicitudot?579101dbdf103f4f33c5dd7b639a9c1b3836b1f067ea1ac10c01e2e341fe9e53,gx-no-cache=1747066315194 HTTP/1.1" 200 53
201.186.225.191 - - [12/May/2025:13:09:35 -0300] "POST /cormun/servlet/solicitudot?gx-no-cache=1747066325586 HTTP/1.1" 200 240
201.186.225.191 - - [12/May/2025:13:09:38 -0300] "GET /cormun/servlet/solicitudot?579101dbdf103f4f33c5dd7b639a9c1b135c014c15591a58c54bba05925bfd63885157344d8b73a05df56089e97e5a849f6e4591b9d1b25a40a6dece30f55f999ec1432e33eb9726916b710e52680f1d71d87940384786a741597f9cd48afa11fabb5684d1fbb0608ec8dadc5e0b93fc7fcaaccc0a1162518c18bc4b5d2404d8e7aee274f8265dc60f45401319b230210cdea2530c1a97450bf4d9deb2824e94d12a46cc67ae2f98d3403291330eba37407c35a88025c6bc649c58942a74709a0818d48117ef62ae6903ad45ce092e8662e5a8f6ae155ba19eda384c2b891a0675297093c833be2de754ed52d1b03bd9494c3702fc4cc9f18b3acdfe4642093a672062f1266473c3c2a5aa2e2a87501a944abdd134ecb8d325ff6ed4a47d8ed0afac8bdf53f804b1566505b7bde75125153b23adcd5a833d3027e47b2ce1db8ee174395713b63b60abe35330d391868e344621784a8bc46f37c561ec8005482ad2fd5879f73c96bbfb3848e725bb37668d713840bfdd471283438c904bea83b8,gx-no-cache=1747066328345 HTTP/1.1" 200 30
201.186.225.191 - - [12/May/2025:13:09:40 -0300] "POST /cormun/servlet/solicitudot?gx-no-cache=1747066330578 HTTP/1.1" 200 30
201.186.225.191 - - [12/May/2025:13:09:52 -0300] "POST /cormun/servlet/solicitudot?gx-no-cache=1747066341641 HTTP/1.1" 200 30
201.186.225.191 - - [12/May/2025:13:10:48 -0300] "POST /cormun/servlet/solicitudot?gx-no-cache=1747066395861 HTTP/1.1" 200 1482
201.186.225.191 - - [12/May/2025:13:10:48 -0300] "GET /cormun/static/menuarrow.gif HTTP/1.1" 404 1015
201.186.225.191 - - [12/May/2025:13:10:54 -0300] "POST /cormun/servlet/solicitudot?gx-no-cache=1747066403651 HTTP/1.1" 200 41
181.203.14.200 - - [12/May/2025:13:12:00 -0300] "GET /cormun/servlet/solicitudot?INS,0,0,false, HTTP/1.1" 200 15919
181.203.14.200 - - [12/May/2025:13:12:00 -0300] "GET /cormun/static/gxcfg.js?20221129840861 HTTP/1.1" 200 953
181.203.14.200 - - [12/May/2025:13:12:00 -0300] "GET /cormun/static/solicitudot.js?20221129840983 HTTP/1.1" 200 74072
181.203.14.200 - - [12/May/2025:13:12:14 -0300] "POST /cormun/servlet/solicitudot?gx-no-cache=1747066482038 HTTP/1.1" 200 4046
181.203.14.200 - - [12/May/2025:13:12:14 -0300] "POST /cormun/servlet/solicitudot?dd34f2bac81ced0b9883e6e3e969b116,INS,0,0,false,,gx-no-cache=1747066484534 HTTP/1.1" 200 12619
181.203.14.200 - - [12/May/2025:13:12:16 -0300] "GET /cormun/servlet/solicitudot?a49b88676d911cd5090a99c32297f86caf18ce4b783adfade0eec4c85bd532bc45e23a91d28078c480f907a62b59071b,gx-no-cache=1747066486720 HTTP/1.1" 200 30
201.186.225.191 - - [12/May/2025:13:12:39 -0300] "GET /cormun/servlet/solicitudot?579101dbdf103f4f33c5dd7b639a9c1bce78f621166c555516f6986e0f0d3ff64af2fca96d50064328c85e46af01924c70fd8b65c4413561958814f0656671ee7c0cd723c69bacff29d9e57f348807664ec97c464fe2e1ab7b97fef5b7605d1e943b3acb4f2a5a9561a5b41adb947680,gx-no-cache=1747066508907 HTTP/1.1" 200 110
201.186.225.191 - - [12/May/2025:13:12:39 -0300] "POST /cormun/servlet/solicitudot?gx-no-cache=1747066508961 HTTP/1.1" 200 79
201.186.225.191 - - [12/May/2025:13:13:05 -0300] "GET /cormun/servlet/solicitudot?579101dbdf103f4f33c5dd7b639a9c1b0284991a6fd3fc3e8a8a485afc3ac8036aa3f30512e93e2d4a21a1cca7d309688a86c948045f03b7f75a667f316b08974820ed1c15b241f96c60d333bcdef4383a5cf898abc9e124258ddd206b61f6da48f1e80ebcea71a31b34e71cbfe6288a,gx-no-cache=1747066535468 HTTP/1.1" 200 29
181.203.14.200 - - [12/May/2025:13:14:31 -0300] "GET /cormun/servlet/solicitudot?a49b88676d911cd5090a99c32297f86c4f0920a1361e284c4414b6b7ef1efb9ce190e59f1ca8be23d7d7e1a44fdb45ad47319844dd57cfa7232e061944780639,gx-no-cache=1747066621781 HTTP/1.1" 200 103
181.203.14.200 - - [12/May/2025:13:14:31 -0300] "GET /cormun/static/Shared/jqueryui/images/ui-bg_highlight-soft_100_c6c2c8_1x100.png HTTP/1.1" 404 1117
181.203.14.200 - - [12/May/2025:13:14:31 -0300] "GET /cormun/static/Shared/jqueryui/images/ui-icons_82798d_256x240.png HTTP/1.1" 404 1089
181.203.14.200 - - [12/May/2025:13:14:31 -0300] "GET /cormun/static/Shared/jqueryui/images/ui-bg_flat_55_994d53_40x100.png HTTP/1.1" 404 1097
181.203.14.200 - - [12/May/2025:13:14:31 -0300] "GET /cormun/static/Shared/jqueryui/images/ui-icons_ebccce_256x240.png HTTP/1.1" 404 1089
181.203.14.200 - - [12/May/2025:13:14:33 -0300] "GET /cormun/servlet/solicitudot?a49b88676d911cd5090a99c32297f86c0064598a13f524e6145f4d7427424ff2,gx-no-cache=1747066623349 HTTP/1.1" 200 53
181.203.14.200 - - [12/May/2025:13:14:43 -0300] "GET /cormun/servlet/solicitudot?a49b88676d911cd5090a99c32297f86c4f0920a1361e284c4414b6b7ef1efb9c70b9a1a943305d38495da99415ee0e8870ff894de13953ae0983082f9877e51a,gx-no-cache=1747066633782 HTTP/1.1" 200 30
181.203.14.200 - - [12/May/2025:13:14:53 -0300] "POST /cormun/servlet/solicitudot?gx-no-cache=1747066643229 HTTP/1.1" 200 297
181.203.14.200 - - [12/May/2025:13:14:53 -0300] "GET /cormun/servlet/solicitudot?a49b88676d911cd5090a99c32297f86c0a0d9a2a0881fee5b58ee09beab6361c3511197549efb715eb4a516912f337112b15d71d60ac43a137522aa6fb4d16dc239c2ac64bee1411186434552f564c274ed3a91f10712842c0a13cded754936434b5293c0f75b9172287af6d72afa2b045800cf3084edee2dfc7dc552b93038c413282010a1c787d5f9d8556ddc2d382132da2c826dbb5171c1fd1c5049a749c1b74edda470b74216ea375ba704b8e504337725f21813e57958e65f15040e2b8ec16ec6749eb85dc34bd76baecca519f3797b39269dbd2c5be456448af726e4ab948ef6a6b72f467141a637a8a070d236ea9c4c479f70eb80c56e5b17d5540d953e973702b4cbf6e48c75f32720a435c7f025d17f5f5741a2c077d3224c878f5f5c8165369935f323d5fbf451b77512e704151201416871e1c0789ea4b52cd822914d2903f672619ad1332627b554e61df50a853ea8076d4ab5964fd10f3cbce9c64894d5aced3dfaa088c9805899b11a6e1ad3050cc7340a98eee7f517f14e3b5e38ab43b93ab62c8285f4b1a9decbd,gx-no-cache=1747066643351 HTTP/1.1" 200 30
181.203.14.200 - - [12/May/2025:13:14:57 -0300] "POST /cormun/servlet/solicitudot?gx-no-cache=1747066647309 HTTP/1.1" 200 30
201.186.225.191 - - [12/May/2025:13:14:58 -0300] "GET /cormun/servlet/solicitudot?579101dbdf103f4f33c5dd7b639a9c1b95373cdd35e70f4ac5767860df1f6de3f3d9cdc87fae0fd7d0cf8d570d0d98d2,gx-no-cache=1747066647583 HTTP/1.1" 200 30
201.186.225.191 - - [12/May/2025:13:14:58 -0300] "POST /cormun/servlet/solicitudot?gx-no-cache=1747066647679 HTTP/1.1" 200 34
181.203.14.200 - - [12/May/2025:13:14:58 -0300] "POST /cormun/servlet/solicitudot?gx-no-cache=1747066648984 HTTP/1.1" 200 1481
181.203.14.200 - - [12/May/2025:13:14:59 -0300] "POST /cormun/servlet/solicitudot?gx-no-cache=1747066649085 HTTP/1.1" 200 38
181.203.14.200 - - [12/May/2025:13:15:12 -0300] "GET /cormun/servlet/solicitudot?a49b88676d911cd5090a99c32297f86c8150fa0cc0210e8bd39ccef57ec00067e3b272bb685df11bbfdceb12fe04033c76c7ec89ebebdf453b57ac6fc7115cbb4df679416e59c319d340f3c7838f22c1fd15baed1817d66e6988e2d8de4584315d597f6bef3317f234b71e5652d55260,gx-no-cache=1747066662902 HTTP/1.1" 200 110
181.203.14.200 - - [12/May/2025:13:15:17 -0300] "POST /cormun/servlet/solicitudot?gx-no-cache=1747066667703 HTTP/1.1" 200 79
181.203.14.200 - - [12/May/2025:13:15:21 -0300] "GET /cormun/servlet/solicitudot?a49b88676d911cd5090a99c32297f86c305782b4fb28f65b7ffc3d58afac0f8b7d59f3829359da553bf38c2190f8635fe925503e723c04d425929ba78d48dd0f071365e3e09ddb202502927dd98a625b972bbbb9e54bdb3b485b3aaa66fc4a0a1c1b82c1ffe6920c28158fe87fd34d2c,gx-no-cache=1747066671703 HTTP/1.1" 200 29
181.203.14.200 - - [12/May/2025:13:15:21 -0300] "GET /cormun/static/menuarrow.gif HTTP/1.1" 404 1015
181.203.14.200 - - [12/May/2025:13:15:24 -0300] "GET /cormun/servlet/solicitudot?a49b88676d911cd5090a99c32297f86c17a6de040c6bafcc4ed07244906fc874a95cf162ccd1721fe9f58c07ff86cd1c,gx-no-cache=1747066674894 HTTP/1.1" 200 30
181.203.14.200 - - [12/May/2025:13:15:34 -0300] "POST /cormun/servlet/solicitudot?gx-no-cache=1747066684727 HTTP/1.1" 200 30
201.186.225.191 - - [12/May/2025:13:15:35 -0300] "POST /cormun/servlet/solicitudot?2609b73355204a4d14d26ad9c11f82c6,INS,0,0,false,,gx-no-cache=1747066653970 HTTP/1.1" 200 93
201.186.225.191 - - [12/May/2025:13:15:36 -0300] "GET /cormun/servlet/hpexe_return? HTTP/1.1" 200 1007
201.186.225.191 - - [12/May/2025:13:15:36 -0300] "GET /cormun/static/gxcfg.js?20221129846035 HTTP/1.1" 200 953
201.186.225.191 - - [12/May/2025:13:15:36 -0300] "GET /cormun/static/hpexe_return.js?20221129846037 HTTP/1.1" 200 1633
190.95.15.9 - - [12/May/2025:13:15:37 -0300] "GET /cormun/servlet/hlogin HTTP/1.1" 200 1762
190.95.15.9 - - [12/May/2025:13:15:37 -0300] "GET /cormun/servlet/hlogin HTTP/1.1" 200 1731
201.186.225.191 - - [12/May/2025:13:15:38 -0300] "GET /cormun/servlet/trsolicitudot HTTP/1.1" 200 8804
201.186.225.191 - - [12/May/2025:13:15:39 -0300] "GET /cormun//static/Resources/PXToolsGridUpdate.png HTTP/1.1" 200 470
201.186.225.191 - - [12/May/2025:13:15:39 -0300] "GET /cormun//static/Resources/PXToolsGridDelete.png HTTP/1.1" 200 538
201.186.225.191 - - [12/May/2025:13:15:39 -0300] "GET /cormun//static/Resources/PXToolsActionView.png HTTP/1.1" 200 398
201.186.225.191 - - [12/May/2025:13:15:39 -0300] "GET /cormun//static/Resources/PXToolsRemoveAllAction.png HTTP/1.1" 200 487
190.95.15.9 - - [12/May/2025:13:15:45 -0300] "POST /cormun/servlet/hlogin?81bfa324d5fc4d06a5f2a0d77af6994b,gx-no-cache=1747066694937 HTTP/1.1" 200 446
201.186.225.191 - - [12/May/2025:13:15:49 -0300] "POST /cormun/servlet/trsolicitudot?2609b73355204a4d14d26ad9c11f82c6,gx-no-cache=1747066698635 HTTP/1.1" 200 107
190.95.15.9 - - [12/May/2025:13:15:52 -0300] "POST /cormun/servlet/hlogin?81bfa324d5fc4d06a5f2a0d77af6994b,gx-no-cache=1747066701807 HTTP/1.1" 200 446
201.186.225.191 - - [12/May/2025:13:15:57 -0300] "GET /cormun/servlet/trsolicitudadjuntos?2025,22594, HTTP/1.1" 200 6297
201.186.225.191 - - [12/May/2025:13:15:57 -0300] "GET /cormun/static/gxcfg.js?20201215574222 HTTP/1.1" 200 953
201.186.225.191 - - [12/May/2025:13:15:57 -0300] "GET /cormun/static/Resources/PXToolsGridNew.png HTTP/1.1" 200 427
201.186.225.191 - - [12/May/2025:13:15:57 -0300] "GET /cormun/static/trsolicitudadjuntos.js?20201215574932 HTTP/1.1" 200 17921
181.203.14.200 - - [12/May/2025:13:15:59 -0300] "POST /cormun/servlet/solicitudot?dd34f2bac81ced0b9883e6e3e969b116,INS,0,0,false,,gx-no-cache=1747066684846 HTTP/1.1" 200 93
181.203.14.200 - - [12/May/2025:13:15:59 -0300] "GET /cormun/servlet/hpexe_return? HTTP/1.1" 200 1011
181.203.14.200 - - [12/May/2025:13:15:59 -0300] "GET /cormun/servlet/trsolicitudot HTTP/1.1" 200 8529
181.203.14.200 - - [12/May/2025:13:16:00 -0300] "GET /cormun//static/Resources/PXToolsRemoveAllAction.png HTTP/1.1" 200 487
181.203.14.200 - - [12/May/2025:13:16:00 -0300] "GET /cormun//static/Resources/PXToolsActionView.png HTTP/1.1" 200 398
190.95.15.9 - - [12/May/2025:13:16:05 -0300] "POST /cormun/servlet/hlogin?81bfa324d5fc4d06a5f2a0d77af6994b,gx-no-cache=1747066714455 HTTP/1.1" 200 446
200.126.117.15 - - [12/May/2025:13:16:10 -0300] "GET /cormun/servlet/hlogin HTTP/1.1" 200 1720
201.186.225.191 - - [12/May/2025:13:16:10 -0300] "GET /cormun/servlet/solicitudotadjuntos?INS,2025,22594,,1, HTTP/1.1" 200 6241
200.126.117.15 - - [12/May/2025:13:16:10 -0300] "GET /cormun/static/gxcfg.js?2022112219184450 HTTP/1.1" 200 953
201.186.225.191 - - [12/May/2025:13:16:10 -0300] "GET /cormun/static/gxcfg.js?202211298385187 HTTP/1.1" 200 953
200.126.117.15 - - [12/May/2025:13:16:10 -0300] "GET /cormun/static/hlogin.js?2022112219184458 HTTP/1.1" 200 2156
201.186.225.191 - - [12/May/2025:13:16:10 -0300] "GET /cormun/static/solicitudotadjuntos.js?202211298385196 HTTP/1.1" 200 11771
200.126.117.15 - - [12/May/2025:13:16:10 -0300] "GET /cormun/static/Resources/CormunLogin.png HTTP/1.1" 200 19132
200.126.117.15 - - [12/May/2025:13:16:10 -0300] "GET /cormun/static/Resources/Spanish/PXTools.css?1759030 HTTP/1.1" 200 100853
200.126.117.15 - - [12/May/2025:13:16:10 -0300] "GET /cormun/static/Resources/PXToolsLoginTop.png HTTP/1.1" 200 1337
200.126.117.15 - - [12/May/2025:13:16:10 -0300] "GET /cormun/static/Resources/PXToolsLoginBackground.png HTTP/1.1" 200 1164
200.126.117.15 - - [12/May/2025:13:16:10 -0300] "GET /cormun/static/Resources/PXToolsButtonLeft.png HTTP/1.1" 200 1310
200.126.117.15 - - [12/May/2025:13:16:10 -0300] "GET /cormun/static/Resources/PXToolsButtonRight.png HTTP/1.1" 200 1294
200.126.117.15 - - [12/May/2025:13:16:10 -0300] "GET /cormun/static/Resources/PXToolsButtonBackground.png HTTP/1.1" 200 1176
200.126.117.15 - - [12/May/2025:13:16:10 -0300] "GET /cormun/servlet/hlogin HTTP/1.1" 200 1730
201.186.225.191 - - [12/May/2025:13:16:10 -0300] "GET /cormun/static/about:blank HTTP/1.1" 404 1011
201.186.225.191 - - [12/May/2025:13:16:10 -0300] "GET /cormun/servlet/solicitudotadjuntos?579101dbdf103f4f33c5dd7b639a9c1b813c76a21d59817f9f4ac9f160e5515a02d7fc8936e44afd6b66e8b70f97540d,gx-no-cache=1747066720539 HTTP/1.1" 200 30
190.95.15.9 - - [12/May/2025:13:16:13 -0300] "POST /cormun/servlet/hlogin?81bfa324d5fc4d06a5f2a0d77af6994b,gx-no-cache=1747066722750 HTTP/1.1" 200 446
201.186.225.191 - - [12/May/2025:13:16:13 -0300] "POST /cormun/servlet/solicitudotadjuntos?2609b73355204a4d14d26ad9c11f82c6,INS,2025,22594,,1,,gx-no-cache=1747066720630 HTTP/1.1" 200 4153
201.186.225.191 - - [12/May/2025:13:16:17 -0300] "POST /cormun/servlet/solicitudotadjuntos?gx-no-cache=1747066727006 HTTP/1.1" 200 26
200.126.117.15 - - [12/May/2025:13:16:20 -0300] "POST /cormun/servlet/hlogin?f2c5831d28af271319f8fe2b5d4108bb,gx-no-cache=1747066537080 HTTP/1.1" 200 90
200.126.117.15 - - [12/May/2025:13:16:20 -0300] "GET /cormun/servlet/hpexe_link HTTP/1.1" 200 950
200.126.117.15 - - [12/May/2025:13:16:20 -0300] "GET /cormun/servlet/hhome HTTP/1.1" 200 4324
190.95.15.9 - - [12/May/2025:13:16:22 -0300] "POST /cormun/servlet/hlogin?81bfa324d5fc4d06a5f2a0d77af6994b,gx-no-cache=1747066732237 HTTP/1.1" 200 90
190.95.15.9 - - [12/May/2025:13:16:22 -0300] "GET /cormun/servlet/hpexe_link HTTP/1.1" 200 952
190.95.15.9 - - [12/May/2025:13:16:22 -0300] "GET /cormun/servlet/hhome HTTP/1.1" 200 4246
190.95.15.9 - - [12/May/2025:13:16:28 -0300] "GET /cormun/servlet/trlicencias? HTTP/1.1" 200 12765
200.126.117.15 - - [12/May/2025:13:16:29 -0300] "GET /cormun/servlet/trlicencias? HTTP/1.1" 200 11359
201.186.225.191 - - [12/May/2025:13:16:59 -0300] "GET /cormun/servlet/solicitudotadjuntos?579101dbdf103f4f33c5dd7b639a9c1bab0135a719fafd806b7d4a5ac1392627,gx-no-cache=1747066769412 HTTP/1.1" 200 30
201.186.225.191 - - [12/May/2025:13:16:59 -0300] "GET /cormun/servlet/solicitudotadjuntos?579101dbdf103f4f33c5dd7b639a9c1bab0135a719fafd806b7d4a5ac1392627,gx-no-cache=1747066769441 HTTP/1.1" 200 30
201.186.225.191 - - [12/May/2025:13:17:04 -0300] "POST /cormun/servlet/solicitudotadjuntos?2609b73355204a4d14d26ad9c11f82c6,INS,2025,22594,,1, HTTP/1.1" 200 116
201.186.225.191 - - [12/May/2025:13:17:04 -0300] "GET /cormun/servlet/hpexe_return? HTTP/1.1" 200 1025
201.186.225.191 - - [12/May/2025:13:17:04 -0300] "GET /cormun/servlet/trsolicitudadjuntos?2025,22594, HTTP/1.1" 200 9316
201.186.225.191 - - [12/May/2025:13:17:08 -0300] "GET /cormun/servlet/solicitudotadjuntos?INS,2025,22594,,1, HTTP/1.1" 200 6241
201.186.225.191 - - [12/May/2025:13:17:08 -0300] "GET /cormun/static/about:blank HTTP/1.1" 404 1011
201.186.225.191 - - [12/May/2025:13:17:09 -0300] "GET /cormun/servlet/solicitudotadjuntos?579101dbdf103f4f33c5dd7b639a9c1b813c76a21d59817f9f4ac9f160e5515a02d7fc8936e44afd6b66e8b70f97540d,gx-no-cache=1747066778822 HTTP/1.1" 200 30
201.186.225.191 - - [12/May/2025:13:17:09 -0300] "POST /cormun/servlet/solicitudotadjuntos?2609b73355204a4d14d26ad9c11f82c6,INS,2025,22594,,1,,gx-no-cache=1747066778847 HTTP/1.1" 200 4153
181.203.14.200 - - [12/May/2025:13:17:09 -0300] "POST /cormun/servlet/trsolicitudot?dd34f2bac81ced0b9883e6e3e969b116,gx-no-cache=1747066779053 HTTP/1.1" 200 107
181.203.14.200 - - [12/May/2025:13:17:09 -0300] "GET /cormun/servlet/trsolicitudadjuntos?2025,22595, HTTP/1.1" 200 6025
181.203.14.200 - - [12/May/2025:13:17:09 -0300] "GET /cormun/static/gxcfg.js?20201215574222 HTTP/1.1" 200 953
181.203.14.200 - - [12/May/2025:13:17:09 -0300] "GET /cormun/static/trsolicitudadjuntos.js?20201215574932 HTTP/1.1" 200 17921
181.203.14.200 - - [12/May/2025:13:17:09 -0300] "GET /cormun/static/Resources/PXToolsGridNew.png HTTP/1.1" 200 427
181.203.14.200 - - [12/May/2025:13:17:12 -0300] "GET /cormun/servlet/solicitudotadjuntos?INS,2025,22595,,1, HTTP/1.1" 200 5968
181.203.14.200 - - [12/May/2025:13:17:12 -0300] "GET /cormun/static/gxcfg.js?202211298385187 HTTP/1.1" 200 953
181.203.14.200 - - [12/May/2025:13:17:12 -0300] "GET /cormun/static/solicitudotadjuntos.js?202211298385196 HTTP/1.1" 200 11771
181.203.14.200 - - [12/May/2025:13:17:12 -0300] "GET /cormun/static/about:blank HTTP/1.1" 404 1011
181.203.14.200 - - [12/May/2025:13:17:13 -0300] "GET /cormun/servlet/solicitudotadjuntos?a49b88676d911cd5090a99c32297f86cc52bf423950c8f65b9824204552f9efabad4390c8dbfc61b4694c80981f2c353,gx-no-cache=1747066783252 HTTP/1.1" 200 30
181.203.14.200 - - [12/May/2025:13:17:13 -0300] "POST /cormun/servlet/solicitudotadjuntos?dd34f2bac81ced0b9883e6e3e969b116,INS,2025,22595,,1,,gx-no-cache=1747066783314 HTTP/1.1" 200 3872
201.186.225.191 - - [12/May/2025:13:17:14 -0300] "POST /cormun/servlet/solicitudotadjuntos?gx-no-cache=1747066783876 HTTP/1.1" 200 26
181.203.14.200 - - [12/May/2025:13:17:18 -0300] "POST /cormun/servlet/solicitudotadjuntos?gx-no-cache=1747066788587 HTTP/1.1" 200 26
201.186.225.191 - - [12/May/2025:13:17:27 -0300] "GET /cormun/servlet/solicitudotadjuntos?579101dbdf103f4f33c5dd7b639a9c1bab0135a719fafd806b7d4a5ac1392627,gx-no-cache=1747066796747 HTTP/1.1" 200 30
201.186.225.191 - - [12/May/2025:13:17:27 -0300] "GET /cormun/servlet/solicitudotadjuntos?579101dbdf103f4f33c5dd7b639a9c1bab0135a719fafd806b7d4a5ac1392627,gx-no-cache=1747066796858 HTTP/1.1" 200 30
190.95.67.95 - - [12/May/2025:13:17:42 -0300] "GET /cormun/servlet/trpermisosadjuntos?17138393,20250505102319,P, HTTP/1.1" 200 6325
201.186.225.191 - - [12/May/2025:13:17:42 -0300] "POST /cormun/servlet/solicitudotadjuntos?2609b73355204a4d14d26ad9c11f82c6,INS,2025,22594,,1, HTTP/1.1" 200 116
201.186.225.191 - - [12/May/2025:13:17:42 -0300] "GET /cormun/servlet/hpexe_return? HTTP/1.1" 200 1025
201.186.225.191 - - [12/May/2025:13:17:42 -0300] "GET /cormun/servlet/trsolicitudadjuntos?2025,22594, HTTP/1.1" 200 9572
190.95.67.95 - - [12/May/2025:13:17:44 -0300] "GET /cormun/servlet/permisosadjuntos?INS,17138393,P,20250505102319,, HTTP/1.1" 200 5646
190.95.67.95 - - [12/May/2025:13:17:44 -0300] "GET /cormun/static/about:blank HTTP/1.1" 404 1011
201.186.225.191 - - [12/May/2025:13:17:47 -0300] "GET /cormun/servlet/solicitudotadjuntos?INS,2025,22594,,1, HTTP/1.1" 200 6242
201.186.225.191 - - [12/May/2025:13:17:47 -0300] "GET /cormun/static/about:blank HTTP/1.1" 404 1011
201.186.225.191 - - [12/May/2025:13:17:47 -0300] "GET /cormun/servlet/solicitudotadjuntos?579101dbdf103f4f33c5dd7b639a9c1b813c76a21d59817f9f4ac9f160e5515a02d7fc8936e44afd6b66e8b70f97540d,gx-no-cache=1747066817573 HTTP/1.1" 200 30
201.186.225.191 - - [12/May/2025:13:17:47 -0300] "POST /cormun/servlet/solicitudotadjuntos?2609b73355204a4d14d26ad9c11f82c6,INS,2025,22594,,1,,gx-no-cache=1747066817601 HTTP/1.1" 200 4153
201.186.225.191 - - [12/May/2025:13:17:51 -0300] "POST /cormun/servlet/solicitudotadjuntos?gx-no-cache=1747066820904 HTTP/1.1" 200 26
181.203.14.200 - - [12/May/2025:13:17:55 -0300] "GET /cormun/servlet/solicitudotadjuntos?a49b88676d911cd5090a99c32297f86cec0be2df0a91c032a878d31ae9fc435d,gx-no-cache=1747066826018 HTTP/1.1" 200 30
181.203.14.200 - - [12/May/2025:13:17:56 -0300] "GET /cormun/servlet/solicitudotadjuntos?a49b88676d911cd5090a99c32297f86cec0be2df0a91c032a878d31ae9fc435d,gx-no-cache=1747066826103 HTTP/1.1" 200 30
181.203.14.200 - - [12/May/2025:13:17:56 -0300] "POST /cormun/servlet/solicitudotadjuntos?dd34f2bac81ced0b9883e6e3e969b116,INS,2025,22595,,1, HTTP/1.1" 200 116
181.203.14.200 - - [12/May/2025:13:17:56 -0300] "GET /cormun/servlet/hpexe_return? HTTP/1.1" 200 1029
181.203.14.200 - - [12/May/2025:13:17:56 -0300] "GET /cormun/servlet/trsolicitudadjuntos?2025,22595, HTTP/1.1" 200 9015
181.203.14.200 - - [12/May/2025:13:17:58 -0300] "GET /cormun/servlet/solicitudotadjuntos?INS,2025,22595,,1, HTTP/1.1" 200 5968
181.203.14.200 - - [12/May/2025:13:17:58 -0300] "GET /cormun/static/about:blank HTTP/1.1" 404 1011
181.203.14.200 - - [12/May/2025:13:17:59 -0300] "GET /cormun/servlet/solicitudotadjuntos?a49b88676d911cd5090a99c32297f86cc52bf423950c8f65b9824204552f9efabad4390c8dbfc61b4694c80981f2c353,gx-no-cache=1747066829527 HTTP/1.1" 200 30
181.203.14.200 - - [12/May/2025:13:17:59 -0300] "POST /cormun/servlet/solicitudotadjuntos?dd34f2bac81ced0b9883e6e3e969b116,INS,2025,22595,,1,,gx-no-cache=1747066829580 HTTP/1.1" 200 3872
190.95.67.95 - - [12/May/2025:13:17:59 -0300] "POST /cormun/servlet/permisosadjuntos?9da0c0e02e316a4a2b655a47ea757f90,INS,17138393,P,20250505102319,, HTTP/1.1" 200 116
190.95.67.95 - - [12/May/2025:13:17:59 -0300] "GET /cormun/servlet/hpexe_return? HTTP/1.1" 200 1034
190.95.67.95 - - [12/May/2025:13:17:59 -0300] "GET /cormun/servlet/trpermisosadjuntos?17138393,20250505102319,P, HTTP/1.1" 200 6832
181.203.14.200 - - [12/May/2025:13:18:02 -0300] "POST /cormun/servlet/solicitudotadjuntos?gx-no-cache=1747066832163 HTTP/1.1" 200 26
190.95.67.95 - - [12/May/2025:13:18:05 -0300] "POST /cormun/servlet/trpermisosadjuntos?9da0c0e02e316a4a2b655a47ea757f90,17138393,20250505102319,P,,gx-no-cache=1747066835442 HTTP/1.1" 200 90
190.95.67.95 - - [12/May/2025:13:18:05 -0300] "GET /cormun/servlet/hpexe_link HTTP/1.1" 200 1002
190.95.67.95 - - [12/May/2025:13:18:05 -0300] "GET /cormun/servlet/trpermisosgoce?gx-no-cache=1747065885665 HTTP/1.1" 200 11130
181.203.14.200 - - [12/May/2025:13:18:09 -0300] "GET /cormun/servlet/solicitudotadjuntos?a49b88676d911cd5090a99c32297f86cec0be2df0a91c032a878d31ae9fc435d,gx-no-cache=1747066839659 HTTP/1.1" 200 30
181.203.14.200 - - [12/May/2025:13:18:09 -0300] "GET /cormun/servlet/solicitudotadjuntos?a49b88676d911cd5090a99c32297f86cec0be2df0a91c032a878d31ae9fc435d,gx-no-cache=1747066839755 HTTP/1.1" 200 30
181.203.14.200 - - [12/May/2025:13:18:09 -0300] "POST /cormun/servlet/solicitudotadjuntos?dd34f2bac81ced0b9883e6e3e969b116,INS,2025,22595,,1, HTTP/1.1" 200 116
181.203.14.200 - - [12/May/2025:13:18:10 -0300] "GET /cormun/servlet/hpexe_return? HTTP/1.1" 200 1029
181.203.14.200 - - [12/May/2025:13:18:10 -0300] "GET /cormun/servlet/trsolicitudadjuntos?2025,22595, HTTP/1.1" 200 9282
190.95.67.95 - - [12/May/2025:13:18:11 -0300] "POST /cormun/servlet/trpermisosgoce?9da0c0e02e316a4a2b655a47ea757f90,gx-no-cache=1747065885665,gx-no-cache=1747066840770 HTTP/1.1" 200 8404
190.95.67.95 - - [12/May/2025:13:18:11 -0300] "GET /cormun/static/Shared/jqueryui/images/ui-bg_highlight-soft_100_c6c2c8_1x100.png HTTP/1.1" 404 1117
190.95.67.95 - - [12/May/2025:13:18:11 -0300] "GET /cormun/static/Shared/jqueryui/images/ui-icons_82798d_256x240.png HTTP/1.1" 404 1089
190.95.67.95 - - [12/May/2025:13:18:11 -0300] "GET /cormun/static/Shared/jqueryui/images/ui-icons_8d78a5_256x240.png HTTP/1.1" 404 1089
190.95.67.95 - - [12/May/2025:13:18:11 -0300] "GET /cormun/static/Shared/jqueryui/images/ui-bg_flat_55_fafafa_40x100.png HTTP/1.1" 404 1097
181.203.14.200 - - [12/May/2025:13:18:11 -0300] "GET /cormun/servlet/solicitudotadjuntos?INS,2025,22595,,1, HTTP/1.1" 200 5967
181.203.14.200 - - [12/May/2025:13:18:12 -0300] "GET /cormun/static/about:blank HTTP/1.1" 404 1011
181.203.14.200 - - [12/May/2025:13:18:12 -0300] "GET /cormun/servlet/solicitudotadjuntos?a49b88676d911cd5090a99c32297f86cc52bf423950c8f65b9824204552f9efabad4390c8dbfc61b4694c80981f2c353,gx-no-cache=1747066842618 HTTP/1.1" 200 30
181.203.14.200 - - [12/May/2025:13:18:12 -0300] "POST /cormun/servlet/solicitudotadjuntos?dd34f2bac81ced0b9883e6e3e969b116,INS,2025,22595,,1,,gx-no-cache=1747066842704 HTTP/1.1" 200 3871
181.203.14.200 - - [12/May/2025:13:18:14 -0300] "POST /cormun/servlet/solicitudotadjuntos?gx-no-cache=1747066844627 HTTP/1.1" 200 26
181.203.14.200 - - [12/May/2025:13:18:21 -0300] "GET /cormun/servlet/solicitudotadjuntos?a49b88676d911cd5090a99c32297f86cec0be2df0a91c032a878d31ae9fc435d,gx-no-cache=1747066851938 HTTP/1.1" 200 30
181.203.14.200 - - [12/May/2025:13:18:21 -0300] "GET /cormun/servlet/solicitudotadjuntos?a49b88676d911cd5090a99c32297f86cec0be2df0a91c032a878d31ae9fc435d,gx-no-cache=1747066852022 HTTP/1.1" 200 30
181.203.14.200 - - [12/May/2025:13:18:22 -0300] "POST /cormun/servlet/solicitudotadjuntos?dd34f2bac81ced0b9883e6e3e969b116,INS,2025,22595,,1, HTTP/1.1" 200 116
181.203.14.200 - - [12/May/2025:13:18:22 -0300] "GET /cormun/servlet/hpexe_return? HTTP/1.1" 200 1029
181.203.14.200 - - [12/May/2025:13:18:22 -0300] "GET /cormun/servlet/trsolicitudadjuntos?2025,22595, HTTP/1.1" 200 9489
201.186.225.191 - - [12/May/2025:13:18:23 -0300] "GET /cormun/servlet/solicitudotadjuntos?579101dbdf103f4f33c5dd7b639a9c1bab0135a719fafd806b7d4a5ac1392627,gx-no-cache=1747066853071 HTTP/1.1" 200 30
201.186.225.191 - - [12/May/2025:13:18:23 -0300] "GET /cormun/servlet/solicitudotadjuntos?579101dbdf103f4f33c5dd7b639a9c1bab0135a719fafd806b7d4a5ac1392627,gx-no-cache=1747066853097 HTTP/1.1" 200 30
201.186.225.191 - - [12/May/2025:13:18:23 -0300] "POST /cormun/servlet/solicitudotadjuntos?2609b73355204a4d14d26ad9c11f82c6,INS,2025,22594,,1, HTTP/1.1" 200 116
201.186.225.191 - - [12/May/2025:13:18:23 -0300] "GET /cormun/servlet/hpexe_return? HTTP/1.1" 200 1025
201.186.225.191 - - [12/May/2025:13:18:23 -0300] "GET /cormun/servlet/trsolicitudadjuntos?2025,22594, HTTP/1.1" 200 9836
181.203.14.200 - - [12/May/2025:13:18:25 -0300] "GET /cormun/servlet/solicitudotadjuntos?INS,2025,22595,,1, HTTP/1.1" 200 5967
181.203.14.200 - - [12/May/2025:13:18:25 -0300] "GET /cormun/static/about:blank HTTP/1.1" 404 1011
181.203.14.200 - - [12/May/2025:13:18:25 -0300] "GET /cormun/servlet/solicitudotadjuntos?a49b88676d911cd5090a99c32297f86cc52bf423950c8f65b9824204552f9efabad4390c8dbfc61b4694c80981f2c353,gx-no-cache=1747066855755 HTTP/1.1" 200 30
181.203.14.200 - - [12/May/2025:13:18:25 -0300] "POST /cormun/servlet/solicitudotadjuntos?dd34f2bac81ced0b9883e6e3e969b116,INS,2025,22595,,1,,gx-no-cache=1747066855826 HTTP/1.1" 200 3871
201.186.225.191 - - [12/May/2025:13:18:27 -0300] "GET /cormun/servlet/solicitudotadjuntos?INS,2025,22594,,1, HTTP/1.1" 200 6240
201.186.225.191 - - [12/May/2025:13:18:27 -0300] "GET /cormun/static/about:blank HTTP/1.1" 404 1011
201.186.225.191 - - [12/May/2025:13:18:27 -0300] "GET /cormun/servlet/solicitudotadjuntos?579101dbdf103f4f33c5dd7b639a9c1b813c76a21d59817f9f4ac9f160e5515a02d7fc8936e44afd6b66e8b70f97540d,gx-no-cache=1747066857586 HTTP/1.1" 200 30
201.186.225.191 - - [12/May/2025:13:18:28 -0300] "POST /cormun/servlet/solicitudotadjuntos?2609b73355204a4d14d26ad9c11f82c6,INS,2025,22594,,1,,gx-no-cache=1747066857634 HTTP/1.1" 200 4152
181.203.14.200 - - [12/May/2025:13:18:28 -0300] "POST /cormun/servlet/solicitudotadjuntos?gx-no-cache=1747066858301 HTTP/1.1" 200 26
181.203.14.200 - - [12/May/2025:13:18:33 -0300] "GET /cormun/servlet/solicitudotadjuntos?a49b88676d911cd5090a99c32297f86cec0be2df0a91c032a878d31ae9fc435d,gx-no-cache=1747066863620 HTTP/1.1" 200 30
181.203.14.200 - - [12/May/2025:13:18:33 -0300] "GET /cormun/servlet/solicitudotadjuntos?a49b88676d911cd5090a99c32297f86cec0be2df0a91c032a878d31ae9fc435d,gx-no-cache=1747066863795 HTTP/1.1" 200 30
181.203.14.200 - - [12/May/2025:13:18:33 -0300] "POST /cormun/servlet/solicitudotadjuntos?dd34f2bac81ced0b9883e6e3e969b116,INS,2025,22595,,1, HTTP/1.1" 200 116
181.203.14.200 - - [12/May/2025:13:18:34 -0300] "GET /cormun/servlet/hpexe_return? HTTP/1.1" 200 1029
181.203.14.200 - - [12/May/2025:13:18:34 -0300] "GET /cormun/servlet/trsolicitudadjuntos?2025,22595, HTTP/1.1" 200 9781
201.186.225.191 - - [12/May/2025:13:18:34 -0300] "POST /cormun/servlet/solicitudotadjuntos?gx-no-cache=1747066864377 HTTP/1.1" 200 26
181.203.14.200 - - [12/May/2025:13:18:36 -0300] "GET /cormun/servlet/solicitudotadjuntos?INS,2025,22595,,1, HTTP/1.1" 200 5967
181.203.14.200 - - [12/May/2025:13:18:36 -0300] "GET /cormun/static/about:blank HTTP/1.1" 404 1011
181.203.14.200 - - [12/May/2025:13:18:37 -0300] "GET /cormun/servlet/solicitudotadjuntos?a49b88676d911cd5090a99c32297f86cc52bf423950c8f65b9824204552f9efabad4390c8dbfc61b4694c80981f2c353,gx-no-cache=1747066867156 HTTP/1.1" 200 30
181.203.14.200 - - [12/May/2025:13:18:37 -0300] "POST /cormun/servlet/solicitudotadjuntos?dd34f2bac81ced0b9883e6e3e969b116,INS,2025,22595,,1,,gx-no-cache=1747066867221 HTTP/1.1" 200 3871
181.203.14.200 - - [12/May/2025:13:18:39 -0300] "POST /cormun/servlet/solicitudotadjuntos?gx-no-cache=1747066869621 HTTP/1.1" 200 26
201.186.225.191 - - [12/May/2025:13:18:43 -0300] "GET /cormun/servlet/solicitudotadjuntos?579101dbdf103f4f33c5dd7b639a9c1bab0135a719fafd806b7d4a5ac1392627,gx-no-cache=1747066873471 HTTP/1.1" 200 30
201.186.225.191 - - [12/May/2025:13:18:43 -0300] "GET /cormun/servlet/solicitudotadjuntos?579101dbdf103f4f33c5dd7b639a9c1bab0135a719fafd806b7d4a5ac1392627,gx-no-cache=1747066873497 HTTP/1.1" 200 30
201.186.225.191 - - [12/May/2025:13:18:43 -0300] "POST /cormun/servlet/solicitudotadjuntos?2609b73355204a4d14d26ad9c11f82c6,INS,2025,22594,,1, HTTP/1.1" 200 116
201.186.225.191 - - [12/May/2025:13:18:44 -0300] "GET /cormun/servlet/hpexe_return? HTTP/1.1" 200 1025
201.186.225.191 - - [12/May/2025:13:18:44 -0300] "GET /cormun/servlet/trsolicitudadjuntos?2025,22594, HTTP/1.1" 200 10132
181.203.14.200 - - [12/May/2025:13:18:46 -0300] "GET /cormun/servlet/solicitudotadjuntos?a49b88676d911cd5090a99c32297f86cec0be2df0a91c032a878d31ae9fc435d,gx-no-cache=1747066876548 HTTP/1.1" 200 30
181.203.14.200 - - [12/May/2025:13:18:46 -0300] "GET /cormun/servlet/solicitudotadjuntos?a49b88676d911cd5090a99c32297f86cec0be2df0a91c032a878d31ae9fc435d,gx-no-cache=1747066876631 HTTP/1.1" 200 30
181.203.14.200 - - [12/May/2025:13:18:46 -0300] "POST /cormun/servlet/solicitudotadjuntos?dd34f2bac81ced0b9883e6e3e969b116,INS,2025,22595,,1, HTTP/1.1" 200 116
181.203.14.200 - - [12/May/2025:13:18:46 -0300] "GET /cormun/servlet/hpexe_return? HTTP/1.1" 200 1029
181.203.14.200 - - [12/May/2025:13:18:47 -0300] "GET /cormun/servlet/trsolicitudadjuntos?2025,22595, HTTP/1.1" 200 10052
201.186.225.191 - - [12/May/2025:13:18:48 -0300] "GET /cormun/servlet/solicitudotadjuntos?INS,2025,22594,,1, HTTP/1.1" 200 6240
201.186.225.191 - - [12/May/2025:13:18:48 -0300] "GET /cormun/static/about:blank HTTP/1.1" 404 1011
181.203.14.200 - - [12/May/2025:13:18:49 -0300] "GET /cormun/servlet/solicitudotadjuntos?INS,2025,22595,,1, HTTP/1.1" 200 5967
181.203.14.200 - - [12/May/2025:13:18:49 -0300] "GET /cormun/static/about:blank HTTP/1.1" 404 1011
201.186.225.191 - - [12/May/2025:13:18:49 -0300] "GET /cormun/servlet/solicitudotadjuntos?579101dbdf103f4f33c5dd7b639a9c1b813c76a21d59817f9f4ac9f160e5515a02d7fc8936e44afd6b66e8b70f97540d,gx-no-cache=1747066879094 HTTP/1.1" 200 30
201.186.225.191 - - [12/May/2025:13:18:49 -0300] "POST /cormun/servlet/solicitudotadjuntos?2609b73355204a4d14d26ad9c11f82c6,INS,2025,22594,,1,,gx-no-cache=1747066879120 HTTP/1.1" 200 4152
181.203.14.200 - - [12/May/2025:13:18:49 -0300] "GET /cormun/servlet/solicitudotadjuntos?a49b88676d911cd5090a99c32297f86cc52bf423950c8f65b9824204552f9efabad4390c8dbfc61b4694c80981f2c353,gx-no-cache=1747066879971 HTTP/1.1" 200 30
181.203.14.200 - - [12/May/2025:13:18:50 -0300] "POST /cormun/servlet/solicitudotadjuntos?dd34f2bac81ced0b9883e6e3e969b116,INS,2025,22595,,1,,gx-no-cache=1747066880033 HTTP/1.1" 200 3871
201.186.225.191 - - [12/May/2025:13:18:52 -0300] "POST /cormun/servlet/solicitudotadjuntos?gx-no-cache=1747066882568 HTTP/1.1" 200 26
181.203.14.200 - - [12/May/2025:13:18:54 -0300] "POST /cormun/servlet/solicitudotadjuntos?gx-no-cache=1747066884645 HTTP/1.1" 200 26
181.203.14.200 - - [12/May/2025:13:19:02 -0300] "GET /cormun/servlet/solicitudotadjuntos?a49b88676d911cd5090a99c32297f86cec0be2df0a91c032a878d31ae9fc435d,gx-no-cache=1747066892589 HTTP/1.1" 200 30
181.203.14.200 - - [12/May/2025:13:19:02 -0300] "GET /cormun/servlet/solicitudotadjuntos?a49b88676d911cd5090a99c32297f86cec0be2df0a91c032a878d31ae9fc435d,gx-no-cache=1747066892675 HTTP/1.1" 200 30
181.203.14.200 - - [12/May/2025:13:19:02 -0300] "POST /cormun/servlet/solicitudotadjuntos?dd34f2bac81ced0b9883e6e3e969b116,INS,2025,22595,,1, HTTP/1.1" 200 116
181.203.14.200 - - [12/May/2025:13:19:03 -0300] "GET /cormun/servlet/hpexe_return? HTTP/1.1" 200 1029
181.203.14.200 - - [12/May/2025:13:19:03 -0300] "GET /cormun/servlet/trsolicitudadjuntos?2025,22595, HTTP/1.1" 200 10219
181.203.14.200 - - [12/May/2025:13:19:08 -0300] "GET /cormun/servlet/trsolicitudot? HTTP/1.1" 200 8532
181.203.14.200 - - [12/May/2025:13:19:45 -0300] "POST /cormun/servlet/trsolicitudot?dd34f2bac81ced0b9883e6e3e969b116,,gx-no-cache=1747066935073 HTTP/1.1" 200 4585
181.203.14.200 - - [12/May/2025:13:19:45 -0300] "GET /cormun/static/Shared/jqueryui/images/ui-bg_flat_55_fafafa_40x100.png HTTP/1.1" 404 1097
201.186.225.191 - - [12/May/2025:13:19:45 -0300] "GET /cormun/servlet/solicitudotadjuntos?579101dbdf103f4f33c5dd7b639a9c1bab0135a719fafd806b7d4a5ac1392627,gx-no-cache=1747066935067 HTTP/1.1" 200 30
181.203.14.200 - - [12/May/2025:13:19:45 -0300] "GET /cormun/static/Shared/jqueryui/images/ui-icons_8d78a5_256x240.png HTTP/1.1" 404 1089
201.186.225.191 - - [12/May/2025:13:19:45 -0300] "GET /cormun/servlet/solicitudotadjuntos?579101dbdf103f4f33c5dd7b639a9c1bab0135a719fafd806b7d4a5ac1392627,gx-no-cache=1747066935096 HTTP/1.1" 200 30
181.203.14.200 - - [12/May/2025:13:19:45 -0300] "POST /cormun/servlet/trsolicitudot?dd34f2bac81ced0b9883e6e3e969b116,,gx-no-cache=1747066935432 HTTP/1.1" 200 4344
201.186.225.191 - - [12/May/2025:13:19:45 -0300] "POST /cormun/servlet/solicitudotadjuntos?2609b73355204a4d14d26ad9c11f82c6,INS,2025,22594,,1, HTTP/1.1" 200 116
201.186.225.191 - - [12/May/2025:13:19:45 -0300] "GET /cormun/servlet/hpexe_return? HTTP/1.1" 200 1025
201.186.225.191 - - [12/May/2025:13:19:45 -0300] "GET /cormun/servlet/trsolicitudadjuntos?2025,22594, HTTP/1.1" 200 10429
201.186.225.191 - - [12/May/2025:13:19:48 -0300] "GET /cormun/servlet/solicitudotadjuntos?INS,2025,22594,,1, HTTP/1.1" 200 6242
201.186.225.191 - - [12/May/2025:13:19:48 -0300] "GET /cormun/static/about:blank HTTP/1.1" 404 1011
201.186.225.191 - - [12/May/2025:13:19:49 -0300] "GET /cormun/servlet/solicitudotadjuntos?579101dbdf103f4f33c5dd7b639a9c1b813c76a21d59817f9f4ac9f160e5515a02d7fc8936e44afd6b66e8b70f97540d,gx-no-cache=1747066938898 HTTP/1.1" 200 30
201.186.225.191 - - [12/May/2025:13:19:49 -0300] "POST /cormun/servlet/solicitudotadjuntos?2609b73355204a4d14d26ad9c11f82c6,INS,2025,22594,,1,,gx-no-cache=1747066938924 HTTP/1.1" 200 4154
201.186.225.191 - - [12/May/2025:13:19:52 -0300] "POST /cormun/servlet/solicitudotadjuntos?gx-no-cache=1747066942076 HTTP/1.1" 200 26
201.186.225.191 - - [12/May/2025:13:20:01 -0300] "GET /cormun/servlet/solicitudotadjuntos?579101dbdf103f4f33c5dd7b639a9c1bab0135a719fafd806b7d4a5ac1392627,gx-no-cache=1747066950931 HTTP/1.1" 200 30
201.186.225.191 - - [12/May/2025:13:20:01 -0300] "GET /cormun/servlet/solicitudotadjuntos?579101dbdf103f4f33c5dd7b639a9c1bab0135a719fafd806b7d4a5ac1392627,gx-no-cache=1747066950955 HTTP/1.1" 200 30
201.186.225.191 - - [12/May/2025:13:20:01 -0300] "POST /cormun/servlet/solicitudotadjuntos?2609b73355204a4d14d26ad9c11f82c6,INS,2025,22594,,1, HTTP/1.1" 200 116
201.186.225.191 - - [12/May/2025:13:20:01 -0300] "GET /cormun/servlet/hpexe_return? HTTP/1.1" 200 1025
201.186.225.191 - - [12/May/2025:13:20:01 -0300] "GET /cormun/servlet/trsolicitudadjuntos?2025,22594, HTTP/1.1" 200 10614
201.186.225.191 - - [12/May/2025:13:20:05 -0300] "GET /cormun/servlet/trsolicitudot? HTTP/1.1" 200 8807
201.186.225.191 - - [12/May/2025:13:20:19 -0300] "GET /cormun/servlet/hlogin HTTP/1.1" 200 1737
201.186.225.191 - - [12/May/2025:13:22:59 -0300] "GET /cormun/servlet/hlogin HTTP/1.1" 200 1717
201.186.225.191 - - [12/May/2025:13:23:10 -0300] "POST /cormun/servlet/hlogin?2609b73355204a4d14d26ad9c11f82c6,gx-no-cache=1747067139707 HTTP/1.1" 200 90
201.186.225.191 - - [12/May/2025:13:23:10 -0300] "GET /cormun/servlet/hpexe_link HTTP/1.1" 200 954
201.186.225.191 - - [12/May/2025:13:23:10 -0300] "GET /cormun/servlet/trsolicitudot HTTP/1.1" 200 8801
190.95.15.23 - - [12/May/2025:13:23:13 -0300] "GET /cormun/servlet/hlogin HTTP/1.1" 200 1710
