129.222.173.48 - - [08/May/2025:11:25:22 -0300] "POST /cormun/servlet/trsolicitudot?b27ae283b2023ede8fb2e0c48f3a58ab,,gx-no-cache=1746714459550 HTTP/1.1" 200 6642
129.222.173.48 - - [08/May/2025:11:25:30 -0300] "POST /cormun/servlet/trsolicitudot?b27ae283b2023ede8fb2e0c48f3a58ab,,gx-no-cache=1746714468143 HTTP/1.1" 200 6642
201.186.225.183 - - [08/May/2025:11:25:30 -0300] "POST /cormun/servlet/trsolicitudot?ac910a445e161d364368d95d226c1708,gx-no-cache=1746714468020 HTTP/1.1" 200 107
201.186.225.183 - - [08/May/2025:11:25:30 -0300] "GET /cormun/servlet/trsolicitudadjuntos?2025,22588, HTTP/1.1" 200 6072
201.186.225.183 - - [08/May/2025:11:25:30 -0300] "GET /cormun/static/gxcfg.js?20201215574222 HTTP/1.1" 200 953
201.186.225.183 - - [08/May/2025:11:25:30 -0300] "GET /cormun/static/Resources/PXToolsGridNew.png HTTP/1.1" 200 427
201.186.225.183 - - [08/May/2025:11:25:30 -0300] "GET /cormun/static/trsolicitudadjuntos.js?20201215574932 HTTP/1.1" 200 17921
201.186.225.183 - - [08/May/2025:11:25:32 -0300] "GET /cormun/servlet/solicitudotadjuntos?INS,2025,22588,,1, HTTP/1.1" 200 6016
201.186.225.183 - - [08/May/2025:11:25:32 -0300] "GET /cormun/static/gxcfg.js?202211298385187 HTTP/1.1" 200 953
201.186.225.183 - - [08/May/2025:11:25:32 -0300] "GET /cormun/static/solicitudotadjuntos.js?202211298385196 HTTP/1.1" 200 11771
201.186.225.183 - - [08/May/2025:11:25:32 -0300] "GET /cormun/static/about:blank HTTP/1.1" 404 1011
201.186.225.183 - - [08/May/2025:11:25:32 -0300] "GET /cormun/servlet/solicitudotadjuntos?05216d73b25c8130162c0bcd955eb6b99f5a9088fe3fff2ac5df81e7c92c004091711b76c5eafd4f6702c55ce2a758fd,gx-no-cache=1746714470382 HTTP/1.1" 200 30
201.186.225.183 - - [08/May/2025:11:25:33 -0300] "POST /cormun/servlet/solicitudotadjuntos?ac910a445e161d364368d95d226c1708,INS,2025,22588,,1,,gx-no-cache=1746714470398 HTTP/1.1" 200 3896
201.186.225.183 - - [08/May/2025:11:25:34 -0300] "POST /cormun/servlet/solicitudotadjuntos?gx-no-cache=1746714471548 HTTP/1.1" 200 26
129.222.173.48 - - [08/May/2025:11:25:36 -0300] "POST /cormun/servlet/trsolicitudot?b27ae283b2023ede8fb2e0c48f3a58ab,,gx-no-cache=1746714474444 HTTP/1.1" 200 6641
129.222.173.48 - - [08/May/2025:11:25:38 -0300] "POST /cormun/servlet/trsolicitudot?b27ae283b2023ede8fb2e0c48f3a58ab,,gx-no-cache=1746714475756 HTTP/1.1" 200 6642
129.222.173.48 - - [08/May/2025:11:25:40 -0300] "POST /cormun/servlet/trsolicitudot?b27ae283b2023ede8fb2e0c48f3a58ab,,gx-no-cache=1746714477844 HTTP/1.1" 200 6642
129.222.173.48 - - [08/May/2025:11:25:41 -0300] "GET /cormun/servlet/vesolicitudot?2025,22173,, HTTP/1.1" 200 8303
129.222.173.48 - - [08/May/2025:11:25:41 -0300] "GET /cormun/pexe_scrolldiv.js HTTP/1.1" 404 1009
129.222.173.48 - - [08/May/2025:11:25:41 -0300] "GET /cormun/static/gxcfg.js?202211298465857 HTTP/1.1" 200 953
129.222.173.48 - - [08/May/2025:11:25:41 -0300] "GET /cormun/static/tbsolicitudot01.js?20201214462316 HTTP/1.1" 200 30566
129.222.173.48 - - [08/May/2025:11:25:41 -0300] "GET /cormun/static/vesolicitudot.js?202211298465886 HTTP/1.1" 200 6091
201.186.225.183 - - [08/May/2025:11:25:43 -0300] "GET /cormun/servlet/solicitudotadjuntos?05216d73b25c8130162c0bcd955eb6b92204e4fc2705aa8d9e71e187854b6cc2,gx-no-cache=1746714480709 HTTP/1.1" 200 30
201.186.225.183 - - [08/May/2025:11:25:43 -0300] "GET /cormun/servlet/solicitudotadjuntos?05216d73b25c8130162c0bcd955eb6b92204e4fc2705aa8d9e71e187854b6cc2,gx-no-cache=1746714480722 HTTP/1.1" 200 30
201.186.225.183 - - [08/May/2025:11:25:43 -0300] "POST /cormun/servlet/solicitudotadjuntos?ac910a445e161d364368d95d226c1708,INS,2025,22588,,1, HTTP/1.1" 200 116
201.186.225.183 - - [08/May/2025:11:25:43 -0300] "GET /cormun/servlet/hpexe_return? HTTP/1.1" 200 1022
201.186.225.183 - - [08/May/2025:11:25:43 -0300] "GET /cormun/servlet/trsolicitudadjuntos?2025,22588, HTTP/1.1" 200 9106
129.222.173.48 - - [08/May/2025:11:25:44 -0300] "POST /cormun/servlet/vesolicitudot?b27ae283b2023ede8fb2e0c48f3a58ab,2025,22173,,,gx-no-cache=1746714481743 HTTP/1.1" 200 93
129.222.173.48 - - [08/May/2025:11:25:44 -0300] "GET /cormun/servlet/hpexe_return? HTTP/1.1" 200 1016
129.222.173.48 - - [08/May/2025:11:25:44 -0300] "GET /cormun/servlet/trsolicitudot? HTTP/1.1" 200 9462
201.186.225.183 - - [08/May/2025:11:25:45 -0300] "GET /cormun/servlet/solicitudotadjuntos?INS,2025,22588,,1, HTTP/1.1" 200 6016
201.186.225.183 - - [08/May/2025:11:25:45 -0300] "GET /cormun/static/about:blank HTTP/1.1" 404 1011
201.186.225.183 - - [08/May/2025:11:25:45 -0300] "GET /cormun/servlet/solicitudotadjuntos?05216d73b25c8130162c0bcd955eb6b99f5a9088fe3fff2ac5df81e7c92c004091711b76c5eafd4f6702c55ce2a758fd,gx-no-cache=1746714483308 HTTP/1.1" 200 30
201.186.225.183 - - [08/May/2025:11:25:45 -0300] "POST /cormun/servlet/solicitudotadjuntos?ac910a445e161d364368d95d226c1708,INS,2025,22588,,1,,gx-no-cache=1746714483336 HTTP/1.1" 200 3896
201.186.225.183 - - [08/May/2025:11:25:47 -0300] "POST /cormun/servlet/solicitudotadjuntos?gx-no-cache=1746714484930 HTTP/1.1" 200 26
201.186.225.183 - - [08/May/2025:11:25:52 -0300] "GET /cormun/servlet/solicitudotadjuntos?05216d73b25c8130162c0bcd955eb6b92204e4fc2705aa8d9e71e187854b6cc2,gx-no-cache=1746714489445 HTTP/1.1" 200 30
201.186.225.183 - - [08/May/2025:11:25:52 -0300] "GET /cormun/servlet/solicitudotadjuntos?05216d73b25c8130162c0bcd955eb6b92204e4fc2705aa8d9e71e187854b6cc2,gx-no-cache=1746714489458 HTTP/1.1" 200 30
201.186.225.183 - - [08/May/2025:11:25:52 -0300] "POST /cormun/servlet/solicitudotadjuntos?ac910a445e161d364368d95d226c1708,INS,2025,22588,,1, HTTP/1.1" 200 116
201.186.225.183 - - [08/May/2025:11:25:52 -0300] "GET /cormun/servlet/hpexe_return? HTTP/1.1" 200 1022
201.186.225.183 - - [08/May/2025:11:25:52 -0300] "GET /cormun/servlet/trsolicitudadjuntos?2025,22588, HTTP/1.1" 200 9334
201.186.225.183 - - [08/May/2025:11:25:54 -0300] "GET /cormun/servlet/solicitudotadjuntos?INS,2025,22588,,1, HTTP/1.1" 200 6016
201.186.225.183 - - [08/May/2025:11:25:54 -0300] "GET /cormun/static/about:blank HTTP/1.1" 404 1011
201.186.225.183 - - [08/May/2025:11:25:54 -0300] "GET /cormun/servlet/solicitudotadjuntos?05216d73b25c8130162c0bcd955eb6b99f5a9088fe3fff2ac5df81e7c92c004091711b76c5eafd4f6702c55ce2a758fd,gx-no-cache=1746714492138 HTTP/1.1" 200 30
201.186.225.183 - - [08/May/2025:11:25:54 -0300] "POST /cormun/servlet/solicitudotadjuntos?ac910a445e161d364368d95d226c1708,INS,2025,22588,,1,,gx-no-cache=1746714492160 HTTP/1.1" 200 3896
201.186.225.183 - - [08/May/2025:11:25:56 -0300] "POST /cormun/servlet/solicitudotadjuntos?gx-no-cache=1746714494318 HTTP/1.1" 200 26
129.222.173.48 - - [08/May/2025:11:25:58 -0300] "POST /cormun/servlet/trsolicitudot?b27ae283b2023ede8fb2e0c48f3a58ab,,gx-no-cache=1746714496326 HTTP/1.1" 200 6646
129.222.173.48 - - [08/May/2025:11:25:59 -0300] "POST /cormun/servlet/trsolicitudot?b27ae283b2023ede8fb2e0c48f3a58ab,,gx-no-cache=1746714497244 HTTP/1.1" 200 6646
129.222.173.48 - - [08/May/2025:11:25:59 -0300] "POST /cormun/servlet/trsolicitudot?b27ae283b2023ede8fb2e0c48f3a58ab,,gx-no-cache=1746714497548 HTTP/1.1" 200 6646
129.222.173.48 - - [08/May/2025:11:26:00 -0300] "POST /cormun/servlet/trsolicitudot?b27ae283b2023ede8fb2e0c48f3a58ab,,gx-no-cache=1746714497804 HTTP/1.1" 200 6646
201.186.225.183 - - [08/May/2025:11:26:03 -0300] "GET /cormun/servlet/solicitudotadjuntos?05216d73b25c8130162c0bcd955eb6b92204e4fc2705aa8d9e71e187854b6cc2,gx-no-cache=1746714500461 HTTP/1.1" 200 30
201.186.225.183 - - [08/May/2025:11:26:03 -0300] "GET /cormun/servlet/solicitudotadjuntos?05216d73b25c8130162c0bcd955eb6b92204e4fc2705aa8d9e71e187854b6cc2,gx-no-cache=1746714500473 HTTP/1.1" 200 30
201.186.225.183 - - [08/May/2025:11:26:03 -0300] "POST /cormun/servlet/solicitudotadjuntos?ac910a445e161d364368d95d226c1708,INS,2025,22588,,1, HTTP/1.1" 200 116
201.186.225.183 - - [08/May/2025:11:26:03 -0300] "GET /cormun/servlet/hpexe_return? HTTP/1.1" 200 1022
201.186.225.183 - - [08/May/2025:11:26:03 -0300] "GET /cormun/servlet/trsolicitudadjuntos?2025,22588, HTTP/1.1" 200 9552
201.186.225.183 - - [08/May/2025:11:26:04 -0300] "GET /cormun/servlet/solicitudotadjuntos?INS,2025,22588,,1, HTTP/1.1" 200 6016
201.186.225.183 - - [08/May/2025:11:26:05 -0300] "GET /cormun/static/about:blank HTTP/1.1" 404 1011
129.222.173.48 - - [08/May/2025:11:26:05 -0300] "POST /cormun/servlet/trsolicitudot?b27ae283b2023ede8fb2e0c48f3a58ab,,gx-no-cache=1746714502708 HTTP/1.1" 200 9908
201.186.225.183 - - [08/May/2025:11:26:05 -0300] "GET /cormun/servlet/solicitudotadjuntos?05216d73b25c8130162c0bcd955eb6b99f5a9088fe3fff2ac5df81e7c92c004091711b76c5eafd4f6702c55ce2a758fd,gx-no-cache=1746714502990 HTTP/1.1" 200 30
201.186.225.183 - - [08/May/2025:11:26:05 -0300] "POST /cormun/servlet/solicitudotadjuntos?ac910a445e161d364368d95d226c1708,INS,2025,22588,,1,,gx-no-cache=1746714503011 HTTP/1.1" 200 3896
201.186.225.183 - - [08/May/2025:11:26:07 -0300] "POST /cormun/servlet/solicitudotadjuntos?gx-no-cache=1746714505165 HTTP/1.1" 200 26
129.222.173.48 - - [08/May/2025:11:26:12 -0300] "POST /cormun/servlet/trsolicitudot?b27ae283b2023ede8fb2e0c48f3a58ab,,gx-no-cache=1746714509917 HTTP/1.1" 200 9885
201.186.225.183 - - [08/May/2025:11:26:12 -0300] "GET /cormun/servlet/solicitudotadjuntos?05216d73b25c8130162c0bcd955eb6b92204e4fc2705aa8d9e71e187854b6cc2,gx-no-cache=1746714510165 HTTP/1.1" 200 30
201.186.225.183 - - [08/May/2025:11:26:12 -0300] "GET /cormun/servlet/solicitudotadjuntos?05216d73b25c8130162c0bcd955eb6b92204e4fc2705aa8d9e71e187854b6cc2,gx-no-cache=1746714510177 HTTP/1.1" 200 30
201.186.225.183 - - [08/May/2025:11:26:12 -0300] "POST /cormun/servlet/solicitudotadjuntos?ac910a445e161d364368d95d226c1708,INS,2025,22588,,1, HTTP/1.1" 200 116
201.186.225.183 - - [08/May/2025:11:26:12 -0300] "GET /cormun/servlet/hpexe_return? HTTP/1.1" 200 1022
201.186.225.183 - - [08/May/2025:11:26:13 -0300] "GET /cormun/servlet/trsolicitudadjuntos?2025,22588, HTTP/1.1" 200 9851
129.222.173.48 - - [08/May/2025:11:26:13 -0300] "POST /cormun/servlet/trsolicitudot?b27ae283b2023ede8fb2e0c48f3a58ab,,gx-no-cache=1746714511140 HTTP/1.1" 200 9885
129.222.173.48 - - [08/May/2025:11:26:14 -0300] "POST /cormun/servlet/trsolicitudot?b27ae283b2023ede8fb2e0c48f3a58ab,,gx-no-cache=1746714511709 HTTP/1.1" 200 9886
129.222.173.48 - - [08/May/2025:11:26:14 -0300] "POST /cormun/servlet/trsolicitudot?b27ae283b2023ede8fb2e0c48f3a58ab,,gx-no-cache=1746714512108 HTTP/1.1" 200 9884
129.222.173.48 - - [08/May/2025:11:26:14 -0300] "POST /cormun/servlet/trsolicitudot?b27ae283b2023ede8fb2e0c48f3a58ab,,gx-no-cache=1746714512452 HTTP/1.1" 200 9884
201.186.225.183 - - [08/May/2025:11:26:14 -0300] "GET /cormun/servlet/solicitudotadjuntos?INS,2025,22588,,1, HTTP/1.1" 200 6016
201.186.225.183 - - [08/May/2025:11:26:15 -0300] "GET /cormun/static/about:blank HTTP/1.1" 404 1011
129.222.173.48 - - [08/May/2025:11:26:15 -0300] "POST /cormun/servlet/trsolicitudot?b27ae283b2023ede8fb2e0c48f3a58ab,,gx-no-cache=1746714512812 HTTP/1.1" 200 9884
201.186.225.183 - - [08/May/2025:11:26:15 -0300] "GET /cormun/servlet/solicitudotadjuntos?05216d73b25c8130162c0bcd955eb6b99f5a9088fe3fff2ac5df81e7c92c004091711b76c5eafd4f6702c55ce2a758fd,gx-no-cache=1746714512955 HTTP/1.1" 200 30
201.186.225.183 - - [08/May/2025:11:26:15 -0300] "POST /cormun/servlet/solicitudotadjuntos?ac910a445e161d364368d95d226c1708,INS,2025,22588,,1,,gx-no-cache=1746714512976 HTTP/1.1" 200 3896
201.186.225.183 - - [08/May/2025:11:26:18 -0300] "POST /cormun/servlet/solicitudotadjuntos?gx-no-cache=1746714515686 HTTP/1.1" 200 26
129.222.173.48 - - [08/May/2025:11:26:19 -0300] "GET /cormun/servlet/hlogin HTTP/1.1" 200 1742
201.186.225.183 - - [08/May/2025:11:26:23 -0300] "GET /cormun/servlet/solicitudotadjuntos?05216d73b25c8130162c0bcd955eb6b92204e4fc2705aa8d9e71e187854b6cc2,gx-no-cache=1746714521277 HTTP/1.1" 200 30
201.186.225.183 - - [08/May/2025:11:26:23 -0300] "GET /cormun/servlet/solicitudotadjuntos?05216d73b25c8130162c0bcd955eb6b92204e4fc2705aa8d9e71e187854b6cc2,gx-no-cache=1746714521290 HTTP/1.1" 200 30
129.222.173.48 - - [08/May/2025:11:26:24 -0300] "POST /cormun/servlet/hlogin?b27ae283b2023ede8fb2e0c48f3a58ab,gx-no-cache=1746714521932 HTTP/1.1" 200 90
129.222.173.48 - - [08/May/2025:11:26:24 -0300] "GET /cormun/servlet/hpexe_link HTTP/1.1" 200 956
201.186.225.183 - - [08/May/2025:11:26:24 -0300] "POST /cormun/servlet/solicitudotadjuntos?ac910a445e161d364368d95d226c1708,INS,2025,22588,,1, HTTP/1.1" 200 116
201.186.225.183 - - [08/May/2025:11:26:24 -0300] "GET /cormun/servlet/hpexe_return? HTTP/1.1" 200 1022
129.222.173.48 - - [08/May/2025:11:26:24 -0300] "GET /cormun/servlet/hhome HTTP/1.1" 200 4295
201.186.225.183 - - [08/May/2025:11:26:24 -0300] "GET /cormun/servlet/trsolicitudadjuntos?2025,22588, HTTP/1.1" 200 10131
129.222.173.48 - - [08/May/2025:11:26:27 -0300] "GET /cormun/servlet/trautorizarsolicitud? HTTP/1.1" 200 12944
201.186.225.183 - - [08/May/2025:11:26:27 -0300] "GET /cormun/servlet/solicitudotadjuntos?INS,2025,22588,,1, HTTP/1.1" 200 6018
201.186.225.183 - - [08/May/2025:11:26:28 -0300] "GET /cormun/static/about:blank HTTP/1.1" 404 1011
201.186.225.183 - - [08/May/2025:11:26:28 -0300] "GET /cormun/servlet/solicitudotadjuntos?05216d73b25c8130162c0bcd955eb6b99f5a9088fe3fff2ac5df81e7c92c004091711b76c5eafd4f6702c55ce2a758fd,gx-no-cache=1746714525925 HTTP/1.1" 200 30
201.186.225.183 - - [08/May/2025:11:26:28 -0300] "POST /cormun/servlet/solicitudotadjuntos?ac910a445e161d364368d95d226c1708,INS,2025,22588,,1,,gx-no-cache=1746714525950 HTTP/1.1" 200 3897
201.186.225.183 - - [08/May/2025:11:26:30 -0300] "POST /cormun/servlet/solicitudotadjuntos?gx-no-cache=1746714528181 HTTP/1.1" 200 26
201.186.225.183 - - [08/May/2025:11:26:40 -0300] "GET /cormun/servlet/solicitudotadjuntos?05216d73b25c8130162c0bcd955eb6b92204e4fc2705aa8d9e71e187854b6cc2,gx-no-cache=1746714537669 HTTP/1.1" 200 30
201.186.225.183 - - [08/May/2025:11:26:40 -0300] "GET /cormun/servlet/solicitudotadjuntos?05216d73b25c8130162c0bcd955eb6b92204e4fc2705aa8d9e71e187854b6cc2,gx-no-cache=1746714537681 HTTP/1.1" 200 30
201.186.225.183 - - [08/May/2025:11:26:40 -0300] "POST /cormun/servlet/solicitudotadjuntos?ac910a445e161d364368d95d226c1708,INS,2025,22588,,1, HTTP/1.1" 200 116
201.186.225.183 - - [08/May/2025:11:26:40 -0300] "GET /cormun/servlet/hpexe_return? HTTP/1.1" 200 1022
201.186.225.183 - - [08/May/2025:11:26:40 -0300] "GET /cormun/servlet/trsolicitudadjuntos?2025,22588, HTTP/1.1" 200 10339
129.222.173.48 - - [08/May/2025:11:26:41 -0300] "POST /cormun/servlet/trautorizarsolicitud?b27ae283b2023ede8fb2e0c48f3a58ab,,gx-no-cache=1746714539223 HTTP/1.1" 200 10115
201.186.225.183 - - [08/May/2025:11:26:44 -0300] "GET /cormun/servlet/trsolicitudot? HTTP/1.1" 200 8579
201.186.225.183 - - [08/May/2025:11:26:48 -0300] "POST /cormun/servlet/trsolicitudot?ac910a445e161d364368d95d226c1708,,gx-no-cache=1746714545288 HTTP/1.1" 200 4568
201.186.225.183 - - [08/May/2025:11:26:48 -0300] "GET /cormun/static/Shared/jqueryui/images/ui-bg_highlight-soft_100_c6c2c8_1x100.png HTTP/1.1" 404 1117
201.186.225.183 - - [08/May/2025:11:26:48 -0300] "GET /cormun/static/Shared/jqueryui/images/ui-icons_82798d_256x240.png HTTP/1.1" 404 1089
201.186.225.183 - - [08/May/2025:11:26:48 -0300] "GET /cormun/static/Shared/jqueryui/images/ui-bg_flat_55_fafafa_40x100.png HTTP/1.1" 404 1097
201.186.225.183 - - [08/May/2025:11:26:48 -0300] "GET /cormun/static/Shared/jqueryui/images/ui-icons_8d78a5_256x240.png HTTP/1.1" 404 1089
201.186.225.183 - - [08/May/2025:11:26:48 -0300] "POST /cormun/servlet/trsolicitudot?ac910a445e161d364368d95d226c1708,,gx-no-cache=1746714545466 HTTP/1.1" 200 4336
129.222.173.48 - - [08/May/2025:11:26:48 -0300] "POST /cormun/servlet/trautorizarsolicitud?b27ae283b2023ede8fb2e0c48f3a58ab,,gx-no-cache=1746714546436 HTTP/1.1" 200 10115
201.186.225.183 - - [08/May/2025:11:26:50 -0300] "GET /cormun/servlet/trlicencias? HTTP/1.1" 200 15632
201.186.225.183 - - [08/May/2025:11:26:53 -0300] "GET /cormun/servlet/hlogin HTTP/1.1" 200 1737
190.95.15.31 - - [08/May/2025:11:27:03 -0300] "GET /cormun/servlet/trpermisosgoce? HTTP/1.1" 200 6032
190.95.1.187 - - [08/May/2025:11:27:03 -0300] "GET /cormun/servlet/trsolicitudot? HTTP/1.1" 200 9381
190.95.15.31 - - [08/May/2025:11:27:04 -0300] "GET /cormun/servlet/hlogin HTTP/1.1" 200 1736
201.186.225.183 - - [08/May/2025:11:27:05 -0300] "POST /cormun/servlet/hlogin?ac910a445e161d364368d95d226c1708,gx-no-cache=1746714562598 HTTP/1.1" 200 90
201.186.225.183 - - [08/May/2025:11:27:05 -0300] "GET /cormun/servlet/hpexe_link HTTP/1.1" 200 948
201.186.225.183 - - [08/May/2025:11:27:05 -0300] "GET /cormun/servlet/hhome HTTP/1.1" 200 4339
201.186.225.183 - - [08/May/2025:11:27:05 -0300] "GET /cormun/static/gxcfg.js?20201215495537 HTTP/1.1" 200 953
201.186.225.183 - - [08/May/2025:11:27:05 -0300] "GET /cormun/static/hhome.js?20201215495544 HTTP/1.1" 200 777
201.186.225.183 - - [08/May/2025:11:27:05 -0300] "GET /cormun/static/SmoothNavMenu/resources/images/right.gif HTTP/1.1" 200 860
190.95.15.31 - - [08/May/2025:11:27:09 -0300] "POST /cormun/servlet/hlogin?e7174cd807d24dbe5074b6c9e9246aed,gx-no-cache=1746714565228 HTTP/1.1" 200 90
190.95.15.31 - - [08/May/2025:11:27:09 -0300] "GET /cormun/servlet/hpexe_link HTTP/1.1" 200 953
190.95.15.31 - - [08/May/2025:11:27:09 -0300] "GET /cormun/servlet/trpermisosgoce HTTP/1.1" 200 10870
201.186.225.183 - - [08/May/2025:11:27:09 -0300] "GET /cormun/servlet/trautorizarsolicitud? HTTP/1.1" 200 8837
201.186.225.183 - - [08/May/2025:11:27:09 -0300] "GET /cormun/static/gxcfg.js?202211298474254 HTTP/1.1" 200 953
201.186.225.183 - - [08/May/2025:11:27:09 -0300] "GET /cormun/static/trautorizarsolicitud.js?202211298474588 HTTP/1.1" 200 53909
201.186.225.183 - - [08/May/2025:11:27:13 -0300] "POST /cormun/servlet/trautorizarsolicitud?ac910a445e161d364368d95d226c1708,,gx-no-cache=1746714570567 HTTP/1.1" 200 4760
201.186.225.183 - - [08/May/2025:11:27:13 -0300] "POST /cormun/servlet/trautorizarsolicitud?ac910a445e161d364368d95d226c1708,,gx-no-cache=1746714570710 HTTP/1.1" 200 4526
129.222.173.48 - - [08/May/2025:11:27:15 -0300] "POST /cormun/servlet/trautorizarsolicitud?b27ae283b2023ede8fb2e0c48f3a58ab,,gx-no-cache=1746714572957 HTTP/1.1" 200 4551
190.95.15.31 - - [08/May/2025:11:27:18 -0300] "GET /cormun/servlet/trpermisosadjuntos?12693951,20250507101356,P, HTTP/1.1" 200 6669
190.95.15.31 - - [08/May/2025:11:27:21 -0300] "GET /cormun/servlet/permisosadjuntos?INS,12693951,P,20250507101356,, HTTP/1.1" 200 5996
190.95.15.31 - - [08/May/2025:11:27:21 -0300] "GET /cormun/static/about:blank HTTP/1.1" 404 1011
129.222.173.48 - - [08/May/2025:11:27:36 -0300] "POST /cormun/servlet/trautorizarsolicitud?b27ae283b2023ede8fb2e0c48f3a58ab,,gx-no-cache=1746714594181 HTTP/1.1" 200 4549
190.95.15.31 - - [08/May/2025:11:27:38 -0300] "POST /cormun/servlet/permisosadjuntos?e7174cd807d24dbe5074b6c9e9246aed,INS,12693951,P,20250507101356,, HTTP/1.1" 200 116
190.95.15.31 - - [08/May/2025:11:27:38 -0300] "GET /cormun/servlet/hpexe_return? HTTP/1.1" 200 1034
190.95.15.31 - - [08/May/2025:11:27:38 -0300] "GET /cormun/servlet/trpermisosadjuntos?12693951,20250507101356,P, HTTP/1.1" 200 7208
190.95.15.31 - - [08/May/2025:11:27:43 -0300] "GET /cormun/servlet/trpermisosgoce? HTTP/1.1" 200 10868
129.222.173.48 - - [08/May/2025:11:28:00 -0300] "POST /cormun/servlet/trautorizarsolicitud?b27ae283b2023ede8fb2e0c48f3a58ab,,gx-no-cache=1746714617588 HTTP/1.1" 200 4562
190.95.15.31 - - [08/May/2025:11:28:04 -0300] "POST /cormun/servlet/trpermisosgoce?e7174cd807d24dbe5074b6c9e9246aed,,gx-no-cache=1746714620846 HTTP/1.1" 200 7921
190.95.15.31 - - [08/May/2025:11:28:05 -0300] "GET /cormun/static/Shared/jqueryui/images/ui-bg_highlight-soft_100_c6c2c8_1x100.png HTTP/1.1" 404 1117
190.95.15.31 - - [08/May/2025:11:28:05 -0300] "GET /cormun/static/Shared/jqueryui/images/ui-icons_82798d_256x240.png HTTP/1.1" 404 1089
190.95.15.31 - - [08/May/2025:11:28:05 -0300] "GET /cormun/static/Shared/jqueryui/images/ui-icons_8d78a5_256x240.png HTTP/1.1" 404 1089
190.95.15.31 - - [08/May/2025:11:28:05 -0300] "GET /cormun/static/Shared/jqueryui/images/ui-bg_flat_55_fafafa_40x100.png HTTP/1.1" 404 1097
190.95.15.31 - - [08/May/2025:11:28:15 -0300] "GET /cormun/servlet/trpermisosadjuntos?21004645,20250505121310,P, HTTP/1.1" 200 6669
190.95.15.31 - - [08/May/2025:11:28:18 -0300] "GET /cormun/servlet/permisosadjuntos?INS,21004645,P,20250505121310,, HTTP/1.1" 200 5999
190.95.15.31 - - [08/May/2025:11:28:18 -0300] "GET /cormun/static/about:blank HTTP/1.1" 404 1011
190.95.15.15 - - [08/May/2025:11:28:19 -0300] "GET /cormun/servlet/trlicencias? HTTP/1.1" 200 13113
190.95.15.31 - - [08/May/2025:11:28:28 -0300] "POST /cormun/servlet/permisosadjuntos?e7174cd807d24dbe5074b6c9e9246aed,INS,21004645,P,20250505121310,, HTTP/1.1" 200 116
190.95.15.31 - - [08/May/2025:11:28:28 -0300] "GET /cormun/servlet/hpexe_return? HTTP/1.1" 200 1034
190.95.15.31 - - [08/May/2025:11:28:28 -0300] "GET /cormun/servlet/trpermisosadjuntos?21004645,20250505121310,P, HTTP/1.1" 200 7207
129.222.173.48 - - [08/May/2025:11:28:30 -0300] "POST /cormun/servlet/trautorizarsolicitud?b27ae283b2023ede8fb2e0c48f3a58ab,,gx-no-cache=1746714647836 HTTP/1.1" 200 4561
190.95.15.15 - - [08/May/2025:11:28:30 -0300] "GET /cormun/servlet/licenciaspermisos?DSP,10419349,L,20250508000000, HTTP/1.1" 200 7065
190.95.15.15 - - [08/May/2025:11:28:33 -0300] "POST /cormun/servlet/licenciaspermisos?875498ca59e2493a9cca3781b8120456,DSP,10419349,L,20250508000000,,gx-no-cache=1746714649547 HTTP/1.1" 200 93
190.95.15.15 - - [08/May/2025:11:28:33 -0300] "GET /cormun/servlet/hpexe_return? HTTP/1.1" 200 1031
190.95.15.15 - - [08/May/2025:11:28:33 -0300] "GET /cormun/servlet/trlicencias HTTP/1.1" 200 13117
190.95.15.31 - - [08/May/2025:11:28:34 -0300] "GET /cormun/servlet/trpermisosgoce? HTTP/1.1" 200 10866
129.222.173.48 - - [08/May/2025:11:28:38 -0300] "POST /cormun/servlet/trautorizarsolicitud?b27ae283b2023ede8fb2e0c48f3a58ab,,gx-no-cache=1746714655940 HTTP/1.1" 200 5931
190.95.15.15 - - [08/May/2025:11:28:39 -0300] "GET /cormun/servlet/licenciaspermisos?DSP,26965560,L,20250506000000, HTTP/1.1" 200 7067
190.95.15.31 - - [08/May/2025:11:28:44 -0300] "POST /cormun/servlet/trpermisosgoce?e7174cd807d24dbe5074b6c9e9246aed,,gx-no-cache=1746714660622 HTTP/1.1" 200 7920
190.95.15.15 - - [08/May/2025:11:28:50 -0300] "POST /cormun/servlet/licenciaspermisos?875498ca59e2493a9cca3781b8120456,DSP,26965560,L,20250506000000,,gx-no-cache=1746714666437 HTTP/1.1" 200 93
190.95.15.15 - - [08/May/2025:11:28:50 -0300] "GET /cormun/servlet/hpexe_return? HTTP/1.1" 200 1030
190.95.15.15 - - [08/May/2025:11:28:51 -0300] "GET /cormun/servlet/trlicencias HTTP/1.1" 200 13117
190.95.15.31 - - [08/May/2025:11:28:51 -0300] "GET /cormun/servlet/trpermisosadjuntos?19017659,20250428110540,P, HTTP/1.1" 200 6670
129.222.173.48 - - [08/May/2025:11:28:53 -0300] "GET /cormun/servlet/treventos?2025,22173, HTTP/1.1" 200 9488
129.222.173.48 - - [08/May/2025:11:28:53 -0300] "GET /cormun/static/gxcfg.js?20201215584657 HTTP/1.1" 200 953
129.222.173.48 - - [08/May/2025:11:28:53 -0300] "GET /cormun/static/treventos.js?2020121558506 HTTP/1.1" 200 16063
190.95.15.31 - - [08/May/2025:11:29:31 -0300] "GET /cormun/servlet/permisosadjuntos?INS,19017659,P,20250428110540,, HTTP/1.1" 200 6002
190.95.15.31 - - [08/May/2025:11:29:31 -0300] "GET /cormun/static/about:blank HTTP/1.1" 404 1011
190.95.15.31 - - [08/May/2025:11:29:42 -0300] "POST /cormun/servlet/permisosadjuntos?e7174cd807d24dbe5074b6c9e9246aed,INS,19017659,P,20250428110540,, HTTP/1.1" 200 116
190.95.15.31 - - [08/May/2025:11:29:42 -0300] "GET /cormun/servlet/hpexe_return? HTTP/1.1" 200 1034
190.95.15.31 - - [08/May/2025:11:29:42 -0300] "GET /cormun/servlet/trpermisosadjuntos?19017659,20250428110540,P, HTTP/1.1" 200 7211
190.95.15.31 - - [08/May/2025:11:29:48 -0300] "GET /cormun/servlet/trpermisosgoce? HTTP/1.1" 200 10869
190.95.15.31 - - [08/May/2025:11:29:56 -0300] "POST /cormun/servlet/trpermisosgoce?e7174cd807d24dbe5074b6c9e9246aed,,gx-no-cache=1746714732094 HTTP/1.1" 200 7918
190.95.15.31 - - [08/May/2025:11:30:23 -0300] "GET /cormun/servlet/trpermisosadjuntos?12857569,20250422102640,P, HTTP/1.1" 200 6668
190.95.15.31 - - [08/May/2025:11:30:26 -0300] "GET /cormun/servlet/permisosadjuntos?INS,12857569,P,20250422102640,, HTTP/1.1" 200 5999
190.95.15.31 - - [08/May/2025:11:30:26 -0300] "GET /cormun/static/about:blank HTTP/1.1" 404 1011
190.95.15.31 - - [08/May/2025:11:30:35 -0300] "POST /cormun/servlet/permisosadjuntos?e7174cd807d24dbe5074b6c9e9246aed,INS,12857569,P,20250422102640,, HTTP/1.1" 200 116
190.95.15.31 - - [08/May/2025:11:30:35 -0300] "GET /cormun/servlet/hpexe_return? HTTP/1.1" 200 1034
190.95.15.31 - - [08/May/2025:11:30:36 -0300] "GET /cormun/servlet/trpermisosadjuntos?12857569,20250422102640,P, HTTP/1.1" 200 7206
190.95.15.31 - - [08/May/2025:11:30:40 -0300] "GET /cormun/servlet/trpermisosgoce? HTTP/1.1" 200 10867
190.95.15.31 - - [08/May/2025:11:30:47 -0300] "POST /cormun/servlet/trpermisosgoce?e7174cd807d24dbe5074b6c9e9246aed,,gx-no-cache=1746714782949 HTTP/1.1" 200 7913
190.95.15.31 - - [08/May/2025:11:30:58 -0300] "GET /cormun/servlet/trpermisosadjuntos?9281012,20250422104259,P, HTTP/1.1" 200 6665
190.95.15.31 - - [08/May/2025:11:31:00 -0300] "GET /cormun/servlet/permisosadjuntos?INS,9281012,P,20250422104259,, HTTP/1.1" 200 5991
190.95.15.31 - - [08/May/2025:11:31:00 -0300] "GET /cormun/static/about:blank HTTP/1.1" 404 1011
190.95.1.185 - - [08/May/2025:11:31:17 -0300] "GET /cormun/servlet/hlogin HTTP/1.1" 200 1719
190.95.1.185 - - [08/May/2025:11:31:20 -0300] "POST /cormun/servlet/hlogin?a5a08ebd8e1788830db0613d0aa6d9c3,gx-no-cache=1746714816367 HTTP/1.1" 200 90
190.95.1.185 - - [08/May/2025:11:31:20 -0300] "GET /cormun/servlet/hpexe_link HTTP/1.1" 200 950
190.95.1.185 - - [08/May/2025:11:31:20 -0300] "GET /cormun/servlet/hhome HTTP/1.1" 200 4474
190.95.1.185 - - [08/May/2025:11:31:24 -0300] "GET /cormun/servlet/trsolicitudot? HTTP/1.1" 200 9095
190.95.2.157 - - [08/May/2025:11:31:28 -0300] "GET /cormun/servlet/hlogin HTTP/1.1" 200 1721
190.95.2.157 - - [08/May/2025:11:31:29 -0300] "GET /cormun/servlet/hlogin HTTP/1.1" 200 1732
190.95.1.185 - - [08/May/2025:11:31:32 -0300] "POST /cormun/servlet/trsolicitudot?a5a08ebd8e1788830db0613d0aa6d9c3,,gx-no-cache=1746714827303 HTTP/1.1" 200 4855
190.95.1.185 - - [08/May/2025:11:31:32 -0300] "GET /cormun/static/Shared/jqueryui/images/ui-bg_highlight-soft_100_c6c2c8_1x100.png HTTP/1.1" 404 1117
190.95.1.185 - - [08/May/2025:11:31:32 -0300] "GET /cormun/static/Shared/jqueryui/images/ui-icons_82798d_256x240.png HTTP/1.1" 404 1089
190.95.1.185 - - [08/May/2025:11:31:32 -0300] "GET /cormun/static/Shared/jqueryui/images/ui-bg_flat_55_fafafa_40x100.png HTTP/1.1" 404 1097
190.95.1.185 - - [08/May/2025:11:31:32 -0300] "GET /cormun/static/Shared/jqueryui/images/ui-icons_8d78a5_256x240.png HTTP/1.1" 404 1089
190.95.1.185 - - [08/May/2025:11:31:32 -0300] "POST /cormun/servlet/trsolicitudot?a5a08ebd8e1788830db0613d0aa6d9c3,,gx-no-cache=1746714827619 HTTP/1.1" 200 4610
190.95.1.185 - - [08/May/2025:11:31:34 -0300] "GET /cormun/servlet/trautorizarsolicitud? HTTP/1.1" 200 8987
190.95.1.185 - - [08/May/2025:11:31:34 -0300] "GET /cormun/static/gxcfg.js?202211298474254 HTTP/1.1" 200 953
190.95.1.185 - - [08/May/2025:11:31:34 -0300] "GET /cormun/static/trautorizarsolicitud.js?202211298474588 HTTP/1.1" 200 53909
190.95.2.157 - - [08/May/2025:11:31:35 -0300] "POST /cormun/servlet/hlogin?e1c29dc1aea8a6919e030077966c2f47,gx-no-cache=1746714831825 HTTP/1.1" 200 90
190.95.2.157 - - [08/May/2025:11:31:35 -0300] "GET /cormun/servlet/hpexe_link HTTP/1.1" 200 953
190.95.2.157 - - [08/May/2025:11:31:35 -0300] "GET /cormun/servlet/hhome HTTP/1.1" 200 4315
190.95.1.185 - - [08/May/2025:11:31:36 -0300] "POST /cormun/servlet/trautorizarsolicitud?a5a08ebd8e1788830db0613d0aa6d9c3,,gx-no-cache=1746714832159 HTTP/1.1" 200 4785
190.95.1.185 - - [08/May/2025:11:31:36 -0300] "POST /cormun/servlet/trautorizarsolicitud?a5a08ebd8e1788830db0613d0aa6d9c3,,gx-no-cache=1746714832402 HTTP/1.1" 200 4543
190.95.2.157 - - [08/May/2025:11:31:40 -0300] "GET /cormun/servlet/trlicencias? HTTP/1.1" 200 11106
190.95.1.185 - - [08/May/2025:11:31:49 -0300] "GET /cormun/servlet/trsolicitudot? HTTP/1.1" 200 7693
190.95.1.185 - - [08/May/2025:11:31:52 -0300] "GET /cormun/servlet/solicitudot?INS,0,0,false, HTTP/1.1" 200 16485
129.222.173.48 - - [08/May/2025:11:31:59 -0300] "GET /cormun/servlet/trautorizarsolicitud? HTTP/1.1" 200 8782
190.95.2.157 - - [08/May/2025:11:32:31 -0300] "GET /cormun/servlet/trpermisosgoce? HTTP/1.1" 200 11272
129.222.173.48 - - [08/May/2025:11:33:23 -0300] "GET /cormun/servlet/veautorizarsolicitud?2025,22173,, HTTP/1.1" 200 7579
129.222.173.48 - - [08/May/2025:11:33:23 -0300] "GET /cormun/static/gxcfg.js?202211298474783 HTTP/1.1" 200 953
129.222.173.48 - - [08/May/2025:11:33:23 -0300] "GET /cormun/pexe_scrolldiv.js HTTP/1.1" 404 1009
129.222.173.48 - - [08/May/2025:11:33:23 -0300] "GET /cormun/static/Resources/PXToolsTabFirstSelected.png HTTP/1.1" 200 1270
129.222.173.48 - - [08/May/2025:11:33:23 -0300] "GET /cormun/static/veautorizarsolicitud.js?202211298474813 HTTP/1.1" 200 6140
129.222.173.48 - - [08/May/2025:11:33:23 -0300] "GET /cormun/static/hwcviewtabs.js?201991422154026 HTTP/1.1" 200 1074
129.222.173.48 - - [08/May/2025:11:33:23 -0300] "GET /cormun/static/Resources/PXToolsTabNext.gif HTTP/1.1" 200 168
129.222.173.48 - - [08/May/2025:11:33:23 -0300] "GET /cormun/static/hpexe_tabsview.js?2020121447381 HTTP/1.1" 200 1661
129.222.173.48 - - [08/May/2025:11:33:23 -0300] "GET /cormun/static/Resources/PXToolsTabPrevious.gif HTTP/1.1" 200 172
129.222.173.48 - - [08/May/2025:11:33:23 -0300] "GET /cormun/static/Resources/PXToolsTabLastUnselected.png HTTP/1.1" 200 1297
129.222.173.48 - - [08/May/2025:11:33:23 -0300] "GET /cormun/static/tbautorizarsolicitud01.js?20221129837213 HTTP/1.1" 200 30580
129.222.173.48 - - [08/May/2025:11:33:23 -0300] "GET /cormun/static/calendar-system.css HTTP/1.1" 200 5572
129.222.173.48 - - [08/May/2025:11:33:23 -0300] "GET /cormun/static/Resources/PXToolsTabBackSelected.png HTTP/1.1" 200 1157
129.222.173.48 - - [08/May/2025:11:33:23 -0300] "GET /cormun/static/Resources/PXToolsTabBackUnselected.png HTTP/1.1" 200 1175
129.222.173.48 - - [08/May/2025:11:33:23 -0300] "GET /cormun/static/Resources/PXToolsTabSelectedUnselected.png HTTP/1.1" 200 1451
129.222.173.48 - - [08/May/2025:11:33:23 -0300] "GET /cormun/static/Resources/PXToolsTabUnselectedUnselected.png HTTP/1.1" 200 1470
129.222.173.48 - - [08/May/2025:11:33:23 -0300] "GET /cormun/servlet/hlogin HTTP/1.1" 200 1754
129.222.173.48 - - [08/May/2025:11:33:27 -0300] "POST /cormun/servlet/hlogin?56d43a96413f876f6f771988403e73e1,gx-no-cache=1746714943661 HTTP/1.1" 200 90
129.222.173.48 - - [08/May/2025:11:33:27 -0300] "GET /cormun/servlet/hpexe_link HTTP/1.1" 200 973
129.222.173.48 - - [08/May/2025:11:33:28 -0300] "GET /cormun/servlet/veautorizarsolicitud?2025,22173,, HTTP/1.1" 200 8533
129.222.173.48 - - [08/May/2025:11:33:28 -0300] "GET /cormun/pexe_scrolldiv.js HTTP/1.1" 404 1009
129.222.173.48 - - [08/May/2025:11:33:35 -0300] "POST /cormun/servlet/veautorizarsolicitud?56d43a96413f876f6f771988403e73e1,2025,22173,,,gx-no-cache=1746714950905 HTTP/1.1" 200 93
129.222.173.48 - - [08/May/2025:11:33:35 -0300] "GET /cormun/servlet/hpexe_return? HTTP/1.1" 200 1017
129.222.173.48 - - [08/May/2025:11:33:35 -0300] "GET /cormun/servlet/hhome HTTP/1.1" 200 4293
129.222.173.48 - - [08/May/2025:11:33:40 -0300] "GET /cormun/servlet/trautorizarsolicitud? HTTP/1.1" 200 7405
129.222.173.48 - - [08/May/2025:11:33:43 -0300] "GET /cormun/static/menuarrow.gif HTTP/1.1" 404 1015
129.222.173.48 - - [08/May/2025:11:33:52 -0300] "POST /cormun/servlet/trautorizarsolicitud?56d43a96413f876f6f771988403e73e1,,gx-no-cache=1746714968279 HTTP/1.1" 200 6856
129.222.173.48 - - [08/May/2025:11:33:57 -0300] "GET /cormun/servlet/treventos?2025,22173, HTTP/1.1" 200 9484
129.222.173.48 - - [08/May/2025:11:33:57 -0300] "GET /cormun/static/gxcfg.js?20201215584657 HTTP/1.1" 200 953
129.222.173.48 - - [08/May/2025:11:33:57 -0300] "GET /cormun/static/treventos.js?2020121558506 HTTP/1.1" 200 16063
129.222.173.48 - - [08/May/2025:11:35:40 -0300] "POST /cormun/servlet/treventos?56d43a96413f876f6f771988403e73e1,2025,22173,,gx-no-cache=1746715076311 HTTP/1.1" 200 90
129.222.173.48 - - [08/May/2025:11:35:40 -0300] "GET /cormun/servlet/hpexe_link HTTP/1.1" 200 973
129.222.173.48 - - [08/May/2025:11:35:40 -0300] "GET /cormun/servlet/trautorizarsolicitud? HTTP/1.1" 200 9695
129.222.173.48 - - [08/May/2025:11:35:46 -0300] "GET /cormun/servlet/treventos?2025,21993, HTTP/1.1" 200 9471
179.57.78.55 - - [08/May/2025:11:35:48 -0300] "GET /cormun/servlet/trpermisosgoce? HTTP/1.1" 200 6027
179.57.78.55 - - [08/May/2025:11:35:48 -0300] "GET /cormun/servlet/hlogin HTTP/1.1" 200 1737
179.57.78.55 - - [08/May/2025:11:35:48 -0300] "GET /cormun/servlet/trpermisosgoce? HTTP/1.1" 200 6025
179.57.78.55 - - [08/May/2025:11:35:53 -0300] "POST /cormun/servlet/hlogin?7e9b223ab8e85db36078b8e26708f5a6,gx-no-cache=1746715089426 HTTP/1.1" 200 90
179.57.78.55 - - [08/May/2025:11:35:53 -0300] "GET /cormun/servlet/hpexe_link HTTP/1.1" 200 954
179.57.78.55 - - [08/May/2025:11:35:53 -0300] "GET /cormun/servlet/trpermisosgoce HTTP/1.1" 200 16795
179.57.78.55 - - [08/May/2025:11:35:56 -0300] "GET /cormun/servlet/trlicencias? HTTP/1.1" 200 12310
129.222.173.48 - - [08/May/2025:11:36:08 -0300] "POST /cormun/servlet/treventos?56d43a96413f876f6f771988403e73e1,2025,21993,,gx-no-cache=1746715104143 HTTP/1.1" 200 90
129.222.173.48 - - [08/May/2025:11:36:08 -0300] "GET /cormun/servlet/hpexe_link HTTP/1.1" 200 972
129.222.173.48 - - [08/May/2025:11:36:08 -0300] "GET /cormun/servlet/trautorizarsolicitud HTTP/1.1" 200 9695
129.222.173.48 - - [08/May/2025:11:36:16 -0300] "GET /cormun/servlet/veautorizarsolicitud?2025,22235,, HTTP/1.1" 200 8602
129.222.173.48 - - [08/May/2025:11:36:16 -0300] "GET /cormun/pexe_scrolldiv.js HTTP/1.1" 404 1009
129.222.173.48 - - [08/May/2025:11:36:23 -0300] "POST /cormun/servlet/veautorizarsolicitud?56d43a96413f876f6f771988403e73e1,2025,22235,,,gx-no-cache=1746715119599 HTTP/1.1" 200 90
129.222.173.48 - - [08/May/2025:11:36:23 -0300] "GET /cormun/servlet/hpexe_link HTTP/1.1" 200 973
129.222.173.48 - - [08/May/2025:11:36:24 -0300] "GET /cormun/servlet/trautorizarsolicitud HTTP/1.1" 200 9695
129.222.173.48 - - [08/May/2025:11:36:27 -0300] "GET /cormun/servlet/treventos?2025,22235, HTTP/1.1" 200 9489
129.222.173.48 - - [08/May/2025:11:36:54 -0300] "POST /cormun/servlet/treventos?56d43a96413f876f6f771988403e73e1,2025,22235,,gx-no-cache=1746715150295 HTTP/1.1" 200 90
129.222.173.48 - - [08/May/2025:11:36:54 -0300] "GET /cormun/servlet/hpexe_link HTTP/1.1" 200 972
129.222.173.48 - - [08/May/2025:11:36:54 -0300] "GET /cormun/servlet/trautorizarsolicitud HTTP/1.1" 200 9695
129.222.173.48 - - [08/May/2025:11:37:04 -0300] "GET /cormun/servlet/hlogin HTTP/1.1" 200 1745
190.95.15.31 - - [08/May/2025:11:37:18 -0300] "POST /cormun/servlet/permisosadjuntos?e7174cd807d24dbe5074b6c9e9246aed,INS,9281012,P,20250422104259,, HTTP/1.1" 200 116
190.95.15.31 - - [08/May/2025:11:37:18 -0300] "GET /cormun/servlet/hpexe_return? HTTP/1.1" 200 1034
190.95.15.31 - - [08/May/2025:11:37:18 -0300] "GET /cormun/servlet/trpermisosadjuntos?9281012,20250422104259,P, HTTP/1.1" 200 7203
190.95.15.31 - - [08/May/2025:11:37:31 -0300] "GET /cormun/servlet/trpermisosgoce? HTTP/1.1" 200 10858
186.172.20.77 - - [08/May/2025:11:37:34 -0300] "GET /cormun/servlet/trlicencias? HTTP/1.1" 200 6046
190.95.15.31 - - [08/May/2025:11:37:47 -0300] "POST /cormun/servlet/trpermisosgoce?e7174cd807d24dbe5074b6c9e9246aed,,gx-no-cache=1746715192749 HTTP/1.1" 200 7905
190.95.15.31 - - [08/May/2025:11:37:47 -0300] "GET /cormun/static/Shared/jqueryui/images/ui-bg_highlight-soft_100_c6c2c8_1x100.png HTTP/1.1" 404 1117
190.95.15.31 - - [08/May/2025:11:37:47 -0300] "GET /cormun/static/Shared/jqueryui/images/ui-icons_82798d_256x240.png HTTP/1.1" 404 1089
190.95.15.31 - - [08/May/2025:11:37:47 -0300] "GET /cormun/static/Shared/jqueryui/images/ui-bg_flat_55_fafafa_40x100.png HTTP/1.1" 404 1097
190.95.15.31 - - [08/May/2025:11:37:47 -0300] "GET /cormun/static/Shared/jqueryui/images/ui-icons_8d78a5_256x240.png HTTP/1.1" 404 1089
179.57.78.55 - - [08/May/2025:11:38:27 -0300] "GET /cormun/servlet/trpermisosgoce? HTTP/1.1" 200 16803
179.57.78.55 - - [08/May/2025:11:38:44 -0300] "GET /cormun/servlet/permisogoce?INS,0,,, HTTP/1.1" 200 6842
179.57.78.55 - - [08/May/2025:11:38:51 -0300] "GET /cormun/servlet/permisogoce?9f3907c8fe24feeec8ff53f21bf66891254bc5aebe0d63a10f909f86359b21ab9ee6d617a685ceb681d1fb301e2eaace2dd2c45bed0718489cee55334dce89e0,gx-no-cache=1746715266805 HTTP/1.1" 200 86
179.57.78.55 - - [08/May/2025:11:38:53 -0300] "GET /cormun/servlet/permisogoce?9f3907c8fe24feeec8ff53f21bf66891505052f94f72a485f15ffc2a30dd35e9b5a9375d74e2be80bee1ea025e59f502,gx-no-cache=1746715269022 HTTP/1.1" 200 130
179.57.78.55 - - [08/May/2025:11:38:53 -0300] "GET /cormun/static/Shared/jqueryui/images/ui-bg_highlight-soft_100_c6c2c8_1x100.png HTTP/1.1" 404 1117
179.57.78.55 - - [08/May/2025:11:38:53 -0300] "GET /cormun/static/Shared/jqueryui/images/ui-icons_82798d_256x240.png HTTP/1.1" 404 1089
179.57.78.55 - - [08/May/2025:11:38:53 -0300] "GET /cormun/static/Shared/jqueryui/images/ui-icons_ebccce_256x240.png HTTP/1.1" 404 1089
179.57.78.55 - - [08/May/2025:11:38:53 -0300] "GET /cormun/static/Shared/jqueryui/images/ui-bg_flat_55_994d53_40x100.png HTTP/1.1" 404 1097
179.57.78.55 - - [08/May/2025:11:38:55 -0300] "GET /cormun/static/menuarrow.gif HTTP/1.1" 404 1015
179.57.78.55 - - [08/May/2025:11:39:01 -0300] "GET /cormun/servlet/permisogoce?9f3907c8fe24feeec8ff53f21bf66891505052f94f72a485f15ffc2a30dd35e9c8cca92c9eab73183bcb6f950b336039aba64bcd6b1891a9f9dbef3fe6e51704,gx-no-cache=1746715277835 HTTP/1.1" 200 46
190.95.1.187 - - [08/May/2025:11:39:57 -0300] "GET /cormun/servlet/trlicencias HTTP/1.1" 200 6053
190.95.1.187 - - [08/May/2025:11:39:58 -0300] "GET /cormun/servlet/hlogin HTTP/1.1" 200 1741
190.95.1.187 - - [08/May/2025:11:39:58 -0300] "GET /cormun/servlet/trlicencias HTTP/1.1" 200 6051
190.95.1.187 - - [08/May/2025:11:40:01 -0300] "POST /cormun/servlet/hlogin?990391e326a5ec98e0cf5aad67f4544b,gx-no-cache=1746715335190 HTTP/1.1" 200 90
190.95.1.187 - - [08/May/2025:11:40:01 -0300] "GET /cormun/servlet/hpexe_link HTTP/1.1" 200 960
190.95.1.187 - - [08/May/2025:11:40:02 -0300] "GET /cormun/servlet/trlicencias HTTP/1.1" 200 15206
190.95.1.187 - - [08/May/2025:11:40:44 -0300] "GET /cormun/servlet/trautorizarsolicitud? HTTP/1.1" 200 11146
190.95.1.187 - - [08/May/2025:11:41:00 -0300] "POST /cormun/servlet/trautorizarsolicitud?990391e326a5ec98e0cf5aad67f4544b,,gx-no-cache=1746715391617 HTTP/1.1" 200 8153
190.95.1.187 - - [08/May/2025:11:41:00 -0300] "GET /cormun/static/Shared/jqueryui/images/ui-bg_highlight-soft_100_c6c2c8_1x100.png HTTP/1.1" 404 1117
190.95.1.187 - - [08/May/2025:11:41:00 -0300] "GET /cormun/static/Shared/jqueryui/images/ui-icons_82798d_256x240.png HTTP/1.1" 404 1089
190.95.1.187 - - [08/May/2025:11:41:00 -0300] "GET /cormun/static/Shared/jqueryui/images/ui-icons_8d78a5_256x240.png HTTP/1.1" 404 1089
190.95.1.187 - - [08/May/2025:11:41:00 -0300] "GET /cormun/static/Shared/jqueryui/images/ui-bg_flat_55_fafafa_40x100.png HTTP/1.1" 404 1097
190.95.1.187 - - [08/May/2025:11:41:00 -0300] "POST /cormun/servlet/trautorizarsolicitud?990391e326a5ec98e0cf5aad67f4544b,,gx-no-cache=1746715393790 HTTP/1.1" 200 8101
190.95.1.187 - - [08/May/2025:11:41:01 -0300] "POST /cormun/servlet/trautorizarsolicitud?990391e326a5ec98e0cf5aad67f4544b,,gx-no-cache=1746715394864 HTTP/1.1" 200 7639
190.95.1.187 - - [08/May/2025:11:41:01 -0300] "POST /cormun/servlet/trautorizarsolicitud?990391e326a5ec98e0cf5aad67f4544b,,gx-no-cache=1746715395074 HTTP/1.1" 200 7584
190.95.1.187 - - [08/May/2025:11:41:08 -0300] "POST /cormun/servlet/trautorizarsolicitud?990391e326a5ec98e0cf5aad67f4544b,,gx-no-cache=1746715399918 HTTP/1.1" 200 7255
190.95.1.187 - - [08/May/2025:11:41:08 -0300] "POST /cormun/servlet/trautorizarsolicitud?990391e326a5ec98e0cf5aad67f4544b,,gx-no-cache=1746715402174 HTTP/1.1" 200 7199
190.95.1.187 - - [08/May/2025:11:41:10 -0300] "POST /cormun/servlet/trautorizarsolicitud?990391e326a5ec98e0cf5aad67f4544b,,gx-no-cache=1746715403335 HTTP/1.1" 200 6878
190.95.1.187 - - [08/May/2025:11:41:10 -0300] "POST /cormun/servlet/trautorizarsolicitud?990391e326a5ec98e0cf5aad67f4544b,,gx-no-cache=1746715403966 HTTP/1.1" 200 6824
190.95.1.187 - - [08/May/2025:11:41:15 -0300] "POST /cormun/servlet/trautorizarsolicitud?990391e326a5ec98e0cf5aad67f4544b,,gx-no-cache=1746715404829 HTTP/1.1" 200 6362
190.95.1.187 - - [08/May/2025:11:41:15 -0300] "POST /cormun/servlet/trautorizarsolicitud?990391e326a5ec98e0cf5aad67f4544b,,gx-no-cache=1746715408409 HTTP/1.1" 200 6307
190.95.1.187 - - [08/May/2025:11:41:18 -0300] "POST /cormun/servlet/trautorizarsolicitud?990391e326a5ec98e0cf5aad67f4544b,,gx-no-cache=1746715409263 HTTP/1.1" 200 5985
190.95.1.187 - - [08/May/2025:11:41:18 -0300] "POST /cormun/servlet/trautorizarsolicitud?990391e326a5ec98e0cf5aad67f4544b,,gx-no-cache=1746715411566 HTTP/1.1" 200 5928
190.95.1.187 - - [08/May/2025:11:41:21 -0300] "POST /cormun/servlet/trautorizarsolicitud?990391e326a5ec98e0cf5aad67f4544b,,gx-no-cache=1746715412710 HTTP/1.1" 200 4791
190.95.1.187 - - [08/May/2025:11:41:21 -0300] "POST /cormun/servlet/trautorizarsolicitud?990391e326a5ec98e0cf5aad67f4544b,,gx-no-cache=1746715414659 HTTP/1.1" 200 4549
190.95.1.185 - - [08/May/2025:11:42:48 -0300] "GET /cormun/servlet/hlogin HTTP/1.1" 200 1721
190.95.1.185 - - [08/May/2025:11:42:51 -0300] "POST /cormun/servlet/hlogin?3952c81a3a2b8719f7938629f489ef5b,gx-no-cache=1746715507569 HTTP/1.1" 200 90
190.95.1.185 - - [08/May/2025:11:42:51 -0300] "GET /cormun/servlet/hpexe_link HTTP/1.1" 200 950
190.95.1.185 - - [08/May/2025:11:42:51 -0300] "GET /cormun/servlet/hhome HTTP/1.1" 200 4475
190.95.1.185 - - [08/May/2025:11:42:53 -0300] "GET /cormun/servlet/trlicencias? HTTP/1.1" 200 15305
179.57.78.55 - - [08/May/2025:11:45:19 -0300] "POST /cormun/servlet/permisogoce?7e9b223ab8e85db36078b8e26708f5a6,INS,0,,,,gx-no-cache=1746715655219 HTTP/1.1" 200 93
179.57.78.55 - - [08/May/2025:11:45:19 -0300] "GET /cormun/servlet/hpexe_return? HTTP/1.1" 200 1006
179.57.78.55 - - [08/May/2025:11:45:19 -0300] "GET /cormun/servlet/trpermisosgoce HTTP/1.1" 200 16808
179.57.78.55 - - [08/May/2025:11:45:21 -0300] "GET /cormun/servlet/permisogoce?INS,0,,, HTTP/1.1" 200 6842
179.57.78.55 - - [08/May/2025:11:45:42 -0300] "GET /cormun/servlet/permisogoce?9f3907c8fe24feeec8ff53f21bf66891dbe6f48b9a1f2ec518400e73c19babbe1ef5a779c39e65b8925058c39a3fccfa96f4a007d0a3fc853aa162f0168608f9,gx-no-cache=1746715678237 HTTP/1.1" 200 78
179.57.78.55 - - [08/May/2025:11:45:47 -0300] "GET /cormun/servlet/permisogoce?9f3907c8fe24feeec8ff53f21bf668910262ca7c7d3b9e74f1d5cbb4aced641558f0481568f23b7e1df139ffbf42628f195b188171c05e3c5e933171238248fd,gx-no-cache=1746715683366 HTTP/1.1" 200 47
179.57.78.55 - - [08/May/2025:11:46:32 -0300] "POST /cormun/servlet/permisogoce?7e9b223ab8e85db36078b8e26708f5a6,INS,0,,,,gx-no-cache=1746715727257 HTTP/1.1" 200 93
179.57.78.55 - - [08/May/2025:11:46:32 -0300] "GET /cormun/servlet/hpexe_return? HTTP/1.1" 200 1006
179.57.78.55 - - [08/May/2025:11:46:32 -0300] "GET /cormun/servlet/trpermisosgoce HTTP/1.1" 200 17014
179.57.78.55 - - [08/May/2025:11:46:44 -0300] "GET /cormun/servlet/permisogoce?UPD,8527596,P,20250508104753, HTTP/1.1" 200 6904
179.57.78.55 - - [08/May/2025:11:46:44 -0300] "GET /cormun/servlet/permisogoce?9f3907c8fe24feeec8ff53f21bf66891dbe6f48b9a1f2ec518400e73c19babbeb2835df5d787b6388e1cb273429e1b98f7548fa8b7bb56d79589fdb409f2eb53,gx-no-cache=1746715740645 HTTP/1.1" 200 76
179.57.78.55 - - [08/May/2025:11:46:45 -0300] "GET /cormun/servlet/permisogoce?9f3907c8fe24feeec8ff53f21bf668910262ca7c7d3b9e74f1d5cbb4aced6415ca408adb532599054e3feb32d9f65e9d6d1ecb907ecf1a39020dcbd719e7e280,gx-no-cache=1746715741277 HTTP/1.1" 200 47
190.95.1.187 - - [08/May/2025:11:46:54 -0300] "GET /cormun/servlet/trlicencias? HTTP/1.1" 200 15214
190.95.1.187 - - [08/May/2025:11:46:56 -0300] "GET /cormun/static/menuarrow.gif HTTP/1.1" 404 1015
190.95.1.187 - - [08/May/2025:11:47:23 -0300] "POST /cormun/servlet/trlicencias?990391e326a5ec98e0cf5aad67f4544b,,gx-no-cache=1746715776129 HTTP/1.1" 200 16751
190.95.1.187 - - [08/May/2025:11:47:23 -0300] "GET /cormun/static/Resources/PXToolsGridNext.gif HTTP/1.1" 200 369
190.95.1.187 - - [08/May/2025:11:47:23 -0300] "GET /cormun/static/Resources/PXToolsGridLast.gif HTTP/1.1" 200 370
190.95.1.183 - - [08/May/2025:11:47:37 -0300] "GET /cormun/servlet/hlogin HTTP/1.1" 200 1720
190.95.1.183 - - [08/May/2025:11:47:37 -0300] "GET /cormun/static/gxtimezone.js?85251 HTTP/1.1" 200 5781
190.95.1.183 - - [08/May/2025:11:47:37 -0300] "GET /cormun/static/gxcfg.js?2022112219184450 HTTP/1.1" 200 953
190.95.1.183 - - [08/May/2025:11:47:37 -0300] "GET /cormun/static/Resources/CormunLogin.png HTTP/1.1" 200 19132
190.95.1.183 - - [08/May/2025:11:47:37 -0300] "GET /cormun/static/messages.spa.js?85251 HTTP/1.1" 200 30736
190.95.1.183 - - [08/May/2025:11:47:37 -0300] "GET /cormun/static/Resources/Spanish/PXTools.css?1759030 HTTP/1.1" 200 100853
190.95.1.183 - - [08/May/2025:11:47:37 -0300] "GET /cormun/static/hlogin.js?2022112219184458 HTTP/1.1" 200 2156
190.95.1.183 - - [08/May/2025:11:47:37 -0300] "GET /cormun/static/gxgral.js?85251 HTTP/1.1" 200 384558
190.95.1.183 - - [08/May/2025:11:47:37 -0300] "GET /cormun/static/Resources/PXToolsLoginTop.png HTTP/1.1" 200 1337
190.95.1.183 - - [08/May/2025:11:47:37 -0300] "GET /cormun/static/Resources/PXToolsLoginBackground.png HTTP/1.1" 200 1164
190.95.1.183 - - [08/May/2025:11:47:37 -0300] "GET /cormun/static/Resources/PXToolsLoginBottom.png HTTP/1.1" 200 1389
190.95.1.183 - - [08/May/2025:11:47:37 -0300] "GET /cormun/static/Resources/PXToolsButtonLeft.png HTTP/1.1" 200 1310
190.95.1.183 - - [08/May/2025:11:47:37 -0300] "GET /cormun/static/Resources/PXToolsButtonBackground.png HTTP/1.1" 200 1176
190.95.1.183 - - [08/May/2025:11:47:37 -0300] "GET /cormun/static/Resources/PXToolsButtonRight.png HTTP/1.1" 200 1294
190.95.1.183 - - [08/May/2025:11:47:37 -0300] "GET /cormun/static/Resources/indicator.gif HTTP/1.1" 200 1553
190.95.1.183 - - [08/May/2025:11:47:37 -0300] "GET /cormun/servlet/hlogin HTTP/1.1" 200 1731
190.95.1.183 - - [08/May/2025:11:47:40 -0300] "POST /cormun/servlet/hlogin?0b2768a186c8060542930cbe56b5dae1,gx-no-cache=1746715797432 HTTP/1.1" 200 90
190.95.1.183 - - [08/May/2025:11:47:40 -0300] "GET /cormun/servlet/hpexe_link HTTP/1.1" 200 950
190.95.1.183 - - [08/May/2025:11:47:40 -0300] "GET /cormun/static/gxcfg.js?20221129847421 HTTP/1.1" 200 953
190.95.1.183 - - [08/May/2025:11:47:40 -0300] "GET /cormun/static/hpexe_link.js?20221129847423 HTTP/1.1" 200 625
190.95.1.183 - - [08/May/2025:11:47:40 -0300] "GET /cormun/static/Resources/Spanish/PXTools.css?8354383 HTTP/1.1" 200 100853
190.95.1.183 - - [08/May/2025:11:47:40 -0300] "GET /cormun/servlet/hhome HTTP/1.1" 200 3973
190.95.1.183 - - [08/May/2025:11:47:40 -0300] "GET /cormun/static/Shared/jqueryui/jquery-ui.min.css?1345370 HTTP/1.1" 200 30288
190.95.1.183 - - [08/May/2025:11:47:40 -0300] "GET /cormun/static/SmoothNavMenu/resources/ddsmoothmenu.css?1112540 HTTP/1.1" 200 2223
190.95.1.183 - - [08/May/2025:11:47:40 -0300] "GET /cormun/static/scaMessage/css/jquery.pnotify.default.css?1816380 HTTP/1.1" 200 1707
190.95.1.183 - - [08/May/2025:11:47:40 -0300] "GET /cormun/static/SmoothNavMenu/resources/ddsmoothmenu-v.css?1112540 HTTP/1.1" 200 1188
190.95.1.183 - - [08/May/2025:11:47:40 -0300] "GET /cormun/static/gxcfg.js?20201215495537 HTTP/1.1" 200 953
190.95.1.183 - - [08/May/2025:11:47:40 -0300] "GET /cormun/static/PXToolsJavascripts/pexe_autoreload.js HTTP/1.1" 200 1762
190.95.1.183 - - [08/May/2025:11:47:40 -0300] "GET /cormun/static/Resources/Spanish/PXTools.css?14345360 HTTP/1.1" 200 100853
190.95.1.183 - - [08/May/2025:11:47:40 -0300] "GET /cormun/static/PXToolsJavascripts/pexe_cookies.js HTTP/1.1" 200 792
190.95.1.183 - - [08/May/2025:11:47:40 -0300] "GET /cormun/static/PXToolsJavascripts/pexe_windows.js HTTP/1.1" 200 15249
190.95.1.183 - - [08/May/2025:11:47:40 -0300] "GET /cormun/static/PXToolsJavascripts/pexe_griddivfix.js HTTP/1.1" 200 6946
190.95.1.183 - - [08/May/2025:11:47:40 -0300] "GET /cormun/static/PXToolsJavascripts/pexe_grid.js HTTP/1.1" 200 7559
190.95.1.183 - - [08/May/2025:11:47:40 -0300] "GET /cormun/static/PXToolsJavascripts/pexe_link.js HTTP/1.1" 200 5671
190.95.1.183 - - [08/May/2025:11:47:40 -0300] "GET /cormun/static/PXToolsJavascripts/pexe_menudivfix.js HTTP/1.1" 200 333
190.95.1.183 - - [08/May/2025:11:47:40 -0300] "GET /cormun/static/PXToolsJavascripts/pexe_menus.js HTTP/1.1" 200 1286
190.95.1.183 - - [08/May/2025:11:47:40 -0300] "GET /cormun/static/PXToolsJavascripts/pexe_layers.js HTTP/1.1" 200 4114
190.95.1.183 - - [08/May/2025:11:47:40 -0300] "GET /cormun/static/PXToolsJavascripts/pexe_oav.js HTTP/1.1" 200 645
190.95.1.183 - - [08/May/2025:11:47:40 -0300] "GET /cormun/static/PXToolsJavascripts/pexe_oavdivfix.js HTTP/1.1" 200 639
190.95.1.183 - - [08/May/2025:11:47:40 -0300] "GET /cormun/static/PXToolsJavascripts/pexe_picture.js HTTP/1.1" 200 689
190.95.1.183 - - [08/May/2025:11:47:40 -0300] "GET /cormun/static/PXToolsJavascripts/pexe_popup.js HTTP/1.1" 200 15149
190.95.1.183 - - [08/May/2025:11:47:40 -0300] "GET /cormun/static/PXToolsJavascripts/pexe_scrolldiv.js HTTP/1.1" 200 4138
190.95.1.183 - - [08/May/2025:11:47:40 -0300] "GET /cormun/static/PXToolsJavascripts/pexe_tabdivfix.js HTTP/1.1" 200 898
190.95.1.183 - - [08/May/2025:11:47:40 -0300] "GET /cormun/static/PXToolsJavascripts/pexe_upload.js HTTP/1.1" 200 1423
190.95.1.183 - - [08/May/2025:11:47:40 -0300] "GET /cormun/static/PXToolsJavascripts/pexe_tabs.js HTTP/1.1" 200 3748
190.95.1.183 - - [08/May/2025:11:47:40 -0300] "GET /cormun/static/Resources/CormunMP2.png HTTP/1.1" 200 6878
