190.95.1.185 - - [08/May/2025:10:48:23 -0300] "GET /cormun/servlet/solicitudot?ecbf2833050a126616a72f75f31b71441ea673d14e298de92d64fbb745fe90bce87e763437c86b1099a6ede452eea60b4f1f872c7026f5694a766d54570a498e,gx-no-cache=1746712239411 HTTP/1.1" 200 30
190.95.1.185 - - [08/May/2025:10:48:23 -0300] "GET /cormun/servlet/solicitudot?ecbf2833050a126616a72f75f31b714457d74cc15cd90e8885d803b304398bae,gx-no-cache=1746712239428 HTTP/1.1" 200 29
190.95.1.185 - - [08/May/2025:10:48:23 -0300] "POST /cormun/servlet/solicitudot?gx-no-cache=1746712239447 HTTP/1.1" 200 297
190.95.1.185 - - [08/May/2025:10:48:23 -0300] "GET /cormun/servlet/solicitudot?ecbf2833050a126616a72f75f31b714469a379845b2576660b5955a6d1edd3450fb5422abd25e4dbc37e92532651740757989e52a134362e7c79000a4de26cb05a5bbd048c95a12d17dd6b854def14271110a49e0b7c842cee0688836c2a9f626475f701517b080b70e31d7f70af2f727a8a5b5edc076e620b591114265b344b24af9f0ba294ec4ac528781f0a248870233a339b96a84ae34cd4a0fa6d8436b54418dab6502d4db90e82044dc5634cc7ddb5dad979ab874fab988337e3fb3a47c9eeeef581117f8728aca674b4268f40948694166ba50b822c8b004043238a4d8b136de9761e388beeb7b06c905f85811587558a6c4d02faf2984fab45f07688653c16b75ca754013af3c912cecfed21c27a39fd96e666787376918f8b7c0da47400547470f742530734bf6ef036cb5fe6a38a0d8968ceecb2d45c47e2c873683b4b032e677365f9ad53880745889caa9bdac4c786396f144c1645c6f695f6c591cd3e5f2f0fb85c3389a5dfd2081d4fa88fbb738cbcba3083a807da05cd662dd3c514ff1c75936b053489f19f17b524,gx-no-cache=1746712239470 HTTP/1.1" 200 30
190.95.1.185 - - [08/May/2025:10:48:23 -0300] "POST /cormun/servlet/solicitudot?gx-no-cache=1746712239489 HTTP/1.1" 200 30
190.95.1.185 - - [08/May/2025:10:48:23 -0300] "POST /cormun/servlet/solicitudot?gx-no-cache=1746712239510 HTTP/1.1" 200 1479
190.95.1.185 - - [08/May/2025:10:48:24 -0300] "POST /cormun/servlet/solicitudot?gx-no-cache=1746712239544 HTTP/1.1" 200 41
190.95.1.185 - - [08/May/2025:10:48:28 -0300] "GET /cormun/static/Resources/resize.gif HTTP/1.1" 200 77
190.95.1.185 - - [08/May/2025:10:48:28 -0300] "GET /cormun/static/Resources/PXTools/ClosePrompt.png HTTP/1.1" 200 1036
190.95.1.185 - - [08/May/2025:10:48:28 -0300] "GET /cormun/servlet/prbanco?,MD,,gxPopupLevel%3D0%3B HTTP/1.1" 200 6903
190.95.1.185 - - [08/May/2025:10:48:28 -0300] "GET /cormun/static/gxcfg.js?20201216131581 HTTP/1.1" 200 953
190.95.1.185 - - [08/May/2025:10:48:28 -0300] "GET /cormun/static/Resources/PXToolsMenuSearch.png HTTP/1.1" 200 336
190.95.1.185 - - [08/May/2025:10:48:28 -0300] "GET /cormun/static/prbanco.js?20201216132311 HTTP/1.1" 200 10693
190.95.1.185 - - [08/May/2025:10:48:28 -0300] "GET /cormun/static/menusearch.js?20201214473581 HTTP/1.1" 200 1424
190.95.1.185 - - [08/May/2025:10:48:28 -0300] "GET /cormun/static/hmpwkw011.js?202211298443482 HTTP/1.1" 200 1968
190.95.1.185 - - [08/May/2025:10:48:28 -0300] "GET /cormun/static/Resources/PXToolsMenuSearchCancel.png HTTP/1.1" 200 306
190.95.1.185 - - [08/May/2025:10:48:42 -0300] "GET /cormun/servlet/prbanco?,MD,,gxPopupLevel%3D0%3B HTTP/1.1" 200 6903
190.95.1.185 - - [08/May/2025:10:48:55 -0300] "POST /cormun/servlet/solicitudot?30cf09a815104c4255b47608486ac929,UPD,2025,22538,false,,gx-no-cache=1746712271491 HTTP/1.1" 200 93
190.95.1.185 - - [08/May/2025:10:48:56 -0300] "GET /cormun/servlet/hpexe_return? HTTP/1.1" 200 1011
190.95.1.185 - - [08/May/2025:10:48:56 -0300] "GET /cormun/static/gxcfg.js?20221129846035 HTTP/1.1" 200 953
190.95.1.185 - - [08/May/2025:10:48:56 -0300] "GET /cormun/static/hpexe_return.js?20221129846037 HTTP/1.1" 200 1633
129.222.173.48 - - [08/May/2025:10:49:12 -0300] "GET /cormun/servlet/prcontratosol?15525635,,,,,MD,,gxPopupLevel%3D0%3B HTTP/1.1" 200 8342
190.95.1.185 - - [08/May/2025:10:49:16 -0300] "GET /cormun/servlet/hlogin HTTP/1.1" 200 1716
129.222.173.48 - - [08/May/2025:10:49:18 -0300] "POST /cormun/servlet/solicitudot?gx-no-cache=1746712295101 HTTP/1.1" 200 1481
129.222.173.48 - - [08/May/2025:10:49:18 -0300] "POST /cormun/servlet/solicitudot?gx-no-cache=1746712295181 HTTP/1.1" 200 38
129.222.173.48 - - [08/May/2025:10:49:19 -0300] "GET /cormun/servlet/solicitudot?2c15b49c02da6ea882d26290a7d8357852293f696938b57795fdb400320887ca315ebf5a8ec11859aa2d09f2768bf95a9efeaccfe4684f48c7abd727ca6a6c131e5908ddc3de570b51b3bd0d531361a43facd185147e26aa4d01d847f95767fb6978678a16b7d8a80439aa77d9834576,gx-no-cache=1746712295235 HTTP/1.1" 200 110
129.222.173.48 - - [08/May/2025:10:49:19 -0300] "POST /cormun/servlet/solicitudot?gx-no-cache=1746712295283 HTTP/1.1" 200 110
129.222.173.48 - - [08/May/2025:10:49:19 -0300] "GET /cormun/servlet/solicitudot?2c15b49c02da6ea882d26290a7d8357806f0b0aaf3fcf6a2a16d157225c98c1f0242000c8ff5056eca5416062260c27e1b3f100add7f28a8783786f38de617c3c1b1f845d313ffafc9a94a1e06b53ec9a61daa676f641515f450a5c582a94c5f9e8cb8872a90c29ba80c91b2aa911826,gx-no-cache=1746712295349 HTTP/1.1" 200 29
129.222.173.48 - - [08/May/2025:10:49:19 -0300] "GET /cormun/servlet/solicitudot?2c15b49c02da6ea882d26290a7d835781cb86d44116a2c2275768bad5fd30e415bdea08b7825b1768cd339057704bcfc,gx-no-cache=1746712295403 HTTP/1.1" 200 134
129.222.173.48 - - [08/May/2025:10:49:19 -0300] "GET /cormun/static/Shared/jqueryui/images/ui-icons_82798d_256x240.png HTTP/1.1" 404 1089
129.222.173.48 - - [08/May/2025:10:49:19 -0300] "GET /cormun/static/Shared/jqueryui/images/ui-bg_flat_55_994d53_40x100.png HTTP/1.1" 404 1097
129.222.173.48 - - [08/May/2025:10:49:19 -0300] "GET /cormun/static/Shared/jqueryui/images/ui-icons_ebccce_256x240.png HTTP/1.1" 404 1089
129.222.173.48 - - [08/May/2025:10:49:19 -0300] "GET /cormun/static/Shared/jqueryui/images/ui-bg_highlight-soft_100_c6c2c8_1x100.png HTTP/1.1" 404 1117
190.95.1.185 - - [08/May/2025:10:49:28 -0300] "GET /cormun/servlet/hlogin HTTP/1.1" 200 1716
129.222.173.48 - - [08/May/2025:10:49:34 -0300] "GET /cormun/static/menuarrow.gif HTTP/1.1" 404 1015
129.222.173.48 - - [08/May/2025:10:49:40 -0300] "GET /cormun/servlet/solicitudot?2c15b49c02da6ea882d26290a7d8357899a3c48dfe89dfa7e4b6f2c0106c8abd5bdea08b7825b1768cd339057704bcfc,gx-no-cache=1746712316682 HTTP/1.1" 200 134
129.222.173.48 - - [08/May/2025:10:49:52 -0300] "GET /cormun/servlet/solicitudot?2c15b49c02da6ea882d26290a7d8357899a3c48dfe89dfa7e4b6f2c0106c8abd5bdea08b7825b1768cd339057704bcfc,gx-no-cache=1746712329196 HTTP/1.1" 200 134
129.222.173.48 - - [08/May/2025:10:49:53 -0300] "POST /cormun/servlet/solicitudot?gx-no-cache=1746712329239 HTTP/1.1" 200 137
40.77.167.85 - - [08/May/2025:10:50:12 -0300] "GET /robots.txt HTTP/1.1" 404 981
207.46.13.153 - - [08/May/2025:10:50:14 -0300] "GET /cormun/servlet/hlogin HTTP/1.1" 200 1727
129.222.173.48 - - [08/May/2025:10:50:21 -0300] "GET /cormun/servlet/solicitudot?2c15b49c02da6ea882d26290a7d83578ec8fe5a7be1e4b5dec92a0527def32625bdea08b7825b1768cd339057704bcfc,gx-no-cache=1746712357251 HTTP/1.1" 200 134
186.40.86.13 - - [08/May/2025:10:50:51 -0300] "GET /cormun/servlet/hlogin HTTP/1.1" 200 1715
186.40.86.13 - - [08/May/2025:10:50:51 -0300] "GET /cormun/servlet/hlogin HTTP/1.1" 200 1724
129.222.173.48 - - [08/May/2025:10:51:03 -0300] "GET /cormun/servlet/solicitudot?2c15b49c02da6ea882d26290a7d8357802d2e575b1f3e9e51d55e0fd9d165f6f4ed500804216ad324dc06816d4f35a20,gx-no-cache=1746712399850 HTTP/1.1" 200 30
129.222.173.48 - - [08/May/2025:10:51:38 -0300] "GET /cormun/servlet/solicitudot?2c15b49c02da6ea882d26290a7d83578ec8fe5a7be1e4b5dec92a0527def32625bdea08b7825b1768cd339057704bcfc,gx-no-cache=1746712434771 HTTP/1.1" 200 134
129.222.173.48 - - [08/May/2025:10:51:38 -0300] "POST /cormun/servlet/solicitudot?gx-no-cache=1746712434846 HTTP/1.1" 200 33
129.222.173.48 - - [08/May/2025:10:51:38 -0300] "POST /cormun/servlet/solicitudot?98bb5a02418ce6858054e93e56d4f597,INS,0,0,false,,gx-no-cache=1746712434934 HTTP/1.1" 200 13255
129.222.173.48 - - [08/May/2025:10:52:07 -0300] "GET /cormun/servlet/prcontratosol?15525635,,,,,MD,,gxPopupLevel%3D0%3B HTTP/1.1" 200 8342
129.222.173.48 - - [08/May/2025:10:54:10 -0300] "POST /cormun/servlet/solicitudot?98bb5a02418ce6858054e93e56d4f597,INS,0,0,false,,gx-no-cache=1746712586693 HTTP/1.1" 200 13335
129.222.173.48 - - [08/May/2025:10:54:28 -0300] "GET /cormun/servlet/hlogin HTTP/1.1" 200 1748
129.222.173.48 - - [08/May/2025:10:54:31 -0300] "POST /cormun/servlet/hlogin?98bb5a02418ce6858054e93e56d4f597,gx-no-cache=1746712607955 HTTP/1.1" 200 90
129.222.173.48 - - [08/May/2025:10:54:31 -0300] "GET /cormun/servlet/hpexe_link HTTP/1.1" 200 955
129.222.173.48 - - [08/May/2025:10:54:31 -0300] "GET /cormun/servlet/hhome HTTP/1.1" 200 4296
129.222.173.48 - - [08/May/2025:10:54:37 -0300] "GET /cormun/servlet/trcontratounov2? HTTP/1.1" 200 17782
129.222.173.48 - - [08/May/2025:10:54:37 -0300] "GET /cormun/static/gxcfg.js?2020121614367 HTTP/1.1" 200 953
129.222.173.48 - - [08/May/2025:10:54:37 -0300] "GET /cormun/static/trcontratounov2.js?20201216143065 HTTP/1.1" 200 38486
129.222.173.48 - - [08/May/2025:10:54:37 -0300] "GET /cormun/static/Resources/PXToolsAddSelectedAction.png HTTP/1.1" 200 523
129.222.173.48 - - [08/May/2025:10:55:14 -0300] "GET /cormun/servlet/trcontratosolicitud? HTTP/1.1" 200 14463
129.222.173.48 - - [08/May/2025:10:55:14 -0300] "GET /cormun/static/gxcfg.js?202211298514361 HTTP/1.1" 200 953
129.222.173.48 - - [08/May/2025:10:55:14 -0300] "GET /cormun/static/trcontratosolicitud.js?202211298514531 HTTP/1.1" 200 28237
129.222.173.48 - - [08/May/2025:10:55:15 -0300] "GET /cormun//static/Resources/PXToolsGridNew.png HTTP/1.1" 200 427
129.222.173.48 - - [08/May/2025:10:57:02 -0300] "GET /cormun/servlet/trcontratounov2? HTTP/1.1" 200 17780
129.222.173.48 - - [08/May/2025:10:57:40 -0300] "GET /cormun/servlet/trsolicitudot? HTTP/1.1" 200 7506
129.222.173.48 - - [08/May/2025:10:57:44 -0300] "GET /cormun/servlet/trautorizarsolicitud? HTTP/1.1" 200 7412
129.222.173.48 - - [08/May/2025:10:57:49 -0300] "POST /cormun/servlet/trautorizarsolicitud?98bb5a02418ce6858054e93e56d4f597,,gx-no-cache=1746712806045 HTTP/1.1" 200 4559
129.222.173.48 - - [08/May/2025:10:57:51 -0300] "POST /cormun/servlet/trautorizarsolicitud?98bb5a02418ce6858054e93e56d4f597,,gx-no-cache=1746712807955 HTTP/1.1" 200 4559
129.222.173.48 - - [08/May/2025:10:57:53 -0300] "GET /cormun/static/menuarrow.gif HTTP/1.1" 404 1015
129.222.173.48 - - [08/May/2025:10:58:06 -0300] "POST /cormun/servlet/trautorizarsolicitud?98bb5a02418ce6858054e93e56d4f597,,gx-no-cache=1746712822516 HTTP/1.1" 200 4562
129.222.173.48 - - [08/May/2025:10:58:16 -0300] "POST /cormun/servlet/trautorizarsolicitud?98bb5a02418ce6858054e93e56d4f597,,gx-no-cache=1746712832196 HTTP/1.1" 200 7126
129.222.173.48 - - [08/May/2025:10:58:23 -0300] "POST /cormun/servlet/trautorizarsolicitud?98bb5a02418ce6858054e93e56d4f597,,gx-no-cache=1746712840124 HTTP/1.1" 200 4562
129.222.173.48 - - [08/May/2025:10:58:28 -0300] "POST /cormun/servlet/trautorizarsolicitud?98bb5a02418ce6858054e93e56d4f597,,gx-no-cache=1746712845131 HTTP/1.1" 200 6868
179.57.78.71 - - [08/May/2025:11:01:17 -0300] "GET /cormun/servlet/trlicencias? HTTP/1.1" 200 6051
179.57.78.71 - - [08/May/2025:11:01:17 -0300] "GET /cormun/servlet/hlogin HTTP/1.1" 200 1740
190.95.15.15 - - [08/May/2025:11:06:29 -0300] "GET /cormun/servlet/trsolicitudot? HTTP/1.1" 200 7188
190.95.15.15 - - [08/May/2025:11:06:36 -0300] "GET /cormun/servlet/solicitudot?INS,0,0,false, HTTP/1.1" 200 15979
190.95.15.15 - - [08/May/2025:11:06:46 -0300] "POST /cormun/servlet/solicitudot?gx-no-cache=1746713342468 HTTP/1.1" 200 4039
190.95.15.15 - - [08/May/2025:11:06:46 -0300] "POST /cormun/servlet/solicitudot?875498ca59e2493a9cca3781b8120456,INS,0,0,false,,gx-no-cache=1746713342570 HTTP/1.1" 200 12613
190.95.15.15 - - [08/May/2025:11:06:51 -0300] "GET /cormun/servlet/solicitudot?3500cb9a3bed77c197fc9f4462ff4e191655f5522279947004312d945086d150ee7f228f71b73a6bf97f7e5883e460c8,gx-no-cache=1746713347197 HTTP/1.1" 200 30
179.57.78.9 - - [08/May/2025:11:08:03 -0300] "GET /cormun/servlet/hlogin HTTP/1.1" 200 1720
179.57.78.9 - - [08/May/2025:11:08:05 -0300] "POST /cormun/servlet/hlogin?096f3257c00c4d762633b81ae50a23a1,gx-no-cache=1746713427260 HTTP/1.1" 200 90
179.57.78.9 - - [08/May/2025:11:08:05 -0300] "GET /cormun/servlet/hpexe_link HTTP/1.1" 200 952
179.57.78.9 - - [08/May/2025:11:08:05 -0300] "GET /cormun/servlet/hhome HTTP/1.1" 200 4346
179.57.78.9 - - [08/May/2025:11:08:08 -0300] "GET /cormun/servlet/trlicencias? HTTP/1.1" 200 10891
154.81.156.20 - - [08/May/2025:11:09:12 -0300] "CONNECT ifconfig.co:443 HTTP/1.1" 400 -
154.81.156.20 - - [08/May/2025:11:09:12 -0300] "âÞÃ.‡WËcEQÅn@yÈMýÐÿmm·Vùó¤¤iŠð ±(š»qŸ~QqÊôòÈc©ÏÁnÓ¢ð=Žf€À+À/À,À0̨̩À ÀÀ" 400 -
190.95.15.15 - - [08/May/2025:11:09:21 -0300] "GET /cormun/servlet/solicitudot?3500cb9a3bed77c197fc9f4462ff4e19ec17ed5b11dbc368fd9764d2fc4c70d4c593b2af22ef3a50395db43b5ea2d0669c57c651ac413251e297f94dfeb5a90e,gx-no-cache=1746713497588 HTTP/1.1" 200 30
190.95.15.15 - - [08/May/2025:11:09:21 -0300] "GET /cormun/servlet/solicitudot?3500cb9a3bed77c197fc9f4462ff4e190dfd57996a3fdcfd1f99ba9967d7fbf8,gx-no-cache=1746713497615 HTTP/1.1" 200 29
190.95.15.15 - - [08/May/2025:11:09:24 -0300] "POST /cormun/servlet/solicitudot?gx-no-cache=1746713500736 HTTP/1.1" 200 297
190.95.15.15 - - [08/May/2025:11:09:24 -0300] "GET /cormun/servlet/solicitudot?3500cb9a3bed77c197fc9f4462ff4e19c078d626bce31c96d5da5de93a79971bfb4ddab583ee2e68bbbbd7119c483226251bee03893dcd0257c4d3d400e4d8ba7be9036b26abf9cd1daa2f79fa61ee920bfe155e47428d416a97d60f5d84e17f18cca7f3cf11113f23b25ba378a8b961d52be865a8be41266cb94e5e480cc4f50035a0caebdee7c667a1adacf3c20da4ea056a1565f5dd308b767168d181a6f5009c50a704435d7459ef484342678edf7749c89fe820ea88f4e002a0844a349a08189c1728f723465c1b8ebd8ba295af30d5e68f5187e6d748ec2fc0c899c596797adf008aa43cf9e48668bb2c2f0ce964166c90c95d71be0c9744f500036cf22a0f1eca07dfb7ef1de689a77d5356b37b4c2048f438294c33eaa6cca8047dbfde3e78b00be10d39a4d1a195dd2640505027d739716ec24f43474fce7d69ba34fdf0e5b5d921078cb4dbb8000a9d086dd5f147bfa8b1e550a6fbb7e1972857c6b71b5456feaf74b5b4296d0dffa24891e0285c05142ea761bab1218ac92dc4575999ffe97c9c8cf906349864ea0c2f25,gx-no-cache=1746713500757 HTTP/1.1" 200 30
192.168.10.22 - - [08/May/2025:11:09:25 -0300] "GET /cormun/servlet/hlogin HTTP/1.1" 200 1720
192.168.10.22 - - [08/May/2025:11:09:26 -0300] "GET /cormun/servlet/hlogin HTTP/1.1" 200 1730
190.95.15.15 - - [08/May/2025:11:09:26 -0300] "POST /cormun/servlet/solicitudot?gx-no-cache=1746713502796 HTTP/1.1" 200 30
185.91.127.81 - - [08/May/2025:11:09:41 -0300] "CONNECT api.ip.pn:443 HTTP/1.1" 400 -
190.95.15.15 - - [08/May/2025:11:09:41 -0300] "GET /cormun/servlet/prlicenciaspermisos?19451604,L,,MD,,gxPopupLevel%3D0%3B HTTP/1.1" 200 6122
190.95.15.15 - - [08/May/2025:11:09:41 -0300] "GET /cormun/static/gxcfg.js?2020121559567 HTTP/1.1" 200 953
190.95.15.15 - - [08/May/2025:11:09:41 -0300] "GET /cormun/static/prlicenciaspermisos.js?2020121559821 HTTP/1.1" 200 13379
190.95.15.15 - - [08/May/2025:11:09:45 -0300] "POST /cormun/servlet/solicitudot?gx-no-cache=1746713521116 HTTP/1.1" 200 1483
190.95.15.15 - - [08/May/2025:11:09:47 -0300] "POST /cormun/servlet/solicitudot?gx-no-cache=1746713524021 HTTP/1.1" 200 41
190.95.15.15 - - [08/May/2025:11:11:21 -0300] "GET /cormun/servlet/solicitudot?3500cb9a3bed77c197fc9f4462ff4e197395e22242d50e2317761f96890bfdf05a107418e2d3b686c9fa45b55aacf127161850fc03228de1c44987849fac46fd713e9f364b3d09eb57b5aa180b667435296096e1b8a684411bda571d4c07e38b6cc06dbb8868608c9738cd06fe578a08,gx-no-cache=1746713617760 HTTP/1.1" 200 110
190.95.15.15 - - [08/May/2025:11:11:44 -0300] "POST /cormun/servlet/solicitudot?gx-no-cache=1746713640325 HTTP/1.1" 200 83
190.95.15.15 - - [08/May/2025:11:11:54 -0300] "GET /cormun/servlet/solicitudot?3500cb9a3bed77c197fc9f4462ff4e192448da67daa7ef3c73242385ff32bfc9501f4fb1c55443d3c3ec1ff85d48516a774400df9fc29f0056b9af9885b8335afd9135255f6883975dc356008d54034fb72f48f2947ac9ec4158a500647543c251feaf34b7211ce7f1637432bef31e7e,gx-no-cache=1746713650367 HTTP/1.1" 200 29
190.95.15.15 - - [08/May/2025:11:11:54 -0300] "GET /cormun/static/menuarrow.gif HTTP/1.1" 404 1015
190.95.15.15 - - [08/May/2025:11:11:58 -0300] "GET /cormun/servlet/solicitudot?3500cb9a3bed77c197fc9f4462ff4e19af8a4efc229ed410ba628dc91a70d84911f7bd7a577b6e60664a465c67c833f5,gx-no-cache=1746713654329 HTTP/1.1" 200 30
190.95.15.15 - - [08/May/2025:11:11:58 -0300] "POST /cormun/servlet/solicitudot?gx-no-cache=1746713654345 HTTP/1.1" 200 34
190.95.15.15 - - [08/May/2025:11:12:57 -0300] "POST /cormun/servlet/solicitudot?875498ca59e2493a9cca3781b8120456,INS,0,0,false,,gx-no-cache=1746713708856 HTTP/1.1" 200 93
190.95.15.15 - - [08/May/2025:11:12:57 -0300] "GET /cormun/servlet/hpexe_return? HTTP/1.1" 200 1010
190.95.15.15 - - [08/May/2025:11:12:57 -0300] "GET /cormun/servlet/trsolicitudot HTTP/1.1" 200 8596
190.95.15.15 - - [08/May/2025:11:13:40 -0300] "POST /cormun/servlet/trsolicitudot?875498ca59e2493a9cca3781b8120456,gx-no-cache=1746713756387 HTTP/1.1" 200 107
190.95.15.15 - - [08/May/2025:11:13:40 -0300] "GET /cormun/servlet/trsolicitudadjuntos?2025,22587, HTTP/1.1" 200 6088
190.95.15.15 - - [08/May/2025:11:13:40 -0300] "GET /cormun/static/gxcfg.js?20201215574222 HTTP/1.1" 200 953
190.95.15.15 - - [08/May/2025:11:13:40 -0300] "GET /cormun/static/trsolicitudadjuntos.js?20201215574932 HTTP/1.1" 200 17921
190.95.15.15 - - [08/May/2025:11:13:42 -0300] "GET /cormun/servlet/solicitudotadjuntos?INS,2025,22587,,1, HTTP/1.1" 200 6035
190.95.15.15 - - [08/May/2025:11:13:42 -0300] "GET /cormun/static/solicitudotadjuntos.js?202211298385196 HTTP/1.1" 200 11771
190.95.15.15 - - [08/May/2025:11:13:42 -0300] "GET /cormun/static/gxcfg.js?202211298385187 HTTP/1.1" 200 953
190.95.15.15 - - [08/May/2025:11:13:42 -0300] "GET /cormun/static/about:blank HTTP/1.1" 404 1011
190.95.15.15 - - [08/May/2025:11:13:43 -0300] "GET /cormun/servlet/solicitudotadjuntos?3500cb9a3bed77c197fc9f4462ff4e19f28aef49e2ea919455fdd3eda52d561b237386ae209f67b6608c6bb26577f026,gx-no-cache=1746713759650 HTTP/1.1" 200 30
190.95.15.15 - - [08/May/2025:11:13:43 -0300] "POST /cormun/servlet/solicitudotadjuntos?875498ca59e2493a9cca3781b8120456,INS,2025,22587,,1,,gx-no-cache=1746713759664 HTTP/1.1" 200 3878
190.95.15.15 - - [08/May/2025:11:13:45 -0300] "POST /cormun/servlet/solicitudotadjuntos?gx-no-cache=1746713761545 HTTP/1.1" 200 26
190.95.15.15 - - [08/May/2025:11:13:51 -0300] "GET /cormun/servlet/solicitudotadjuntos?3500cb9a3bed77c197fc9f4462ff4e19f10d115cda0466b082de806e5f092328,gx-no-cache=1746713767356 HTTP/1.1" 200 30
190.95.15.15 - - [08/May/2025:11:13:51 -0300] "GET /cormun/servlet/solicitudotadjuntos?3500cb9a3bed77c197fc9f4462ff4e19f10d115cda0466b082de806e5f092328,gx-no-cache=1746713767367 HTTP/1.1" 200 30
190.95.15.15 - - [08/May/2025:11:13:53 -0300] "POST /cormun/servlet/solicitudotadjuntos?875498ca59e2493a9cca3781b8120456,INS,2025,22587,,1, HTTP/1.1" 200 116
190.95.15.15 - - [08/May/2025:11:13:53 -0300] "GET /cormun/servlet/hpexe_return? HTTP/1.1" 200 1029
190.95.15.15 - - [08/May/2025:11:13:53 -0300] "GET /cormun/servlet/trsolicitudadjuntos?2025,22587, HTTP/1.1" 200 9107
190.95.15.15 - - [08/May/2025:11:13:55 -0300] "GET /cormun/servlet/solicitudotadjuntos?INS,2025,22587,,1, HTTP/1.1" 200 6035
190.95.15.15 - - [08/May/2025:11:13:55 -0300] "GET /cormun/static/about:blank HTTP/1.1" 404 1011
190.95.15.15 - - [08/May/2025:11:13:56 -0300] "GET /cormun/servlet/solicitudotadjuntos?3500cb9a3bed77c197fc9f4462ff4e19f28aef49e2ea919455fdd3eda52d561b237386ae209f67b6608c6bb26577f026,gx-no-cache=1746713772186 HTTP/1.1" 200 30
190.95.15.15 - - [08/May/2025:11:13:56 -0300] "POST /cormun/servlet/solicitudotadjuntos?875498ca59e2493a9cca3781b8120456,INS,2025,22587,,1,,gx-no-cache=1746713772202 HTTP/1.1" 200 3878
190.95.15.15 - - [08/May/2025:11:13:58 -0300] "POST /cormun/servlet/solicitudotadjuntos?gx-no-cache=1746713774449 HTTP/1.1" 200 26
190.95.15.15 - - [08/May/2025:11:14:09 -0300] "GET /cormun/servlet/solicitudotadjuntos?3500cb9a3bed77c197fc9f4462ff4e19f10d115cda0466b082de806e5f092328,gx-no-cache=1746713785155 HTTP/1.1" 200 30
190.95.15.15 - - [08/May/2025:11:14:09 -0300] "GET /cormun/servlet/solicitudotadjuntos?3500cb9a3bed77c197fc9f4462ff4e19f10d115cda0466b082de806e5f092328,gx-no-cache=1746713785167 HTTP/1.1" 200 30
190.95.15.15 - - [08/May/2025:11:14:09 -0300] "POST /cormun/servlet/solicitudotadjuntos?875498ca59e2493a9cca3781b8120456,INS,2025,22587,,1, HTTP/1.1" 200 116
190.95.15.15 - - [08/May/2025:11:14:09 -0300] "GET /cormun/servlet/hpexe_return? HTTP/1.1" 200 1029
190.95.15.15 - - [08/May/2025:11:14:09 -0300] "GET /cormun/servlet/trsolicitudadjuntos?2025,22587, HTTP/1.1" 200 9352
190.95.15.15 - - [08/May/2025:11:14:11 -0300] "GET /cormun/servlet/solicitudotadjuntos?INS,2025,22587,,1, HTTP/1.1" 200 6035
190.95.15.15 - - [08/May/2025:11:14:11 -0300] "GET /cormun/static/about:blank HTTP/1.1" 404 1011
190.95.15.15 - - [08/May/2025:11:14:11 -0300] "GET /cormun/servlet/solicitudotadjuntos?3500cb9a3bed77c197fc9f4462ff4e19f28aef49e2ea919455fdd3eda52d561b237386ae209f67b6608c6bb26577f026,gx-no-cache=1746713787978 HTTP/1.1" 200 30
190.95.15.15 - - [08/May/2025:11:14:11 -0300] "POST /cormun/servlet/solicitudotadjuntos?875498ca59e2493a9cca3781b8120456,INS,2025,22587,,1,,gx-no-cache=1746713787993 HTTP/1.1" 200 3878
190.95.15.15 - - [08/May/2025:11:14:13 -0300] "POST /cormun/servlet/solicitudotadjuntos?gx-no-cache=1746713789977 HTTP/1.1" 200 26
190.95.15.15 - - [08/May/2025:11:14:21 -0300] "GET /cormun/servlet/solicitudotadjuntos?3500cb9a3bed77c197fc9f4462ff4e19f10d115cda0466b082de806e5f092328,gx-no-cache=1746713797764 HTTP/1.1" 200 30
190.95.15.15 - - [08/May/2025:11:14:21 -0300] "GET /cormun/servlet/solicitudotadjuntos?3500cb9a3bed77c197fc9f4462ff4e19f10d115cda0466b082de806e5f092328,gx-no-cache=1746713797775 HTTP/1.1" 200 30
190.95.15.15 - - [08/May/2025:11:14:22 -0300] "POST /cormun/servlet/solicitudotadjuntos?875498ca59e2493a9cca3781b8120456,INS,2025,22587,,1, HTTP/1.1" 200 116
190.95.15.15 - - [08/May/2025:11:14:22 -0300] "GET /cormun/servlet/hpexe_return? HTTP/1.1" 200 1029
190.95.15.15 - - [08/May/2025:11:14:22 -0300] "GET /cormun/servlet/trsolicitudadjuntos?2025,22587, HTTP/1.1" 200 9566
190.95.15.15 - - [08/May/2025:11:14:25 -0300] "GET /cormun/servlet/solicitudotadjuntos?INS,2025,22587,,1, HTTP/1.1" 200 6035
190.95.15.15 - - [08/May/2025:11:14:25 -0300] "GET /cormun/static/about:blank HTTP/1.1" 404 1011
190.95.15.15 - - [08/May/2025:11:14:26 -0300] "GET /cormun/servlet/solicitudotadjuntos?3500cb9a3bed77c197fc9f4462ff4e19f28aef49e2ea919455fdd3eda52d561b237386ae209f67b6608c6bb26577f026,gx-no-cache=1746713802593 HTTP/1.1" 200 30
190.95.15.15 - - [08/May/2025:11:14:26 -0300] "POST /cormun/servlet/solicitudotadjuntos?875498ca59e2493a9cca3781b8120456,INS,2025,22587,,1,,gx-no-cache=1746713802606 HTTP/1.1" 200 3878
190.95.15.15 - - [08/May/2025:11:14:28 -0300] "POST /cormun/servlet/solicitudotadjuntos?gx-no-cache=1746713804788 HTTP/1.1" 200 26
190.95.15.15 - - [08/May/2025:11:14:39 -0300] "GET /cormun/servlet/solicitudotadjuntos?3500cb9a3bed77c197fc9f4462ff4e19f10d115cda0466b082de806e5f092328,gx-no-cache=1746713815543 HTTP/1.1" 200 30
190.95.15.15 - - [08/May/2025:11:14:39 -0300] "GET /cormun/servlet/solicitudotadjuntos?3500cb9a3bed77c197fc9f4462ff4e19f10d115cda0466b082de806e5f092328,gx-no-cache=1746713815554 HTTP/1.1" 200 30
190.95.15.15 - - [08/May/2025:11:14:42 -0300] "POST /cormun/servlet/solicitudotadjuntos?875498ca59e2493a9cca3781b8120456,INS,2025,22587,,1, HTTP/1.1" 200 116
190.95.15.15 - - [08/May/2025:11:14:42 -0300] "GET /cormun/servlet/hpexe_return? HTTP/1.1" 200 1029
190.95.15.15 - - [08/May/2025:11:14:42 -0300] "GET /cormun/servlet/trsolicitudadjuntos?2025,22587, HTTP/1.1" 200 9854
190.95.15.15 - - [08/May/2025:11:14:48 -0300] "GET /cormun/servlet/solicitudotadjuntos?INS,2025,22587,,1, HTTP/1.1" 200 6034
190.95.15.15 - - [08/May/2025:11:14:48 -0300] "GET /cormun/static/about:blank HTTP/1.1" 404 1011
190.95.15.15 - - [08/May/2025:11:14:49 -0300] "GET /cormun/servlet/solicitudotadjuntos?3500cb9a3bed77c197fc9f4462ff4e19f28aef49e2ea919455fdd3eda52d561b237386ae209f67b6608c6bb26577f026,gx-no-cache=1746713825240 HTTP/1.1" 200 30
190.95.15.15 - - [08/May/2025:11:14:49 -0300] "POST /cormun/servlet/solicitudotadjuntos?875498ca59e2493a9cca3781b8120456,INS,2025,22587,,1,,gx-no-cache=1746713825254 HTTP/1.1" 200 3877
190.95.15.15 - - [08/May/2025:11:14:51 -0300] "POST /cormun/servlet/solicitudotadjuntos?gx-no-cache=1746713827956 HTTP/1.1" 200 26
190.95.15.15 - - [08/May/2025:11:14:58 -0300] "GET /cormun/servlet/solicitudotadjuntos?3500cb9a3bed77c197fc9f4462ff4e19f10d115cda0466b082de806e5f092328,gx-no-cache=1746713834731 HTTP/1.1" 200 30
190.95.15.15 - - [08/May/2025:11:14:58 -0300] "GET /cormun/servlet/solicitudotadjuntos?3500cb9a3bed77c197fc9f4462ff4e19f10d115cda0466b082de806e5f092328,gx-no-cache=1746713834742 HTTP/1.1" 200 30
190.95.15.15 - - [08/May/2025:11:15:15 -0300] "POST /cormun/servlet/solicitudotadjuntos?875498ca59e2493a9cca3781b8120456,INS,2025,22587,,1, HTTP/1.1" 200 116
190.95.15.15 - - [08/May/2025:11:15:15 -0300] "GET /cormun/servlet/hpexe_return? HTTP/1.1" 200 1029
190.95.15.15 - - [08/May/2025:11:15:15 -0300] "GET /cormun/servlet/trsolicitudadjuntos?2025,22587, HTTP/1.1" 200 10110
190.95.15.15 - - [08/May/2025:11:15:18 -0300] "GET /cormun/servlet/solicitudotadjuntos?INS,2025,22587,,1, HTTP/1.1" 200 6034
190.95.15.15 - - [08/May/2025:11:15:18 -0300] "GET /cormun/static/about:blank HTTP/1.1" 404 1011
190.95.15.15 - - [08/May/2025:11:15:19 -0300] "GET /cormun/servlet/solicitudotadjuntos?3500cb9a3bed77c197fc9f4462ff4e19f28aef49e2ea919455fdd3eda52d561b237386ae209f67b6608c6bb26577f026,gx-no-cache=1746713855414 HTTP/1.1" 200 30
190.95.15.15 - - [08/May/2025:11:15:19 -0300] "POST /cormun/servlet/solicitudotadjuntos?875498ca59e2493a9cca3781b8120456,INS,2025,22587,,1,,gx-no-cache=1746713855440 HTTP/1.1" 200 3877
190.95.15.15 - - [08/May/2025:11:15:21 -0300] "POST /cormun/servlet/solicitudotadjuntos?gx-no-cache=1746713857410 HTTP/1.1" 200 26
190.95.15.15 - - [08/May/2025:11:15:28 -0300] "GET /cormun/servlet/solicitudotadjuntos?3500cb9a3bed77c197fc9f4462ff4e19f10d115cda0466b082de806e5f092328,gx-no-cache=1746713864947 HTTP/1.1" 200 30
190.95.15.15 - - [08/May/2025:11:15:28 -0300] "GET /cormun/servlet/solicitudotadjuntos?3500cb9a3bed77c197fc9f4462ff4e19f10d115cda0466b082de806e5f092328,gx-no-cache=1746713864956 HTTP/1.1" 200 30
190.95.15.15 - - [08/May/2025:11:15:30 -0300] "POST /cormun/servlet/solicitudotadjuntos?875498ca59e2493a9cca3781b8120456,INS,2025,22587,,1, HTTP/1.1" 200 116
190.95.15.15 - - [08/May/2025:11:15:30 -0300] "GET /cormun/servlet/hpexe_return? HTTP/1.1" 200 1029
190.95.15.15 - - [08/May/2025:11:15:30 -0300] "GET /cormun/servlet/trsolicitudadjuntos?2025,22587, HTTP/1.1" 200 10283
190.95.15.15 - - [08/May/2025:11:15:34 -0300] "POST /cormun/servlet/trsolicitudadjuntos?875498ca59e2493a9cca3781b8120456,2025,22587,,gx-no-cache=1746713870318 HTTP/1.1" 200 90
190.95.15.15 - - [08/May/2025:11:15:34 -0300] "GET /cormun/servlet/hpexe_link HTTP/1.1" 200 971
190.95.15.15 - - [08/May/2025:11:15:34 -0300] "GET /cormun/servlet/trsolicitudot HTTP/1.1" 200 8593
201.186.225.187 - - [08/May/2025:11:17:35 -0300] "GET /cormun/servlet/hlogin HTTP/1.1" 200 1713
201.186.225.187 - - [08/May/2025:11:17:44 -0300] "POST /cormun/servlet/hlogin?82bfa528f6e9993d912038ee4d63dc08,gx-no-cache=1746713807185 HTTP/1.1" 200 90
201.186.225.187 - - [08/May/2025:11:17:44 -0300] "GET /cormun/servlet/hpexe_link HTTP/1.1" 200 943
201.186.225.187 - - [08/May/2025:11:17:44 -0300] "GET /cormun/servlet/hhome HTTP/1.1" 200 3961
201.186.225.187 - - [08/May/2025:11:17:46 -0300] "GET /cormun/servlet/trsolicitudot? HTTP/1.1" 200 7176
201.186.225.187 - - [08/May/2025:11:17:49 -0300] "GET /cormun/servlet/solicitudot?INS,0,0,false, HTTP/1.1" 200 15967
201.186.225.183 - - [08/May/2025:11:21:03 -0300] "GET /cormun/servlet/trcontratoobservacion? HTTP/1.1" 200 5302
201.186.225.183 - - [08/May/2025:11:21:03 -0300] "GET /cormun/static/gxcfg.js?2022112984808 HTTP/1.1" 200 953
201.186.225.183 - - [08/May/2025:11:21:03 -0300] "GET /cormun/static/trcontratoobservacion.js?20221129848151 HTTP/1.1" 200 25148
201.186.225.183 - - [08/May/2025:11:21:03 -0300] "GET /cormun/servlet/hlogin HTTP/1.1" 200 1739
201.186.225.183 - - [08/May/2025:11:21:09 -0300] "POST /cormun/servlet/hlogin?ac910a445e161d364368d95d226c1708,gx-no-cache=1746714206730 HTTP/1.1" 200 90
201.186.225.183 - - [08/May/2025:11:21:09 -0300] "GET /cormun/servlet/hpexe_link HTTP/1.1" 200 957
201.186.225.183 - - [08/May/2025:11:21:09 -0300] "GET /cormun/servlet/trcontratoobservacion HTTP/1.1" 200 5946
201.186.225.183 - - [08/May/2025:11:21:15 -0300] "GET /cormun/servlet/trsolicitudot? HTTP/1.1" 200 7172
201.186.225.183 - - [08/May/2025:11:21:15 -0300] "GET /cormun/static/gxcfg.js?20221129846531 HTTP/1.1" 200 953
201.186.225.183 - - [08/May/2025:11:21:15 -0300] "GET /cormun/static/trsolicitudot.js?202211298465651 HTTP/1.1" 200 54040
201.186.225.183 - - [08/May/2025:11:21:17 -0300] "GET /cormun/servlet/solicitudot?INS,0,0,false, HTTP/1.1" 200 15961
201.186.225.183 - - [08/May/2025:11:21:17 -0300] "GET /cormun/static/gxcfg.js?20221129840861 HTTP/1.1" 200 953
201.186.225.183 - - [08/May/2025:11:21:17 -0300] "GET /cormun/static/solicitudot.js?20221129840983 HTTP/1.1" 200 74072
129.222.173.48 - - [08/May/2025:11:21:21 -0300] "GET /cormun/servlet/hlogin HTTP/1.1" 200 1725
129.222.173.48 - - [08/May/2025:11:21:24 -0300] "POST /cormun/servlet/hlogin?b27ae283b2023ede8fb2e0c48f3a58ab,gx-no-cache=1746714221653 HTTP/1.1" 200 90
129.222.173.48 - - [08/May/2025:11:21:24 -0300] "GET /cormun/servlet/hpexe_link HTTP/1.1" 200 956
129.222.173.48 - - [08/May/2025:11:21:24 -0300] "GET /cormun/servlet/hhome HTTP/1.1" 200 4295
201.186.225.183 - - [08/May/2025:11:21:24 -0300] "POST /cormun/servlet/solicitudot?gx-no-cache=1746714221558 HTTP/1.1" 200 4046
201.186.225.183 - - [08/May/2025:11:21:24 -0300] "POST /cormun/servlet/solicitudot?ac910a445e161d364368d95d226c1708,INS,0,0,false,,gx-no-cache=1746714221680 HTTP/1.1" 200 12613
201.186.225.183 - - [08/May/2025:11:21:24 -0300] "GET /cormun/servlet/solicitudot?05216d73b25c8130162c0bcd955eb6b93a0ccfd364159b861f53e625df7f77ad286438c359fed133fce00b64b8b8716b,gx-no-cache=1746714221802 HTTP/1.1" 200 30
129.222.173.48 - - [08/May/2025:11:21:24 -0300] "GET /cormun/static/SmoothNavMenu/resources/images/right.gif HTTP/1.1" 200 860
129.222.173.48 - - [08/May/2025:11:21:42 -0300] "GET /cormun/servlet/trautorizarsolicitud? HTTP/1.1" 200 7406
129.222.173.48 - - [08/May/2025:11:21:42 -0300] "GET /cormun/static/gxcfg.js?202211298474254 HTTP/1.1" 200 953
129.222.173.48 - - [08/May/2025:11:21:43 -0300] "GET /cormun/static/trautorizarsolicitud.js?202211298474588 HTTP/1.1" 200 53909
190.95.1.187 - - [08/May/2025:11:21:46 -0300] "GET /cormun/servlet/trpermisosgoce? HTTP/1.1" 200 6036
190.95.1.187 - - [08/May/2025:11:21:47 -0300] "GET /cormun/servlet/hlogin HTTP/1.1" 200 1745
190.95.1.187 - - [08/May/2025:11:21:47 -0300] "GET /cormun/servlet/trpermisosgoce? HTTP/1.1" 200 6032
190.95.1.187 - - [08/May/2025:11:21:49 -0300] "POST /cormun/servlet/hlogin?6fd400d6e4eb302e39f6f392426749e6,gx-no-cache=1746714245971 HTTP/1.1" 200 90
190.95.1.187 - - [08/May/2025:11:21:49 -0300] "GET /cormun/servlet/hpexe_link HTTP/1.1" 200 961
190.95.1.187 - - [08/May/2025:11:21:50 -0300] "GET /cormun/servlet/trpermisosgoce HTTP/1.1" 200 17766
190.95.1.187 - - [08/May/2025:11:21:53 -0300] "GET /cormun/servlet/permisogoce?INS,0,,, HTTP/1.1" 200 6889
129.222.173.48 - - [08/May/2025:11:21:57 -0300] "GET /cormun/static/menuarrow.gif HTTP/1.1" 404 1015
190.95.1.187 - - [08/May/2025:11:22:00 -0300] "GET /cormun/servlet/permisogoce?569c5b1006cbbf46c9d7aafab5d85f6eccb64adb4ab72fae5e899788967f429b0dfd6cd893e8c310dd550161bfb7c9b484c5113709e6984f48e9290d4d68b6b4,gx-no-cache=1746714255293 HTTP/1.1" 200 83
190.95.1.187 - - [08/May/2025:11:22:02 -0300] "GET /cormun/static/menuarrow.gif HTTP/1.1" 404 1015
129.222.173.48 - - [08/May/2025:11:22:08 -0300] "POST /cormun/servlet/trautorizarsolicitud?b27ae283b2023ede8fb2e0c48f3a58ab,,gx-no-cache=1746714266118 HTTP/1.1" 200 6857
129.222.173.48 - - [08/May/2025:11:22:08 -0300] "GET /cormun//static/Resources/PXToolsActionView.png HTTP/1.1" 200 398
129.222.173.48 - - [08/May/2025:11:22:08 -0300] "GET /cormun//static/Resources/PXToolsRemoveAllAction.png HTTP/1.1" 200 487
129.222.173.48 - - [08/May/2025:11:22:08 -0300] "GET /cormun//static/Resources/PXToolsGridDelete.png HTTP/1.1" 200 538
129.222.173.48 - - [08/May/2025:11:22:08 -0300] "GET /cormun//static/Resources/PXToolsGridUpdate.png HTTP/1.1" 200 470
190.95.1.187 - - [08/May/2025:11:22:09 -0300] "GET /cormun/servlet/permisogoce?569c5b1006cbbf46c9d7aafab5d85f6e4bbadcda3012a275040a71d303b0c6373c7aa03fd70d5d2bd71cc0a6ae041806eeb8191023e6314bbafe03ce7bed42ae,gx-no-cache=1746714263742 HTTP/1.1" 200 46
129.222.173.48 - - [08/May/2025:11:22:24 -0300] "POST /cormun/servlet/trautorizarsolicitud?b27ae283b2023ede8fb2e0c48f3a58ab,,gx-no-cache=1746714281701 HTTP/1.1" 200 6869
129.222.173.48 - - [08/May/2025:11:22:24 -0300] "GET /cormun/static/Shared/jqueryui/images/ui-icons_82798d_256x240.png HTTP/1.1" 404 1089
129.222.173.48 - - [08/May/2025:11:22:24 -0300] "GET /cormun/static/Shared/jqueryui/images/ui-bg_highlight-soft_100_c6c2c8_1x100.png HTTP/1.1" 404 1117
129.222.173.48 - - [08/May/2025:11:22:24 -0300] "GET /cormun/static/Shared/jqueryui/images/ui-bg_flat_55_fafafa_40x100.png HTTP/1.1" 404 1097
129.222.173.48 - - [08/May/2025:11:22:24 -0300] "GET /cormun/static/Shared/jqueryui/images/ui-icons_8d78a5_256x240.png HTTP/1.1" 404 1089
129.222.173.48 - - [08/May/2025:11:22:35 -0300] "POST /cormun/servlet/trautorizarsolicitud?b27ae283b2023ede8fb2e0c48f3a58ab,,gx-no-cache=1746714292798 HTTP/1.1" 200 4551
129.222.173.48 - - [08/May/2025:11:22:38 -0300] "POST /cormun/servlet/trautorizarsolicitud?b27ae283b2023ede8fb2e0c48f3a58ab,,gx-no-cache=1746714296092 HTTP/1.1" 200 4550
129.222.173.48 - - [08/May/2025:11:22:39 -0300] "POST /cormun/servlet/trautorizarsolicitud?b27ae283b2023ede8fb2e0c48f3a58ab,,gx-no-cache=1746714297172 HTTP/1.1" 200 4551
129.222.173.48 - - [08/May/2025:11:22:40 -0300] "POST /cormun/servlet/trautorizarsolicitud?b27ae283b2023ede8fb2e0c48f3a58ab,,gx-no-cache=1746714298236 HTTP/1.1" 200 4550
201.186.225.183 - - [08/May/2025:11:22:43 -0300] "GET /cormun/static/Resources/PXTools/ClosePrompt.png HTTP/1.1" 200 1036
201.186.225.183 - - [08/May/2025:11:22:43 -0300] "GET /cormun/static/Resources/resize.gif HTTP/1.1" 200 77
201.186.225.183 - - [08/May/2025:11:22:43 -0300] "GET /cormun/servlet/prbanco?,MD,,gxPopupLevel%3D0%3B HTTP/1.1" 200 6624
201.186.225.183 - - [08/May/2025:11:22:43 -0300] "GET /cormun/static/gxcfg.js?20201216131581 HTTP/1.1" 200 953
201.186.225.183 - - [08/May/2025:11:22:43 -0300] "GET /cormun/static/Resources/PXToolsMenuSearch.png HTTP/1.1" 200 336
201.186.225.183 - - [08/May/2025:11:22:43 -0300] "GET /cormun/static/prbanco.js?20201216132311 HTTP/1.1" 200 10693
201.186.225.183 - - [08/May/2025:11:22:43 -0300] "GET /cormun/static/hmpwkw011.js?202211298443482 HTTP/1.1" 200 1968
201.186.225.183 - - [08/May/2025:11:22:43 -0300] "GET /cormun/static/Resources/PXToolsMenuSearchCancel.png HTTP/1.1" 200 306
201.186.225.183 - - [08/May/2025:11:22:43 -0300] "GET /cormun/static/menusearch.js?20201214473581 HTTP/1.1" 200 1424
129.222.173.48 - - [08/May/2025:11:22:46 -0300] "POST /cormun/servlet/trautorizarsolicitud?b27ae283b2023ede8fb2e0c48f3a58ab,,gx-no-cache=1746714303982 HTTP/1.1" 200 6858
129.222.173.48 - - [08/May/2025:11:22:49 -0300] "POST /cormun/servlet/trautorizarsolicitud?b27ae283b2023ede8fb2e0c48f3a58ab,,gx-no-cache=1746714307189 HTTP/1.1" 200 6870
190.95.1.187 - - [08/May/2025:11:22:59 -0300] "POST /cormun/servlet/permisogoce?6fd400d6e4eb302e39f6f392426749e6,INS,0,,,,gx-no-cache=1746714268862 HTTP/1.1" 200 93
201.186.225.183 - - [08/May/2025:11:23:01 -0300] "GET /cormun/servlet/solicitudot?05216d73b25c8130162c0bcd955eb6b93c1378dac883fa63413c462d34fda7a63d4e370055f2023bcedf5d9c7867ea5ff2d6bf9a1f7ddcd9628d4c27e47124fd,gx-no-cache=1746714318552 HTTP/1.1" 200 30
201.186.225.183 - - [08/May/2025:11:23:02 -0300] "GET /cormun/servlet/solicitudot?05216d73b25c8130162c0bcd955eb6b9e146daa5cd9e45083abc0913c8765f3f,gx-no-cache=1746714319967 HTTP/1.1" 200 59
190.95.1.187 - - [08/May/2025:11:23:02 -0300] "GET /cormun/servlet/hlogin HTTP/1.1" 200 1728
129.222.173.48 - - [08/May/2025:11:23:02 -0300] "GET /cormun/servlet/veautorizarsolicitud?2025,22173,, HTTP/1.1" 200 8654
129.222.173.48 - - [08/May/2025:11:23:02 -0300] "GET /cormun/pexe_scrolldiv.js HTTP/1.1" 404 1009
129.222.173.48 - - [08/May/2025:11:23:02 -0300] "GET /cormun/static/gxcfg.js?202211298474783 HTTP/1.1" 200 953
129.222.173.48 - - [08/May/2025:11:23:02 -0300] "GET /cormun/static/Resources/PXToolsTabFirstSelected.png HTTP/1.1" 200 1270
129.222.173.48 - - [08/May/2025:11:23:02 -0300] "GET /cormun/static/hwcviewtabs.js?201991422154026 HTTP/1.1" 200 1074
129.222.173.48 - - [08/May/2025:11:23:02 -0300] "GET /cormun/static/veautorizarsolicitud.js?202211298474813 HTTP/1.1" 200 6140
129.222.173.48 - - [08/May/2025:11:23:02 -0300] "GET /cormun/static/Resources/PXToolsTabPrevious.gif HTTP/1.1" 200 172
129.222.173.48 - - [08/May/2025:11:23:02 -0300] "GET /cormun/static/hpexe_tabsview.js?2020121447381 HTTP/1.1" 200 1661
129.222.173.48 - - [08/May/2025:11:23:02 -0300] "GET /cormun/static/Resources/PXToolsTabNext.gif HTTP/1.1" 200 168
129.222.173.48 - - [08/May/2025:11:23:02 -0300] "GET /cormun/static/Resources/PXToolsTabLastUnselected.png HTTP/1.1" 200 1297
129.222.173.48 - - [08/May/2025:11:23:02 -0300] "GET /cormun/static/tbautorizarsolicitud01.js?20221129837213 HTTP/1.1" 200 30580
129.222.173.48 - - [08/May/2025:11:23:03 -0300] "GET /cormun/static/Resources/PXToolsTabBackUnselected.png HTTP/1.1" 200 1175
129.222.173.48 - - [08/May/2025:11:23:03 -0300] "GET /cormun/static/Resources/PXToolsTabSelectedUnselected.png HTTP/1.1" 200 1451
129.222.173.48 - - [08/May/2025:11:23:03 -0300] "GET /cormun/static/calendar-system.css HTTP/1.1" 200 5572
129.222.173.48 - - [08/May/2025:11:23:03 -0300] "GET /cormun/static/Resources/PXToolsTabBackSelected.png HTTP/1.1" 200 1157
129.222.173.48 - - [08/May/2025:11:23:03 -0300] "GET /cormun/static/Resources/PXToolsTabUnselectedUnselected.png HTTP/1.1" 200 1470
190.95.1.187 - - [08/May/2025:11:23:05 -0300] "POST /cormun/servlet/hlogin?6fd400d6e4eb302e39f6f392426749e6,gx-no-cache=1746714321897 HTTP/1.1" 200 90
190.95.1.187 - - [08/May/2025:11:23:05 -0300] "GET /cormun/servlet/hpexe_link HTTP/1.1" 200 969
190.95.1.187 - - [08/May/2025:11:23:05 -0300] "GET /cormun/servlet/permisogoce?INS,0,,, HTTP/1.1" 200 6892
201.186.225.183 - - [08/May/2025:11:23:07 -0300] "POST /cormun/servlet/solicitudot?gx-no-cache=1746714325178 HTTP/1.1" 200 255
129.222.173.48 - - [08/May/2025:11:23:08 -0300] "POST /cormun/servlet/veautorizarsolicitud?b27ae283b2023ede8fb2e0c48f3a58ab,2025,22173,,,gx-no-cache=1746714325711 HTTP/1.1" 200 93
129.222.173.48 - - [08/May/2025:11:23:08 -0300] "GET /cormun/servlet/hpexe_return? HTTP/1.1" 200 1021
129.222.173.48 - - [08/May/2025:11:23:08 -0300] "GET /cormun/static/gxcfg.js?20221129846035 HTTP/1.1" 200 953
129.222.173.48 - - [08/May/2025:11:23:08 -0300] "GET /cormun/static/hpexe_return.js?20221129846037 HTTP/1.1" 200 1633
129.222.173.48 - - [08/May/2025:11:23:08 -0300] "GET /cormun/servlet/trautorizarsolicitud? HTTP/1.1" 200 9700
201.186.225.183 - - [08/May/2025:11:23:09 -0300] "GET /cormun/servlet/solicitudot?05216d73b25c8130162c0bcd955eb6b9ab4f392012719a9a663d88fe046510da5687f087df0a71a337521e1f2f76f3615c990646b594da2b481113be985107190d226c2d587b4459ec91d6bd2a02105ca8face0a52f6f86c23d0c8301ab3cc246457b727f3f9968156bc2d4447a0962a9a059a28ff389d0d844eef1118b726c835b784db2e4a198de31b3ca4eddfb043ec2d3abcdd9318f0e70bcd5d31e37ce294ce9d60519db980de3dca2aaef25442d1a75eec8e474c4be46dbb049d534c555df1d1225435eac868ad0d79f424ca0387b43bcdb54580c9665848e6f65708f93a7c37998848ded5c303dd8fc752af38b842b5a71af83c5e560f6914d74c998c1899b68e12eeff5c380c1c1188f61af22be6b8ae44e8bee8206305b3d5999a1b0a9fe30ab84312a87a0b17cf3b6911fac87c2fa2bbb201220e7afd733dad80476106273a128036eac79448c136b80a0e8b6533713680e364887571555f9c996b3848923a18adf6d98c9794c4944711a8e6881a621fcde2b13aefaf2dd6320fa7,gx-no-cache=1746714326698 HTTP/1.1" 200 30
201.186.225.183 - - [08/May/2025:11:23:11 -0300] "POST /cormun/servlet/solicitudot?gx-no-cache=1746714329250 HTTP/1.1" 200 30
201.186.225.183 - - [08/May/2025:11:23:13 -0300] "POST /cormun/servlet/solicitudot?gx-no-cache=1746714330684 HTTP/1.1" 200 1481
201.186.225.183 - - [08/May/2025:11:23:13 -0300] "POST /cormun/servlet/solicitudot?gx-no-cache=1746714330713 HTTP/1.1" 200 38
190.95.1.187 - - [08/May/2025:11:23:13 -0300] "GET /cormun/servlet/permisogoce?569c5b1006cbbf46c9d7aafab5d85f6eccb64adb4ab72fae5e899788967f429b0dfd6cd893e8c310dd550161bfb7c9b484c5113709e6984f48e9290d4d68b6b4,gx-no-cache=1746714329717 HTTP/1.1" 200 85
190.95.1.187 - - [08/May/2025:11:23:16 -0300] "GET /cormun/static/menuarrow.gif HTTP/1.1" 404 1015
190.95.1.187 - - [08/May/2025:11:23:21 -0300] "GET /cormun/servlet/permisogoce?569c5b1006cbbf46c9d7aafab5d85f6e4bbadcda3012a275040a71d303b0c6373c7aa03fd70d5d2bd71cc0a6ae041806eeb8191023e6314bbafe03ce7bed42ae,gx-no-cache=1746714338054 HTTP/1.1" 200 47
129.222.173.48 - - [08/May/2025:11:23:22 -0300] "POST /cormun/servlet/trautorizarsolicitud?b27ae283b2023ede8fb2e0c48f3a58ab,,gx-no-cache=1746714340206 HTTP/1.1" 200 6872
190.95.1.187 - - [08/May/2025:11:23:27 -0300] "POST /cormun/servlet/permisogoce?6fd400d6e4eb302e39f6f392426749e6,INS,0,,,,gx-no-cache=1746714340412 HTTP/1.1" 200 93
190.95.1.187 - - [08/May/2025:11:23:27 -0300] "GET /cormun/servlet/hpexe_return? HTTP/1.1" 200 1015
190.95.1.187 - - [08/May/2025:11:23:27 -0300] "GET /cormun/servlet/trpermisosgoce HTTP/1.1" 200 18192
129.222.173.48 - - [08/May/2025:11:23:32 -0300] "POST /cormun/servlet/trautorizarsolicitud?b27ae283b2023ede8fb2e0c48f3a58ab,,gx-no-cache=1746714349885 HTTP/1.1" 200 4554
129.222.173.48 - - [08/May/2025:11:23:35 -0300] "POST /cormun/servlet/trautorizarsolicitud?b27ae283b2023ede8fb2e0c48f3a58ab,,gx-no-cache=1746714353532 HTTP/1.1" 200 7119
129.222.173.48 - - [08/May/2025:11:23:41 -0300] "POST /cormun/servlet/trautorizarsolicitud?b27ae283b2023ede8fb2e0c48f3a58ab,,gx-no-cache=1746714358636 HTTP/1.1" 200 4555
129.222.173.48 - - [08/May/2025:11:23:44 -0300] "POST /cormun/servlet/trautorizarsolicitud?b27ae283b2023ede8fb2e0c48f3a58ab,,gx-no-cache=1746714361972 HTTP/1.1" 200 6861
190.95.1.187 - - [08/May/2025:11:23:46 -0300] "POST /cormun/servlet/trpermisosgoce?6fd400d6e4eb302e39f6f392426749e6,gx-no-cache=1746714360523 HTTP/1.1" 200 14796
190.95.1.187 - - [08/May/2025:11:23:46 -0300] "POST /cormun/servlet/trpermisosgoce?6fd400d6e4eb302e39f6f392426749e6,gx-no-cache=1746714362674 HTTP/1.1" 200 14790
201.186.225.183 - - [08/May/2025:11:23:47 -0300] "GET /cormun/servlet/solicitudot?05216d73b25c8130162c0bcd955eb6b9c63fa96504f443458bb82e0fd6ae06bb11fc8fca31e19658602f6e8ce6f297d7940fdd7c9c0a315a01bcb838d9bcc3ee90097ce069768ebee828a7687b4b9f6c2f63a8db7156d1fed8ca5204da22363a2bcaafd7930d5143b1976e563a419397,gx-no-cache=1746714364404 HTTP/1.1" 200 110
201.186.225.183 - - [08/May/2025:11:23:47 -0300] "POST /cormun/servlet/solicitudot?gx-no-cache=1746714364435 HTTP/1.1" 200 110
201.186.225.183 - - [08/May/2025:11:23:50 -0300] "GET /cormun/servlet/solicitudot?05216d73b25c8130162c0bcd955eb6b9ff3f1d6bc1e13e0fe4f5c23212b52160572d6453fb72c128a2439e9005a4b5548499860a77fd978a88c819ef164fce77bc3225eaed78cd3c29dc24f9d6f268ea9b19a25b294b2926f38cdfef12c15f4f003dd9832bd3f000162f1255dfea9fe7,gx-no-cache=1746714368210 HTTP/1.1" 200 29
201.186.225.183 - - [08/May/2025:11:23:50 -0300] "GET /cormun/static/menuarrow.gif HTTP/1.1" 404 1015
129.222.173.48 - - [08/May/2025:11:23:51 -0300] "POST /cormun/servlet/trautorizarsolicitud?b27ae283b2023ede8fb2e0c48f3a58ab,,gx-no-cache=1746714368581 HTTP/1.1" 200 7295
201.186.225.183 - - [08/May/2025:11:23:53 -0300] "GET /cormun/servlet/solicitudot?05216d73b25c8130162c0bcd955eb6b9978863913c2ea53ff3808537f4857276fb370bb416917c61e25468021219d964,gx-no-cache=1746714370760 HTTP/1.1" 200 30
201.186.225.183 - - [08/May/2025:11:23:57 -0300] "POST /cormun/servlet/solicitudot?gx-no-cache=1746714374751 HTTP/1.1" 200 30
129.222.173.48 - - [08/May/2025:11:23:57 -0300] "POST /cormun/servlet/trautorizarsolicitud?b27ae283b2023ede8fb2e0c48f3a58ab,,gx-no-cache=1746714374982 HTTP/1.1" 200 4555
190.95.1.187 - - [08/May/2025:11:23:57 -0300] "GET /cormun/servlet/permisogoce?INS,0,,, HTTP/1.1" 200 6889
129.222.173.48 - - [08/May/2025:11:24:01 -0300] "POST /cormun/servlet/trautorizarsolicitud?b27ae283b2023ede8fb2e0c48f3a58ab,,gx-no-cache=1746714379108 HTTP/1.1" 200 10107
190.95.1.187 - - [08/May/2025:11:24:03 -0300] "GET /cormun/servlet/permisogoce?569c5b1006cbbf46c9d7aafab5d85f6eccb64adb4ab72fae5e899788967f429b0dfd6cd893e8c310dd550161bfb7c9b484c5113709e6984f48e9290d4d68b6b4,gx-no-cache=1746714379277 HTTP/1.1" 200 83
129.222.173.48 - - [08/May/2025:11:24:09 -0300] "POST /cormun/servlet/trautorizarsolicitud?b27ae283b2023ede8fb2e0c48f3a58ab,,gx-no-cache=1746714386534 HTTP/1.1" 200 10118
190.95.1.187 - - [08/May/2025:11:24:10 -0300] "GET /cormun/servlet/permisogoce?569c5b1006cbbf46c9d7aafab5d85f6e4bbadcda3012a275040a71d303b0c6373c7aa03fd70d5d2bd71cc0a6ae041806eeb8191023e6314bbafe03ce7bed42ae,gx-no-cache=1746714386861 HTTP/1.1" 200 46
190.95.1.187 - - [08/May/2025:11:24:14 -0300] "POST /cormun/servlet/permisogoce?6fd400d6e4eb302e39f6f392426749e6,INS,0,,,,gx-no-cache=1746714388904 HTTP/1.1" 200 93
190.95.1.187 - - [08/May/2025:11:24:14 -0300] "GET /cormun/servlet/hpexe_return? HTTP/1.1" 200 1038
201.186.225.183 - - [08/May/2025:11:24:14 -0300] "POST /cormun/servlet/solicitudot?ac910a445e161d364368d95d226c1708,INS,0,0,false,,gx-no-cache=1746714390060 HTTP/1.1" 200 93
201.186.225.183 - - [08/May/2025:11:24:14 -0300] "GET /cormun/servlet/hpexe_return? HTTP/1.1" 200 1006
190.95.1.187 - - [08/May/2025:11:24:14 -0300] "GET /cormun/servlet/trpermisosgoce?gx-no-cache=1746714362674 HTTP/1.1" 200 18041
201.186.225.183 - - [08/May/2025:11:24:14 -0300] "GET /cormun/servlet/trsolicitudot HTTP/1.1" 200 8575
201.186.225.183 - - [08/May/2025:11:24:14 -0300] "GET /cormun//static/Resources/PXToolsActionView.png HTTP/1.1" 200 398
201.186.225.183 - - [08/May/2025:11:24:14 -0300] "GET /cormun//static/Resources/PXToolsRemoveAllAction.png HTTP/1.1" 200 487
190.95.1.187 - - [08/May/2025:11:24:25 -0300] "GET /cormun/servlet/trpermisosadjuntos?10722901,20250508102630,P, HTTP/1.1" 200 6368
190.95.1.187 - - [08/May/2025:11:24:28 -0300] "GET /cormun/servlet/permisosadjuntos?INS,10722901,P,20250508102630,, HTTP/1.1" 200 5667
190.95.1.187 - - [08/May/2025:11:24:28 -0300] "GET /cormun/static/about:blank HTTP/1.1" 404 1011
129.222.173.48 - - [08/May/2025:11:24:40 -0300] "POST /cormun/servlet/trautorizarsolicitud?b27ae283b2023ede8fb2e0c48f3a58ab,,gx-no-cache=1746714417477 HTTP/1.1" 200 10118
129.222.173.48 - - [08/May/2025:11:24:41 -0300] "POST /cormun/servlet/trautorizarsolicitud?b27ae283b2023ede8fb2e0c48f3a58ab,,gx-no-cache=1746714419333 HTTP/1.1" 200 10119
129.222.173.48 - - [08/May/2025:11:24:47 -0300] "POST /cormun/servlet/trautorizarsolicitud?b27ae283b2023ede8fb2e0c48f3a58ab,,gx-no-cache=1746714424931 HTTP/1.1" 200 90
190.95.1.187 - - [08/May/2025:11:24:47 -0300] "POST /cormun/servlet/permisosadjuntos?6fd400d6e4eb302e39f6f392426749e6,INS,10722901,P,20250508102630,, HTTP/1.1" 200 116
190.95.1.187 - - [08/May/2025:11:24:47 -0300] "GET /cormun/servlet/hpexe_return? HTTP/1.1" 200 1042
129.222.173.48 - - [08/May/2025:11:24:47 -0300] "GET /cormun/servlet/hpexe_link HTTP/1.1" 200 967
190.95.1.187 - - [08/May/2025:11:24:47 -0300] "GET /cormun/servlet/trpermisosadjuntos?10722901,20250508102630,P, HTTP/1.1" 200 6820
129.222.173.48 - - [08/May/2025:11:24:47 -0300] "GET /cormun/servlet/hhome HTTP/1.1" 200 4295
129.222.173.48 - - [08/May/2025:11:24:49 -0300] "GET /cormun/servlet/hlogin HTTP/1.1" 200 1737
190.95.1.187 - - [08/May/2025:11:24:50 -0300] "POST /cormun/servlet/trpermisosadjuntos?6fd400d6e4eb302e39f6f392426749e6,10722901,20250508102630,P,,gx-no-cache=1746714426282 HTTP/1.1" 200 90
190.95.1.187 - - [08/May/2025:11:24:50 -0300] "GET /cormun/servlet/hpexe_link HTTP/1.1" 200 1010
190.95.1.187 - - [08/May/2025:11:24:50 -0300] "GET /cormun/servlet/trpermisosgoce?gx-no-cache=1746714362674 HTTP/1.1" 200 18036
129.222.173.48 - - [08/May/2025:11:24:51 -0300] "POST /cormun/servlet/hlogin?b27ae283b2023ede8fb2e0c48f3a58ab,gx-no-cache=1746714429268 HTTP/1.1" 200 90
129.222.173.48 - - [08/May/2025:11:24:51 -0300] "GET /cormun/servlet/hpexe_link HTTP/1.1" 200 956
129.222.173.48 - - [08/May/2025:11:24:51 -0300] "GET /cormun/servlet/hhome HTTP/1.1" 200 3939
190.95.1.187 - - [08/May/2025:11:24:52 -0300] "POST /cormun/servlet/trpermisosgoce?6fd400d6e4eb302e39f6f392426749e6,gx-no-cache=1746714362674,gx-no-cache=1746714428269 HTTP/1.1" 200 15076
190.95.1.187 - - [08/May/2025:11:24:52 -0300] "GET /cormun/static/Shared/jqueryui/images/ui-bg_highlight-soft_100_c6c2c8_1x100.png HTTP/1.1" 404 1117
190.95.1.187 - - [08/May/2025:11:24:52 -0300] "GET /cormun/static/Shared/jqueryui/images/ui-icons_82798d_256x240.png HTTP/1.1" 404 1089
190.95.1.187 - - [08/May/2025:11:24:52 -0300] "GET /cormun/static/Shared/jqueryui/images/ui-icons_8d78a5_256x240.png HTTP/1.1" 404 1089
190.95.1.187 - - [08/May/2025:11:24:52 -0300] "GET /cormun/static/Shared/jqueryui/images/ui-bg_flat_55_fafafa_40x100.png HTTP/1.1" 404 1097
129.222.173.48 - - [08/May/2025:11:24:57 -0300] "GET /cormun/servlet/trsolicitudot? HTTP/1.1" 200 7152
129.222.173.48 - - [08/May/2025:11:24:57 -0300] "GET /cormun/static/gxcfg.js?20221129846531 HTTP/1.1" 200 953
129.222.173.48 - - [08/May/2025:11:24:57 -0300] "GET /cormun/static/trsolicitudot.js?202211298465651 HTTP/1.1" 200 54040
129.222.173.48 - - [08/May/2025:11:25:05 -0300] "POST /cormun/servlet/trsolicitudot?b27ae283b2023ede8fb2e0c48f3a58ab,,gx-no-cache=1746714443118 HTTP/1.1" 200 4349
129.222.173.48 - - [08/May/2025:11:25:14 -0300] "POST /cormun/servlet/trsolicitudot?b27ae283b2023ede8fb2e0c48f3a58ab,,gx-no-cache=1746714451965 HTTP/1.1" 200 6664
