201.186.226.5 - - [06/May/2025:11:35:58 -0300] "GET /cormun/static/PXToolsJavascripts/pexe_oavdivfix.js HTTP/1.1" 200 639
201.186.226.5 - - [06/May/2025:11:35:58 -0300] "GET /cormun/static/PXToolsJavascripts/pexe_picture.js HTTP/1.1" 200 689
201.186.226.5 - - [06/May/2025:11:35:58 -0300] "GET /cormun/static/PXToolsJavascripts/pexe_popup.js HTTP/1.1" 200 15149
201.186.226.5 - - [06/May/2025:11:35:58 -0300] "GET /cormun/static/PXToolsJavascripts/pexe_scrolldiv.js HTTP/1.1" 200 4138
201.186.226.5 - - [06/May/2025:11:35:58 -0300] "GET /cormun/static/PXToolsJavascripts/pexe_tabdivfix.js HTTP/1.1" 200 898
201.186.226.5 - - [06/May/2025:11:35:58 -0300] "GET /cormun/static/PXToolsJavascripts/pexe_tabs.js HTTP/1.1" 200 3748
201.186.226.5 - - [06/May/2025:11:35:58 -0300] "GET /cormun/static/PXToolsJavascripts/pexe_upload.js HTTP/1.1" 200 1423
201.186.226.5 - - [06/May/2025:11:35:58 -0300] "GET /cormun/static/PXToolsJavascripts/PXToolsJavascriptsRender.js HTTP/1.1" 200 367
201.186.226.5 - - [06/May/2025:11:35:58 -0300] "GET /cormun/static/Resources/CormunMP2.png HTTP/1.1" 200 6878
201.186.226.5 - - [06/May/2025:11:35:58 -0300] "GET /cormun/static/Resources/ImgHome.png HTTP/1.1" 200 1364
201.186.226.5 - - [06/May/2025:11:35:58 -0300] "GET /cormun/static/Resources/ImgLogin.png HTTP/1.1" 200 1432
201.186.226.5 - - [06/May/2025:11:35:58 -0300] "GET /cormun/static/RunJS/RunJS.js HTTP/1.1" 200 288
201.186.226.5 - - [06/May/2025:11:35:58 -0300] "GET /cormun/static/Resources/Llave.png HTTP/1.1" 200 1395
201.186.226.5 - - [06/May/2025:11:35:58 -0300] "GET /cormun/static/Shared/ext/locale/ext-lang-en.js HTTP/1.1" 200 10940
201.186.226.5 - - [06/May/2025:11:35:58 -0300] "GET /cormun/static/Resources/PXToolsDataTitle.png HTTP/1.1" 200 1173
201.186.226.5 - - [06/May/2025:11:35:58 -0300] "GET /cormun/static/hhome.js?20201215495544 HTTP/1.1" 200 777
201.186.226.5 - - [06/May/2025:11:35:58 -0300] "GET /cormun/static/hwchdr01.js?2022112219251119 HTTP/1.1" 200 996
201.186.226.5 - - [06/May/2025:11:35:58 -0300] "GET /cormun/static/hpexe_recentlink.js?20201214471090 HTTP/1.1" 200 2144
201.186.226.5 - - [06/May/2025:11:35:58 -0300] "GET /cormun/static/hpexe_scripts.js?20201214471411 HTTP/1.1" 200 1544
201.186.226.5 - - [06/May/2025:11:35:58 -0300] "GET /cormun/static/hpexe_messagecontroller.js?202211298371222 HTTP/1.1" 200 870
201.186.226.5 - - [06/May/2025:11:35:58 -0300] "GET /cormun/static/gxui/gxui-all.js HTTP/1.1" 200 107772
201.186.226.5 - - [06/May/2025:11:35:58 -0300] "GET /cormun/static/hpexe_messagepopupcomponent.js?2020121447232 HTTP/1.1" 200 605
201.186.226.5 - - [06/May/2025:11:35:58 -0300] "GET /cormun/static/hpexe_messagegenexuscomponent.js?20221129836373 HTTP/1.1" 200 587
201.186.226.5 - - [06/May/2025:11:35:58 -0300] "GET /cormun/static/cmcontrolpreferences.js?20199141926336 HTTP/1.1" 200 1375
201.186.226.5 - - [06/May/2025:11:35:58 -0300] "GET /cormun/static/Shared/jquery/jquery-1.4.2.min.js HTTP/1.1" 200 72174
201.186.226.5 - - [06/May/2025:11:35:58 -0300] "GET /cormun/static/SmoothNavMenu/resources/ddsmoothmenu.js HTTP/1.1" 200 12712
201.186.226.5 - - [06/May/2025:11:35:58 -0300] "GET /cormun/static/SmoothNavMenu/resources/SmoothNavMenuRender.js HTTP/1.1" 200 5951
201.186.226.5 - - [06/May/2025:11:35:58 -0300] "GET /cormun/static/scaMessage/js/jquery.pnotify.min.js HTTP/1.1" 200 13038
201.186.226.5 - - [06/May/2025:11:35:58 -0300] "GET /cormun/static/scaMessage/scaMessageRender.js HTTP/1.1" 200 11977
201.186.226.5 - - [06/May/2025:11:35:58 -0300] "GET /cormun/static/hmpwkw03.js?20221129844354 HTTP/1.1" 200 3971
201.186.226.5 - - [06/May/2025:11:35:58 -0300] "GET /cormun/static/Shared/jquery/jquery-1.10.2.min.js HTTP/1.1" 200 273199
201.186.226.5 - - [06/May/2025:11:35:58 -0300] "GET /cormun/static/Shared/jqueryui/jquery-ui.min.js HTTP/1.1" 200 240427
201.186.226.5 - - [06/May/2025:11:35:58 -0300] "GET /cormun/static/Shared/ext/ext-all.js HTTP/1.1" 200 1289687
201.186.226.5 - - [06/May/2025:11:35:58 -0300] "GET /cormun/static/SmoothNavMenu/resources/images/down.gif HTTP/1.1" 200 854
201.186.226.5 - - [06/May/2025:11:36:01 -0300] "GET /cormun/servlet/trlicencias? HTTP/1.1" 200 10118
201.186.226.5 - - [06/May/2025:11:36:01 -0300] "GET /cormun/static/gxui/gxui-all.css?120300 HTTP/1.1" 200 2179
201.186.226.5 - - [06/May/2025:11:36:01 -0300] "GET /cormun/static/calendar-system.css?85620 HTTP/1.1" 200 5572
201.186.226.5 - - [06/May/2025:11:36:01 -0300] "GET /cormun/static/gxcfg.js?202211298463625 HTTP/1.1" 200 953
201.186.226.5 - - [06/May/2025:11:36:01 -0300] "GET /cormun/static/calendar-setup.js?85251 HTTP/1.1" 200 2588
201.186.226.5 - - [06/May/2025:11:36:01 -0300] "GET /cormun/static/calendar.js?85251 HTTP/1.1" 200 26246
201.186.226.5 - - [06/May/2025:11:36:01 -0300] "GET /cormun/static/calendar-es.js?85251 HTTP/1.1" 200 1901
201.186.226.5 - - [06/May/2025:11:36:01 -0300] "GET /cormun/static/Resources/PXTools/calendar.png HTTP/1.1" 200 1306
201.186.226.5 - - [06/May/2025:11:36:01 -0300] "GET /cormun/static/gxdec.js?85251 HTTP/1.1" 200 19579
201.186.226.5 - - [06/May/2025:11:36:01 -0300] "GET /cormun/static/trlicencias.js?202211298463889 HTTP/1.1" 200 41883
201.186.226.5 - - [06/May/2025:11:36:01 -0300] "GET /cormun/static/Resources/PXToolsDataSearch.png HTTP/1.1" 200 435
201.186.226.5 - - [06/May/2025:11:36:01 -0300] "GET /cormun/static/Resources/PXToolsGridFirstDisabled.gif HTTP/1.1" 200 100
201.186.226.5 - - [06/May/2025:11:36:01 -0300] "GET /cormun/static/Shared/ext/resources/css/ext-all.css?215870 HTTP/1.1" 200 416045
201.186.226.5 - - [06/May/2025:11:36:01 -0300] "GET /cormun/static/Resources/PXToolsGridPreviousDisabled.gif HTTP/1.1" 200 90
201.186.226.5 - - [06/May/2025:11:36:01 -0300] "GET /cormun/static/Resources/PXToolsGridNextDisabled.gif HTTP/1.1" 200 90
201.186.226.5 - - [06/May/2025:11:36:01 -0300] "GET /cormun/static/Resources/PXToolsGridLastDisabled.gif HTTP/1.1" 200 98
201.186.226.5 - - [06/May/2025:11:36:02 -0300] "GET /cormun/static/Resources/PXToolsAddAllAction.png HTTP/1.1" 200 495
201.186.226.5 - - [06/May/2025:11:36:02 -0300] "GET /cormun/static/Resources/PXToolsGridPage.gif HTTP/1.1" 200 725
201.186.226.5 - - [06/May/2025:11:36:02 -0300] "GET /cormun/static/Resources/PXToolsActionExcel.png HTTP/1.1" 200 727
201.186.226.5 - - [06/May/2025:11:36:02 -0300] "GET /cormun//static/Resources/PXToolsActionDisabled.gif HTTP/1.1" 200 53
201.186.226.5 - - [06/May/2025:11:36:02 -0300] "GET /cormun/static/Resources/asc.gif HTTP/1.1" 200 67
201.186.226.5 - - [06/May/2025:11:36:02 -0300] "GET /cormun/static/Resources/desc.gif HTTP/1.1" 200 65
201.186.226.5 - - [06/May/2025:11:36:02 -0300] "GET /cormun//static/Resources/PXToolsGridDisplay.png HTTP/1.1" 200 525
201.186.226.5 - - [06/May/2025:11:36:02 -0300] "GET /cormun//static/Resources/PXTools/ActionInsert.png HTTP/1.1" 200 1482
201.186.226.5 - - [06/May/2025:11:36:02 -0300] "GET /cormun//static/Resources/PXToolsActionPrint.png HTTP/1.1" 200 404
201.186.226.5 - - [06/May/2025:11:36:02 -0300] "GET /cormun//static/Resources/PXToolsHeaderHelp.png HTTP/1.1" 200 1333
201.186.226.5 - - [06/May/2025:11:36:02 -0300] "GET /cormun//static/Resources/PXToolsHeaderFavorites.png HTTP/1.1" 200 1414
201.186.226.5 - - [06/May/2025:11:36:02 -0300] "GET /cormun/static/Shared/ext/resources/themes/images/default/panel/bg-headersPanel.png HTTP/1.1" 200 255
201.186.226.5 - - [06/May/2025:11:36:02 -0300] "GET /cormun/static/Shared/ext/resources/themes/images/default/tools/tool-sprites.gif HTTP/1.1" 200 5434
190.95.15.15 - - [06/May/2025:11:36:36 -0300] "GET /cormun/servlet/solicitudot?cb605cd5d41e10681ce4e081e08783951b4b01d065af8e57f28d262f4ce0b22902644a4745540aa52c5425e7ce41856c6c18e29ad7ff697e20715cb128a5549efa8e7e1a0897c6ff3aa98e5f845aa5fd853aa54cb85e24c052a74f301a509cfc71d56da9e2d66a12d69805041f480009,gx-no-cache=1746542335506 HTTP/1.1" 200 110
179.57.78.71 - - [06/May/2025:11:36:45 -0300] "GET /cormun/servlet/hlogin HTTP/1.1" 200 1721
179.57.78.71 - - [06/May/2025:11:36:45 -0300] "GET /cormun/servlet/hlogin HTTP/1.1" 200 1731
179.57.78.71 - - [06/May/2025:11:36:51 -0300] "POST /cormun/servlet/hlogin?d3df091e2f5f994db01f66bde68b00d3,gx-no-cache=1746542350640 HTTP/1.1" 200 90
179.57.78.71 - - [06/May/2025:11:36:51 -0300] "GET /cormun/servlet/hpexe_link HTTP/1.1" 200 951
179.57.78.71 - - [06/May/2025:11:36:51 -0300] "GET /cormun/servlet/hhome HTTP/1.1" 200 4250
179.57.78.71 - - [06/May/2025:11:36:55 -0300] "GET /cormun/servlet/trlicencias? HTTP/1.1" 200 12375
190.95.15.15 - - [06/May/2025:11:37:24 -0300] "POST /cormun/servlet/solicitudot?gx-no-cache=1746542383457 HTTP/1.1" 200 72
190.95.15.15 - - [06/May/2025:11:37:41 -0300] "GET /cormun/servlet/solicitudot?cb605cd5d41e10681ce4e081e08783959b5904a2a9ff08dc687f8bf9714e1bde86a2ba5a207fa0cfbed4df2e45e0bcf7cab041b0699af2e1042eaa3640e2af150f5a637b1fc51ab1ee114cd2a25e744ebf2a855ab5f6b1283def1901870784fe2e1c417dbd2ca4c9dd52d54c60dfc66f,gx-no-cache=1746542400540 HTTP/1.1" 200 29
190.95.15.15 - - [06/May/2025:11:37:41 -0300] "GET /cormun/static/menuarrow.gif HTTP/1.1" 404 1015
190.95.15.15 - - [06/May/2025:11:37:46 -0300] "GET /cormun/servlet/solicitudot?cb605cd5d41e10681ce4e081e0878395b0f18da4090fc5c8e4cef91357a121651911338c8b9fe25ada971aa429918a03,gx-no-cache=1746542405225 HTTP/1.1" 200 30
190.95.15.15 - - [06/May/2025:11:37:56 -0300] "POST /cormun/servlet/solicitudot?gx-no-cache=1746542415214 HTTP/1.1" 200 30
190.95.1.183 - - [06/May/2025:11:38:10 -0300] "GET /cormun/servlet/solicitudot?dfc432ae050fcdf842890de2e562b81eed4a401e154040ace4809108412053f3e72f2f552e3add8fefed6d24ded3662df66babbd62521c2488b6e73329f1ce6514ddbabb355e8b45264ccd6b39d281c3,gx-no-cache=1746542443513 HTTP/1.1" 200 30
190.95.1.183 - - [06/May/2025:11:38:10 -0300] "GET /cormun/servlet/solicitudot?dfc432ae050fcdf842890de2e562b81eda877109c981bfa43d1f5c5dddb986ee,gx-no-cache=1746542443540 HTTP/1.1" 200 29
190.95.15.15 - - [06/May/2025:11:38:13 -0300] "POST /cormun/servlet/solicitudot?67ff843e8e3ba34e5c647f09ef452910,INS,0,0,false,,gx-no-cache=1746542432543 HTTP/1.1" 200 93
190.95.15.15 - - [06/May/2025:11:38:13 -0300] "GET /cormun/servlet/hpexe_return? HTTP/1.1" 200 1010
190.95.15.15 - - [06/May/2025:11:38:13 -0300] "GET /cormun/servlet/trsolicitudot HTTP/1.1" 200 8601
190.95.1.183 - - [06/May/2025:11:38:17 -0300] "POST /cormun/servlet/solicitudot?gx-no-cache=1746542451209 HTTP/1.1" 200 240
190.95.1.183 - - [06/May/2025:11:38:20 -0300] "GET /cormun/servlet/solicitudot?dfc432ae050fcdf842890de2e562b81e228e7a8a8dd0726dd1ea9c36fbd9d4699e9777c1cbf265032fb1713f4ecc68cdf5770a561bac88bc10ec9b48a4eb2080b14f77d76bf008875b81f7e6aaeae05307f300100c27c0f3d81e5b47f1cb2cc8411dd82786a47470c27de3af9cd71774b21b31fef29051867a8424837190062eb39281c4c1a2a39646758f51a75c7b870aa89ad5c02fe0c29b15d011fe31dd6bfa66750627f6368b94b43477b5f8985d801ab381644bfb7fe5a8897fcf94f684e837e6a54e532b64a08dfedb3b4183e4c102910b31467b2a6620b370e1537139901eb8da926a1627338bee141922455b03df4b83b92d72a40d8d98e57553e36efd2b01b921d7201fcfba04b188061e0e7b7fd72a67ade069063785487c4991056029a1914e1bb2be91a1eaf6a699521dc9c0b5a45c36896ae7358ac60f780349b7f0fad8e61101ff6c3b70257d1bc2d6214df02e956ac2e4d513f114f29674c8184320b872061c9f90214f26271bc9a66ab940d0699d6557d543344981b09b68,gx-no-cache=1746542453964 HTTP/1.1" 200 30
190.95.1.183 - - [06/May/2025:11:38:21 -0300] "POST /cormun/servlet/solicitudot?gx-no-cache=1746542455233 HTTP/1.1" 200 30
190.95.1.183 - - [06/May/2025:11:38:23 -0300] "POST /cormun/servlet/solicitudot?gx-no-cache=1746542456309 HTTP/1.1" 200 1479
190.95.1.183 - - [06/May/2025:11:38:23 -0300] "POST /cormun/servlet/solicitudot?gx-no-cache=1746542456343 HTTP/1.1" 200 38
190.95.15.15 - - [06/May/2025:11:38:24 -0300] "POST /cormun/servlet/trsolicitudot?67ff843e8e3ba34e5c647f09ef452910,gx-no-cache=1746542443251 HTTP/1.1" 200 112
190.95.15.15 - - [06/May/2025:11:38:24 -0300] "GET /cormun/servlet/solicitudot?UPD,2025,22553,false, HTTP/1.1" 200 16598
190.95.15.15 - - [06/May/2025:11:38:25 -0300] "POST /cormun/servlet/solicitudot?gx-no-cache=1746542444027 HTTP/1.1" 200 4133
190.95.15.15 - - [06/May/2025:11:38:25 -0300] "POST /cormun/servlet/solicitudot?67ff843e8e3ba34e5c647f09ef452910,UPD,2025,22553,false,,gx-no-cache=1746542444115 HTTP/1.1" 200 12773
190.95.15.15 - - [06/May/2025:11:38:25 -0300] "GET /cormun/servlet/solicitudot?cb605cd5d41e10681ce4e081e08783955e38e6d0cdf4f2e5334194e2a8624c37258d5d9fc0a224032e4405eec3884144,gx-no-cache=1746542444208 HTTP/1.1" 200 30
190.95.15.15 - - [06/May/2025:11:38:25 -0300] "GET /cormun/servlet/solicitudot?cb605cd5d41e10681ce4e081e08783958103c64d37b54c32a6c1bc83527129dd7f929363be9b2edeeff7b52b6bdc3cda2f962c5d83f57af400fb3f1b0dce793f,gx-no-cache=1746542444233 HTTP/1.1" 200 30
190.95.15.15 - - [06/May/2025:11:38:25 -0300] "GET /cormun/servlet/solicitudot?cb605cd5d41e10681ce4e081e0878395eab3346b418857401b3d4e1f1f2206bc4017079d73d1820001d8cb2b6651f374fb26a4d2d5e904585a0aa66256f86676,gx-no-cache=1746542444249 HTTP/1.1" 200 53
190.95.15.15 - - [06/May/2025:11:38:25 -0300] "POST /cormun/servlet/solicitudot?gx-no-cache=1746542444267 HTTP/1.1" 200 297
190.95.15.15 - - [06/May/2025:11:38:25 -0300] "GET /cormun/servlet/solicitudot?cb605cd5d41e10681ce4e081e0878395c17c828bddf6a52d275eb7b42a33b82a53fa649c8ed34f07f13c2087db6da264f52b7ca7dd95de1586a72674b9c6404375b97eaef4f11f12add69c033543499560ae83671afd98e7239301f3c469f6bc0f230d08775a6edbcee09185a5cc6c2cd34ec4433f13f9d2afd1eef4d5d87b5e3aef144a9d56850763cca117e427ff724eae8adbfe2eaedf266ebb206e7861b9c65d9214e71f89a67e5c0bb47b5d002c917c67f074d37bcc446416324bb6b5e5f7ae1a7ae6547ba5ff5f5dad4a6766717333262728086f8e9a506567c3bdb4b4727999924267b4bc86350be509689cfd39498821a0eb7e0f657d12f13ac9a7d38abaee19d75f3c87521b12a7ff5022b1a86e5c52af22a4a562b34493a84b31a877f0bf046b0f958c1de68d79b8a2d256af86397be12746824925d76abdbe36070b818d0f2d2b36c1a94259093af0d31f46a5c30e0387a04cd9faa24005d9c7f31557da28d31f4e8c6d10a905990b8932aa11a9b1e460183b41e9e681e08aa5ed2c40c6803be64908af7cc7223e9c0a1c,gx-no-cache=1746542444286 HTTP/1.1" 200 30
190.95.15.15 - - [06/May/2025:11:38:25 -0300] "POST /cormun/servlet/solicitudot?gx-no-cache=1746542444305 HTTP/1.1" 200 30
190.95.15.15 - - [06/May/2025:11:38:25 -0300] "POST /cormun/servlet/solicitudot?gx-no-cache=1746542444325 HTTP/1.1" 200 1482
190.95.15.15 - - [06/May/2025:11:38:25 -0300] "POST /cormun/servlet/solicitudot?gx-no-cache=1746542444343 HTTP/1.1" 200 41
190.95.1.183 - - [06/May/2025:11:38:27 -0300] "GET /cormun/servlet/solicitudot?dfc432ae050fcdf842890de2e562b81e8a11faac0bc2cf325b54b69df4ac310eb6b5f5a6680b5542e8afc47bae8367459011dfc58372450a19fa544ddc133ffc4f354af2004b5e8769fa080e7a52df1aacbe23cff3e9b7017f332f6013f12bcbed252a34290bd3e6c863369843c6eccb,gx-no-cache=1746542460707 HTTP/1.1" 200 110
190.95.1.183 - - [06/May/2025:11:38:29 -0300] "POST /cormun/servlet/solicitudot?gx-no-cache=1746542463200 HTTP/1.1" 200 97
190.95.1.183 - - [06/May/2025:11:38:36 -0300] "GET /cormun/servlet/solicitudot?dfc432ae050fcdf842890de2e562b81e4b430cad1de9da7bc77252a09e3533af16144b1029a25961ba7483a030c9f5d53da6ea7eea9ae6294690e7ae2b5c2f34fb1a491f808db525ced4b09b9da770cd3238f16bcb2f26e7898e1627030a4d63dc5f8163bdde14eb55f863c34522f916,gx-no-cache=1746542469975 HTTP/1.1" 200 29
190.95.1.183 - - [06/May/2025:11:38:36 -0300] "GET /cormun/static/menuarrow.gif HTTP/1.1" 404 1015
190.95.15.15 - - [06/May/2025:11:38:44 -0300] "GET /cormun/servlet/solicitudot?cb605cd5d41e10681ce4e081e08783951b4b01d065af8e57f28d262f4ce0b22902644a4745540aa52c5425e7ce41856c6c18e29ad7ff697e20715cb128a5549efa8e7e1a0897c6ff3aa98e5f845aa5fd853aa54cb85e24c052a74f301a509cfc71d56da9e2d66a12d69805041f480009,gx-no-cache=1746542463049 HTTP/1.1" 200 110
190.95.15.15 - - [06/May/2025:11:38:44 -0300] "POST /cormun/servlet/solicitudot?gx-no-cache=1746542463068 HTTP/1.1" 200 67
190.95.15.15 - - [06/May/2025:11:38:44 -0300] "GET /cormun/servlet/solicitudot?cb605cd5d41e10681ce4e081e08783958fd4056a7eb05633daaa8dd4c4cebd545925db9ac100be56bac2be9ed5e7f492d54e98e4fa17e1080c4361609a7b1e94ebd2d4941990914da4163e14ee7ca136d4b56317923aaf7b59998f9a86f7d7c452a73e2b4cdeb9f5233dd56854941078,gx-no-cache=1746542463087 HTTP/1.1" 200 29
190.95.15.15 - - [06/May/2025:11:38:44 -0300] "GET /cormun/servlet/solicitudot?cb605cd5d41e10681ce4e081e0878395b0f18da4090fc5c8e4cef91357a121651911338c8b9fe25ada971aa429918a03,gx-no-cache=1746542463102 HTTP/1.1" 200 30
190.95.15.15 - - [06/May/2025:11:38:44 -0300] "POST /cormun/servlet/solicitudot?gx-no-cache=1746542463117 HTTP/1.1" 200 30
190.95.1.183 - - [06/May/2025:11:38:51 -0300] "GET /cormun/servlet/solicitudot?dfc432ae050fcdf842890de2e562b81e71a6dc4c8e3ee40ea0f86d3d38f0013724d0b87f35a1787a16894cf8536b6b55,gx-no-cache=1746542484686 HTTP/1.1" 200 134
190.95.1.183 - - [06/May/2025:11:38:51 -0300] "GET /cormun/static/Shared/jqueryui/images/ui-bg_highlight-soft_100_c6c2c8_1x100.png HTTP/1.1" 404 1117
190.95.1.183 - - [06/May/2025:11:38:51 -0300] "GET /cormun/static/Shared/jqueryui/images/ui-icons_82798d_256x240.png HTTP/1.1" 404 1089
190.95.1.183 - - [06/May/2025:11:38:51 -0300] "GET /cormun/static/Shared/jqueryui/images/ui-icons_ebccce_256x240.png HTTP/1.1" 404 1089
190.95.1.183 - - [06/May/2025:11:38:51 -0300] "GET /cormun/static/Shared/jqueryui/images/ui-bg_flat_55_994d53_40x100.png HTTP/1.1" 404 1097
190.95.15.15 - - [06/May/2025:11:38:52 -0300] "POST /cormun/servlet/solicitudot?67ff843e8e3ba34e5c647f09ef452910,UPD,2025,22553,false,,gx-no-cache=1746542471538 HTTP/1.1" 200 93
190.95.15.15 - - [06/May/2025:11:38:52 -0300] "GET /cormun/servlet/hpexe_return? HTTP/1.1" 200 1016
190.95.15.15 - - [06/May/2025:11:38:52 -0300] "GET /cormun/servlet/trsolicitudot HTTP/1.1" 200 8601
190.95.15.15 - - [06/May/2025:11:38:59 -0300] "GET /cormun/servlet/solicitudot?INS,0,0,false, HTTP/1.1" 200 15980
179.57.78.71 - - [06/May/2025:11:39:01 -0300] "GET /cormun/servlet/trlicencias? HTTP/1.1" 200 6050
179.57.78.71 - - [06/May/2025:11:39:01 -0300] "GET /cormun/servlet/hlogin HTTP/1.1" 200 1740
190.95.1.183 - - [06/May/2025:11:39:01 -0300] "GET /cormun/servlet/solicitudot?dfc432ae050fcdf842890de2e562b81e4d990a3f70a10e39cd230b5cb2b572f822235039e2166de78049a54a4e1af58d,gx-no-cache=1746542495168 HTTP/1.1" 200 30
201.186.225.183 - - [06/May/2025:11:39:06 -0300] "GET /cormun/servlet/trpermisosgoce? HTTP/1.1" 200 6025
201.186.225.183 - - [06/May/2025:11:39:06 -0300] "GET /cormun/servlet/hlogin HTTP/1.1" 200 1739
201.186.225.183 - - [06/May/2025:11:39:07 -0300] "GET /cormun/servlet/trpermisosgoce? HTTP/1.1" 200 6024
190.95.1.183 - - [06/May/2025:11:39:07 -0300] "POST /cormun/servlet/solicitudot?gx-no-cache=1746542500708 HTTP/1.1" 200 30
179.57.78.71 - - [06/May/2025:11:39:09 -0300] "POST /cormun/servlet/hlogin?93560f28c8b2f624de4fc38a0e20f610,gx-no-cache=1746542489376 HTTP/1.1" 200 90
179.57.78.71 - - [06/May/2025:11:39:09 -0300] "GET /cormun/servlet/hpexe_link HTTP/1.1" 200 959
179.57.78.71 - - [06/May/2025:11:39:09 -0300] "GET /cormun/servlet/trlicencias HTTP/1.1" 200 12243
192.168.10.21 - - [06/May/2025:11:39:11 -0300] "GET /cormun/servlet/hhome HTTP/1.1" 200 3324
192.168.10.21 - - [06/May/2025:11:39:11 -0300] "GET /cormun/servlet/hhome HTTP/1.1" 200 3334
192.168.10.21 - - [06/May/2025:11:39:11 -0300] "GET /cormun/servlet/hlogin HTTP/1.1" 200 1737
192.168.10.21 - - [06/May/2025:11:39:12 -0300] "GET /favicon.ico HTTP/1.1" 200 21630
201.186.225.183 - - [06/May/2025:11:39:16 -0300] "POST /cormun/servlet/hlogin?d2e8baa9fb2a459c9cf234e35d026968,gx-no-cache=1746542497004 HTTP/1.1" 200 90
201.186.225.183 - - [06/May/2025:11:39:16 -0300] "GET /cormun/servlet/hpexe_link HTTP/1.1" 200 955
201.186.225.183 - - [06/May/2025:11:39:16 -0300] "GET /cormun/servlet/trpermisosgoce HTTP/1.1" 200 18417
192.168.10.21 - - [06/May/2025:11:39:16 -0300] "POST /cormun/servlet/hlogin?7619ed7dc162231084b13d920c6e3ee2,gx-no-cache=1746542513222 HTTP/1.1" 200 90
192.168.10.21 - - [06/May/2025:11:39:16 -0300] "GET /cormun/servlet/hpexe_link HTTP/1.1" 200 954
192.168.10.21 - - [06/May/2025:11:39:17 -0300] "GET /cormun/servlet/hhome HTTP/1.1" 200 3825
192.168.10.21 - - [06/May/2025:11:39:19 -0300] "GET /cormun/servlet/trsolicitudgral? HTTP/1.1" 200 27267
192.168.10.21 - - [06/May/2025:11:39:24 -0300] "GET /cormun/static/menuarrow.gif HTTP/1.1" 404 1015
190.95.1.183 - - [06/May/2025:11:39:33 -0300] "POST /cormun/servlet/solicitudot?9eb0596d992dffecb92ddc1eb23f43ab,INS,0,0,false,,gx-no-cache=1746542526424 HTTP/1.1" 200 93
190.95.1.183 - - [06/May/2025:11:39:33 -0300] "GET /cormun/servlet/hpexe_return? HTTP/1.1" 200 1004
190.95.1.183 - - [06/May/2025:11:39:33 -0300] "GET /cormun/servlet/trsolicitudot HTTP/1.1" 200 8582
179.57.78.9 - - [06/May/2025:11:39:35 -0300] "GET /cormun/servlet/hlogin HTTP/1.1" 200 1716
179.57.78.9 - - [06/May/2025:11:39:35 -0300] "GET /cormun/servlet/hlogin HTTP/1.1" 200 1726
179.57.78.9 - - [06/May/2025:11:39:35 -0300] "GET /favicon.ico HTTP/1.1" 200 21630
190.95.1.183 - - [06/May/2025:11:39:35 -0300] "POST /cormun/servlet/trsolicitudot?9eb0596d992dffecb92ddc1eb23f43ab,gx-no-cache=1746542528953 HTTP/1.1" 200 106
190.95.1.183 - - [06/May/2025:11:39:35 -0300] "GET /cormun/servlet/trsolicitudadjuntos?2025,22554, HTTP/1.1" 200 6082
201.186.225.183 - - [06/May/2025:11:39:36 -0300] "GET /cormun/servlet/permisogoce?INS,0,,, HTTP/1.1" 200 6827
179.57.78.9 - - [06/May/2025:11:39:37 -0300] "POST /cormun/servlet/hlogin?34a75fc394b99c45ffe2c47c0e74142e,gx-no-cache=1746542519345 HTTP/1.1" 200 90
179.57.78.9 - - [06/May/2025:11:39:37 -0300] "GET /cormun/servlet/hpexe_link HTTP/1.1" 200 948
179.57.78.9 - - [06/May/2025:11:39:37 -0300] "GET /cormun/servlet/hhome HTTP/1.1" 200 4341
190.95.1.183 - - [06/May/2025:11:39:39 -0300] "GET /cormun/servlet/solicitudotadjuntos?INS,2025,22554,,1, HTTP/1.1" 200 6029
190.95.1.183 - - [06/May/2025:11:39:39 -0300] "GET /cormun/static/about:blank HTTP/1.1" 404 1011
179.57.78.9 - - [06/May/2025:11:39:39 -0300] "GET /cormun/servlet/trlicencias? HTTP/1.1" 200 10645
190.95.1.183 - - [06/May/2025:11:39:40 -0300] "GET /cormun/servlet/solicitudotadjuntos?dfc432ae050fcdf842890de2e562b81e7baa32d2d9b224a1d9b530bb906fc0940e128df1bc466e5b667d3c1366954e1b,gx-no-cache=1746542533528 HTTP/1.1" 200 30
190.95.1.183 - - [06/May/2025:11:39:40 -0300] "POST /cormun/servlet/solicitudotadjuntos?9eb0596d992dffecb92ddc1eb23f43ab,INS,2025,22554,,1,,gx-no-cache=1746542533541 HTTP/1.1" 200 3864
190.95.1.183 - - [06/May/2025:11:39:41 -0300] "POST /cormun/servlet/solicitudotadjuntos?gx-no-cache=1746542534799 HTTP/1.1" 200 26
190.95.1.183 - - [06/May/2025:11:39:46 -0300] "GET /cormun/servlet/solicitudotadjuntos?dfc432ae050fcdf842890de2e562b81e04f4eb19397213503e93f918968ff6ce,gx-no-cache=1746542539919 HTTP/1.1" 200 30
190.95.1.183 - - [06/May/2025:11:39:46 -0300] "GET /cormun/servlet/solicitudotadjuntos?dfc432ae050fcdf842890de2e562b81e04f4eb19397213503e93f918968ff6ce,gx-no-cache=1746542539931 HTTP/1.1" 200 30
190.95.1.183 - - [06/May/2025:11:39:46 -0300] "POST /cormun/servlet/solicitudotadjuntos?9eb0596d992dffecb92ddc1eb23f43ab,INS,2025,22554,,1, HTTP/1.1" 200 116
190.95.1.183 - - [06/May/2025:11:39:47 -0300] "GET /cormun/servlet/hpexe_return? HTTP/1.1" 200 1022
190.95.1.183 - - [06/May/2025:11:39:47 -0300] "GET /cormun/servlet/trsolicitudadjuntos?2025,22554, HTTP/1.1" 200 9114
201.186.225.183 - - [06/May/2025:11:39:47 -0300] "GET /cormun/servlet/permisogoce?556d2dd6008e647fe02c21cc573c21b6a601814982f9cd99d8a377f0cdcca0c84db4827a4416d6391ba2abd1bb2856ee0060598167df7cf15cae8259a73c7f11,gx-no-cache=1746542528664 HTTP/1.1" 200 84
201.186.225.183 - - [06/May/2025:11:39:48 -0300] "GET /cormun/static/menuarrow.gif HTTP/1.1" 404 1015
190.95.1.183 - - [06/May/2025:11:39:48 -0300] "GET /cormun/servlet/solicitudotadjuntos?INS,2025,22554,,1, HTTP/1.1" 200 6029
190.95.1.183 - - [06/May/2025:11:39:48 -0300] "GET /cormun/static/about:blank HTTP/1.1" 404 1011
190.95.1.183 - - [06/May/2025:11:39:49 -0300] "GET /cormun/servlet/solicitudotadjuntos?dfc432ae050fcdf842890de2e562b81e7baa32d2d9b224a1d9b530bb906fc0940e128df1bc466e5b667d3c1366954e1b,gx-no-cache=1746542542710 HTTP/1.1" 200 30
190.95.1.183 - - [06/May/2025:11:39:49 -0300] "POST /cormun/servlet/solicitudotadjuntos?9eb0596d992dffecb92ddc1eb23f43ab,INS,2025,22554,,1,,gx-no-cache=1746542542723 HTTP/1.1" 200 3864
190.95.1.183 - - [06/May/2025:11:39:50 -0300] "POST /cormun/servlet/solicitudotadjuntos?gx-no-cache=1746542544041 HTTP/1.1" 200 26
192.168.10.21 - - [06/May/2025:11:39:54 -0300] "POST /cormun/servlet/trsolicitudgral?7619ed7dc162231084b13d920c6e3ee2,,gx-no-cache=1746542550970 HTTP/1.1" 200 8016
190.95.1.183 - - [06/May/2025:11:39:57 -0300] "GET /cormun/servlet/solicitudotadjuntos?dfc432ae050fcdf842890de2e562b81e04f4eb19397213503e93f918968ff6ce,gx-no-cache=1746542550815 HTTP/1.1" 200 30
190.95.1.183 - - [06/May/2025:11:39:57 -0300] "GET /cormun/servlet/solicitudotadjuntos?dfc432ae050fcdf842890de2e562b81e04f4eb19397213503e93f918968ff6ce,gx-no-cache=1746542550827 HTTP/1.1" 200 30
190.95.1.183 - - [06/May/2025:11:39:57 -0300] "POST /cormun/servlet/solicitudotadjuntos?9eb0596d992dffecb92ddc1eb23f43ab,INS,2025,22554,,1, HTTP/1.1" 200 116
190.95.1.183 - - [06/May/2025:11:39:57 -0300] "GET /cormun/servlet/hpexe_return? HTTP/1.1" 200 1022
190.95.1.183 - - [06/May/2025:11:39:57 -0300] "GET /cormun/servlet/trsolicitudadjuntos?2025,22554, HTTP/1.1" 200 9389
190.95.1.183 - - [06/May/2025:11:39:59 -0300] "GET /cormun/servlet/solicitudotadjuntos?INS,2025,22554,,1, HTTP/1.1" 200 6029
190.95.1.183 - - [06/May/2025:11:39:59 -0300] "GET /cormun/static/about:blank HTTP/1.1" 404 1011
190.95.1.183 - - [06/May/2025:11:40:00 -0300] "GET /cormun/servlet/solicitudotadjuntos?dfc432ae050fcdf842890de2e562b81e7baa32d2d9b224a1d9b530bb906fc0940e128df1bc466e5b667d3c1366954e1b,gx-no-cache=1746542553458 HTTP/1.1" 200 30
190.95.1.183 - - [06/May/2025:11:40:00 -0300] "POST /cormun/servlet/solicitudotadjuntos?9eb0596d992dffecb92ddc1eb23f43ab,INS,2025,22554,,1,,gx-no-cache=1746542553474 HTTP/1.1" 200 3864
201.186.225.183 - - [06/May/2025:11:40:02 -0300] "GET /cormun/servlet/permisogoce?556d2dd6008e647fe02c21cc573c21b686f147c4af2027ee353226a37d0947bba68120160dd9f0ab464ece5c550a35917fc4e03571d36b92993a5d2b47439ba2,gx-no-cache=1746542543446 HTTP/1.1" 200 48
190.95.1.183 - - [06/May/2025:11:40:03 -0300] "POST /cormun/servlet/solicitudotadjuntos?gx-no-cache=1746542556593 HTTP/1.1" 200 26
201.186.225.183 - - [06/May/2025:11:40:03 -0300] "POST /cormun/servlet/permisogoce?d2e8baa9fb2a459c9cf234e35d026968,INS,0,,,,gx-no-cache=1746542544217 HTTP/1.1" 200 93
201.186.225.183 - - [06/May/2025:11:40:03 -0300] "GET /cormun/servlet/hpexe_return? HTTP/1.1" 200 1009
201.186.225.183 - - [06/May/2025:11:40:03 -0300] "GET /cormun/servlet/trpermisosgoce HTTP/1.1" 200 18389
190.95.1.183 - - [06/May/2025:11:40:07 -0300] "GET /cormun/servlet/solicitudotadjuntos?dfc432ae050fcdf842890de2e562b81e04f4eb19397213503e93f918968ff6ce,gx-no-cache=1746542560999 HTTP/1.1" 200 30
190.95.1.183 - - [06/May/2025:11:40:07 -0300] "GET /cormun/servlet/solicitudotadjuntos?dfc432ae050fcdf842890de2e562b81e04f4eb19397213503e93f918968ff6ce,gx-no-cache=1746542561019 HTTP/1.1" 200 30
190.95.1.183 - - [06/May/2025:11:40:07 -0300] "POST /cormun/servlet/solicitudotadjuntos?9eb0596d992dffecb92ddc1eb23f43ab,INS,2025,22554,,1, HTTP/1.1" 200 116
190.95.1.183 - - [06/May/2025:11:40:07 -0300] "GET /cormun/servlet/hpexe_return? HTTP/1.1" 200 1022
190.95.1.183 - - [06/May/2025:11:40:07 -0300] "GET /cormun/servlet/trsolicitudadjuntos?2025,22554, HTTP/1.1" 200 9614
201.186.225.183 - - [06/May/2025:11:40:08 -0300] "GET /cormun/servlet/apermisogoceprn?18648884,P,20250506104213,PU HTTP/1.1" 200 1659
190.95.1.183 - - [06/May/2025:11:40:09 -0300] "GET /cormun/servlet/solicitudotadjuntos?INS,2025,22554,,1, HTTP/1.1" 200 6029
190.95.1.183 - - [06/May/2025:11:40:09 -0300] "GET /cormun/static/about:blank HTTP/1.1" 404 1011
190.95.1.183 - - [06/May/2025:11:40:10 -0300] "GET /cormun/servlet/solicitudotadjuntos?dfc432ae050fcdf842890de2e562b81e7baa32d2d9b224a1d9b530bb906fc0940e128df1bc466e5b667d3c1366954e1b,gx-no-cache=1746542563714 HTTP/1.1" 200 30
190.95.1.183 - - [06/May/2025:11:40:10 -0300] "POST /cormun/servlet/solicitudotadjuntos?9eb0596d992dffecb92ddc1eb23f43ab,INS,2025,22554,,1,,gx-no-cache=1746542563731 HTTP/1.1" 200 3864
190.95.1.183 - - [06/May/2025:11:40:12 -0300] "POST /cormun/servlet/solicitudotadjuntos?gx-no-cache=1746542565449 HTTP/1.1" 200 26
190.95.1.183 - - [06/May/2025:11:40:17 -0300] "GET /cormun/servlet/solicitudotadjuntos?dfc432ae050fcdf842890de2e562b81e04f4eb19397213503e93f918968ff6ce,gx-no-cache=1746542570825 HTTP/1.1" 200 30
190.95.1.183 - - [06/May/2025:11:40:17 -0300] "GET /cormun/servlet/solicitudotadjuntos?dfc432ae050fcdf842890de2e562b81e04f4eb19397213503e93f918968ff6ce,gx-no-cache=1746542570839 HTTP/1.1" 200 30
190.95.1.183 - - [06/May/2025:11:40:17 -0300] "POST /cormun/servlet/solicitudotadjuntos?9eb0596d992dffecb92ddc1eb23f43ab,INS,2025,22554,,1, HTTP/1.1" 200 116
190.95.1.183 - - [06/May/2025:11:40:17 -0300] "GET /cormun/servlet/hpexe_return? HTTP/1.1" 200 1022
190.95.1.183 - - [06/May/2025:11:40:17 -0300] "GET /cormun/servlet/trsolicitudadjuntos?2025,22554, HTTP/1.1" 200 9912
190.95.1.183 - - [06/May/2025:11:40:20 -0300] "GET /cormun/servlet/solicitudotadjuntos?INS,2025,22554,,1, HTTP/1.1" 200 6029
190.95.1.183 - - [06/May/2025:11:40:20 -0300] "GET /cormun/static/about:blank HTTP/1.1" 404 1011
190.95.1.183 - - [06/May/2025:11:40:21 -0300] "GET /cormun/servlet/solicitudotadjuntos?dfc432ae050fcdf842890de2e562b81e7baa32d2d9b224a1d9b530bb906fc0940e128df1bc466e5b667d3c1366954e1b,gx-no-cache=1746542574446 HTTP/1.1" 200 30
190.95.1.183 - - [06/May/2025:11:40:21 -0300] "POST /cormun/servlet/solicitudotadjuntos?9eb0596d992dffecb92ddc1eb23f43ab,INS,2025,22554,,1,,gx-no-cache=1746542574466 HTTP/1.1" 200 3864
190.95.1.183 - - [06/May/2025:11:40:23 -0300] "POST /cormun/servlet/solicitudotadjuntos?gx-no-cache=1746542576544 HTTP/1.1" 200 26
190.95.1.183 - - [06/May/2025:11:40:29 -0300] "GET /cormun/servlet/solicitudotadjuntos?dfc432ae050fcdf842890de2e562b81e04f4eb19397213503e93f918968ff6ce,gx-no-cache=1746542582905 HTTP/1.1" 200 30
190.95.1.183 - - [06/May/2025:11:40:29 -0300] "GET /cormun/servlet/solicitudotadjuntos?dfc432ae050fcdf842890de2e562b81e04f4eb19397213503e93f918968ff6ce,gx-no-cache=1746542582918 HTTP/1.1" 200 30
190.95.1.183 - - [06/May/2025:11:40:29 -0300] "POST /cormun/servlet/solicitudotadjuntos?9eb0596d992dffecb92ddc1eb23f43ab,INS,2025,22554,,1, HTTP/1.1" 200 116
190.95.1.183 - - [06/May/2025:11:40:29 -0300] "GET /cormun/servlet/hpexe_return? HTTP/1.1" 200 1022
190.95.1.183 - - [06/May/2025:11:40:29 -0300] "GET /cormun/servlet/trsolicitudadjuntos?2025,22554, HTTP/1.1" 200 10175
190.95.1.183 - - [06/May/2025:11:40:31 -0300] "GET /cormun/servlet/solicitudotadjuntos?INS,2025,22554,,1, HTTP/1.1" 200 6028
190.95.1.183 - - [06/May/2025:11:40:31 -0300] "GET /cormun/static/about:blank HTTP/1.1" 404 1011
190.95.1.183 - - [06/May/2025:11:40:31 -0300] "GET /cormun/servlet/solicitudotadjuntos?dfc432ae050fcdf842890de2e562b81e7baa32d2d9b224a1d9b530bb906fc0940e128df1bc466e5b667d3c1366954e1b,gx-no-cache=1746542585300 HTTP/1.1" 200 30
190.95.1.183 - - [06/May/2025:11:40:32 -0300] "POST /cormun/servlet/solicitudotadjuntos?9eb0596d992dffecb92ddc1eb23f43ab,INS,2025,22554,,1,,gx-no-cache=1746542585318 HTTP/1.1" 200 3864
190.95.1.183 - - [06/May/2025:11:40:34 -0300] "POST /cormun/servlet/solicitudotadjuntos?gx-no-cache=1746542587369 HTTP/1.1" 200 26
190.95.1.183 - - [06/May/2025:11:40:37 -0300] "GET /cormun/servlet/solicitudotadjuntos?dfc432ae050fcdf842890de2e562b81e04f4eb19397213503e93f918968ff6ce,gx-no-cache=1746542591303 HTTP/1.1" 200 30
190.95.1.183 - - [06/May/2025:11:40:38 -0300] "GET /cormun/servlet/solicitudotadjuntos?dfc432ae050fcdf842890de2e562b81e04f4eb19397213503e93f918968ff6ce,gx-no-cache=1746542591315 HTTP/1.1" 200 30
190.95.1.183 - - [06/May/2025:11:40:38 -0300] "POST /cormun/servlet/solicitudotadjuntos?9eb0596d992dffecb92ddc1eb23f43ab,INS,2025,22554,,1, HTTP/1.1" 200 116
190.95.1.183 - - [06/May/2025:11:40:38 -0300] "GET /cormun/servlet/hpexe_return? HTTP/1.1" 200 1022
190.95.1.183 - - [06/May/2025:11:40:38 -0300] "GET /cormun/servlet/trsolicitudadjuntos?2025,22554, HTTP/1.1" 200 10373
190.95.1.183 - - [06/May/2025:11:40:39 -0300] "POST /cormun/servlet/trsolicitudadjuntos?9eb0596d992dffecb92ddc1eb23f43ab,2025,22554,,gx-no-cache=1746542592994 HTTP/1.1" 200 90
190.95.1.183 - - [06/May/2025:11:40:39 -0300] "GET /cormun/servlet/hpexe_link HTTP/1.1" 200 965
190.95.1.183 - - [06/May/2025:11:40:39 -0300] "GET /cormun/servlet/trsolicitudot HTTP/1.1" 200 8579
192.168.10.21 - - [06/May/2025:11:40:40 -0300] "POST /cormun/servlet/trsolicitudgral?7619ed7dc162231084b13d920c6e3ee2,,gx-no-cache=1746542596453 HTTP/1.1" 200 8017
190.95.1.183 - - [06/May/2025:11:40:42 -0300] "POST /cormun/servlet/trsolicitudot?9eb0596d992dffecb92ddc1eb23f43ab,gx-no-cache=1746542595219 HTTP/1.1" 200 4567
190.95.1.183 - - [06/May/2025:11:40:42 -0300] "GET /cormun/static/Shared/jqueryui/images/ui-bg_flat_55_fafafa_40x100.png HTTP/1.1" 404 1097
190.95.1.183 - - [06/May/2025:11:40:42 -0300] "GET /cormun/static/Shared/jqueryui/images/ui-icons_8d78a5_256x240.png HTTP/1.1" 404 1089
190.95.1.183 - - [06/May/2025:11:40:42 -0300] "POST /cormun/servlet/trsolicitudot?9eb0596d992dffecb92ddc1eb23f43ab,gx-no-cache=1746542595341 HTTP/1.1" 200 4318
192.168.10.21 - - [06/May/2025:11:40:50 -0300] "POST /cormun/servlet/trsolicitudgral?7619ed7dc162231084b13d920c6e3ee2,,gx-no-cache=1746542606302 HTTP/1.1" 200 5256
200.126.116.145 - - [06/May/2025:11:41:13 -0300] "GET /cormun/servlet/trpermisosgoce? HTTP/1.1" 200 10921
190.95.15.15 - - [06/May/2025:11:41:19 -0300] "POST /cormun/servlet/solicitudot?gx-no-cache=1746542617777 HTTP/1.1" 200 4039
190.95.15.15 - - [06/May/2025:11:41:19 -0300] "POST /cormun/servlet/solicitudot?67ff843e8e3ba34e5c647f09ef452910,INS,0,0,false,,gx-no-cache=1746542617894 HTTP/1.1" 200 12615
200.126.116.145 - - [06/May/2025:11:41:20 -0300] "GET /cormun/servlet/trpermisosadjuntos?20662304,20250424165948,P, HTTP/1.1" 200 6640
190.95.15.15 - - [06/May/2025:11:41:21 -0300] "GET /cormun/servlet/solicitudot?cb605cd5d41e10681ce4e081e0878395394b02f687f0f23fef65a7879cf1a195952e990a972e9704248b5eb638538587,gx-no-cache=1746542620237 HTTP/1.1" 200 30
200.126.116.145 - - [06/May/2025:11:41:23 -0300] "GET /cormun/servlet/permisosadjuntos?INS,20662304,P,20250424165948,, HTTP/1.1" 200 5972
200.126.116.145 - - [06/May/2025:11:41:23 -0300] "GET /cormun/static/about:blank HTTP/1.1" 404 1011
200.126.116.145 - - [06/May/2025:11:41:36 -0300] "POST /cormun/servlet/permisosadjuntos?e4c151bfa43e325bfe68ad2b7c63e95c,INS,20662304,P,20250424165948,, HTTP/1.1" 200 116
200.126.116.145 - - [06/May/2025:11:41:36 -0300] "GET /cormun/servlet/hpexe_return? HTTP/1.1" 200 1037
200.126.116.145 - - [06/May/2025:11:41:36 -0300] "GET /cormun/servlet/trpermisosadjuntos?20662304,20250424165948,P, HTTP/1.1" 200 7153
200.126.116.145 - - [06/May/2025:11:41:42 -0300] "GET /cormun/servlet/trpermisosgoce? HTTP/1.1" 200 10923
200.126.116.145 - - [06/May/2025:11:41:45 -0300] "POST /cormun/servlet/trpermisosgoce?e4c151bfa43e325bfe68ad2b7c63e95c,,gx-no-cache=1746542644760 HTTP/1.1" 200 8157
200.126.116.145 - - [06/May/2025:11:41:46 -0300] "GET /cormun/static/Shared/jqueryui/images/ui-bg_highlight-soft_100_c6c2c8_1x100.png HTTP/1.1" 404 1117
200.126.116.145 - - [06/May/2025:11:41:46 -0300] "GET /cormun/static/Shared/jqueryui/images/ui-icons_82798d_256x240.png HTTP/1.1" 404 1089
200.126.116.145 - - [06/May/2025:11:41:46 -0300] "GET /cormun/static/Shared/jqueryui/images/ui-bg_flat_55_fafafa_40x100.png HTTP/1.1" 404 1097
200.126.116.145 - - [06/May/2025:11:41:46 -0300] "GET /cormun/static/Shared/jqueryui/images/ui-icons_8d78a5_256x240.png HTTP/1.1" 404 1089
200.126.116.145 - - [06/May/2025:11:41:52 -0300] "GET /cormun/servlet/trautorizarpermisogoce? HTTP/1.1" 200 8002
200.126.116.145 - - [06/May/2025:11:41:52 -0300] "GET /cormun/static/gxcfg.js?2020121645532 HTTP/1.1" 200 953
200.126.116.145 - - [06/May/2025:11:41:52 -0300] "GET /cormun/static/trautorizarpermisogoce.js?2020121651492 HTTP/1.1" 200 34948
200.126.116.145 - - [06/May/2025:11:41:54 -0300] "POST /cormun/servlet/trautorizarpermisogoce?e4c151bfa43e325bfe68ad2b7c63e95c,,gx-no-cache=1746542653752 HTTP/1.1" 200 4515
190.95.1.183 - - [06/May/2025:11:42:31 -0300] "GET /cormun/servlet/hlogin HTTP/1.1" 200 1718
190.95.1.183 - - [06/May/2025:11:42:36 -0300] "POST /cormun/servlet/hlogin?fdc01fa46184d7f2576501d1bc91f260,gx-no-cache=1746542695452 HTTP/1.1" 200 90
190.95.1.183 - - [06/May/2025:11:42:36 -0300] "GET /cormun/servlet/hpexe_link HTTP/1.1" 200 955
190.95.15.15 - - [06/May/2025:11:43:20 -0300] "GET /cormun/servlet/prbanco?,MD,,gxPopupLevel%3D0%3B HTTP/1.1" 200 6636
190.95.15.15 - - [06/May/2025:11:43:24 -0300] "GET /cormun/servlet/solicitudot?cb605cd5d41e10681ce4e081e0878395a5e7a47d65579793942d85d7dd014874e93e2b764fddfa72f7eaa8b380b973653d8119a6274f5afafceb0f089a1ae78c,gx-no-cache=1746542743166 HTTP/1.1" 200 30
190.95.15.15 - - [06/May/2025:11:43:26 -0300] "GET /cormun/servlet/solicitudot?cb605cd5d41e10681ce4e081e08783955c5e94eb0c5dcaaa7699d7a864a9758a,gx-no-cache=1746542744935 HTTP/1.1" 200 51
190.95.15.15 - - [06/May/2025:11:43:50 -0300] "POST /cormun/servlet/solicitudot?gx-no-cache=1746542768870 HTTP/1.1" 200 297
190.95.15.15 - - [06/May/2025:11:43:50 -0300] "GET /cormun/servlet/solicitudot?cb605cd5d41e10681ce4e081e0878395c17c828bddf6a52d275eb7b42a33b82a53fa649c8ed34f07f13c2087db6da264f52b7ca7dd95de1586a72674b9c6404375b97eaef4f11f12add69c033543499560ae83671afd98e7239301f3c469f6bc0f230d08775a6edbcee09185a5cc6c2cd34ec4433f13f9d2afd1eef4d5d87b5e3aef144a9d56850763cca117e427ff724eae8adbfe2eaedf266ebb206e7861b9c65d9214e71f89a67e5c0bb47b5d002c917c67f074d37bcc446416324bb6b5e5f7ae1a7ae6547ba5ff5f5dad4a6766717333262728086f8e9a506567c3bdb4b4727999924267b4bc86350be509689cfd39498821a0eb7e0f657d12f13ac9a7d38abaee19d75f3c87521b12a7ff5022b1a86e5c52af22a4a562b34493a84b31a877f0bf046b0f958c1de68d79b8a2d256af86397be12746824925d76abdbe36070b818d0f2d2b36c1a94259093af0d31f46a5c30e0387a04cd9faa24005d9c7f31557da28d31f4e8c6d10a905990b8932b480d814e841e11bd65362991da5f0932c40c6803be64908af7cc7223e9c0a1c,gx-no-cache=1746542768904 HTTP/1.1" 200 30
190.95.15.15 - - [06/May/2025:11:43:52 -0300] "POST /cormun/servlet/solicitudot?gx-no-cache=1746542771135 HTTP/1.1" 200 30
190.95.15.15 - - [06/May/2025:11:43:56 -0300] "POST /cormun/servlet/solicitudot?gx-no-cache=1746542774864 HTTP/1.1" 200 1479
190.95.15.15 - - [06/May/2025:11:43:56 -0300] "POST /cormun/servlet/solicitudot?gx-no-cache=1746542774896 HTTP/1.1" 200 38
190.95.1.183 - - [06/May/2025:11:44:59 -0300] "GET /cormun/servlet/hlogin HTTP/1.1" 200 1718
190.95.1.183 - - [06/May/2025:11:45:02 -0300] "POST /cormun/servlet/hlogin?fdc01fa46184d7f2576501d1bc91f260,gx-no-cache=1746542841643 HTTP/1.1" 200 90
190.95.1.183 - - [06/May/2025:11:45:02 -0300] "GET /cormun/servlet/hpexe_link HTTP/1.1" 200 955
190.95.1.183 - - [06/May/2025:11:45:14 -0300] "GET /cormun/servlet/trautorizarsolicitud? HTTP/1.1" 200 8636
190.95.1.183 - - [06/May/2025:11:45:17 -0300] "POST /cormun/servlet/trautorizarsolicitud?fdc01fa46184d7f2576501d1bc91f260,,gx-no-cache=1746542856794 HTTP/1.1" 200 4778
190.95.1.183 - - [06/May/2025:11:45:17 -0300] "GET /cormun/static/Shared/jqueryui/images/ui-bg_highlight-soft_100_c6c2c8_1x100.png HTTP/1.1" 404 1117
190.95.1.183 - - [06/May/2025:11:45:17 -0300] "GET /cormun/static/Shared/jqueryui/images/ui-icons_82798d_256x240.png HTTP/1.1" 404 1089
190.95.1.183 - - [06/May/2025:11:45:17 -0300] "GET /cormun/static/Shared/jqueryui/images/ui-bg_flat_55_fafafa_40x100.png HTTP/1.1" 404 1097
190.95.1.183 - - [06/May/2025:11:45:17 -0300] "GET /cormun/static/Shared/jqueryui/images/ui-icons_8d78a5_256x240.png HTTP/1.1" 404 1089
190.95.1.183 - - [06/May/2025:11:45:17 -0300] "POST /cormun/servlet/trautorizarsolicitud?fdc01fa46184d7f2576501d1bc91f260,,gx-no-cache=1746542856902 HTTP/1.1" 200 4527
190.95.15.15 - - [06/May/2025:11:45:30 -0300] "GET /cormun/servlet/solicitudot?cb605cd5d41e10681ce4e081e08783951b4b01d065af8e57f28d262f4ce0b22902644a4745540aa52c5425e7ce41856c6c18e29ad7ff697e20715cb128a5549efa8e7e1a0897c6ff3aa98e5f845aa5fd853aa54cb85e24c052a74f301a509cfc71d56da9e2d66a12d69805041f480009,gx-no-cache=1746542869759 HTTP/1.1" 200 110
200.126.116.145 - - [06/May/2025:11:45:42 -0300] "GET /cormun/servlet/trsolicitudot? HTTP/1.1" 200 7546
200.126.116.145 - - [06/May/2025:11:45:45 -0300] "GET /cormun/servlet/solicitudot?INS,0,0,false, HTTP/1.1" 200 16317
190.95.15.15 - - [06/May/2025:11:45:49 -0300] "POST /cormun/servlet/solicitudot?gx-no-cache=1746542888429 HTTP/1.1" 200 72
190.95.15.15 - - [06/May/2025:11:46:02 -0300] "GET /cormun/servlet/solicitudot?cb605cd5d41e10681ce4e081e08783959b5904a2a9ff08dc687f8bf9714e1bde86a2ba5a207fa0cfbed4df2e45e0bcf7cab041b0699af2e1042eaa3640e2af150f5a637b1fc51ab1ee114cd2a25e744ebf2a855ab5f6b1283def1901870784fe2e1c417dbd2ca4c9dd52d54c60dfc66f,gx-no-cache=1746542901703 HTTP/1.1" 200 29
190.95.15.15 - - [06/May/2025:11:46:08 -0300] "GET /cormun/servlet/solicitudot?cb605cd5d41e10681ce4e081e0878395b0f18da4090fc5c8e4cef91357a121651911338c8b9fe25ada971aa429918a03,gx-no-cache=1746542906888 HTTP/1.1" 200 30
190.95.15.15 - - [06/May/2025:11:46:15 -0300] "POST /cormun/servlet/solicitudot?gx-no-cache=1746542914708 HTTP/1.1" 200 30
190.95.15.15 - - [06/May/2025:11:46:30 -0300] "POST /cormun/servlet/solicitudot?67ff843e8e3ba34e5c647f09ef452910,INS,0,0,false,,gx-no-cache=1746542928639 HTTP/1.1" 200 93
190.95.15.15 - - [06/May/2025:11:46:30 -0300] "GET /cormun/servlet/hpexe_return? HTTP/1.1" 200 1010
190.95.15.15 - - [06/May/2025:11:46:30 -0300] "GET /cormun/servlet/trsolicitudot HTTP/1.1" 200 8974
190.95.15.15 - - [06/May/2025:11:46:42 -0300] "POST /cormun/servlet/trsolicitudot?67ff843e8e3ba34e5c647f09ef452910,gx-no-cache=1746542941344 HTTP/1.1" 200 111
190.95.15.15 - - [06/May/2025:11:46:42 -0300] "GET /cormun/servlet/solicitudot?UPD,2025,22555,false, HTTP/1.1" 200 16596
190.95.15.15 - - [06/May/2025:11:46:43 -0300] "POST /cormun/servlet/solicitudot?gx-no-cache=1746542942118 HTTP/1.1" 200 4111
190.95.15.15 - - [06/May/2025:11:46:43 -0300] "POST /cormun/servlet/solicitudot?67ff843e8e3ba34e5c647f09ef452910,UPD,2025,22555,false,,gx-no-cache=1746542942251 HTTP/1.1" 200 12773
190.95.15.15 - - [06/May/2025:11:46:43 -0300] "GET /cormun/servlet/solicitudot?cb605cd5d41e10681ce4e081e0878395394b02f687f0f23fef65a7879cf1a195258d5d9fc0a224032e4405eec3884144,gx-no-cache=1746542942340 HTTP/1.1" 200 30
190.95.15.15 - - [06/May/2025:11:46:43 -0300] "GET /cormun/servlet/solicitudot?cb605cd5d41e10681ce4e081e0878395a5e7a47d65579793942d85d7dd014874e93e2b764fddfa72f7eaa8b380b97365eaf95885409fc3888f968d7072f4bb32,gx-no-cache=1746542942366 HTTP/1.1" 200 30
190.95.15.15 - - [06/May/2025:11:46:43 -0300] "GET /cormun/servlet/solicitudot?cb605cd5d41e10681ce4e081e08783953429407a4e466506c7b5a1d7551d3a700df334f27b493ffdbe828a973d9dbb3956e13865059844ab35a412f4d41c717c,gx-no-cache=1746542942382 HTTP/1.1" 200 51
190.95.15.15 - - [06/May/2025:11:46:43 -0300] "POST /cormun/servlet/solicitudot?gx-no-cache=1746542942409 HTTP/1.1" 200 297
190.95.15.15 - - [06/May/2025:11:46:43 -0300] "GET /cormun/servlet/solicitudot?cb605cd5d41e10681ce4e081e0878395c17c828bddf6a52d275eb7b42a33b82a53fa649c8ed34f07f13c2087db6da264f52b7ca7dd95de1586a72674b9c6404375b97eaef4f11f12add69c033543499560ae83671afd98e7239301f3c469f6bc0f230d08775a6edbcee09185a5cc6c2cd34ec4433f13f9d2afd1eef4d5d87b5e3aef144a9d56850763cca117e427ff724eae8adbfe2eaedf266ebb206e7861b9c65d9214e71f89a67e5c0bb47b5d002c917c67f074d37bcc446416324bb6b5e5f7ae1a7ae6547ba5ff5f5dad4a6766717333262728086f8e9a506567c3bdb4b4727999924267b4bc86350be509689cfd39498821a0eb7e0f657d12f13ac9a7d38abaee19d75f3c87521b12a7ff5022b1a86e5c52af22a4a562b34493a84b31a877f0bf046b0f958c1de68d79b8a2d256af86397be12746824925d76abdbe36070b818d0f2d2b36c1a94259093af0d31f46a5c30e0387a04cd9faa24005d9c7f31557da28d31f4e8c6d10a905990b8932aa11a9b1e460183b41e9e681e08aa5ed2c40c6803be64908af7cc7223e9c0a1c,gx-no-cache=1746542942428 HTTP/1.1" 200 30
190.95.15.15 - - [06/May/2025:11:46:43 -0300] "POST /cormun/servlet/solicitudot?gx-no-cache=1746542942448 HTTP/1.1" 200 30
190.95.15.15 - - [06/May/2025:11:46:43 -0300] "POST /cormun/servlet/solicitudot?gx-no-cache=1746542942466 HTTP/1.1" 200 1482
190.95.15.15 - - [06/May/2025:11:46:43 -0300] "POST /cormun/servlet/solicitudot?gx-no-cache=1746542942489 HTTP/1.1" 200 41
3.141.192.164 - - [06/May/2025:11:47:11 -0300] "GET / HTTP/1.1" 200 11217
190.95.15.15 - - [06/May/2025:11:47:43 -0300] "GET /cormun/servlet/solicitudot?cb605cd5d41e10681ce4e081e08783951b4b01d065af8e57f28d262f4ce0b22902644a4745540aa52c5425e7ce41856c6c18e29ad7ff697e20715cb128a5549efa8e7e1a0897c6ff3aa98e5f845aa5fd853aa54cb85e24c052a74f301a509cfc71d56da9e2d66a12d69805041f480009,gx-no-cache=1746543002332 HTTP/1.1" 200 110
190.95.15.15 - - [06/May/2025:11:47:43 -0300] "POST /cormun/servlet/solicitudot?gx-no-cache=1746543002366 HTTP/1.1" 200 67
190.95.15.15 - - [06/May/2025:11:47:43 -0300] "GET /cormun/servlet/solicitudot?cb605cd5d41e10681ce4e081e08783958fd4056a7eb05633daaa8dd4c4cebd545925db9ac100be56bac2be9ed5e7f492d54e98e4fa17e1080c4361609a7b1e94ebd2d4941990914da4163e14ee7ca136d4b56317923aaf7b59998f9a86f7d7c452a73e2b4cdeb9f5233dd56854941078,gx-no-cache=1746543002386 HTTP/1.1" 200 29
190.95.15.15 - - [06/May/2025:11:47:43 -0300] "GET /cormun/servlet/solicitudot?cb605cd5d41e10681ce4e081e0878395b0f18da4090fc5c8e4cef91357a121651911338c8b9fe25ada971aa429918a03,gx-no-cache=1746543002400 HTTP/1.1" 200 30
190.95.15.15 - - [06/May/2025:11:47:43 -0300] "POST /cormun/servlet/solicitudot?gx-no-cache=1746543002415 HTTP/1.1" 200 30
190.95.15.15 - - [06/May/2025:11:47:43 -0300] "POST /cormun/servlet/solicitudot?67ff843e8e3ba34e5c647f09ef452910,UPD,2025,22555,false,,gx-no-cache=1746543002434 HTTP/1.1" 200 93
190.95.15.15 - - [06/May/2025:11:47:43 -0300] "GET /cormun/servlet/hpexe_return? HTTP/1.1" 200 1016
190.95.15.15 - - [06/May/2025:11:47:43 -0300] "GET /cormun/servlet/trsolicitudot HTTP/1.1" 200 8974
190.95.1.183 - - [06/May/2025:11:49:03 -0300] "GET /cormun/servlet/trfichaempleado HTTP/1.1" 200 14800
190.95.15.15 - - [06/May/2025:11:49:14 -0300] "POST /cormun/servlet/trsolicitudot?67ff843e8e3ba34e5c647f09ef452910,gx-no-cache=1746543093561 HTTP/1.1" 200 6345
190.95.15.15 - - [06/May/2025:11:49:14 -0300] "GET /cormun/static/Shared/jqueryui/images/ui-bg_highlight-soft_100_c6c2c8_1x100.png HTTP/1.1" 404 1117
190.95.15.15 - - [06/May/2025:11:49:14 -0300] "GET /cormun/static/Shared/jqueryui/images/ui-icons_82798d_256x240.png HTTP/1.1" 404 1089
190.95.15.15 - - [06/May/2025:11:49:14 -0300] "GET /cormun/static/Shared/jqueryui/images/ui-icons_8d78a5_256x240.png HTTP/1.1" 404 1089
190.95.15.15 - - [06/May/2025:11:49:14 -0300] "GET /cormun/static/Shared/jqueryui/images/ui-bg_flat_55_fafafa_40x100.png HTTP/1.1" 404 1097
200.126.116.145 - - [06/May/2025:11:49:17 -0300] "GET /cormun/servlet/trpermisosgoce? HTTP/1.1" 200 10928
200.126.116.145 - - [06/May/2025:11:49:40 -0300] "GET /cormun/servlet/trsolicitudot? HTTP/1.1" 200 7540
200.126.116.145 - - [06/May/2025:11:49:42 -0300] "GET /cormun/servlet/solicitudot?INS,0,0,false, HTTP/1.1" 200 16317
200.126.116.145 - - [06/May/2025:11:49:55 -0300] "POST /cormun/servlet/solicitudot?gx-no-cache=1746543134247 HTTP/1.1" 200 4046
200.126.116.145 - - [06/May/2025:11:49:55 -0300] "POST /cormun/servlet/solicitudot?e4c151bfa43e325bfe68ad2b7c63e95c,INS,0,0,false,,gx-no-cache=1746543134351 HTTP/1.1" 200 12894
190.95.15.15 - - [06/May/2025:11:51:21 -0300] "GET /cormun/servlet/solicitudot?INS,0,0,false, HTTP/1.1" 200 15980
190.95.15.15 - - [06/May/2025:11:52:20 -0300] "POST /cormun/servlet/solicitudot?gx-no-cache=1746543278947 HTTP/1.1" 200 4046
190.95.15.15 - - [06/May/2025:11:52:20 -0300] "POST /cormun/servlet/solicitudot?67ff843e8e3ba34e5c647f09ef452910,INS,0,0,false,,gx-no-cache=1746543279056 HTTP/1.1" 200 12617
191.126.15.117 - - [06/May/2025:11:52:21 -0300] "GET /cormun/servlet/hlogin HTTP/1.1" 200 1725
190.95.15.15 - - [06/May/2025:11:52:23 -0300] "GET /cormun/servlet/solicitudot?cb605cd5d41e10681ce4e081e0878395f2442504cba489c05e44f528f6579d32952e990a972e9704248b5eb638538587,gx-no-cache=1746543281886 HTTP/1.1" 200 30
191.126.15.117 - - [06/May/2025:11:52:30 -0300] "POST /cormun/servlet/hlogin?6a59d54f31530f2ef642d3cf90d0011d,gx-no-cache=1746543284457 HTTP/1.1" 200 90
191.126.15.117 - - [06/May/2025:11:52:58 -0300] "GET /cormun/servlet/hlogin HTTP/1.1" 200 1725
190.95.1.129 - - [06/May/2025:11:53:32 -0300] "GET /cormun/servlet/hlogin HTTP/1.1" 200 1722
190.95.1.129 - - [06/May/2025:11:53:39 -0300] "POST /cormun/servlet/hlogin?41948909a3d506da7be87479f85a9a57,gx-no-cache=1746543357839 HTTP/1.1" 200 90
190.95.1.129 - - [06/May/2025:11:53:39 -0300] "GET /cormun/servlet/hpexe_link HTTP/1.1" 200 950
190.95.1.129 - - [06/May/2025:11:53:39 -0300] "GET /cormun/servlet/hhome HTTP/1.1" 200 4295
190.95.1.129 - - [06/May/2025:11:53:42 -0300] "GET /cormun/servlet/trlicencias? HTTP/1.1" 200 13038
191.126.15.117 - - [06/May/2025:11:54:00 -0300] "GET /cormun/servlet/hlogin HTTP/1.1" 200 1725
3.141.192.164 - - [06/May/2025:11:54:39 -0300] "-" 400 -
191.126.15.117 - - [06/May/2025:11:56:00 -0300] "GET /cormun/servlet/hlogin HTTP/1.1" 200 1725
191.126.15.117 - - [06/May/2025:11:56:00 -0300] "POST /cormun/servlet/hlogin?6a59d54f31530f2ef642d3cf90d0011d,gx-no-cache=1746543486769 HTTP/1.1" 200 90
191.126.15.117 - - [06/May/2025:11:56:00 -0300] "GET /cormun/servlet/hpexe_link HTTP/1.1" 200 954
191.126.15.117 - - [06/May/2025:11:56:00 -0300] "GET /cormun/servlet/hhome HTTP/1.1" 200 4118
190.95.1.129 - - [06/May/2025:11:56:12 -0300] "GET /cormun/servlet/trpermisosgoce? HTTP/1.1" 200 7216
190.95.15.15 - - [06/May/2025:11:56:21 -0300] "GET /cormun/servlet/solicitudot?cb605cd5d41e10681ce4e081e0878395d2d0e3a2b7efdd0f03e16de6843141976419d391d021e487a9a51c9f8be6bfed5786e82858a3386bf59afeabe36e1956a029069a5506541ce7b06b6841b5efd0,gx-no-cache=1746543520176 HTTP/1.1" 200 30
190.95.15.15 - - [06/May/2025:11:56:21 -0300] "GET /cormun/servlet/solicitudot?cb605cd5d41e10681ce4e081e0878395701a163700eddc440cf93bf472afdcf9,gx-no-cache=1746543520202 HTTP/1.1" 200 29
