190.95.15.15 - - [06/May/2025:11:56:22 -0300] "POST /cormun/servlet/solicitudot?gx-no-cache=1746543521217 HTTP/1.1" 200 255
190.95.15.15 - - [06/May/2025:11:56:23 -0300] "GET /cormun/servlet/solicitudot?cb605cd5d41e10681ce4e081e0878395c17c828bddf6a52d275eb7b42a33b82a1b1d2de1af0367a41b52cae17f59f077f52b7ca7dd95de1586a72674b9c6404375b97eaef4f11f12add69c033543499560ae83671afd98e7239301f3c469f6bc0f230d08775a6edbcee09185a5cc6c2cd34ec4433f13f9d2afd1eef4d5d87b5e3aef144a9d56850763cca117e427ff724eae8adbfe2eaedf266ebb206e7861b9c65d9214e71f89a67e5c0bb47b5d002c917c67f074d37bcc446416324bb6b5e5f7ae1a7ae6547ba5ff5f5dad4a6766717333262728086f8e9a506567c3bdb4b4727999924267b4bc86350be509689cfd2cba62a5c5bb5434c6d16c5a1d84eb088abaee19d75f3c87521b12a7ff5022b1a4a578671de3cb795342b810f864daa1a76aadaef5ee43e55ab9c4e8742ee59d8e914e7b150523a256b2aa79e4a3e5eb26a10d6cd7d0110f20cb7d26756953af31bf51a5842a858aa5e17c6c74263f1e27261d8b119d0d0356b4b4d64ec9f698f76b007cb0eba7b68b623cb69b67ce5b,gx-no-cache=1746543522553 HTTP/1.1" 200 30
190.95.1.129 - - [06/May/2025:11:56:24 -0300] "GET /cormun/servlet/permisogoce?INS,0,,, HTTP/1.1" 200 7182
190.95.1.129 - - [06/May/2025:11:56:24 -0300] "GET /cormun/static/gxcfg.js?20201215124560 HTTP/1.1" 200 953
190.95.1.129 - - [06/May/2025:11:56:24 -0300] "GET /cormun/static/permisogoce.js?20201215124939 HTTP/1.1" 200 27790
201.186.226.3 - - [06/May/2025:11:56:28 -0300] "GET /cormun/servlet/hlogin HTTP/1.1" 200 1718
190.95.15.15 - - [06/May/2025:11:56:29 -0300] "POST /cormun/servlet/solicitudot?gx-no-cache=1746543528595 HTTP/1.1" 200 30
190.95.15.15 - - [06/May/2025:11:56:32 -0300] "GET /cormun/servlet/prcontratosol?26965560,,,,,MD,,gxPopupLevel%3D0%3B HTTP/1.1" 200 8770
190.95.15.15 - - [06/May/2025:11:56:34 -0300] "POST /cormun/servlet/solicitudot?gx-no-cache=1746543533020 HTTP/1.1" 200 1481
190.95.15.15 - - [06/May/2025:11:56:34 -0300] "POST /cormun/servlet/solicitudot?gx-no-cache=1746543533046 HTTP/1.1" 200 38
190.95.15.15 - - [06/May/2025:11:56:34 -0300] "GET /cormun/servlet/solicitudot?cb605cd5d41e10681ce4e081e08783951b4b01d065af8e57f28d262f4ce0b22902644a4745540aa52c5425e7ce41856c6c18e29ad7ff697e20715cb128a5549efa8e7e1a0897c6ff3aa98e5f845aa5fd853aa54cb85e24c052a74f301a509cfc71d56da9e2d66a12d69805041f480009,gx-no-cache=1746543533062 HTTP/1.1" 200 110
190.95.15.15 - - [06/May/2025:11:56:34 -0300] "POST /cormun/servlet/solicitudot?gx-no-cache=1746543533080 HTTP/1.1" 200 97
190.95.15.15 - - [06/May/2025:11:56:34 -0300] "GET /cormun/servlet/solicitudot?cb605cd5d41e10681ce4e081e08783959b5904a2a9ff08dc687f8bf9714e1bde86a2ba5a207fa0cfbed4df2e45e0bcf7cab041b0699af2e1042eaa3640e2af150f5a637b1fc51ab1ee114cd2a25e744ebf2a855ab5f6b1283def1901870784fe2e1c417dbd2ca4c9dd52d54c60dfc66f,gx-no-cache=1746543533099 HTTP/1.1" 200 29
190.95.15.15 - - [06/May/2025:11:56:34 -0300] "GET /cormun/servlet/solicitudot?cb605cd5d41e10681ce4e081e0878395b41a51802b09f9de6cb42f08ddaf67084272e048494e8701b2e15d82e598784b,gx-no-cache=1746543533114 HTTP/1.1" 200 134
190.95.15.15 - - [06/May/2025:11:56:34 -0300] "GET /cormun/static/Shared/jqueryui/images/ui-bg_flat_55_994d53_40x100.png HTTP/1.1" 404 1097
190.95.15.15 - - [06/May/2025:11:56:34 -0300] "GET /cormun/static/Shared/jqueryui/images/ui-icons_ebccce_256x240.png HTTP/1.1" 404 1089
190.95.1.129 - - [06/May/2025:11:56:36 -0300] "GET /cormun/servlet/prfichaempleado?,MD,,gxPopupLevel%3D0%3B HTTP/1.1" 200 9331
190.95.1.129 - - [06/May/2025:11:56:36 -0300] "GET /cormun/static/gxcfg.js?20201215571085 HTTP/1.1" 200 953
190.95.1.129 - - [06/May/2025:11:56:36 -0300] "GET /cormun/static/prfichaempleado.js?20201215572193 HTTP/1.1" 200 16005
191.126.15.117 - - [06/May/2025:11:56:38 -0300] "GET /cormun/servlet/trcontratosolicitud? HTTP/1.1" 200 14619
191.126.15.117 - - [06/May/2025:11:56:38 -0300] "GET /cormun/static/gxcfg.js?202211298514361 HTTP/1.1" 200 953
191.126.15.117 - - [06/May/2025:11:56:39 -0300] "GET /cormun/static/trcontratosolicitud.js?202211298514531 HTTP/1.1" 200 28237
191.126.15.117 - - [06/May/2025:11:56:39 -0300] "GET /cormun//static/Resources/PXToolsGridNew.png HTTP/1.1" 200 427
190.95.1.129 - - [06/May/2025:11:56:41 -0300] "GET /cormun/servlet/permisogoce?686b044f1a90fd9c6e3651250cc3d73d29e77da08a272dbb547fcaa15fb577e8fe9e83344e3518fc95473973e5a55319d1ebb70cd64f5d66985e8da3eb1708ee,gx-no-cache=1746543539751 HTTP/1.1" 200 74
190.95.1.129 - - [06/May/2025:11:56:41 -0300] "GET /cormun/static/menuarrow.gif HTTP/1.1" 404 1015
201.186.226.3 - - [06/May/2025:11:56:46 -0300] "POST /cormun/servlet/hlogin?003bcbf6aec5466ed7daeeb3ede6950b,gx-no-cache=1746543546495 HTTP/1.1" 200 90
201.186.226.3 - - [06/May/2025:11:56:46 -0300] "GET /cormun/servlet/hpexe_link HTTP/1.1" 200 949
201.186.226.3 - - [06/May/2025:11:56:46 -0300] "GET /cormun/servlet/hhome HTTP/1.1" 200 3905
190.95.1.129 - - [06/May/2025:11:56:52 -0300] "GET /cormun/servlet/permisogoce?686b044f1a90fd9c6e3651250cc3d73df3d31752541ec6527c14d2702cdc205e3827b122ed3b1e615cb138528ef4b817bac2d7a3f95c41c80d99e063a6af2ae9,gx-no-cache=1746543550933 HTTP/1.1" 200 46
190.95.1.129 - - [06/May/2025:11:57:01 -0300] "POST /cormun/servlet/permisogoce?41948909a3d506da7be87479f85a9a57,INS,0,,,,gx-no-cache=1746543559048 HTTP/1.1" 200 93
190.95.1.129 - - [06/May/2025:11:57:01 -0300] "GET /cormun/servlet/hpexe_return? HTTP/1.1" 200 1009
190.95.1.129 - - [06/May/2025:11:57:01 -0300] "GET /cormun/servlet/trpermisosgoce HTTP/1.1" 200 8091
190.95.15.15 - - [06/May/2025:11:57:06 -0300] "GET /cormun/servlet/solicitudot?cb605cd5d41e10681ce4e081e08783951b4b01d065af8e57f28d262f4ce0b22902644a4745540aa52c5425e7ce41856c6c18e29ad7ff697e20715cb128a5549efa8e7e1a0897c6ff3aa98e5f845aa5fd853aa54cb85e24c052a74f301a509cfc71d56da9e2d66a12d69805041f480009,gx-no-cache=1746543565471 HTTP/1.1" 200 110
190.95.15.15 - - [06/May/2025:11:57:12 -0300] "POST /cormun/servlet/solicitudot?gx-no-cache=1746543571328 HTTP/1.1" 200 69
190.95.1.129 - - [06/May/2025:11:57:21 -0300] "GET /cormun/servlet/permisogoce?UPD,16250491,P,20250506105900, HTTP/1.1" 200 7239
190.95.1.129 - - [06/May/2025:11:57:22 -0300] "GET /cormun/servlet/permisogoce?686b044f1a90fd9c6e3651250cc3d73d29e77da08a272dbb547fcaa15fb577e87896eaf4c03d0daf31a64f01acfbdf7877ead16ab93f21ebae64012dbed0ef29,gx-no-cache=1746543581229 HTTP/1.1" 200 79
190.95.1.129 - - [06/May/2025:11:57:34 -0300] "GET /cormun/servlet/permisogoce?686b044f1a90fd9c6e3651250cc3d73df3d31752541ec6527c14d2702cdc205ea4f6dad724c9752111e631f92c90c53202edf75a8ceee06c2af123bd9776b186,gx-no-cache=1746543592998 HTTP/1.1" 200 47
190.95.1.129 - - [06/May/2025:11:57:39 -0300] "POST /cormun/servlet/permisogoce?41948909a3d506da7be87479f85a9a57,UPD,16250491,P,20250506105900,,gx-no-cache=1746543597911 HTTP/1.1" 200 93
190.95.1.129 - - [06/May/2025:11:57:39 -0300] "GET /cormun/servlet/hpexe_return? HTTP/1.1" 200 1029
190.95.1.129 - - [06/May/2025:11:57:39 -0300] "GET /cormun/servlet/trpermisosgoce HTTP/1.1" 200 8083
190.95.15.15 - - [06/May/2025:11:57:47 -0300] "GET /cormun/servlet/solicitudot?cb605cd5d41e10681ce4e081e0878395b0f18da4090fc5c8e4cef91357a121651911338c8b9fe25ada971aa429918a03,gx-no-cache=1746543606228 HTTP/1.1" 200 30
190.95.15.15 - - [06/May/2025:11:57:47 -0300] "POST /cormun/servlet/solicitudot?gx-no-cache=1746543606264 HTTP/1.1" 200 33
191.126.15.117 - - [06/May/2025:11:57:55 -0300] "POST /cormun/servlet/trcontratosolicitud?6a59d54f31530f2ef642d3cf90d0011d,,gx-no-cache=1746543600603 HTTP/1.1" 200 4310
191.126.15.117 - - [06/May/2025:11:57:57 -0300] "GET /cormun/servlet/trlicencias? HTTP/1.1" 200 14727
190.95.15.15 - - [06/May/2025:11:58:01 -0300] "POST /cormun/servlet/solicitudot?67ff843e8e3ba34e5c647f09ef452910,INS,0,0,false,,gx-no-cache=1746543619585 HTTP/1.1" 200 93
190.95.15.15 - - [06/May/2025:11:58:01 -0300] "GET /cormun/servlet/hpexe_return? HTTP/1.1" 200 1031
190.95.15.15 - - [06/May/2025:11:58:01 -0300] "GET /cormun/servlet/trsolicitudot?gx-no-cache=1746543093561 HTTP/1.1" 200 9452
190.95.15.15 - - [06/May/2025:11:58:03 -0300] "POST /cormun/servlet/trsolicitudot?67ff843e8e3ba34e5c647f09ef452910,gx-no-cache=1746543093561,gx-no-cache=1746543622667 HTTP/1.1" 200 112
190.95.15.15 - - [06/May/2025:11:58:03 -0300] "GET /cormun/servlet/solicitudot?UPD,2025,22556,false, HTTP/1.1" 200 16595
190.95.1.129 - - [06/May/2025:11:58:04 -0300] "GET /cormun/servlet/apermisogoceprn?16250491,P,20250506105900,PU HTTP/1.1" 200 1646
190.95.15.15 - - [06/May/2025:11:58:04 -0300] "POST /cormun/servlet/solicitudot?gx-no-cache=1746543623472 HTTP/1.1" 200 4125
190.95.15.15 - - [06/May/2025:11:58:04 -0300] "POST /cormun/servlet/solicitudot?67ff843e8e3ba34e5c647f09ef452910,UPD,2025,22556,false,,gx-no-cache=1746543623580 HTTP/1.1" 200 12803
190.95.15.15 - - [06/May/2025:11:58:04 -0300] "GET /cormun/servlet/solicitudot?cb605cd5d41e10681ce4e081e0878395f2442504cba489c05e44f528f6579d32258d5d9fc0a224032e4405eec3884144,gx-no-cache=1746543623668 HTTP/1.1" 200 30
190.95.15.15 - - [06/May/2025:11:58:04 -0300] "GET /cormun/servlet/solicitudot?cb605cd5d41e10681ce4e081e0878395d2d0e3a2b7efdd0f03e16de6843141976419d391d021e487a9a51c9f8be6bfed5786e82858a3386bf59afeabe36e1956ba45d29e1a1c0d6cd9639c9230d8af0d,gx-no-cache=1746543623687 HTTP/1.1" 200 30
190.95.15.15 - - [06/May/2025:11:58:04 -0300] "GET /cormun/servlet/solicitudot?cb605cd5d41e10681ce4e081e0878395701a163700eddc440cf93bf472afdcf9,gx-no-cache=1746543623703 HTTP/1.1" 200 29
190.95.15.15 - - [06/May/2025:11:58:04 -0300] "POST /cormun/servlet/solicitudot?gx-no-cache=1746543623720 HTTP/1.1" 200 256
190.95.15.15 - - [06/May/2025:11:58:04 -0300] "GET /cormun/servlet/solicitudot?cb605cd5d41e10681ce4e081e0878395c17c828bddf6a52d275eb7b42a33b82a1b1d2de1af0367a41b52cae17f59f077f52b7ca7dd95de1586a72674b9c6404375b97eaef4f11f12add69c033543499560ae83671afd98e7239301f3c469f6bc0f230d08775a6edbcee09185a5cc6c2cd34ec4433f13f9d2afd1eef4d5d87b5e3aef144a9d56850763cca117e427ff724eae8adbfe2eaedf266ebb206e7861b9c65d9214e71f89a67e5c0bb47b5d002c917c67f074d37bcc446416324bb6b5e5f7ae1a7ae6547ba5ff5f5dad4a6766717333262728086f8e9a506567c3bdb4b4727999924267b4bc86350be509689cfd2cba62a5c5bb5434c6d16c5a1d84eb088abaee19d75f3c87521b12a7ff5022b1a4a578671de3cb795342b810f864daa1a76aadaef5ee43e55ab9c4e8742ee59d8e914e7b150523a256b2aa79e4a3e5eb26a10d6cd7d0110f20cb7d26756953af31bf51a5842a858aa5e17c6c74263f1e27261d8b119d0d0356b4b4d64ec9f698cf1b4b3a0e9d2371b2673d5efa3dc97a,gx-no-cache=1746543623738 HTTP/1.1" 200 30
190.95.15.15 - - [06/May/2025:11:58:04 -0300] "POST /cormun/servlet/solicitudot?gx-no-cache=1746543623754 HTTP/1.1" 200 30
190.95.15.15 - - [06/May/2025:11:58:04 -0300] "POST /cormun/servlet/solicitudot?gx-no-cache=1746543623774 HTTP/1.1" 200 1481
190.95.15.15 - - [06/May/2025:11:58:04 -0300] "POST /cormun/servlet/solicitudot?gx-no-cache=1746543623796 HTTP/1.1" 200 41
190.95.1.129 - - [06/May/2025:11:58:17 -0300] "GET /cormun/servlet/permisogoce?INS,0,,, HTTP/1.1" 200 7182
191.126.15.117 - - [06/May/2025:11:58:23 -0300] "GET /cormun/static/menuarrow.gif HTTP/1.1" 404 1015
191.126.15.117 - - [06/May/2025:11:58:25 -0300] "POST /cormun/servlet/trlicencias?6a59d54f31530f2ef642d3cf90d0011d,,gx-no-cache=1746543643284 HTTP/1.1" 200 4456
190.95.1.129 - - [06/May/2025:11:58:29 -0300] "GET /cormun/servlet/permisogoce?686b044f1a90fd9c6e3651250cc3d73d3ea4d9cb1b493a4ebb9759e81a0c9b70fe9e83344e3518fc95473973e5a55319d1ebb70cd64f5d66985e8da3eb1708ee,gx-no-cache=1746543648102 HTTP/1.1" 200 74
201.186.226.3 - - [06/May/2025:11:58:36 -0300] "GET /cormun/servlet/trlicencias? HTTP/1.1" 200 11532
190.95.1.129 - - [06/May/2025:11:58:40 -0300] "GET /cormun/servlet/permisogoce?686b044f1a90fd9c6e3651250cc3d73dbd1143ce2ae6c45a6f16900adca42d388a4dd3fe6aeee3884709a5c57fabf06dd7d5c3df3c50efe44848913ad0038b20,gx-no-cache=1746543659589 HTTP/1.1" 200 46
190.95.1.129 - - [06/May/2025:11:58:44 -0300] "POST /cormun/servlet/permisogoce?41948909a3d506da7be87479f85a9a57,INS,0,,,,gx-no-cache=1746543662839 HTTP/1.1" 200 93
190.95.1.129 - - [06/May/2025:11:58:44 -0300] "GET /cormun/servlet/hpexe_return? HTTP/1.1" 200 1009
190.95.1.129 - - [06/May/2025:11:58:44 -0300] "GET /cormun/servlet/trpermisosgoce HTTP/1.1" 200 8370
190.95.1.129 - - [06/May/2025:11:58:47 -0300] "GET /cormun/servlet/apermisogoceprn?10146569,P,20250506110053,PU HTTP/1.1" 200 1649
201.186.226.3 - - [06/May/2025:11:58:49 -0300] "GET /cormun/servlet/alicenciaprn?21434485,L,20250506000000,PU HTTP/1.1" 200 1527
190.95.1.129 - - [06/May/2025:11:59:04 -0300] "GET /cormun/servlet/permisogoce?INS,0,,, HTTP/1.1" 200 7182
191.126.15.117 - - [06/May/2025:11:59:08 -0300] "POST /cormun/servlet/trlicencias?6a59d54f31530f2ef642d3cf90d0011d,,gx-no-cache=1746543677252 HTTP/1.1" 200 4455
190.95.1.129 - - [06/May/2025:11:59:30 -0300] "GET /cormun/servlet/permisogoce?686b044f1a90fd9c6e3651250cc3d73df8126ce5d2b360ff7a12946beb547927fe9e83344e3518fc95473973e5a55319d1ebb70cd64f5d66985e8da3eb1708ee,gx-no-cache=1746543709070 HTTP/1.1" 200 79
190.95.1.129 - - [06/May/2025:11:59:40 -0300] "GET /cormun/servlet/permisogoce?686b044f1a90fd9c6e3651250cc3d73d551a6d8ce395d30f5814f44fd7a0261051d6ee08ae8144c83d00d28384fc6d89d7d5c3df3c50efe44848913ad0038b20,gx-no-cache=1746543718981 HTTP/1.1" 200 44
201.186.226.3 - - [06/May/2025:11:59:42 -0300] "GET /cormun/servlet/hlogin HTTP/1.1" 200 1735
190.95.1.129 - - [06/May/2025:11:59:43 -0300] "POST /cormun/servlet/permisogoce?41948909a3d506da7be87479f85a9a57,INS,0,,,,gx-no-cache=1746543721831 HTTP/1.1" 200 93
190.95.1.129 - - [06/May/2025:11:59:43 -0300] "GET /cormun/servlet/hpexe_return? HTTP/1.1" 200 1009
190.95.1.129 - - [06/May/2025:11:59:43 -0300] "GET /cormun/servlet/trpermisosgoce HTTP/1.1" 200 8598
190.95.15.15 - - [06/May/2025:11:59:46 -0300] "GET /cormun/servlet/solicitudot?cb605cd5d41e10681ce4e081e08783951b4b01d065af8e57f28d262f4ce0b22902644a4745540aa52c5425e7ce41856c6c18e29ad7ff697e20715cb128a5549efa8e7e1a0897c6ff3aa98e5f845aa5fd853aa54cb85e24c052a74f301a509cfc71d56da9e2d66a12d69805041f480009,gx-no-cache=1746543724983 HTTP/1.1" 200 110
190.95.15.15 - - [06/May/2025:11:59:46 -0300] "POST /cormun/servlet/solicitudot?gx-no-cache=1746543725032 HTTP/1.1" 200 97
190.95.15.15 - - [06/May/2025:11:59:47 -0300] "GET /cormun/servlet/solicitudot?cb605cd5d41e10681ce4e081e08783958fd4056a7eb05633daaa8dd4c4cebd545925db9ac100be56bac2be9ed5e7f492c0d21a103c1f19b41bbeeec34373d1b66ab81a31f3782bb4debe913e1bef034444236676cbb6a857e63c442ebc82410e13a7fbdb95ae40b2e05cae9114b79f5f93982776beebb4a802dcf3813e4aa6fc7d448178931047c57f06553c5d5ec086f2eb17d8c6b4446b57d14f523fd3f2e967a014222d898935eda8eca57c7ae1490e49d370a83374fbc1a3ed4fb03dfaf301b3cd8eac20fff3cd0625bf91984b20,gx-no-cache=1746543725951 HTTP/1.1" 200 30
190.95.1.129 - - [06/May/2025:11:59:47 -0300] "GET /cormun/servlet/apermisogoceprn?14346212,P,20250506110140,PU HTTP/1.1" 200 1650
190.95.15.15 - - [06/May/2025:11:59:50 -0300] "GET /cormun/servlet/solicitudot?cb605cd5d41e10681ce4e081e0878395b0f18da4090fc5c8e4cef91357a121651911338c8b9fe25ada971aa429918a03,gx-no-cache=1746543729593 HTTP/1.1" 200 30
190.95.15.15 - - [06/May/2025:11:59:50 -0300] "POST /cormun/servlet/solicitudot?gx-no-cache=1746543729610 HTTP/1.1" 200 33
190.95.15.15 - - [06/May/2025:11:59:51 -0300] "POST /cormun/servlet/solicitudot?67ff843e8e3ba34e5c647f09ef452910,UPD,2025,22556,false,,gx-no-cache=1746543729688 HTTP/1.1" 200 93
190.95.15.15 - - [06/May/2025:11:59:51 -0300] "GET /cormun/servlet/hpexe_return? HTTP/1.1" 200 1036
190.95.15.15 - - [06/May/2025:11:59:51 -0300] "GET /cormun/servlet/trsolicitudot?gx-no-cache=1746543093561 HTTP/1.1" 200 9455
190.95.15.15 - - [06/May/2025:11:59:55 -0300] "POST /cormun/servlet/trsolicitudot?67ff843e8e3ba34e5c647f09ef452910,gx-no-cache=1746543093561,gx-no-cache=1746543734753 HTTP/1.1" 200 112
190.95.15.15 - - [06/May/2025:11:59:56 -0300] "GET /cormun/servlet/solicitudot?UPD,2025,22556,false, HTTP/1.1" 200 16597
190.95.15.15 - - [06/May/2025:11:59:56 -0300] "POST /cormun/servlet/solicitudot?gx-no-cache=1746543735555 HTTP/1.1" 200 4125
190.95.15.15 - - [06/May/2025:11:59:56 -0300] "POST /cormun/servlet/solicitudot?67ff843e8e3ba34e5c647f09ef452910,UPD,2025,22556,false,,gx-no-cache=1746543735676 HTTP/1.1" 200 12802
190.95.15.15 - - [06/May/2025:11:59:56 -0300] "GET /cormun/servlet/solicitudot?cb605cd5d41e10681ce4e081e0878395f2442504cba489c05e44f528f6579d32258d5d9fc0a224032e4405eec3884144,gx-no-cache=1746543735773 HTTP/1.1" 200 30
190.95.15.15 - - [06/May/2025:11:59:56 -0300] "GET /cormun/servlet/solicitudot?cb605cd5d41e10681ce4e081e0878395d2d0e3a2b7efdd0f03e16de6843141976419d391d021e487a9a51c9f8be6bfed5786e82858a3386bf59afeabe36e1956ba45d29e1a1c0d6cd9639c9230d8af0d,gx-no-cache=1746543735792 HTTP/1.1" 200 30
190.95.15.15 - - [06/May/2025:11:59:57 -0300] "GET /cormun/servlet/solicitudot?cb605cd5d41e10681ce4e081e0878395701a163700eddc440cf93bf472afdcf9,gx-no-cache=1746543735819 HTTP/1.1" 200 29
190.95.15.15 - - [06/May/2025:11:59:57 -0300] "POST /cormun/servlet/solicitudot?gx-no-cache=1746543735836 HTTP/1.1" 200 256
190.95.15.15 - - [06/May/2025:11:59:57 -0300] "GET /cormun/servlet/solicitudot?cb605cd5d41e10681ce4e081e0878395c17c828bddf6a52d275eb7b42a33b82a1b1d2de1af0367a41b52cae17f59f077f52b7ca7dd95de1586a72674b9c6404375b97eaef4f11f12add69c033543499560ae83671afd98e7239301f3c469f6bc0f230d08775a6edbcee09185a5cc6c2cd34ec4433f13f9d2afd1eef4d5d87b5e3aef144a9d56850763cca117e427ff724eae8adbfe2eaedf266ebb206e7861b9c65d9214e71f89a67e5c0bb47b5d002c917c67f074d37bcc446416324bb6b5e5f7ae1a7ae6547ba5ff5f5dad4a6766717333262728086f8e9a506567c3bdb4b4727999924267b4bc86350be509689cfd2cba62a5c5bb5434c6d16c5a1d84eb088abaee19d75f3c87521b12a7ff5022b1a4a578671de3cb795342b810f864daa1a76aadaef5ee43e55ab9c4e8742ee59d8e914e7b150523a256b2aa79e4a3e5eb26a10d6cd7d0110f20cb7d26756953af31bf51a5842a858aa5e17c6c74263f1e27261d8b119d0d0356b4b4d64ec9f698cf1b4b3a0e9d2371b2673d5efa3dc97a,gx-no-cache=1746543735855 HTTP/1.1" 200 30
190.95.15.15 - - [06/May/2025:11:59:57 -0300] "POST /cormun/servlet/solicitudot?gx-no-cache=1746543735873 HTTP/1.1" 200 30
190.95.15.15 - - [06/May/2025:11:59:57 -0300] "POST /cormun/servlet/solicitudot?gx-no-cache=1746543735891 HTTP/1.1" 200 1481
190.95.15.15 - - [06/May/2025:11:59:57 -0300] "POST /cormun/servlet/solicitudot?gx-no-cache=1746543735909 HTTP/1.1" 200 41
190.95.15.15 - - [06/May/2025:11:59:59 -0300] "GET /cormun/servlet/solicitudot?cb605cd5d41e10681ce4e081e08783951b4b01d065af8e57f28d262f4ce0b22902644a4745540aa52c5425e7ce41856c6c18e29ad7ff697e20715cb128a5549efa8e7e1a0897c6ff3aa98e5f845aa5fd853aa54cb85e24c052a74f301a509cfc71d56da9e2d66a12d69805041f480009,gx-no-cache=1746543737863 HTTP/1.1" 200 110
190.95.15.15 - - [06/May/2025:12:00:01 -0300] "POST /cormun/servlet/solicitudot?gx-no-cache=1746543739915 HTTP/1.1" 200 76
190.95.15.15 - - [06/May/2025:12:00:05 -0300] "GET /cormun/servlet/solicitudot?cb605cd5d41e10681ce4e081e0878395b926a6eeb79d20f8f91e8fca4981ffb15925db9ac100be56bac2be9ed5e7f492c0d21a103c1f19b41bbeeec34373d1b66ab81a31f3782bb4debe913e1bef034444236676cbb6a857e63c442ebc82410e13a7fbdb95ae40b2e05cae9114b79f5f93982776beebb4a802dcf3813e4aa6fc7d448178931047c57f06553c5d5ec086f2eb17d8c6b4446b57d14f523fd3f2e967a014222d898935eda8eca57c7ae1490e49d370a83374fbc1a3ed4fb03dfaf301b3cd8eac20fff3cd0625bf91984b20,gx-no-cache=1746543744550 HTTP/1.1" 200 29
190.95.15.15 - - [06/May/2025:12:00:05 -0300] "GET /cormun/servlet/solicitudot?cb605cd5d41e10681ce4e081e0878395b0f18da4090fc5c8e4cef91357a121651911338c8b9fe25ada971aa429918a03,gx-no-cache=1746543744585 HTTP/1.1" 200 30
190.95.15.15 - - [06/May/2025:12:00:05 -0300] "POST /cormun/servlet/solicitudot?gx-no-cache=1746543744600 HTTP/1.1" 200 33
190.95.15.15 - - [06/May/2025:12:00:06 -0300] "POST /cormun/servlet/solicitudot?67ff843e8e3ba34e5c647f09ef452910,UPD,2025,22556,false,,gx-no-cache=1746543744658 HTTP/1.1" 200 93
190.95.15.15 - - [06/May/2025:12:00:06 -0300] "GET /cormun/servlet/hpexe_return? HTTP/1.1" 200 1036
190.95.15.15 - - [06/May/2025:12:00:06 -0300] "GET /cormun/servlet/trsolicitudot?gx-no-cache=1746543093561 HTTP/1.1" 200 9457
190.95.15.15 - - [06/May/2025:12:00:11 -0300] "GET /cormun/servlet/solicitudot?INS,0,0,false, HTTP/1.1" 200 16003
190.95.15.15 - - [06/May/2025:12:00:19 -0300] "POST /cormun/servlet/solicitudot?gx-no-cache=1746543758616 HTTP/1.1" 200 4046
190.95.15.15 - - [06/May/2025:12:00:20 -0300] "POST /cormun/servlet/solicitudot?67ff843e8e3ba34e5c647f09ef452910,INS,0,0,false,,gx-no-cache=1746543758789 HTTP/1.1" 200 12642
190.95.15.15 - - [06/May/2025:12:00:22 -0300] "GET /cormun/servlet/solicitudot?cb605cd5d41e10681ce4e081e0878395f2442504cba489c05e44f528f6579d32952e990a972e9704248b5eb638538587,gx-no-cache=1746543761511 HTTP/1.1" 200 30
190.95.1.129 - - [06/May/2025:12:00:30 -0300] "GET /cormun/servlet/permisogoce?INS,0,,, HTTP/1.1" 200 7182
179.57.78.55 - - [06/May/2025:12:01:38 -0300] "GET /cormun/servlet/trlicencias? HTTP/1.1" 200 11431
190.95.15.15 - - [06/May/2025:12:01:40 -0300] "GET /cormun/servlet/solicitudot?cb605cd5d41e10681ce4e081e0878395d2d0e3a2b7efdd0f03e16de6843141976419d391d021e487a9a51c9f8be6bfed5786e82858a3386bf59afeabe36e1956a029069a5506541ce7b06b6841b5efd0,gx-no-cache=1746543839496 HTTP/1.1" 200 30
190.95.15.15 - - [06/May/2025:12:01:40 -0300] "GET /cormun/servlet/solicitudot?cb605cd5d41e10681ce4e081e0878395701a163700eddc440cf93bf472afdcf9,gx-no-cache=1746543839527 HTTP/1.1" 200 29
190.95.15.15 - - [06/May/2025:12:01:41 -0300] "POST /cormun/servlet/solicitudot?gx-no-cache=1746543840296 HTTP/1.1" 200 255
190.95.15.15 - - [06/May/2025:12:01:43 -0300] "GET /cormun/servlet/solicitudot?cb605cd5d41e10681ce4e081e0878395c17c828bddf6a52d275eb7b42a33b82a1b1d2de1af0367a41b52cae17f59f077f52b7ca7dd95de1586a72674b9c6404375b97eaef4f11f12add69c033543499560ae83671afd98e7239301f3c469f6bc0f230d08775a6edbcee09185a5cc6c2cd34ec4433f13f9d2afd1eef4d5d87b5e3aef144a9d56850763cca117e427ff724eae8adbfe2eaedf266ebb206e7861b9c65d9214e71f89a67e5c0bb47b5d002c917c67f074d37bcc446416324bb6b5e5f7ae1a7ae6547ba5ff5f5dad4a6766717333262728086f8e9a506567c3bdb4b4727999924267b4bc86350be509689cfd2cba62a5c5bb5434c6d16c5a1d84eb088abaee19d75f3c87521b12a7ff5022b1a4a578671de3cb795342b810f864daa1a76aadaef5ee43e55ab9c4e8742ee59d8e914e7b150523a256b2aa79e4a3e5eb26a10d6cd7d0110f20cb7d26756953af31bf51a5842a858aa5e17c6c74263f1e27261d8b119d0d0356b4b4d64ec9f698f76b007cb0eba7b68b623cb69b67ce5b,gx-no-cache=1746543841910 HTTP/1.1" 200 30
190.95.15.15 - - [06/May/2025:12:01:46 -0300] "POST /cormun/servlet/solicitudot?gx-no-cache=1746543845107 HTTP/1.1" 200 30
190.95.15.15 - - [06/May/2025:12:01:48 -0300] "GET /cormun/servlet/prcontratosol?26965560,,,,,MD,,gxPopupLevel%3D0%3B HTTP/1.1" 200 8770
190.95.15.15 - - [06/May/2025:12:01:50 -0300] "POST /cormun/servlet/solicitudot?gx-no-cache=1746543849401 HTTP/1.1" 200 1480
190.95.15.15 - - [06/May/2025:12:01:50 -0300] "POST /cormun/servlet/solicitudot?gx-no-cache=1746543849430 HTTP/1.1" 200 38
190.95.15.15 - - [06/May/2025:12:01:50 -0300] "GET /cormun/servlet/solicitudot?cb605cd5d41e10681ce4e081e08783951b4b01d065af8e57f28d262f4ce0b22902644a4745540aa52c5425e7ce41856c6c18e29ad7ff697e20715cb128a5549efa8e7e1a0897c6ff3aa98e5f845aa5fd853aa54cb85e24c052a74f301a509cfc71d56da9e2d66a12d69805041f480009,gx-no-cache=1746543849447 HTTP/1.1" 200 110
190.95.15.15 - - [06/May/2025:12:01:50 -0300] "POST /cormun/servlet/solicitudot?gx-no-cache=1746543849468 HTTP/1.1" 200 72
190.95.15.15 - - [06/May/2025:12:01:50 -0300] "GET /cormun/servlet/solicitudot?cb605cd5d41e10681ce4e081e08783959b5904a2a9ff08dc687f8bf9714e1bde86a2ba5a207fa0cfbed4df2e45e0bcf7cab041b0699af2e1042eaa3640e2af150f5a637b1fc51ab1ee114cd2a25e744ebf2a855ab5f6b1283def1901870784fe2e1c417dbd2ca4c9dd52d54c60dfc66f,gx-no-cache=1746543849492 HTTP/1.1" 200 29
190.95.15.15 - - [06/May/2025:12:01:50 -0300] "GET /cormun/servlet/solicitudot?cb605cd5d41e10681ce4e081e0878395b41a51802b09f9de6cb42f08ddaf67084272e048494e8701b2e15d82e598784b,gx-no-cache=1746543849514 HTTP/1.1" 200 134
190.95.15.15 - - [06/May/2025:12:01:50 -0300] "GET /cormun/static/Shared/jqueryui/images/ui-bg_highlight-soft_100_c6c2c8_1x100.png HTTP/1.1" 404 1117
190.95.15.15 - - [06/May/2025:12:01:50 -0300] "GET /cormun/static/Shared/jqueryui/images/ui-bg_flat_55_994d53_40x100.png HTTP/1.1" 404 1097
190.95.15.15 - - [06/May/2025:12:01:50 -0300] "GET /cormun/static/Shared/jqueryui/images/ui-icons_82798d_256x240.png HTTP/1.1" 404 1089
190.95.15.15 - - [06/May/2025:12:01:50 -0300] "GET /cormun/static/Shared/jqueryui/images/ui-icons_ebccce_256x240.png HTTP/1.1" 404 1089
190.95.15.15 - - [06/May/2025:12:02:08 -0300] "GET /cormun/servlet/solicitudot?cb605cd5d41e10681ce4e081e08783951b4b01d065af8e57f28d262f4ce0b22902644a4745540aa52c5425e7ce41856c6c18e29ad7ff697e20715cb128a5549efa8e7e1a0897c6ff3aa98e5f845aa5fd853aa54cb85e24c052a74f301a509cfc71d56da9e2d66a12d69805041f480009,gx-no-cache=1746543867356 HTTP/1.1" 200 110
190.95.15.15 - - [06/May/2025:12:02:13 -0300] "POST /cormun/servlet/solicitudot?gx-no-cache=1746543872747 HTTP/1.1" 200 72
190.95.1.129 - - [06/May/2025:12:02:33 -0300] "GET /cormun/servlet/permisogoce?686b044f1a90fd9c6e3651250cc3d73d6ec9277aa51aeb787c00b60fbcb4d386fe9e83344e3518fc95473973e5a55319d1ebb70cd64f5d66985e8da3eb1708ee,gx-no-cache=1746543891982 HTTP/1.1" 200 83
190.95.1.129 - - [06/May/2025:12:02:43 -0300] "GET /cormun/servlet/permisogoce?686b044f1a90fd9c6e3651250cc3d73dcc11b2cb34512bd0f27a7e957952cfff9ceaaf33e6994ffd86ae3002f64be81bd7d5c3df3c50efe44848913ad0038b20,gx-no-cache=1746543901837 HTTP/1.1" 200 46
190.95.1.129 - - [06/May/2025:12:02:49 -0300] "POST /cormun/servlet/permisogoce?41948909a3d506da7be87479f85a9a57,INS,0,,,,gx-no-cache=1746543907351 HTTP/1.1" 200 93
190.95.1.129 - - [06/May/2025:12:02:49 -0300] "GET /cormun/servlet/hpexe_return? HTTP/1.1" 200 1009
190.95.1.129 - - [06/May/2025:12:02:49 -0300] "GET /cormun/servlet/trpermisosgoce HTTP/1.1" 200 8832
190.95.1.129 - - [06/May/2025:12:02:52 -0300] "GET /cormun/servlet/apermisogoceprn?18377764,P,20250506110307,PU HTTP/1.1" 200 1659
190.95.15.15 - - [06/May/2025:12:03:21 -0300] "GET /cormun/static/menuarrow.gif HTTP/1.1" 404 1015
190.95.15.15 - - [06/May/2025:12:03:25 -0300] "GET /cormun/servlet/solicitudot?cb605cd5d41e10681ce4e081e0878395b0f18da4090fc5c8e4cef91357a121651911338c8b9fe25ada971aa429918a03,gx-no-cache=1746543944479 HTTP/1.1" 200 30
190.95.15.15 - - [06/May/2025:12:03:25 -0300] "POST /cormun/servlet/solicitudot?gx-no-cache=1746543944497 HTTP/1.1" 200 33
190.95.1.129 - - [06/May/2025:12:03:37 -0300] "GET /cormun/servlet/permisogoce?UPD,14346212,P,20250506110140, HTTP/1.1" 200 7238
190.95.1.129 - - [06/May/2025:12:03:38 -0300] "GET /cormun/servlet/permisogoce?686b044f1a90fd9c6e3651250cc3d73df8126ce5d2b360ff7a12946beb547927e83bdeed066014396a10f8088e46eda668e8cfbcd6ab37089e65543d258fca74,gx-no-cache=1746543957166 HTTP/1.1" 200 81
190.95.1.129 - - [06/May/2025:12:03:42 -0300] "GET /cormun/servlet/permisogoce?686b044f1a90fd9c6e3651250cc3d73d551a6d8ce395d30f5814f44fd7a02610506350464f3bcbf33c6e4f7497a8dbf4a78d60bb1f1fb23f0bc2d6a51e304f0d,gx-no-cache=1746543961333 HTTP/1.1" 200 47
190.95.1.129 - - [06/May/2025:12:03:46 -0300] "POST /cormun/servlet/permisogoce?41948909a3d506da7be87479f85a9a57,UPD,14346212,P,20250506110140,,gx-no-cache=1746543964574 HTTP/1.1" 200 93
190.95.1.129 - - [06/May/2025:12:03:46 -0300] "GET /cormun/servlet/hpexe_return? HTTP/1.1" 200 1029
190.95.1.129 - - [06/May/2025:12:03:46 -0300] "GET /cormun/servlet/trpermisosgoce HTTP/1.1" 200 8824
190.95.1.129 - - [06/May/2025:12:03:51 -0300] "GET /cormun/servlet/apermisogoceprn?14346212,P,20250506110140,PU HTTP/1.1" 200 1650
190.95.15.15 - - [06/May/2025:12:04:33 -0300] "POST /cormun/servlet/solicitudot?67ff843e8e3ba34e5c647f09ef452910,INS,0,0,false,,gx-no-cache=1746544011584 HTTP/1.1" 200 93
190.95.15.15 - - [06/May/2025:12:04:33 -0300] "GET /cormun/servlet/hpexe_return? HTTP/1.1" 200 1031
190.95.15.15 - - [06/May/2025:12:04:33 -0300] "GET /cormun/servlet/trsolicitudot?gx-no-cache=1746543093561 HTTP/1.1" 200 9727
190.95.1.129 - - [06/May/2025:12:04:37 -0300] "GET /cormun/servlet/permisogoce?INS,0,,, HTTP/1.1" 200 7182
190.95.15.15 - - [06/May/2025:12:04:37 -0300] "POST /cormun/servlet/trsolicitudot?67ff843e8e3ba34e5c647f09ef452910,gx-no-cache=1746543093561,gx-no-cache=1746544016686 HTTP/1.1" 200 112
190.95.15.15 - - [06/May/2025:12:04:38 -0300] "GET /cormun/servlet/solicitudot?UPD,2025,22557,false, HTTP/1.1" 200 16643
190.95.15.31 - - [06/May/2025:12:04:38 -0300] "GET /cormun/servlet/trlicencias? HTTP/1.1" 200 6047
190.95.15.15 - - [06/May/2025:12:04:38 -0300] "POST /cormun/servlet/solicitudot?gx-no-cache=1746544017497 HTTP/1.1" 200 4125
190.95.15.15 - - [06/May/2025:12:04:38 -0300] "POST /cormun/servlet/solicitudot?67ff843e8e3ba34e5c647f09ef452910,UPD,2025,22557,false,,gx-no-cache=1746544017621 HTTP/1.1" 200 12851
190.95.15.15 - - [06/May/2025:12:04:38 -0300] "GET /cormun/servlet/solicitudot?cb605cd5d41e10681ce4e081e0878395f2442504cba489c05e44f528f6579d32258d5d9fc0a224032e4405eec3884144,gx-no-cache=1746544017713 HTTP/1.1" 200 30
190.95.15.15 - - [06/May/2025:12:04:38 -0300] "GET /cormun/servlet/solicitudot?cb605cd5d41e10681ce4e081e0878395d2d0e3a2b7efdd0f03e16de6843141976419d391d021e487a9a51c9f8be6bfed5786e82858a3386bf59afeabe36e1956ba45d29e1a1c0d6cd9639c9230d8af0d,gx-no-cache=1746544017749 HTTP/1.1" 200 30
190.95.15.15 - - [06/May/2025:12:04:38 -0300] "GET /cormun/servlet/solicitudot?cb605cd5d41e10681ce4e081e0878395701a163700eddc440cf93bf472afdcf9,gx-no-cache=1746544017784 HTTP/1.1" 200 29
190.95.15.15 - - [06/May/2025:12:04:39 -0300] "POST /cormun/servlet/solicitudot?gx-no-cache=1746544017801 HTTP/1.1" 200 256
190.95.15.15 - - [06/May/2025:12:04:39 -0300] "GET /cormun/servlet/solicitudot?cb605cd5d41e10681ce4e081e0878395c17c828bddf6a52d275eb7b42a33b82a1b1d2de1af0367a41b52cae17f59f077f52b7ca7dd95de1586a72674b9c6404375b97eaef4f11f12add69c033543499560ae83671afd98e7239301f3c469f6bc0f230d08775a6edbcee09185a5cc6c2cd34ec4433f13f9d2afd1eef4d5d87b5e3aef144a9d56850763cca117e427ff724eae8adbfe2eaedf266ebb206e7861b9c65d9214e71f89a67e5c0bb47b5d002c917c67f074d37bcc446416324bb6b5e5f7ae1a7ae6547ba5ff5f5dad4a6766717333262728086f8e9a506567c3bdb4b4727999924267b4bc86350be509689cfd2cba62a5c5bb5434c6d16c5a1d84eb088abaee19d75f3c87521b12a7ff5022b1a4a578671de3cb795342b810f864daa1a76aadaef5ee43e55ab9c4e8742ee59d8e914e7b150523a256b2aa79e4a3e5eb26a10d6cd7d0110f20cb7d26756953af31bf51a5842a858aa5e17c6c74263f1e27261d8b119d0d0356b4b4d64ec9f698cf1b4b3a0e9d2371b2673d5efa3dc97a,gx-no-cache=1746544017819 HTTP/1.1" 200 30
190.95.15.15 - - [06/May/2025:12:04:39 -0300] "POST /cormun/servlet/solicitudot?gx-no-cache=1746544017845 HTTP/1.1" 200 30
190.95.15.15 - - [06/May/2025:12:04:39 -0300] "POST /cormun/servlet/solicitudot?gx-no-cache=1746544017862 HTTP/1.1" 200 1481
190.95.15.15 - - [06/May/2025:12:04:39 -0300] "POST /cormun/servlet/solicitudot?gx-no-cache=1746544017885 HTTP/1.1" 200 41
190.95.15.15 - - [06/May/2025:12:04:40 -0300] "GET /cormun/servlet/solicitudot?cb605cd5d41e10681ce4e081e08783951b4b01d065af8e57f28d262f4ce0b22902644a4745540aa52c5425e7ce41856c6c18e29ad7ff697e20715cb128a5549efa8e7e1a0897c6ff3aa98e5f845aa5fd853aa54cb85e24c052a74f301a509cfc71d56da9e2d66a12d69805041f480009,gx-no-cache=1746544018801 HTTP/1.1" 200 110
190.95.15.15 - - [06/May/2025:12:04:40 -0300] "POST /cormun/servlet/solicitudot?gx-no-cache=1746544018826 HTTP/1.1" 200 97
190.95.15.15 - - [06/May/2025:12:04:40 -0300] "GET /cormun/servlet/solicitudot?cb605cd5d41e10681ce4e081e08783958fd4056a7eb05633daaa8dd4c4cebd545925db9ac100be56bac2be9ed5e7f492c0d21a103c1f19b41bbeeec34373d1b66ab81a31f3782bb4debe913e1bef034444236676cbb6a857e63c442ebc82410e13a7fbdb95ae40b2e05cae9114b79f5f93982776beebb4a802dcf3813e4aa6fc7d448178931047c57f06553c5d5ec086f2eb17d8c6b4446b57d14f523fd3f2e967a014222d898935eda8eca57c7ae1490e49d370a83374fbc1a3ed4fb03dfaf301b3cd8eac20fff3cd0625bf91984b20,gx-no-cache=1746544019622 HTTP/1.1" 200 30
190.95.15.31 - - [06/May/2025:12:04:42 -0300] "GET /cormun/servlet/hlogin HTTP/1.1" 200 1737
190.95.15.31 - - [06/May/2025:12:04:47 -0300] "POST /cormun/servlet/hlogin?5550dd0059403583fe246e7c6ca339af,gx-no-cache=1746544026462 HTTP/1.1" 200 90
190.95.15.31 - - [06/May/2025:12:04:47 -0300] "GET /cormun/servlet/hpexe_link HTTP/1.1" 200 955
190.95.15.31 - - [06/May/2025:12:04:48 -0300] "GET /cormun/servlet/trlicencias HTTP/1.1" 200 10704
190.95.1.129 - - [06/May/2025:12:04:50 -0300] "GET /cormun/servlet/permisogoce?686b044f1a90fd9c6e3651250cc3d73d3e9189c7fe05b4b78770f589e9d47076fe9e83344e3518fc95473973e5a55319d1ebb70cd64f5d66985e8da3eb1708ee,gx-no-cache=1746544029662 HTTP/1.1" 200 78
190.95.15.15 - - [06/May/2025:12:04:54 -0300] "POST /cormun/servlet/solicitudot?gx-no-cache=1746544032998 HTTP/1.1" 200 76
190.95.1.129 - - [06/May/2025:12:04:59 -0300] "GET /cormun/servlet/permisogoce?686b044f1a90fd9c6e3651250cc3d73dfd93e65ee0b0c283a8c05c15870e3081ff310874dc1821162b187092667e9f28d7d5c3df3c50efe44848913ad0038b20,gx-no-cache=1746544038652 HTTP/1.1" 200 46
190.95.15.15 - - [06/May/2025:12:05:02 -0300] "GET /cormun/servlet/solicitudot?cb605cd5d41e10681ce4e081e0878395b0f18da4090fc5c8e4cef91357a121651911338c8b9fe25ada971aa429918a03,gx-no-cache=1746544041172 HTTP/1.1" 200 30
190.95.15.15 - - [06/May/2025:12:05:02 -0300] "POST /cormun/servlet/solicitudot?gx-no-cache=1746544041190 HTTP/1.1" 200 33
190.95.1.129 - - [06/May/2025:12:05:06 -0300] "POST /cormun/servlet/permisogoce?41948909a3d506da7be87479f85a9a57,INS,0,,,,gx-no-cache=1746544044414 HTTP/1.1" 200 93
190.95.1.129 - - [06/May/2025:12:05:06 -0300] "GET /cormun/servlet/hpexe_return? HTTP/1.1" 200 1009
190.95.1.129 - - [06/May/2025:12:05:06 -0300] "GET /cormun/servlet/trpermisosgoce HTTP/1.1" 200 9042
190.95.1.129 - - [06/May/2025:12:05:13 -0300] "GET /cormun/servlet/apermisogoceprn?11994402,P,20250506110714,PU HTTP/1.1" 200 1644
190.95.15.15 - - [06/May/2025:12:05:21 -0300] "POST /cormun/servlet/solicitudot?67ff843e8e3ba34e5c647f09ef452910,UPD,2025,22557,false,,gx-no-cache=1746544059539 HTTP/1.1" 200 93
190.95.15.15 - - [06/May/2025:12:05:21 -0300] "GET /cormun/servlet/hpexe_return? HTTP/1.1" 200 1036
190.95.15.15 - - [06/May/2025:12:05:21 -0300] "GET /cormun/servlet/trsolicitudot?gx-no-cache=1746543093561 HTTP/1.1" 200 9713
190.95.1.129 - - [06/May/2025:12:05:40 -0300] "GET /cormun/servlet/permisogoce?INS,0,,, HTTP/1.1" 200 7182
190.95.1.129 - - [06/May/2025:12:05:50 -0300] "GET /cormun/servlet/permisogoce?686b044f1a90fd9c6e3651250cc3d73d26f6c8739dc17563f45b9e7eb96d734afe9e83344e3518fc95473973e5a55319d1ebb70cd64f5d66985e8da3eb1708ee,gx-no-cache=1746544089062 HTTP/1.1" 200 82
190.95.1.129 - - [06/May/2025:12:06:01 -0300] "GET /cormun/servlet/permisogoce?686b044f1a90fd9c6e3651250cc3d73d00284b363a01947932462949e407d72e141c5d45977e2f1f400fb52cd09ead3dd7d5c3df3c50efe44848913ad0038b20,gx-no-cache=1746544099780 HTTP/1.1" 200 46
190.95.1.129 - - [06/May/2025:12:06:06 -0300] "POST /cormun/servlet/permisogoce?41948909a3d506da7be87479f85a9a57,INS,0,,,,gx-no-cache=1746544105014 HTTP/1.1" 200 93
190.95.1.129 - - [06/May/2025:12:06:06 -0300] "GET /cormun/servlet/hpexe_return? HTTP/1.1" 200 1009
190.95.1.129 - - [06/May/2025:12:06:07 -0300] "GET /cormun/servlet/trpermisosgoce HTTP/1.1" 200 9253
190.95.1.129 - - [06/May/2025:12:06:13 -0300] "GET /cormun/servlet/apermisogoceprn?11670924,P,20250506110816,PU HTTP/1.1" 200 1657
190.95.1.129 - - [06/May/2025:12:06:36 -0300] "GET /cormun/servlet/permisogoce?INS,0,,, HTTP/1.1" 200 7182
190.95.1.129 - - [06/May/2025:12:06:48 -0300] "GET /cormun/servlet/permisogoce?686b044f1a90fd9c6e3651250cc3d73d4157d599c95386c9ac7e87181d07bf24fe9e83344e3518fc95473973e5a55319d1ebb70cd64f5d66985e8da3eb1708ee,gx-no-cache=1746544147301 HTTP/1.1" 200 75
190.95.1.129 - - [06/May/2025:12:07:00 -0300] "GET /cormun/servlet/permisogoce?686b044f1a90fd9c6e3651250cc3d73d885488f1159f06039d68ebd5df71dae9034b746987c639fd015fcf8301cf299bd7d5c3df3c50efe44848913ad0038b20,gx-no-cache=1746544159172 HTTP/1.1" 200 46
190.95.1.129 - - [06/May/2025:12:07:03 -0300] "POST /cormun/servlet/permisogoce?41948909a3d506da7be87479f85a9a57,INS,0,,,,gx-no-cache=1746544161638 HTTP/1.1" 200 93
190.95.1.129 - - [06/May/2025:12:07:03 -0300] "GET /cormun/servlet/hpexe_return? HTTP/1.1" 200 1009
190.95.1.129 - - [06/May/2025:12:07:03 -0300] "GET /cormun/servlet/trpermisosgoce HTTP/1.1" 200 9470
190.95.1.129 - - [06/May/2025:12:07:08 -0300] "GET /cormun/servlet/apermisogoceprn?20370089,P,20250506110913,PU HTTP/1.1" 200 1653
179.57.78.55 - - [06/May/2025:12:08:23 -0300] "GET /cormun/servlet/trpermisosgoce? HTTP/1.1" 200 16484
190.95.67.99 - - [06/May/2025:12:08:45 -0300] "GET /cormun/servlet/trpermisosgoce HTTP/1.1" 200 6026
190.95.67.99 - - [06/May/2025:12:08:48 -0300] "GET /cormun/servlet/hlogin HTTP/1.1" 200 1732
190.95.67.99 - - [06/May/2025:12:08:54 -0300] "POST /cormun/servlet/hlogin?a5428ffd973861dc72dbe03eef21ae8c,gx-no-cache=1746544273888 HTTP/1.1" 200 90
190.95.67.99 - - [06/May/2025:12:08:54 -0300] "GET /cormun/servlet/hpexe_link HTTP/1.1" 200 950
190.95.67.99 - - [06/May/2025:12:08:54 -0300] "GET /cormun/servlet/trpermisosgoce HTTP/1.1" 200 14167
190.95.67.99 - - [06/May/2025:12:08:55 -0300] "GET /cormun/static/Shared/ext/resources/themes/images/default/panel/bg-headersPanel.png HTTP/1.1" 200 255
190.95.67.99 - - [06/May/2025:12:08:58 -0300] "GET /cormun/servlet/trlicencias? HTTP/1.1" 200 11628
179.57.78.55 - - [06/May/2025:12:09:00 -0300] "GET /cormun/static/menuarrow.gif HTTP/1.1" 404 1015
179.57.78.55 - - [06/May/2025:12:09:06 -0300] "POST /cormun/servlet/trpermisosgoce?5067d01e9cc20705a5117f622ff3d255,,gx-no-cache=1746544284559 HTTP/1.1" 200 16161
179.57.78.55 - - [06/May/2025:12:09:09 -0300] "POST /cormun/servlet/trpermisosgoce?5067d01e9cc20705a5117f622ff3d255,,gx-no-cache=1746544288027 HTTP/1.1" 200 104
179.57.78.55 - - [06/May/2025:12:09:09 -0300] "GET /cormun/PermisosGoce-9473.xls HTTP/1.1" 200 19968
200.126.116.145 - - [06/May/2025:12:11:15 -0300] "GET /cormun/servlet/trlicencias? HTTP/1.1" 200 14921
200.126.116.145 - - [06/May/2025:12:11:22 -0300] "GET /cormun/servlet/trlicencias? HTTP/1.1" 200 14902
190.95.15.15 - - [06/May/2025:12:14:02 -0300] "POST /cormun/servlet/trsolicitudot?67ff843e8e3ba34e5c647f09ef452910,gx-no-cache=1746543093561,gx-no-cache=1746544580871 HTTP/1.1" 200 106
190.95.15.15 - - [06/May/2025:12:14:02 -0300] "GET /cormun/servlet/trsolicitudadjuntos?2025,22553, HTTP/1.1" 200 6108
190.95.15.15 - - [06/May/2025:12:14:02 -0300] "GET /cormun/static/gxcfg.js?20201215574222 HTTP/1.1" 200 953
190.95.15.15 - - [06/May/2025:12:14:02 -0300] "GET /cormun/static/trsolicitudadjuntos.js?20201215574932 HTTP/1.1" 200 17921
190.95.15.15 - - [06/May/2025:12:14:05 -0300] "GET /cormun/servlet/solicitudotadjuntos?INS,2025,22553,,1, HTTP/1.1" 200 6033
190.95.15.15 - - [06/May/2025:12:14:05 -0300] "GET /cormun/static/solicitudotadjuntos.js?202211298385196 HTTP/1.1" 200 11771
190.95.15.15 - - [06/May/2025:12:14:05 -0300] "GET /cormun/static/gxcfg.js?202211298385187 HTTP/1.1" 200 953
190.95.15.15 - - [06/May/2025:12:14:05 -0300] "GET /cormun/static/about:blank HTTP/1.1" 404 1011
190.95.15.15 - - [06/May/2025:12:14:06 -0300] "GET /cormun/servlet/solicitudotadjuntos?cb605cd5d41e10681ce4e081e0878395ddf4f98c3df9b0c05322cdcd788c199fefb551e7f4f41cb45c2e8474acb106b2,gx-no-cache=1746544584904 HTTP/1.1" 200 30
190.95.15.15 - - [06/May/2025:12:14:06 -0300] "POST /cormun/servlet/solicitudotadjuntos?67ff843e8e3ba34e5c647f09ef452910,INS,2025,22553,,1,,gx-no-cache=1746544584920 HTTP/1.1" 200 3876
190.95.15.15 - - [06/May/2025:12:14:07 -0300] "POST /cormun/servlet/solicitudotadjuntos?gx-no-cache=1746544586751 HTTP/1.1" 200 26
190.95.15.15 - - [06/May/2025:12:14:18 -0300] "GET /cormun/servlet/solicitudotadjuntos?cb605cd5d41e10681ce4e081e08783953fd1fc1f7fd9f9920114919293a4a72f,gx-no-cache=1746544597348 HTTP/1.1" 200 30
190.95.15.15 - - [06/May/2025:12:14:18 -0300] "GET /cormun/servlet/solicitudotadjuntos?cb605cd5d41e10681ce4e081e08783953fd1fc1f7fd9f9920114919293a4a72f,gx-no-cache=1746544597359 HTTP/1.1" 200 30
190.95.15.15 - - [06/May/2025:12:14:18 -0300] "POST /cormun/servlet/solicitudotadjuntos?67ff843e8e3ba34e5c647f09ef452910,INS,2025,22553,,1, HTTP/1.1" 200 116
190.95.15.15 - - [06/May/2025:12:14:18 -0300] "GET /cormun/servlet/hpexe_return? HTTP/1.1" 200 1027
190.95.15.15 - - [06/May/2025:12:14:19 -0300] "GET /cormun/servlet/trsolicitudadjuntos?2025,22553, HTTP/1.1" 200 9097
200.126.116.145 - - [06/May/2025:12:16:38 -0300] "GET /cormun/servlet/trlicencias? HTTP/1.1" 200 14902
190.95.15.15 - - [06/May/2025:12:17:19 -0300] "GET /cormun/servlet/solicitudotadjuntos?INS,2025,22553,,1, HTTP/1.1" 200 6033
190.95.15.15 - - [06/May/2025:12:17:19 -0300] "GET /cormun/static/about:blank HTTP/1.1" 404 1011
190.95.15.15 - - [06/May/2025:12:17:19 -0300] "GET /cormun/servlet/solicitudotadjuntos?cb605cd5d41e10681ce4e081e0878395ddf4f98c3df9b0c05322cdcd788c199fefb551e7f4f41cb45c2e8474acb106b2,gx-no-cache=1746544778750 HTTP/1.1" 200 30
190.95.15.15 - - [06/May/2025:12:17:20 -0300] "POST /cormun/servlet/solicitudotadjuntos?67ff843e8e3ba34e5c647f09ef452910,INS,2025,22553,,1,,gx-no-cache=1746544778763 HTTP/1.1" 200 3876
190.95.15.15 - - [06/May/2025:12:17:22 -0300] "POST /cormun/servlet/solicitudotadjuntos?gx-no-cache=1746544781010 HTTP/1.1" 200 26
190.95.15.15 - - [06/May/2025:12:17:34 -0300] "GET /cormun/servlet/solicitudotadjuntos?cb605cd5d41e10681ce4e081e08783953fd1fc1f7fd9f9920114919293a4a72f,gx-no-cache=1746544793628 HTTP/1.1" 200 30
190.95.15.15 - - [06/May/2025:12:17:34 -0300] "GET /cormun/servlet/solicitudotadjuntos?cb605cd5d41e10681ce4e081e08783953fd1fc1f7fd9f9920114919293a4a72f,gx-no-cache=1746544793639 HTTP/1.1" 200 30
190.95.15.15 - - [06/May/2025:12:17:35 -0300] "POST /cormun/servlet/solicitudotadjuntos?67ff843e8e3ba34e5c647f09ef452910,INS,2025,22553,,1, HTTP/1.1" 200 116
190.95.15.15 - - [06/May/2025:12:17:35 -0300] "GET /cormun/servlet/hpexe_return? HTTP/1.1" 200 1027
190.95.15.15 - - [06/May/2025:12:17:35 -0300] "GET /cormun/servlet/trsolicitudadjuntos?2025,22553, HTTP/1.1" 200 9349
190.95.15.15 - - [06/May/2025:12:17:38 -0300] "GET /cormun/servlet/solicitudotadjuntos?INS,2025,22553,,1, HTTP/1.1" 200 6034
190.95.15.15 - - [06/May/2025:12:17:38 -0300] "GET /cormun/static/about:blank HTTP/1.1" 404 1011
190.95.15.15 - - [06/May/2025:12:17:38 -0300] "GET /cormun/servlet/solicitudotadjuntos?cb605cd5d41e10681ce4e081e0878395ddf4f98c3df9b0c05322cdcd788c199fefb551e7f4f41cb45c2e8474acb106b2,gx-no-cache=1746544797578 HTTP/1.1" 200 30
190.95.15.15 - - [06/May/2025:12:17:38 -0300] "POST /cormun/servlet/solicitudotadjuntos?67ff843e8e3ba34e5c647f09ef452910,INS,2025,22553,,1,,gx-no-cache=1746544797594 HTTP/1.1" 200 3876
190.95.15.15 - - [06/May/2025:12:17:41 -0300] "POST /cormun/servlet/solicitudotadjuntos?gx-no-cache=1746544800008 HTTP/1.1" 200 26
190.95.15.15 - - [06/May/2025:12:17:49 -0300] "GET /cormun/servlet/solicitudotadjuntos?cb605cd5d41e10681ce4e081e08783953fd1fc1f7fd9f9920114919293a4a72f,gx-no-cache=1746544808155 HTTP/1.1" 200 30
190.95.15.15 - - [06/May/2025:12:17:49 -0300] "GET /cormun/servlet/solicitudotadjuntos?cb605cd5d41e10681ce4e081e08783953fd1fc1f7fd9f9920114919293a4a72f,gx-no-cache=1746544808166 HTTP/1.1" 200 30
190.95.15.15 - - [06/May/2025:12:17:49 -0300] "POST /cormun/servlet/solicitudotadjuntos?67ff843e8e3ba34e5c647f09ef452910,INS,2025,22553,,1, HTTP/1.1" 200 116
190.95.15.15 - - [06/May/2025:12:17:49 -0300] "GET /cormun/servlet/hpexe_return? HTTP/1.1" 200 1027
190.95.15.15 - - [06/May/2025:12:17:49 -0300] "GET /cormun/servlet/trsolicitudadjuntos?2025,22553, HTTP/1.1" 200 9566
190.95.15.15 - - [06/May/2025:12:18:46 -0300] "GET /cormun/servlet/solicitudotadjuntos?INS,2025,22553,,1, HTTP/1.1" 200 6033
190.95.15.15 - - [06/May/2025:12:18:46 -0300] "GET /cormun/static/about:blank HTTP/1.1" 404 1011
190.95.15.15 - - [06/May/2025:12:18:47 -0300] "GET /cormun/servlet/solicitudotadjuntos?cb605cd5d41e10681ce4e081e0878395ddf4f98c3df9b0c05322cdcd788c199fefb551e7f4f41cb45c2e8474acb106b2,gx-no-cache=1746544866297 HTTP/1.1" 200 30
190.95.15.15 - - [06/May/2025:12:18:47 -0300] "POST /cormun/servlet/solicitudotadjuntos?67ff843e8e3ba34e5c647f09ef452910,INS,2025,22553,,1,,gx-no-cache=1746544866311 HTTP/1.1" 200 3875
190.95.15.15 - - [06/May/2025:12:18:50 -0300] "POST /cormun/servlet/solicitudotadjuntos?gx-no-cache=1746544868799 HTTP/1.1" 200 26
190.95.15.15 - - [06/May/2025:12:18:59 -0300] "GET /cormun/servlet/solicitudotadjuntos?cb605cd5d41e10681ce4e081e08783953fd1fc1f7fd9f9920114919293a4a72f,gx-no-cache=1746544878678 HTTP/1.1" 200 30
190.95.15.15 - - [06/May/2025:12:18:59 -0300] "GET /cormun/servlet/solicitudotadjuntos?cb605cd5d41e10681ce4e081e08783953fd1fc1f7fd9f9920114919293a4a72f,gx-no-cache=1746544878689 HTTP/1.1" 200 30
190.95.15.15 - - [06/May/2025:12:19:00 -0300] "POST /cormun/servlet/solicitudotadjuntos?67ff843e8e3ba34e5c647f09ef452910,INS,2025,22553,,1, HTTP/1.1" 200 116
190.95.15.15 - - [06/May/2025:12:19:00 -0300] "GET /cormun/servlet/hpexe_return? HTTP/1.1" 200 1027
190.95.15.15 - - [06/May/2025:12:19:00 -0300] "GET /cormun/servlet/trsolicitudadjuntos?2025,22553, HTTP/1.1" 200 9850
190.95.15.15 - - [06/May/2025:12:19:10 -0300] "GET /cormun/servlet/solicitudotadjuntos?INS,2025,22553,,1, HTTP/1.1" 200 6033
190.95.15.15 - - [06/May/2025:12:19:10 -0300] "GET /cormun/static/about:blank HTTP/1.1" 404 1011
190.95.15.15 - - [06/May/2025:12:19:10 -0300] "GET /cormun/servlet/solicitudotadjuntos?cb605cd5d41e10681ce4e081e0878395ddf4f98c3df9b0c05322cdcd788c199fefb551e7f4f41cb45c2e8474acb106b2,gx-no-cache=1746544889653 HTTP/1.1" 200 30
190.95.15.15 - - [06/May/2025:12:19:10 -0300] "POST /cormun/servlet/solicitudotadjuntos?67ff843e8e3ba34e5c647f09ef452910,INS,2025,22553,,1,,gx-no-cache=1746544889667 HTTP/1.1" 200 3875
190.95.15.15 - - [06/May/2025:12:19:13 -0300] "POST /cormun/servlet/solicitudotadjuntos?gx-no-cache=1746544891819 HTTP/1.1" 200 26
190.95.15.15 - - [06/May/2025:12:19:19 -0300] "GET /cormun/servlet/solicitudotadjuntos?cb605cd5d41e10681ce4e081e08783953fd1fc1f7fd9f9920114919293a4a72f,gx-no-cache=1746544898175 HTTP/1.1" 200 30
190.95.15.15 - - [06/May/2025:12:19:19 -0300] "GET /cormun/servlet/solicitudotadjuntos?cb605cd5d41e10681ce4e081e08783953fd1fc1f7fd9f9920114919293a4a72f,gx-no-cache=1746544898188 HTTP/1.1" 200 30
190.95.15.15 - - [06/May/2025:12:19:20 -0300] "POST /cormun/servlet/solicitudotadjuntos?67ff843e8e3ba34e5c647f09ef452910,INS,2025,22553,,1, HTTP/1.1" 200 116
190.95.15.15 - - [06/May/2025:12:19:20 -0300] "GET /cormun/servlet/hpexe_return? HTTP/1.1" 200 1027
190.95.15.15 - - [06/May/2025:12:19:20 -0300] "GET /cormun/servlet/trsolicitudadjuntos?2025,22553, HTTP/1.1" 200 10110
190.95.15.15 - - [06/May/2025:12:19:31 -0300] "GET /cormun/servlet/solicitudotadjuntos?INS,2025,22553,,1, HTTP/1.1" 200 6034
190.95.15.15 - - [06/May/2025:12:19:31 -0300] "GET /cormun/static/about:blank HTTP/1.1" 404 1011
190.95.15.15 - - [06/May/2025:12:19:31 -0300] "GET /cormun/servlet/solicitudotadjuntos?cb605cd5d41e10681ce4e081e0878395ddf4f98c3df9b0c05322cdcd788c199fefb551e7f4f41cb45c2e8474acb106b2,gx-no-cache=1746544910622 HTTP/1.1" 200 30
190.95.15.15 - - [06/May/2025:12:19:31 -0300] "POST /cormun/servlet/solicitudotadjuntos?67ff843e8e3ba34e5c647f09ef452910,INS,2025,22553,,1,,gx-no-cache=1746544910636 HTTP/1.1" 200 3876
190.95.15.15 - - [06/May/2025:12:19:33 -0300] "POST /cormun/servlet/solicitudotadjuntos?gx-no-cache=1746544912412 HTTP/1.1" 200 26
190.95.15.15 - - [06/May/2025:12:19:41 -0300] "GET /cormun/servlet/solicitudotadjuntos?cb605cd5d41e10681ce4e081e08783953fd1fc1f7fd9f9920114919293a4a72f,gx-no-cache=1746544920730 HTTP/1.1" 200 30
190.95.15.15 - - [06/May/2025:12:19:41 -0300] "GET /cormun/servlet/solicitudotadjuntos?cb605cd5d41e10681ce4e081e08783953fd1fc1f7fd9f9920114919293a4a72f,gx-no-cache=1746544920743 HTTP/1.1" 200 30
190.95.15.15 - - [06/May/2025:12:19:42 -0300] "POST /cormun/servlet/solicitudotadjuntos?67ff843e8e3ba34e5c647f09ef452910,INS,2025,22553,,1, HTTP/1.1" 200 116
190.95.15.15 - - [06/May/2025:12:19:42 -0300] "GET /cormun/servlet/hpexe_return? HTTP/1.1" 200 1027
190.95.15.15 - - [06/May/2025:12:19:42 -0300] "GET /cormun/servlet/trsolicitudadjuntos?2025,22553, HTTP/1.1" 200 10278
190.95.15.15 - - [06/May/2025:12:19:48 -0300] "GET /cormun/servlet/trsolicitudot? HTTP/1.1" 200 9715
190.95.15.15 - - [06/May/2025:12:19:54 -0300] "POST /cormun/servlet/trsolicitudot?67ff843e8e3ba34e5c647f09ef452910,,gx-no-cache=1746544933747 HTTP/1.1" 200 106
190.95.15.15 - - [06/May/2025:12:19:55 -0300] "GET /cormun/servlet/trsolicitudadjuntos?2025,22555, HTTP/1.1" 200 6086
190.95.15.15 - - [06/May/2025:12:20:05 -0300] "GET /cormun/servlet/solicitudotadjuntos?INS,2025,22555,,1, HTTP/1.1" 200 6035
190.95.15.15 - - [06/May/2025:12:20:06 -0300] "GET /cormun/static/about:blank HTTP/1.1" 404 1011
190.95.15.15 - - [06/May/2025:12:20:06 -0300] "GET /cormun/servlet/solicitudotadjuntos?cb605cd5d41e10681ce4e081e08783952aa7b8c7b02b7b7426fed4681ac6b9a9efb551e7f4f41cb45c2e8474acb106b2,gx-no-cache=1746544945319 HTTP/1.1" 200 30
190.95.15.15 - - [06/May/2025:12:20:06 -0300] "POST /cormun/servlet/solicitudotadjuntos?67ff843e8e3ba34e5c647f09ef452910,INS,2025,22555,,1,,gx-no-cache=1746544945332 HTTP/1.1" 200 3876
190.95.15.15 - - [06/May/2025:12:20:08 -0300] "POST /cormun/servlet/solicitudotadjuntos?gx-no-cache=1746544947062 HTTP/1.1" 200 26
190.95.15.15 - - [06/May/2025:12:20:13 -0300] "GET /cormun/servlet/solicitudotadjuntos?cb605cd5d41e10681ce4e081e08783953fd1fc1f7fd9f9920114919293a4a72f,gx-no-cache=1746544952621 HTTP/1.1" 200 30
190.95.15.15 - - [06/May/2025:12:20:13 -0300] "GET /cormun/servlet/solicitudotadjuntos?cb605cd5d41e10681ce4e081e08783953fd1fc1f7fd9f9920114919293a4a72f,gx-no-cache=1746544952633 HTTP/1.1" 200 30
190.95.15.15 - - [06/May/2025:12:20:14 -0300] "POST /cormun/servlet/solicitudotadjuntos?67ff843e8e3ba34e5c647f09ef452910,INS,2025,22555,,1, HTTP/1.1" 200 116
190.95.15.15 - - [06/May/2025:12:20:14 -0300] "GET /cormun/servlet/hpexe_return? HTTP/1.1" 200 1027
190.95.15.15 - - [06/May/2025:12:20:14 -0300] "GET /cormun/servlet/trsolicitudadjuntos?2025,22555, HTTP/1.1" 200 9094
190.95.1.187 - - [06/May/2025:12:20:31 -0300] "GET /cormun/servlet/hlogin HTTP/1.1" 200 1723
