190.95.15.15 - - [06/May/2025:10:06:52 -0300] "GET /cormun/servlet/hpexe_link HTTP/1.1" 200 956
190.95.15.15 - - [06/May/2025:10:06:52 -0300] "GET /cormun/servlet/trlicencias HTTP/1.1" 200 11529
190.95.15.15 - - [06/May/2025:10:07:01 -0300] "GET /cormun/servlet/trsolicitudot? HTTP/1.1" 200 10474
190.95.15.17 - - [06/May/2025:10:07:07 -0300] "POST /cormun/servlet/hlogin?d2d157696f8a17edb11eebcfe581246d,gx-no-cache=1746536968669 HTTP/1.1" 200 90
190.95.15.17 - - [06/May/2025:10:07:07 -0300] "GET /cormun/servlet/hpexe_link HTTP/1.1" 200 960
190.95.15.17 - - [06/May/2025:10:07:07 -0300] "GET /cormun/servlet/trlicencias HTTP/1.1" 200 10269
201.186.225.183 - - [06/May/2025:10:07:58 -0300] "GET /cormun/servlet/trpermisosgoce? HTTP/1.1" 200 6024
201.186.225.183 - - [06/May/2025:10:07:58 -0300] "GET /cormun/static/gxcfg.js?2020121631564 HTTP/1.1" 200 953
201.186.225.183 - - [06/May/2025:10:07:58 -0300] "GET /cormun/static/trpermisosgoce.js?2020121633681 HTTP/1.1" 200 35904
201.186.225.183 - - [06/May/2025:10:07:58 -0300] "GET /cormun/servlet/hlogin HTTP/1.1" 200 1735
190.95.15.15 - - [06/May/2025:10:08:01 -0300] "POST /cormun/servlet/trsolicitudot?67ff843e8e3ba34e5c647f09ef452910,,gx-no-cache=1746537020554 HTTP/1.1" 200 7443
190.95.15.15 - - [06/May/2025:10:08:01 -0300] "GET /cormun/static/Shared/jqueryui/images/ui-bg_highlight-soft_100_c6c2c8_1x100.png HTTP/1.1" 404 1117
190.95.15.15 - - [06/May/2025:10:08:01 -0300] "GET /cormun/static/Shared/jqueryui/images/ui-icons_82798d_256x240.png HTTP/1.1" 404 1089
190.95.15.15 - - [06/May/2025:10:08:01 -0300] "GET /cormun/static/Shared/jqueryui/images/ui-icons_8d78a5_256x240.png HTTP/1.1" 404 1089
190.95.15.15 - - [06/May/2025:10:08:01 -0300] "GET /cormun/static/Shared/jqueryui/images/ui-bg_flat_55_fafafa_40x100.png HTTP/1.1" 404 1097
190.95.15.15 - - [06/May/2025:10:08:01 -0300] "POST /cormun/servlet/trsolicitudot?67ff843e8e3ba34e5c647f09ef452910,,gx-no-cache=1746537020741 HTTP/1.1" 200 7382
190.95.15.15 - - [06/May/2025:10:08:02 -0300] "POST /cormun/servlet/trsolicitudot?67ff843e8e3ba34e5c647f09ef452910,,gx-no-cache=1746537021651 HTTP/1.1" 200 7008
190.95.15.15 - - [06/May/2025:10:08:02 -0300] "POST /cormun/servlet/trsolicitudot?67ff843e8e3ba34e5c647f09ef452910,,gx-no-cache=1746537021830 HTTP/1.1" 200 6951
192.168.10.22 - - [06/May/2025:10:08:03 -0300] "GET /cormun/servlet/hlogin HTTP/1.1" 200 1719
192.168.10.22 - - [06/May/2025:10:08:03 -0300] "GET /cormun/servlet/hlogin HTTP/1.1" 200 1729
190.95.15.15 - - [06/May/2025:10:08:03 -0300] "POST /cormun/servlet/trsolicitudot?67ff843e8e3ba34e5c647f09ef452910,,gx-no-cache=1746537022500 HTTP/1.1" 200 6755
190.95.15.15 - - [06/May/2025:10:08:03 -0300] "POST /cormun/servlet/trsolicitudot?67ff843e8e3ba34e5c647f09ef452910,,gx-no-cache=1746537022621 HTTP/1.1" 200 6699
190.95.15.15 - - [06/May/2025:10:08:04 -0300] "POST /cormun/servlet/trsolicitudot?67ff843e8e3ba34e5c647f09ef452910,,gx-no-cache=1746537023285 HTTP/1.1" 200 6506
190.95.15.15 - - [06/May/2025:10:08:04 -0300] "POST /cormun/servlet/trsolicitudot?67ff843e8e3ba34e5c647f09ef452910,,gx-no-cache=1746537023406 HTTP/1.1" 200 6449
190.95.15.15 - - [06/May/2025:10:08:05 -0300] "POST /cormun/servlet/trsolicitudot?67ff843e8e3ba34e5c647f09ef452910,,gx-no-cache=1746537024009 HTTP/1.1" 200 6247
190.95.15.15 - - [06/May/2025:10:08:05 -0300] "POST /cormun/servlet/trsolicitudot?67ff843e8e3ba34e5c647f09ef452910,,gx-no-cache=1746537024112 HTTP/1.1" 200 6191
190.95.15.15 - - [06/May/2025:10:08:05 -0300] "POST /cormun/servlet/trsolicitudot?67ff843e8e3ba34e5c647f09ef452910,,gx-no-cache=1746537024763 HTTP/1.1" 200 5826
190.95.15.15 - - [06/May/2025:10:08:05 -0300] "POST /cormun/servlet/trsolicitudot?67ff843e8e3ba34e5c647f09ef452910,,gx-no-cache=1746537024870 HTTP/1.1" 200 5770
190.95.15.15 - - [06/May/2025:10:08:06 -0300] "POST /cormun/servlet/trsolicitudot?67ff843e8e3ba34e5c647f09ef452910,,gx-no-cache=1746537025449 HTTP/1.1" 200 4575
190.95.15.15 - - [06/May/2025:10:08:06 -0300] "POST /cormun/servlet/trsolicitudot?67ff843e8e3ba34e5c647f09ef452910,,gx-no-cache=1746537025529 HTTP/1.1" 200 4331
201.186.225.183 - - [06/May/2025:10:08:06 -0300] "POST /cormun/servlet/hlogin?ffe0f46c32f59b366b526fc07b1ffca5,gx-no-cache=1746537027493 HTTP/1.1" 200 90
201.186.225.183 - - [06/May/2025:10:08:06 -0300] "GET /cormun/servlet/hpexe_link HTTP/1.1" 200 954
201.186.225.183 - - [06/May/2025:10:08:06 -0300] "GET /cormun/servlet/trpermisosgoce HTTP/1.1" 200 18428
192.168.10.22 - - [06/May/2025:10:08:08 -0300] "POST /cormun/servlet/hlogin?62168c76f4597a557ab704bcfce88bf2,gx-no-cache=1746537044644 HTTP/1.1" 200 90
192.168.10.22 - - [06/May/2025:10:08:08 -0300] "GET /cormun/servlet/hpexe_link HTTP/1.1" 200 949
192.168.10.22 - - [06/May/2025:10:08:08 -0300] "GET /cormun/servlet/hhome HTTP/1.1" 200 3817
201.186.225.183 - - [06/May/2025:10:08:09 -0300] "GET /cormun/servlet/permisogoce?INS,0,,, HTTP/1.1" 200 6824
201.186.225.183 - - [06/May/2025:10:08:09 -0300] "GET /cormun/static/gxcfg.js?20201215124560 HTTP/1.1" 200 953
201.186.225.183 - - [06/May/2025:10:08:09 -0300] "GET /cormun/static/permisogoce.js?20201215124939 HTTP/1.1" 200 27790
192.168.10.22 - - [06/May/2025:10:08:11 -0300] "GET /cormun/servlet/trsolicitudgral? HTTP/1.1" 200 27801
201.186.225.183 - - [06/May/2025:10:08:18 -0300] "GET /cormun/servlet/permisogoce?72d33745b8bb48cc100e1049816c4717ab2ee0320e17e1b501b5db8dfdff99364e1f1f0bf7a7d380ca380bb69de714a77f76b1a2a30ba4bc325304232e792236,gx-no-cache=1746537039263 HTTP/1.1" 200 82
201.186.225.183 - - [06/May/2025:10:08:18 -0300] "GET /cormun/static/menuarrow.gif HTTP/1.1" 404 1015
201.186.225.183 - - [06/May/2025:10:08:21 -0300] "GET /cormun/servlet/permisogoce?72d33745b8bb48cc100e1049816c47172963e4bf5dbfb74ffeb292bd7fdcaf539b09422a3ce68c425c7f7126d924c3e26ede5c2890c301f2e593e3e6051d1e96,gx-no-cache=1746537042975 HTTP/1.1" 200 44
192.168.10.22 - - [06/May/2025:10:08:22 -0300] "POST /cormun/servlet/trsolicitudgral?62168c76f4597a557ab704bcfce88bf2,,gx-no-cache=1746537059333 HTTP/1.1" 200 5245
201.186.225.183 - - [06/May/2025:10:08:24 -0300] "POST /cormun/servlet/permisogoce?ffe0f46c32f59b366b526fc07b1ffca5,INS,0,,,,gx-no-cache=1746537043823 HTTP/1.1" 200 93
201.186.225.183 - - [06/May/2025:10:08:24 -0300] "GET /cormun/servlet/hpexe_return? HTTP/1.1" 200 1006
201.186.225.183 - - [06/May/2025:10:08:24 -0300] "GET /cormun/servlet/trpermisosgoce HTTP/1.1" 200 18479
190.95.15.15 - - [06/May/2025:10:08:24 -0300] "GET /cormun/servlet/solicitudot?INS,0,0,false, HTTP/1.1" 200 15980
201.186.225.183 - - [06/May/2025:10:08:27 -0300] "GET /cormun/servlet/apermisogoceprn?12103177,P,20250506091046,PU HTTP/1.1" 200 1658
192.168.10.22 - - [06/May/2025:10:08:33 -0300] "POST /cormun/servlet/trsolicitudgral?62168c76f4597a557ab704bcfce88bf2,,gx-no-cache=1746537069521 HTTP/1.1" 200 6638
190.95.15.15 - - [06/May/2025:10:08:37 -0300] "POST /cormun/servlet/solicitudot?gx-no-cache=1746537056257 HTTP/1.1" 200 4046
190.95.15.15 - - [06/May/2025:10:08:37 -0300] "POST /cormun/servlet/solicitudot?67ff843e8e3ba34e5c647f09ef452910,INS,0,0,false,,gx-no-cache=1746537056406 HTTP/1.1" 200 12621
190.95.15.15 - - [06/May/2025:10:08:40 -0300] "GET /cormun/servlet/solicitudot?cb605cd5d41e10681ce4e081e0878395c784ce54f96d2cfec64ab7a3beef5a30952e990a972e9704248b5eb638538587,gx-no-cache=1746537059483 HTTP/1.1" 200 30
192.168.10.22 - - [06/May/2025:10:08:54 -0300] "GET /cormun/servlet/vesolicitudgral?2025,22506,, HTTP/1.1" 200 8413
192.168.10.22 - - [06/May/2025:10:09:05 -0300] "GET /cormun/pexe_scrolldiv.js HTTP/1.1" 404 1009
192.168.10.22 - - [06/May/2025:10:09:07 -0300] "GET /cormun/servlet/vesolicitudgral?2025,22506,,SolicitudOTAdjuntos HTTP/1.1" 200 11181
192.168.10.22 - - [06/May/2025:10:09:07 -0300] "GET /cormun/pexe_scrolldiv.js HTTP/1.1" 404 1009
192.168.10.22 - - [06/May/2025:10:09:08 -0300] "POST /cormun/servlet/acontrolpreferencessavestate?None,RRHH+DANIELA,true HTTP/1.1" 200 35
192.168.10.22 - - [06/May/2025:10:09:09 -0300] "GET /cormun/servlet/vesolicitudgral?2025,22506,,General HTTP/1.1" 200 8416
192.168.10.22 - - [06/May/2025:10:09:09 -0300] "GET /cormun/pexe_scrolldiv.js HTTP/1.1" 404 1009
201.186.225.183 - - [06/May/2025:10:09:21 -0300] "GET /cormun/servlet/permisogoce?INS,0,,, HTTP/1.1" 200 6824
201.186.225.183 - - [06/May/2025:10:09:31 -0300] "GET /cormun/servlet/permisogoce?72d33745b8bb48cc100e1049816c471788fb68ae5c906d82ae52b2722d94e1724e1f1f0bf7a7d380ca380bb69de714a77f76b1a2a30ba4bc325304232e792236,gx-no-cache=1746537112773 HTTP/1.1" 200 81
201.186.225.183 - - [06/May/2025:10:09:52 -0300] "GET /cormun/servlet/permisogoce?72d33745b8bb48cc100e1049816c47174ccaddeadb0d164f2458d5e6e07a548f07cdc50be2ab6be80bd2d838ad4bf6d16ede5c2890c301f2e593e3e6051d1e96,gx-no-cache=1746537133418 HTTP/1.1" 200 47
201.186.225.183 - - [06/May/2025:10:09:53 -0300] "POST /cormun/servlet/permisogoce?ffe0f46c32f59b366b526fc07b1ffca5,INS,0,,,,gx-no-cache=1746537134472 HTTP/1.1" 200 93
201.186.225.183 - - [06/May/2025:10:09:53 -0300] "GET /cormun/servlet/hpexe_return? HTTP/1.1" 200 1006
201.186.225.183 - - [06/May/2025:10:09:54 -0300] "GET /cormun/servlet/trpermisosgoce HTTP/1.1" 200 18512
192.168.10.22 - - [06/May/2025:10:10:32 -0300] "GET /cormun/servlet/vesolicitudgral?2025,22506,,SolicitudOTAdjuntos HTTP/1.1" 200 11182
192.168.10.22 - - [06/May/2025:10:10:32 -0300] "GET /cormun/pexe_scrolldiv.js HTTP/1.1" 404 1009
192.168.10.22 - - [06/May/2025:10:10:34 -0300] "POST /cormun/servlet/acontrolpreferencessavestate?None,RRHH+DANIELA,true HTTP/1.1" 200 35
201.186.225.183 - - [06/May/2025:10:10:39 -0300] "GET /cormun/servlet/apermisogoceprn?20916630,P,20250506091158,PU HTTP/1.1" 200 1652
192.168.10.22 - - [06/May/2025:10:10:39 -0300] "GET /cormun/PublicTempStorage/cedula_identidad1444324.pdf HTTP/1.1" 200 205545
190.95.15.15 - - [06/May/2025:10:10:57 -0300] "GET /cormun/servlet/solicitudot?cb605cd5d41e10681ce4e081e08783956997a77256080e4df606262ef746f39d70c320915078f04af2e9daef9b646e9de1dd9bc2b69e5623fc35a1113c1fca0e2c40c6803be64908af7cc7223e9c0a1c,gx-no-cache=1746537196399 HTTP/1.1" 200 30
190.95.15.15 - - [06/May/2025:10:10:57 -0300] "GET /cormun/servlet/solicitudot?cb605cd5d41e10681ce4e081e0878395701a163700eddc440cf93bf472afdcf9,gx-no-cache=1746537196436 HTTP/1.1" 200 29
190.95.15.15 - - [06/May/2025:10:10:58 -0300] "POST /cormun/servlet/solicitudot?gx-no-cache=1746537197732 HTTP/1.1" 200 255
190.95.15.15 - - [06/May/2025:10:11:00 -0300] "GET /cormun/servlet/solicitudot?cb605cd5d41e10681ce4e081e0878395c17c828bddf6a52d275eb7b42a33b82a1b1d2de1af0367a41b52cae17f59f077f52b7ca7dd95de1586a72674b9c6404375b97eaef4f11f12add69c033543499560ae83671afd98e7239301f3c469f6bc0f230d08775a6edbcee09185a5cc6c2cd34ec4433f13f9d2afd1eef4d5d87b5e3aef144a9d56850763cca117e427ff724eae8adbfe2eaedf266ebb206e7861b9c65d9214e71f89a67e5c0bb47b5d002c917c67f074d37bcc446416324bb6b5e5f7ae1a7ae6547ba5ff5f5dad4a6766717333262728086f8e9a506567c3bdb4b4727999924267b4bc86350be509689cfd2cba62a5c5bb5434c6d16c5a1d84eb088abaee19d75f3c87521b12a7ff5022b1a4a578671de3cb795342b810f864daa1a76aadaef5ee43e55ab9c4e8742ee59d8e914e7b150523a256b2aa79e4a3e5eb26a10d6cd7d0110f20cb7d26756953af31bf51a5842a858aa5e17c6c74263f1e27261d8b119d0d0356b4b4d64ec9f698f76b007cb0eba7b68b623cb69b67ce5b,gx-no-cache=1746537199368 HTTP/1.1" 200 30
190.95.15.15 - - [06/May/2025:10:11:02 -0300] "POST /cormun/servlet/solicitudot?gx-no-cache=1746537201747 HTTP/1.1" 200 30
190.95.15.15 - - [06/May/2025:10:11:06 -0300] "GET /cormun/servlet/prcontratosol?19589432,,,,,MD,,gxPopupLevel%3D0%3B HTTP/1.1" 200 8645
190.95.15.15 - - [06/May/2025:10:11:10 -0300] "POST /cormun/servlet/solicitudot?gx-no-cache=1746537209624 HTTP/1.1" 200 1481
190.95.15.15 - - [06/May/2025:10:11:10 -0300] "POST /cormun/servlet/solicitudot?gx-no-cache=1746537209651 HTTP/1.1" 200 38
190.95.15.15 - - [06/May/2025:10:11:10 -0300] "GET /cormun/servlet/solicitudot?cb605cd5d41e10681ce4e081e08783951b4b01d065af8e57f28d262f4ce0b22902644a4745540aa52c5425e7ce41856c6c18e29ad7ff697e20715cb128a5549efa8e7e1a0897c6ff3aa98e5f845aa5fd853aa54cb85e24c052a74f301a509cfc71d56da9e2d66a12d69805041f480009,gx-no-cache=1746537209667 HTTP/1.1" 200 110
190.95.15.15 - - [06/May/2025:10:11:10 -0300] "POST /cormun/servlet/solicitudot?gx-no-cache=1746537209686 HTTP/1.1" 200 110
190.95.15.15 - - [06/May/2025:10:11:10 -0300] "GET /cormun/servlet/solicitudot?cb605cd5d41e10681ce4e081e08783959b5904a2a9ff08dc687f8bf9714e1bde86a2ba5a207fa0cfbed4df2e45e0bcf7cab041b0699af2e1042eaa3640e2af150f5a637b1fc51ab1ee114cd2a25e744ebf2a855ab5f6b1283def1901870784fe2e1c417dbd2ca4c9dd52d54c60dfc66f,gx-no-cache=1746537209704 HTTP/1.1" 200 29
190.95.15.15 - - [06/May/2025:10:11:10 -0300] "GET /cormun/servlet/solicitudot?cb605cd5d41e10681ce4e081e0878395b41a51802b09f9de6cb42f08ddaf67084272e048494e8701b2e15d82e598784b,gx-no-cache=1746537209719 HTTP/1.1" 200 134
190.95.15.15 - - [06/May/2025:10:11:10 -0300] "GET /cormun/static/Shared/jqueryui/images/ui-icons_ebccce_256x240.png HTTP/1.1" 404 1089
190.95.15.15 - - [06/May/2025:10:11:10 -0300] "GET /cormun/static/Shared/jqueryui/images/ui-bg_flat_55_994d53_40x100.png HTTP/1.1" 404 1097
111.21.192.221 - - [06/May/2025:10:11:11 -0300] "GET / HTTP/1.1" 200 11217
192.168.10.22 - - [06/May/2025:10:11:22 -0300] "GET /cormun/servlet/vesolicitudgral?2025,22506,,SolicitudOTAdjuntos HTTP/1.1" 200 11180
192.168.10.22 - - [06/May/2025:10:11:23 -0300] "POST /cormun/servlet/acontrolpreferencessavestate?None,RRHH+DANIELA,true HTTP/1.1" 200 35
192.168.10.22 - - [06/May/2025:10:11:25 -0300] "GET /cormun/servlet/vesolicitudgral?2025,22506,,General HTTP/1.1" 200 8416
192.168.10.22 - - [06/May/2025:10:11:25 -0300] "GET /cormun/pexe_scrolldiv.js HTTP/1.1" 404 1009
190.95.15.15 - - [06/May/2025:10:11:49 -0300] "GET /cormun/servlet/solicitudot?cb605cd5d41e10681ce4e081e08783951b4b01d065af8e57f28d262f4ce0b22902644a4745540aa52c5425e7ce41856c6c18e29ad7ff697e20715cb128a5549efa8e7e1a0897c6ff3aa98e5f845aa5fd853aa54cb85e24c052a74f301a509cfc71d56da9e2d66a12d69805041f480009,gx-no-cache=1746537248256 HTTP/1.1" 200 110
190.95.15.15 - - [06/May/2025:10:11:58 -0300] "GET /cormun/static/menuarrow.gif HTTP/1.1" 404 1015
128.65.187.161 - - [06/May/2025:10:11:59 -0300] "GET / HTTP/1.1" 200 11217
190.95.15.17 - - [06/May/2025:10:12:05 -0300] "POST /cormun/servlet/trlicencias?d2d157696f8a17edb11eebcfe581246d,gx-no-cache=1746537266378 HTTP/1.1" 200 7518
190.95.15.15 - - [06/May/2025:10:12:11 -0300] "GET /cormun/servlet/solicitudot?cb605cd5d41e10681ce4e081e0878395b0f18da4090fc5c8e4cef91357a12165fc79b3cfda7889349e80aa15c2deb883,gx-no-cache=1746537270704 HTTP/1.1" 200 30
190.95.15.15 - - [06/May/2025:10:12:11 -0300] "POST /cormun/servlet/solicitudot?gx-no-cache=1746537270768 HTTP/1.1" 200 33
190.95.15.15 - - [06/May/2025:10:12:12 -0300] "POST /cormun/servlet/solicitudot?67ff843e8e3ba34e5c647f09ef452910,INS,0,0,false,,gx-no-cache=1746537270862 HTTP/1.1" 200 93
190.95.15.15 - - [06/May/2025:10:12:12 -0300] "GET /cormun/servlet/hpexe_return? HTTP/1.1" 200 1010
190.95.15.15 - - [06/May/2025:10:12:12 -0300] "GET /cormun/servlet/trsolicitudot? HTTP/1.1" 200 8640
190.95.1.129 - - [06/May/2025:10:12:27 -0300] "GET /cormun/servlet/hlogin HTTP/1.1" 200 1716
190.95.1.129 - - [06/May/2025:10:12:34 -0300] "POST /cormun/servlet/hlogin?9ad2f7d77560d9fa9c6574cdccfd3f32,gx-no-cache=1746537293854 HTTP/1.1" 200 90
190.95.1.129 - - [06/May/2025:10:12:34 -0300] "GET /cormun/servlet/hpexe_link HTTP/1.1" 200 946
190.95.1.129 - - [06/May/2025:10:12:34 -0300] "GET /cormun/servlet/hhome HTTP/1.1" 200 4289
190.95.15.15 - - [06/May/2025:10:13:20 -0300] "POST /cormun/servlet/trsolicitudot?67ff843e8e3ba34e5c647f09ef452910,,gx-no-cache=1746537339976 HTTP/1.1" 200 111
190.95.15.15 - - [06/May/2025:10:13:21 -0300] "GET /cormun/servlet/solicitudot?UPD,2025,22550,false, HTTP/1.1" 200 16579
190.95.15.15 - - [06/May/2025:10:13:21 -0300] "POST /cormun/servlet/solicitudot?gx-no-cache=1746537340795 HTTP/1.1" 200 4117
190.95.15.15 - - [06/May/2025:10:13:21 -0300] "POST /cormun/servlet/solicitudot?67ff843e8e3ba34e5c647f09ef452910,UPD,2025,22550,false,,gx-no-cache=1746537340885 HTTP/1.1" 200 12783
190.95.15.15 - - [06/May/2025:10:13:21 -0300] "GET /cormun/servlet/solicitudot?cb605cd5d41e10681ce4e081e0878395c784ce54f96d2cfec64ab7a3beef5a30258d5d9fc0a224032e4405eec3884144,gx-no-cache=1746537340977 HTTP/1.1" 200 30
190.95.15.15 - - [06/May/2025:10:13:21 -0300] "GET /cormun/servlet/solicitudot?cb605cd5d41e10681ce4e081e08783956997a77256080e4df606262ef746f39d70c320915078f04af2e9daef9b646e9d35784fe9b1087097686131e69c99c0262c40c6803be64908af7cc7223e9c0a1c,gx-no-cache=1746537340997 HTTP/1.1" 200 30
190.95.15.15 - - [06/May/2025:10:13:21 -0300] "GET /cormun/servlet/solicitudot?cb605cd5d41e10681ce4e081e0878395701a163700eddc440cf93bf472afdcf9,gx-no-cache=1746537341027 HTTP/1.1" 200 29
190.95.15.15 - - [06/May/2025:10:13:22 -0300] "POST /cormun/servlet/solicitudot?gx-no-cache=1746537341044 HTTP/1.1" 200 256
190.95.15.15 - - [06/May/2025:10:13:22 -0300] "GET /cormun/servlet/solicitudot?cb605cd5d41e10681ce4e081e0878395c17c828bddf6a52d275eb7b42a33b82a1b1d2de1af0367a41b52cae17f59f077f52b7ca7dd95de1586a72674b9c6404375b97eaef4f11f12add69c033543499560ae83671afd98e7239301f3c469f6bc0f230d08775a6edbcee09185a5cc6c2cd34ec4433f13f9d2afd1eef4d5d87b5e3aef144a9d56850763cca117e427ff724eae8adbfe2eaedf266ebb206e7861b9c65d9214e71f89a67e5c0bb47b5d002c917c67f074d37bcc446416324bb6b5e5f7ae1a7ae6547ba5ff5f5dad4a6766717333262728086f8e9a506567c3bdb4b4727999924267b4bc86350be509689cfd2cba62a5c5bb5434c6d16c5a1d84eb088abaee19d75f3c87521b12a7ff5022b1a4a578671de3cb795342b810f864daa1a76aadaef5ee43e55ab9c4e8742ee59d8e914e7b150523a256b2aa79e4a3e5eb26a10d6cd7d0110f20cb7d26756953af31bf51a5842a858aa5e17c6c74263f1e27261d8b119d0d0356b4b4d64ec9f698cf1b4b3a0e9d2371b2673d5efa3dc97a,gx-no-cache=1746537341062 HTTP/1.1" 200 30
190.95.15.15 - - [06/May/2025:10:13:22 -0300] "POST /cormun/servlet/solicitudot?gx-no-cache=1746537341079 HTTP/1.1" 200 30
190.95.15.15 - - [06/May/2025:10:13:22 -0300] "POST /cormun/servlet/solicitudot?gx-no-cache=1746537341098 HTTP/1.1" 200 1481
190.95.15.15 - - [06/May/2025:10:13:22 -0300] "POST /cormun/servlet/solicitudot?gx-no-cache=1746537341121 HTTP/1.1" 200 41
190.95.15.15 - - [06/May/2025:10:13:23 -0300] "GET /cormun/servlet/solicitudot?cb605cd5d41e10681ce4e081e08783951b4b01d065af8e57f28d262f4ce0b22902644a4745540aa52c5425e7ce41856c6c18e29ad7ff697e20715cb128a5549efa8e7e1a0897c6ff3aa98e5f845aa5fd853aa54cb85e24c052a74f301a509cfc71d56da9e2d66a12d69805041f480009,gx-no-cache=1746537342718 HTTP/1.1" 200 110
190.95.15.15 - - [06/May/2025:10:13:23 -0300] "POST /cormun/servlet/solicitudot?gx-no-cache=1746537342738 HTTP/1.1" 200 109
190.95.15.15 - - [06/May/2025:10:13:24 -0300] "GET /cormun/servlet/solicitudot?cb605cd5d41e10681ce4e081e08783958fd4056a7eb05633daaa8dd4c4cebd545925db9ac100be56bac2be9ed5e7f492e77f1b7cd32bc0c94e5a07fc6f0709316ab81a31f3782bb4debe913e1bef034444236676cbb6a857e63c442ebc82410e13a7fbdb95ae40b2e05cae9114b79f5f93982776beebb4a802dcf3813e4aa6fc7d448178931047c57f06553c5d5ec086f2eb17d8c6b4446b57d14f523fd3f2e967a014222d898935eda8eca57c7ae1490e49d370a83374fbc1a3ed4fb03dfaf301b3cd8eac20fff3cd0625bf91984b20,gx-no-cache=1746537343561 HTTP/1.1" 200 30
192.168.10.22 - - [06/May/2025:10:13:30 -0300] "GET /cormun/servlet/vesolicitudgral?2025,22506,,SolicitudOTAdjuntos HTTP/1.1" 200 11181
192.168.10.22 - - [06/May/2025:10:13:30 -0300] "GET /cormun/pexe_scrolldiv.js HTTP/1.1" 404 1009
190.95.15.15 - - [06/May/2025:10:13:31 -0300] "GET /cormun/servlet/solicitudot?cb605cd5d41e10681ce4e081e0878395b0f18da4090fc5c8e4cef91357a12165fc79b3cfda7889349e80aa15c2deb883,gx-no-cache=1746537350185 HTTP/1.1" 200 30
190.95.15.15 - - [06/May/2025:10:13:31 -0300] "POST /cormun/servlet/solicitudot?gx-no-cache=1746537350204 HTTP/1.1" 200 33
192.168.10.22 - - [06/May/2025:10:13:31 -0300] "POST /cormun/servlet/acontrolpreferencessavestate?None,RRHH+DANIELA,true HTTP/1.1" 200 35
192.168.10.22 - - [06/May/2025:10:13:34 -0300] "GET /cormun/PublicTempStorage/cert._afp6315109.pdf HTTP/1.1" 200 91441
192.168.10.22 - - [06/May/2025:10:13:37 -0300] "GET /cormun/servlet/vesolicitudgral?2025,22506,,SolicitudOTAdjuntos HTTP/1.1" 200 11181
192.168.10.22 - - [06/May/2025:10:13:38 -0300] "POST /cormun/servlet/acontrolpreferencessavestate?None,RRHH+DANIELA,true HTTP/1.1" 200 35
190.95.15.15 - - [06/May/2025:10:13:42 -0300] "POST /cormun/servlet/solicitudot?67ff843e8e3ba34e5c647f09ef452910,UPD,2025,22550,false,,gx-no-cache=1746537360837 HTTP/1.1" 200 93
190.95.15.15 - - [06/May/2025:10:13:42 -0300] "GET /cormun/servlet/hpexe_return? HTTP/1.1" 200 1016
190.95.15.15 - - [06/May/2025:10:13:42 -0300] "GET /cormun/servlet/trsolicitudot HTTP/1.1" 200 8639
192.168.10.22 - - [06/May/2025:10:14:03 -0300] "GET /cormun/servlet/vesolicitudgral?2025,22506,,General HTTP/1.1" 200 8416
192.168.10.22 - - [06/May/2025:10:14:03 -0300] "GET /cormun/pexe_scrolldiv.js HTTP/1.1" 404 1009
190.95.15.15 - - [06/May/2025:10:14:06 -0300] "GET /cormun/servlet/solicitudot?INS,0,0,false, HTTP/1.1" 200 15980
192.168.10.22 - - [06/May/2025:10:14:09 -0300] "GET /cormun/servlet/vesolicitudgral?2025,22506,,SolicitudOTAdjuntos HTTP/1.1" 200 11184
192.168.10.22 - - [06/May/2025:10:14:10 -0300] "POST /cormun/servlet/acontrolpreferencessavestate?None,RRHH+DANIELA,true HTTP/1.1" 200 35
192.168.10.22 - - [06/May/2025:10:14:10 -0300] "GET /cormun/servlet/vesolicitudgral?2025,22506,,General HTTP/1.1" 200 8416
192.168.10.22 - - [06/May/2025:10:14:11 -0300] "GET /cormun/servlet/vesolicitudgral?2025,22506,,SolicitudOTAdjuntos HTTP/1.1" 200 11181
192.168.10.22 - - [06/May/2025:10:14:12 -0300] "POST /cormun/servlet/acontrolpreferencessavestate?None,RRHH+DANIELA,true HTTP/1.1" 200 35
192.168.10.22 - - [06/May/2025:10:14:12 -0300] "GET /cormun/servlet/vesolicitudgral?2025,22506,,General HTTP/1.1" 200 8416
201.186.225.183 - - [06/May/2025:10:14:14 -0300] "GET /cormun/servlet/permisogoce?INS,0,,, HTTP/1.1" 200 6824
192.168.10.22 - - [06/May/2025:10:14:14 -0300] "GET /cormun/servlet/vesolicitudgral?2025,22506,,SolicitudOTAdjuntos HTTP/1.1" 200 11179
192.168.10.22 - - [06/May/2025:10:14:16 -0300] "POST /cormun/servlet/acontrolpreferencessavestate?None,RRHH+DANIELA,true HTTP/1.1" 200 35
192.168.10.22 - - [06/May/2025:10:14:16 -0300] "GET /cormun/servlet/vesolicitudgral?2025,22506,, HTTP/1.1" 200 8413
192.168.10.22 - - [06/May/2025:10:14:17 -0300] "GET /cormun/servlet/trsolicitudgral? HTTP/1.1" 200 9724
190.95.15.15 - - [06/May/2025:10:14:19 -0300] "POST /cormun/servlet/solicitudot?gx-no-cache=1746537398245 HTTP/1.1" 200 4046
190.95.15.15 - - [06/May/2025:10:14:19 -0300] "POST /cormun/servlet/solicitudot?67ff843e8e3ba34e5c647f09ef452910,INS,0,0,false,,gx-no-cache=1746537398341 HTTP/1.1" 200 12617
192.168.10.22 - - [06/May/2025:10:14:20 -0300] "GET /cormun/servlet/vesolicitudgral?2025,22506,, HTTP/1.1" 200 8413
192.168.10.22 - - [06/May/2025:10:14:20 -0300] "GET /cormun/pexe_scrolldiv.js HTTP/1.1" 404 1009
201.186.225.183 - - [06/May/2025:10:14:21 -0300] "GET /cormun/servlet/permisogoce?72d33745b8bb48cc100e1049816c47170b4f61d19b78064841330c4e545b81774e1f1f0bf7a7d380ca380bb69de714a77f76b1a2a30ba4bc325304232e792236,gx-no-cache=1746537402306 HTTP/1.1" 200 83
190.95.15.15 - - [06/May/2025:10:14:22 -0300] "GET /cormun/servlet/solicitudot?cb605cd5d41e10681ce4e081e0878395d3cf3be45cbec308a309cf317a4c7346952e990a972e9704248b5eb638538587,gx-no-cache=1746537401281 HTTP/1.1" 200 30
201.186.225.183 - - [06/May/2025:10:14:25 -0300] "GET /cormun/servlet/permisogoce?72d33745b8bb48cc100e1049816c471733ff688cc628816eca50965224038106d276da27206db8513a70fe8e9415afb26ede5c2890c301f2e593e3e6051d1e96,gx-no-cache=1746537406247 HTTP/1.1" 200 44
201.186.225.183 - - [06/May/2025:10:14:27 -0300] "POST /cormun/servlet/permisogoce?ffe0f46c32f59b366b526fc07b1ffca5,INS,0,,,,gx-no-cache=1746537407714 HTTP/1.1" 200 93
201.186.225.183 - - [06/May/2025:10:14:27 -0300] "GET /cormun/servlet/hpexe_return? HTTP/1.1" 200 1006
201.186.225.183 - - [06/May/2025:10:14:27 -0300] "GET /cormun/servlet/trpermisosgoce HTTP/1.1" 200 18474
201.186.225.183 - - [06/May/2025:10:14:30 -0300] "GET /cormun/servlet/apermisogoceprn?12914099,P,20250506091651,PU HTTP/1.1" 200 1652
201.186.225.183 - - [06/May/2025:10:14:50 -0300] "GET /cormun/servlet/permisogoce?INS,0,,, HTTP/1.1" 200 6825
201.186.225.183 - - [06/May/2025:10:14:56 -0300] "GET /cormun/servlet/permisogoce?72d33745b8bb48cc100e1049816c47176d29b453a317b7ddbe14e4baa9baa57a4e1f1f0bf7a7d380ca380bb69de714a77f76b1a2a30ba4bc325304232e792236,gx-no-cache=1746537437402 HTTP/1.1" 200 80
201.186.225.183 - - [06/May/2025:10:15:11 -0300] "GET /cormun/servlet/permisogoce?72d33745b8bb48cc100e1049816c4717f3870548cc663a71ce8de14b4e3de81e4fc86646f00d73d37b00093974489c396ede5c2890c301f2e593e3e6051d1e96,gx-no-cache=1746537452077 HTTP/1.1" 200 47
201.186.225.183 - - [06/May/2025:10:15:12 -0300] "POST /cormun/servlet/permisogoce?ffe0f46c32f59b366b526fc07b1ffca5,INS,0,,,,gx-no-cache=1746537453122 HTTP/1.1" 200 93
201.186.225.183 - - [06/May/2025:10:15:12 -0300] "GET /cormun/servlet/hpexe_return? HTTP/1.1" 200 1006
201.186.225.183 - - [06/May/2025:10:15:12 -0300] "GET /cormun/servlet/trpermisosgoce HTTP/1.1" 200 18502
201.186.225.183 - - [06/May/2025:10:15:16 -0300] "GET /cormun/servlet/apermisogoceprn?18622105,P,20250506091727,PU HTTP/1.1" 200 1651
190.95.15.15 - - [06/May/2025:10:15:29 -0300] "GET /cormun/servlet/solicitudot?cb605cd5d41e10681ce4e081e0878395b504ee2a988a6e5d72aed2c656b05e78,gx-no-cache=1746537468407 HTTP/1.1" 200 94
190.95.15.15 - - [06/May/2025:10:15:29 -0300] "GET /cormun/static/Shared/jqueryui/images/ui-bg_highlight-soft_100_c6c2c8_1x100.png HTTP/1.1" 404 1117
190.95.15.15 - - [06/May/2025:10:15:29 -0300] "GET /cormun/static/Shared/jqueryui/images/ui-icons_82798d_256x240.png HTTP/1.1" 404 1089
190.95.15.15 - - [06/May/2025:10:15:29 -0300] "GET /cormun/static/Shared/jqueryui/images/ui-bg_flat_55_994d53_40x100.png HTTP/1.1" 404 1097
190.95.15.15 - - [06/May/2025:10:15:29 -0300] "GET /cormun/static/Shared/jqueryui/images/ui-icons_ebccce_256x240.png HTTP/1.1" 404 1089
190.95.15.15 - - [06/May/2025:10:15:29 -0300] "GET /cormun/servlet/solicitudot?cb605cd5d41e10681ce4e081e0878395701a163700eddc440cf93bf472afdcf9,gx-no-cache=1746537468436 HTTP/1.1" 200 29
190.95.15.15 - - [06/May/2025:10:15:30 -0300] "POST /cormun/servlet/solicitudot?gx-no-cache=1746537469619 HTTP/1.1" 200 255
201.186.225.183 - - [06/May/2025:10:15:32 -0300] "GET /cormun/servlet/trpermisosgoce? HTTP/1.1" 200 18498
201.186.225.183 - - [06/May/2025:10:15:43 -0300] "GET /cormun/servlet/permisogoce?INS,0,,, HTTP/1.1" 200 6824
201.186.225.183 - - [06/May/2025:10:15:52 -0300] "GET /cormun/servlet/permisogoce?72d33745b8bb48cc100e1049816c4717e5309085ef69fb8a71b700fd2bd5b8d44e1f1f0bf7a7d380ca380bb69de714a77f76b1a2a30ba4bc325304232e792236,gx-no-cache=1746537493025 HTTP/1.1" 200 88
190.95.15.15 - - [06/May/2025:10:15:56 -0300] "GET /cormun/servlet/solicitudot?cb605cd5d41e10681ce4e081e08783958267eac34faa1e0786820d6c2ec051c142fdcdb335c88118cfd1960d00973467810997f8b81633af496d45251eaa132a2c40c6803be64908af7cc7223e9c0a1c,gx-no-cache=1746537495107 HTTP/1.1" 200 30
190.95.15.15 - - [06/May/2025:10:15:56 -0300] "GET /cormun/servlet/solicitudot?cb605cd5d41e10681ce4e081e0878395c17c828bddf6a52d275eb7b42a33b82a1b1d2de1af0367a41b52cae17f59f077f52b7ca7dd95de1586a72674b9c6404375b97eaef4f11f12add69c033543499560ae83671afd98e7239301f3c469f6bc0f230d08775a6edbcee09185a5cc6c2cd34ec4433f13f9d2afd1eef4d5d87b5e3aef144a9d56850763cca117e427ff724eae8adbfe2eaedf266ebb206e7861b9c65d9214e71f89a67e5c0bb47b5d002c917c67f074d37bcc446416324bb6b5e5f7ae1a7ae6547ba5ff5f5dad4a6766717333262728086f8e9a506567c3bdb4b4727999924267b4bc86350be509689cfd2cba62a5c5bb5434c6d16c5a1d84eb088abaee19d75f3c87521b12a7ff5022b1a4a578671de3cb795342b810f864daa1a76aadaef5ee43e55ab9c4e8742ee59d8e914e7b150523a256b2aa79e4a3e5eb26a10d6cd7d0110f20cb7d26756953af31bf51a5842a858aa5e17c6c74263f1e27261d8b119d0d0356b4b4d64ec9f698f76b007cb0eba7b68b623cb69b67ce5b,gx-no-cache=1746537495942 HTTP/1.1" 200 30
190.95.15.15 - - [06/May/2025:10:15:59 -0300] "POST /cormun/servlet/solicitudot?gx-no-cache=1746537498239 HTTP/1.1" 200 30
201.186.225.183 - - [06/May/2025:10:15:59 -0300] "GET /cormun/servlet/permisogoce?72d33745b8bb48cc100e1049816c471785a15c65d84a52905d51de7fd6102bd458ff3f4d96cc1d2f888ef1300259043b6ede5c2890c301f2e593e3e6051d1e96,gx-no-cache=1746537500203 HTTP/1.1" 200 46
201.186.225.183 - - [06/May/2025:10:16:00 -0300] "POST /cormun/servlet/permisogoce?ffe0f46c32f59b366b526fc07b1ffca5,INS,0,,,,gx-no-cache=1746537501362 HTTP/1.1" 200 93
190.95.15.15 - - [06/May/2025:10:16:00 -0300] "GET /cormun/servlet/prcontratosol?20723696,,,,,MD,,gxPopupLevel%3D0%3B HTTP/1.1" 200 7826
201.186.225.183 - - [06/May/2025:10:16:00 -0300] "GET /cormun/servlet/hpexe_return? HTTP/1.1" 200 1006
201.186.225.183 - - [06/May/2025:10:16:01 -0300] "GET /cormun/servlet/trpermisosgoce HTTP/1.1" 200 18525
190.95.15.15 - - [06/May/2025:10:16:05 -0300] "POST /cormun/servlet/solicitudot?gx-no-cache=1746537504236 HTTP/1.1" 200 1481
190.95.15.15 - - [06/May/2025:10:16:05 -0300] "POST /cormun/servlet/solicitudot?gx-no-cache=1746537504263 HTTP/1.1" 200 38
190.95.15.15 - - [06/May/2025:10:16:05 -0300] "GET /cormun/servlet/solicitudot?cb605cd5d41e10681ce4e081e08783951b4b01d065af8e57f28d262f4ce0b22902644a4745540aa52c5425e7ce41856c6c18e29ad7ff697e20715cb128a5549efa8e7e1a0897c6ff3aa98e5f845aa5fd853aa54cb85e24c052a74f301a509cfc71d56da9e2d66a12d69805041f480009,gx-no-cache=1746537504279 HTTP/1.1" 200 110
190.95.15.15 - - [06/May/2025:10:16:05 -0300] "POST /cormun/servlet/solicitudot?gx-no-cache=1746537504296 HTTP/1.1" 200 110
190.95.15.15 - - [06/May/2025:10:16:05 -0300] "GET /cormun/servlet/solicitudot?cb605cd5d41e10681ce4e081e08783959b5904a2a9ff08dc687f8bf9714e1bde86a2ba5a207fa0cfbed4df2e45e0bcf7cab041b0699af2e1042eaa3640e2af150f5a637b1fc51ab1ee114cd2a25e744ebf2a855ab5f6b1283def1901870784fe2e1c417dbd2ca4c9dd52d54c60dfc66f,gx-no-cache=1746537504316 HTTP/1.1" 200 29
190.95.15.15 - - [06/May/2025:10:16:05 -0300] "GET /cormun/servlet/solicitudot?cb605cd5d41e10681ce4e081e0878395b41a51802b09f9de6cb42f08ddaf67084272e048494e8701b2e15d82e598784b,gx-no-cache=1746537504331 HTTP/1.1" 200 134
201.186.225.183 - - [06/May/2025:10:16:10 -0300] "GET /cormun/servlet/apermisogoceprn?17522124,P,20250506091820,PU HTTP/1.1" 200 1650
190.95.15.15 - - [06/May/2025:10:16:18 -0300] "GET /cormun/servlet/solicitudot?cb605cd5d41e10681ce4e081e08783951b4b01d065af8e57f28d262f4ce0b22902644a4745540aa52c5425e7ce41856c6c18e29ad7ff697e20715cb128a5549efa8e7e1a0897c6ff3aa98e5f845aa5fd853aa54cb85e24c052a74f301a509cfc71d56da9e2d66a12d69805041f480009,gx-no-cache=1746537517066 HTTP/1.1" 200 110
190.95.15.15 - - [06/May/2025:10:16:24 -0300] "GET /cormun/static/menuarrow.gif HTTP/1.1" 404 1015
190.95.15.15 - - [06/May/2025:10:16:29 -0300] "GET /cormun/servlet/solicitudot?cb605cd5d41e10681ce4e081e0878395b0f18da4090fc5c8e4cef91357a12165fc79b3cfda7889349e80aa15c2deb883,gx-no-cache=1746537528773 HTTP/1.1" 200 30
190.95.15.15 - - [06/May/2025:10:16:29 -0300] "POST /cormun/servlet/solicitudot?gx-no-cache=1746537528793 HTTP/1.1" 200 33
192.168.10.22 - - [06/May/2025:10:16:34 -0300] "GET /cormun/servlet/trsolicitudgral? HTTP/1.1" 200 9724
179.57.78.71 - - [06/May/2025:10:16:39 -0300] "GET /cormun/servlet/trlicencias? HTTP/1.1" 200 6049
179.57.78.71 - - [06/May/2025:10:16:39 -0300] "GET /cormun/servlet/hlogin HTTP/1.1" 200 1740
190.95.15.15 - - [06/May/2025:10:16:43 -0300] "POST /cormun/servlet/solicitudot?67ff843e8e3ba34e5c647f09ef452910,INS,0,0,false,,gx-no-cache=1746537541929 HTTP/1.1" 200 93
190.95.15.15 - - [06/May/2025:10:16:43 -0300] "GET /cormun/servlet/hpexe_return? HTTP/1.1" 200 1010
190.95.15.15 - - [06/May/2025:10:16:43 -0300] "GET /cormun/servlet/trsolicitudot HTTP/1.1" 200 9030
179.57.78.71 - - [06/May/2025:10:16:50 -0300] "POST /cormun/servlet/hlogin?426830b9376043d4f879cf3b722d2e01,gx-no-cache=1746537549054 HTTP/1.1" 200 90
179.57.78.71 - - [06/May/2025:10:16:50 -0300] "GET /cormun/servlet/hpexe_link HTTP/1.1" 200 957
179.57.78.71 - - [06/May/2025:10:16:50 -0300] "GET /cormun/servlet/trlicencias HTTP/1.1" 200 12242
190.95.15.15 - - [06/May/2025:10:16:52 -0300] "POST /cormun/servlet/trsolicitudot?67ff843e8e3ba34e5c647f09ef452910,gx-no-cache=1746537551428 HTTP/1.1" 200 111
190.95.15.15 - - [06/May/2025:10:16:52 -0300] "GET /cormun/servlet/solicitudot?UPD,2025,22551,false, HTTP/1.1" 200 16582
190.95.15.15 - - [06/May/2025:10:16:53 -0300] "POST /cormun/servlet/solicitudot?gx-no-cache=1746537552197 HTTP/1.1" 200 4115
190.95.15.15 - - [06/May/2025:10:16:53 -0300] "POST /cormun/servlet/solicitudot?67ff843e8e3ba34e5c647f09ef452910,UPD,2025,22551,false,,gx-no-cache=1746537552275 HTTP/1.1" 200 12785
190.95.15.15 - - [06/May/2025:10:16:53 -0300] "GET /cormun/servlet/solicitudot?cb605cd5d41e10681ce4e081e0878395d3cf3be45cbec308a309cf317a4c7346258d5d9fc0a224032e4405eec3884144,gx-no-cache=1746537552347 HTTP/1.1" 200 30
190.95.15.15 - - [06/May/2025:10:16:53 -0300] "GET /cormun/servlet/solicitudot?cb605cd5d41e10681ce4e081e08783958267eac34faa1e0786820d6c2ec051c142fdcdb335c88118cfd1960d00973467989ffadfe34880ad77c890762f72545f2c40c6803be64908af7cc7223e9c0a1c,gx-no-cache=1746537552363 HTTP/1.1" 200 30
190.95.15.15 - - [06/May/2025:10:16:53 -0300] "GET /cormun/servlet/solicitudot?cb605cd5d41e10681ce4e081e0878395701a163700eddc440cf93bf472afdcf9,gx-no-cache=1746537552378 HTTP/1.1" 200 29
190.95.15.15 - - [06/May/2025:10:16:53 -0300] "POST /cormun/servlet/solicitudot?gx-no-cache=1746537552397 HTTP/1.1" 200 256
190.95.15.15 - - [06/May/2025:10:16:53 -0300] "GET /cormun/servlet/solicitudot?cb605cd5d41e10681ce4e081e0878395c17c828bddf6a52d275eb7b42a33b82a1b1d2de1af0367a41b52cae17f59f077f52b7ca7dd95de1586a72674b9c6404375b97eaef4f11f12add69c033543499560ae83671afd98e7239301f3c469f6bc0f230d08775a6edbcee09185a5cc6c2cd34ec4433f13f9d2afd1eef4d5d87b5e3aef144a9d56850763cca117e427ff724eae8adbfe2eaedf266ebb206e7861b9c65d9214e71f89a67e5c0bb47b5d002c917c67f074d37bcc446416324bb6b5e5f7ae1a7ae6547ba5ff5f5dad4a6766717333262728086f8e9a506567c3bdb4b4727999924267b4bc86350be509689cfd2cba62a5c5bb5434c6d16c5a1d84eb088abaee19d75f3c87521b12a7ff5022b1a4a578671de3cb795342b810f864daa1a76aadaef5ee43e55ab9c4e8742ee59d8e914e7b150523a256b2aa79e4a3e5eb26a10d6cd7d0110f20cb7d26756953af31bf51a5842a858aa5e17c6c74263f1e27261d8b119d0d0356b4b4d64ec9f698cf1b4b3a0e9d2371b2673d5efa3dc97a,gx-no-cache=1746537552415 HTTP/1.1" 200 30
190.95.15.15 - - [06/May/2025:10:16:53 -0300] "POST /cormun/servlet/solicitudot?gx-no-cache=1746537552431 HTTP/1.1" 200 30
190.95.15.15 - - [06/May/2025:10:16:53 -0300] "POST /cormun/servlet/solicitudot?gx-no-cache=1746537552449 HTTP/1.1" 200 1481
190.95.15.15 - - [06/May/2025:10:16:53 -0300] "POST /cormun/servlet/solicitudot?gx-no-cache=1746537552479 HTTP/1.1" 200 41
190.95.15.15 - - [06/May/2025:10:16:54 -0300] "GET /cormun/servlet/solicitudot?cb605cd5d41e10681ce4e081e08783951b4b01d065af8e57f28d262f4ce0b22902644a4745540aa52c5425e7ce41856c6c18e29ad7ff697e20715cb128a5549efa8e7e1a0897c6ff3aa98e5f845aa5fd853aa54cb85e24c052a74f301a509cfc71d56da9e2d66a12d69805041f480009,gx-no-cache=1746537553504 HTTP/1.1" 200 110
190.95.15.15 - - [06/May/2025:10:16:54 -0300] "POST /cormun/servlet/solicitudot?gx-no-cache=1746537553522 HTTP/1.1" 200 109
190.95.15.15 - - [06/May/2025:10:16:55 -0300] "GET /cormun/servlet/solicitudot?cb605cd5d41e10681ce4e081e08783958fd4056a7eb05633daaa8dd4c4cebd545925db9ac100be56bac2be9ed5e7f492c0d21a103c1f19b41bbeeec34373d1b66ab81a31f3782bb4debe913e1bef034444236676cbb6a857e63c442ebc82410e13a7fbdb95ae40b2e05cae9114b79f5f93982776beebb4a802dcf3813e4aa6fc7d448178931047c57f06553c5d5ec086f2eb17d8c6b4446b57d14f523fd3f2e967a014222d898935eda8eca57c7ae1490e49d370a83374fbc1a3ed4fb03dfaf301b3cd8eac20fff3cd0625bf91984b20,gx-no-cache=1746537554233 HTTP/1.1" 200 30
190.95.15.15 - - [06/May/2025:10:16:56 -0300] "GET /cormun/servlet/solicitudot?cb605cd5d41e10681ce4e081e0878395b0f18da4090fc5c8e4cef91357a12165fc79b3cfda7889349e80aa15c2deb883,gx-no-cache=1746537555553 HTTP/1.1" 200 30
190.95.15.15 - - [06/May/2025:10:16:56 -0300] "POST /cormun/servlet/solicitudot?gx-no-cache=1746537555580 HTTP/1.1" 200 33
190.95.15.15 - - [06/May/2025:10:16:56 -0300] "POST /cormun/servlet/solicitudot?67ff843e8e3ba34e5c647f09ef452910,UPD,2025,22551,false,,gx-no-cache=1746537555645 HTTP/1.1" 200 93
190.95.15.15 - - [06/May/2025:10:16:56 -0300] "GET /cormun/servlet/hpexe_return? HTTP/1.1" 200 1016
190.95.15.15 - - [06/May/2025:10:16:56 -0300] "GET /cormun/servlet/trsolicitudot HTTP/1.1" 200 9030
179.57.78.71 - - [06/May/2025:10:16:57 -0300] "GET /cormun/servlet/licenciaspermisos?DSP,14360369,L,20250505000000, HTTP/1.1" 200 7362
201.186.225.183 - - [06/May/2025:10:17:32 -0300] "GET /cormun/servlet/permisogoce?INS,0,,, HTTP/1.1" 200 6825
201.186.225.183 - - [06/May/2025:10:17:41 -0300] "GET /cormun/servlet/permisogoce?72d33745b8bb48cc100e1049816c4717273c3201cf8f177c413f0f253536fb0f4e1f1f0bf7a7d380ca380bb69de714a77f76b1a2a30ba4bc325304232e792236,gx-no-cache=1746537602524 HTTP/1.1" 200 80
201.186.225.183 - - [06/May/2025:10:17:52 -0300] "GET /cormun/servlet/permisogoce?72d33745b8bb48cc100e1049816c4717a9434497a574a37039724c655d2235bf5052895fbc0abcaba07890345d7d5b8fd648d674a661b0e867c6f0a3ebc6dfaa,gx-no-cache=1746537613061 HTTP/1.1" 200 47
201.186.225.183 - - [06/May/2025:10:17:54 -0300] "POST /cormun/servlet/permisogoce?ffe0f46c32f59b366b526fc07b1ffca5,INS,0,,,,gx-no-cache=1746537614430 HTTP/1.1" 200 93
201.186.225.183 - - [06/May/2025:10:17:54 -0300] "GET /cormun/servlet/hpexe_return? HTTP/1.1" 200 1006
201.186.225.183 - - [06/May/2025:10:17:54 -0300] "GET /cormun/servlet/trpermisosgoce HTTP/1.1" 200 18565
201.186.225.183 - - [06/May/2025:10:18:02 -0300] "GET /cormun/servlet/apermisogoceprn?11366289,P,20250506092009,PU HTTP/1.1" 200 1646
201.186.225.183 - - [06/May/2025:10:18:17 -0300] "GET /cormun/servlet/permisogoce?INS,0,,, HTTP/1.1" 200 6824
201.186.225.183 - - [06/May/2025:10:18:23 -0300] "GET /cormun/servlet/permisogoce?72d33745b8bb48cc100e1049816c4717273c3201cf8f177c413f0f253536fb0f4e1f1f0bf7a7d380ca380bb69de714a77f76b1a2a30ba4bc325304232e792236,gx-no-cache=1746537644381 HTTP/1.1" 200 83
192.168.10.22 - - [06/May/2025:10:18:26 -0300] "POST /cormun/servlet/trsolicitudgral?62168c76f4597a557ab704bcfce88bf2,,gx-no-cache=1746537662606 HTTP/1.1" 200 6635
201.186.225.183 - - [06/May/2025:10:18:28 -0300] "GET /cormun/servlet/permisogoce?72d33745b8bb48cc100e1049816c4717a9434497a574a37039724c655d2235bf4d1f252b8dea1475f1bac7470d2ec5a26ede5c2890c301f2e593e3e6051d1e96,gx-no-cache=1746537649668 HTTP/1.1" 200 47
201.186.225.183 - - [06/May/2025:10:18:30 -0300] "POST /cormun/servlet/permisogoce?ffe0f46c32f59b366b526fc07b1ffca5,INS,0,,,,gx-no-cache=1746537650910 HTTP/1.1" 200 93
201.186.225.183 - - [06/May/2025:10:18:30 -0300] "GET /cormun/servlet/hpexe_return? HTTP/1.1" 200 1006
201.186.225.183 - - [06/May/2025:10:18:30 -0300] "GET /cormun/servlet/trpermisosgoce HTTP/1.1" 200 18493
192.168.10.22 - - [06/May/2025:10:18:31 -0300] "GET /cormun/servlet/vesolicitudgral?2025,22483,, HTTP/1.1" 200 8383
192.168.10.22 - - [06/May/2025:10:18:31 -0300] "GET /cormun/pexe_scrolldiv.js HTTP/1.1" 404 1009
201.186.225.183 - - [06/May/2025:10:18:33 -0300] "GET /cormun/servlet/apermisogoceprn?11366289,P,20250506092053,PU HTTP/1.1" 200 1652
192.168.10.22 - - [06/May/2025:10:18:36 -0300] "GET /cormun/servlet/trsolicitudgral? HTTP/1.1" 200 9700
192.168.10.22 - - [06/May/2025:10:18:41 -0300] "GET /cormun/servlet/vesolicitudgral?2025,22483,, HTTP/1.1" 200 8383
192.168.10.22 - - [06/May/2025:10:18:41 -0300] "GET /cormun/pexe_scrolldiv.js HTTP/1.1" 404 1009
192.168.10.22 - - [06/May/2025:10:18:52 -0300] "GET /cormun/servlet/vesolicitudgral?2025,22483,,SolicitudOTAdjuntos HTTP/1.1" 200 11072
192.168.10.22 - - [06/May/2025:10:18:52 -0300] "GET /cormun/pexe_scrolldiv.js HTTP/1.1" 404 1009
201.186.225.183 - - [06/May/2025:10:18:53 -0300] "GET /cormun/servlet/permisogoce?INS,0,,, HTTP/1.1" 200 6824
192.168.10.22 - - [06/May/2025:10:18:53 -0300] "POST /cormun/servlet/acontrolpreferencessavestate?None,RRHH+DANIELA,true HTTP/1.1" 200 35
192.168.10.22 - - [06/May/2025:10:18:54 -0300] "GET /cormun/PublicTempStorage/carnet1475553.pdf HTTP/1.1" 200 180659
190.95.15.15 - - [06/May/2025:10:18:55 -0300] "POST /cormun/servlet/trsolicitudot?67ff843e8e3ba34e5c647f09ef452910,gx-no-cache=1746537674115 HTTP/1.1" 200 5834
190.95.15.15 - - [06/May/2025:10:18:55 -0300] "GET /cormun/static/Shared/jqueryui/images/ui-bg_highlight-soft_100_c6c2c8_1x100.png HTTP/1.1" 404 1117
190.95.15.15 - - [06/May/2025:10:18:55 -0300] "GET /cormun/static/Shared/jqueryui/images/ui-icons_82798d_256x240.png HTTP/1.1" 404 1089
190.95.15.15 - - [06/May/2025:10:18:55 -0300] "GET /cormun/static/Shared/jqueryui/images/ui-bg_flat_55_fafafa_40x100.png HTTP/1.1" 404 1097
190.95.15.15 - - [06/May/2025:10:18:55 -0300] "GET /cormun/static/Shared/jqueryui/images/ui-icons_8d78a5_256x240.png HTTP/1.1" 404 1089
190.95.15.15 - - [06/May/2025:10:18:55 -0300] "POST /cormun/servlet/trsolicitudot?67ff843e8e3ba34e5c647f09ef452910,gx-no-cache=1746537674247 HTTP/1.1" 200 5779
190.95.15.15 - - [06/May/2025:10:18:56 -0300] "POST /cormun/servlet/trsolicitudot?67ff843e8e3ba34e5c647f09ef452910,gx-no-cache=1746537675941 HTTP/1.1" 200 4580
190.95.15.15 - - [06/May/2025:10:18:57 -0300] "POST /cormun/servlet/trsolicitudot?67ff843e8e3ba34e5c647f09ef452910,gx-no-cache=1746537676004 HTTP/1.1" 200 4331
201.186.225.183 - - [06/May/2025:10:19:00 -0300] "GET /cormun/servlet/permisogoce?72d33745b8bb48cc100e1049816c47170b0aa9e02820aa63914a231e0a73c6f54e1f1f0bf7a7d380ca380bb69de714a77f76b1a2a30ba4bc325304232e792236,gx-no-cache=1746537681862 HTTP/1.1" 200 78
201.186.225.183 - - [06/May/2025:10:19:08 -0300] "GET /cormun/servlet/permisogoce?72d33745b8bb48cc100e1049816c47171db0d7b1a6f93d37f466b1a5968bf62ddc39c99bbd16fc33472adf1be23439c16ede5c2890c301f2e593e3e6051d1e96,gx-no-cache=1746537689151 HTTP/1.1" 200 44
201.186.225.183 - - [06/May/2025:10:19:09 -0300] "POST /cormun/servlet/permisogoce?ffe0f46c32f59b366b526fc07b1ffca5,INS,0,,,,gx-no-cache=1746537690114 HTTP/1.1" 200 93
201.186.225.183 - - [06/May/2025:10:19:09 -0300] "GET /cormun/servlet/hpexe_return? HTTP/1.1" 200 1006
201.186.225.183 - - [06/May/2025:10:19:10 -0300] "GET /cormun/servlet/trpermisosgoce HTTP/1.1" 200 18508
201.186.225.183 - - [06/May/2025:10:19:19 -0300] "GET /cormun/servlet/apermisogoceprn?21706000,P,20250506092129,PU HTTP/1.1" 200 1641
201.186.225.183 - - [06/May/2025:10:19:37 -0300] "GET /cormun/servlet/permisogoce?INS,0,,, HTTP/1.1" 200 6824
201.186.225.183 - - [06/May/2025:10:19:42 -0300] "GET /cormun/servlet/permisogoce?72d33745b8bb48cc100e1049816c47177b00ca0a2710617a89c91d15e462f99c4f181ebfb0b7f81f09df2da5dad7c71ac2385a8bad846d44851f18c9abfef690,gx-no-cache=1746537723046 HTTP/1.1" 200 79
192.168.10.22 - - [06/May/2025:10:19:44 -0300] "GET /cormun/servlet/vesolicitudgral?2025,22483,,SolicitudOTAdjuntos HTTP/1.1" 200 11068
192.168.10.22 - - [06/May/2025:10:19:45 -0300] "POST /cormun/servlet/acontrolpreferencessavestate?None,RRHH+DANIELA,true HTTP/1.1" 200 35
192.168.10.22 - - [06/May/2025:10:19:45 -0300] "GET /cormun/servlet/vesolicitudgral?2025,22483,,General HTTP/1.1" 200 8388
192.168.10.22 - - [06/May/2025:10:19:45 -0300] "GET /cormun/pexe_scrolldiv.js HTTP/1.1" 404 1009
190.95.1.183 - - [06/May/2025:10:19:46 -0300] "GET /cormun/servlet/hlogin HTTP/1.1" 200 1717
201.186.225.183 - - [06/May/2025:10:19:47 -0300] "GET /cormun/servlet/permisogoce?72d33745b8bb48cc100e1049816c47173d59ba744050142589e3bb5cd50bff58eb5a950b06a55ef4225d1e49f381d703f99ef44ea069d9572d2cc6811689a8c6,gx-no-cache=1746537728047 HTTP/1.1" 200 46
201.186.225.183 - - [06/May/2025:10:19:48 -0300] "POST /cormun/servlet/permisogoce?ffe0f46c32f59b366b526fc07b1ffca5,INS,0,,,,gx-no-cache=1746537728951 HTTP/1.1" 200 93
201.186.225.183 - - [06/May/2025:10:19:48 -0300] "GET /cormun/servlet/hpexe_return? HTTP/1.1" 200 1006
201.186.225.183 - - [06/May/2025:10:19:48 -0300] "GET /cormun/servlet/trpermisosgoce HTTP/1.1" 200 18496
190.95.1.183 - - [06/May/2025:10:19:50 -0300] "POST /cormun/servlet/hlogin?a5135219d0cc4c331b240962f33c35d8,gx-no-cache=1746537730548 HTTP/1.1" 200 90
190.95.1.183 - - [06/May/2025:10:19:50 -0300] "GET /cormun/servlet/hpexe_link HTTP/1.1" 200 948
190.95.1.183 - - [06/May/2025:10:19:50 -0300] "GET /cormun/servlet/hhome HTTP/1.1" 200 3971
201.186.225.183 - - [06/May/2025:10:19:51 -0300] "GET /cormun/servlet/apermisogoceprn?8595097,P,20250506092213,PU HTTP/1.1" 200 1647
190.95.1.183 - - [06/May/2025:10:20:01 -0300] "GET /cormun/servlet/trlicencias? HTTP/1.1" 200 16045
201.186.225.183 - - [06/May/2025:10:20:09 -0300] "GET /cormun/servlet/trpermisosgoce? HTTP/1.1" 200 18491
201.186.225.183 - - [06/May/2025:10:20:20 -0300] "GET /cormun/servlet/trlicencias? HTTP/1.1" 200 14124
190.95.1.183 - - [06/May/2025:10:20:34 -0300] "POST /cormun/servlet/trlicencias?a5135219d0cc4c331b240962f33c35d8,,gx-no-cache=1746537774799 HTTP/1.1" 200 101
190.95.1.183 - - [06/May/2025:10:20:35 -0300] "GET /cormun/Licencias-9913.xls HTTP/1.1" 200 15360
201.186.225.183 - - [06/May/2025:10:20:59 -0300] "GET /cormun/servlet/trpermisosgoce? HTTP/1.1" 200 18491
201.186.225.183 - - [06/May/2025:10:21:07 -0300] "GET /cormun/servlet/permisogoce?INS,0,,, HTTP/1.1" 200 6824
201.186.225.183 - - [06/May/2025:10:21:20 -0300] "GET /cormun/servlet/permisogoce?72d33745b8bb48cc100e1049816c4717074e03fc0aa1632bd4adf7f81adbe5e14e1f1f0bf7a7d380ca380bb69de714a77f76b1a2a30ba4bc325304232e792236,gx-no-cache=1746537821306 HTTP/1.1" 200 79
192.168.10.22 - - [06/May/2025:10:21:23 -0300] "GET /cormun/servlet/vesolicitudgral?2025,22483,,SolicitudOTAdjuntos HTTP/1.1" 200 11074
192.168.10.22 - - [06/May/2025:10:21:23 -0300] "GET /cormun/pexe_scrolldiv.js HTTP/1.1" 404 1009
192.168.10.22 - - [06/May/2025:10:21:24 -0300] "POST /cormun/servlet/acontrolpreferencessavestate?None,RRHH+DANIELA,true HTTP/1.1" 200 35
192.168.10.22 - - [06/May/2025:10:21:25 -0300] "GET /cormun/PublicTempStorage/afp7078400.pdf HTTP/1.1" 200 219276
192.168.10.22 - - [06/May/2025:10:21:28 -0300] "GET /cormun/servlet/vesolicitudgral?2025,22483,,SolicitudOTAdjuntos HTTP/1.1" 200 11074
201.186.225.183 - - [06/May/2025:10:21:29 -0300] "GET /cormun/servlet/permisogoce?72d33745b8bb48cc100e1049816c47173fe09edfb7786454da8cbf25e3ad9b41fbba21939fbedaefd02f889c0452bc136ede5c2890c301f2e593e3e6051d1e96,gx-no-cache=1746537829991 HTTP/1.1" 200 47
192.168.10.22 - - [06/May/2025:10:21:29 -0300] "POST /cormun/servlet/acontrolpreferencessavestate?None,RRHH+DANIELA,true HTTP/1.1" 200 35
201.186.225.183 - - [06/May/2025:10:21:30 -0300] "POST /cormun/servlet/permisogoce?ffe0f46c32f59b366b526fc07b1ffca5,INS,0,,,,gx-no-cache=1746537831231 HTTP/1.1" 200 93
201.186.225.183 - - [06/May/2025:10:21:30 -0300] "GET /cormun/servlet/hpexe_return? HTTP/1.1" 200 1006
201.186.225.183 - - [06/May/2025:10:21:30 -0300] "GET /cormun/servlet/trpermisosgoce HTTP/1.1" 200 18460
201.186.225.183 - - [06/May/2025:10:21:58 -0300] "GET /cormun/servlet/apermisogoceprn?13598462,P,20250506092344,PU HTTP/1.1" 200 1647
192.168.10.22 - - [06/May/2025:10:21:59 -0300] "GET /cormun/servlet/vesolicitudgral?2025,22483,,General HTTP/1.1" 200 8388
190.95.67.97 - - [06/May/2025:10:22:12 -0300] "GET /cormun/servlet/trpermisosgoce? HTTP/1.1" 200 6021
190.95.67.97 - - [06/May/2025:10:22:13 -0300] "GET /cormun/servlet/hlogin HTTP/1.1" 200 1732
190.95.67.97 - - [06/May/2025:10:22:13 -0300] "GET /cormun/servlet/trpermisosgoce? HTTP/1.1" 200 6021
201.186.225.183 - - [06/May/2025:10:22:13 -0300] "GET /cormun/servlet/permisogoce?INS,0,,, HTTP/1.1" 200 6824
201.186.225.183 - - [06/May/2025:10:22:24 -0300] "GET /cormun/servlet/permisogoce?72d33745b8bb48cc100e1049816c4717b2e9010d3e184155b89e4f66820886804e1f1f0bf7a7d380ca380bb69de714a77f76b1a2a30ba4bc325304232e792236,gx-no-cache=1746537885042 HTTP/1.1" 200 80
201.186.225.183 - - [06/May/2025:10:22:29 -0300] "GET /cormun/servlet/permisogoce?72d33745b8bb48cc100e1049816c471793d4847f9b4d9db87a0db423d031279fc6faedc109d793bdf794a7667303f1a66ede5c2890c301f2e593e3e6051d1e96,gx-no-cache=1746537890151 HTTP/1.1" 200 46
201.186.225.183 - - [06/May/2025:10:22:30 -0300] "POST /cormun/servlet/permisogoce?ffe0f46c32f59b366b526fc07b1ffca5,INS,0,,,,gx-no-cache=1746537890910 HTTP/1.1" 200 93
201.186.225.183 - - [06/May/2025:10:22:30 -0300] "GET /cormun/servlet/hpexe_return? HTTP/1.1" 200 1006
201.186.225.183 - - [06/May/2025:10:22:30 -0300] "GET /cormun/servlet/trpermisosgoce HTTP/1.1" 200 18434
190.95.67.97 - - [06/May/2025:10:22:33 -0300] "POST /cormun/servlet/hlogin?f5d32b58c8b06f002681c22b83926e29,gx-no-cache=1746537864895 HTTP/1.1" 200 446
201.186.225.183 - - [06/May/2025:10:22:34 -0300] "GET /cormun/servlet/apermisogoceprn?15125140,P,20250506092450,PU HTTP/1.1" 200 1655
190.95.67.97 - - [06/May/2025:10:22:41 -0300] "POST /cormun/servlet/hlogin?f5d32b58c8b06f002681c22b83926e29,gx-no-cache=1746537873067 HTTP/1.1" 200 90
190.95.67.97 - - [06/May/2025:10:22:41 -0300] "GET /cormun/servlet/hpexe_link HTTP/1.1" 200 951
190.95.67.97 - - [06/May/2025:10:22:41 -0300] "GET /cormun/servlet/trpermisosgoce HTTP/1.1" 200 11691
201.186.225.183 - - [06/May/2025:10:22:45 -0300] "GET /cormun/servlet/permisogoce?INS,0,,, HTTP/1.1" 200 6824
201.186.225.183 - - [06/May/2025:10:22:54 -0300] "GET /cormun/servlet/permisogoce?72d33745b8bb48cc100e1049816c471721fe68efb78dec00460062f9d1d189144e1f1f0bf7a7d380ca380bb69de714a77f76b1a2a30ba4bc325304232e792236,gx-no-cache=1746537915598 HTTP/1.1" 200 86
201.186.225.183 - - [06/May/2025:10:23:04 -0300] "GET /cormun/servlet/permisogoce?72d33745b8bb48cc100e1049816c4717bd35d9076a947257650eadfd3e7dbf8afe7d3212906e6e596b212ef0ac0bfd69d648d674a661b0e867c6f0a3ebc6dfaa,gx-no-cache=1746537925352 HTTP/1.1" 200 45
201.186.225.183 - - [06/May/2025:10:23:08 -0300] "POST /cormun/servlet/permisogoce?ffe0f46c32f59b366b526fc07b1ffca5,INS,0,,,,gx-no-cache=1746537929382 HTTP/1.1" 200 93
201.186.225.183 - - [06/May/2025:10:23:08 -0300] "GET /cormun/servlet/hpexe_return? HTTP/1.1" 200 1006
201.186.225.183 - - [06/May/2025:10:23:09 -0300] "GET /cormun/servlet/trpermisosgoce HTTP/1.1" 200 18422
