190.95.1.183 - - [06/May/2025:12:39:03 -0300] "POST /cormun/servlet/trsolicitudot?dc451f93d23c7557a3398e56412b37c4,gx-no-cache=1746546097143 HTTP/1.1" 200 4321
179.57.78.55 - - [06/May/2025:12:39:04 -0300] "POST /cormun/servlet/trpermisosgoce?5067d01e9cc20705a5117f622ff3d255,,gx-no-cache=1746546082666 HTTP/1.1" 200 5040
179.57.78.55 - - [06/May/2025:12:39:21 -0300] "GET /cormun/servlet/hlogin HTTP/1.1" 200 1744
190.95.1.183 - - [06/May/2025:12:39:23 -0300] "POST /cormun/servlet/trsolicitudot?dc451f93d23c7557a3398e56412b37c4,gx-no-cache=1746546117201 HTTP/1.1" 200 5727
190.95.1.183 - - [06/May/2025:12:39:32 -0300] "GET /cormun/servlet/hlogin HTTP/1.1" 200 1721
190.95.1.183 - - [06/May/2025:12:39:35 -0300] "POST /cormun/servlet/hlogin?bb536d1fdd6d8b1f13dba3d2dcd299a6,gx-no-cache=1746546115056 HTTP/1.1" 200 90
190.95.1.183 - - [06/May/2025:12:39:35 -0300] "GET /cormun/servlet/hpexe_link HTTP/1.1" 200 952
190.95.1.183 - - [06/May/2025:12:39:35 -0300] "GET /cormun/servlet/hhome HTTP/1.1" 200 4159
190.95.1.183 - - [06/May/2025:12:39:36 -0300] "GET /cormun/servlet/trsolicitudadjuntos?2025,22560, HTTP/1.1" 200 10254
190.95.1.183 - - [06/May/2025:12:39:40 -0300] "GET /cormun/servlet/trautorizarsolicitud? HTTP/1.1" 200 8642
190.95.15.9 - - [06/May/2025:12:39:47 -0300] "GET /cormun/servlet/hlogin HTTP/1.1" 200 1724
190.95.15.9 - - [06/May/2025:12:39:47 -0300] "GET /cormun/static/gxtimezone.js?85251 HTTP/1.1" 200 5781
190.95.15.9 - - [06/May/2025:12:39:47 -0300] "GET /cormun/static/gxcfg.js?2022112219184450 HTTP/1.1" 200 953
190.95.15.9 - - [06/May/2025:12:39:47 -0300] "GET /cormun/static/messages.spa.js?85251 HTTP/1.1" 200 30736
190.95.15.9 - - [06/May/2025:12:39:47 -0300] "GET /cormun/static/Resources/CormunLogin.png HTTP/1.1" 200 19132
190.95.15.9 - - [06/May/2025:12:39:47 -0300] "GET /cormun/static/Resources/Spanish/PXTools.css?1759030 HTTP/1.1" 200 100853
190.95.15.9 - - [06/May/2025:12:39:47 -0300] "GET /cormun/static/hlogin.js?2022112219184458 HTTP/1.1" 200 2156
190.95.15.9 - - [06/May/2025:12:39:48 -0300] "GET /cormun/static/gxgral.js?85251 HTTP/1.1" 200 384558
190.95.1.183 - - [06/May/2025:12:39:48 -0300] "POST /cormun/servlet/trautorizarsolicitud?bb536d1fdd6d8b1f13dba3d2dcd299a6,,gx-no-cache=1746546127418 HTTP/1.1" 200 4766
190.95.1.183 - - [06/May/2025:12:39:48 -0300] "GET /cormun/static/Shared/jqueryui/images/ui-bg_highlight-soft_100_c6c2c8_1x100.png HTTP/1.1" 404 1117
190.95.1.183 - - [06/May/2025:12:39:48 -0300] "GET /cormun/static/Shared/jqueryui/images/ui-icons_82798d_256x240.png HTTP/1.1" 404 1089
190.95.1.183 - - [06/May/2025:12:39:48 -0300] "GET /cormun/static/Shared/jqueryui/images/ui-icons_8d78a5_256x240.png HTTP/1.1" 404 1089
190.95.1.183 - - [06/May/2025:12:39:48 -0300] "GET /cormun/static/Shared/jqueryui/images/ui-bg_flat_55_fafafa_40x100.png HTTP/1.1" 404 1097
190.95.15.9 - - [06/May/2025:12:39:48 -0300] "GET /cormun/static/Resources/PXToolsLoginTop.png HTTP/1.1" 200 1337
190.95.15.9 - - [06/May/2025:12:39:48 -0300] "GET /cormun/static/Resources/PXToolsButtonBackground.png HTTP/1.1" 200 1176
190.95.15.9 - - [06/May/2025:12:39:48 -0300] "GET /cormun/static/Resources/PXToolsLoginBackground.png HTTP/1.1" 200 1164
190.95.15.9 - - [06/May/2025:12:39:48 -0300] "GET /cormun/static/Resources/PXToolsButtonLeft.png HTTP/1.1" 200 1310
190.95.15.9 - - [06/May/2025:12:39:48 -0300] "GET /cormun/static/Resources/PXToolsButtonRight.png HTTP/1.1" 200 1294
190.95.15.9 - - [06/May/2025:12:39:48 -0300] "GET /cormun/static/Resources/PXToolsLoginBottom.png HTTP/1.1" 200 1389
190.95.15.9 - - [06/May/2025:12:39:48 -0300] "GET /cormun/servlet/hlogin HTTP/1.1" 200 1734
190.95.1.183 - - [06/May/2025:12:39:48 -0300] "POST /cormun/servlet/trautorizarsolicitud?bb536d1fdd6d8b1f13dba3d2dcd299a6,,gx-no-cache=1746546127521 HTTP/1.1" 200 4534
190.95.15.9 - - [06/May/2025:12:40:04 -0300] "POST /cormun/servlet/hlogin?7157061ff83a5f2a0294e29ca36fe68d,gx-no-cache=1746546143564 HTTP/1.1" 200 90
190.95.15.9 - - [06/May/2025:12:40:04 -0300] "GET /cormun/servlet/hpexe_link HTTP/1.1" 200 955
190.95.15.9 - - [06/May/2025:12:40:04 -0300] "GET /cormun/static/gxcfg.js?20221129847421 HTTP/1.1" 200 953
190.95.15.9 - - [06/May/2025:12:40:04 -0300] "GET /cormun/static/hpexe_link.js?20221129847423 HTTP/1.1" 200 625
190.95.15.9 - - [06/May/2025:12:40:04 -0300] "GET /cormun/static/Resources/Spanish/PXTools.css?8354383 HTTP/1.1" 200 100853
190.95.15.9 - - [06/May/2025:12:40:04 -0300] "GET /cormun/servlet/hhome HTTP/1.1" 200 4249
190.95.15.9 - - [06/May/2025:12:40:04 -0300] "GET /cormun/static/Shared/jqueryui/jquery-ui.min.css?1345370 HTTP/1.1" 200 30288
190.95.15.9 - - [06/May/2025:12:40:04 -0300] "GET /cormun/static/SmoothNavMenu/resources/ddsmoothmenu.css?1112540 HTTP/1.1" 200 2223
190.95.15.9 - - [06/May/2025:12:40:04 -0300] "GET /cormun/static/SmoothNavMenu/resources/ddsmoothmenu-v.css?1112540 HTTP/1.1" 200 1188
190.95.15.9 - - [06/May/2025:12:40:04 -0300] "GET /cormun/static/scaMessage/css/jquery.pnotify.default.css?1816380 HTTP/1.1" 200 1707
190.95.15.9 - - [06/May/2025:12:40:04 -0300] "GET /cormun/static/gxcfg.js?20201215495537 HTTP/1.1" 200 953
190.95.15.9 - - [06/May/2025:12:40:04 -0300] "GET /cormun/static/PXToolsJavascripts/pexe_windows.js HTTP/1.1" 200 15249
190.95.15.9 - - [06/May/2025:12:40:04 -0300] "GET /cormun/static/PXToolsJavascripts/pexe_autoreload.js HTTP/1.1" 200 1762
190.95.15.9 - - [06/May/2025:12:40:04 -0300] "GET /cormun/static/PXToolsJavascripts/pexe_grid.js HTTP/1.1" 200 7559
190.95.15.9 - - [06/May/2025:12:40:04 -0300] "GET /cormun/static/PXToolsJavascripts/pexe_cookies.js HTTP/1.1" 200 792
190.95.15.9 - - [06/May/2025:12:40:04 -0300] "GET /cormun/static/Resources/Spanish/PXTools.css?14345360 HTTP/1.1" 200 100853
190.95.15.9 - - [06/May/2025:12:40:04 -0300] "GET /cormun/static/PXToolsJavascripts/pexe_link.js HTTP/1.1" 200 5671
190.95.15.9 - - [06/May/2025:12:40:04 -0300] "GET /cormun/static/PXToolsJavascripts/pexe_menudivfix.js HTTP/1.1" 200 333
190.95.15.9 - - [06/May/2025:12:40:04 -0300] "GET /cormun/static/PXToolsJavascripts/pexe_griddivfix.js HTTP/1.1" 200 6946
190.95.15.9 - - [06/May/2025:12:40:04 -0300] "GET /cormun/static/PXToolsJavascripts/pexe_menus.js HTTP/1.1" 200 1286
190.95.15.9 - - [06/May/2025:12:40:04 -0300] "GET /cormun/static/PXToolsJavascripts/pexe_layers.js HTTP/1.1" 200 4114
190.95.15.9 - - [06/May/2025:12:40:04 -0300] "GET /cormun/static/PXToolsJavascripts/pexe_oav.js HTTP/1.1" 200 645
190.95.15.9 - - [06/May/2025:12:40:04 -0300] "GET /cormun/static/PXToolsJavascripts/pexe_oavdivfix.js HTTP/1.1" 200 639
190.95.15.9 - - [06/May/2025:12:40:04 -0300] "GET /cormun/static/PXToolsJavascripts/pexe_picture.js HTTP/1.1" 200 689
190.95.15.9 - - [06/May/2025:12:40:04 -0300] "GET /cormun/static/PXToolsJavascripts/pexe_popup.js HTTP/1.1" 200 15149
190.95.15.9 - - [06/May/2025:12:40:04 -0300] "GET /cormun/static/PXToolsJavascripts/pexe_scrolldiv.js HTTP/1.1" 200 4138
190.95.15.9 - - [06/May/2025:12:40:04 -0300] "GET /cormun/static/PXToolsJavascripts/pexe_tabs.js HTTP/1.1" 200 3748
190.95.15.9 - - [06/May/2025:12:40:04 -0300] "GET /cormun/static/PXToolsJavascripts/pexe_upload.js HTTP/1.1" 200 1423
190.95.15.9 - - [06/May/2025:12:40:04 -0300] "GET /cormun/static/PXToolsJavascripts/pexe_tabdivfix.js HTTP/1.1" 200 898
190.95.15.9 - - [06/May/2025:12:40:04 -0300] "GET /cormun/static/PXToolsJavascripts/PXToolsJavascriptsRender.js HTTP/1.1" 200 367
190.95.15.9 - - [06/May/2025:12:40:04 -0300] "GET /cormun/static/Resources/CormunMP2.png HTTP/1.1" 200 6878
190.95.15.9 - - [06/May/2025:12:40:05 -0300] "GET /cormun/static/Resources/ImgHome.png HTTP/1.1" 200 1364
190.95.15.9 - - [06/May/2025:12:40:05 -0300] "GET /cormun/static/Resources/ImgLogin.png HTTP/1.1" 200 1432
190.95.15.9 - - [06/May/2025:12:40:05 -0300] "GET /cormun/static/Resources/Llave.png HTTP/1.1" 200 1395
190.95.15.9 - - [06/May/2025:12:40:05 -0300] "GET /cormun/static/RunJS/RunJS.js HTTP/1.1" 200 288
190.95.15.9 - - [06/May/2025:12:40:05 -0300] "GET /cormun/static/Shared/ext/locale/ext-lang-en.js HTTP/1.1" 200 10940
190.95.15.9 - - [06/May/2025:12:40:05 -0300] "GET /cormun/static/Resources/PXToolsDataTitle.png HTTP/1.1" 200 1173
190.95.15.9 - - [06/May/2025:12:40:05 -0300] "GET /cormun/static/hwchdr01.js?2022112219251119 HTTP/1.1" 200 996
190.95.15.9 - - [06/May/2025:12:40:05 -0300] "GET /cormun/static/hhome.js?20201215495544 HTTP/1.1" 200 777
190.95.15.9 - - [06/May/2025:12:40:05 -0300] "GET /cormun/static/hpexe_recentlink.js?20201214471090 HTTP/1.1" 200 2144
190.95.15.9 - - [06/May/2025:12:40:05 -0300] "GET /cormun/static/hpexe_scripts.js?20201214471411 HTTP/1.1" 200 1544
190.95.15.9 - - [06/May/2025:12:40:05 -0300] "GET /cormun/static/hpexe_messagecontroller.js?202211298371222 HTTP/1.1" 200 870
190.95.15.9 - - [06/May/2025:12:40:05 -0300] "GET /cormun/static/hpexe_messagepopupcomponent.js?2020121447232 HTTP/1.1" 200 605
190.95.15.9 - - [06/May/2025:12:40:05 -0300] "GET /cormun/static/hpexe_messagegenexuscomponent.js?20221129836373 HTTP/1.1" 200 587
190.95.15.9 - - [06/May/2025:12:40:05 -0300] "GET /cormun/static/cmcontrolpreferences.js?20199141926336 HTTP/1.1" 200 1375
190.95.15.9 - - [06/May/2025:12:40:05 -0300] "GET /cormun/static/gxui/gxui-all.js HTTP/1.1" 200 107772
190.95.15.9 - - [06/May/2025:12:40:05 -0300] "GET /cormun/static/SmoothNavMenu/resources/ddsmoothmenu.js HTTP/1.1" 200 12712
190.95.15.9 - - [06/May/2025:12:40:05 -0300] "GET /cormun/static/Shared/jquery/jquery-1.4.2.min.js HTTP/1.1" 200 72174
190.95.15.9 - - [06/May/2025:12:40:05 -0300] "GET /cormun/static/SmoothNavMenu/resources/SmoothNavMenuRender.js HTTP/1.1" 200 5951
190.95.15.9 - - [06/May/2025:12:40:05 -0300] "GET /cormun/static/scaMessage/js/jquery.pnotify.min.js HTTP/1.1" 200 13038
190.95.15.9 - - [06/May/2025:12:40:05 -0300] "GET /cormun/static/scaMessage/scaMessageRender.js HTTP/1.1" 200 11977
190.95.15.9 - - [06/May/2025:12:40:05 -0300] "GET /cormun/static/hmpwkw03.js?20221129844354 HTTP/1.1" 200 3971
190.95.15.9 - - [06/May/2025:12:40:05 -0300] "GET /cormun/static/Shared/jqueryui/jquery-ui.min.js HTTP/1.1" 200 240427
190.95.15.9 - - [06/May/2025:12:40:05 -0300] "GET /cormun/static/Shared/jquery/jquery-1.10.2.min.js HTTP/1.1" 200 273199
190.95.15.9 - - [06/May/2025:12:40:05 -0300] "GET /cormun/static/Shared/ext/ext-all.js HTTP/1.1" 200 1289687
190.95.15.9 - - [06/May/2025:12:40:05 -0300] "GET /cormun/static/SmoothNavMenu/resources/images/down.gif HTTP/1.1" 200 854
190.95.15.9 - - [06/May/2025:12:40:05 -0300] "GET /cormun/static/SmoothNavMenu/resources/images/right.gif HTTP/1.1" 200 860
190.95.15.9 - - [06/May/2025:12:40:13 -0300] "GET /cormun/servlet/trlicencias? HTTP/1.1" 200 12675
190.95.15.9 - - [06/May/2025:12:40:13 -0300] "GET /cormun/static/gxui/gxui-all.css?120300 HTTP/1.1" 200 2179
190.95.15.9 - - [06/May/2025:12:40:13 -0300] "GET /cormun/static/gxcfg.js?202211298463625 HTTP/1.1" 200 953
190.95.15.9 - - [06/May/2025:12:40:13 -0300] "GET /cormun/static/calendar-system.css?85620 HTTP/1.1" 200 5572
190.95.15.9 - - [06/May/2025:12:40:13 -0300] "GET /cormun/static/calendar.js?85251 HTTP/1.1" 200 26246
190.95.15.9 - - [06/May/2025:12:40:13 -0300] "GET /cormun/static/calendar-setup.js?85251 HTTP/1.1" 200 2588
190.95.15.9 - - [06/May/2025:12:40:13 -0300] "GET /cormun/static/calendar-es.js?85251 HTTP/1.1" 200 1901
190.95.15.9 - - [06/May/2025:12:40:13 -0300] "GET /cormun/static/Resources/PXTools/calendar.png HTTP/1.1" 200 1306
190.95.15.9 - - [06/May/2025:12:40:13 -0300] "GET /cormun/static/gxdec.js?85251 HTTP/1.1" 200 19579
190.95.15.9 - - [06/May/2025:12:40:13 -0300] "GET /cormun/static/trlicencias.js?202211298463889 HTTP/1.1" 200 41883
190.95.15.9 - - [06/May/2025:12:40:13 -0300] "GET /cormun/static/Resources/PXToolsDataSearch.png HTTP/1.1" 200 435
190.95.15.9 - - [06/May/2025:12:40:13 -0300] "GET /cormun/static/Resources/PXToolsGridFirstDisabled.gif HTTP/1.1" 200 100
190.95.15.9 - - [06/May/2025:12:40:13 -0300] "GET /cormun/static/Resources/PXToolsGridPreviousDisabled.gif HTTP/1.1" 200 90
190.95.15.9 - - [06/May/2025:12:40:13 -0300] "GET /cormun/static/Resources/PXToolsGridNextDisabled.gif HTTP/1.1" 200 90
190.95.15.9 - - [06/May/2025:12:40:13 -0300] "GET /cormun/static/Resources/PXToolsGridLastDisabled.gif HTTP/1.1" 200 98
190.95.15.9 - - [06/May/2025:12:40:13 -0300] "GET /cormun/static/Resources/PXToolsGridPage.gif HTTP/1.1" 200 725
190.95.15.9 - - [06/May/2025:12:40:13 -0300] "GET /cormun/static/Resources/PXToolsActionExcel.png HTTP/1.1" 200 727
190.95.15.9 - - [06/May/2025:12:40:13 -0300] "GET /cormun/static/Resources/PXToolsAddAllAction.png HTTP/1.1" 200 495
190.95.15.9 - - [06/May/2025:12:40:13 -0300] "GET /cormun/static/Shared/ext/resources/css/ext-all.css?215870 HTTP/1.1" 200 416045
190.95.15.9 - - [06/May/2025:12:40:13 -0300] "GET /cormun/static/Resources/asc.gif HTTP/1.1" 200 67
190.95.15.9 - - [06/May/2025:12:40:13 -0300] "GET /cormun/static/Resources/desc.gif HTTP/1.1" 200 65
190.95.15.9 - - [06/May/2025:12:40:13 -0300] "GET /cormun//static/Resources/PXToolsActionDisabled.gif HTTP/1.1" 200 53
190.95.15.9 - - [06/May/2025:12:40:13 -0300] "GET /cormun//static/Resources/PXToolsGridDisplay.png HTTP/1.1" 200 525
190.95.15.9 - - [06/May/2025:12:40:13 -0300] "GET /cormun//static/Resources/PXTools/ActionInsert.png HTTP/1.1" 200 1482
190.95.15.9 - - [06/May/2025:12:40:13 -0300] "GET /cormun//static/Resources/PXToolsActionPrint.png HTTP/1.1" 200 404
190.95.15.9 - - [06/May/2025:12:40:13 -0300] "GET /cormun//static/Resources/PXToolsHeaderFavorites.png HTTP/1.1" 200 1414
190.95.15.9 - - [06/May/2025:12:40:13 -0300] "GET /cormun//static/Resources/PXToolsHeaderHelp.png HTTP/1.1" 200 1333
190.95.15.9 - - [06/May/2025:12:40:13 -0300] "GET /cormun/static/Shared/ext/resources/themes/images/default/panel/bg-headersPanel.png HTTP/1.1" 200 255
190.95.15.9 - - [06/May/2025:12:40:13 -0300] "GET /cormun/static/Shared/ext/resources/themes/images/default/tools/tool-sprites.gif HTTP/1.1" 200 5434
190.95.15.9 - - [06/May/2025:12:40:36 -0300] "GET /cormun/servlet/licenciaspermisos?DSP,19125914,L,20250430000000, HTTP/1.1" 200 7365
190.95.15.9 - - [06/May/2025:12:40:36 -0300] "GET /cormun/static/gxcfg.js?202012153173 HTTP/1.1" 200 953
190.95.15.9 - - [06/May/2025:12:40:36 -0300] "GET /cormun/static/Resources/prompt.gif HTTP/1.1" 200 902
190.95.15.9 - - [06/May/2025:12:40:36 -0300] "GET /cormun/static/licenciaspermisos.js?2020121532136 HTTP/1.1" 200 38753
190.95.15.9 - - [06/May/2025:12:41:46 -0300] "POST /cormun/servlet/licenciaspermisos?7157061ff83a5f2a0294e29ca36fe68d,DSP,19125914,L,20250430000000,,gx-no-cache=1746546245093 HTTP/1.1" 200 93
190.95.15.9 - - [06/May/2025:12:41:46 -0300] "GET /cormun/servlet/hpexe_return? HTTP/1.1" 200 1031
190.95.15.9 - - [06/May/2025:12:41:46 -0300] "GET /cormun/static/gxcfg.js?20221129846035 HTTP/1.1" 200 953
190.95.15.9 - - [06/May/2025:12:41:46 -0300] "GET /cormun/static/hpexe_return.js?20221129846037 HTTP/1.1" 200 1633
190.95.15.9 - - [06/May/2025:12:41:46 -0300] "GET /cormun/servlet/trlicencias HTTP/1.1" 200 12678
190.95.15.9 - - [06/May/2025:12:41:50 -0300] "GET /cormun/servlet/licenciaspermisos?DSP,15524378,L,20250505000000, HTTP/1.1" 200 7368
190.95.15.27 - - [06/May/2025:12:43:05 -0300] "GET /cormun/servlet/trlicencias? HTTP/1.1" 200 6042
190.95.15.27 - - [06/May/2025:12:43:06 -0300] "GET /cormun/servlet/hlogin HTTP/1.1" 200 1731
190.95.15.27 - - [06/May/2025:12:43:15 -0300] "POST /cormun/servlet/hlogin?56431954c06da5adb425f3626521ad81,gx-no-cache=1746546335381 HTTP/1.1" 200 90
190.95.15.27 - - [06/May/2025:12:43:15 -0300] "GET /cormun/servlet/hpexe_link HTTP/1.1" 200 951
190.95.15.27 - - [06/May/2025:12:43:15 -0300] "GET /cormun/servlet/trlicencias HTTP/1.1" 200 9934
190.95.15.15 - - [06/May/2025:12:43:31 -0300] "GET /cormun/servlet/trlicencias? HTTP/1.1" 200 12429
190.95.67.99 - - [06/May/2025:12:43:37 -0300] "GET /cormun/servlet/trlicencias? HTTP/1.1" 200 6050
190.95.67.99 - - [06/May/2025:12:43:42 -0300] "GET /cormun/servlet/hlogin HTTP/1.1" 200 1735
192.168.10.21 - - [06/May/2025:12:43:50 -0300] "GET /cormun/servlet/hhome HTTP/1.1" 200 3327
192.168.10.21 - - [06/May/2025:12:43:50 -0300] "GET /cormun/servlet/hlogin HTTP/1.1" 200 1737
190.95.15.27 - - [06/May/2025:12:43:52 -0300] "GET /cormun/servlet/trpermisosgoce? HTTP/1.1" 200 12356
192.168.10.21 - - [06/May/2025:12:43:54 -0300] "POST /cormun/servlet/hlogin?cfc505aca6cd82e17ea1e3d9afe7601e,gx-no-cache=1746546390953 HTTP/1.1" 200 90
192.168.10.21 - - [06/May/2025:12:43:54 -0300] "GET /cormun/servlet/hpexe_link HTTP/1.1" 200 953
192.168.10.21 - - [06/May/2025:12:43:54 -0300] "GET /cormun/servlet/hhome HTTP/1.1" 200 3825
192.168.10.21 - - [06/May/2025:12:43:57 -0300] "GET /cormun/servlet/trsolicitudgral? HTTP/1.1" 200 27072
192.168.10.21 - - [06/May/2025:12:44:01 -0300] "GET /cormun/static/menuarrow.gif HTTP/1.1" 404 1015
192.168.10.21 - - [06/May/2025:12:44:18 -0300] "POST /cormun/servlet/trsolicitudgral?cfc505aca6cd82e17ea1e3d9afe7601e,,gx-no-cache=1746546414814 HTTP/1.1" 200 6668
192.168.10.21 - - [06/May/2025:12:44:20 -0300] "GET /cormun/servlet/vesolicitudgral?2025,22419,, HTTP/1.1" 200 8410
192.168.10.21 - - [06/May/2025:12:44:20 -0300] "GET /cormun/pexe_scrolldiv.js HTTP/1.1" 404 1009
192.168.10.21 - - [06/May/2025:12:44:23 -0300] "GET /cormun/servlet/vesolicitudgral?2025,22419,,SolicitudOTAdjuntos HTTP/1.1" 200 11225
192.168.10.21 - - [06/May/2025:12:44:23 -0300] "GET /cormun/pexe_scrolldiv.js HTTP/1.1" 404 1009
192.168.10.21 - - [06/May/2025:12:44:24 -0300] "POST /cormun/servlet/acontrolpreferencessavestate?None,RRHH+DANIELA,true HTTP/1.1" 200 35
192.168.10.21 - - [06/May/2025:12:44:27 -0300] "GET /cormun/PublicTempStorage/certificado_de_titulo_y_certificado_brp6497327.pdf HTTP/1.1" 200 883905
192.168.10.21 - - [06/May/2025:12:44:36 -0300] "GET /cormun/servlet/vesolicitudgral?2025,22419,,SolicitudOTAdjuntos HTTP/1.1" 200 11221
192.168.10.21 - - [06/May/2025:12:44:37 -0300] "POST /cormun/servlet/acontrolpreferencessavestate?None,RRHH+DANIELA,true HTTP/1.1" 200 35
190.95.67.99 - - [06/May/2025:12:45:00 -0300] "POST /cormun/servlet/hlogin?e8722a6744eb1f541242a7186ef3b629,gx-no-cache=1746546439903 HTTP/1.1" 200 90
190.95.67.99 - - [06/May/2025:12:45:00 -0300] "GET /cormun/servlet/hpexe_link HTTP/1.1" 200 955
190.95.67.99 - - [06/May/2025:12:45:00 -0300] "GET /cormun/servlet/trlicencias HTTP/1.1" 200 11487
186.40.57.154 - - [06/May/2025:12:45:22 -0300] "GET /cormun/static/menuarrow.gif HTTP/1.1" 404 1015
190.95.67.91 - - [06/May/2025:12:45:36 -0300] "POST /cormun/servlet/trlicencias?bf369a7ded4b6d4bb9bb267a62ebc5ed,gx-no-cache=1746546475722 HTTP/1.1" 440 972
190.95.67.91 - - [06/May/2025:12:45:37 -0300] "GET /cormun/servlet/trlicencias HTTP/1.1" 200 6049
190.95.67.91 - - [06/May/2025:12:45:38 -0300] "GET /cormun/servlet/hlogin HTTP/1.1" 200 1738
190.95.67.99 - - [06/May/2025:12:45:38 -0300] "GET /cormun/servlet/trpermisosgoce? HTTP/1.1" 200 14304
190.95.67.91 - - [06/May/2025:12:45:43 -0300] "POST /cormun/servlet/hlogin?22fb0fe5881ec10588c9ce428a3e5c72,gx-no-cache=1746546482895 HTTP/1.1" 200 90
190.95.67.91 - - [06/May/2025:12:45:43 -0300] "GET /cormun/servlet/hpexe_link HTTP/1.1" 200 958
190.95.67.91 - - [06/May/2025:12:45:44 -0300] "GET /cormun/servlet/trlicencias HTTP/1.1" 200 15690
190.95.67.99 - - [06/May/2025:12:45:48 -0300] "GET /cormun/servlet/permisogoce?DSP,13720292,P,20250506081758, HTTP/1.1" 200 7051
186.40.57.154 - - [06/May/2025:12:45:54 -0300] "GET /cormun/servlet/permisogoce?INS,0,,, HTTP/1.1" 200 6769
190.95.67.99 - - [06/May/2025:12:45:55 -0300] "POST /cormun/servlet/permisogoce?e8722a6744eb1f541242a7186ef3b629,DSP,13720292,P,20250506081758,,gx-no-cache=1746546495400 HTTP/1.1" 200 93
190.95.67.99 - - [06/May/2025:12:45:55 -0300] "GET /cormun/servlet/hpexe_return? HTTP/1.1" 200 1027
190.95.67.99 - - [06/May/2025:12:45:56 -0300] "GET /cormun/servlet/trpermisosgoce HTTP/1.1" 200 14297
190.95.67.99 - - [06/May/2025:12:46:00 -0300] "GET /cormun/static/menuarrow.gif HTTP/1.1" 404 1015
186.40.57.154 - - [06/May/2025:12:46:04 -0300] "GET /cormun/servlet/permisogoce?fb48968d006fdbe3a2533c7d243b03b5e09566e0748cb1dffa795ba17436379c8ca6bc243a5efaa9e77deb9f7fe0fb770c5f87168c475b5f249fede543a4f916,gx-no-cache=1746546505732 HTTP/1.1" 200 82
186.40.57.154 - - [06/May/2025:12:46:04 -0300] "GET /cormun/static/menuarrow.gif HTTP/1.1" 404 1015
190.95.67.99 - - [06/May/2025:12:46:11 -0300] "POST /cormun/servlet/trpermisosgoce?e8722a6744eb1f541242a7186ef3b629,gx-no-cache=1746546511200 HTTP/1.1" 200 5961
186.40.57.154 - - [06/May/2025:12:46:12 -0300] "GET /cormun/servlet/permisogoce?fb48968d006fdbe3a2533c7d243b03b52243d90125200a7caf993f633930a5ba5d0596e67d93e6600014a8d8eecedd2b69103edcc826aa242eaf60520f7a460c,gx-no-cache=1746546514371 HTTP/1.1" 200 46
186.40.57.154 - - [06/May/2025:12:46:16 -0300] "POST /cormun/servlet/permisogoce?9b3a2c970d588d38e9bd0a4b77554bad,INS,0,,,,gx-no-cache=1746546517096 HTTP/1.1" 200 93
186.40.57.154 - - [06/May/2025:12:46:16 -0300] "GET /cormun/servlet/hpexe_return? HTTP/1.1" 200 1007
186.40.57.154 - - [06/May/2025:12:46:16 -0300] "GET /cormun/servlet/trpermisosgoce HTTP/1.1" 200 12680
186.40.57.154 - - [06/May/2025:12:46:19 -0300] "GET /cormun/servlet/apermisogoceprn?15002348,P,20250506114831,PU HTTP/1.1" 200 1657
190.95.15.17 - - [06/May/2025:12:47:31 -0300] "GET /cormun/servlet/hlogin HTTP/1.1" 200 1718
192.168.10.21 - - [06/May/2025:12:47:32 -0300] "GET /cormun/PublicTempStorage/certificado_de_titulo_y_certificado_brp7062013.pdf HTTP/1.1" 200 883905
190.95.15.17 - - [06/May/2025:12:47:35 -0300] "POST /cormun/servlet/hlogin?d843596bd4437f835a44c52c0cbe722d,gx-no-cache=1746546990389 HTTP/1.1" 200 90
190.95.15.17 - - [06/May/2025:12:47:35 -0300] "GET /cormun/servlet/hpexe_link HTTP/1.1" 200 948
190.95.15.17 - - [06/May/2025:12:47:36 -0300] "GET /cormun/servlet/hhome HTTP/1.1" 200 4379
190.95.15.17 - - [06/May/2025:12:48:13 -0300] "GET /cormun/servlet/trpermisosgoce? HTTP/1.1" 200 9619
190.95.15.17 - - [06/May/2025:12:48:17 -0300] "GET /cormun/servlet/permisogoce?INS,0,,, HTTP/1.1" 200 7274
190.95.15.17 - - [06/May/2025:12:48:43 -0300] "GET /cormun/servlet/permisogoce?5ec307139f8a585aa8eb4efe9271e785cd5ccab2a0cd8b4a35868e49e51bed8748bbd36605a21731615deb1290b22826f4f24aa90e3e464fdf4293563f8889e5,gx-no-cache=1746547057701 HTTP/1.1" 200 75
190.95.15.17 - - [06/May/2025:12:48:43 -0300] "GET /cormun/static/menuarrow.gif HTTP/1.1" 404 1015
190.95.15.17 - - [06/May/2025:12:49:03 -0300] "GET /cormun/servlet/permisogoce?5ec307139f8a585aa8eb4efe9271e7854d8fec56e5196f7583243e4d65e128b916f5aa83b102a0b124f511983df44e2a2774f7194438da689433a2319d7c299b,gx-no-cache=1746547077691 HTTP/1.1" 200 47
190.95.15.17 - - [06/May/2025:12:49:24 -0300] "POST /cormun/servlet/permisogoce?d843596bd4437f835a44c52c0cbe722d,INS,0,,,,gx-no-cache=1746547098382 HTTP/1.1" 200 93
190.95.15.17 - - [06/May/2025:12:49:24 -0300] "GET /cormun/servlet/hpexe_return? HTTP/1.1" 200 1007
190.95.15.17 - - [06/May/2025:12:49:25 -0300] "GET /cormun/servlet/trpermisosgoce HTTP/1.1" 200 9874
190.95.15.17 - - [06/May/2025:12:49:40 -0300] "GET /cormun/servlet/trpermisosadjuntos?15123618,20250506115054,P, HTTP/1.1" 200 6695
190.95.15.17 - - [06/May/2025:12:49:40 -0300] "GET /cormun/static/gxcfg.js?2020121641683 HTTP/1.1" 200 953
190.95.15.17 - - [06/May/2025:12:49:40 -0300] "GET /cormun/static/trpermisosadjuntos.js?2020121642996 HTTP/1.1" 200 20158
190.95.15.17 - - [06/May/2025:12:49:42 -0300] "GET /cormun/servlet/permisosadjuntos?INS,15123618,P,20250506115054,, HTTP/1.1" 200 6022
190.95.15.17 - - [06/May/2025:12:49:42 -0300] "GET /cormun/static/gxcfg.js?20201215134212 HTTP/1.1" 200 953
190.95.15.17 - - [06/May/2025:12:49:42 -0300] "GET /cormun/static/permisosadjuntos.js?20201215134285 HTTP/1.1" 200 8724
190.95.15.17 - - [06/May/2025:12:49:42 -0300] "GET /cormun/static/about:blank HTTP/1.1" 404 1011
190.95.15.17 - - [06/May/2025:12:49:56 -0300] "POST /cormun/servlet/permisosadjuntos?d843596bd4437f835a44c52c0cbe722d,INS,15123618,P,20250506115054,, HTTP/1.1" 200 116
190.95.15.17 - - [06/May/2025:12:49:56 -0300] "GET /cormun/servlet/hpexe_return? HTTP/1.1" 200 1035
190.95.15.17 - - [06/May/2025:12:49:56 -0300] "GET /cormun/servlet/trpermisosadjuntos?15123618,20250506115054,P, HTTP/1.1" 200 7231
190.95.15.17 - - [06/May/2025:12:49:59 -0300] "POST /cormun/servlet/trpermisosadjuntos?d843596bd4437f835a44c52c0cbe722d,15123618,20250506115054,P,,gx-no-cache=1746547134333 HTTP/1.1" 200 90
190.95.15.17 - - [06/May/2025:12:49:59 -0300] "GET /cormun/servlet/hpexe_link HTTP/1.1" 200 980
190.95.15.17 - - [06/May/2025:12:50:00 -0300] "GET /cormun/servlet/trpermisosgoce HTTP/1.1" 200 9871
190.95.15.17 - - [06/May/2025:12:50:09 -0300] "GET /cormun/servlet/permisogoce?INS,0,,, HTTP/1.1" 200 7274
190.95.15.17 - - [06/May/2025:12:50:37 -0300] "GET /cormun/servlet/permisogoce?5ec307139f8a585aa8eb4efe9271e78588c484403618b983f82776bb26b925d848bbd36605a21731615deb1290b22826f4f24aa90e3e464fdf4293563f8889e5,gx-no-cache=1746547171980 HTTP/1.1" 200 226
190.95.15.17 - - [06/May/2025:12:50:37 -0300] "GET /cormun/static/Shared/jqueryui/images/ui-bg_highlight-soft_100_c6c2c8_1x100.png HTTP/1.1" 404 1117
190.95.15.17 - - [06/May/2025:12:50:37 -0300] "GET /cormun/static/Shared/jqueryui/images/ui-icons_82798d_256x240.png HTTP/1.1" 404 1089
190.95.15.17 - - [06/May/2025:12:50:37 -0300] "GET /cormun/static/Shared/jqueryui/images/ui-icons_ebccce_256x240.png HTTP/1.1" 404 1089
190.95.15.17 - - [06/May/2025:12:50:37 -0300] "GET /cormun/static/Shared/jqueryui/images/ui-bg_flat_55_994d53_40x100.png HTTP/1.1" 404 1097
200.126.116.145 - - [06/May/2025:12:50:53 -0300] "POST /cormun/servlet/trsolicitudot?e4c151bfa43e325bfe68ad2b7c63e95c,gx-no-cache=1746546792020 HTTP/1.1" 200 112
200.126.116.145 - - [06/May/2025:12:50:53 -0300] "GET /cormun/servlet/solicitudot?UPD,2025,22559,false, HTTP/1.1" 200 16964
200.126.116.145 - - [06/May/2025:12:50:54 -0300] "POST /cormun/servlet/solicitudot?gx-no-cache=1746546792991 HTTP/1.1" 200 4138
200.126.116.145 - - [06/May/2025:12:50:54 -0300] "POST /cormun/servlet/solicitudot?e4c151bfa43e325bfe68ad2b7c63e95c,UPD,2025,22559,false,,gx-no-cache=1746546793161 HTTP/1.1" 200 13076
190.95.15.17 - - [06/May/2025:12:50:54 -0300] "GET /cormun/static/Resources/resize.gif HTTP/1.1" 200 77
190.95.15.17 - - [06/May/2025:12:50:54 -0300] "GET /cormun/static/Resources/PXTools/ClosePrompt.png HTTP/1.1" 200 1036
200.126.116.145 - - [06/May/2025:12:50:54 -0300] "GET /cormun/servlet/solicitudot?16f80a823ef90d698f746c5a0e3c9e9b0f56c80e8d3b45df2f36cef7fad5eaa9576e88a357b54b4b08df387eb97b9e55,gx-no-cache=1746546793282 HTTP/1.1" 200 30
200.126.116.145 - - [06/May/2025:12:50:54 -0300] "GET /cormun/servlet/solicitudot?16f80a823ef90d698f746c5a0e3c9e9b9956e6351e5ce3f8e1d806b5e4622d40008b2cffd51e92787d5038a9cfdb4b5c6a09c11257f1eab5e287c7ba224c60ccfcc6aa0cc4b39b71b4a57b015a994c9f,gx-no-cache=1746546793299 HTTP/1.1" 200 30
200.126.116.145 - - [06/May/2025:12:50:54 -0300] "GET /cormun/servlet/solicitudot?16f80a823ef90d698f746c5a0e3c9e9bc61cb81bb5fb553133f64b03b1db4f09f35eaed53d841a2d7474c64aac85af97cffb9f6c418b22319dc92ae953ed3424,gx-no-cache=1746546793314 HTTP/1.1" 200 53
200.126.116.145 - - [06/May/2025:12:50:54 -0300] "POST /cormun/servlet/solicitudot?gx-no-cache=1746546793334 HTTP/1.1" 200 256
200.126.116.145 - - [06/May/2025:12:50:54 -0300] "GET /cormun/servlet/solicitudot?16f80a823ef90d698f746c5a0e3c9e9bf0233820edab1b004a71e8dccab0b313da75260969cbee41c54f1ff1c9415602cd89df03066d14c72d5d50322d5ad6cf8b035f9c5444a405f98996bd3d1fc89e23c1e3d13c1ad17dd67aa44f18e865dbe2e75d7b9c839b29e9e816034d2915cb077d47ba539093a6d7c2e18705988c48c8f5fd71796f5d3132444aa3e1feeac01f6a965133d1e953da059e298cd1dfc4037e63e0d0c97f29780ca1d46aa046796e9984650d872410a4eea58ac2c624c5f0228b83a2ea45024c656194cf7eb1e3476d5a9dc5950247162ae6461b1f437731c9b4364d73115bc6cb58a4f09c24c2c69ce77ba4691bd22b7220f7b4901a70f449bcee05845ab1c3d52ee42a3ba0e2e336cc997861d2a34da0e8f068a84d6f6055336ea00f72c6bd64774717e58a7589f8d4ce8a8e2e7115c739b783917fd655adadc0c964300b58fcffeebd0203411b7d81f60ff4d90ed4ce4984ac47520002b3ac74efe9d85f0a24856ef4b4cca5b34ebf6f3d2c3e9af2aa8230ec5c240f,gx-no-cache=1746546793353 HTTP/1.1" 200 30
200.126.116.145 - - [06/May/2025:12:50:54 -0300] "POST /cormun/servlet/solicitudot?gx-no-cache=1746546793369 HTTP/1.1" 200 30
200.126.116.145 - - [06/May/2025:12:50:54 -0300] "POST /cormun/servlet/solicitudot?gx-no-cache=1746546793386 HTTP/1.1" 200 1482
200.126.116.145 - - [06/May/2025:12:50:54 -0300] "POST /cormun/servlet/solicitudot?gx-no-cache=1746546793474 HTTP/1.1" 200 41
190.95.15.17 - - [06/May/2025:12:50:54 -0300] "GET /cormun/servlet/prfichaempleado?,MD,,gxPopupLevel%3D0%3B HTTP/1.1" 200 9417
190.95.15.17 - - [06/May/2025:12:50:54 -0300] "GET /cormun/static/gxcfg.js?20201215571085 HTTP/1.1" 200 953
190.95.15.17 - - [06/May/2025:12:50:54 -0300] "GET /cormun/static/Resources/PXToolsMenuSearch.png HTTP/1.1" 200 336
190.95.15.17 - - [06/May/2025:12:50:54 -0300] "GET /cormun/static/prfichaempleado.js?20201215572193 HTTP/1.1" 200 16005
190.95.15.17 - - [06/May/2025:12:50:54 -0300] "GET /cormun/static/menusearch.js?20201214473581 HTTP/1.1" 200 1424
190.95.15.17 - - [06/May/2025:12:50:55 -0300] "GET /cormun/static/hmpwkw011.js?202211298443482 HTTP/1.1" 200 1968
190.95.15.17 - - [06/May/2025:12:50:55 -0300] "GET /cormun/static/Resources/PXToolsMenuSearchCancel.png HTTP/1.1" 200 306
200.126.116.145 - - [06/May/2025:12:50:57 -0300] "GET /cormun/servlet/solicitudot?16f80a823ef90d698f746c5a0e3c9e9b8d7d6866227d5e2f73ae6b76b3715089146ad145e083a9b0afe81531ad863971c394f8c0c0b0d3e54b793ed18e39d4d26f34776cdaf5c25eb060e697acdf270e71edad6aff0b077ecaf5684e97ae99631530d163ab5f0a4ae39300d3e6cba8a5,gx-no-cache=1746546796122 HTTP/1.1" 200 110
200.126.116.145 - - [06/May/2025:12:50:57 -0300] "POST /cormun/servlet/solicitudot?gx-no-cache=1746546796140 HTTP/1.1" 200 109
200.126.116.145 - - [06/May/2025:12:50:57 -0300] "GET /cormun/servlet/solicitudot?16f80a823ef90d698f746c5a0e3c9e9b40c2cf3e05ecda953c300779553a440c03dd6ef678bc556909c3fd0d124aa5a252a8ce9bbee8681b03f435beb6467ae4a5ec82ef93f883601df04e4bd149b964aa38dfeea85362b43bc32986b57af51f9d103e7b6804f9afb5fb658037b1f9efabaf914490bd2af80b07d80d573e8df56c3efedc7ae1e272f2f652624463e6f82a4d296b507b8af3658e199ea3bd77a4,gx-no-cache=1746546796160 HTTP/1.1" 200 29
200.126.116.145 - - [06/May/2025:12:50:57 -0300] "GET /cormun/servlet/solicitudot?16f80a823ef90d698f746c5a0e3c9e9bb2e8bd371a8339367d91a336ff7912a6915de0b504b9c1cdd05a9875e13ed8e8,gx-no-cache=1746546796177 HTTP/1.1" 200 30
200.126.116.145 - - [06/May/2025:12:50:57 -0300] "GET /cormun/static/menuarrow.gif HTTP/1.1" 404 1015
200.126.116.145 - - [06/May/2025:12:50:59 -0300] "GET /cormun/servlet/solicitudot?16f80a823ef90d698f746c5a0e3c9e9b8d7d6866227d5e2f73ae6b76b3715089146ad145e083a9b0afe81531ad863971c394f8c0c0b0d3e54b793ed18e39d4d26f34776cdaf5c25eb060e697acdf270e71edad6aff0b077ecaf5684e97ae99631530d163ab5f0a4ae39300d3e6cba8a5,gx-no-cache=1746546798317 HTTP/1.1" 200 110
200.126.116.145 - - [06/May/2025:12:51:02 -0300] "POST /cormun/servlet/solicitudot?gx-no-cache=1746546800937 HTTP/1.1" 200 32
200.126.116.145 - - [06/May/2025:12:51:02 -0300] "POST /cormun/servlet/solicitudot?e4c151bfa43e325bfe68ad2b7c63e95c,UPD,2025,22559,false,,gx-no-cache=1746546801000 HTTP/1.1" 200 93
200.126.116.145 - - [06/May/2025:12:51:02 -0300] "GET /cormun/servlet/hpexe_return? HTTP/1.1" 200 1015
200.126.116.145 - - [06/May/2025:12:51:02 -0300] "GET /cormun/servlet/trsolicitudot HTTP/1.1" 200 8988
200.126.116.145 - - [06/May/2025:12:52:11 -0300] "POST /cormun/servlet/trsolicitudot?e4c151bfa43e325bfe68ad2b7c63e95c,gx-no-cache=1746546870611 HTTP/1.1" 200 4860
200.126.116.145 - - [06/May/2025:12:52:11 -0300] "GET /cormun/static/Shared/jqueryui/images/ui-bg_highlight-soft_100_c6c2c8_1x100.png HTTP/1.1" 404 1117
200.126.116.145 - - [06/May/2025:12:52:11 -0300] "GET /cormun/static/Shared/jqueryui/images/ui-icons_8d78a5_256x240.png HTTP/1.1" 404 1089
200.126.116.145 - - [06/May/2025:12:52:11 -0300] "GET /cormun/static/Shared/jqueryui/images/ui-icons_82798d_256x240.png HTTP/1.1" 404 1089
200.126.116.145 - - [06/May/2025:12:52:11 -0300] "GET /cormun/static/Shared/jqueryui/images/ui-bg_flat_55_fafafa_40x100.png HTTP/1.1" 404 1097
200.126.116.145 - - [06/May/2025:12:52:11 -0300] "POST /cormun/servlet/trsolicitudot?e4c151bfa43e325bfe68ad2b7c63e95c,gx-no-cache=1746546870748 HTTP/1.1" 200 4603
200.126.116.145 - - [06/May/2025:12:52:19 -0300] "GET /cormun/servlet/trautorizarsolicitud? HTTP/1.1" 200 8883
200.126.116.145 - - [06/May/2025:12:52:19 -0300] "GET /cormun/static/gxcfg.js?202211298474254 HTTP/1.1" 200 953
200.126.116.145 - - [06/May/2025:12:52:19 -0300] "GET /cormun/static/trautorizarsolicitud.js?202211298474588 HTTP/1.1" 200 53909
200.126.116.145 - - [06/May/2025:12:52:27 -0300] "POST /cormun/servlet/trautorizarsolicitud?e4c151bfa43e325bfe68ad2b7c63e95c,,gx-no-cache=1746546886163 HTTP/1.1" 200 4792
200.126.116.145 - - [06/May/2025:12:52:27 -0300] "POST /cormun/servlet/trautorizarsolicitud?e4c151bfa43e325bfe68ad2b7c63e95c,,gx-no-cache=1746546886285 HTTP/1.1" 200 4535
190.95.15.17 - - [06/May/2025:12:52:41 -0300] "POST /cormun/servlet/permisogoce?d843596bd4437f835a44c52c0cbe722d,INS,0,,,,gx-no-cache=1746547296468 HTTP/1.1" 200 93
190.95.15.17 - - [06/May/2025:12:52:41 -0300] "GET /cormun/servlet/hpexe_return? HTTP/1.1" 200 1007
190.95.15.17 - - [06/May/2025:12:52:42 -0300] "GET /cormun/servlet/trpermisosgoce HTTP/1.1" 200 9874
179.57.78.55 - - [06/May/2025:12:55:39 -0300] "POST /cormun/servlet/hlogin?5067d01e9cc20705a5117f622ff3d255,gx-no-cache=1746547077926 HTTP/1.1" 200 90
179.57.78.55 - - [06/May/2025:12:55:39 -0300] "GET /cormun/servlet/hpexe_link HTTP/1.1" 200 962
179.57.78.55 - - [06/May/2025:12:55:39 -0300] "GET /cormun/servlet/trpermisosgoce? HTTP/1.1" 200 7772
179.57.78.55 - - [06/May/2025:12:55:46 -0300] "GET /cormun/servlet/trlicencias? HTTP/1.1" 200 11432
190.95.15.17 - - [06/May/2025:12:58:35 -0300] "GET /cormun/servlet/trpermisosgoce? HTTP/1.1" 200 9870
200.126.116.145 - - [06/May/2025:13:01:22 -0300] "GET /cormun/servlet/trsolicitudot? HTTP/1.1" 200 7534
200.126.116.145 - - [06/May/2025:13:01:27 -0300] "POST /cormun/servlet/trsolicitudot?e4c151bfa43e325bfe68ad2b7c63e95c,,gx-no-cache=1746547426168 HTTP/1.1" 200 4624
190.95.1.187 - - [06/May/2025:13:01:34 -0300] "POST /cormun/servlet/trsolicitudot?4f404e5b411bea82a84c64407395b60b,gx-no-cache=1746547433162 HTTP/1.1" 200 112
190.95.1.187 - - [06/May/2025:13:01:34 -0300] "GET /cormun/servlet/solicitudot?UPD,2025,22558,false, HTTP/1.1" 200 16692
190.95.1.187 - - [06/May/2025:13:01:35 -0300] "POST /cormun/servlet/solicitudot?gx-no-cache=1746547433977 HTTP/1.1" 200 4132
190.95.1.187 - - [06/May/2025:13:01:35 -0300] "POST /cormun/servlet/solicitudot?4f404e5b411bea82a84c64407395b60b,UPD,2025,22558,false,,gx-no-cache=1746547434072 HTTP/1.1" 200 12773
190.95.1.187 - - [06/May/2025:13:01:35 -0300] "GET /cormun/servlet/solicitudot?d3934e7510722672ee30a2d46a184250ee8ed5b5072bc9f6f99a9c92b3de8151ae39b4540c236ef4f57759ea659092d1,gx-no-cache=1746547434171 HTTP/1.1" 200 30
190.95.1.187 - - [06/May/2025:13:01:35 -0300] "GET /cormun/servlet/solicitudot?d3934e7510722672ee30a2d46a184250496db9c1fe5b12bf8469e2821d4f53e39a0f2e42116f3e20ff72962e1fb5bf58131a0dd8e96a556848455864c96aeb1a,gx-no-cache=1746547434191 HTTP/1.1" 200 30
190.95.1.187 - - [06/May/2025:13:01:35 -0300] "GET /cormun/servlet/solicitudot?d3934e7510722672ee30a2d46a1842507195f62c3a07976e7798cb0e27d6bc2fc99d9f5d933282c93f88c7368503f74a4c68ef7e530ab2cf181c31f9cec416b2,gx-no-cache=1746547434207 HTTP/1.1" 200 53
190.95.1.187 - - [06/May/2025:13:01:35 -0300] "POST /cormun/servlet/solicitudot?gx-no-cache=1746547434225 HTTP/1.1" 200 297
190.95.1.187 - - [06/May/2025:13:01:35 -0300] "GET /cormun/servlet/solicitudot?d3934e7510722672ee30a2d46a1842509fc280176f5bbe59837f2425a0408f8aa9b449268fa548abc40f0468d5bec767ececa66981a38d2178f8684c37f21716a44b7a69aa5c005e21c58a04eb8121087f28a71d9f639b65296e25f8bd30055407f3459a8a119f04ebbb5ca66c4533c77c48848729895ead41cba15b541c0da28af2e1cb30c411e2a39aeb85f22af4e51e4c5187e587b2adf3a62214e6e89c29b5884d2f12e107a064f3ec090199886612b42fd475366fefea43b4310c45ad311289b62f820ff2bf0ba45527d89809131dedad416ed2ee0cb83327d993de7747abb64e9868b8d9e1382c9d584e657ee70715bee872345642cac70a1e3152b19ec9c583f0b9ef4a2d722d23b398dbfb3970eafc81e7dc239711442f770a1ad275082299b4e9c8874bd3582e5457c5fff0a5cb0f546d8cc2369ff0870071e7c864788b365976e682acbb6af3a72f2a8cfd676d34e16c5ea65cc4db1a26b6b653cdea23d2650df2f4d6e78c0b516be4c3ef6f4f9a52b113cfc339284aacc6b981a6131a0dd8e96a556848455864c96aeb1a,gx-no-cache=1746547434246 HTTP/1.1" 200 30
190.95.1.187 - - [06/May/2025:13:01:35 -0300] "POST /cormun/servlet/solicitudot?gx-no-cache=1746547434264 HTTP/1.1" 200 30
190.95.1.187 - - [06/May/2025:13:01:35 -0300] "POST /cormun/servlet/solicitudot?gx-no-cache=1746547434285 HTTP/1.1" 200 1479
190.95.1.187 - - [06/May/2025:13:01:35 -0300] "POST /cormun/servlet/solicitudot?gx-no-cache=1746547434308 HTTP/1.1" 200 41
190.95.1.187 - - [06/May/2025:13:01:41 -0300] "GET /cormun/servlet/solicitudot?d3934e7510722672ee30a2d46a184250783b97a67042af61e20bc5f77f0037b6e95cb419a2ff4b354b1ee807f6e71da280a084237f2ec2cc66596ec3f6e8eb0342800a9cb2cbe820911a3cade9dcb6f288efbd3343cd0d928b4a01e5aeb502a50cf0d80e9300cacc816a5141c81fdf04,gx-no-cache=1746547440138 HTTP/1.1" 200 110
190.95.1.187 - - [06/May/2025:13:01:43 -0300] "POST /cormun/servlet/solicitudot?gx-no-cache=1746547441885 HTTP/1.1" 200 72
190.95.1.187 - - [06/May/2025:13:01:46 -0300] "GET /cormun/servlet/solicitudot?d3934e7510722672ee30a2d46a18425072b62191da359a628fca36a9c3f5ae486ad670b122a3aa8f009c10269a8796e1701a92798a9996382a0812f12557a19a71369c01e7bf42b89883388dc82bca049f6f310c7fb22da734901a3f9a9fa3e39d24931a30491df3d3fd693949ee1d46,gx-no-cache=1746547444800 HTTP/1.1" 200 29
190.95.1.187 - - [06/May/2025:13:01:46 -0300] "GET /cormun/servlet/solicitudot?d3934e7510722672ee30a2d46a184250ca7a27af4b03098489b4a66d2f7016eb285f419c9fe74121fd56b83ff083a82d,gx-no-cache=1746547444826 HTTP/1.1" 200 30
190.95.1.187 - - [06/May/2025:13:01:46 -0300] "POST /cormun/servlet/solicitudot?gx-no-cache=1746547444843 HTTP/1.1" 200 30
190.95.1.187 - - [06/May/2025:13:01:46 -0300] "POST /cormun/servlet/solicitudot?4f404e5b411bea82a84c64407395b60b,UPD,2025,22558,false,,gx-no-cache=1746547444860 HTTP/1.1" 200 93
190.95.1.187 - - [06/May/2025:13:01:46 -0300] "GET /cormun/servlet/hpexe_return? HTTP/1.1" 200 1019
190.95.1.187 - - [06/May/2025:13:01:46 -0300] "GET /cormun/servlet/trsolicitudot HTTP/1.1" 200 8624
190.95.15.31 - - [06/May/2025:13:02:19 -0300] "GET /cormun/servlet/trlicencias HTTP/1.1" 200 6045
190.95.15.31 - - [06/May/2025:13:02:21 -0300] "GET /cormun/servlet/hlogin HTTP/1.1" 200 1733
200.126.116.145 - - [06/May/2025:13:02:24 -0300] "POST /cormun/servlet/trsolicitudot?e4c151bfa43e325bfe68ad2b7c63e95c,,gx-no-cache=1746547483736 HTTP/1.1" 200 4663
190.95.15.31 - - [06/May/2025:13:02:25 -0300] "POST /cormun/servlet/hlogin?538ca8a9926d36a5b418c550ae7e05dd,gx-no-cache=1746547484226 HTTP/1.1" 200 90
190.95.15.31 - - [06/May/2025:13:02:25 -0300] "GET /cormun/servlet/hpexe_link HTTP/1.1" 200 952
190.95.15.31 - - [06/May/2025:13:02:25 -0300] "GET /cormun/servlet/trlicencias HTTP/1.1" 200 10703
200.126.116.145 - - [06/May/2025:13:02:27 -0300] "POST /cormun/servlet/trsolicitudot?e4c151bfa43e325bfe68ad2b7c63e95c,,gx-no-cache=1746547486304 HTTP/1.1" 200 4663
190.95.15.31 - - [06/May/2025:13:02:31 -0300] "GET /cormun/servlet/trpermisosgoce? HTTP/1.1" 200 10294
200.126.116.145 - - [06/May/2025:13:02:33 -0300] "POST /cormun/servlet/trsolicitudot?e4c151bfa43e325bfe68ad2b7c63e95c,,gx-no-cache=1746547491855 HTTP/1.1" 200 4667
200.126.116.145 - - [06/May/2025:13:02:34 -0300] "POST /cormun/servlet/trsolicitudot?e4c151bfa43e325bfe68ad2b7c63e95c,,gx-no-cache=1746547493543 HTTP/1.1" 200 4668
200.126.116.145 - - [06/May/2025:13:02:34 -0300] "POST /cormun/servlet/trsolicitudot?e4c151bfa43e325bfe68ad2b7c63e95c,,gx-no-cache=1746547493783 HTTP/1.1" 200 4668
200.126.116.145 - - [06/May/2025:13:02:35 -0300] "POST /cormun/servlet/trsolicitudot?e4c151bfa43e325bfe68ad2b7c63e95c,,gx-no-cache=1746547494023 HTTP/1.1" 200 4668
200.126.116.145 - - [06/May/2025:13:02:35 -0300] "POST /cormun/servlet/trsolicitudot?e4c151bfa43e325bfe68ad2b7c63e95c,,gx-no-cache=1746547494231 HTTP/1.1" 200 4667
200.126.116.145 - - [06/May/2025:13:02:35 -0300] "POST /cormun/servlet/trsolicitudot?e4c151bfa43e325bfe68ad2b7c63e95c,,gx-no-cache=1746547494463 HTTP/1.1" 200 4668
200.126.116.145 - - [06/May/2025:13:02:35 -0300] "POST /cormun/servlet/trsolicitudot?e4c151bfa43e325bfe68ad2b7c63e95c,,gx-no-cache=1746547494719 HTTP/1.1" 200 4668
200.126.116.145 - - [06/May/2025:13:02:36 -0300] "POST /cormun/servlet/trsolicitudot?e4c151bfa43e325bfe68ad2b7c63e95c,,gx-no-cache=1746547495471 HTTP/1.1" 200 4666
190.95.67.95 - - [06/May/2025:13:02:49 -0300] "GET /cormun/servlet/hlogin HTTP/1.1" 200 1723
200.126.116.145 - - [06/May/2025:13:02:50 -0300] "POST /cormun/servlet/trsolicitudot?e4c151bfa43e325bfe68ad2b7c63e95c,,gx-no-cache=1746547509423 HTTP/1.1" 200 6107
190.95.67.95 - - [06/May/2025:13:02:52 -0300] "POST /cormun/servlet/hlogin?eb3cd3c0f4e33b2e08926d2220733141,gx-no-cache=1746547512334 HTTP/1.1" 200 90
190.95.67.95 - - [06/May/2025:13:02:53 -0300] "GET /cormun/servlet/hpexe_link HTTP/1.1" 200 953
190.95.67.95 - - [06/May/2025:13:02:53 -0300] "GET /cormun/servlet/hhome HTTP/1.1" 200 4008
190.95.1.187 - - [06/May/2025:13:05:55 -0300] "GET /cormun/servlet/solicitudot?INS,0,0,false, HTTP/1.1" 200 16030
190.95.1.187 - - [06/May/2025:13:08:01 -0300] "POST /cormun/servlet/solicitudot?gx-no-cache=1746547819828 HTTP/1.1" 200 4167
190.95.1.187 - - [06/May/2025:13:08:01 -0300] "POST /cormun/servlet/solicitudot?4f404e5b411bea82a84c64407395b60b,INS,0,0,false,,gx-no-cache=1746547819950 HTTP/1.1" 200 12752
190.95.1.187 - - [06/May/2025:13:08:01 -0300] "GET /cormun/servlet/solicitudot?d3934e7510722672ee30a2d46a1842503ee2d13afb9e6e519a1ebd9e3245204b0e9f7f15a13eebbe82939e81d06cafaf,gx-no-cache=1746547820408 HTTP/1.1" 200 30
190.95.1.187 - - [06/May/2025:13:09:05 -0300] "GET /cormun/servlet/prbanco?,MD,,gxPopupLevel%3D0%3B HTTP/1.1" 200 6685
190.95.1.187 - - [06/May/2025:13:09:14 -0300] "GET /cormun/servlet/solicitudot?d3934e7510722672ee30a2d46a1842500657d0c7730bff98225639d420744a6ee3375609717587a5d70caaff77e586d4,gx-no-cache=1746547893310 HTTP/1.1" 200 30
190.95.1.187 - - [06/May/2025:13:09:16 -0300] "GET /cormun/servlet/solicitudot?d3934e7510722672ee30a2d46a1842501a50ac6ab79d29f35d566ad4f5067d3d,gx-no-cache=1746547895039 HTTP/1.1" 200 45
190.95.15.31 - - [06/May/2025:13:09:31 -0300] "GET /cormun/servlet/trpermisosadjuntos?15524660,20250422095331,P, HTTP/1.1" 200 6667
190.95.15.31 - - [06/May/2025:13:09:31 -0300] "GET /cormun/static/gxcfg.js?2020121641683 HTTP/1.1" 200 953
190.95.15.31 - - [06/May/2025:13:09:31 -0300] "GET /cormun/static/trpermisosadjuntos.js?2020121642996 HTTP/1.1" 200 20158
190.95.15.31 - - [06/May/2025:13:09:34 -0300] "GET /cormun/servlet/permisosadjuntos?INS,15524660,P,20250422095331,, HTTP/1.1" 200 5997
190.95.15.31 - - [06/May/2025:13:09:34 -0300] "GET /cormun/static/gxcfg.js?20201215134212 HTTP/1.1" 200 953
190.95.15.31 - - [06/May/2025:13:09:34 -0300] "GET /cormun/static/permisosadjuntos.js?20201215134285 HTTP/1.1" 200 8724
190.95.15.31 - - [06/May/2025:13:09:35 -0300] "GET /cormun/static/about:blank HTTP/1.1" 404 1011
190.95.1.187 - - [06/May/2025:13:09:46 -0300] "POST /cormun/servlet/solicitudot?gx-no-cache=1746547924880 HTTP/1.1" 200 297
190.95.1.187 - - [06/May/2025:13:09:46 -0300] "GET /cormun/servlet/solicitudot?d3934e7510722672ee30a2d46a1842509fc280176f5bbe59837f2425a0408f8aa9b449268fa548abc40f0468d5bec767ececa66981a38d2178f8684c37f21716a44b7a69aa5c005e21c58a04eb8121087f28a71d9f639b65296e25f8bd30055407f3459a8a119f04ebbb5ca66c4533c77c48848729895ead41cba15b541c0da28af2e1cb30c411e2a39aeb85f22af4e51e4c5187e587b2adf3a62214e6e89c29b5884d2f12e107a064f3ec090199886612b42fd475366fefea43b4310c45ad311289b62f820ff2bf0ba45527d89809131dedad416ed2ee0cb83327d993de7747abb64e9868b8d9e1382c9d584e657ee70715bee872345642cac70a1e3152b19ec9c583f0b9ef4a2d722d23b398dbfb3970eafc81e7dc239711442f770a1ad275082299b4e9c8874bd3582e5457c5fff0a5cb0f546d8cc2369ff0870071e7c864788b365976e682acbb6af3a72f2a8cfd676d34e16c5ea65cc4db1a26b6b653cdea23d2650df2f4d6e78c0b516be4c3efb81321f7b701c98bc40b808befda1933131a0dd8e96a556848455864c96aeb1a,gx-no-cache=1746547924909 HTTP/1.1" 200 30
190.95.1.187 - - [06/May/2025:13:09:48 -0300] "POST /cormun/servlet/solicitudot?gx-no-cache=1746547926825 HTTP/1.1" 200 30
190.95.15.31 - - [06/May/2025:13:09:50 -0300] "POST /cormun/servlet/permisosadjuntos?538ca8a9926d36a5b418c550ae7e05dd,INS,15524660,P,20250422095331,, HTTP/1.1" 200 116
190.95.15.31 - - [06/May/2025:13:09:50 -0300] "GET /cormun/servlet/hpexe_return? HTTP/1.1" 200 1035
190.95.15.31 - - [06/May/2025:13:09:50 -0300] "GET /cormun/servlet/trpermisosadjuntos?15524660,20250422095331,P, HTTP/1.1" 200 7221
190.95.15.31 - - [06/May/2025:13:09:56 -0300] "GET /cormun/servlet/trfichaempleadohoras? HTTP/1.1" 500 10
200.126.116.145 - - [06/May/2025:13:09:57 -0300] "GET /cormun/servlet/trsolicitudot? HTTP/1.1" 200 9026
190.95.1.187 - - [06/May/2025:13:10:07 -0300] "POST /cormun/servlet/solicitudot?gx-no-cache=1746547945837 HTTP/1.1" 200 1479
190.95.1.187 - - [06/May/2025:13:10:07 -0300] "POST /cormun/servlet/solicitudot?gx-no-cache=1746547945870 HTTP/1.1" 200 38
190.95.1.187 - - [06/May/2025:13:10:07 -0300] "GET /cormun/servlet/solicitudot?d3934e7510722672ee30a2d46a184250783b97a67042af61e20bc5f77f0037b6e95cb419a2ff4b354b1ee807f6e71da280a084237f2ec2cc66596ec3f6e8eb0342800a9cb2cbe820911a3cade9dcb6f288efbd3343cd0d928b4a01e5aeb502a50cf0d80e9300cacc816a5141c81fdf04,gx-no-cache=1746547945890 HTTP/1.1" 200 110
190.95.15.31 - - [06/May/2025:13:10:07 -0300] "GET /cormun/servlet/hlogin HTTP/1.1" 200 1718
190.95.1.187 - - [06/May/2025:13:10:09 -0300] "POST /cormun/servlet/solicitudot?gx-no-cache=1746547947816 HTTP/1.1" 200 72
190.95.15.31 - - [06/May/2025:13:10:16 -0300] "POST /cormun/servlet/hlogin?538ca8a9926d36a5b418c550ae7e05dd,gx-no-cache=1746547955209 HTTP/1.1" 200 90
190.95.15.31 - - [06/May/2025:13:10:16 -0300] "GET /cormun/servlet/hpexe_link HTTP/1.1" 200 958
190.95.15.31 - - [06/May/2025:13:10:16 -0300] "GET /cormun/servlet/trfichaempleadohoras HTTP/1.1" 500 10
190.95.1.187 - - [06/May/2025:13:10:17 -0300] "GET /cormun/servlet/solicitudot?d3934e7510722672ee30a2d46a184250786519e25121726674eba6aa3f66f3d87c0ddc9b70e01b668adf75761f7bc923d303c446cc5995333317508b1f876239941e8bfa455acae264fafd83c8c63a5f70adc42b66b9323c8de64573f3bf3bef141558393233adb0039e3c5982ae0a67,gx-no-cache=1746547956075 HTTP/1.1" 200 29
190.95.1.187 - - [06/May/2025:13:10:17 -0300] "GET /cormun/static/menuarrow.gif HTTP/1.1" 404 1015
200.126.116.145 - - [06/May/2025:13:10:18 -0300] "POST /cormun/servlet/trsolicitudot?e4c151bfa43e325bfe68ad2b7c63e95c,,gx-no-cache=1746547957463 HTTP/1.1" 200 6076
200.126.116.145 - - [06/May/2025:13:10:19 -0300] "POST /cormun/servlet/trsolicitudot?e4c151bfa43e325bfe68ad2b7c63e95c,,gx-no-cache=1746547958526 HTTP/1.1" 200 6077
200.126.116.145 - - [06/May/2025:13:10:21 -0300] "GET /cormun/servlet/trsolicitudot? HTTP/1.1" 200 8990
190.95.1.187 - - [06/May/2025:13:10:21 -0300] "GET /cormun/servlet/solicitudot?d3934e7510722672ee30a2d46a184250ca7a27af4b03098489b4a66d2f7016eb285f419c9fe74121fd56b83ff083a82d,gx-no-cache=1746547959790 HTTP/1.1" 200 30
200.126.116.145 - - [06/May/2025:13:10:23 -0300] "GET /cormun/servlet/solicitudot?INS,0,0,false, HTTP/1.1" 200 16317
190.95.1.187 - - [06/May/2025:13:10:26 -0300] "POST /cormun/servlet/solicitudot?gx-no-cache=1746547964935 HTTP/1.1" 200 30
190.95.15.31 - - [06/May/2025:13:10:28 -0300] "GET /cormun/servlet/hlogin HTTP/1.1" 200 1718
190.95.15.31 - - [06/May/2025:13:10:32 -0300] "POST /cormun/servlet/hlogin?538ca8a9926d36a5b418c550ae7e05dd,gx-no-cache=1746547971249 HTTP/1.1" 200 90
190.95.15.31 - - [06/May/2025:13:10:32 -0300] "GET /cormun/servlet/hpexe_link HTTP/1.1" 200 958
190.95.15.31 - - [06/May/2025:13:10:32 -0300] "GET /cormun/servlet/trfichaempleadohoras HTTP/1.1" 500 10
200.126.116.145 - - [06/May/2025:13:10:33 -0300] "POST /cormun/servlet/solicitudot?gx-no-cache=1746547972210 HTTP/1.1" 200 4046
200.126.116.145 - - [06/May/2025:13:10:33 -0300] "POST /cormun/servlet/solicitudot?e4c151bfa43e325bfe68ad2b7c63e95c,INS,0,0,false,,gx-no-cache=1746547972324 HTTP/1.1" 200 12893
200.126.116.145 - - [06/May/2025:13:10:35 -0300] "GET /cormun/servlet/solicitudot?16f80a823ef90d698f746c5a0e3c9e9b48657a7b66023f888810d594ebde3df3abdf037eb7b40136cf8fb59f1fb2d2c6,gx-no-cache=1746547973970 HTTP/1.1" 200 30
190.95.1.187 - - [06/May/2025:13:10:40 -0300] "POST /cormun/servlet/solicitudot?4f404e5b411bea82a84c64407395b60b,INS,0,0,false,,gx-no-cache=1746547978580 HTTP/1.1" 200 93
190.95.1.187 - - [06/May/2025:13:10:40 -0300] "GET /cormun/servlet/hpexe_return? HTTP/1.1" 200 1013
190.95.1.187 - - [06/May/2025:13:10:40 -0300] "GET /cormun/servlet/trsolicitudot HTTP/1.1" 200 9021
190.95.15.31 - - [06/May/2025:13:10:40 -0300] "GET /cormun/servlet/hlogin HTTP/1.1" 200 1718
190.95.15.31 - - [06/May/2025:13:10:45 -0300] "POST /cormun/servlet/hlogin?538ca8a9926d36a5b418c550ae7e05dd,gx-no-cache=1746547984241 HTTP/1.1" 200 90
190.95.15.31 - - [06/May/2025:13:10:45 -0300] "GET /cormun/servlet/hpexe_link HTTP/1.1" 200 958
190.95.15.31 - - [06/May/2025:13:10:45 -0300] "GET /cormun/servlet/trfichaempleadohoras HTTP/1.1" 500 10
190.95.15.31 - - [06/May/2025:13:11:07 -0300] "GET /cormun/servlet/hlogin HTTP/1.1" 200 1718
190.95.15.31 - - [06/May/2025:13:11:12 -0300] "POST /cormun/servlet/hlogin?538ca8a9926d36a5b418c550ae7e05dd,gx-no-cache=1746548010905 HTTP/1.1" 200 90
190.95.15.31 - - [06/May/2025:13:11:12 -0300] "GET /cormun/servlet/hpexe_link HTTP/1.1" 200 958
190.95.15.31 - - [06/May/2025:13:11:12 -0300] "GET /cormun/servlet/trfichaempleadohoras HTTP/1.1" 500 10
190.95.1.187 - - [06/May/2025:13:11:14 -0300] "POST /cormun/servlet/trsolicitudot?4f404e5b411bea82a84c64407395b60b,gx-no-cache=1746548013155 HTTP/1.1" 200 112
