190.95.15.15 - - [05/May/2025:17:19:15 -0300] "GET /cormun/servlet/solicitudot?1d1188b4888020b873ab61e6b83ae116df81026e5d9ad9eefe5fe21890d3a484f5ccc424a30055c6023e638b9ab3a7876b022617dc47345f40bd604ea768b755116ce2d6028839ffca72f96d3b4e169b25a0cf9f328b4b1b42b71dd5e884b7ca9bb3d4901655ebbcea209b1129aa5fb936de38a0d3d50b0bd0898f97f2a0491c26cbeff9db922eb47e12085cb8c00edfcfd475a8e658b48d6e2be7a13f4378db185dd086e102f2b042ab505f95de188826d5670fdde44403665cc9104b2f604a709350b3fe205e8199996e3ce2d5cd65b2f971a9732fdaa2c6cb388f29d270b8e639a939f4a17515d1671db6e67948fe4838115773cb497331f3d74e86b0bcbe087295e65553f5b9e3a7df7ea67f9a7dea85b95ffd677ba02afc6042c515f1fb0fbe0ef7b5e6dda95839ed58ee2029cfbd2e93c5c0079de98d7e42c2854be05f826cf07281d56521188e22795eaf9be84313abea6067fa632f5e4cbb615e1ac894c56db06755e28bbe5315eeecf6f68ed7178b23c19d3676c72de9b422610c8f,gx-no-cache=1746476495160 HTTP/1.1" 200 30
190.95.15.15 - - [05/May/2025:17:19:17 -0300] "POST /cormun/servlet/solicitudot?gx-no-cache=1746476496966 HTTP/1.1" 200 30
190.95.15.15 - - [05/May/2025:17:19:19 -0300] "GET /cormun/servlet/prcontratosol?16223523,,,,,MD,,gxPopupLevel%3D0%3B HTTP/1.1" 200 9427
190.95.15.15 - - [05/May/2025:17:19:21 -0300] "POST /cormun/servlet/solicitudot?gx-no-cache=1746476500771 HTTP/1.1" 200 1481
190.95.15.15 - - [05/May/2025:17:19:21 -0300] "POST /cormun/servlet/solicitudot?gx-no-cache=1746476500808 HTTP/1.1" 200 38
190.95.15.15 - - [05/May/2025:17:19:21 -0300] "GET /cormun/servlet/solicitudot?1d1188b4888020b873ab61e6b83ae116e6fb67a2d2fc6f8860e71ee4968f57f8cf5399337e1a0bde4f3e01ee3405b81abd61d25b61c85b8402e57e23e287b6b4cee0d2fb0b08affa6a932ae2fdfccf21c3e47c97d2d4e28dc93f58694abc929725c6a5d153ee27db60e0c8d4d0e6954b,gx-no-cache=1746476500835 HTTP/1.1" 200 110
190.95.15.15 - - [05/May/2025:17:19:21 -0300] "POST /cormun/servlet/solicitudot?gx-no-cache=1746476500861 HTTP/1.1" 200 97
190.95.15.15 - - [05/May/2025:17:19:21 -0300] "GET /cormun/servlet/solicitudot?1d1188b4888020b873ab61e6b83ae11641497b1aa02d42a4c1c1bb80966c265880234cb5a7ab299db4d945a726869d8e9fd62cc81096748330edd44d42e5aa76819a308cff8e5369daa239a1119762884a76f13bec31cacc03cc297fa05bcea4b45496b5d9040f9c83759ef87472820a28537447d8f06e0bc0ad17ab8a5a8c148c83deab2fb04fb87de113a1fe89bafea4873286e65d756274a52212b117fe061a2509c7cb6987aa54375121058cfaa8a99bd09fd9fd486f01097ce74aab490de7d5ede72d34a4fd81ab243b8cc3ca74,gx-no-cache=1746476500891 HTTP/1.1" 200 29
190.95.15.15 - - [05/May/2025:17:19:21 -0300] "GET /cormun/servlet/solicitudot?1d1188b4888020b873ab61e6b83ae116f45d4511bc4f16e2d8b24e6abf3406acfe3428a16f6d8b16aef8954905232744,gx-no-cache=1746476500918 HTTP/1.1" 200 134
190.95.15.15 - - [05/May/2025:17:19:21 -0300] "GET /cormun/static/Shared/jqueryui/images/ui-bg_highlight-soft_100_c6c2c8_1x100.png HTTP/1.1" 404 1117
190.95.15.15 - - [05/May/2025:17:19:21 -0300] "GET /cormun/static/Shared/jqueryui/images/ui-icons_82798d_256x240.png HTTP/1.1" 404 1089
190.95.15.15 - - [05/May/2025:17:19:21 -0300] "GET /cormun/static/Shared/jqueryui/images/ui-icons_ebccce_256x240.png HTTP/1.1" 404 1089
190.95.15.15 - - [05/May/2025:17:19:21 -0300] "GET /cormun/static/Shared/jqueryui/images/ui-bg_flat_55_994d53_40x100.png HTTP/1.1" 404 1097
190.95.15.15 - - [05/May/2025:17:19:26 -0300] "POST /cormun/servlet/solicitudot?gx-no-cache=1746476505627 HTTP/1.1" 200 69
190.95.15.15 - - [05/May/2025:17:19:32 -0300] "GET /cormun/static/menuarrow.gif HTTP/1.1" 404 1015
190.95.15.15 - - [05/May/2025:17:19:35 -0300] "GET /cormun/servlet/solicitudot?1d1188b4888020b873ab61e6b83ae1164e71089e20c5f7e334f7f3364ae3c5786e45e3f8214907524eef8b814b168e0b,gx-no-cache=1746476515151 HTTP/1.1" 200 30
190.95.15.15 - - [05/May/2025:17:19:35 -0300] "POST /cormun/servlet/solicitudot?gx-no-cache=1746476515170 HTTP/1.1" 200 33
190.95.15.15 - - [05/May/2025:17:20:06 -0300] "POST /cormun/servlet/solicitudot?b196788308ca225f7365012cc1f3917d,INS,0,0,false,,gx-no-cache=1746476546181 HTTP/1.1" 200 93
190.95.15.15 - - [05/May/2025:17:20:07 -0300] "GET /cormun/servlet/hpexe_return? HTTP/1.1" 200 1009
190.95.15.15 - - [05/May/2025:17:20:07 -0300] "GET /cormun/servlet/trsolicitudot HTTP/1.1" 200 9153
190.95.15.15 - - [05/May/2025:17:20:10 -0300] "GET /cormun/servlet/solicitudot?INS,0,0,false, HTTP/1.1" 200 15976
190.95.15.15 - - [05/May/2025:17:21:16 -0300] "POST /cormun/servlet/solicitudot?gx-no-cache=1746476615453 HTTP/1.1" 200 4161
190.95.15.15 - - [05/May/2025:17:21:16 -0300] "POST /cormun/servlet/solicitudot?b196788308ca225f7365012cc1f3917d,INS,0,0,false,,gx-no-cache=1746476615570 HTTP/1.1" 200 12750
190.95.15.15 - - [05/May/2025:17:21:17 -0300] "GET /cormun/servlet/solicitudot?1d1188b4888020b873ab61e6b83ae1162a09a79f4370c731929add2f0b00b359ba8808612e57bc5742b671d53037b586,gx-no-cache=1746476617394 HTTP/1.1" 200 30
190.95.15.15 - - [05/May/2025:17:21:18 -0300] "GET /cormun/servlet/solicitudot?1d1188b4888020b873ab61e6b83ae116071786f475e02442dec5df76d2566141f919eba158a61ae7dafc7caa5e7539cca909da800ea30072d85429fc5cdb4a59,gx-no-cache=1746476617416 HTTP/1.1" 200 30
190.95.15.15 - - [05/May/2025:17:21:18 -0300] "GET /cormun/servlet/solicitudot?1d1188b4888020b873ab61e6b83ae116c2ff2a8716dbf56b20b6c71b89cdd85b,gx-no-cache=1746476617431 HTTP/1.1" 200 51
190.95.15.15 - - [05/May/2025:17:21:18 -0300] "POST /cormun/servlet/solicitudot?gx-no-cache=1746476617448 HTTP/1.1" 200 255
190.95.15.15 - - [05/May/2025:17:21:18 -0300] "GET /cormun/servlet/solicitudot?1d1188b4888020b873ab61e6b83ae116df81026e5d9ad9eefe5fe21890d3a484f5ccc424a30055c6023e638b9ab3a7876b022617dc47345f40bd604ea768b755116ce2d6028839ffca72f96d3b4e169b25a0cf9f328b4b1b42b71dd5e884b7ca9bb3d4901655ebbcea209b1129aa5fb936de38a0d3d50b0bd0898f97f2a0491c26cbeff9db922eb47e12085cb8c00edfcfd475a8e658b48d6e2be7a13f4378db185dd086e102f2b042ab505f95de188826d5670fdde44403665cc9104b2f604a709350b3fe205e8199996e3ce2d5cd65b2f971a9732fdaa2c6cb388f29d270b8e639a939f4a17515d1671db6e67948fe4838115773cb497331f3d74e86b0bcbe087295e65553f5b9e3a7df7ea67f9a7dea85b95ffd677ba02afc6042c515f1fb0fbe0ef7b5e6dda95839ed58ee2029cfbd2e93c5c0079de98d7e42c2854be05f826cf07281d56521188e22795eaf9be84313abea6067fa632f5e4cbb615e1ac894c56db06755e28bbe5315eeecf6f68ed7178b23c19d3676c72de9b422610c8f,gx-no-cache=1746476617469 HTTP/1.1" 200 30
190.95.15.15 - - [05/May/2025:17:21:21 -0300] "POST /cormun/servlet/solicitudot?gx-no-cache=1746476620929 HTTP/1.1" 200 30
190.95.15.15 - - [05/May/2025:17:21:23 -0300] "GET /cormun/servlet/prcontratosol?16223523,,,,,MD,,gxPopupLevel%3D0%3B HTTP/1.1" 200 9427
190.95.15.15 - - [05/May/2025:17:21:25 -0300] "POST /cormun/servlet/solicitudot?gx-no-cache=1746476624540 HTTP/1.1" 200 1481
190.95.15.15 - - [05/May/2025:17:21:25 -0300] "POST /cormun/servlet/solicitudot?gx-no-cache=1746476624561 HTTP/1.1" 200 38
190.95.15.15 - - [05/May/2025:17:21:25 -0300] "GET /cormun/servlet/solicitudot?1d1188b4888020b873ab61e6b83ae116e6fb67a2d2fc6f8860e71ee4968f57f8cf5399337e1a0bde4f3e01ee3405b81abd61d25b61c85b8402e57e23e287b6b4cee0d2fb0b08affa6a932ae2fdfccf21c3e47c97d2d4e28dc93f58694abc929725c6a5d153ee27db60e0c8d4d0e6954b,gx-no-cache=1746476624577 HTTP/1.1" 200 110
190.95.15.15 - - [05/May/2025:17:21:25 -0300] "POST /cormun/servlet/solicitudot?gx-no-cache=1746476624596 HTTP/1.1" 200 97
190.95.15.15 - - [05/May/2025:17:21:25 -0300] "GET /cormun/servlet/solicitudot?1d1188b4888020b873ab61e6b83ae11641497b1aa02d42a4c1c1bb80966c265880234cb5a7ab299db4d945a726869d8e9fd62cc81096748330edd44d42e5aa76819a308cff8e5369daa239a1119762884a76f13bec31cacc03cc297fa05bcea4b45496b5d9040f9c83759ef87472820a28537447d8f06e0bc0ad17ab8a5a8c148c83deab2fb04fb87de113a1fe89bafea4873286e65d756274a52212b117fe061a2509c7cb6987aa54375121058cfaa8a99bd09fd9fd486f01097ce74aab490de7d5ede72d34a4fd81ab243b8cc3ca74,gx-no-cache=1746476624616 HTTP/1.1" 200 29
190.95.15.15 - - [05/May/2025:17:21:25 -0300] "GET /cormun/servlet/solicitudot?1d1188b4888020b873ab61e6b83ae116f45d4511bc4f16e2d8b24e6abf3406acfe3428a16f6d8b16aef8954905232744,gx-no-cache=1746476624630 HTTP/1.1" 200 134
190.95.15.15 - - [05/May/2025:17:21:25 -0300] "GET /cormun/static/Shared/jqueryui/images/ui-bg_highlight-soft_100_c6c2c8_1x100.png HTTP/1.1" 404 1117
190.95.15.15 - - [05/May/2025:17:21:25 -0300] "GET /cormun/static/Shared/jqueryui/images/ui-icons_82798d_256x240.png HTTP/1.1" 404 1089
190.95.15.15 - - [05/May/2025:17:21:25 -0300] "GET /cormun/static/Shared/jqueryui/images/ui-icons_ebccce_256x240.png HTTP/1.1" 404 1089
190.95.15.15 - - [05/May/2025:17:21:25 -0300] "GET /cormun/static/Shared/jqueryui/images/ui-bg_flat_55_994d53_40x100.png HTTP/1.1" 404 1097
190.95.15.15 - - [05/May/2025:17:21:30 -0300] "POST /cormun/servlet/solicitudot?gx-no-cache=1746476630121 HTTP/1.1" 200 69
190.95.15.15 - - [05/May/2025:17:21:36 -0300] "GET /cormun/static/menuarrow.gif HTTP/1.1" 404 1015
190.95.15.15 - - [05/May/2025:17:21:39 -0300] "GET /cormun/servlet/solicitudot?1d1188b4888020b873ab61e6b83ae1164e71089e20c5f7e334f7f3364ae3c5786e45e3f8214907524eef8b814b168e0b,gx-no-cache=1746476638919 HTTP/1.1" 200 30
190.95.15.15 - - [05/May/2025:17:21:39 -0300] "POST /cormun/servlet/solicitudot?gx-no-cache=1746476638936 HTTP/1.1" 200 33
190.95.15.15 - - [05/May/2025:17:22:09 -0300] "POST /cormun/servlet/solicitudot?b196788308ca225f7365012cc1f3917d,INS,0,0,false,,gx-no-cache=1746476668315 HTTP/1.1" 200 93
190.95.15.15 - - [05/May/2025:17:22:09 -0300] "GET /cormun/servlet/hpexe_return? HTTP/1.1" 200 1009
190.95.15.15 - - [05/May/2025:17:22:09 -0300] "GET /cormun/servlet/trsolicitudot HTTP/1.1" 200 9400
190.95.15.15 - - [05/May/2025:17:22:15 -0300] "GET /cormun/servlet/solicitudot?INS,0,0,false, HTTP/1.1" 200 15976
190.95.15.15 - - [05/May/2025:17:22:22 -0300] "POST /cormun/servlet/solicitudot?gx-no-cache=1746476681874 HTTP/1.1" 200 4161
190.95.15.15 - - [05/May/2025:17:22:22 -0300] "POST /cormun/servlet/solicitudot?b196788308ca225f7365012cc1f3917d,INS,0,0,false,,gx-no-cache=1746476681978 HTTP/1.1" 200 12751
190.95.15.15 - - [05/May/2025:17:22:24 -0300] "GET /cormun/servlet/solicitudot?1d1188b4888020b873ab61e6b83ae1162a09a79f4370c731929add2f0b00b359ba8808612e57bc5742b671d53037b586,gx-no-cache=1746476684146 HTTP/1.1" 200 30
190.95.15.15 - - [05/May/2025:17:22:24 -0300] "GET /cormun/servlet/solicitudot?1d1188b4888020b873ab61e6b83ae116071786f475e02442dec5df76d2566141f919eba158a61ae7dafc7caa5e7539cca909da800ea30072d85429fc5cdb4a59,gx-no-cache=1746476684167 HTTP/1.1" 200 30
190.95.15.15 - - [05/May/2025:17:22:24 -0300] "GET /cormun/servlet/solicitudot?1d1188b4888020b873ab61e6b83ae116c2ff2a8716dbf56b20b6c71b89cdd85b,gx-no-cache=1746476684183 HTTP/1.1" 200 51
190.95.15.15 - - [05/May/2025:17:22:24 -0300] "POST /cormun/servlet/solicitudot?gx-no-cache=1746476684201 HTTP/1.1" 200 255
190.95.15.15 - - [05/May/2025:17:22:24 -0300] "GET /cormun/servlet/solicitudot?1d1188b4888020b873ab61e6b83ae116df81026e5d9ad9eefe5fe21890d3a484f5ccc424a30055c6023e638b9ab3a7876b022617dc47345f40bd604ea768b755116ce2d6028839ffca72f96d3b4e169b25a0cf9f328b4b1b42b71dd5e884b7ca9bb3d4901655ebbcea209b1129aa5fb936de38a0d3d50b0bd0898f97f2a0491c26cbeff9db922eb47e12085cb8c00edfcfd475a8e658b48d6e2be7a13f4378db185dd086e102f2b042ab505f95de188826d5670fdde44403665cc9104b2f604a709350b3fe205e8199996e3ce2d5cd65b2f971a9732fdaa2c6cb388f29d270b8e639a939f4a17515d1671db6e67948fe4838115773cb497331f3d74e86b0bcbe087295e65553f5b9e3a7df7ea67f9a7dea85b95ffd677ba02afc6042c515f1fb0fbe0ef7b5e6dda95839ed58ee2029cfbd2e93c5c0079de98d7e42c2854be05f826cf07281d56521188e22795eaf9be84313abea6067fa632f5e4cbb615e1ac894c56db06755e28bbe5315eeecf6f68ed7178b23c19d3676c72de9b422610c8f,gx-no-cache=1746476684222 HTTP/1.1" 200 30
190.95.15.15 - - [05/May/2025:17:22:26 -0300] "POST /cormun/servlet/solicitudot?gx-no-cache=1746476685978 HTTP/1.1" 200 30
190.95.15.15 - - [05/May/2025:17:22:28 -0300] "GET /cormun/servlet/prcontratosol?16223523,,,,,MD,,gxPopupLevel%3D0%3B HTTP/1.1" 200 9427
190.95.15.15 - - [05/May/2025:17:22:30 -0300] "POST /cormun/servlet/solicitudot?gx-no-cache=1746476689753 HTTP/1.1" 200 1481
190.95.15.15 - - [05/May/2025:17:22:30 -0300] "POST /cormun/servlet/solicitudot?gx-no-cache=1746476689779 HTTP/1.1" 200 38
190.95.15.15 - - [05/May/2025:17:22:30 -0300] "GET /cormun/servlet/solicitudot?1d1188b4888020b873ab61e6b83ae116e6fb67a2d2fc6f8860e71ee4968f57f8cf5399337e1a0bde4f3e01ee3405b81abd61d25b61c85b8402e57e23e287b6b4cee0d2fb0b08affa6a932ae2fdfccf21c3e47c97d2d4e28dc93f58694abc929725c6a5d153ee27db60e0c8d4d0e6954b,gx-no-cache=1746476689795 HTTP/1.1" 200 110
190.95.15.15 - - [05/May/2025:17:22:30 -0300] "POST /cormun/servlet/solicitudot?gx-no-cache=1746476689813 HTTP/1.1" 200 97
190.95.15.15 - - [05/May/2025:17:22:30 -0300] "GET /cormun/servlet/solicitudot?1d1188b4888020b873ab61e6b83ae11641497b1aa02d42a4c1c1bb80966c265880234cb5a7ab299db4d945a726869d8e9fd62cc81096748330edd44d42e5aa76819a308cff8e5369daa239a1119762884a76f13bec31cacc03cc297fa05bcea4b45496b5d9040f9c83759ef87472820a28537447d8f06e0bc0ad17ab8a5a8c148c83deab2fb04fb87de113a1fe89bafea4873286e65d756274a52212b117fe061a2509c7cb6987aa54375121058cfaa8a99bd09fd9fd486f01097ce74aab490de7d5ede72d34a4fd81ab243b8cc3ca74,gx-no-cache=1746476689832 HTTP/1.1" 200 29
190.95.15.15 - - [05/May/2025:17:22:30 -0300] "GET /cormun/servlet/solicitudot?1d1188b4888020b873ab61e6b83ae116f45d4511bc4f16e2d8b24e6abf3406acfe3428a16f6d8b16aef8954905232744,gx-no-cache=1746476689848 HTTP/1.1" 200 134
190.95.15.15 - - [05/May/2025:17:22:30 -0300] "GET /cormun/static/Shared/jqueryui/images/ui-bg_highlight-soft_100_c6c2c8_1x100.png HTTP/1.1" 404 1117
190.95.15.15 - - [05/May/2025:17:22:30 -0300] "GET /cormun/static/Shared/jqueryui/images/ui-icons_82798d_256x240.png HTTP/1.1" 404 1089
190.95.15.15 - - [05/May/2025:17:22:30 -0300] "GET /cormun/static/Shared/jqueryui/images/ui-bg_flat_55_994d53_40x100.png HTTP/1.1" 404 1097
190.95.15.15 - - [05/May/2025:17:22:30 -0300] "GET /cormun/static/Shared/jqueryui/images/ui-icons_ebccce_256x240.png HTTP/1.1" 404 1089
190.95.15.15 - - [05/May/2025:17:22:36 -0300] "POST /cormun/servlet/solicitudot?gx-no-cache=1746476695585 HTTP/1.1" 200 69
190.95.15.15 - - [05/May/2025:17:22:40 -0300] "GET /cormun/static/menuarrow.gif HTTP/1.1" 404 1015
190.95.15.15 - - [05/May/2025:17:22:46 -0300] "GET /cormun/servlet/solicitudot?1d1188b4888020b873ab61e6b83ae1164e71089e20c5f7e334f7f3364ae3c5786e45e3f8214907524eef8b814b168e0b,gx-no-cache=1746476705681 HTTP/1.1" 200 30
190.95.15.15 - - [05/May/2025:17:22:46 -0300] "POST /cormun/servlet/solicitudot?gx-no-cache=1746476705700 HTTP/1.1" 200 33
190.95.15.15 - - [05/May/2025:17:23:16 -0300] "POST /cormun/servlet/solicitudot?b196788308ca225f7365012cc1f3917d,INS,0,0,false,,gx-no-cache=1746476735578 HTTP/1.1" 200 93
190.95.15.15 - - [05/May/2025:17:23:16 -0300] "GET /cormun/servlet/hpexe_return? HTTP/1.1" 200 1009
190.95.15.15 - - [05/May/2025:17:23:16 -0300] "GET /cormun/servlet/trsolicitudot HTTP/1.1" 200 9639
190.95.15.15 - - [05/May/2025:17:23:30 -0300] "GET /cormun/servlet/solicitudot?INS,0,0,false, HTTP/1.1" 200 15976
201.186.225.191 - - [05/May/2025:17:23:44 -0300] "GET /cormun/servlet/hlogin HTTP/1.1" 200 1724
190.95.15.15 - - [05/May/2025:17:23:51 -0300] "POST /cormun/servlet/solicitudot?gx-no-cache=1746476770755 HTTP/1.1" 200 4046
190.95.15.15 - - [05/May/2025:17:23:51 -0300] "POST /cormun/servlet/solicitudot?b196788308ca225f7365012cc1f3917d,INS,0,0,false,,gx-no-cache=1746476770863 HTTP/1.1" 200 12613
201.186.225.191 - - [05/May/2025:17:23:53 -0300] "POST /cormun/servlet/hlogin?041d3dc9ab671ad65304c0b0cdf25a53,gx-no-cache=1746476773572 HTTP/1.1" 200 90
201.186.225.191 - - [05/May/2025:17:23:53 -0300] "GET /cormun/servlet/hpexe_link HTTP/1.1" 200 960
201.186.225.191 - - [05/May/2025:17:23:53 -0300] "GET /cormun/servlet/trcontratounov2 HTTP/1.1" 200 18007
190.95.15.15 - - [05/May/2025:17:23:54 -0300] "GET /cormun/servlet/solicitudot?1d1188b4888020b873ab61e6b83ae1169150de41351cd49fffa93024d9c72147ba8808612e57bc5742b671d53037b586,gx-no-cache=1746476773643 HTTP/1.1" 200 30
201.186.225.191 - - [05/May/2025:17:26:23 -0300] "GET /cormun/servlet/hlogin HTTP/1.1" 200 1741
190.95.67.91 - - [05/May/2025:17:27:08 -0300] "GET /favicon.ico HTTP/1.1" 200 21630
190.95.67.91 - - [05/May/2025:17:27:10 -0300] "GET /cormun/servlet/trpermisosgoce? HTTP/1.1" 200 6019
190.95.67.91 - - [05/May/2025:17:27:10 -0300] "GET /cormun/servlet/hlogin HTTP/1.1" 200 1728
190.95.67.91 - - [05/May/2025:17:27:19 -0300] "POST /cormun/servlet/hlogin?6727b11ba16ee80b6bd2c7a094ffaa01,gx-no-cache=1746476980092 HTTP/1.1" 200 90
190.95.67.91 - - [05/May/2025:17:27:19 -0300] "GET /cormun/servlet/hpexe_link HTTP/1.1" 200 945
190.95.67.91 - - [05/May/2025:17:27:20 -0300] "GET /cormun/servlet/trpermisosgoce HTTP/1.1" 200 18756
190.95.67.91 - - [05/May/2025:17:27:24 -0300] "GET /cormun/servlet/permisogoce?INS,0,,, HTTP/1.1" 200 7102
190.95.67.91 - - [05/May/2025:17:27:34 -0300] "GET /cormun/servlet/permisogoce?d114823958a89ddd0962c267e51adf1a1a7ba2f98be4a01a63f0c1e58039f41a302211b70f149f57ae86ad475d55a3428f8fa26821ca7e5792de2adef1f8a1bd,gx-no-cache=1746476994981 HTTP/1.1" 200 84
190.95.67.91 - - [05/May/2025:17:27:58 -0300] "GET /cormun/static/menuarrow.gif HTTP/1.1" 404 1015
190.95.67.91 - - [05/May/2025:17:28:03 -0300] "GET /cormun/servlet/permisogoce?d114823958a89ddd0962c267e51adf1a31c85d23ef961afa7fd9c6293cb06be6dad4c1a9dfef7a4258d2e1f5436b02e085b3249cc795583bed9fff254f213815,gx-no-cache=1746477023828 HTTP/1.1" 200 47
190.95.67.91 - - [05/May/2025:17:28:06 -0300] "POST /cormun/servlet/permisogoce?6727b11ba16ee80b6bd2c7a094ffaa01,INS,0,,,,gx-no-cache=1746477026211 HTTP/1.1" 200 93
190.95.67.91 - - [05/May/2025:17:28:06 -0300] "GET /cormun/servlet/hpexe_return? HTTP/1.1" 200 997
190.95.67.91 - - [05/May/2025:17:28:07 -0300] "GET /cormun/servlet/trpermisosgoce HTTP/1.1" 200 19035
190.95.67.91 - - [05/May/2025:17:28:10 -0300] "GET /cormun/servlet/trpermisosadjuntos?17461688,20250505163002,P, HTTP/1.1" 200 6537
190.95.67.91 - - [05/May/2025:17:28:12 -0300] "GET /cormun/servlet/permisosadjuntos?INS,17461688,P,20250505163002,, HTTP/1.1" 200 5859
190.95.67.91 - - [05/May/2025:17:28:12 -0300] "GET /cormun/static/about:blank HTTP/1.1" 404 1011
190.95.15.15 - - [05/May/2025:17:28:15 -0300] "GET /cormun/servlet/solicitudot?1d1188b4888020b873ab61e6b83ae116d831fb52c72a62ea8859d36787fa597fa0e33d393a65012203f44dd9b94963724fe89afa655355f232a74db574d7378b,gx-no-cache=1746477035156 HTTP/1.1" 200 30
190.95.15.15 - - [05/May/2025:17:28:15 -0300] "GET /cormun/servlet/solicitudot?1d1188b4888020b873ab61e6b83ae1162a70035060c0729f8010c3e2a18409c3,gx-no-cache=1746477035195 HTTP/1.1" 200 29
190.95.15.15 - - [05/May/2025:17:28:17 -0300] "POST /cormun/servlet/solicitudot?gx-no-cache=1746477036704 HTTP/1.1" 200 255
190.95.15.15 - - [05/May/2025:17:28:18 -0300] "GET /cormun/servlet/solicitudot?1d1188b4888020b873ab61e6b83ae116df81026e5d9ad9eefe5fe21890d3a484f5ccc424a30055c6023e638b9ab3a7876b022617dc47345f40bd604ea768b755116ce2d6028839ffca72f96d3b4e169b25a0cf9f328b4b1b42b71dd5e884b7ca9bb3d4901655ebbcea209b1129aa5fb936de38a0d3d50b0bd0898f97f2a0491c26cbeff9db922eb47e12085cb8c00edfcfd475a8e658b48d6e2be7a13f4378db185dd086e102f2b042ab505f95de188826d5670fdde44403665cc9104b2f604a709350b3fe205e8199996e3ce2d5cd65b2f971a9732fdaa2c6cb388f29d270b8e639a939f4a17515d1671db6e67948fe4838115773cb497331f3d74e86b0bcbe087295e65553f5b9e3a7df7ea67f9a7dea85b95ffd677ba02afc6042c515f1fb0fbe0ef7b5e6dda95839ed58ee2029cfbd2e93c5c0079de98d7e42c2854be05f826cf07281d56521188e22795eaf9be84313abea6067fa632f5e4cbb615e1ac894c56db06755e28bbe5315eeecf6f68ed7178b23c19d3676c72de9b422610c8f,gx-no-cache=1746477038242 HTTP/1.1" 200 30
190.95.67.91 - - [05/May/2025:17:28:19 -0300] "POST /cormun/servlet/permisosadjuntos?6727b11ba16ee80b6bd2c7a094ffaa01,INS,17461688,P,20250505163002,, HTTP/1.1" 200 116
190.95.67.91 - - [05/May/2025:17:28:19 -0300] "GET /cormun/servlet/hpexe_return? HTTP/1.1" 200 1027
190.95.67.91 - - [05/May/2025:17:28:19 -0300] "GET /cormun/servlet/trpermisosadjuntos?17461688,20250505163002,P, HTTP/1.1" 200 7072
190.95.15.15 - - [05/May/2025:17:28:21 -0300] "POST /cormun/servlet/solicitudot?gx-no-cache=1746477041353 HTTP/1.1" 200 30
190.95.15.15 - - [05/May/2025:17:28:23 -0300] "GET /cormun/servlet/prsolicitudot?16568715,,,,,MD,,gxPopupLevel%3D0%3B HTTP/1.1" 200 5975
190.95.15.15 - - [05/May/2025:17:28:23 -0300] "GET /cormun/static/gxcfg.js?20201215593468 HTTP/1.1" 200 953
190.95.15.15 - - [05/May/2025:17:28:23 -0300] "GET /cormun/static/prsolicitudot.js?20201215593721 HTTP/1.1" 200 13680
190.95.67.91 - - [05/May/2025:17:28:28 -0300] "POST /cormun/servlet/trpermisosadjuntos?6727b11ba16ee80b6bd2c7a094ffaa01,17461688,20250505163002,P,,gx-no-cache=1746477049083 HTTP/1.1" 200 90
190.95.67.91 - - [05/May/2025:17:28:28 -0300] "GET /cormun/servlet/hpexe_link HTTP/1.1" 200 972
190.95.67.91 - - [05/May/2025:17:28:28 -0300] "GET /cormun/servlet/trpermisosgoce HTTP/1.1" 200 19031
190.95.15.15 - - [05/May/2025:17:28:31 -0300] "POST /cormun/servlet/solicitudot?gx-no-cache=1746477050446 HTTP/1.1" 200 1479
190.95.15.15 - - [05/May/2025:17:28:31 -0300] "POST /cormun/servlet/solicitudot?gx-no-cache=1746477050487 HTTP/1.1" 200 38
190.95.15.15 - - [05/May/2025:17:28:31 -0300] "GET /cormun/servlet/solicitudot?1d1188b4888020b873ab61e6b83ae116e6fb67a2d2fc6f8860e71ee4968f57f8cf5399337e1a0bde4f3e01ee3405b81abd61d25b61c85b8402e57e23e287b6b4cee0d2fb0b08affa6a932ae2fdfccf21c3e47c97d2d4e28dc93f58694abc929725c6a5d153ee27db60e0c8d4d0e6954b,gx-no-cache=1746477050509 HTTP/1.1" 200 110
190.95.15.15 - - [05/May/2025:17:28:31 -0300] "POST /cormun/servlet/solicitudot?gx-no-cache=1746477050536 HTTP/1.1" 200 97
190.95.15.15 - - [05/May/2025:17:28:31 -0300] "GET /cormun/servlet/solicitudot?1d1188b4888020b873ab61e6b83ae11641497b1aa02d42a4c1c1bb80966c265880234cb5a7ab299db4d945a726869d8e63fa0eddafff1713dcd0b93130885c75539299e424764496cf038657b4e2a02b0e6fb3bd2be6ab61470225d5c9c1ceeee53f720c6ffb34088227d9f4b37f3255,gx-no-cache=1746477050565 HTTP/1.1" 200 29
190.95.15.15 - - [05/May/2025:17:28:31 -0300] "GET /cormun/servlet/solicitudot?1d1188b4888020b873ab61e6b83ae1162858e916d923ab262f60c6730c1f3bb1f75ef2312a22abec8bebf77f06f55cf7,gx-no-cache=1746477050598 HTTP/1.1" 200 134
190.95.15.15 - - [05/May/2025:17:28:31 -0300] "GET /cormun/static/Shared/jqueryui/images/ui-icons_82798d_256x240.png HTTP/1.1" 404 1089
190.95.15.15 - - [05/May/2025:17:28:31 -0300] "GET /cormun/static/Shared/jqueryui/images/ui-bg_highlight-soft_100_c6c2c8_1x100.png HTTP/1.1" 404 1117
190.95.15.15 - - [05/May/2025:17:28:31 -0300] "GET /cormun/static/Shared/jqueryui/images/ui-bg_flat_55_994d53_40x100.png HTTP/1.1" 404 1097
190.95.15.15 - - [05/May/2025:17:28:31 -0300] "GET /cormun/static/Shared/jqueryui/images/ui-icons_ebccce_256x240.png HTTP/1.1" 404 1089
190.95.67.91 - - [05/May/2025:17:28:32 -0300] "POST /cormun/servlet/trpermisosgoce?6727b11ba16ee80b6bd2c7a094ffaa01,gx-no-cache=1746477052637 HTTP/1.1" 200 16183
190.95.67.91 - - [05/May/2025:17:28:32 -0300] "GET /cormun/static/Shared/jqueryui/images/ui-icons_82798d_256x240.png HTTP/1.1" 404 1089
190.95.67.91 - - [05/May/2025:17:28:32 -0300] "GET /cormun/static/Shared/jqueryui/images/ui-bg_highlight-soft_100_c6c2c8_1x100.png HTTP/1.1" 404 1117
190.95.67.91 - - [05/May/2025:17:28:32 -0300] "GET /cormun/static/Shared/jqueryui/images/ui-bg_flat_55_fafafa_40x100.png HTTP/1.1" 404 1097
190.95.67.91 - - [05/May/2025:17:28:32 -0300] "GET /cormun/static/Shared/jqueryui/images/ui-icons_8d78a5_256x240.png HTTP/1.1" 404 1089
190.95.15.15 - - [05/May/2025:17:28:55 -0300] "GET /cormun/servlet/solicitudot?1d1188b4888020b873ab61e6b83ae116e6fb67a2d2fc6f8860e71ee4968f57f8cf5399337e1a0bde4f3e01ee3405b81abd61d25b61c85b8402e57e23e287b6b4cee0d2fb0b08affa6a932ae2fdfccf21c3e47c97d2d4e28dc93f58694abc929725c6a5d153ee27db60e0c8d4d0e6954b,gx-no-cache=1746477074402 HTTP/1.1" 200 110
190.95.15.15 - - [05/May/2025:17:28:57 -0300] "POST /cormun/servlet/solicitudot?gx-no-cache=1746477076927 HTTP/1.1" 200 69
190.95.15.15 - - [05/May/2025:17:29:05 -0300] "GET /cormun/static/menuarrow.gif HTTP/1.1" 404 1015
190.95.15.15 - - [05/May/2025:17:29:11 -0300] "GET /cormun/servlet/solicitudot?1d1188b4888020b873ab61e6b83ae1164e71089e20c5f7e334f7f3364ae3c5786e45e3f8214907524eef8b814b168e0b,gx-no-cache=1746477090397 HTTP/1.1" 200 30
190.95.15.15 - - [05/May/2025:17:29:11 -0300] "POST /cormun/servlet/solicitudot?gx-no-cache=1746477090417 HTTP/1.1" 200 33
190.95.67.91 - - [05/May/2025:17:29:16 -0300] "GET /cormun/servlet/trpermisosadjuntos?17508246,20250505083442,P, HTTP/1.1" 200 7054
190.95.67.91 - - [05/May/2025:17:29:18 -0300] "POST /cormun/servlet/trpermisosadjuntos?6727b11ba16ee80b6bd2c7a094ffaa01,17508246,20250505083442,P,,gx-no-cache=1746477098611 HTTP/1.1" 200 90
190.95.67.91 - - [05/May/2025:17:29:18 -0300] "GET /cormun/servlet/hpexe_link HTTP/1.1" 200 994
190.95.67.91 - - [05/May/2025:17:29:18 -0300] "GET /cormun/servlet/trpermisosgoce?gx-no-cache=1746477052637 HTTP/1.1" 200 18986
190.95.67.91 - - [05/May/2025:17:29:20 -0300] "POST /cormun/servlet/trpermisosgoce?6727b11ba16ee80b6bd2c7a094ffaa01,gx-no-cache=1746477052637,gx-no-cache=1746477100869 HTTP/1.1" 200 16097
190.95.67.91 - - [05/May/2025:17:29:22 -0300] "GET /cormun/servlet/permisogoce?INS,0,,, HTTP/1.1" 200 7123
190.95.15.15 - - [05/May/2025:17:29:22 -0300] "POST /cormun/servlet/solicitudot?b196788308ca225f7365012cc1f3917d,INS,0,0,false,,gx-no-cache=1746477102150 HTTP/1.1" 200 13007
190.95.67.91 - - [05/May/2025:17:29:32 -0300] "GET /cormun/servlet/permisogoce?d114823958a89ddd0962c267e51adf1a4d5ead1dad595d05cff0503dc742b23e302211b70f149f57ae86ad475d55a3428f8fa26821ca7e5792de2adef1f8a1bd,gx-no-cache=1746477112682 HTTP/1.1" 200 78
190.95.67.91 - - [05/May/2025:17:29:39 -0300] "GET /cormun/servlet/permisogoce?d114823958a89ddd0962c267e51adf1aa2223a43401f7a71c9374e86688bf8bc08d24e417fa9236c306615f479e90fa985b3249cc795583bed9fff254f213815,gx-no-cache=1746477119580 HTTP/1.1" 200 46
190.95.15.15 - - [05/May/2025:17:29:42 -0300] "GET /cormun/servlet/solicitudot?1d1188b4888020b873ab61e6b83ae116df81026e5d9ad9eefe5fe21890d3a484f5ccc424a30055c6023e638b9ab3a7876b022617dc47345f40bd604ea768b755116ce2d6028839ffca72f96d3b4e169b25a0cf9f328b4b1b42b71dd5e884b7ca9bb3d4901655ebbcea209b1129aa5fb936de38a0d3d50b0bd0898f97f2a0491c26cbeff9db922eb47e12085cb8c00edfcfd475a8e658b48d6e2be7a13f4378db185dd086e102f2b042ab505f95de188826d5670fdde44403665cc9104b2f604a709350b3fe205e8199996e3ce2d5cd65b2f971a9732fdaa2c6cb388f29d270b8e639a939f4a17515d1671db6e67948fe4838115773cb497331f3d74e86b0bcbe087295e65553f5b9e3a7df7ea67f9a7dea85b95ffd677ba02afc6042c515f1fb0fbe0ef7b5e6dda95839ed58ee2029cfbd2e93c5c0079de98d7e42c2854be05f826cf07281d56521188e22795eaf9be84313abea6067fa632f5e4cbb615e1ac894c56db06755e28bbe5315eeecf6f68e740efa076da54a058d373a5ae834b3e5,gx-no-cache=1746477121966 HTTP/1.1" 200 30
190.95.15.15 - - [05/May/2025:17:29:42 -0300] "POST /cormun/servlet/solicitudot?gx-no-cache=1746477121986 HTTP/1.1" 200 30
190.95.15.15 - - [05/May/2025:17:29:42 -0300] "POST /cormun/servlet/solicitudot?gx-no-cache=1746477122005 HTTP/1.1" 200 1479
190.95.15.15 - - [05/May/2025:17:29:42 -0300] "POST /cormun/servlet/solicitudot?gx-no-cache=1746477122030 HTTP/1.1" 200 41
190.95.15.15 - - [05/May/2025:17:29:42 -0300] "GET /cormun/servlet/solicitudot?1d1188b4888020b873ab61e6b83ae116e6fb67a2d2fc6f8860e71ee4968f57f8cf5399337e1a0bde4f3e01ee3405b81abd61d25b61c85b8402e57e23e287b6b4cee0d2fb0b08affa6a932ae2fdfccf21c3e47c97d2d4e28dc93f58694abc929725c6a5d153ee27db60e0c8d4d0e6954b,gx-no-cache=1746477122045 HTTP/1.1" 200 110
190.95.15.15 - - [05/May/2025:17:29:42 -0300] "POST /cormun/servlet/solicitudot?gx-no-cache=1746477122065 HTTP/1.1" 200 97
190.95.15.15 - - [05/May/2025:17:29:42 -0300] "GET /cormun/servlet/solicitudot?1d1188b4888020b873ab61e6b83ae1164e71089e20c5f7e334f7f3364ae3c5786e45e3f8214907524eef8b814b168e0b,gx-no-cache=1746477122083 HTTP/1.1" 200 30
190.95.15.15 - - [05/May/2025:17:29:42 -0300] "POST /cormun/servlet/solicitudot?gx-no-cache=1746477122098 HTTP/1.1" 200 33
190.95.15.15 - - [05/May/2025:17:29:42 -0300] "POST /cormun/servlet/solicitudot?b196788308ca225f7365012cc1f3917d,INS,0,0,false,,gx-no-cache=1746477122152 HTTP/1.1" 200 93
190.95.15.15 - - [05/May/2025:17:29:43 -0300] "GET /cormun/servlet/hpexe_return? HTTP/1.1" 200 1009
190.95.15.15 - - [05/May/2025:17:29:43 -0300] "GET /cormun/servlet/trsolicitudot HTTP/1.1" 200 10062
190.95.15.15 - - [05/May/2025:17:29:48 -0300] "POST /cormun/servlet/trsolicitudot?b196788308ca225f7365012cc1f3917d,gx-no-cache=1746477127474 HTTP/1.1" 200 112
190.95.15.15 - - [05/May/2025:17:29:48 -0300] "GET /cormun/servlet/solicitudot?UPD,2025,22548,false, HTTP/1.1" 200 16563
190.95.15.15 - - [05/May/2025:17:29:48 -0300] "POST /cormun/servlet/solicitudot?gx-no-cache=1746477128304 HTTP/1.1" 200 4117
190.95.15.15 - - [05/May/2025:17:29:49 -0300] "POST /cormun/servlet/solicitudot?b196788308ca225f7365012cc1f3917d,UPD,2025,22548,false,,gx-no-cache=1746477128379 HTTP/1.1" 200 12774
190.95.15.15 - - [05/May/2025:17:29:49 -0300] "GET /cormun/servlet/solicitudot?1d1188b4888020b873ab61e6b83ae1169150de41351cd49fffa93024d9c72147a1f3347111b31eb74ff617b8c906f066,gx-no-cache=1746477128453 HTTP/1.1" 200 30
190.95.15.15 - - [05/May/2025:17:29:49 -0300] "GET /cormun/servlet/solicitudot?1d1188b4888020b873ab61e6b83ae116d831fb52c72a62ea8859d36787fa597fa0e33d393a65012203f44dd9b94963728493017cf934a0f9ea82cb7fa90e17cf,gx-no-cache=1746477128487 HTTP/1.1" 200 30
190.95.15.15 - - [05/May/2025:17:29:49 -0300] "GET /cormun/servlet/solicitudot?1d1188b4888020b873ab61e6b83ae1162a70035060c0729f8010c3e2a18409c3,gx-no-cache=1746477128511 HTTP/1.1" 200 29
190.95.15.15 - - [05/May/2025:17:29:49 -0300] "POST /cormun/servlet/solicitudot?gx-no-cache=1746477128541 HTTP/1.1" 200 256
190.95.15.15 - - [05/May/2025:17:29:49 -0300] "GET /cormun/servlet/solicitudot?1d1188b4888020b873ab61e6b83ae116df81026e5d9ad9eefe5fe21890d3a484f5ccc424a30055c6023e638b9ab3a7876b022617dc47345f40bd604ea768b755116ce2d6028839ffca72f96d3b4e169b25a0cf9f328b4b1b42b71dd5e884b7ca9bb3d4901655ebbcea209b1129aa5fb936de38a0d3d50b0bd0898f97f2a0491c26cbeff9db922eb47e12085cb8c00edfcfd475a8e658b48d6e2be7a13f4378db185dd086e102f2b042ab505f95de188826d5670fdde44403665cc9104b2f604a709350b3fe205e8199996e3ce2d5cd65b2f971a9732fdaa2c6cb388f29d270b8e639a939f4a17515d1671db6e67948fe4838115773cb497331f3d74e86b0bcbe087295e65553f5b9e3a7df7ea67f9a7dea85b95ffd677ba02afc6042c515f1fb0fbe0ef7b5e6dda95839ed58ee2029cfbd2e93c5c0079de98d7e42c2854be05f826cf07281d56521188e22795eaf9be84313abea6067fa632f5e4cbb615e1ac894c56db06755e28bbe5315eeecf6f68e740efa076da54a058d373a5ae834b3e5,gx-no-cache=1746477128573 HTTP/1.1" 200 30
190.95.15.15 - - [05/May/2025:17:29:49 -0300] "POST /cormun/servlet/solicitudot?gx-no-cache=1746477128599 HTTP/1.1" 200 30
190.95.15.15 - - [05/May/2025:17:29:49 -0300] "POST /cormun/servlet/solicitudot?gx-no-cache=1746477128632 HTTP/1.1" 200 1479
190.95.15.15 - - [05/May/2025:17:29:49 -0300] "POST /cormun/servlet/solicitudot?gx-no-cache=1746477128662 HTTP/1.1" 200 41
190.95.15.15 - - [05/May/2025:17:29:50 -0300] "GET /cormun/servlet/solicitudot?1d1188b4888020b873ab61e6b83ae116e6fb67a2d2fc6f8860e71ee4968f57f8cf5399337e1a0bde4f3e01ee3405b81abd61d25b61c85b8402e57e23e287b6b4cee0d2fb0b08affa6a932ae2fdfccf21c3e47c97d2d4e28dc93f58694abc929725c6a5d153ee27db60e0c8d4d0e6954b,gx-no-cache=1746477129963 HTTP/1.1" 200 110
190.95.15.15 - - [05/May/2025:17:29:50 -0300] "POST /cormun/servlet/solicitudot?gx-no-cache=1746477129984 HTTP/1.1" 200 97
190.95.15.15 - - [05/May/2025:17:29:51 -0300] "GET /cormun/servlet/solicitudot?1d1188b4888020b873ab61e6b83ae116133821356d35989a33bc4d58daf24d41998356e4e83302fb5399a92b22d0f0535cdabc545cd0db9a570979f78e5b702a5475f277131dc180c3c9063994dbddaf564490f6e839edca2f21d2a6c02a5e1014cb6393b05689161a5c11593e822a5fe7eba955ee72c64d3cc8f56ca271efd727e9319497482e2016ca74a1396518cb7fdbaba6a924d20a22b36489f392198f6908d7ec002ac8b571f75e95c1218c606a0f0126d62bfcd7c9b4a49c1075fbba330c51bdd220a00e90cfa3f61d89eacf,gx-no-cache=1746477130901 HTTP/1.1" 200 30
190.95.67.91 - - [05/May/2025:17:29:53 -0300] "POST /cormun/servlet/permisogoce?6727b11ba16ee80b6bd2c7a094ffaa01,INS,0,,,,gx-no-cache=1746477133937 HTTP/1.1" 200 93
190.95.15.15 - - [05/May/2025:17:29:55 -0300] "GET /cormun/servlet/solicitudot?1d1188b4888020b873ab61e6b83ae1164e71089e20c5f7e334f7f3364ae3c5786e45e3f8214907524eef8b814b168e0b,gx-no-cache=1746477134811 HTTP/1.1" 200 30
190.95.15.15 - - [05/May/2025:17:29:55 -0300] "POST /cormun/servlet/solicitudot?gx-no-cache=1746477134829 HTTP/1.1" 200 33
190.95.67.91 - - [05/May/2025:17:29:55 -0300] "GET /cormun/servlet/hpexe_return? HTTP/1.1" 200 1021
190.95.15.15 - - [05/May/2025:17:29:55 -0300] "POST /cormun/servlet/solicitudot?b196788308ca225f7365012cc1f3917d,UPD,2025,22548,false,,gx-no-cache=1746477134885 HTTP/1.1" 200 93
190.95.15.15 - - [05/May/2025:17:29:55 -0300] "GET /cormun/servlet/hpexe_return? HTTP/1.1" 200 1015
190.95.15.15 - - [05/May/2025:17:29:55 -0300] "GET /cormun/servlet/trsolicitudot HTTP/1.1" 200 10061
190.95.67.91 - - [05/May/2025:17:29:55 -0300] "GET /cormun/servlet/trpermisosgoce?gx-no-cache=1746477052637 HTTP/1.1" 200 19162
190.95.67.91 - - [05/May/2025:17:29:58 -0300] "GET /cormun/servlet/trpermisosadjuntos?20914273,20250505163200,P, HTTP/1.1" 200 6550
190.95.67.91 - - [05/May/2025:17:29:59 -0300] "GET /cormun/servlet/permisosadjuntos?INS,20914273,P,20250505163200,, HTTP/1.1" 200 5853
190.95.67.91 - - [05/May/2025:17:30:00 -0300] "GET /cormun/static/about:blank HTTP/1.1" 404 1011
190.95.15.15 - - [05/May/2025:17:30:00 -0300] "POST /cormun/servlet/trsolicitudot?b196788308ca225f7365012cc1f3917d,gx-no-cache=1746477139519 HTTP/1.1" 200 112
190.95.15.15 - - [05/May/2025:17:30:00 -0300] "GET /cormun/servlet/solicitudot?UPD,2025,22548,false, HTTP/1.1" 200 16562
190.95.15.15 - - [05/May/2025:17:30:00 -0300] "POST /cormun/servlet/solicitudot?gx-no-cache=1746477140302 HTTP/1.1" 200 4117
190.95.15.15 - - [05/May/2025:17:30:01 -0300] "POST /cormun/servlet/solicitudot?b196788308ca225f7365012cc1f3917d,UPD,2025,22548,false,,gx-no-cache=1746477140384 HTTP/1.1" 200 12775
190.95.15.15 - - [05/May/2025:17:30:01 -0300] "GET /cormun/servlet/solicitudot?1d1188b4888020b873ab61e6b83ae1169150de41351cd49fffa93024d9c72147a1f3347111b31eb74ff617b8c906f066,gx-no-cache=1746477140479 HTTP/1.1" 200 30
190.95.15.15 - - [05/May/2025:17:30:01 -0300] "GET /cormun/servlet/solicitudot?1d1188b4888020b873ab61e6b83ae116d831fb52c72a62ea8859d36787fa597fa0e33d393a65012203f44dd9b94963728493017cf934a0f9ea82cb7fa90e17cf,gx-no-cache=1746477140498 HTTP/1.1" 200 30
190.95.15.15 - - [05/May/2025:17:30:01 -0300] "GET /cormun/servlet/solicitudot?1d1188b4888020b873ab61e6b83ae1162a70035060c0729f8010c3e2a18409c3,gx-no-cache=1746477140515 HTTP/1.1" 200 29
190.95.15.15 - - [05/May/2025:17:30:01 -0300] "POST /cormun/servlet/solicitudot?gx-no-cache=1746477140534 HTTP/1.1" 200 256
190.95.15.15 - - [05/May/2025:17:30:01 -0300] "GET /cormun/servlet/solicitudot?1d1188b4888020b873ab61e6b83ae116df81026e5d9ad9eefe5fe21890d3a484f5ccc424a30055c6023e638b9ab3a7876b022617dc47345f40bd604ea768b755116ce2d6028839ffca72f96d3b4e169b25a0cf9f328b4b1b42b71dd5e884b7ca9bb3d4901655ebbcea209b1129aa5fb936de38a0d3d50b0bd0898f97f2a0491c26cbeff9db922eb47e12085cb8c00edfcfd475a8e658b48d6e2be7a13f4378db185dd086e102f2b042ab505f95de188826d5670fdde44403665cc9104b2f604a709350b3fe205e8199996e3ce2d5cd65b2f971a9732fdaa2c6cb388f29d270b8e639a939f4a17515d1671db6e67948fe4838115773cb497331f3d74e86b0bcbe087295e65553f5b9e3a7df7ea67f9a7dea85b95ffd677ba02afc6042c515f1fb0fbe0ef7b5e6dda95839ed58ee2029cfbd2e93c5c0079de98d7e42c2854be05f826cf07281d56521188e22795eaf9be84313abea6067fa632f5e4cbb615e1ac894c56db06755e28bbe5315eeecf6f68e740efa076da54a058d373a5ae834b3e5,gx-no-cache=1746477140554 HTTP/1.1" 200 30
190.95.15.15 - - [05/May/2025:17:30:01 -0300] "POST /cormun/servlet/solicitudot?gx-no-cache=1746477140574 HTTP/1.1" 200 30
190.95.15.15 - - [05/May/2025:17:30:01 -0300] "POST /cormun/servlet/solicitudot?gx-no-cache=1746477140593 HTTP/1.1" 200 1479
190.95.15.15 - - [05/May/2025:17:30:01 -0300] "POST /cormun/servlet/solicitudot?gx-no-cache=1746477140616 HTTP/1.1" 200 41
190.95.15.15 - - [05/May/2025:17:30:02 -0300] "GET /cormun/servlet/solicitudot?1d1188b4888020b873ab61e6b83ae116e6fb67a2d2fc6f8860e71ee4968f57f8cf5399337e1a0bde4f3e01ee3405b81abd61d25b61c85b8402e57e23e287b6b4cee0d2fb0b08affa6a932ae2fdfccf21c3e47c97d2d4e28dc93f58694abc929725c6a5d153ee27db60e0c8d4d0e6954b,gx-no-cache=1746477142115 HTTP/1.1" 200 110
190.95.15.15 - - [05/May/2025:17:30:04 -0300] "POST /cormun/servlet/solicitudot?gx-no-cache=1746477143924 HTTP/1.1" 200 76
190.95.67.91 - - [05/May/2025:17:30:07 -0300] "POST /cormun/servlet/permisosadjuntos?6727b11ba16ee80b6bd2c7a094ffaa01,INS,20914273,P,20250505163200,, HTTP/1.1" 200 116
190.95.67.91 - - [05/May/2025:17:30:07 -0300] "GET /cormun/servlet/hpexe_return? HTTP/1.1" 200 1026
190.95.67.91 - - [05/May/2025:17:30:07 -0300] "GET /cormun/servlet/trpermisosadjuntos?20914273,20250505163200,P, HTTP/1.1" 200 7059
190.95.15.15 - - [05/May/2025:17:30:07 -0300] "GET /cormun/servlet/solicitudot?1d1188b4888020b873ab61e6b83ae1169ab1f4ba6a97cfba628e28661c7294a4998356e4e83302fb5399a92b22d0f0535cdabc545cd0db9a570979f78e5b702a5475f277131dc180c3c9063994dbddaf564490f6e839edca2f21d2a6c02a5e1014cb6393b05689161a5c11593e822a5fe7eba955ee72c64d3cc8f56ca271efd727e9319497482e2016ca74a1396518cb7fdbaba6a924d20a22b36489f392198f6908d7ec002ac8b571f75e95c1218c606a0f0126d62bfcd7c9b4a49c1075fbba330c51bdd220a00e90cfa3f61d89eacf,gx-no-cache=1746477147028 HTTP/1.1" 200 29
190.95.15.15 - - [05/May/2025:17:30:07 -0300] "GET /cormun/servlet/solicitudot?1d1188b4888020b873ab61e6b83ae1164e71089e20c5f7e334f7f3364ae3c5786e45e3f8214907524eef8b814b168e0b,gx-no-cache=1746477147047 HTTP/1.1" 200 30
190.95.15.15 - - [05/May/2025:17:30:07 -0300] "POST /cormun/servlet/solicitudot?gx-no-cache=1746477147066 HTTP/1.1" 200 33
190.95.15.15 - - [05/May/2025:17:30:07 -0300] "POST /cormun/servlet/solicitudot?b196788308ca225f7365012cc1f3917d,UPD,2025,22548,false,,gx-no-cache=1746477147120 HTTP/1.1" 200 93
190.95.15.15 - - [05/May/2025:17:30:07 -0300] "GET /cormun/servlet/hpexe_return? HTTP/1.1" 200 1015
190.95.15.15 - - [05/May/2025:17:30:08 -0300] "GET /cormun/servlet/trsolicitudot HTTP/1.1" 200 10059
190.95.67.91 - - [05/May/2025:17:30:09 -0300] "POST /cormun/servlet/trpermisosadjuntos?6727b11ba16ee80b6bd2c7a094ffaa01,20914273,20250505163200,P,,gx-no-cache=1746477149970 HTTP/1.1" 200 90
190.95.67.91 - - [05/May/2025:17:30:09 -0300] "GET /cormun/servlet/hpexe_link HTTP/1.1" 200 994
190.95.67.91 - - [05/May/2025:17:30:09 -0300] "GET /cormun/servlet/trpermisosgoce?gx-no-cache=1746477052637 HTTP/1.1" 200 19159
190.95.67.91 - - [05/May/2025:17:30:12 -0300] "POST /cormun/servlet/trpermisosgoce?6727b11ba16ee80b6bd2c7a094ffaa01,gx-no-cache=1746477052637,gx-no-cache=1746477152867 HTTP/1.1" 200 16367
190.95.15.15 - - [05/May/2025:17:30:16 -0300] "GET /cormun/servlet/solicitudot?INS,0,0,false, HTTP/1.1" 200 15976
190.95.67.91 - - [05/May/2025:17:30:25 -0300] "GET /cormun/servlet/permisogoce?INS,0,,, HTTP/1.1" 200 7124
190.95.15.15 - - [05/May/2025:17:30:27 -0300] "POST /cormun/servlet/solicitudot?gx-no-cache=1746477166740 HTTP/1.1" 200 4046
190.95.15.15 - - [05/May/2025:17:30:27 -0300] "POST /cormun/servlet/solicitudot?b196788308ca225f7365012cc1f3917d,INS,0,0,false,,gx-no-cache=1746477166832 HTTP/1.1" 200 12613
190.95.15.15 - - [05/May/2025:17:30:29 -0300] "GET /cormun/servlet/solicitudot?1d1188b4888020b873ab61e6b83ae1169150de41351cd49fffa93024d9c72147ba8808612e57bc5742b671d53037b586,gx-no-cache=1746477168709 HTTP/1.1" 200 30
190.95.67.91 - - [05/May/2025:17:30:32 -0300] "GET /cormun/servlet/permisogoce?d114823958a89ddd0962c267e51adf1a63f01f9c2741240fadfeeef68247824b302211b70f149f57ae86ad475d55a3428f8fa26821ca7e5792de2adef1f8a1bd,gx-no-cache=1746477172725 HTTP/1.1" 200 73
190.95.67.91 - - [05/May/2025:17:30:40 -0300] "GET /cormun/servlet/permisogoce?d114823958a89ddd0962c267e51adf1ab57e49d6cbf247e2f62613a029ef50e4134f749fadd8a5d6a6ca358e03185b4085b3249cc795583bed9fff254f213815,gx-no-cache=1746477181247 HTTP/1.1" 200 47
190.95.67.91 - - [05/May/2025:17:30:53 -0300] "POST /cormun/servlet/permisogoce?6727b11ba16ee80b6bd2c7a094ffaa01,INS,0,,,,gx-no-cache=1746477193137 HTTP/1.1" 200 93
190.95.67.91 - - [05/May/2025:17:30:53 -0300] "GET /cormun/servlet/hpexe_return? HTTP/1.1" 200 1021
190.95.67.91 - - [05/May/2025:17:30:53 -0300] "GET /cormun/servlet/trpermisosgoce?gx-no-cache=1746477052637 HTTP/1.1" 200 19206
190.95.67.91 - - [05/May/2025:17:30:56 -0300] "GET /cormun/servlet/trpermisosadjuntos?17526557,20250505163303,P, HTTP/1.1" 200 6550
190.95.67.91 - - [05/May/2025:17:30:57 -0300] "GET /cormun/servlet/permisosadjuntos?INS,17526557,P,20250505163303,, HTTP/1.1" 200 5851
190.95.67.91 - - [05/May/2025:17:30:57 -0300] "GET /cormun/static/about:blank HTTP/1.1" 404 1011
190.95.67.91 - - [05/May/2025:17:31:02 -0300] "POST /cormun/servlet/permisosadjuntos?6727b11ba16ee80b6bd2c7a094ffaa01,INS,17526557,P,20250505163303,, HTTP/1.1" 200 116
190.95.67.91 - - [05/May/2025:17:31:02 -0300] "GET /cormun/servlet/hpexe_return? HTTP/1.1" 200 1027
190.95.67.91 - - [05/May/2025:17:31:02 -0300] "GET /cormun/servlet/trpermisosadjuntos?17526557,20250505163303,P, HTTP/1.1" 200 7072
200.126.116.145 - - [05/May/2025:17:31:04 -0300] "GET /cormun/servlet/trlicencias? HTTP/1.1" 200 6036
200.126.116.145 - - [05/May/2025:17:31:04 -0300] "GET /cormun/servlet/hlogin HTTP/1.1" 200 1727
190.95.67.91 - - [05/May/2025:17:31:05 -0300] "POST /cormun/servlet/trpermisosadjuntos?6727b11ba16ee80b6bd2c7a094ffaa01,17526557,20250505163303,P,,gx-no-cache=1746477206058 HTTP/1.1" 200 90
190.95.67.91 - - [05/May/2025:17:31:05 -0300] "GET /cormun/servlet/hpexe_link HTTP/1.1" 200 994
190.95.67.91 - - [05/May/2025:17:31:05 -0300] "GET /cormun/servlet/trpermisosgoce?gx-no-cache=1746477052637 HTTP/1.1" 200 19176
190.95.15.15 - - [05/May/2025:17:31:07 -0300] "GET /cormun/servlet/solicitudot?1d1188b4888020b873ab61e6b83ae116d831fb52c72a62ea8859d36787fa597fa0e33d393a65012203f44dd9b94963724fe89afa655355f232a74db574d7378b,gx-no-cache=1746477206550 HTTP/1.1" 200 30
190.95.15.15 - - [05/May/2025:17:31:07 -0300] "GET /cormun/servlet/solicitudot?1d1188b4888020b873ab61e6b83ae1162a70035060c0729f8010c3e2a18409c3,gx-no-cache=1746477206578 HTTP/1.1" 200 29
190.95.15.15 - - [05/May/2025:17:31:08 -0300] "POST /cormun/servlet/solicitudot?gx-no-cache=1746477207591 HTTP/1.1" 200 255
190.95.15.15 - - [05/May/2025:17:31:09 -0300] "GET /cormun/servlet/solicitudot?1d1188b4888020b873ab61e6b83ae116df81026e5d9ad9eefe5fe21890d3a484f5ccc424a30055c6023e638b9ab3a7876b022617dc47345f40bd604ea768b755116ce2d6028839ffca72f96d3b4e169b25a0cf9f328b4b1b42b71dd5e884b7ca9bb3d4901655ebbcea209b1129aa5fb936de38a0d3d50b0bd0898f97f2a0491c26cbeff9db922eb47e12085cb8c00edfcfd475a8e658b48d6e2be7a13f4378db185dd086e102f2b042ab505f95de188826d5670fdde44403665cc9104b2f604a709350b3fe205e8199996e3ce2d5cd65b2f971a9732fdaa2c6cb388f29d270b8e639a939f4a17515d1671db6e67948fe4838115773cb497331f3d74e86b0bcbe087295e65553f5b9e3a7df7ea67f9a7dea85b95ffd677ba02afc6042c515f1fb0fbe0ef7b5e6dda95839ed58ee2029cfbd2e93c5c0079de98d7e42c2854be05f826cf07281d56521188e22795eaf9be84313abea6067fa632f5e4cbb615e1ac894c56db06755e28bbe5315eeecf6f68ed7178b23c19d3676c72de9b422610c8f,gx-no-cache=1746477209228 HTTP/1.1" 200 30
190.95.67.91 - - [05/May/2025:17:31:09 -0300] "POST /cormun/servlet/trpermisosgoce?6727b11ba16ee80b6bd2c7a094ffaa01,gx-no-cache=1746477052637,gx-no-cache=1746477209988 HTTP/1.1" 200 16379
190.95.15.15 - - [05/May/2025:17:31:12 -0300] "POST /cormun/servlet/solicitudot?gx-no-cache=1746477212048 HTTP/1.1" 200 30
190.95.15.15 - - [05/May/2025:17:31:13 -0300] "GET /cormun/servlet/prsolicitudot?16568715,,,,,MD,,gxPopupLevel%3D0%3B HTTP/1.1" 200 6031
190.95.15.15 - - [05/May/2025:17:31:16 -0300] "POST /cormun/servlet/solicitudot?gx-no-cache=1746477215444 HTTP/1.1" 200 1479
190.95.15.15 - - [05/May/2025:17:31:16 -0300] "POST /cormun/servlet/solicitudot?gx-no-cache=1746477215470 HTTP/1.1" 200 38
190.95.15.15 - - [05/May/2025:17:31:16 -0300] "GET /cormun/servlet/solicitudot?1d1188b4888020b873ab61e6b83ae116e6fb67a2d2fc6f8860e71ee4968f57f8cf5399337e1a0bde4f3e01ee3405b81abd61d25b61c85b8402e57e23e287b6b4cee0d2fb0b08affa6a932ae2fdfccf21c3e47c97d2d4e28dc93f58694abc929725c6a5d153ee27db60e0c8d4d0e6954b,gx-no-cache=1746477215486 HTTP/1.1" 200 110
190.95.15.15 - - [05/May/2025:17:31:16 -0300] "POST /cormun/servlet/solicitudot?gx-no-cache=1746477215503 HTTP/1.1" 200 97
190.95.15.15 - - [05/May/2025:17:31:16 -0300] "GET /cormun/servlet/solicitudot?1d1188b4888020b873ab61e6b83ae11641497b1aa02d42a4c1c1bb80966c265880234cb5a7ab299db4d945a726869d8e63fa0eddafff1713dcd0b93130885c75539299e424764496cf038657b4e2a02b0e6fb3bd2be6ab61470225d5c9c1ceeee53f720c6ffb34088227d9f4b37f3255,gx-no-cache=1746477215524 HTTP/1.1" 200 29
190.95.15.15 - - [05/May/2025:17:31:16 -0300] "GET /cormun/servlet/solicitudot?1d1188b4888020b873ab61e6b83ae1164e71089e20c5f7e334f7f3364ae3c5786e45e3f8214907524eef8b814b168e0b,gx-no-cache=1746477215540 HTTP/1.1" 200 30
190.95.67.91 - - [05/May/2025:17:31:19 -0300] "GET /cormun/servlet/permisogoce?INS,0,,, HTTP/1.1" 200 7123
190.95.67.91 - - [05/May/2025:17:31:26 -0300] "GET /cormun/servlet/permisogoce?d114823958a89ddd0962c267e51adf1adade3e717352c8f3a1b2e5d0653da3f5302211b70f149f57ae86ad475d55a3428f8fa26821ca7e5792de2adef1f8a1bd,gx-no-cache=1746477226501 HTTP/1.1" 200 81
190.95.15.15 - - [05/May/2025:17:31:32 -0300] "GET /cormun/servlet/solicitudot?1d1188b4888020b873ab61e6b83ae116e6fb67a2d2fc6f8860e71ee4968f57f8cf5399337e1a0bde4f3e01ee3405b81abd61d25b61c85b8402e57e23e287b6b4cee0d2fb0b08affa6a932ae2fdfccf21c3e47c97d2d4e28dc93f58694abc929725c6a5d153ee27db60e0c8d4d0e6954b,gx-no-cache=1746477231951 HTTP/1.1" 200 110
190.95.67.91 - - [05/May/2025:17:31:33 -0300] "GET /cormun/servlet/permisogoce?d114823958a89ddd0962c267e51adf1aabf6984f542baf16fc5c5526a224d3f7a98849488e516b31bf477c79f8be03cb85b3249cc795583bed9fff254f213815,gx-no-cache=1746477233881 HTTP/1.1" 200 47
190.95.15.15 - - [05/May/2025:17:31:34 -0300] "POST /cormun/servlet/solicitudot?gx-no-cache=1746477233599 HTTP/1.1" 200 69
190.95.67.91 - - [05/May/2025:17:31:38 -0300] "POST /cormun/servlet/permisogoce?6727b11ba16ee80b6bd2c7a094ffaa01,INS,0,,,,gx-no-cache=1746477238337 HTTP/1.1" 200 93
190.95.67.91 - - [05/May/2025:17:31:38 -0300] "GET /cormun/servlet/hpexe_return? HTTP/1.1" 200 1021
200.126.116.145 - - [05/May/2025:17:31:38 -0300] "POST /cormun/servlet/hlogin?c56295efd76a3ed27d6f0e0bc6db8d1e,gx-no-cache=1746477238444 HTTP/1.1" 200 90
200.126.116.145 - - [05/May/2025:17:31:38 -0300] "GET /cormun/servlet/hpexe_link HTTP/1.1" 200 944
200.126.116.145 - - [05/May/2025:17:31:38 -0300] "GET /cormun/servlet/trlicencias HTTP/1.1" 200 14700
190.95.67.91 - - [05/May/2025:17:31:38 -0300] "GET /cormun/servlet/trpermisosgoce?gx-no-cache=1746477052637 HTTP/1.1" 200 19208
190.95.15.15 - - [05/May/2025:17:31:40 -0300] "POST /cormun/servlet/solicitudot?gx-no-cache=1746477239922 HTTP/1.1" 200 33
190.95.67.91 - - [05/May/2025:17:31:41 -0300] "GET /cormun/servlet/trpermisosadjuntos?14200276,20250505163358,P, HTTP/1.1" 200 6556
190.95.67.91 - - [05/May/2025:17:31:42 -0300] "GET /cormun/servlet/permisosadjuntos?INS,14200276,P,20250505163358,, HTTP/1.1" 200 5860
190.95.67.91 - - [05/May/2025:17:31:42 -0300] "GET /cormun/static/about:blank HTTP/1.1" 404 1011
190.95.67.91 - - [05/May/2025:17:31:49 -0300] "POST /cormun/servlet/permisosadjuntos?6727b11ba16ee80b6bd2c7a094ffaa01,INS,14200276,P,20250505163358,, HTTP/1.1" 200 116
190.95.67.91 - - [05/May/2025:17:31:49 -0300] "GET /cormun/servlet/hpexe_return? HTTP/1.1" 200 1027
190.95.67.91 - - [05/May/2025:17:31:50 -0300] "GET /cormun/servlet/trpermisosadjuntos?14200276,20250505163358,P, HTTP/1.1" 200 7081
200.126.116.145 - - [05/May/2025:17:31:51 -0300] "GET /cormun/servlet/trlicencias? HTTP/1.1" 200 14698
190.95.67.91 - - [05/May/2025:17:31:51 -0300] "POST /cormun/servlet/trpermisosadjuntos?6727b11ba16ee80b6bd2c7a094ffaa01,14200276,20250505163358,P,,gx-no-cache=1746477252258 HTTP/1.1" 200 90
190.95.67.91 - - [05/May/2025:17:31:51 -0300] "GET /cormun/servlet/hpexe_link HTTP/1.1" 200 995
190.95.67.91 - - [05/May/2025:17:31:52 -0300] "GET /cormun/servlet/trpermisosgoce?gx-no-cache=1746477052637 HTTP/1.1" 200 19178
190.95.15.15 - - [05/May/2025:17:31:52 -0300] "POST /cormun/servlet/solicitudot?b196788308ca225f7365012cc1f3917d,INS,0,0,false,,gx-no-cache=1746477251879 HTTP/1.1" 200 93
190.95.15.15 - - [05/May/2025:17:31:52 -0300] "GET /cormun/servlet/hpexe_return? HTTP/1.1" 200 1009
190.95.15.15 - - [05/May/2025:17:31:53 -0300] "GET /cormun/servlet/trsolicitudot HTTP/1.1" 200 10365
190.95.15.15 - - [05/May/2025:17:31:56 -0300] "POST /cormun/servlet/trsolicitudot?b196788308ca225f7365012cc1f3917d,gx-no-cache=1746477255410 HTTP/1.1" 200 112
190.95.15.15 - - [05/May/2025:17:31:56 -0300] "GET /cormun/servlet/solicitudot?UPD,2025,22549,false, HTTP/1.1" 200 16567
190.95.67.91 - - [05/May/2025:17:31:56 -0300] "POST /cormun/servlet/trpermisosgoce?6727b11ba16ee80b6bd2c7a094ffaa01,gx-no-cache=1746477052637,gx-no-cache=1746477256436 HTTP/1.1" 200 16388
190.95.15.15 - - [05/May/2025:17:31:56 -0300] "POST /cormun/servlet/solicitudot?gx-no-cache=1746477256181 HTTP/1.1" 200 4117
190.95.15.15 - - [05/May/2025:17:31:56 -0300] "POST /cormun/servlet/solicitudot?b196788308ca225f7365012cc1f3917d,UPD,2025,22549,false,,gx-no-cache=1746477256270 HTTP/1.1" 200 12781
190.95.15.15 - - [05/May/2025:17:31:57 -0300] "GET /cormun/servlet/solicitudot?1d1188b4888020b873ab61e6b83ae1169150de41351cd49fffa93024d9c72147a1f3347111b31eb74ff617b8c906f066,gx-no-cache=1746477256665 HTTP/1.1" 200 30
190.95.15.15 - - [05/May/2025:17:31:57 -0300] "GET /cormun/servlet/solicitudot?1d1188b4888020b873ab61e6b83ae116d831fb52c72a62ea8859d36787fa597fa0e33d393a65012203f44dd9b94963728493017cf934a0f9ea82cb7fa90e17cf,gx-no-cache=1746477256698 HTTP/1.1" 200 30
190.95.15.15 - - [05/May/2025:17:31:57 -0300] "GET /cormun/servlet/solicitudot?1d1188b4888020b873ab61e6b83ae1162a70035060c0729f8010c3e2a18409c3,gx-no-cache=1746477256728 HTTP/1.1" 200 29
