190.95.15.31 - - [05/May/2025:14:56:27 -0300] "GET /cormun/servlet/trlicencias? HTTP/1.1" 200 10630
190.95.15.15 - - [05/May/2025:14:59:18 -0300] "GET /cormun/servlet/trpermisosgoce? HTTP/1.1" 200 6022
190.95.15.15 - - [05/May/2025:14:59:18 -0300] "GET /cormun/servlet/hlogin HTTP/1.1" 200 1734
190.95.15.15 - - [05/May/2025:14:59:24 -0300] "POST /cormun/servlet/hlogin?4efb74419415d6d0306e18b1bbde6d2d,gx-no-cache=1746468104406 HTTP/1.1" 200 90
190.95.15.15 - - [05/May/2025:14:59:24 -0300] "GET /cormun/servlet/hpexe_link HTTP/1.1" 200 949
190.95.15.15 - - [05/May/2025:14:59:24 -0300] "GET /cormun/servlet/trpermisosgoce HTTP/1.1" 200 10509
190.95.15.15 - - [05/May/2025:14:59:27 -0300] "GET /cormun/servlet/trpermisosadjuntos?9196161,20250430092403,P, HTTP/1.1" 200 6292
190.95.15.15 - - [05/May/2025:14:59:29 -0300] "GET /cormun/servlet/permisosadjuntos?INS,9196161,P,20250430092403,, HTTP/1.1" 200 5613
190.95.15.15 - - [05/May/2025:14:59:29 -0300] "GET /cormun/static/about:blank HTTP/1.1" 404 1011
190.95.15.15 - - [05/May/2025:14:59:38 -0300] "POST /cormun/servlet/permisosadjuntos?4efb74419415d6d0306e18b1bbde6d2d,INS,9196161,P,20250430092403,, HTTP/1.1" 200 116
190.95.15.15 - - [05/May/2025:14:59:39 -0300] "GET /cormun/servlet/hpexe_return? HTTP/1.1" 200 1030
190.95.15.15 - - [05/May/2025:14:59:39 -0300] "GET /cormun/servlet/trpermisosadjuntos?9196161,20250430092403,P, HTTP/1.1" 200 6776
190.95.15.15 - - [05/May/2025:14:59:41 -0300] "GET /cormun/servlet/trpermisosgoce? HTTP/1.1" 200 10508
190.95.15.15 - - [05/May/2025:14:59:44 -0300] "GET /cormun/servlet/trpermisosadjuntos?16577682,20250430134550,P, HTTP/1.1" 200 6291
190.95.15.15 - - [05/May/2025:14:59:45 -0300] "GET /cormun/servlet/permisosadjuntos?INS,16577682,P,20250430134550,, HTTP/1.1" 200 5615
190.95.15.15 - - [05/May/2025:14:59:45 -0300] "GET /cormun/static/about:blank HTTP/1.1" 404 1011
190.95.15.15 - - [05/May/2025:14:59:53 -0300] "POST /cormun/servlet/permisosadjuntos?4efb74419415d6d0306e18b1bbde6d2d,INS,16577682,P,20250430134550,, HTTP/1.1" 200 116
190.95.15.15 - - [05/May/2025:14:59:53 -0300] "GET /cormun/servlet/hpexe_return? HTTP/1.1" 200 1032
190.95.15.15 - - [05/May/2025:14:59:54 -0300] "GET /cormun/servlet/trpermisosadjuntos?16577682,20250430134550,P, HTTP/1.1" 200 6783
190.95.15.15 - - [05/May/2025:14:59:57 -0300] "GET /cormun/servlet/trpermisosgoce? HTTP/1.1" 200 10508
190.95.15.15 - - [05/May/2025:15:00:00 -0300] "POST /cormun/servlet/trpermisosgoce?4efb74419415d6d0306e18b1bbde6d2d,,gx-no-cache=1746468139727 HTTP/1.1" 200 7681
190.95.15.15 - - [05/May/2025:15:00:00 -0300] "GET /cormun/static/Shared/jqueryui/images/ui-bg_highlight-soft_100_c6c2c8_1x100.png HTTP/1.1" 404 1117
190.95.15.15 - - [05/May/2025:15:00:00 -0300] "GET /cormun/static/Shared/jqueryui/images/ui-bg_flat_55_fafafa_40x100.png HTTP/1.1" 404 1097
190.95.15.15 - - [05/May/2025:15:00:00 -0300] "GET /cormun/static/Shared/jqueryui/images/ui-icons_8d78a5_256x240.png HTTP/1.1" 404 1089
190.95.15.15 - - [05/May/2025:15:00:00 -0300] "GET /cormun/static/Shared/jqueryui/images/ui-icons_82798d_256x240.png HTTP/1.1" 404 1089
190.95.15.15 - - [05/May/2025:15:00:01 -0300] "POST /cormun/servlet/trpermisosgoce?4efb74419415d6d0306e18b1bbde6d2d,,gx-no-cache=1746468140833 HTTP/1.1" 200 7645
190.95.15.15 - - [05/May/2025:15:00:12 -0300] "GET /cormun/servlet/hlogin HTTP/1.1" 200 1734
190.95.15.15 - - [05/May/2025:15:00:19 -0300] "POST /cormun/servlet/hlogin?4efb74419415d6d0306e18b1bbde6d2d,gx-no-cache=1746468159027 HTTP/1.1" 200 90
190.95.15.15 - - [05/May/2025:15:00:19 -0300] "GET /cormun/servlet/hpexe_link HTTP/1.1" 200 944
190.95.15.15 - - [05/May/2025:15:00:19 -0300] "GET /cormun/servlet/hhome HTTP/1.1" 200 4216
190.95.15.15 - - [05/May/2025:15:00:22 -0300] "GET /cormun/servlet/trautorizarpermisogoce? HTTP/1.1" 200 8166
190.95.15.15 - - [05/May/2025:15:00:25 -0300] "POST /cormun/servlet/trautorizarpermisogoce?4efb74419415d6d0306e18b1bbde6d2d,,gx-no-cache=1746468164625 HTTP/1.1" 200 5260
190.95.15.15 - - [05/May/2025:15:00:25 -0300] "POST /cormun/servlet/trautorizarpermisogoce?4efb74419415d6d0306e18b1bbde6d2d,,gx-no-cache=1746468165321 HTTP/1.1" 200 4514
200.126.116.145 - - [05/May/2025:15:01:46 -0300] "GET /cormun/servlet/trlicencias? HTTP/1.1" 200 14707
190.95.15.15 - - [05/May/2025:15:01:58 -0300] "GET /cormun/servlet/hlogin HTTP/1.1" 200 1740
190.95.15.15 - - [05/May/2025:15:02:05 -0300] "POST /cormun/servlet/hlogin?4efb74419415d6d0306e18b1bbde6d2d,gx-no-cache=1746468265291 HTTP/1.1" 200 90
190.95.15.15 - - [05/May/2025:15:02:05 -0300] "GET /cormun/servlet/hpexe_link HTTP/1.1" 200 944
190.95.15.15 - - [05/May/2025:15:02:05 -0300] "GET /cormun/servlet/hhome HTTP/1.1" 200 3968
190.95.15.15 - - [05/May/2025:15:02:11 -0300] "GET /cormun/servlet/trlicencias? HTTP/1.1" 200 11370
190.95.15.15 - - [05/May/2025:15:02:28 -0300] "GET /cormun/servlet/licenciaspermisos?DSP,20957479,L,20250428000000, HTTP/1.1" 200 7060
190.95.15.15 - - [05/May/2025:15:02:35 -0300] "POST /cormun/servlet/licenciaspermisos?4efb74419415d6d0306e18b1bbde6d2d,DSP,20957479,L,20250428000000,,gx-no-cache=1746468295411 HTTP/1.1" 200 93
190.95.15.15 - - [05/May/2025:15:02:35 -0300] "GET /cormun/servlet/hpexe_return? HTTP/1.1" 200 1022
190.95.15.15 - - [05/May/2025:15:02:35 -0300] "GET /cormun/servlet/trlicencias HTTP/1.1" 200 11377
200.126.116.145 - - [05/May/2025:15:08:33 -0300] "GET /cormun/servlet/alicenciaprn?19264014,L,20250505000000,PU HTTP/1.1" 200 1534
190.95.67.93 - - [05/May/2025:15:09:47 -0300] "GET /cormun/servlet/trlicencias? HTTP/1.1" 200 6052
190.95.67.93 - - [05/May/2025:15:09:47 -0300] "GET /cormun/servlet/hlogin HTTP/1.1" 200 1737
154.81.156.7 - - [05/May/2025:15:15:37 -0300] "GET / HTTP/1.1" 200 11217
200.126.116.145 - - [05/May/2025:15:17:19 -0300] "GET /cormun/servlet/alicenciaprn?19264014,L,20250424000000,PU HTTP/1.1" 200 1535
190.95.2.163 - - [05/May/2025:15:23:02 -0300] "GET /cormun/servlet/hhome HTTP/1.1" 200 3333
190.95.2.163 - - [05/May/2025:15:23:03 -0300] "GET /cormun/servlet/hlogin HTTP/1.1" 200 1734
179.57.78.55 - - [05/May/2025:15:29:45 -0300] "GET /cormun/servlet/trlicencias? HTTP/1.1" 200 6049
179.57.78.55 - - [05/May/2025:15:29:45 -0300] "GET /cormun/servlet/hlogin HTTP/1.1" 200 1742
179.57.78.55 - - [05/May/2025:15:29:54 -0300] "POST /cormun/servlet/hlogin?90c194aaf6981b56507e8726410bacb3,gx-no-cache=1746469934074 HTTP/1.1" 200 90
179.57.78.55 - - [05/May/2025:15:29:54 -0300] "GET /cormun/servlet/hpexe_link HTTP/1.1" 200 960
179.57.78.55 - - [05/May/2025:15:29:54 -0300] "GET /cormun/servlet/trlicencias HTTP/1.1" 200 11235
201.186.225.185 - - [05/May/2025:15:31:25 -0300] "GET /cormun/servlet/hlogin HTTP/1.1" 200 1719
201.186.225.185 - - [05/May/2025:15:31:26 -0300] "GET /cormun/static/Resources/Spanish/PXTools.css?1759030 HTTP/1.1" 200 100853
201.186.225.185 - - [05/May/2025:15:31:26 -0300] "GET /cormun/static/gxgral.js?85251 HTTP/1.1" 200 384558
201.186.225.185 - - [05/May/2025:15:31:26 -0300] "GET /cormun/servlet/hlogin HTTP/1.1" 200 1729
201.186.225.185 - - [05/May/2025:15:31:29 -0300] "POST /cormun/servlet/hlogin?bf1eb5883d6e01347db2020cb3405bd1,gx-no-cache=1746470029781 HTTP/1.1" 200 90
201.186.225.185 - - [05/May/2025:15:31:29 -0300] "GET /cormun/servlet/hpexe_link HTTP/1.1" 200 950
201.186.225.185 - - [05/May/2025:15:31:30 -0300] "GET /cormun/static/Resources/Spanish/PXTools.css?8354383 HTTP/1.1" 200 100853
201.186.225.185 - - [05/May/2025:15:31:30 -0300] "GET /cormun/servlet/hhome HTTP/1.1" 200 4110
201.186.225.185 - - [05/May/2025:15:31:30 -0300] "GET /cormun/static/Resources/Spanish/PXTools.css?14345360 HTTP/1.1" 200 100853
201.186.225.185 - - [05/May/2025:15:31:30 -0300] "GET /cormun/static/Shared/jquery/jquery-1.4.2.min.js HTTP/1.1" 200 72174
201.186.225.185 - - [05/May/2025:15:31:30 -0300] "GET /cormun/static/gxui/gxui-all.js HTTP/1.1" 200 107772
201.186.225.185 - - [05/May/2025:15:31:30 -0300] "GET /cormun/static/Shared/jqueryui/jquery-ui.min.js HTTP/1.1" 200 240427
201.186.225.185 - - [05/May/2025:15:31:30 -0300] "GET /cormun/static/Shared/jquery/jquery-1.10.2.min.js HTTP/1.1" 200 273199
201.186.225.185 - - [05/May/2025:15:31:30 -0300] "GET /cormun/static/Shared/ext/ext-all.js HTTP/1.1" 200 1289687
201.186.225.185 - - [05/May/2025:15:31:33 -0300] "GET /cormun/servlet/trlicencias? HTTP/1.1" 200 14361
201.186.225.185 - - [05/May/2025:15:31:33 -0300] "GET /cormun/static/trlicencias.js?202211298463889 HTTP/1.1" 200 41883
201.186.225.185 - - [05/May/2025:15:31:33 -0300] "GET /cormun/static/Shared/ext/resources/css/ext-all.css?215870 HTTP/1.1" 200 416045
201.186.225.185 - - [05/May/2025:15:31:46 -0300] "GET /cormun/servlet/alicenciaprn?19849959,L,20250425000000,PU HTTP/1.1" 200 1556
179.57.78.71 - - [05/May/2025:15:34:02 -0300] "GET /cormun/servlet/hlogin HTTP/1.1" 200 1724
179.57.78.71 - - [05/May/2025:15:34:14 -0300] "POST /cormun/servlet/hlogin?4daa2f62bde80c9684edc329571b8897,gx-no-cache=1746470194984 HTTP/1.1" 200 90
179.57.78.71 - - [05/May/2025:15:34:15 -0300] "GET /cormun/servlet/hpexe_link HTTP/1.1" 200 953
179.57.78.71 - - [05/May/2025:15:34:15 -0300] "GET /cormun/servlet/hhome HTTP/1.1" 200 4251
179.57.78.71 - - [05/May/2025:15:34:17 -0300] "GET /cormun/servlet/trlicencias? HTTP/1.1" 200 12170
179.57.78.71 - - [05/May/2025:15:34:20 -0300] "GET /cormun/servlet/hlogin HTTP/1.1" 200 1741
179.57.78.55 - - [05/May/2025:15:51:10 -0300] "GET /cormun/servlet/trlicencias? HTTP/1.1" 200 11232
190.95.15.31 - - [05/May/2025:15:52:56 -0300] "GET /cormun/servlet/hlogin HTTP/1.1" 200 1727
190.95.15.31 - - [05/May/2025:15:53:05 -0300] "POST /cormun/servlet/hlogin?b249aff0aad0c043421d3ca358a8e124,gx-no-cache=1746471331412 HTTP/1.1" 200 90
190.95.15.31 - - [05/May/2025:15:53:05 -0300] "GET /cormun/servlet/hpexe_link HTTP/1.1" 200 957
190.95.15.31 - - [05/May/2025:15:53:06 -0300] "GET /cormun/servlet/hhome HTTP/1.1" 200 4357
190.95.15.31 - - [05/May/2025:15:53:11 -0300] "GET /cormun/servlet/trlicencias? HTTP/1.1" 200 10633
179.57.78.9 - - [05/May/2025:15:57:15 -0300] "GET /cormun/servlet/hlogin HTTP/1.1" 200 1721
179.57.78.9 - - [05/May/2025:15:57:15 -0300] "GET /cormun/servlet/hlogin HTTP/1.1" 200 1731
179.57.78.9 - - [05/May/2025:15:57:15 -0300] "GET /favicon.ico HTTP/1.1" 200 21630
179.57.78.9 - - [05/May/2025:15:57:20 -0300] "POST /cormun/servlet/hlogin?516ec8158975e199244b5ae559ab1281,gx-no-cache=1746471581602 HTTP/1.1" 200 90
179.57.78.9 - - [05/May/2025:15:57:20 -0300] "GET /cormun/servlet/hpexe_link HTTP/1.1" 200 951
179.57.78.9 - - [05/May/2025:15:57:20 -0300] "GET /cormun/servlet/hhome HTTP/1.1" 200 4341
179.57.78.9 - - [05/May/2025:15:57:35 -0300] "GET /cormun/servlet/trlicencias? HTTP/1.1" 200 10364
179.57.78.9 - - [05/May/2025:15:57:35 -0300] "GET /cormun/static/gxcfg.js?202211298463625 HTTP/1.1" 200 953
179.57.78.9 - - [05/May/2025:15:57:35 -0300] "GET /cormun/static/Resources/PXTools/calendar.png HTTP/1.1" 200 1306
179.57.78.9 - - [05/May/2025:15:57:35 -0300] "GET /cormun/static/trlicencias.js?202211298463889 HTTP/1.1" 200 41883
179.57.78.9 - - [05/May/2025:15:57:35 -0300] "GET /cormun//static/Resources/PXToolsGridDisplay.png HTTP/1.1" 200 525
179.57.78.9 - - [05/May/2025:15:57:35 -0300] "GET /cormun//static/Resources/PXTools/ActionInsert.png HTTP/1.1" 200 1482
179.57.78.9 - - [05/May/2025:15:57:35 -0300] "GET /cormun//static/Resources/PXToolsHeaderFavorites.png HTTP/1.1" 200 1414
179.57.78.9 - - [05/May/2025:15:57:35 -0300] "GET /cormun//static/Resources/PXToolsActionPrint.png HTTP/1.1" 200 404
179.57.78.9 - - [05/May/2025:15:57:35 -0300] "GET /cormun//static/Resources/PXToolsHeaderHelp.png HTTP/1.1" 200 1333
190.95.123.102 - - [05/May/2025:16:09:43 -0300] "GET /cormun/servlet/hlogin HTTP/1.1" 200 1719
190.95.123.102 - - [05/May/2025:16:09:43 -0300] "GET /cormun/static/gxtimezone.js?85251 HTTP/1.1" 200 5781
190.95.123.102 - - [05/May/2025:16:09:44 -0300] "GET /cormun/static/gxgral.js?85251 HTTP/1.1" 200 384558
190.95.123.102 - - [05/May/2025:16:09:44 -0300] "GET /cormun/servlet/hlogin HTTP/1.1" 200 1729
190.95.123.102 - - [05/May/2025:16:09:46 -0300] "POST /cormun/servlet/hlogin?d9697c2b2868345182216ff3c360b2bf,gx-no-cache=1746472326607 HTTP/1.1" 200 90
190.95.123.102 - - [05/May/2025:16:09:47 -0300] "GET /cormun/servlet/hpexe_link HTTP/1.1" 200 950
190.95.123.102 - - [05/May/2025:16:09:47 -0300] "GET /cormun/servlet/hhome HTTP/1.1" 200 3913
190.95.123.102 - - [05/May/2025:16:09:47 -0300] "GET /cormun/static/PXToolsJavascripts/pexe_grid.js HTTP/1.1" 200 7559
190.95.123.102 - - [05/May/2025:16:09:47 -0300] "GET /cormun/static/PXToolsJavascripts/pexe_link.js HTTP/1.1" 200 5671
190.95.123.102 - - [05/May/2025:16:09:47 -0300] "GET /cormun/static/gxui/gxui-all.js HTTP/1.1" 200 107772
190.95.123.102 - - [05/May/2025:16:09:47 -0300] "GET /cormun/static/SmoothNavMenu/resources/SmoothNavMenuRender.js HTTP/1.1" 200 5951
190.95.123.102 - - [05/May/2025:16:09:47 -0300] "GET /cormun/static/Shared/jqueryui/jquery-ui.min.js HTTP/1.1" 200 240427
190.95.123.102 - - [05/May/2025:16:09:47 -0300] "GET /cormun/static/Shared/jquery/jquery-1.10.2.min.js HTTP/1.1" 200 273199
190.95.123.102 - - [05/May/2025:16:09:47 -0300] "GET /cormun/static/Shared/ext/ext-all.js HTTP/1.1" 200 1289687
190.95.123.102 - - [05/May/2025:16:09:52 -0300] "GET /cormun/servlet/trlicencias? HTTP/1.1" 200 12497
190.95.123.102 - - [05/May/2025:16:09:52 -0300] "GET /cormun/static/Shared/ext/resources/css/ext-all.css?215870 HTTP/1.1" 200 416045
201.186.225.191 - - [05/May/2025:16:13:07 -0300] "GET /cormun/servlet/hlogin HTTP/1.1" 200 1721
201.186.225.191 - - [05/May/2025:16:13:11 -0300] "GET /cormun/servlet/hlogin HTTP/1.1" 200 1731
201.186.225.191 - - [05/May/2025:16:13:12 -0300] "GET /cormun/static/Resources/indicator.gif HTTP/1.1" 200 1553
201.186.225.191 - - [05/May/2025:16:13:19 -0300] "POST /cormun/servlet/hlogin?cccced1fa02a126903795b07a7f2b566,gx-no-cache=1746472539797 HTTP/1.1" 200 90
201.186.225.191 - - [05/May/2025:16:13:19 -0300] "GET /cormun/servlet/hpexe_link HTTP/1.1" 200 952
201.186.225.191 - - [05/May/2025:16:13:20 -0300] "GET /cormun/servlet/hhome HTTP/1.1" 200 4192
201.186.225.191 - - [05/May/2025:16:13:24 -0300] "GET /cormun/servlet/trlicencias? HTTP/1.1" 200 10668
201.186.225.191 - - [05/May/2025:16:13:35 -0300] "GET /cormun/servlet/hlogin HTTP/1.1" 200 1739
179.57.78.55 - - [05/May/2025:16:14:30 -0300] "GET /cormun/servlet/trpermisosgoce? HTTP/1.1" 200 16567
179.57.78.55 - - [05/May/2025:16:14:40 -0300] "GET /cormun/servlet/trpermisosadjuntos?18337350,20250415104912,P, HTTP/1.1" 200 6311
179.57.78.55 - - [05/May/2025:16:14:40 -0300] "GET /cormun/static/gxcfg.js?2020121641683 HTTP/1.1" 200 953
179.57.78.55 - - [05/May/2025:16:14:40 -0300] "GET /cormun/static/trpermisosadjuntos.js?2020121642996 HTTP/1.1" 200 20158
179.57.78.55 - - [05/May/2025:16:14:44 -0300] "GET /cormun/servlet/permisosadjuntos?INS,18337350,P,20250415104912,, HTTP/1.1" 200 5630
179.57.78.55 - - [05/May/2025:16:14:44 -0300] "GET /cormun/static/gxcfg.js?20201215134212 HTTP/1.1" 200 953
179.57.78.55 - - [05/May/2025:16:14:44 -0300] "GET /cormun/static/permisosadjuntos.js?20201215134285 HTTP/1.1" 200 8724
179.57.78.55 - - [05/May/2025:16:14:44 -0300] "GET /cormun/static/about:blank HTTP/1.1" 404 1011
179.57.78.55 - - [05/May/2025:16:15:01 -0300] "POST /cormun/servlet/permisosadjuntos?90c194aaf6981b56507e8726410bacb3,INS,18337350,P,20250415104912,, HTTP/1.1" 200 116
179.57.78.55 - - [05/May/2025:16:15:01 -0300] "GET /cormun/servlet/hpexe_return? HTTP/1.1" 200 1043
179.57.78.55 - - [05/May/2025:16:15:02 -0300] "GET /cormun/servlet/trpermisosadjuntos?18337350,20250415104912,P, HTTP/1.1" 200 6825
179.57.78.55 - - [05/May/2025:16:15:04 -0300] "GET /cormun/servlet/trpermisosgoce? HTTP/1.1" 200 16581
179.57.78.55 - - [05/May/2025:16:15:12 -0300] "POST /cormun/servlet/trpermisosgoce?90c194aaf6981b56507e8726410bacb3,,gx-no-cache=1746472651787 HTTP/1.1" 200 13864
179.57.78.55 - - [05/May/2025:16:15:12 -0300] "GET /cormun/static/Shared/jqueryui/images/ui-bg_highlight-soft_100_c6c2c8_1x100.png HTTP/1.1" 404 1117
179.57.78.55 - - [05/May/2025:16:15:12 -0300] "GET /cormun/static/Shared/jqueryui/images/ui-icons_82798d_256x240.png HTTP/1.1" 404 1089
179.57.78.55 - - [05/May/2025:16:15:12 -0300] "GET /cormun/static/Shared/jqueryui/images/ui-bg_flat_55_fafafa_40x100.png HTTP/1.1" 404 1097
179.57.78.55 - - [05/May/2025:16:15:12 -0300] "GET /cormun/static/Shared/jqueryui/images/ui-icons_8d78a5_256x240.png HTTP/1.1" 404 1089
179.57.78.55 - - [05/May/2025:16:15:27 -0300] "GET /cormun/servlet/trpermisosadjuntos?9055439,20250414151440,P, HTTP/1.1" 200 6295
179.57.78.55 - - [05/May/2025:16:15:28 -0300] "GET /cormun/servlet/permisosadjuntos?INS,9055439,P,20250414151440,, HTTP/1.1" 200 5616
179.57.78.55 - - [05/May/2025:16:15:28 -0300] "GET /cormun/static/about:blank HTTP/1.1" 404 1011
179.57.78.55 - - [05/May/2025:16:15:41 -0300] "POST /cormun/servlet/permisosadjuntos?90c194aaf6981b56507e8726410bacb3,INS,9055439,P,20250414151440,, HTTP/1.1" 200 116
179.57.78.55 - - [05/May/2025:16:15:41 -0300] "GET /cormun/servlet/hpexe_return? HTTP/1.1" 200 1041
179.57.78.55 - - [05/May/2025:16:15:41 -0300] "GET /cormun/servlet/trpermisosadjuntos?9055439,20250414151440,P, HTTP/1.1" 200 6796
179.57.78.55 - - [05/May/2025:16:15:44 -0300] "GET /cormun/servlet/trpermisosgoce? HTTP/1.1" 200 16569
179.57.78.55 - - [05/May/2025:16:15:56 -0300] "GET /cormun/servlet/trpermisosadjuntos?9055439,20250421104523,P, HTTP/1.1" 200 6295
179.57.78.55 - - [05/May/2025:16:15:58 -0300] "GET /cormun/servlet/permisosadjuntos?INS,9055439,P,20250421104523,, HTTP/1.1" 200 5616
179.57.78.55 - - [05/May/2025:16:15:58 -0300] "GET /cormun/static/about:blank HTTP/1.1" 404 1011
179.57.78.55 - - [05/May/2025:16:16:08 -0300] "POST /cormun/servlet/permisosadjuntos?90c194aaf6981b56507e8726410bacb3,INS,9055439,P,20250421104523,, HTTP/1.1" 200 116
179.57.78.55 - - [05/May/2025:16:16:08 -0300] "GET /cormun/servlet/hpexe_return? HTTP/1.1" 200 1041
179.57.78.55 - - [05/May/2025:16:16:08 -0300] "GET /cormun/servlet/trpermisosadjuntos?9055439,20250421104523,P, HTTP/1.1" 200 6798
179.57.78.55 - - [05/May/2025:16:16:10 -0300] "GET /cormun/servlet/trpermisosgoce? HTTP/1.1" 200 16576
201.186.225.187 - - [05/May/2025:16:16:19 -0300] "GET /cormun/servlet/hlogin HTTP/1.1" 200 1720
179.57.78.55 - - [05/May/2025:16:16:23 -0300] "POST /cormun/servlet/trpermisosgoce?90c194aaf6981b56507e8726410bacb3,,gx-no-cache=1746472723243 HTTP/1.1" 200 13861
201.186.225.187 - - [05/May/2025:16:16:31 -0300] "POST /cormun/servlet/hlogin?f58e4d577f4e2bbab5685929a2debfec,gx-no-cache=1746472537474 HTTP/1.1" 200 90
201.186.225.187 - - [05/May/2025:16:16:31 -0300] "GET /cormun/servlet/hpexe_link HTTP/1.1" 200 948
201.186.225.187 - - [05/May/2025:16:16:31 -0300] "GET /cormun/servlet/hhome HTTP/1.1" 200 3968
201.186.225.187 - - [05/May/2025:16:16:44 -0300] "GET /cormun/servlet/trpermisosgoce? HTTP/1.1" 200 11023
179.57.78.55 - - [05/May/2025:16:16:50 -0300] "POST /cormun/servlet/trpermisosgoce?90c194aaf6981b56507e8726410bacb3,,gx-no-cache=1746472750370 HTTP/1.1" 200 13859
179.57.78.55 - - [05/May/2025:16:17:04 -0300] "GET /cormun/static/menuarrow.gif HTTP/1.1" 404 1015
201.186.225.187 - - [05/May/2025:16:17:06 -0300] "GET /cormun/servlet/permisogoce?INS,0,,, HTTP/1.1" 200 6830
179.57.78.55 - - [05/May/2025:16:17:11 -0300] "POST /cormun/servlet/trpermisosgoce?90c194aaf6981b56507e8726410bacb3,,gx-no-cache=1746472770962 HTTP/1.1" 200 16276
201.186.225.187 - - [05/May/2025:16:17:13 -0300] "GET /cormun/servlet/permisogoce?8d81795d1eb135493db1c65ead6c32a422edec81c62890f058bfd547d304d567b55ad76140f0068a1679b2ee506ffd2a0a9488ad274e3114ff9e3260dc33290c,gx-no-cache=1746472579430 HTTP/1.1" 200 80
179.57.78.55 - - [05/May/2025:16:17:15 -0300] "GET /cormun/servlet/trpermisosadjuntos?13782497,20250404131711,P, HTTP/1.1" 200 6303
201.186.225.187 - - [05/May/2025:16:17:15 -0300] "GET /cormun/static/menuarrow.gif HTTP/1.1" 404 1015
179.57.78.55 - - [05/May/2025:16:17:16 -0300] "GET /cormun/servlet/permisosadjuntos?INS,13782497,P,20250404131711,, HTTP/1.1" 200 5629
179.57.78.55 - - [05/May/2025:16:17:17 -0300] "GET /cormun/static/about:blank HTTP/1.1" 404 1011
201.186.225.187 - - [05/May/2025:16:17:19 -0300] "GET /cormun/servlet/permisogoce?8d81795d1eb135493db1c65ead6c32a44082aa27491a0e3186abb177f7ffb2f41c7b3fa291a073317a9fd923c5aa54b4f80fb0b6d1ad52db2fad573752f5ed7c,gx-no-cache=1746472585819 HTTP/1.1" 200 45
201.186.225.187 - - [05/May/2025:16:17:28 -0300] "POST /cormun/servlet/permisogoce?f58e4d577f4e2bbab5685929a2debfec,INS,0,,,,gx-no-cache=1746472594299 HTTP/1.1" 200 93
201.186.225.187 - - [05/May/2025:16:17:28 -0300] "GET /cormun/servlet/hpexe_return? HTTP/1.1" 200 1007
201.186.225.187 - - [05/May/2025:16:17:28 -0300] "GET /cormun/servlet/trpermisosgoce HTTP/1.1" 200 11232
179.57.78.55 - - [05/May/2025:16:17:30 -0300] "POST /cormun/servlet/permisosadjuntos?90c194aaf6981b56507e8726410bacb3,INS,13782497,P,20250404131711,, HTTP/1.1" 200 116
179.57.78.55 - - [05/May/2025:16:17:30 -0300] "GET /cormun/servlet/hpexe_return? HTTP/1.1" 200 1042
179.57.78.55 - - [05/May/2025:16:17:30 -0300] "GET /cormun/servlet/trpermisosadjuntos?13782497,20250404131711,P, HTTP/1.1" 200 6819
179.57.78.55 - - [05/May/2025:16:17:32 -0300] "GET /cormun/servlet/trpermisosgoce? HTTP/1.1" 200 18926
201.186.225.187 - - [05/May/2025:16:17:32 -0300] "GET /cormun/servlet/apermisogoceprn?16253896,P,20250505151944,PU HTTP/1.1" 200 1650
179.57.78.55 - - [05/May/2025:16:17:40 -0300] "POST /cormun/servlet/trpermisosgoce?90c194aaf6981b56507e8726410bacb3,,gx-no-cache=1746472800259 HTTP/1.1" 200 16294
201.186.225.187 - - [05/May/2025:16:17:40 -0300] "GET /cormun/servlet/permisogoce?INS,0,,, HTTP/1.1" 200 6830
179.57.78.55 - - [05/May/2025:16:17:52 -0300] "GET /cormun/servlet/trpermisosadjuntos?13291693,20250421150828,P, HTTP/1.1" 200 6300
179.57.78.55 - - [05/May/2025:16:17:53 -0300] "GET /cormun/servlet/permisosadjuntos?INS,13291693,P,20250421150828,, HTTP/1.1" 200 5621
179.57.78.55 - - [05/May/2025:16:17:54 -0300] "GET /cormun/static/about:blank HTTP/1.1" 404 1011
201.186.225.187 - - [05/May/2025:16:17:54 -0300] "GET /cormun/servlet/permisogoce?8d81795d1eb135493db1c65ead6c32a489d34680a0890aeedebe9c06be41e962b55ad76140f0068a1679b2ee506ffd2a0a9488ad274e3114ff9e3260dc33290c,gx-no-cache=1746472620633 HTTP/1.1" 200 85
179.57.78.55 - - [05/May/2025:16:18:02 -0300] "POST /cormun/servlet/permisosadjuntos?90c194aaf6981b56507e8726410bacb3,INS,13291693,P,20250421150828,, HTTP/1.1" 200 116
179.57.78.55 - - [05/May/2025:16:18:02 -0300] "GET /cormun/servlet/hpexe_return? HTTP/1.1" 200 1042
179.57.78.55 - - [05/May/2025:16:18:02 -0300] "GET /cormun/servlet/trpermisosadjuntos?13291693,20250421150828,P, HTTP/1.1" 200 6812
179.57.78.55 - - [05/May/2025:16:18:05 -0300] "GET /cormun/servlet/trpermisosgoce? HTTP/1.1" 200 18930
201.186.225.187 - - [05/May/2025:16:18:12 -0300] "GET /cormun/servlet/permisogoce?8d81795d1eb135493db1c65ead6c32a4b89855a40de0ff9a2291413e610318eef09881801ae4c2a251c72357125551edf80fb0b6d1ad52db2fad573752f5ed7c,gx-no-cache=1746472638408 HTTP/1.1" 200 47
201.186.225.187 - - [05/May/2025:16:18:16 -0300] "POST /cormun/servlet/permisogoce?f58e4d577f4e2bbab5685929a2debfec,INS,0,,,,gx-no-cache=1746472642602 HTTP/1.1" 200 93
201.186.225.187 - - [05/May/2025:16:18:16 -0300] "GET /cormun/servlet/hpexe_return? HTTP/1.1" 200 1007
201.186.225.187 - - [05/May/2025:16:18:17 -0300] "GET /cormun/servlet/trpermisosgoce HTTP/1.1" 200 11513
179.57.78.55 - - [05/May/2025:16:18:19 -0300] "POST /cormun/servlet/trpermisosgoce?90c194aaf6981b56507e8726410bacb3,,gx-no-cache=1746472839323 HTTP/1.1" 200 16279
201.186.225.187 - - [05/May/2025:16:18:20 -0300] "GET /cormun/servlet/apermisogoceprn?14317307,P,20250505152019,PU HTTP/1.1" 200 1650
179.57.78.55 - - [05/May/2025:16:18:29 -0300] "GET /cormun/servlet/trpermisosadjuntos?12515025,20250421162348,P, HTTP/1.1" 200 6306
179.57.78.55 - - [05/May/2025:16:18:31 -0300] "GET /cormun/servlet/permisosadjuntos?INS,12515025,P,20250421162348,, HTTP/1.1" 200 5628
179.57.78.55 - - [05/May/2025:16:18:31 -0300] "GET /cormun/static/about:blank HTTP/1.1" 404 1011
201.186.225.187 - - [05/May/2025:16:18:37 -0300] "GET /cormun/servlet/permisogoce?INS,0,,, HTTP/1.1" 200 6830
179.57.78.55 - - [05/May/2025:16:18:41 -0300] "POST /cormun/servlet/permisosadjuntos?90c194aaf6981b56507e8726410bacb3,INS,12515025,P,20250421162348,, HTTP/1.1" 200 116
179.57.78.55 - - [05/May/2025:16:18:42 -0300] "GET /cormun/servlet/hpexe_return? HTTP/1.1" 200 1043
179.57.78.55 - - [05/May/2025:16:18:42 -0300] "GET /cormun/servlet/trpermisosadjuntos?12515025,20250421162348,P, HTTP/1.1" 200 6812
179.57.78.55 - - [05/May/2025:16:18:44 -0300] "GET /cormun/servlet/trpermisosgoce? HTTP/1.1" 200 18934
179.57.78.55 - - [05/May/2025:16:18:49 -0300] "POST /cormun/servlet/trpermisosgoce?90c194aaf6981b56507e8726410bacb3,,gx-no-cache=1746472868652 HTTP/1.1" 200 16286
201.186.225.187 - - [05/May/2025:16:18:49 -0300] "GET /cormun/servlet/permisogoce?8d81795d1eb135493db1c65ead6c32a43be7d3baec1c98027447f914e74a20d2b55ad76140f0068a1679b2ee506ffd2a0a9488ad274e3114ff9e3260dc33290c,gx-no-cache=1746472675018 HTTP/1.1" 200 79
154.81.156.7 - - [05/May/2025:16:18:56 -0300] "GET / HTTP/1.1" 200 11217
201.186.225.187 - - [05/May/2025:16:18:58 -0300] "GET /cormun/servlet/permisogoce?8d81795d1eb135493db1c65ead6c32a479925475449d5fdab95a748a3e18b9b71085053fae285fa7ce05f0f7df635527f80fb0b6d1ad52db2fad573752f5ed7c,gx-no-cache=1746472684534 HTTP/1.1" 200 44
179.57.78.55 - - [05/May/2025:16:18:59 -0300] "GET /cormun/servlet/trpermisosadjuntos?13034442,20250421162659,P, HTTP/1.1" 200 6304
201.186.225.187 - - [05/May/2025:16:19:00 -0300] "POST /cormun/servlet/permisogoce?f58e4d577f4e2bbab5685929a2debfec,INS,0,,,,gx-no-cache=1746472686529 HTTP/1.1" 200 93
201.186.225.187 - - [05/May/2025:16:19:00 -0300] "GET /cormun/servlet/hpexe_return? HTTP/1.1" 200 1007
201.186.225.187 - - [05/May/2025:16:19:01 -0300] "GET /cormun/servlet/trpermisosgoce HTTP/1.1" 200 11752
179.57.78.55 - - [05/May/2025:16:19:01 -0300] "GET /cormun/servlet/permisosadjuntos?INS,13034442,P,20250421162659,, HTTP/1.1" 200 5627
179.57.78.55 - - [05/May/2025:16:19:02 -0300] "GET /cormun/static/about:blank HTTP/1.1" 404 1011
201.186.225.187 - - [05/May/2025:16:19:04 -0300] "GET /cormun/servlet/apermisogoceprn?15996003,P,20250505152116,PU HTTP/1.1" 200 1653
179.57.78.55 - - [05/May/2025:16:19:13 -0300] "POST /cormun/servlet/permisosadjuntos?90c194aaf6981b56507e8726410bacb3,INS,13034442,P,20250421162659,, HTTP/1.1" 200 116
179.57.78.55 - - [05/May/2025:16:19:13 -0300] "GET /cormun/servlet/hpexe_return? HTTP/1.1" 200 1043
179.57.78.55 - - [05/May/2025:16:19:13 -0300] "GET /cormun/servlet/trpermisosadjuntos?13034442,20250421162659,P, HTTP/1.1" 200 6813
179.57.78.55 - - [05/May/2025:16:19:16 -0300] "GET /cormun/servlet/trpermisosgoce? HTTP/1.1" 200 18927
179.57.78.55 - - [05/May/2025:16:19:29 -0300] "POST /cormun/servlet/trpermisosgoce?90c194aaf6981b56507e8726410bacb3,,gx-no-cache=1746472909059 HTTP/1.1" 200 16271
190.95.1.187 - - [05/May/2025:16:27:48 -0300] "GET /cormun/servlet/trlicencias? HTTP/1.1" 200 6050
190.95.1.187 - - [05/May/2025:16:27:48 -0300] "GET /cormun/servlet/hlogin HTTP/1.1" 200 1742
190.95.1.187 - - [05/May/2025:16:27:52 -0300] "POST /cormun/servlet/hlogin?2dc861e695176ccbdcd6871a38a65cef,gx-no-cache=1746473409769 HTTP/1.1" 200 90
190.95.1.187 - - [05/May/2025:16:27:52 -0300] "GET /cormun/servlet/hpexe_link HTTP/1.1" 200 959
190.95.1.187 - - [05/May/2025:16:27:52 -0300] "GET /cormun/servlet/trlicencias HTTP/1.1" 200 14127
179.57.78.55 - - [05/May/2025:16:32:28 -0300] "GET /cormun/servlet/trpermisosgoce? HTTP/1.1" 200 18912
179.57.78.55 - - [05/May/2025:16:32:30 -0300] "GET /cormun/servlet/permisogoce?INS,0,,, HTTP/1.1" 200 6848
201.186.225.191 - - [05/May/2025:16:33:10 -0300] "GET /cormun/servlet/hlogin HTTP/1.1" 200 1721
201.186.225.191 - - [05/May/2025:16:33:22 -0300] "POST /cormun/servlet/hlogin?cccced1fa02a126903795b07a7f2b566,gx-no-cache=1746473742772 HTTP/1.1" 200 90
201.186.225.191 - - [05/May/2025:16:33:22 -0300] "GET /cormun/servlet/hpexe_link HTTP/1.1" 200 957
201.186.225.191 - - [05/May/2025:16:33:23 -0300] "GET /cormun/servlet/trlicencias HTTP/1.1" 200 10667
201.186.225.191 - - [05/May/2025:16:33:34 -0300] "GET /cormun/servlet/hlogin HTTP/1.1" 200 1736
179.57.78.55 - - [05/May/2025:16:35:32 -0300] "POST /cormun/servlet/permisogoce?90c194aaf6981b56507e8726410bacb3,INS,0,,,,gx-no-cache=1746473872780 HTTP/1.1" 200 93
179.57.78.55 - - [05/May/2025:16:35:32 -0300] "GET /cormun/servlet/hpexe_return? HTTP/1.1" 200 1014
179.57.78.55 - - [05/May/2025:16:35:33 -0300] "GET /cormun/servlet/trpermisosgoce HTTP/1.1" 200 18917
190.95.15.15 - - [05/May/2025:16:36:21 -0300] "GET /cormun/servlet/trlicencias HTTP/1.1" 200 6054
190.95.15.15 - - [05/May/2025:16:36:21 -0300] "GET /cormun/servlet/hlogin HTTP/1.1" 200 1742
190.95.15.15 - - [05/May/2025:16:36:29 -0300] "POST /cormun/servlet/hlogin?f3c7adb1c6a0995267508aa450e8aba2,gx-no-cache=1746473929201 HTTP/1.1" 200 90
190.95.15.15 - - [05/May/2025:16:36:29 -0300] "GET /cormun/servlet/hpexe_link HTTP/1.1" 200 958
190.95.15.15 - - [05/May/2025:16:36:29 -0300] "GET /cormun/servlet/trlicencias HTTP/1.1" 200 11247
179.57.78.55 - - [05/May/2025:16:37:00 -0300] "GET /cormun/servlet/trpermisosadjuntos?13034442,20250421162659,P, HTTP/1.1" 200 6810
179.57.78.55 - - [05/May/2025:16:37:03 -0300] "GET /cormun/servlet/trpermisosgoce? HTTP/1.1" 200 18921
179.57.78.55 - - [05/May/2025:16:37:23 -0300] "GET /cormun/servlet/trpermisosadjuntos?9055439,20250422103811,P, HTTP/1.1" 200 6295
179.57.78.71 - - [05/May/2025:16:37:23 -0300] "GET /cormun/servlet/hlogin HTTP/1.1" 200 1720
179.57.78.55 - - [05/May/2025:16:37:25 -0300] "GET /cormun/servlet/permisosadjuntos?INS,9055439,P,20250422103811,, HTTP/1.1" 200 5616
179.57.78.55 - - [05/May/2025:16:37:25 -0300] "GET /cormun/static/about:blank HTTP/1.1" 404 1011
179.57.78.71 - - [05/May/2025:16:37:31 -0300] "POST /cormun/servlet/hlogin?5b0891f8745312290af0084865531aa5,gx-no-cache=1746473991149 HTTP/1.1" 200 90
179.57.78.71 - - [05/May/2025:16:37:31 -0300] "GET /cormun/servlet/hpexe_link HTTP/1.1" 200 950
179.57.78.71 - - [05/May/2025:16:37:31 -0300] "GET /cormun/servlet/hhome HTTP/1.1" 200 4247
179.57.78.71 - - [05/May/2025:16:37:33 -0300] "GET /cormun/servlet/trlicencias? HTTP/1.1" 200 12166
179.57.78.55 - - [05/May/2025:16:37:34 -0300] "POST /cormun/servlet/permisosadjuntos?90c194aaf6981b56507e8726410bacb3,INS,9055439,P,20250422103811,, HTTP/1.1" 200 116
179.57.78.55 - - [05/May/2025:16:37:34 -0300] "GET /cormun/servlet/hpexe_return? HTTP/1.1" 200 1040
179.57.78.55 - - [05/May/2025:16:37:35 -0300] "GET /cormun/servlet/trpermisosadjuntos?9055439,20250422103811,P, HTTP/1.1" 200 6796
179.57.78.55 - - [05/May/2025:16:37:36 -0300] "GET /cormun/servlet/trpermisosgoce? HTTP/1.1" 200 18927
179.57.78.71 - - [05/May/2025:16:37:37 -0300] "GET /cormun/servlet/hlogin HTTP/1.1" 200 1736
179.57.78.55 - - [05/May/2025:16:37:41 -0300] "POST /cormun/servlet/trpermisosgoce?90c194aaf6981b56507e8726410bacb3,,gx-no-cache=1746474000762 HTTP/1.1" 200 16264
179.57.78.55 - - [05/May/2025:16:37:41 -0300] "GET /cormun/static/Shared/jqueryui/images/ui-bg_highlight-soft_100_c6c2c8_1x100.png HTTP/1.1" 404 1117
179.57.78.55 - - [05/May/2025:16:37:41 -0300] "GET /cormun/static/Shared/jqueryui/images/ui-icons_82798d_256x240.png HTTP/1.1" 404 1089
179.57.78.55 - - [05/May/2025:16:37:41 -0300] "GET /cormun/static/Shared/jqueryui/images/ui-bg_flat_55_fafafa_40x100.png HTTP/1.1" 404 1097
179.57.78.55 - - [05/May/2025:16:37:41 -0300] "GET /cormun/static/Shared/jqueryui/images/ui-icons_8d78a5_256x240.png HTTP/1.1" 404 1089
179.57.78.55 - - [05/May/2025:16:37:51 -0300] "GET /cormun/servlet/trpermisosadjuntos?9882379,20250421164651,P, HTTP/1.1" 200 6308
179.57.78.55 - - [05/May/2025:16:37:53 -0300] "GET /cormun/servlet/permisosadjuntos?INS,9882379,P,20250421164651,, HTTP/1.1" 200 5630
179.57.78.55 - - [05/May/2025:16:37:53 -0300] "GET /cormun/static/about:blank HTTP/1.1" 404 1011
179.57.78.55 - - [05/May/2025:16:38:04 -0300] "POST /cormun/servlet/permisosadjuntos?90c194aaf6981b56507e8726410bacb3,INS,9882379,P,20250421164651,, HTTP/1.1" 200 116
179.57.78.55 - - [05/May/2025:16:38:04 -0300] "GET /cormun/servlet/hpexe_return? HTTP/1.1" 200 1042
179.57.78.55 - - [05/May/2025:16:38:04 -0300] "GET /cormun/servlet/trpermisosadjuntos?9882379,20250421164651,P, HTTP/1.1" 200 6814
179.57.78.55 - - [05/May/2025:16:38:08 -0300] "GET /cormun/servlet/trpermisosgoce? HTTP/1.1" 200 18914
179.57.78.55 - - [05/May/2025:16:38:14 -0300] "POST /cormun/servlet/trpermisosgoce?90c194aaf6981b56507e8726410bacb3,,gx-no-cache=1746474034050 HTTP/1.1" 200 16261
179.57.78.55 - - [05/May/2025:16:38:20 -0300] "GET /cormun/servlet/trpermisosadjuntos?9187329,20250423110500,P, HTTP/1.1" 200 6306
179.57.78.55 - - [05/May/2025:16:38:23 -0300] "GET /cormun/servlet/permisosadjuntos?INS,9187329,P,20250423110500,, HTTP/1.1" 200 5631
179.57.78.55 - - [05/May/2025:16:38:24 -0300] "GET /cormun/static/about:blank HTTP/1.1" 404 1011
179.57.78.55 - - [05/May/2025:16:38:32 -0300] "POST /cormun/servlet/permisosadjuntos?90c194aaf6981b56507e8726410bacb3,INS,9187329,P,20250423110500,, HTTP/1.1" 200 116
179.57.78.55 - - [05/May/2025:16:38:32 -0300] "GET /cormun/servlet/hpexe_return? HTTP/1.1" 200 1040
179.57.78.55 - - [05/May/2025:16:38:32 -0300] "GET /cormun/servlet/trpermisosadjuntos?9187329,20250423110500,P, HTTP/1.1" 200 6810
179.57.78.55 - - [05/May/2025:16:38:35 -0300] "GET /cormun/servlet/trpermisosgoce? HTTP/1.1" 200 18906
179.57.78.55 - - [05/May/2025:16:38:41 -0300] "POST /cormun/servlet/trpermisosgoce?90c194aaf6981b56507e8726410bacb3,,gx-no-cache=1746474060721 HTTP/1.1" 200 16258
179.57.78.55 - - [05/May/2025:16:39:02 -0300] "GET /cormun/servlet/trpermisosadjuntos?12515426,20250423144958,P, HTTP/1.1" 200 6308
179.57.78.55 - - [05/May/2025:16:39:03 -0300] "GET /cormun/servlet/permisosadjuntos?INS,12515426,P,20250423144958,, HTTP/1.1" 200 5632
179.57.78.55 - - [05/May/2025:16:39:03 -0300] "GET /cormun/static/about:blank HTTP/1.1" 404 1011
179.57.78.55 - - [05/May/2025:16:39:11 -0300] "POST /cormun/servlet/permisosadjuntos?90c194aaf6981b56507e8726410bacb3,INS,12515426,P,20250423144958,, HTTP/1.1" 200 116
179.57.78.55 - - [05/May/2025:16:39:11 -0300] "GET /cormun/servlet/hpexe_return? HTTP/1.1" 200 1043
179.57.78.55 - - [05/May/2025:16:39:11 -0300] "GET /cormun/servlet/trpermisosadjuntos?12515426,20250423144958,P, HTTP/1.1" 200 6834
179.57.78.55 - - [05/May/2025:16:39:13 -0300] "GET /cormun/servlet/trpermisosgoce? HTTP/1.1" 200 18910
179.57.78.55 - - [05/May/2025:16:39:20 -0300] "POST /cormun/servlet/trpermisosgoce?90c194aaf6981b56507e8726410bacb3,,gx-no-cache=1746474100298 HTTP/1.1" 200 16267
179.57.78.55 - - [05/May/2025:16:39:39 -0300] "GET /cormun/servlet/trpermisosadjuntos?13720244,20250425090142,P, HTTP/1.1" 200 6300
179.57.78.55 - - [05/May/2025:16:39:41 -0300] "GET /cormun/servlet/permisosadjuntos?INS,13720244,P,20250425090142,, HTTP/1.1" 200 5619
179.57.78.55 - - [05/May/2025:16:39:41 -0300] "GET /cormun/static/about:blank HTTP/1.1" 404 1011
181.43.80.132 - - [05/May/2025:16:45:30 -0300] "GET /cormun/servlet/hlogin HTTP/1.1" 200 1719
179.57.78.55 - - [05/May/2025:16:45:32 -0300] "POST /cormun/servlet/permisosadjuntos?90c194aaf6981b56507e8726410bacb3,INS,13720244,P,20250425090142,, HTTP/1.1" 200 116
179.57.78.55 - - [05/May/2025:16:45:32 -0300] "GET /cormun/servlet/hpexe_return? HTTP/1.1" 200 1041
179.57.78.55 - - [05/May/2025:16:45:32 -0300] "GET /cormun/servlet/trpermisosadjuntos?13720244,20250425090142,P, HTTP/1.1" 200 6805
181.43.80.132 - - [05/May/2025:16:45:32 -0300] "POST /cormun/servlet/hlogin?3d2cfcd3204711d46d4da112e0ef4ea9,gx-no-cache=1746474472811 HTTP/1.1" 200 90
181.43.80.132 - - [05/May/2025:16:45:32 -0300] "GET /cormun/servlet/hpexe_link HTTP/1.1" 200 949
181.43.80.132 - - [05/May/2025:16:45:33 -0300] "GET /cormun/servlet/hhome HTTP/1.1" 200 4475
181.43.80.132 - - [05/May/2025:16:45:35 -0300] "GET /cormun/servlet/trlicencias? HTTP/1.1" 200 14365
179.57.78.55 - - [05/May/2025:16:45:35 -0300] "GET /cormun/servlet/trpermisosgoce? HTTP/1.1" 200 18906
201.186.225.187 - - [05/May/2025:16:45:36 -0300] "POST /cormun/servlet/trpermisosgoce?f58e4d577f4e2bbab5685929a2debfec,gx-no-cache=1746474282035 HTTP/1.1" 200 8966
179.57.78.55 - - [05/May/2025:16:45:41 -0300] "POST /cormun/servlet/trpermisosgoce?90c194aaf6981b56507e8726410bacb3,,gx-no-cache=1746474480481 HTTP/1.1" 200 16262
179.57.78.55 - - [05/May/2025:16:45:41 -0300] "GET /cormun/static/Shared/jqueryui/images/ui-bg_highlight-soft_100_c6c2c8_1x100.png HTTP/1.1" 404 1117
179.57.78.55 - - [05/May/2025:16:45:41 -0300] "GET /cormun/static/Shared/jqueryui/images/ui-icons_82798d_256x240.png HTTP/1.1" 404 1089
179.57.78.55 - - [05/May/2025:16:45:41 -0300] "GET /cormun/static/Shared/jqueryui/images/ui-bg_flat_55_fafafa_40x100.png HTTP/1.1" 404 1097
179.57.78.55 - - [05/May/2025:16:45:41 -0300] "GET /cormun/static/Shared/jqueryui/images/ui-icons_8d78a5_256x240.png HTTP/1.1" 404 1089
179.57.78.55 - - [05/May/2025:16:45:49 -0300] "GET /cormun/servlet/trpermisosadjuntos?14049072,20250423093436,P, HTTP/1.1" 200 6299
179.57.78.55 - - [05/May/2025:16:45:50 -0300] "GET /cormun/servlet/permisosadjuntos?INS,14049072,P,20250423093436,, HTTP/1.1" 200 5624
179.57.78.55 - - [05/May/2025:16:45:50 -0300] "GET /cormun/static/about:blank HTTP/1.1" 404 1011
179.57.78.55 - - [05/May/2025:16:45:56 -0300] "POST /cormun/servlet/permisosadjuntos?90c194aaf6981b56507e8726410bacb3,INS,14049072,P,20250423093436,, HTTP/1.1" 200 116
179.57.78.55 - - [05/May/2025:16:45:56 -0300] "GET /cormun/servlet/hpexe_return? HTTP/1.1" 200 1042
179.57.78.55 - - [05/May/2025:16:45:57 -0300] "GET /cormun/servlet/trpermisosadjuntos?14049072,20250423093436,P, HTTP/1.1" 200 6813
179.57.78.55 - - [05/May/2025:16:45:58 -0300] "GET /cormun/servlet/trpermisosgoce? HTTP/1.1" 200 18901
179.57.78.55 - - [05/May/2025:16:46:03 -0300] "POST /cormun/servlet/trpermisosgoce?90c194aaf6981b56507e8726410bacb3,,gx-no-cache=1746474502609 HTTP/1.1" 200 16267
179.57.78.55 - - [05/May/2025:16:46:19 -0300] "GET /cormun/servlet/trpermisosadjuntos?13096734,20250327101515,P, HTTP/1.1" 200 6305
179.57.78.55 - - [05/May/2025:16:46:20 -0300] "GET /cormun/servlet/permisosadjuntos?INS,13096734,P,20250327101515,, HTTP/1.1" 200 5628
179.57.78.55 - - [05/May/2025:16:46:20 -0300] "GET /cormun/static/about:blank HTTP/1.1" 404 1011
179.57.78.55 - - [05/May/2025:16:46:26 -0300] "POST /cormun/servlet/permisosadjuntos?90c194aaf6981b56507e8726410bacb3,INS,13096734,P,20250327101515,, HTTP/1.1" 200 116
179.57.78.55 - - [05/May/2025:16:46:27 -0300] "GET /cormun/servlet/hpexe_return? HTTP/1.1" 200 1043
179.57.78.55 - - [05/May/2025:16:46:27 -0300] "GET /cormun/servlet/trpermisosadjuntos?13096734,20250327101515,P, HTTP/1.1" 200 6842
179.57.78.55 - - [05/May/2025:16:46:29 -0300] "GET /cormun/servlet/trpermisosgoce? HTTP/1.1" 200 18876
179.57.78.55 - - [05/May/2025:16:46:38 -0300] "POST /cormun/servlet/trpermisosgoce?90c194aaf6981b56507e8726410bacb3,,gx-no-cache=1746474538154 HTTP/1.1" 200 16260
179.57.78.55 - - [05/May/2025:16:46:48 -0300] "GET /cormun/servlet/trpermisosadjuntos?9882379,20250425132355,P, HTTP/1.1" 200 6308
179.57.78.55 - - [05/May/2025:16:46:49 -0300] "GET /cormun/servlet/permisosadjuntos?INS,9882379,P,20250425132355,, HTTP/1.1" 200 5629
179.57.78.55 - - [05/May/2025:16:46:49 -0300] "GET /cormun/static/about:blank HTTP/1.1" 404 1011
179.57.78.55 - - [05/May/2025:16:46:58 -0300] "POST /cormun/servlet/permisosadjuntos?90c194aaf6981b56507e8726410bacb3,INS,9882379,P,20250425132355,, HTTP/1.1" 200 116
179.57.78.55 - - [05/May/2025:16:46:58 -0300] "GET /cormun/servlet/hpexe_return? HTTP/1.1" 200 1041
179.57.78.55 - - [05/May/2025:16:46:59 -0300] "GET /cormun/servlet/trpermisosadjuntos?9882379,20250425132355,P, HTTP/1.1" 200 6814
179.57.78.55 - - [05/May/2025:16:47:01 -0300] "GET /cormun/servlet/trpermisosgoce? HTTP/1.1" 200 18888
179.57.78.55 - - [05/May/2025:16:47:12 -0300] "POST /cormun/servlet/trpermisosgoce?90c194aaf6981b56507e8726410bacb3,,gx-no-cache=1746474571609 HTTP/1.1" 200 16258
179.57.78.55 - - [05/May/2025:16:47:17 -0300] "GET /cormun/servlet/trpermisosadjuntos?19263316,20250421151304,P, HTTP/1.1" 200 6305
179.57.78.55 - - [05/May/2025:16:47:19 -0300] "GET /cormun/servlet/permisosadjuntos?INS,19263316,P,20250421151304,, HTTP/1.1" 200 5624
179.57.78.55 - - [05/May/2025:16:47:19 -0300] "GET /cormun/static/about:blank HTTP/1.1" 404 1011
179.57.78.55 - - [05/May/2025:16:47:29 -0300] "POST /cormun/servlet/permisosadjuntos?90c194aaf6981b56507e8726410bacb3,INS,19263316,P,20250421151304,, HTTP/1.1" 200 116
179.57.78.55 - - [05/May/2025:16:47:29 -0300] "GET /cormun/servlet/hpexe_return? HTTP/1.1" 200 1043
179.57.78.55 - - [05/May/2025:16:47:29 -0300] "GET /cormun/servlet/trpermisosadjuntos?19263316,20250421151304,P, HTTP/1.1" 200 6820
190.95.15.27 - - [05/May/2025:16:47:32 -0300] "GET /cormun/servlet/hlogin HTTP/1.1" 200 1713
190.95.15.27 - - [05/May/2025:16:47:32 -0300] "GET /cormun/servlet/hlogin HTTP/1.1" 200 1723
179.57.78.55 - - [05/May/2025:16:47:35 -0300] "GET /cormun/servlet/trpermisosgoce? HTTP/1.1" 200 18882
179.57.78.55 - - [05/May/2025:16:47:39 -0300] "POST /cormun/servlet/trpermisosgoce?90c194aaf6981b56507e8726410bacb3,,gx-no-cache=1746474599506 HTTP/1.1" 200 16254
190.95.15.27 - - [05/May/2025:16:47:40 -0300] "POST /cormun/servlet/hlogin?80f7f3700100996e83452c2e3b56e97e,gx-no-cache=1746474600110 HTTP/1.1" 200 90
190.95.15.27 - - [05/May/2025:16:47:40 -0300] "GET /cormun/servlet/hpexe_link HTTP/1.1" 200 945
190.95.15.27 - - [05/May/2025:16:47:40 -0300] "GET /cormun/servlet/hhome HTTP/1.1" 200 3913
190.95.15.27 - - [05/May/2025:16:47:43 -0300] "GET /cormun/servlet/trlicencias? HTTP/1.1" 200 9769
179.57.78.55 - - [05/May/2025:16:47:46 -0300] "POST /cormun/servlet/trpermisosgoce?90c194aaf6981b56507e8726410bacb3,,gx-no-cache=1746474606119 HTTP/1.1" 200 16240
179.57.78.55 - - [05/May/2025:16:47:51 -0300] "GET /cormun/servlet/trpermisosadjuntos?26775334,20250423162114,P, HTTP/1.1" 200 6304
179.57.78.55 - - [05/May/2025:16:47:52 -0300] "GET /cormun/servlet/permisosadjuntos?INS,26775334,P,20250423162114,, HTTP/1.1" 200 5626
179.57.78.55 - - [05/May/2025:16:47:52 -0300] "GET /cormun/static/about:blank HTTP/1.1" 404 1011
179.57.78.55 - - [05/May/2025:16:48:00 -0300] "POST /cormun/servlet/permisosadjuntos?90c194aaf6981b56507e8726410bacb3,INS,26775334,P,20250423162114,, HTTP/1.1" 200 116
179.57.78.55 - - [05/May/2025:16:48:00 -0300] "GET /cormun/servlet/hpexe_return? HTTP/1.1" 200 1043
179.57.78.55 - - [05/May/2025:16:48:00 -0300] "GET /cormun/servlet/trpermisosadjuntos?26775334,20250423162114,P, HTTP/1.1" 200 6815
179.57.78.55 - - [05/May/2025:16:48:02 -0300] "GET /cormun/servlet/trpermisosgoce? HTTP/1.1" 200 18874
181.43.80.132 - - [05/May/2025:16:48:02 -0300] "POST /cormun/servlet/trlicencias?3d2cfcd3204711d46d4da112e0ef4ea9,,gx-no-cache=1746474622149 HTTP/1.1" 200 5687
179.57.78.55 - - [05/May/2025:16:48:05 -0300] "POST /cormun/servlet/trpermisosgoce?90c194aaf6981b56507e8726410bacb3,,gx-no-cache=1746474624921 HTTP/1.1" 200 16230
179.57.78.55 - - [05/May/2025:16:48:13 -0300] "GET /cormun/servlet/trpermisosadjuntos?12515632,20250403085512,P, HTTP/1.1" 200 6302
179.57.78.55 - - [05/May/2025:16:48:15 -0300] "GET /cormun/servlet/permisosadjuntos?INS,12515632,P,20250403085512,, HTTP/1.1" 200 5625
179.57.78.55 - - [05/May/2025:16:48:15 -0300] "GET /cormun/static/about:blank HTTP/1.1" 404 1011
179.57.78.55 - - [05/May/2025:16:48:22 -0300] "POST /cormun/servlet/permisosadjuntos?90c194aaf6981b56507e8726410bacb3,INS,12515632,P,20250403085512,, HTTP/1.1" 200 116
179.57.78.55 - - [05/May/2025:16:48:22 -0300] "GET /cormun/servlet/hpexe_return? HTTP/1.1" 200 1042
179.57.78.55 - - [05/May/2025:16:48:22 -0300] "GET /cormun/servlet/trpermisosadjuntos?12515632,20250403085512,P, HTTP/1.1" 200 6814
179.57.78.55 - - [05/May/2025:16:48:24 -0300] "GET /cormun/servlet/trpermisosgoce? HTTP/1.1" 200 18856
179.57.78.55 - - [05/May/2025:16:48:31 -0300] "POST /cormun/servlet/trpermisosgoce?90c194aaf6981b56507e8726410bacb3,,gx-no-cache=1746474650986 HTTP/1.1" 200 16241
181.43.80.132 - - [05/May/2025:16:48:39 -0300] "POST /cormun/servlet/trlicencias?3d2cfcd3204711d46d4da112e0ef4ea9,,gx-no-cache=1746474659115 HTTP/1.1" 200 12016
179.57.78.55 - - [05/May/2025:16:48:41 -0300] "GET /cormun/servlet/trpermisosadjuntos?10259465,20250428155104,P, HTTP/1.1" 200 6314
179.57.78.55 - - [05/May/2025:16:48:43 -0300] "GET /cormun/servlet/permisosadjuntos?INS,10259465,P,20250428155104,, HTTP/1.1" 200 5634
179.57.78.55 - - [05/May/2025:16:48:43 -0300] "GET /cormun/static/about:blank HTTP/1.1" 404 1011
179.57.78.55 - - [05/May/2025:16:48:52 -0300] "POST /cormun/servlet/permisosadjuntos?90c194aaf6981b56507e8726410bacb3,INS,10259465,P,20250428155104,, HTTP/1.1" 200 116
179.57.78.55 - - [05/May/2025:16:48:52 -0300] "GET /cormun/servlet/hpexe_return? HTTP/1.1" 200 1043
179.57.78.55 - - [05/May/2025:16:48:52 -0300] "GET /cormun/servlet/trpermisosadjuntos?10259465,20250428155104,P, HTTP/1.1" 200 6849
179.57.78.55 - - [05/May/2025:16:48:55 -0300] "GET /cormun/servlet/trpermisosgoce? HTTP/1.1" 200 18861
179.57.78.55 - - [05/May/2025:16:48:59 -0300] "POST /cormun/servlet/trpermisosgoce?90c194aaf6981b56507e8726410bacb3,,gx-no-cache=1746474678777 HTTP/1.1" 200 16219
181.43.80.132 - - [05/May/2025:16:49:32 -0300] "GET /cormun/servlet/trlicencias? HTTP/1.1" 200 14362
181.43.80.132 - - [05/May/2025:16:49:38 -0300] "GET /cormun/servlet/trcargahoraria? HTTP/1.1" 200 6885
181.43.80.132 - - [05/May/2025:16:49:38 -0300] "GET /cormun/static/gxcfg.js?202012113392337 HTTP/1.1" 200 953
181.43.80.132 - - [05/May/2025:16:49:38 -0300] "GET /cormun/static/trcargahoraria.js?202012113392783 HTTP/1.1" 200 28768
181.43.80.132 - - [05/May/2025:16:49:40 -0300] "GET /cormun/servlet/trcontratounov2? HTTP/1.1" 200 18276
179.57.78.55 - - [05/May/2025:16:49:42 -0300] "GET /cormun/servlet/hlogin HTTP/1.1" 200 1745
179.57.78.55 - - [05/May/2025:16:49:50 -0300] "POST /cormun/servlet/hlogin?90c194aaf6981b56507e8726410bacb3,gx-no-cache=1746474729958 HTTP/1.1" 200 90
179.57.78.55 - - [05/May/2025:16:49:50 -0300] "GET /cormun/servlet/hpexe_link HTTP/1.1" 200 956
179.57.78.55 - - [05/May/2025:16:49:50 -0300] "GET /cormun/servlet/hhome HTTP/1.1" 200 4261
181.43.80.132 - - [05/May/2025:16:49:54 -0300] "POST /cormun/servlet/trcontratounov2?3d2cfcd3204711d46d4da112e0ef4ea9,,gx-no-cache=1746474734173 HTTP/1.1" 200 17777
181.43.80.132 - - [05/May/2025:16:49:54 -0300] "GET /cormun/static/Resources/PXToolsGridNext.gif HTTP/1.1" 200 369
181.43.80.132 - - [05/May/2025:16:49:54 -0300] "GET /cormun/static/Resources/PXToolsGridLast.gif HTTP/1.1" 200 370
181.43.80.132 - - [05/May/2025:16:49:56 -0300] "POST /cormun/servlet/trcontratounov2?3d2cfcd3204711d46d4da112e0ef4ea9,,gx-no-cache=1746474736077 HTTP/1.1" 200 17758
181.43.80.132 - - [05/May/2025:16:49:58 -0300] "POST /cormun/servlet/trcontratounov2?3d2cfcd3204711d46d4da112e0ef4ea9,,gx-no-cache=1746474738004 HTTP/1.1" 200 17752
179.57.78.55 - - [05/May/2025:16:50:00 -0300] "GET /cormun/servlet/trautorizarpermisogoce? HTTP/1.1" 200 11515
179.57.78.55 - - [05/May/2025:16:50:00 -0300] "GET /cormun/static/gxcfg.js?2020121645532 HTTP/1.1" 200 953
179.57.78.55 - - [05/May/2025:16:50:00 -0300] "GET /cormun/static/trautorizarpermisogoce.js?2020121651492 HTTP/1.1" 200 34948
181.43.80.132 - - [05/May/2025:16:50:02 -0300] "POST /cormun/servlet/trcontratounov2?3d2cfcd3204711d46d4da112e0ef4ea9,,gx-no-cache=1746474742600 HTTP/1.1" 200 18410
181.43.80.132 - - [05/May/2025:16:50:03 -0300] "GET /cormun/static/Resources/PXToolsGridPrevious.gif HTTP/1.1" 200 369
181.43.80.132 - - [05/May/2025:16:50:03 -0300] "GET /cormun/static/Resources/PXToolsGridFirst.gif HTTP/1.1" 200 379
179.57.78.55 - - [05/May/2025:16:50:07 -0300] "POST /cormun/servlet/trautorizarpermisogoce?90c194aaf6981b56507e8726410bacb3,,gx-no-cache=1746474747128 HTTP/1.1" 200 8674
179.57.78.55 - - [05/May/2025:16:50:10 -0300] "POST /cormun/servlet/trautorizarpermisogoce?90c194aaf6981b56507e8726410bacb3,,gx-no-cache=1746474749790 HTTP/1.1" 200 8452
179.57.78.55 - - [05/May/2025:16:50:12 -0300] "POST /cormun/servlet/trautorizarpermisogoce?90c194aaf6981b56507e8726410bacb3,,gx-no-cache=1746474752079 HTTP/1.1" 200 8258
179.57.78.55 - - [05/May/2025:16:50:14 -0300] "POST /cormun/servlet/trautorizarpermisogoce?90c194aaf6981b56507e8726410bacb3,,gx-no-cache=1746474753750 HTTP/1.1" 200 7985
179.57.78.55 - - [05/May/2025:16:50:16 -0300] "POST /cormun/servlet/trautorizarpermisogoce?90c194aaf6981b56507e8726410bacb3,,gx-no-cache=1746474755830 HTTP/1.1" 200 7767
179.57.78.55 - - [05/May/2025:16:50:21 -0300] "POST /cormun/servlet/trautorizarpermisogoce?90c194aaf6981b56507e8726410bacb3,,gx-no-cache=1746474761398 HTTP/1.1" 200 7541
179.57.78.55 - - [05/May/2025:16:50:23 -0300] "POST /cormun/servlet/trautorizarpermisogoce?90c194aaf6981b56507e8726410bacb3,,gx-no-cache=1746474763542 HTTP/1.1" 200 7282
179.57.78.55 - - [05/May/2025:16:50:25 -0300] "POST /cormun/servlet/trautorizarpermisogoce?90c194aaf6981b56507e8726410bacb3,,gx-no-cache=1746474764949 HTTP/1.1" 200 7061
179.57.78.55 - - [05/May/2025:16:50:26 -0300] "POST /cormun/servlet/trautorizarpermisogoce?90c194aaf6981b56507e8726410bacb3,,gx-no-cache=1746474766606 HTTP/1.1" 200 6845
179.57.78.55 - - [05/May/2025:16:50:28 -0300] "POST /cormun/servlet/trautorizarpermisogoce?90c194aaf6981b56507e8726410bacb3,,gx-no-cache=1746474768166 HTTP/1.1" 200 6649
179.57.78.55 - - [05/May/2025:16:50:29 -0300] "POST /cormun/servlet/trautorizarpermisogoce?90c194aaf6981b56507e8726410bacb3,,gx-no-cache=1746474769446 HTTP/1.1" 200 6438
179.57.78.55 - - [05/May/2025:16:50:33 -0300] "POST /cormun/servlet/trautorizarpermisogoce?90c194aaf6981b56507e8726410bacb3,,gx-no-cache=1746474773053 HTTP/1.1" 200 6217
179.57.78.55 - - [05/May/2025:16:50:36 -0300] "POST /cormun/servlet/trautorizarpermisogoce?90c194aaf6981b56507e8726410bacb3,,gx-no-cache=1746474776005 HTTP/1.1" 200 5982
