201.186.225.249 - - [28/Apr/2025:17:03:40 -0300] "GET /cormun/servlet/solicitudot?09e43fa03670a4f18963e8904d0c8d7f249e61b6ca90cafa3ba36e836a1f819c3029ac879d7d1136c9dd2d6553fd91da4c55089995f5aa8043e245d44c74ca6814ea32e360b13769469f3674533d2c2afc28e4c545e43a54b61b3949a0a064616c48eb79e2719644d36285096fbfde8e7d08692384cd5dbb4dbbbd727c378dd4f8213db2c97b22d9da90e2eb5da27be902c15bc238d8ff3cc03e204d7e3f9c10188a057a81414ad6f9bb026e5a2eaa2b76f6c107088cfc0fcb68bd9455b8afd749943221527c9773be41dfdda6cc15ba4d19bb1a7ba3a2d14153a4611197af85325614c75f08619e5b74cd6ea7ea01cb61280273e3213e75bedb81263859b746c3940ccfffafd13ade7fec2d2f498cb6498b906c62a0fde6302144834b31bf17104944102ab4fa46f96813f3bb732d6ec2ff1aee74fef9bd302adbec2fdc874fac4e09a68a0f14e96970f1d1ea1fabb1f863ee9d5354f1eaef7fe1fb1ed78800cf750e92966e11b2f8c879353e4b4ce993035fb6d36e072c602d65f1c93f039f,gx-no-cache=1745870761996 HTTP/1.1" 200 30
201.186.225.249 - - [28/Apr/2025:17:03:40 -0300] "POST /cormun/servlet/solicitudot?gx-no-cache=1745870762026 HTTP/1.1" 200 30
201.186.225.249 - - [28/Apr/2025:17:03:40 -0300] "POST /cormun/servlet/solicitudot?gx-no-cache=1745870762054 HTTP/1.1" 200 1481
201.186.225.249 - - [28/Apr/2025:17:03:40 -0300] "POST /cormun/servlet/solicitudot?gx-no-cache=1745870762090 HTTP/1.1" 200 41
201.186.225.249 - - [28/Apr/2025:17:03:40 -0300] "GET /cormun/servlet/solicitudot?09e43fa03670a4f18963e8904d0c8d7fbf5cb56bb3566dcd46f4314c49c2ca4d374d0c50d8282ac80ddfeb7ca8bb263105c20a784f90c9a6f07bcf3870d64d7d83b2719df7169ec9cbc6f059bb124332e6b827356b30d74f6b6b268b4ec300bd23686ae3a95d0dd40960b4b4e62be339,gx-no-cache=1745870762113 HTTP/1.1" 200 110
201.186.225.249 - - [28/Apr/2025:17:03:40 -0300] "POST /cormun/servlet/solicitudot?gx-no-cache=1745870762136 HTTP/1.1" 200 79
201.186.225.249 - - [28/Apr/2025:17:03:40 -0300] "POST /cormun/servlet/solicitudot?gx-no-cache=1745870762169 HTTP/1.1" 200 30
201.186.225.249 - - [28/Apr/2025:17:03:40 -0300] "POST /cormun/servlet/solicitudot?7a117aa93e52b79530e71122aed8cc55,INS,0,0,false,,gx-no-cache=1745870762196 HTTP/1.1" 200 93
201.186.225.249 - - [28/Apr/2025:17:03:40 -0300] "GET /cormun/servlet/hpexe_return? HTTP/1.1" 200 1011
201.186.225.249 - - [28/Apr/2025:17:03:40 -0300] "GET /cormun/servlet/trsolicitudot HTTP/1.1" 200 8801
192.168.10.21 - - [28/Apr/2025:17:03:43 -0300] "GET /cormun/servlet/trsolicitudgral? HTTP/1.1" 200 8326
201.186.225.249 - - [28/Apr/2025:17:03:44 -0300] "POST /cormun/servlet/trsolicitudot?7a117aa93e52b79530e71122aed8cc55,gx-no-cache=1745870766383 HTTP/1.1" 200 106
201.186.225.249 - - [28/Apr/2025:17:03:44 -0300] "GET /cormun/servlet/trsolicitudadjuntos?2025,22520, HTTP/1.1" 200 6412
179.57.78.9 - - [28/Apr/2025:17:03:45 -0300] "GET /cormun/servlet/solicitudotadjuntos?9d39cf58768e29fd69dd113196aa2f0d217db46139595c966df6e7dc7472ff35,gx-no-cache=1745870772306 HTTP/1.1" 200 30
179.57.78.9 - - [28/Apr/2025:17:03:45 -0300] "GET /cormun/servlet/solicitudotadjuntos?9d39cf58768e29fd69dd113196aa2f0d217db46139595c966df6e7dc7472ff35,gx-no-cache=1745870772321 HTTP/1.1" 200 30
179.57.78.9 - - [28/Apr/2025:17:03:45 -0300] "POST /cormun/servlet/solicitudotadjuntos?8c3992cd2d69b7f109bc2c870dfe34a1,INS,2025,22518,,1,,gx-no-cache=1745870772342 HTTP/1.1" 200 93
179.57.78.9 - - [28/Apr/2025:17:03:45 -0300] "GET /cormun/servlet/hpexe_return? HTTP/1.1" 200 1026
179.57.78.9 - - [28/Apr/2025:17:03:45 -0300] "GET /cormun/servlet/trsolicitudadjuntos?2025,22518, HTTP/1.1" 200 9342
201.186.225.249 - - [28/Apr/2025:17:03:46 -0300] "GET /cormun/servlet/solicitudotadjuntos?INS,2025,22520,,1, HTTP/1.1" 200 6359
201.186.225.249 - - [28/Apr/2025:17:03:46 -0300] "GET /cormun/static/about:blank HTTP/1.1" 404 1011
201.186.225.249 - - [28/Apr/2025:17:03:47 -0300] "GET /cormun/servlet/solicitudotadjuntos?09e43fa03670a4f18963e8904d0c8d7f3dafaf1d2aaf6ff879e71895b38e0cbb1751048654e338c6c520940b1646ca5f,gx-no-cache=1745870769050 HTTP/1.1" 200 30
201.186.225.249 - - [28/Apr/2025:17:03:47 -0300] "POST /cormun/servlet/solicitudotadjuntos?7a117aa93e52b79530e71122aed8cc55,INS,2025,22520,,1,,gx-no-cache=1745870769069 HTTP/1.1" 200 4166
192.168.10.21 - - [28/Apr/2025:17:03:47 -0300] "POST /cormun/servlet/trsolicitudgral?1e512855ba7c1fc8f477f12be69236be,,gx-no-cache=1745870782991 HTTP/1.1" 200 25544
201.186.225.249 - - [28/Apr/2025:17:03:49 -0300] "POST /cormun/servlet/solicitudotadjuntos?gx-no-cache=1745870771813 HTTP/1.1" 200 26
179.57.78.9 - - [28/Apr/2025:17:03:53 -0300] "GET /cormun/servlet/solicitudotadjuntos?DLT,2025,22518,CARNET,0, HTTP/1.1" 200 6270
179.57.78.9 - - [28/Apr/2025:17:03:53 -0300] "GET /cormun/static/about:blank HTTP/1.1" 404 1011
179.57.78.9 - - [28/Apr/2025:17:03:55 -0300] "POST /cormun/servlet/solicitudotadjuntos?8c3992cd2d69b7f109bc2c870dfe34a1,DLT,2025,22518,CARNET,0,,gx-no-cache=1745870782499 HTTP/1.1" 200 93
179.57.78.9 - - [28/Apr/2025:17:03:55 -0300] "GET /cormun/servlet/hpexe_return? HTTP/1.1" 200 1031
179.57.78.9 - - [28/Apr/2025:17:03:55 -0300] "GET /cormun/servlet/trsolicitudadjuntos?2025,22518, HTTP/1.1" 200 6455
201.186.225.249 - - [28/Apr/2025:17:03:58 -0300] "GET /cormun/servlet/solicitudotadjuntos?09e43fa03670a4f18963e8904d0c8d7f45d05d800b5b3bddb29fd841ff6402e5,gx-no-cache=1745870780205 HTTP/1.1" 200 30
201.186.225.249 - - [28/Apr/2025:17:03:58 -0300] "GET /cormun/servlet/solicitudotadjuntos?09e43fa03670a4f18963e8904d0c8d7f45d05d800b5b3bddb29fd841ff6402e5,gx-no-cache=1745870780222 HTTP/1.1" 200 30
201.186.225.249 - - [28/Apr/2025:17:03:58 -0300] "POST /cormun/servlet/solicitudotadjuntos?7a117aa93e52b79530e71122aed8cc55,INS,2025,22520,,1, HTTP/1.1" 200 116
201.186.225.249 - - [28/Apr/2025:17:03:58 -0300] "GET /cormun/servlet/hpexe_return? HTTP/1.1" 200 1029
201.186.225.249 - - [28/Apr/2025:17:03:58 -0300] "GET /cormun/servlet/trsolicitudadjuntos?2025,22520, HTTP/1.1" 200 9404
192.168.10.21 - - [28/Apr/2025:17:03:58 -0300] "POST /cormun/servlet/trsolicitudgral?1e512855ba7c1fc8f477f12be69236be,,gx-no-cache=1745870794011 HTTP/1.1" 200 5455
179.57.78.9 - - [28/Apr/2025:17:03:59 -0300] "POST /cormun/servlet/trsolicitudadjuntos?8c3992cd2d69b7f109bc2c870dfe34a1,2025,22518,,gx-no-cache=1745870786090 HTTP/1.1" 200 90
179.57.78.9 - - [28/Apr/2025:17:03:59 -0300] "GET /cormun/servlet/hpexe_link HTTP/1.1" 200 989
179.57.78.9 - - [28/Apr/2025:17:03:59 -0300] "GET /cormun/servlet/trsolicitudot?gx-no-cache=1745870752232 HTTP/1.1" 200 8930
201.186.225.249 - - [28/Apr/2025:17:04:00 -0300] "GET /cormun/servlet/solicitudotadjuntos?INS,2025,22520,,1, HTTP/1.1" 200 6359
201.186.225.249 - - [28/Apr/2025:17:04:00 -0300] "GET /cormun/static/about:blank HTTP/1.1" 404 1011
201.186.225.249 - - [28/Apr/2025:17:04:00 -0300] "GET /cormun/servlet/solicitudotadjuntos?09e43fa03670a4f18963e8904d0c8d7f3dafaf1d2aaf6ff879e71895b38e0cbb1751048654e338c6c520940b1646ca5f,gx-no-cache=1745870782939 HTTP/1.1" 200 30
201.186.225.249 - - [28/Apr/2025:17:04:01 -0300] "POST /cormun/servlet/solicitudotadjuntos?7a117aa93e52b79530e71122aed8cc55,INS,2025,22520,,1,,gx-no-cache=1745870782956 HTTP/1.1" 200 4166
192.168.10.21 - - [28/Apr/2025:17:04:01 -0300] "POST /cormun/servlet/trsolicitudgral?1e512855ba7c1fc8f477f12be69236be,,gx-no-cache=1745870796645 HTTP/1.1" 200 25544
192.168.10.21 - - [28/Apr/2025:17:04:01 -0300] "POST /cormun/servlet/trsolicitudgral?1e512855ba7c1fc8f477f12be69236be,,gx-no-cache=1745870797103 HTTP/1.1" 200 5455
179.57.78.9 - - [28/Apr/2025:17:04:02 -0300] "POST /cormun/servlet/trsolicitudot?8c3992cd2d69b7f109bc2c870dfe34a1,gx-no-cache=1745870752232,gx-no-cache=1745870789036 HTTP/1.1" 200 107
179.57.78.9 - - [28/Apr/2025:17:04:02 -0300] "GET /cormun/servlet/trsolicitudadjuntos?2025,22518, HTTP/1.1" 200 6472
192.168.10.21 - - [28/Apr/2025:17:04:02 -0300] "POST /cormun/servlet/trsolicitudgral?1e512855ba7c1fc8f477f12be69236be,,gx-no-cache=1745870798110 HTTP/1.1" 200 25544
179.57.78.9 - - [28/Apr/2025:17:04:04 -0300] "GET /cormun/servlet/solicitudotadjuntos?INS,2025,22518,,1, HTTP/1.1" 200 6392
179.57.78.9 - - [28/Apr/2025:17:04:04 -0300] "GET /cormun/static/about:blank HTTP/1.1" 404 1011
179.57.78.9 - - [28/Apr/2025:17:04:04 -0300] "GET /cormun/servlet/solicitudotadjuntos?9d39cf58768e29fd69dd113196aa2f0d90e0d8217be8736aaa09f654cadfd65ab570b732345ffcfe8219e8ea9900c33b,gx-no-cache=1745870791577 HTTP/1.1" 200 30
201.186.225.249 - - [28/Apr/2025:17:04:04 -0300] "POST /cormun/servlet/solicitudotadjuntos?gx-no-cache=1745870786675 HTTP/1.1" 200 26
179.57.78.9 - - [28/Apr/2025:17:04:04 -0300] "POST /cormun/servlet/solicitudotadjuntos?8c3992cd2d69b7f109bc2c870dfe34a1,INS,2025,22518,,1,,gx-no-cache=1745870791593 HTTP/1.1" 200 4153
179.57.78.9 - - [28/Apr/2025:17:04:06 -0300] "POST /cormun/servlet/solicitudotadjuntos?gx-no-cache=1745870793084 HTTP/1.1" 200 26
201.186.225.249 - - [28/Apr/2025:17:04:10 -0300] "GET /cormun/servlet/solicitudotadjuntos?09e43fa03670a4f18963e8904d0c8d7f45d05d800b5b3bddb29fd841ff6402e5,gx-no-cache=1745870792931 HTTP/1.1" 200 30
201.186.225.249 - - [28/Apr/2025:17:04:10 -0300] "GET /cormun/servlet/solicitudotadjuntos?09e43fa03670a4f18963e8904d0c8d7f45d05d800b5b3bddb29fd841ff6402e5,gx-no-cache=1745870792945 HTTP/1.1" 200 30
201.186.225.249 - - [28/Apr/2025:17:04:11 -0300] "POST /cormun/servlet/solicitudotadjuntos?7a117aa93e52b79530e71122aed8cc55,INS,2025,22520,,1, HTTP/1.1" 200 116
201.186.225.249 - - [28/Apr/2025:17:04:11 -0300] "GET /cormun/servlet/hpexe_return? HTTP/1.1" 200 1029
201.186.225.249 - - [28/Apr/2025:17:04:11 -0300] "GET /cormun/servlet/trsolicitudadjuntos?2025,22520, HTTP/1.1" 200 9642
201.186.225.249 - - [28/Apr/2025:17:04:13 -0300] "GET /cormun/servlet/solicitudotadjuntos?INS,2025,22520,,1, HTTP/1.1" 200 6359
201.186.225.249 - - [28/Apr/2025:17:04:13 -0300] "GET /cormun/static/about:blank HTTP/1.1" 404 1011
201.186.225.249 - - [28/Apr/2025:17:04:14 -0300] "GET /cormun/servlet/solicitudotadjuntos?09e43fa03670a4f18963e8904d0c8d7f3dafaf1d2aaf6ff879e71895b38e0cbb1751048654e338c6c520940b1646ca5f,gx-no-cache=1745870796114 HTTP/1.1" 200 30
201.186.225.249 - - [28/Apr/2025:17:04:14 -0300] "POST /cormun/servlet/solicitudotadjuntos?7a117aa93e52b79530e71122aed8cc55,INS,2025,22520,,1,,gx-no-cache=1745870796143 HTTP/1.1" 200 4166
179.57.78.9 - - [28/Apr/2025:17:04:16 -0300] "GET /cormun/servlet/solicitudotadjuntos?9d39cf58768e29fd69dd113196aa2f0d217db46139595c966df6e7dc7472ff35,gx-no-cache=1745870803650 HTTP/1.1" 200 30
179.57.78.9 - - [28/Apr/2025:17:04:16 -0300] "GET /cormun/servlet/solicitudotadjuntos?9d39cf58768e29fd69dd113196aa2f0d217db46139595c966df6e7dc7472ff35,gx-no-cache=1745870803667 HTTP/1.1" 200 30
192.168.10.21 - - [28/Apr/2025:17:04:16 -0300] "GET /cormun/servlet/vesolicitudgral?2025,22517,, HTTP/1.1" 200 8439
192.168.10.21 - - [28/Apr/2025:17:04:16 -0300] "GET /cormun/pexe_scrolldiv.js HTTP/1.1" 404 1009
179.57.78.9 - - [28/Apr/2025:17:04:17 -0300] "POST /cormun/servlet/solicitudotadjuntos?8c3992cd2d69b7f109bc2c870dfe34a1,INS,2025,22518,,1, HTTP/1.1" 200 116
179.57.78.9 - - [28/Apr/2025:17:04:17 -0300] "GET /cormun/servlet/hpexe_return? HTTP/1.1" 200 1026
179.57.78.9 - - [28/Apr/2025:17:04:17 -0300] "GET /cormun/servlet/trsolicitudadjuntos?2025,22518, HTTP/1.1" 200 9459
201.186.225.249 - - [28/Apr/2025:17:04:17 -0300] "POST /cormun/servlet/solicitudotadjuntos?gx-no-cache=1745870799924 HTTP/1.1" 200 26
179.57.78.9 - - [28/Apr/2025:17:04:19 -0300] "GET /cormun/servlet/solicitudotadjuntos?INS,2025,22518,,1, HTTP/1.1" 200 6392
179.57.78.9 - - [28/Apr/2025:17:04:19 -0300] "GET /cormun/static/about:blank HTTP/1.1" 404 1011
179.57.78.9 - - [28/Apr/2025:17:04:20 -0300] "GET /cormun/servlet/solicitudotadjuntos?9d39cf58768e29fd69dd113196aa2f0d90e0d8217be8736aaa09f654cadfd65ab570b732345ffcfe8219e8ea9900c33b,gx-no-cache=1745870806993 HTTP/1.1" 200 30
179.57.78.9 - - [28/Apr/2025:17:04:20 -0300] "POST /cormun/servlet/solicitudotadjuntos?8c3992cd2d69b7f109bc2c870dfe34a1,INS,2025,22518,,1,,gx-no-cache=1745870807008 HTTP/1.1" 200 4153
201.186.225.249 - - [28/Apr/2025:17:04:21 -0300] "GET /cormun/servlet/solicitudotadjuntos?09e43fa03670a4f18963e8904d0c8d7f45d05d800b5b3bddb29fd841ff6402e5,gx-no-cache=1745870803515 HTTP/1.1" 200 30
201.186.225.249 - - [28/Apr/2025:17:04:21 -0300] "GET /cormun/servlet/solicitudotadjuntos?09e43fa03670a4f18963e8904d0c8d7f45d05d800b5b3bddb29fd841ff6402e5,gx-no-cache=1745870803547 HTTP/1.1" 200 30
201.186.225.249 - - [28/Apr/2025:17:04:21 -0300] "POST /cormun/servlet/solicitudotadjuntos?7a117aa93e52b79530e71122aed8cc55,INS,2025,22520,,1, HTTP/1.1" 200 116
201.186.225.249 - - [28/Apr/2025:17:04:21 -0300] "GET /cormun/servlet/hpexe_return? HTTP/1.1" 200 1029
201.186.225.249 - - [28/Apr/2025:17:04:21 -0300] "GET /cormun/servlet/trsolicitudadjuntos?2025,22520, HTTP/1.1" 200 9892
179.57.78.9 - - [28/Apr/2025:17:04:22 -0300] "POST /cormun/servlet/solicitudotadjuntos?gx-no-cache=1745870809017 HTTP/1.1" 200 26
201.186.225.249 - - [28/Apr/2025:17:04:24 -0300] "GET /cormun/servlet/solicitudotadjuntos?INS,2025,22520,,1, HTTP/1.1" 200 6359
201.186.225.249 - - [28/Apr/2025:17:04:24 -0300] "GET /cormun/static/about:blank HTTP/1.1" 404 1011
201.186.225.249 - - [28/Apr/2025:17:04:24 -0300] "GET /cormun/servlet/solicitudotadjuntos?09e43fa03670a4f18963e8904d0c8d7f3dafaf1d2aaf6ff879e71895b38e0cbb1751048654e338c6c520940b1646ca5f,gx-no-cache=1745870806910 HTTP/1.1" 200 30
201.186.225.249 - - [28/Apr/2025:17:04:25 -0300] "POST /cormun/servlet/solicitudotadjuntos?7a117aa93e52b79530e71122aed8cc55,INS,2025,22520,,1,,gx-no-cache=1745870806947 HTTP/1.1" 200 4166
179.57.78.9 - - [28/Apr/2025:17:04:27 -0300] "GET /cormun/servlet/solicitudotadjuntos?9d39cf58768e29fd69dd113196aa2f0d217db46139595c966df6e7dc7472ff35,gx-no-cache=1745870814497 HTTP/1.1" 200 30
179.57.78.9 - - [28/Apr/2025:17:04:27 -0300] "GET /cormun/servlet/solicitudotadjuntos?9d39cf58768e29fd69dd113196aa2f0d217db46139595c966df6e7dc7472ff35,gx-no-cache=1745870814522 HTTP/1.1" 200 30
179.57.78.9 - - [28/Apr/2025:17:04:28 -0300] "POST /cormun/servlet/solicitudotadjuntos?8c3992cd2d69b7f109bc2c870dfe34a1,INS,2025,22518,,1, HTTP/1.1" 200 116
179.57.78.9 - - [28/Apr/2025:17:04:28 -0300] "GET /cormun/servlet/hpexe_return? HTTP/1.1" 200 1026
179.57.78.9 - - [28/Apr/2025:17:04:28 -0300] "GET /cormun/servlet/trsolicitudadjuntos?2025,22518, HTTP/1.1" 200 9688
179.57.78.9 - - [28/Apr/2025:17:04:30 -0300] "GET /cormun/servlet/solicitudotadjuntos?INS,2025,22518,,1, HTTP/1.1" 200 6392
179.57.78.9 - - [28/Apr/2025:17:04:30 -0300] "GET /cormun/static/about:blank HTTP/1.1" 404 1011
179.57.78.9 - - [28/Apr/2025:17:04:30 -0300] "GET /cormun/servlet/solicitudotadjuntos?9d39cf58768e29fd69dd113196aa2f0d90e0d8217be8736aaa09f654cadfd65ab570b732345ffcfe8219e8ea9900c33b,gx-no-cache=1745870817710 HTTP/1.1" 200 30
179.57.78.9 - - [28/Apr/2025:17:04:30 -0300] "POST /cormun/servlet/solicitudotadjuntos?8c3992cd2d69b7f109bc2c870dfe34a1,INS,2025,22518,,1,,gx-no-cache=1745870817728 HTTP/1.1" 200 4153
192.168.10.21 - - [28/Apr/2025:17:04:31 -0300] "GET /cormun/servlet/trsolicitudgral? HTTP/1.1" 200 27989
179.57.78.9 - - [28/Apr/2025:17:04:33 -0300] "POST /cormun/servlet/solicitudotadjuntos?gx-no-cache=1745870820129 HTTP/1.1" 200 26
201.186.225.249 - - [28/Apr/2025:17:04:33 -0300] "POST /cormun/servlet/solicitudotadjuntos?gx-no-cache=1745870815652 HTTP/1.1" 200 26
179.57.78.9 - - [28/Apr/2025:17:04:38 -0300] "GET /cormun/servlet/solicitudotadjuntos?9d39cf58768e29fd69dd113196aa2f0d217db46139595c966df6e7dc7472ff35,gx-no-cache=1745870825433 HTTP/1.1" 200 30
179.57.78.9 - - [28/Apr/2025:17:04:38 -0300] "GET /cormun/servlet/solicitudotadjuntos?9d39cf58768e29fd69dd113196aa2f0d217db46139595c966df6e7dc7472ff35,gx-no-cache=1745870825446 HTTP/1.1" 200 30
201.186.225.249 - - [28/Apr/2025:17:04:38 -0300] "GET /cormun/servlet/solicitudotadjuntos?09e43fa03670a4f18963e8904d0c8d7f45d05d800b5b3bddb29fd841ff6402e5,gx-no-cache=1745870820587 HTTP/1.1" 200 30
201.186.225.249 - - [28/Apr/2025:17:04:38 -0300] "GET /cormun/servlet/solicitudotadjuntos?09e43fa03670a4f18963e8904d0c8d7f45d05d800b5b3bddb29fd841ff6402e5,gx-no-cache=1745870820600 HTTP/1.1" 200 30
179.57.78.9 - - [28/Apr/2025:17:04:38 -0300] "POST /cormun/servlet/solicitudotadjuntos?8c3992cd2d69b7f109bc2c870dfe34a1,INS,2025,22518,,1, HTTP/1.1" 200 116
179.57.78.9 - - [28/Apr/2025:17:04:38 -0300] "GET /cormun/servlet/hpexe_return? HTTP/1.1" 200 1026
201.186.225.249 - - [28/Apr/2025:17:04:38 -0300] "POST /cormun/servlet/solicitudotadjuntos?7a117aa93e52b79530e71122aed8cc55,INS,2025,22520,,1, HTTP/1.1" 200 116
201.186.225.249 - - [28/Apr/2025:17:04:38 -0300] "GET /cormun/servlet/hpexe_return? HTTP/1.1" 200 1029
179.57.78.9 - - [28/Apr/2025:17:04:38 -0300] "GET /cormun/servlet/trsolicitudadjuntos?2025,22518, HTTP/1.1" 200 9943
201.186.225.249 - - [28/Apr/2025:17:04:38 -0300] "GET /cormun/servlet/trsolicitudadjuntos?2025,22520, HTTP/1.1" 200 10130
179.57.78.9 - - [28/Apr/2025:17:04:40 -0300] "GET /cormun/servlet/solicitudotadjuntos?INS,2025,22518,,1, HTTP/1.1" 200 6392
179.57.78.9 - - [28/Apr/2025:17:04:40 -0300] "GET /cormun/static/about:blank HTTP/1.1" 404 1011
179.57.78.9 - - [28/Apr/2025:17:04:41 -0300] "GET /cormun/servlet/solicitudotadjuntos?9d39cf58768e29fd69dd113196aa2f0d90e0d8217be8736aaa09f654cadfd65ab570b732345ffcfe8219e8ea9900c33b,gx-no-cache=1745870827946 HTTP/1.1" 200 30
179.57.78.9 - - [28/Apr/2025:17:04:41 -0300] "POST /cormun/servlet/solicitudotadjuntos?8c3992cd2d69b7f109bc2c870dfe34a1,INS,2025,22518,,1,,gx-no-cache=1745870827968 HTTP/1.1" 200 4153
179.57.78.9 - - [28/Apr/2025:17:04:43 -0300] "POST /cormun/servlet/solicitudotadjuntos?gx-no-cache=1745870830521 HTTP/1.1" 200 26
201.186.225.249 - - [28/Apr/2025:17:04:43 -0300] "GET /cormun/servlet/solicitudotadjuntos?INS,2025,22520,,1, HTTP/1.1" 200 6359
201.186.225.249 - - [28/Apr/2025:17:04:43 -0300] "GET /cormun/static/about:blank HTTP/1.1" 404 1011
201.186.225.249 - - [28/Apr/2025:17:04:44 -0300] "GET /cormun/servlet/solicitudotadjuntos?09e43fa03670a4f18963e8904d0c8d7f3dafaf1d2aaf6ff879e71895b38e0cbb1751048654e338c6c520940b1646ca5f,gx-no-cache=1745870826294 HTTP/1.1" 200 30
201.186.225.249 - - [28/Apr/2025:17:04:44 -0300] "POST /cormun/servlet/solicitudotadjuntos?7a117aa93e52b79530e71122aed8cc55,INS,2025,22520,,1,,gx-no-cache=1745870826311 HTTP/1.1" 200 4166
201.186.225.249 - - [28/Apr/2025:17:04:46 -0300] "POST /cormun/servlet/solicitudotadjuntos?gx-no-cache=1745870828179 HTTP/1.1" 200 26
179.57.78.9 - - [28/Apr/2025:17:04:48 -0300] "GET /cormun/servlet/solicitudotadjuntos?9d39cf58768e29fd69dd113196aa2f0d217db46139595c966df6e7dc7472ff35,gx-no-cache=1745870835801 HTTP/1.1" 200 30
179.57.78.9 - - [28/Apr/2025:17:04:48 -0300] "GET /cormun/servlet/solicitudotadjuntos?9d39cf58768e29fd69dd113196aa2f0d217db46139595c966df6e7dc7472ff35,gx-no-cache=1745870835814 HTTP/1.1" 200 30
179.57.78.9 - - [28/Apr/2025:17:04:48 -0300] "POST /cormun/servlet/solicitudotadjuntos?8c3992cd2d69b7f109bc2c870dfe34a1,INS,2025,22518,,1, HTTP/1.1" 200 116
179.57.78.9 - - [28/Apr/2025:17:04:49 -0300] "GET /cormun/servlet/hpexe_return? HTTP/1.1" 200 1026
179.57.78.9 - - [28/Apr/2025:17:04:49 -0300] "GET /cormun/servlet/trsolicitudadjuntos?2025,22518, HTTP/1.1" 200 10173
201.186.225.249 - - [28/Apr/2025:17:04:50 -0300] "GET /cormun/servlet/solicitudotadjuntos?09e43fa03670a4f18963e8904d0c8d7f45d05d800b5b3bddb29fd841ff6402e5,gx-no-cache=1745870832971 HTTP/1.1" 200 30
201.186.225.249 - - [28/Apr/2025:17:04:50 -0300] "GET /cormun/servlet/solicitudotadjuntos?09e43fa03670a4f18963e8904d0c8d7f45d05d800b5b3bddb29fd841ff6402e5,gx-no-cache=1745870832984 HTTP/1.1" 200 30
201.186.225.249 - - [28/Apr/2025:17:04:51 -0300] "POST /cormun/servlet/solicitudotadjuntos?7a117aa93e52b79530e71122aed8cc55,INS,2025,22520,,1, HTTP/1.1" 200 116
179.57.78.9 - - [28/Apr/2025:17:04:51 -0300] "GET /cormun/servlet/solicitudotadjuntos?INS,2025,22518,,1, HTTP/1.1" 200 6392
201.186.225.249 - - [28/Apr/2025:17:04:51 -0300] "GET /cormun/servlet/hpexe_return? HTTP/1.1" 200 1029
179.57.78.9 - - [28/Apr/2025:17:04:51 -0300] "GET /cormun/static/about:blank HTTP/1.1" 404 1011
201.186.225.249 - - [28/Apr/2025:17:04:51 -0300] "GET /cormun/servlet/trsolicitudadjuntos?2025,22520, HTTP/1.1" 200 10384
179.57.78.9 - - [28/Apr/2025:17:04:51 -0300] "GET /cormun/servlet/solicitudotadjuntos?9d39cf58768e29fd69dd113196aa2f0d90e0d8217be8736aaa09f654cadfd65ab570b732345ffcfe8219e8ea9900c33b,gx-no-cache=1745870838594 HTTP/1.1" 200 30
179.57.78.9 - - [28/Apr/2025:17:04:51 -0300] "POST /cormun/servlet/solicitudotadjuntos?8c3992cd2d69b7f109bc2c870dfe34a1,INS,2025,22518,,1,,gx-no-cache=1745870838615 HTTP/1.1" 200 4153
201.186.225.249 - - [28/Apr/2025:17:04:53 -0300] "GET /cormun/servlet/solicitudotadjuntos?INS,2025,22520,,1, HTTP/1.1" 200 6359
201.186.225.249 - - [28/Apr/2025:17:04:53 -0300] "GET /cormun/static/about:blank HTTP/1.1" 404 1011
201.186.225.249 - - [28/Apr/2025:17:04:53 -0300] "GET /cormun/servlet/solicitudotadjuntos?09e43fa03670a4f18963e8904d0c8d7f3dafaf1d2aaf6ff879e71895b38e0cbb1751048654e338c6c520940b1646ca5f,gx-no-cache=1745870835692 HTTP/1.1" 200 30
201.186.225.249 - - [28/Apr/2025:17:04:53 -0300] "POST /cormun/servlet/solicitudotadjuntos?7a117aa93e52b79530e71122aed8cc55,INS,2025,22520,,1,,gx-no-cache=1745870835710 HTTP/1.1" 200 4166
179.57.78.9 - - [28/Apr/2025:17:04:53 -0300] "POST /cormun/servlet/solicitudotadjuntos?gx-no-cache=1745870840729 HTTP/1.1" 200 26
201.186.225.249 - - [28/Apr/2025:17:04:55 -0300] "POST /cormun/servlet/solicitudotadjuntos?gx-no-cache=1745870837404 HTTP/1.1" 200 26
179.57.78.9 - - [28/Apr/2025:17:04:59 -0300] "GET /cormun/servlet/solicitudotadjuntos?9d39cf58768e29fd69dd113196aa2f0d217db46139595c966df6e7dc7472ff35,gx-no-cache=1745870846495 HTTP/1.1" 200 30
179.57.78.9 - - [28/Apr/2025:17:04:59 -0300] "GET /cormun/servlet/solicitudotadjuntos?9d39cf58768e29fd69dd113196aa2f0d217db46139595c966df6e7dc7472ff35,gx-no-cache=1745870846508 HTTP/1.1" 200 30
179.57.78.9 - - [28/Apr/2025:17:04:59 -0300] "POST /cormun/servlet/solicitudotadjuntos?8c3992cd2d69b7f109bc2c870dfe34a1,INS,2025,22518,,1, HTTP/1.1" 200 116
179.57.78.9 - - [28/Apr/2025:17:04:59 -0300] "GET /cormun/servlet/hpexe_return? HTTP/1.1" 200 1026
179.57.78.9 - - [28/Apr/2025:17:04:59 -0300] "GET /cormun/servlet/trsolicitudadjuntos?2025,22518, HTTP/1.1" 200 10430
179.57.78.9 - - [28/Apr/2025:17:05:01 -0300] "GET /cormun/servlet/solicitudotadjuntos?INS,2025,22518,,1, HTTP/1.1" 200 6392
179.57.78.9 - - [28/Apr/2025:17:05:01 -0300] "GET /cormun/static/about:blank HTTP/1.1" 404 1011
179.57.78.9 - - [28/Apr/2025:17:05:02 -0300] "GET /cormun/servlet/solicitudotadjuntos?9d39cf58768e29fd69dd113196aa2f0d90e0d8217be8736aaa09f654cadfd65ab570b732345ffcfe8219e8ea9900c33b,gx-no-cache=1745870849245 HTTP/1.1" 200 30
179.57.78.9 - - [28/Apr/2025:17:05:02 -0300] "POST /cormun/servlet/solicitudotadjuntos?8c3992cd2d69b7f109bc2c870dfe34a1,INS,2025,22518,,1,,gx-no-cache=1745870849262 HTTP/1.1" 200 4153
179.57.78.9 - - [28/Apr/2025:17:05:04 -0300] "POST /cormun/servlet/solicitudotadjuntos?gx-no-cache=1745870851537 HTTP/1.1" 200 26
179.57.78.9 - - [28/Apr/2025:17:05:10 -0300] "GET /cormun/servlet/solicitudotadjuntos?9d39cf58768e29fd69dd113196aa2f0d217db46139595c966df6e7dc7472ff35,gx-no-cache=1745870857321 HTTP/1.1" 200 30
179.57.78.9 - - [28/Apr/2025:17:05:10 -0300] "GET /cormun/servlet/solicitudotadjuntos?9d39cf58768e29fd69dd113196aa2f0d217db46139595c966df6e7dc7472ff35,gx-no-cache=1745870857335 HTTP/1.1" 200 30
192.168.10.21 - - [28/Apr/2025:17:05:12 -0300] "GET /cormun/servlet/vesolicitudgral?2025,22352,, HTTP/1.1" 200 8404
192.168.10.21 - - [28/Apr/2025:17:05:12 -0300] "GET /cormun/pexe_scrolldiv.js HTTP/1.1" 404 1009
192.168.10.21 - - [28/Apr/2025:17:05:19 -0300] "GET /cormun/servlet/vesolicitudgral?2025,22352,,SolicitudOTLog HTTP/1.1" 200 9524
192.168.10.21 - - [28/Apr/2025:17:05:19 -0300] "GET /cormun/pexe_scrolldiv.js HTTP/1.1" 404 1009
192.168.10.21 - - [28/Apr/2025:17:05:19 -0300] "GET /cormun/static/tbsolicitudgral03.js?202211298372893 HTTP/1.1" 200 13342
192.168.10.21 - - [28/Apr/2025:17:05:19 -0300] "GET /cormun/static/Resources/PXToolsTabLastSelected.png HTTP/1.1" 200 1274
179.57.78.9 - - [28/Apr/2025:17:05:19 -0300] "POST /cormun/servlet/solicitudotadjuntos?8c3992cd2d69b7f109bc2c870dfe34a1,INS,2025,22518,,1, HTTP/1.1" 200 116
179.57.78.9 - - [28/Apr/2025:17:05:19 -0300] "GET /cormun/servlet/hpexe_return? HTTP/1.1" 200 1026
192.168.10.21 - - [28/Apr/2025:17:05:20 -0300] "POST /cormun/servlet/acontrolpreferencessavestate?None,RRHH+DANIELA,true HTTP/1.1" 200 35
179.57.78.9 - - [28/Apr/2025:17:05:20 -0300] "GET /cormun/servlet/trsolicitudadjuntos?2025,22518, HTTP/1.1" 200 10593
192.168.10.21 - - [28/Apr/2025:17:05:23 -0300] "GET /cormun/servlet/vesolicitudgral?2025,22352,,General HTTP/1.1" 200 8408
192.168.10.21 - - [28/Apr/2025:17:05:23 -0300] "GET /cormun/pexe_scrolldiv.js HTTP/1.1" 404 1009
179.57.78.9 - - [28/Apr/2025:17:05:24 -0300] "POST /cormun/servlet/trsolicitudadjuntos?8c3992cd2d69b7f109bc2c870dfe34a1,2025,22518,,gx-no-cache=1745870871059 HTTP/1.1" 200 90
179.57.78.9 - - [28/Apr/2025:17:05:24 -0300] "GET /cormun/servlet/hpexe_link HTTP/1.1" 200 989
179.57.78.9 - - [28/Apr/2025:17:05:24 -0300] "GET /cormun/servlet/trsolicitudot?gx-no-cache=1745870752232 HTTP/1.1" 200 8930
179.57.78.9 - - [28/Apr/2025:17:05:28 -0300] "POST /cormun/servlet/trsolicitudot?8c3992cd2d69b7f109bc2c870dfe34a1,gx-no-cache=1745870752232,gx-no-cache=1745870875179 HTTP/1.1" 200 4842
179.57.78.9 - - [28/Apr/2025:17:05:28 -0300] "POST /cormun/servlet/trsolicitudot?8c3992cd2d69b7f109bc2c870dfe34a1,gx-no-cache=1745870752232,gx-no-cache=1745870875335 HTTP/1.1" 200 4606
179.57.78.9 - - [28/Apr/2025:17:05:31 -0300] "GET /cormun/servlet/trautorizarsolicitud? HTTP/1.1" 200 9312
179.57.78.9 - - [28/Apr/2025:17:05:31 -0300] "GET /cormun/static/gxcfg.js?202211298474254 HTTP/1.1" 200 953
179.57.78.9 - - [28/Apr/2025:17:05:31 -0300] "GET /cormun/static/trautorizarsolicitud.js?202211298474588 HTTP/1.1" 200 53909
179.57.78.9 - - [28/Apr/2025:17:05:34 -0300] "POST /cormun/servlet/trautorizarsolicitud?8c3992cd2d69b7f109bc2c870dfe34a1,,gx-no-cache=1745870881819 HTTP/1.1" 200 5971
179.57.78.9 - - [28/Apr/2025:17:05:35 -0300] "POST /cormun/servlet/trautorizarsolicitud?8c3992cd2d69b7f109bc2c870dfe34a1,,gx-no-cache=1745870881934 HTTP/1.1" 200 5916
179.57.78.9 - - [28/Apr/2025:17:05:36 -0300] "POST /cormun/servlet/trautorizarsolicitud?8c3992cd2d69b7f109bc2c870dfe34a1,,gx-no-cache=1745870883154 HTTP/1.1" 200 4786
179.57.78.9 - - [28/Apr/2025:17:05:36 -0300] "POST /cormun/servlet/trautorizarsolicitud?8c3992cd2d69b7f109bc2c870dfe34a1,,gx-no-cache=1745870883255 HTTP/1.1" 200 4551
192.168.10.21 - - [28/Apr/2025:17:06:29 -0300] "GET /cormun/servlet/trsolicitudgral? HTTP/1.1" 200 28034
192.168.10.21 - - [28/Apr/2025:17:06:33 -0300] "GET /cormun/servlet/vesolicitudgral?2025,22519,, HTTP/1.1" 200 8384
192.168.10.21 - - [28/Apr/2025:17:06:33 -0300] "GET /cormun/pexe_scrolldiv.js HTTP/1.1" 404 1009
192.168.10.22 - - [28/Apr/2025:17:07:34 -0300] "POST /cormun/servlet/trsolicitudgral?c35c14d855860ff1bb3d4731cac12417,,gx-no-cache=1745871009445 HTTP/1.1" 200 25603
192.168.10.22 - - [28/Apr/2025:17:07:34 -0300] "GET /cormun/static/Shared/jqueryui/images/ui-bg_highlight-soft_100_c6c2c8_1x100.png HTTP/1.1" 404 1117
192.168.10.22 - - [28/Apr/2025:17:07:34 -0300] "GET /cormun/static/Shared/jqueryui/images/ui-icons_82798d_256x240.png HTTP/1.1" 404 1089
192.168.10.22 - - [28/Apr/2025:17:07:34 -0300] "GET /cormun/static/Shared/jqueryui/images/ui-bg_flat_55_fafafa_40x100.png HTTP/1.1" 404 1097
192.168.10.22 - - [28/Apr/2025:17:07:34 -0300] "GET /cormun/static/Shared/jqueryui/images/ui-icons_8d78a5_256x240.png HTTP/1.1" 404 1089
192.168.10.22 - - [28/Apr/2025:17:07:38 -0300] "GET /cormun/servlet/trautorizarot? HTTP/1.1" 200 10451
192.168.10.21 - - [28/Apr/2025:17:07:52 -0300] "GET /cormun/servlet/trsolicitudgral? HTTP/1.1" 200 28007
192.168.10.21 - - [28/Apr/2025:17:08:02 -0300] "GET /cormun/servlet/vesolicitudgral?2025,22517,, HTTP/1.1" 200 8439
192.168.10.21 - - [28/Apr/2025:17:08:02 -0300] "GET /cormun/pexe_scrolldiv.js HTTP/1.1" 404 1009
179.57.78.55 - - [28/Apr/2025:17:08:22 -0300] "GET /cormun/servlet/trlicencias? HTTP/1.1" 200 10390
201.186.225.249 - - [28/Apr/2025:17:09:40 -0300] "GET /cormun/servlet/solicitudotadjuntos?09e43fa03670a4f18963e8904d0c8d7f45d05d800b5b3bddb29fd841ff6402e5,gx-no-cache=1745871122562 HTTP/1.1" 200 30
201.186.225.249 - - [28/Apr/2025:17:09:40 -0300] "GET /cormun/servlet/solicitudotadjuntos?09e43fa03670a4f18963e8904d0c8d7f45d05d800b5b3bddb29fd841ff6402e5,gx-no-cache=1745871122602 HTTP/1.1" 200 30
201.186.225.249 - - [28/Apr/2025:17:09:40 -0300] "POST /cormun/servlet/solicitudotadjuntos?7a117aa93e52b79530e71122aed8cc55,INS,2025,22520,,1, HTTP/1.1" 200 116
201.186.225.249 - - [28/Apr/2025:17:09:40 -0300] "GET /cormun/servlet/hpexe_return? HTTP/1.1" 200 1029
201.186.225.249 - - [28/Apr/2025:17:09:40 -0300] "GET /cormun/servlet/trsolicitudadjuntos?2025,22520, HTTP/1.1" 200 10569
201.186.225.249 - - [28/Apr/2025:17:09:44 -0300] "GET /cormun/servlet/trsolicitudot? HTTP/1.1" 200 8804
201.186.225.249 - - [28/Apr/2025:17:09:49 -0300] "POST /cormun/servlet/trsolicitudot?7a117aa93e52b79530e71122aed8cc55,,gx-no-cache=1745871131294 HTTP/1.1" 200 4622
201.186.225.249 - - [28/Apr/2025:17:09:49 -0300] "GET /cormun/static/Shared/jqueryui/images/ui-bg_highlight-soft_100_c6c2c8_1x100.png HTTP/1.1" 404 1117
201.186.225.249 - - [28/Apr/2025:17:09:49 -0300] "GET /cormun/static/Shared/jqueryui/images/ui-icons_82798d_256x240.png HTTP/1.1" 404 1089
201.186.225.249 - - [28/Apr/2025:17:09:49 -0300] "GET /cormun/static/Shared/jqueryui/images/ui-bg_flat_55_fafafa_40x100.png HTTP/1.1" 404 1097
201.186.225.249 - - [28/Apr/2025:17:09:49 -0300] "GET /cormun/static/Shared/jqueryui/images/ui-icons_8d78a5_256x240.png HTTP/1.1" 404 1089
201.186.225.249 - - [28/Apr/2025:17:09:49 -0300] "POST /cormun/servlet/trsolicitudot?7a117aa93e52b79530e71122aed8cc55,,gx-no-cache=1745871131395 HTTP/1.1" 200 4380
201.186.225.249 - - [28/Apr/2025:17:09:53 -0300] "GET /cormun/servlet/trautorizarsolicitud? HTTP/1.1" 200 8818
201.186.225.249 - - [28/Apr/2025:17:09:57 -0300] "POST /cormun/servlet/trautorizarsolicitud?7a117aa93e52b79530e71122aed8cc55,,gx-no-cache=1745871138941 HTTP/1.1" 200 4803
201.186.225.249 - - [28/Apr/2025:17:09:57 -0300] "POST /cormun/servlet/trautorizarsolicitud?7a117aa93e52b79530e71122aed8cc55,,gx-no-cache=1745871139049 HTTP/1.1" 200 4560
192.168.10.22 - - [28/Apr/2025:17:10:12 -0300] "POST /cormun/servlet/trautorizarot?c35c14d855860ff1bb3d4731cac12417,,gx-no-cache=1745871168134 HTTP/1.1" 200 7073
192.168.10.22 - - [28/Apr/2025:17:10:17 -0300] "GET /cormun/servlet/trsolicitudgral? HTTP/1.1" 200 27990
192.168.10.21 - - [28/Apr/2025:17:12:12 -0300] "GET /cormun/servlet/trsolicitudgral? HTTP/1.1" 200 27994
192.168.10.21 - - [28/Apr/2025:17:12:17 -0300] "POST /cormun/servlet/trsolicitudgral?1e512855ba7c1fc8f477f12be69236be,,gx-no-cache=1745871292913 HTTP/1.1" 200 5260
192.168.10.21 - - [28/Apr/2025:17:12:20 -0300] "POST /cormun/servlet/trsolicitudgral?1e512855ba7c1fc8f477f12be69236be,,gx-no-cache=1745871295892 HTTP/1.1" 200 6990
192.168.10.22 - - [28/Apr/2025:17:13:16 -0300] "POST /cormun/servlet/trsolicitudgral?c35c14d855860ff1bb3d4731cac12417,,gx-no-cache=1745871351807 HTTP/1.1" 200 25556
192.168.10.22 - - [28/Apr/2025:17:14:13 -0300] "POST /cormun/servlet/trsolicitudgral?c35c14d855860ff1bb3d4731cac12417,,gx-no-cache=1745871408995 HTTP/1.1" 200 25603
192.168.10.22 - - [28/Apr/2025:17:14:15 -0300] "GET /cormun/servlet/trautorizarot? HTTP/1.1" 200 10499
192.168.10.22 - - [28/Apr/2025:17:14:21 -0300] "POST /cormun/servlet/trautorizarot?c35c14d855860ff1bb3d4731cac12417,,gx-no-cache=1745871417356 HTTP/1.1" 200 7074
192.168.10.22 - - [28/Apr/2025:17:14:34 -0300] "GET /cormun/servlet/trsolicitudgral? HTTP/1.1" 200 28008
190.95.15.15 - - [28/Apr/2025:17:15:42 -0300] "GET /cormun/servlet/hlogin HTTP/1.1" 200 1722
190.95.15.15 - - [28/Apr/2025:17:15:48 -0300] "POST /cormun/servlet/hlogin?56ef1c1a50b2bc448129765d3b270855,gx-no-cache=1745871490375 HTTP/1.1" 200 90
190.95.15.15 - - [28/Apr/2025:17:15:48 -0300] "GET /cormun/servlet/hpexe_link HTTP/1.1" 200 954
190.95.15.15 - - [28/Apr/2025:17:15:48 -0300] "GET /cormun/servlet/hhome HTTP/1.1" 200 3977
190.95.15.15 - - [28/Apr/2025:17:15:51 -0300] "GET /cormun/servlet/trlicencias? HTTP/1.1" 200 12712
190.95.15.15 - - [28/Apr/2025:17:15:55 -0300] "GET /cormun/servlet/licenciaspermisos?DSP,15121375,L,20250428000000, HTTP/1.1" 200 7079
190.95.15.15 - - [28/Apr/2025:17:16:00 -0300] "POST /cormun/servlet/licenciaspermisos?56ef1c1a50b2bc448129765d3b270855,DSP,15121375,L,20250428000000,,gx-no-cache=1745871501782 HTTP/1.1" 200 93
190.95.15.15 - - [28/Apr/2025:17:16:00 -0300] "GET /cormun/servlet/hpexe_return? HTTP/1.1" 200 1030
190.95.15.15 - - [28/Apr/2025:17:16:00 -0300] "GET /cormun/servlet/trlicencias HTTP/1.1" 200 12720
190.95.15.15 - - [28/Apr/2025:17:16:04 -0300] "GET /cormun/servlet/licenciaspermisos?DSP,15121375,L,20250407000000, HTTP/1.1" 200 7072
190.95.15.15 - - [28/Apr/2025:17:16:07 -0300] "POST /cormun/servlet/licenciaspermisos?56ef1c1a50b2bc448129765d3b270855,DSP,15121375,L,20250407000000,,gx-no-cache=1745871509591 HTTP/1.1" 200 93
190.95.15.15 - - [28/Apr/2025:17:16:07 -0300] "GET /cormun/servlet/hpexe_return? HTTP/1.1" 200 1030
190.95.15.15 - - [28/Apr/2025:17:16:08 -0300] "GET /cormun/servlet/trlicencias HTTP/1.1" 200 12720
190.95.15.15 - - [28/Apr/2025:17:16:12 -0300] "GET /cormun/servlet/trpermisosgoce? HTTP/1.1" 200 9669
190.95.15.15 - - [28/Apr/2025:17:16:26 -0300] "GET /cormun/servlet/permisogoce?INS,0,,, HTTP/1.1" 200 6843
190.95.15.15 - - [28/Apr/2025:17:16:35 -0300] "GET /cormun/servlet/permisogoce?6460c69c4dcc59a1e4fa2f75d7e59ee2d4672edc532718942d452213fdf93e1675e70497547cbac1fd7de69870242a61c4630fef6bce14dd9cfd7ced9c4e7a28,gx-no-cache=1745871537117 HTTP/1.1" 200 81
190.95.15.15 - - [28/Apr/2025:17:16:35 -0300] "GET /cormun/static/menuarrow.gif HTTP/1.1" 404 1015
190.95.15.15 - - [28/Apr/2025:17:16:47 -0300] "GET /cormun/servlet/permisogoce?6460c69c4dcc59a1e4fa2f75d7e59ee206e8cc722497fa9114297e97f682df2ae3e16f7a0a4277e2055e909d81bc924afa3024131bc6aa2c5a31f9643a645647,gx-no-cache=1745871548882 HTTP/1.1" 200 47
190.95.15.15 - - [28/Apr/2025:17:16:54 -0300] "POST /cormun/servlet/permisogoce?56ef1c1a50b2bc448129765d3b270855,INS,0,,,,gx-no-cache=1745871555566 HTTP/1.1" 200 93
190.95.15.15 - - [28/Apr/2025:17:16:54 -0300] "GET /cormun/servlet/hpexe_return? HTTP/1.1" 200 1013
190.95.15.15 - - [28/Apr/2025:17:16:54 -0300] "GET /cormun/servlet/trpermisosgoce HTTP/1.1" 200 9951
190.95.15.15 - - [28/Apr/2025:17:16:56 -0300] "GET /cormun/servlet/apermisogoceprn?19020106,P,20250428161857,PU HTTP/1.1" 200 1653
200.126.117.15 - - [28/Apr/2025:17:20:23 -0300] "GET /cormun/servlet/hlogin HTTP/1.1" 200 1722
200.126.117.15 - - [28/Apr/2025:17:20:23 -0300] "GET /cormun/static/gxtimezone.js?85251 HTTP/1.1" 200 5781
200.126.117.15 - - [28/Apr/2025:17:20:23 -0300] "GET /cormun/static/gxcfg.js?2022112219184450 HTTP/1.1" 200 953
200.126.117.15 - - [28/Apr/2025:17:20:23 -0300] "GET /cormun/static/Resources/CormunLogin.png HTTP/1.1" 200 19132
200.126.117.15 - - [28/Apr/2025:17:20:23 -0300] "GET /cormun/static/messages.spa.js?85251 HTTP/1.1" 200 30736
200.126.117.15 - - [28/Apr/2025:17:20:23 -0300] "GET /cormun/static/Resources/Spanish/PXTools.css?1759030 HTTP/1.1" 200 100853
200.126.117.15 - - [28/Apr/2025:17:20:23 -0300] "GET /cormun/static/hlogin.js?2022112219184458 HTTP/1.1" 200 2156
200.126.117.15 - - [28/Apr/2025:17:20:24 -0300] "GET /cormun/static/gxgral.js?85251 HTTP/1.1" 200 384558
200.126.117.15 - - [28/Apr/2025:17:20:24 -0300] "GET /cormun/static/Resources/PXToolsLoginTop.png HTTP/1.1" 200 1337
200.126.117.15 - - [28/Apr/2025:17:20:24 -0300] "GET /cormun/static/Resources/PXToolsButtonBackground.png HTTP/1.1" 200 1176
200.126.117.15 - - [28/Apr/2025:17:20:24 -0300] "GET /cormun/static/Resources/PXToolsLoginBottom.png HTTP/1.1" 200 1389
200.126.117.15 - - [28/Apr/2025:17:20:24 -0300] "GET /cormun/static/Resources/PXToolsLoginBackground.png HTTP/1.1" 200 1164
200.126.117.15 - - [28/Apr/2025:17:20:24 -0300] "GET /cormun/static/Resources/PXToolsButtonLeft.png HTTP/1.1" 200 1310
200.126.117.15 - - [28/Apr/2025:17:20:24 -0300] "GET /cormun/static/Resources/PXToolsButtonRight.png HTTP/1.1" 200 1294
200.126.117.15 - - [28/Apr/2025:17:20:24 -0300] "GET /cormun/static/Resources/indicator.gif HTTP/1.1" 200 1553
200.126.117.15 - - [28/Apr/2025:17:20:24 -0300] "GET /cormun/servlet/hlogin HTTP/1.1" 200 1733
200.126.117.15 - - [28/Apr/2025:17:20:32 -0300] "POST /cormun/servlet/hlogin?2e18b930e1ff3c64bea1f0162c1a7757,gx-no-cache=1745871772406 HTTP/1.1" 200 90
200.126.117.15 - - [28/Apr/2025:17:20:32 -0300] "GET /cormun/servlet/hpexe_link HTTP/1.1" 200 954
200.126.117.15 - - [28/Apr/2025:17:20:32 -0300] "GET /cormun/static/gxcfg.js?20221129847421 HTTP/1.1" 200 953
200.126.117.15 - - [28/Apr/2025:17:20:32 -0300] "GET /cormun/static/hpexe_link.js?20221129847423 HTTP/1.1" 200 625
200.126.117.15 - - [28/Apr/2025:17:20:32 -0300] "GET /cormun/static/Resources/Spanish/PXTools.css?8354383 HTTP/1.1" 200 100853
200.126.117.15 - - [28/Apr/2025:17:20:32 -0300] "GET /cormun/servlet/hhome HTTP/1.1" 200 4326
200.126.117.15 - - [28/Apr/2025:17:20:32 -0300] "GET /cormun/static/SmoothNavMenu/resources/ddsmoothmenu-v.css?1112540 HTTP/1.1" 200 1188
200.126.117.15 - - [28/Apr/2025:17:20:32 -0300] "GET /cormun/static/scaMessage/css/jquery.pnotify.default.css?1816380 HTTP/1.1" 200 1707
200.126.117.15 - - [28/Apr/2025:17:20:32 -0300] "GET /cormun/static/Shared/jqueryui/jquery-ui.min.css?1345370 HTTP/1.1" 200 30288
200.126.117.15 - - [28/Apr/2025:17:20:32 -0300] "GET /cormun/static/gxcfg.js?20201215495537 HTTP/1.1" 200 953
200.126.117.15 - - [28/Apr/2025:17:20:32 -0300] "GET /cormun/static/SmoothNavMenu/resources/ddsmoothmenu.css?1112540 HTTP/1.1" 200 2223
200.126.117.15 - - [28/Apr/2025:17:20:32 -0300] "GET /cormun/static/PXToolsJavascripts/pexe_autoreload.js HTTP/1.1" 200 1762
200.126.117.15 - - [28/Apr/2025:17:20:32 -0300] "GET /cormun/static/PXToolsJavascripts/pexe_grid.js HTTP/1.1" 200 7559
200.126.117.15 - - [28/Apr/2025:17:20:32 -0300] "GET /cormun/static/PXToolsJavascripts/pexe_cookies.js HTTP/1.1" 200 792
200.126.117.15 - - [28/Apr/2025:17:20:32 -0300] "GET /cormun/static/PXToolsJavascripts/pexe_windows.js HTTP/1.1" 200 15249
200.126.117.15 - - [28/Apr/2025:17:20:32 -0300] "GET /cormun/static/Resources/Spanish/PXTools.css?14345360 HTTP/1.1" 200 100853
200.126.117.15 - - [28/Apr/2025:17:20:32 -0300] "GET /cormun/static/PXToolsJavascripts/pexe_griddivfix.js HTTP/1.1" 200 6946
200.126.117.15 - - [28/Apr/2025:17:20:32 -0300] "GET /cormun/static/PXToolsJavascripts/pexe_link.js HTTP/1.1" 200 5671
200.126.117.15 - - [28/Apr/2025:17:20:32 -0300] "GET /cormun/static/PXToolsJavascripts/pexe_menudivfix.js HTTP/1.1" 200 333
200.126.117.15 - - [28/Apr/2025:17:20:32 -0300] "GET /cormun/static/PXToolsJavascripts/pexe_menus.js HTTP/1.1" 200 1286
200.126.117.15 - - [28/Apr/2025:17:20:32 -0300] "GET /cormun/static/PXToolsJavascripts/pexe_layers.js HTTP/1.1" 200 4114
200.126.117.15 - - [28/Apr/2025:17:20:32 -0300] "GET /cormun/static/PXToolsJavascripts/pexe_oav.js HTTP/1.1" 200 645
200.126.117.15 - - [28/Apr/2025:17:20:32 -0300] "GET /cormun/static/PXToolsJavascripts/pexe_picture.js HTTP/1.1" 200 689
200.126.117.15 - - [28/Apr/2025:17:20:32 -0300] "GET /cormun/static/PXToolsJavascripts/pexe_oavdivfix.js HTTP/1.1" 200 639
200.126.117.15 - - [28/Apr/2025:17:20:32 -0300] "GET /cormun/static/PXToolsJavascripts/pexe_scrolldiv.js HTTP/1.1" 200 4138
200.126.117.15 - - [28/Apr/2025:17:20:32 -0300] "GET /cormun/static/PXToolsJavascripts/pexe_popup.js HTTP/1.1" 200 15149
200.126.117.15 - - [28/Apr/2025:17:20:32 -0300] "GET /cormun/static/PXToolsJavascripts/pexe_tabdivfix.js HTTP/1.1" 200 898
200.126.117.15 - - [28/Apr/2025:17:20:32 -0300] "GET /cormun/static/PXToolsJavascripts/PXToolsJavascriptsRender.js HTTP/1.1" 200 367
200.126.117.15 - - [28/Apr/2025:17:20:32 -0300] "GET /cormun/static/PXToolsJavascripts/pexe_tabs.js HTTP/1.1" 200 3748
200.126.117.15 - - [28/Apr/2025:17:20:32 -0300] "GET /cormun/static/PXToolsJavascripts/pexe_upload.js HTTP/1.1" 200 1423
200.126.117.15 - - [28/Apr/2025:17:20:32 -0300] "GET /cormun/static/Resources/CormunMP2.png HTTP/1.1" 200 6878
200.126.117.15 - - [28/Apr/2025:17:20:32 -0300] "GET /cormun/static/Resources/ImgHome.png HTTP/1.1" 200 1364
200.126.117.15 - - [28/Apr/2025:17:20:32 -0300] "GET /cormun/static/Resources/ImgLogin.png HTTP/1.1" 200 1432
200.126.117.15 - - [28/Apr/2025:17:20:32 -0300] "GET /cormun/static/RunJS/RunJS.js HTTP/1.1" 200 288
200.126.117.15 - - [28/Apr/2025:17:20:32 -0300] "GET /cormun/static/Shared/ext/locale/ext-lang-en.js HTTP/1.1" 200 10940
200.126.117.15 - - [28/Apr/2025:17:20:32 -0300] "GET /cormun/static/Resources/Llave.png HTTP/1.1" 200 1395
200.126.117.15 - - [28/Apr/2025:17:20:33 -0300] "GET /cormun/static/Resources/PXToolsDataTitle.png HTTP/1.1" 200 1173
200.126.117.15 - - [28/Apr/2025:17:20:33 -0300] "GET /cormun/static/hhome.js?20201215495544 HTTP/1.1" 200 777
200.126.117.15 - - [28/Apr/2025:17:20:33 -0300] "GET /cormun/static/hwchdr01.js?2022112219251119 HTTP/1.1" 200 996
200.126.117.15 - - [28/Apr/2025:17:20:33 -0300] "GET /cormun/static/hpexe_recentlink.js?20201214471090 HTTP/1.1" 200 2144
200.126.117.15 - - [28/Apr/2025:17:20:33 -0300] "GET /cormun/static/hpexe_scripts.js?20201214471411 HTTP/1.1" 200 1544
200.126.117.15 - - [28/Apr/2025:17:20:33 -0300] "GET /cormun/static/hpexe_messagecontroller.js?202211298371222 HTTP/1.1" 200 870
200.126.117.15 - - [28/Apr/2025:17:20:33 -0300] "GET /cormun/static/gxui/gxui-all.js HTTP/1.1" 200 107772
200.126.117.15 - - [28/Apr/2025:17:20:33 -0300] "GET /cormun/static/hpexe_messagepopupcomponent.js?2020121447232 HTTP/1.1" 200 605
200.126.117.15 - - [28/Apr/2025:17:20:33 -0300] "GET /cormun/static/hpexe_messagegenexuscomponent.js?20221129836373 HTTP/1.1" 200 587
200.126.117.15 - - [28/Apr/2025:17:20:33 -0300] "GET /cormun/static/cmcontrolpreferences.js?20199141926336 HTTP/1.1" 200 1375
200.126.117.15 - - [28/Apr/2025:17:20:33 -0300] "GET /cormun/static/SmoothNavMenu/resources/ddsmoothmenu.js HTTP/1.1" 200 12712
200.126.117.15 - - [28/Apr/2025:17:20:33 -0300] "GET /cormun/static/SmoothNavMenu/resources/SmoothNavMenuRender.js HTTP/1.1" 200 5951
200.126.117.15 - - [28/Apr/2025:17:20:33 -0300] "GET /cormun/static/scaMessage/js/jquery.pnotify.min.js HTTP/1.1" 200 13038
200.126.117.15 - - [28/Apr/2025:17:20:33 -0300] "GET /cormun/static/scaMessage/scaMessageRender.js HTTP/1.1" 200 11977
200.126.117.15 - - [28/Apr/2025:17:20:33 -0300] "GET /cormun/static/Shared/jquery/jquery-1.4.2.min.js HTTP/1.1" 200 72174
200.126.117.15 - - [28/Apr/2025:17:20:33 -0300] "GET /cormun/static/hmpwkw03.js?20221129844354 HTTP/1.1" 200 3971
200.126.117.15 - - [28/Apr/2025:17:20:33 -0300] "GET /cormun/static/Shared/jquery/jquery-1.10.2.min.js HTTP/1.1" 200 273199
200.126.117.15 - - [28/Apr/2025:17:20:33 -0300] "GET /cormun/static/Shared/ext/ext-all.js HTTP/1.1" 200 1289687
200.126.117.15 - - [28/Apr/2025:17:20:33 -0300] "GET /cormun/static/Shared/jqueryui/jquery-ui.min.js HTTP/1.1" 200 240427
200.126.117.15 - - [28/Apr/2025:17:20:33 -0300] "GET /cormun/static/SmoothNavMenu/resources/images/right.gif HTTP/1.1" 200 860
200.126.117.15 - - [28/Apr/2025:17:20:33 -0300] "GET /cormun/static/SmoothNavMenu/resources/images/down.gif HTTP/1.1" 200 854
200.126.117.15 - - [28/Apr/2025:17:20:57 -0300] "GET /cormun/servlet/trlicencias? HTTP/1.1" 200 11117
200.126.117.15 - - [28/Apr/2025:17:20:58 -0300] "GET /cormun/static/gxui/gxui-all.css?120300 HTTP/1.1" 200 2179
200.126.117.15 - - [28/Apr/2025:17:20:58 -0300] "GET /cormun/static/calendar-system.css?85620 HTTP/1.1" 200 5572
200.126.117.15 - - [28/Apr/2025:17:20:58 -0300] "GET /cormun/static/calendar-setup.js?85251 HTTP/1.1" 200 2588
200.126.117.15 - - [28/Apr/2025:17:20:58 -0300] "GET /cormun/static/gxcfg.js?202211298463625 HTTP/1.1" 200 953
200.126.117.15 - - [28/Apr/2025:17:20:58 -0300] "GET /cormun/static/calendar-es.js?85251 HTTP/1.1" 200 1901
200.126.117.15 - - [28/Apr/2025:17:20:58 -0300] "GET /cormun/static/calendar.js?85251 HTTP/1.1" 200 26246
200.126.117.15 - - [28/Apr/2025:17:20:58 -0300] "GET /cormun/static/Resources/PXTools/calendar.png HTTP/1.1" 200 1306
200.126.117.15 - - [28/Apr/2025:17:20:58 -0300] "GET /cormun/static/gxdec.js?85251 HTTP/1.1" 200 19579
200.126.117.15 - - [28/Apr/2025:17:20:58 -0300] "GET /cormun/static/trlicencias.js?202211298463889 HTTP/1.1" 200 41883
200.126.117.15 - - [28/Apr/2025:17:20:58 -0300] "GET /cormun/static/Resources/PXToolsDataSearch.png HTTP/1.1" 200 435
200.126.117.15 - - [28/Apr/2025:17:20:58 -0300] "GET /cormun/static/Resources/PXToolsGridFirstDisabled.gif HTTP/1.1" 200 100
200.126.117.15 - - [28/Apr/2025:17:20:58 -0300] "GET /cormun/static/Resources/PXToolsGridPreviousDisabled.gif HTTP/1.1" 200 90
200.126.117.15 - - [28/Apr/2025:17:20:58 -0300] "GET /cormun/static/Resources/PXToolsGridNextDisabled.gif HTTP/1.1" 200 90
200.126.117.15 - - [28/Apr/2025:17:20:58 -0300] "GET /cormun/static/Resources/PXToolsGridLastDisabled.gif HTTP/1.1" 200 98
200.126.117.15 - - [28/Apr/2025:17:20:58 -0300] "GET /cormun/static/Shared/ext/resources/css/ext-all.css?215870 HTTP/1.1" 200 416045
200.126.117.15 - - [28/Apr/2025:17:20:58 -0300] "GET /cormun/static/Resources/PXToolsGridPage.gif HTTP/1.1" 200 725
200.126.117.15 - - [28/Apr/2025:17:20:58 -0300] "GET /cormun/static/Resources/PXToolsActionExcel.png HTTP/1.1" 200 727
200.126.117.15 - - [28/Apr/2025:17:20:58 -0300] "GET /cormun/static/Resources/PXToolsAddAllAction.png HTTP/1.1" 200 495
200.126.117.15 - - [28/Apr/2025:17:20:58 -0300] "GET /cormun/static/Resources/desc.gif HTTP/1.1" 200 65
200.126.117.15 - - [28/Apr/2025:17:20:58 -0300] "GET /cormun//static/Resources/PXTools/ActionInsert.png HTTP/1.1" 200 1482
200.126.117.15 - - [28/Apr/2025:17:20:58 -0300] "GET /cormun//static/Resources/PXToolsActionDisabled.gif HTTP/1.1" 200 53
200.126.117.15 - - [28/Apr/2025:17:20:58 -0300] "GET /cormun//static/Resources/PXToolsActionPrint.png HTTP/1.1" 200 404
200.126.117.15 - - [28/Apr/2025:17:20:58 -0300] "GET /cormun/static/Resources/asc.gif HTTP/1.1" 200 67
200.126.117.15 - - [28/Apr/2025:17:20:58 -0300] "GET /cormun//static/Resources/PXToolsGridDisplay.png HTTP/1.1" 200 525
200.126.117.15 - - [28/Apr/2025:17:20:58 -0300] "GET /cormun//static/Resources/PXToolsHeaderHelp.png HTTP/1.1" 200 1333
200.126.117.15 - - [28/Apr/2025:17:20:58 -0300] "GET /cormun//static/Resources/PXToolsHeaderFavorites.png HTTP/1.1" 200 1414
200.126.117.15 - - [28/Apr/2025:17:20:58 -0300] "GET /cormun/static/Shared/ext/resources/themes/images/default/tools/tool-sprites.gif HTTP/1.1" 200 5434
200.126.117.15 - - [28/Apr/2025:17:20:58 -0300] "GET /cormun/static/Shared/ext/resources/themes/images/default/panel/bg-headersPanel.png HTTP/1.1" 200 255
179.57.78.55 - - [28/Apr/2025:17:22:04 -0300] "POST /cormun/servlet/trlicencias?67321b2641e3f010f62739e85dae5088,,gx-no-cache=1745871865505 HTTP/1.1" 200 7785
192.168.10.21 - - [28/Apr/2025:17:25:47 -0300] "POST /cormun/servlet/trsolicitudgral?1e512855ba7c1fc8f477f12be69236be,,gx-no-cache=1745872102849 HTTP/1.1" 200 5259
192.168.10.21 - - [28/Apr/2025:17:27:24 -0300] "POST /cormun/servlet/trsolicitudgral?1e512855ba7c1fc8f477f12be69236be,,gx-no-cache=1745872199737 HTTP/1.1" 200 8324
192.168.10.21 - - [28/Apr/2025:17:27:58 -0300] "POST /cormun/servlet/trsolicitudgral?1e512855ba7c1fc8f477f12be69236be,,gx-no-cache=1745872233889 HTTP/1.1" 200 7139
192.168.10.21 - - [28/Apr/2025:17:28:00 -0300] "GET /cormun/servlet/vesolicitudgral?2025,22507,, HTTP/1.1" 200 8449
192.168.10.21 - - [28/Apr/2025:17:28:00 -0300] "GET /cormun/pexe_scrolldiv.js HTTP/1.1" 404 1009
192.168.10.21 - - [28/Apr/2025:17:29:08 -0300] "GET /cormun/servlet/vesolicitudgral?2025,22507,,SolicitudOTAdjuntos HTTP/1.1" 200 7079
192.168.10.21 - - [28/Apr/2025:17:29:08 -0300] "GET /cormun/pexe_scrolldiv.js HTTP/1.1" 404 1009
192.168.10.21 - - [28/Apr/2025:17:29:09 -0300] "POST /cormun/servlet/acontrolpreferencessavestate?None,RRHH+DANIELA,true HTTP/1.1" 200 35
192.168.10.21 - - [28/Apr/2025:17:29:11 -0300] "GET /cormun/servlet/vesolicitudgral?2025,22507,,General HTTP/1.1" 200 8452
192.168.10.21 - - [28/Apr/2025:17:29:11 -0300] "GET /cormun/pexe_scrolldiv.js HTTP/1.1" 404 1009
190.95.15.15 - - [28/Apr/2025:17:29:48 -0300] "GET /cormun/servlet/trpermisosadjuntos?19020106,20250428161857,P, HTTP/1.1" 200 6299
190.95.15.15 - - [28/Apr/2025:17:29:48 -0300] "GET /cormun/static/gxcfg.js?2020121641683 HTTP/1.1" 200 953
190.95.15.15 - - [28/Apr/2025:17:29:48 -0300] "GET /cormun/static/trpermisosadjuntos.js?2020121642996 HTTP/1.1" 200 20158
190.95.15.15 - - [28/Apr/2025:17:29:49 -0300] "GET /cormun/servlet/permisosadjuntos?INS,19020106,P,20250428161857,, HTTP/1.1" 200 5619
190.95.15.15 - - [28/Apr/2025:17:29:49 -0300] "GET /cormun/static/gxcfg.js?20201215134212 HTTP/1.1" 200 953
190.95.15.15 - - [28/Apr/2025:17:29:49 -0300] "GET /cormun/static/permisosadjuntos.js?20201215134285 HTTP/1.1" 200 8724
190.95.15.15 - - [28/Apr/2025:17:29:49 -0300] "GET /cormun/static/about:blank HTTP/1.1" 404 1011
190.95.15.15 - - [28/Apr/2025:17:30:01 -0300] "POST /cormun/servlet/permisosadjuntos?56ef1c1a50b2bc448129765d3b270855,INS,19020106,P,20250428161857,, HTTP/1.1" 200 116
190.95.15.15 - - [28/Apr/2025:17:30:01 -0300] "GET /cormun/servlet/hpexe_return? HTTP/1.1" 200 1041
190.95.15.15 - - [28/Apr/2025:17:30:01 -0300] "GET /cormun/servlet/trpermisosadjuntos?19020106,20250428161857,P, HTTP/1.1" 200 6777
190.95.15.15 - - [28/Apr/2025:17:30:14 -0300] "GET /cormun/servlet/trpermisosgoce? HTTP/1.1" 200 9947
190.95.15.15 - - [28/Apr/2025:17:30:29 -0300] "POST /cormun/servlet/trpermisosgoce?56ef1c1a50b2bc448129765d3b270855,,gx-no-cache=1745872370662 HTTP/1.1" 200 7219
190.95.15.15 - - [28/Apr/2025:17:30:29 -0300] "GET /cormun/static/Shared/jqueryui/images/ui-icons_82798d_256x240.png HTTP/1.1" 404 1089
190.95.15.15 - - [28/Apr/2025:17:30:29 -0300] "GET /cormun/static/Shared/jqueryui/images/ui-bg_highlight-soft_100_c6c2c8_1x100.png HTTP/1.1" 404 1117
