192.168.10.21 - - [28/Apr/2025:16:31:12 -0300] "GET /cormun/static/SmoothNavMenu/resources/ddsmoothmenu.js HTTP/1.1" 200 12712
192.168.10.21 - - [28/Apr/2025:16:31:12 -0300] "GET /cormun/static/SmoothNavMenu/resources/SmoothNavMenuRender.js HTTP/1.1" 200 5951
192.168.10.21 - - [28/Apr/2025:16:31:12 -0300] "GET /cormun/static/Shared/jqueryui/jquery-ui.min.js HTTP/1.1" 200 240427
192.168.10.21 - - [28/Apr/2025:16:31:12 -0300] "GET /cormun/static/Shared/jquery/jquery-1.10.2.min.js HTTP/1.1" 200 273199
192.168.10.21 - - [28/Apr/2025:16:31:12 -0300] "GET /cormun/static/scaMessage/js/jquery.pnotify.min.js HTTP/1.1" 200 13038
192.168.10.21 - - [28/Apr/2025:16:31:12 -0300] "GET /cormun/static/scaMessage/scaMessageRender.js HTTP/1.1" 200 11977
192.168.10.21 - - [28/Apr/2025:16:31:12 -0300] "GET /cormun/static/Shared/ext/ext-all.js HTTP/1.1" 200 1289687
192.168.10.21 - - [28/Apr/2025:16:31:12 -0300] "GET /cormun/static/hmpwkw03.js?20221129844354 HTTP/1.1" 200 3971
192.168.10.21 - - [28/Apr/2025:16:31:12 -0300] "GET /cormun/static/Resources/PXToolsDataTitle.png HTTP/1.1" 200 1173
192.168.10.21 - - [28/Apr/2025:16:31:12 -0300] "GET /cormun/static/Resources/indicator.gif HTTP/1.1" 200 1553
192.168.10.21 - - [28/Apr/2025:16:31:12 -0300] "GET /cormun/servlet/hlogin HTTP/1.1" 200 1728
192.168.10.21 - - [28/Apr/2025:16:31:12 -0300] "GET /cormun/servlet/hhome HTTP/1.1" 200 3327
192.168.10.21 - - [28/Apr/2025:16:31:12 -0300] "GET /cormun/static/hlogin.js?2022112219184458 HTTP/1.1" 200 2156
192.168.10.21 - - [28/Apr/2025:16:31:12 -0300] "GET /cormun/static/Resources/CormunLogin.png HTTP/1.1" 200 19132
192.168.10.21 - - [28/Apr/2025:16:31:12 -0300] "GET /cormun/static/gxcfg.js?2022112219184450 HTTP/1.1" 200 953
192.168.10.21 - - [28/Apr/2025:16:31:12 -0300] "GET /cormun/static/Resources/Spanish/PXTools.css?1759030 HTTP/1.1" 200 100853
192.168.10.21 - - [28/Apr/2025:16:31:12 -0300] "GET /cormun/static/Resources/PXToolsLoginBackground.png HTTP/1.1" 200 1164
192.168.10.21 - - [28/Apr/2025:16:31:12 -0300] "GET /cormun/static/Resources/PXToolsLoginTop.png HTTP/1.1" 200 1337
192.168.10.21 - - [28/Apr/2025:16:31:12 -0300] "GET /cormun/static/Resources/PXToolsButtonRight.png HTTP/1.1" 200 1294
192.168.10.21 - - [28/Apr/2025:16:31:12 -0300] "GET /cormun/static/Resources/PXToolsLoginBottom.png HTTP/1.1" 200 1389
192.168.10.21 - - [28/Apr/2025:16:31:12 -0300] "GET /cormun/static/Resources/PXToolsButtonBackground.png HTTP/1.1" 200 1176
192.168.10.21 - - [28/Apr/2025:16:31:12 -0300] "GET /cormun/static/Resources/PXToolsButtonLeft.png HTTP/1.1" 200 1310
192.168.10.21 - - [28/Apr/2025:16:31:12 -0300] "GET /favicon.ico HTTP/1.1" 200 21630
192.168.10.21 - - [28/Apr/2025:16:31:18 -0300] "POST /cormun/servlet/hlogin?1e512855ba7c1fc8f477f12be69236be,gx-no-cache=1745868833958 HTTP/1.1" 200 90
192.168.10.21 - - [28/Apr/2025:16:31:18 -0300] "GET /cormun/servlet/hpexe_link HTTP/1.1" 200 946
192.168.10.21 - - [28/Apr/2025:16:31:18 -0300] "GET /cormun/static/Resources/Spanish/PXTools.css?8354383 HTTP/1.1" 200 100853
192.168.10.21 - - [28/Apr/2025:16:31:18 -0300] "GET /cormun/static/hpexe_link.js?20221129847423 HTTP/1.1" 200 625
192.168.10.21 - - [28/Apr/2025:16:31:18 -0300] "GET /cormun/static/gxcfg.js?20221129847421 HTTP/1.1" 200 953
192.168.10.21 - - [28/Apr/2025:16:31:18 -0300] "GET /cormun/servlet/hhome HTTP/1.1" 200 3815
192.168.10.21 - - [28/Apr/2025:16:31:18 -0300] "GET /cormun/static/SmoothNavMenu/resources/images/down.gif HTTP/1.1" 200 854
192.168.10.21 - - [28/Apr/2025:16:31:23 -0300] "GET /cormun/servlet/trsolicitudgral? HTTP/1.1" 200 28021
192.168.10.21 - - [28/Apr/2025:16:31:23 -0300] "GET /cormun/static/gxui/gxui-all.css?110300 HTTP/1.1" 200 2179
192.168.10.21 - - [28/Apr/2025:16:31:23 -0300] "GET /cormun/static/calendar-system.css?75620 HTTP/1.1" 200 5572
192.168.10.21 - - [28/Apr/2025:16:31:23 -0300] "GET /cormun/static/gxcfg.js?20191021621534 HTTP/1.1" 200 953
192.168.10.21 - - [28/Apr/2025:16:31:23 -0300] "GET /cormun/static/calendar.js?85251 HTTP/1.1" 200 26246
192.168.10.21 - - [28/Apr/2025:16:31:23 -0300] "GET /cormun/static/Resources/Spanish/PXTools.css?2294816 HTTP/1.1" 200 100853
192.168.10.21 - - [28/Apr/2025:16:31:23 -0300] "GET /cormun/static/calendar-setup.js?85251 HTTP/1.1" 200 2588
192.168.10.21 - - [28/Apr/2025:16:31:23 -0300] "GET /cormun/static/Shared/ext/resources/css/ext-all.css?205870 HTTP/1.1" 200 416045
192.168.10.21 - - [28/Apr/2025:16:31:23 -0300] "GET /cormun/static/calendar-es.js?85251 HTTP/1.1" 200 1901
192.168.10.21 - - [28/Apr/2025:16:31:23 -0300] "GET /cormun/static/Resources/PXTools/calendar.png HTTP/1.1" 200 1306
192.168.10.21 - - [28/Apr/2025:16:31:23 -0300] "GET /cormun/static/gxdec.js?85251 HTTP/1.1" 200 19579
192.168.10.21 - - [28/Apr/2025:16:31:23 -0300] "GET /cormun/static/Resources/PXToolsDataSearch.png HTTP/1.1" 200 435
192.168.10.21 - - [28/Apr/2025:16:31:23 -0300] "GET /cormun/static/trsolicitudgral.js?20191021621224 HTTP/1.1" 200 55166
192.168.10.21 - - [28/Apr/2025:16:31:23 -0300] "GET /cormun/static/Resources/PXToolsGridFirstDisabled.gif HTTP/1.1" 200 100
192.168.10.21 - - [28/Apr/2025:16:31:23 -0300] "GET /cormun/static/Resources/PXToolsGridPreviousDisabled.gif HTTP/1.1" 200 90
192.168.10.21 - - [28/Apr/2025:16:31:23 -0300] "GET /cormun/static/Resources/PXToolsGridNextDisabled.gif HTTP/1.1" 200 90
192.168.10.21 - - [28/Apr/2025:16:31:23 -0300] "GET /cormun/static/Resources/PXToolsGridPage.gif HTTP/1.1" 200 725
192.168.10.21 - - [28/Apr/2025:16:31:23 -0300] "GET /cormun/static/Resources/PXToolsActionExcel.png HTTP/1.1" 200 727
192.168.10.21 - - [28/Apr/2025:16:31:23 -0300] "GET /cormun/static/Resources/PXToolsGridLastDisabled.gif HTTP/1.1" 200 98
192.168.10.21 - - [28/Apr/2025:16:31:23 -0300] "GET /cormun/static/Resources/PXToolsRemoveAllStandardAction.png HTTP/1.1" 200 495
192.168.10.21 - - [28/Apr/2025:16:31:23 -0300] "GET /cormun/static/Resources/PXToolsAddAllStandardAction.png HTTP/1.1" 200 628
192.168.10.21 - - [28/Apr/2025:16:31:23 -0300] "GET /cormun/static/Resources/asc.gif HTTP/1.1" 200 67
192.168.10.21 - - [28/Apr/2025:16:31:23 -0300] "GET /cormun//static/Resources/PXToolsGridDelete.png HTTP/1.1" 200 538
192.168.10.21 - - [28/Apr/2025:16:31:23 -0300] "GET /cormun/static/Resources/desc.gif HTTP/1.1" 200 65
192.168.10.21 - - [28/Apr/2025:16:31:23 -0300] "GET /cormun//static/Resources/PXToolsGridUpdate.png HTTP/1.1" 200 470
192.168.10.21 - - [28/Apr/2025:16:31:24 -0300] "GET /cormun/static/Shared/ext/resources/themes/images/default/tools/tool-sprites.gif HTTP/1.1" 200 5434
192.168.10.21 - - [28/Apr/2025:16:31:24 -0300] "GET /cormun/static/Shared/ext/resources/themes/images/default/panel/bg-headersPanel.png HTTP/1.1" 200 255
190.95.2.163 - - [28/Apr/2025:16:31:24 -0300] "POST /cormun/servlet/solicitudot?5f197d56a1c0bee13f9fe04e7f1671f5,INS,0,0,false,,gx-no-cache=1745868826959 HTTP/1.1" 200 12810
190.95.2.163 - - [28/Apr/2025:16:31:24 -0300] "GET /cormun/static/Shared/jqueryui/images/ui-icons_82798d_256x240.png HTTP/1.1" 404 1089
190.95.2.163 - - [28/Apr/2025:16:31:24 -0300] "GET /cormun/static/Shared/jqueryui/images/ui-bg_highlight-soft_100_c6c2c8_1x100.png HTTP/1.1" 404 1117
190.95.2.163 - - [28/Apr/2025:16:31:24 -0300] "GET /cormun/static/Shared/jqueryui/images/ui-icons_8d78a5_256x240.png HTTP/1.1" 404 1089
190.95.2.163 - - [28/Apr/2025:16:31:24 -0300] "GET /cormun/static/Shared/jqueryui/images/ui-bg_flat_55_fafafa_40x100.png HTTP/1.1" 404 1097
190.95.2.163 - - [28/Apr/2025:16:31:30 -0300] "GET /cormun/servlet/solicitudot?374e3c329c44e17023e3702f1e46d321eb22332fc37dcbba50170341c6191476d12d1a7e93460e313b1bcb4dc893613e3712d4065d8242da7132a98164a55dfc,gx-no-cache=1745868832581 HTTP/1.1" 200 30
190.95.2.163 - - [28/Apr/2025:16:31:30 -0300] "GET /cormun/servlet/solicitudot?374e3c329c44e17023e3702f1e46d3219deb3912c7236254d3fcc24a1c2015b79d63cf180fb1a04e9be0fbb62ff997f3f66ca4687ac571507c32d67d615c9962,gx-no-cache=1745868832599 HTTP/1.1" 200 53
190.95.2.163 - - [28/Apr/2025:16:31:36 -0300] "POST /cormun/servlet/solicitudot?gx-no-cache=1745868838684 HTTP/1.1" 200 297
190.95.2.163 - - [28/Apr/2025:16:31:36 -0300] "GET /cormun/servlet/solicitudot?374e3c329c44e17023e3702f1e46d321dbb69b1aad982d9d1f5fec25a4615336419c63c29e3e608976d6f2372a78528cbff2d254264ecdad5d2b017dcfd1e78adef85c50208c2ad51489941baecd3d0f8e592fd5108eca50aaa311845ffdba2845c2b601a9a737fde7e11bb9af343d607e88713c47ed174aab639ca9aa14f36bfa5b19061c20958deda04739db394e9dee8ae2be073dc68416ce0b46b5e867ac48ae08dfaf4cf3c709a0df963c6ae239e536600dcd5b14a72469b678697a554ee9ecb8beab25ad9959490e49ca1451a499e1a93f2c53a773659e3b97544a3f6df850528d5dbfe293303fed8772b7e4c67bd1c6c43119045379493700f640dc0373f231e5e2439415ac1d62ec32855fee0fcc8557810abdfcaf15c332b48904d67a93a7a8c592ba0d69a992642ba8dc918d3c9f04d85ba561e3e61e49bfeedc493f03ef4a905733d2f1915c3d9f83bca866a5aaeb2456ef82707d800afe825171347e622e9ad4a1ce3343bd977e69fcfc5469ec86d392a547717ee9aba673fd362939d7b0363a278bf1255d041fd67355,gx-no-cache=1745868838705 HTTP/1.1" 200 30
190.95.2.163 - - [28/Apr/2025:16:31:39 -0300] "POST /cormun/servlet/solicitudot?gx-no-cache=1745868841705 HTTP/1.1" 200 30
190.95.2.163 - - [28/Apr/2025:16:31:41 -0300] "POST /cormun/servlet/solicitudot?gx-no-cache=1745868844141 HTTP/1.1" 200 1481
190.95.2.163 - - [28/Apr/2025:16:31:41 -0300] "POST /cormun/servlet/solicitudot?gx-no-cache=1745868844170 HTTP/1.1" 200 38
192.168.10.21 - - [28/Apr/2025:16:31:56 -0300] "POST /cormun/servlet/trsolicitudgral?1e512855ba7c1fc8f477f12be69236be,,gx-no-cache=1745868872041 HTTP/1.1" 200 5246
192.168.10.21 - - [28/Apr/2025:16:32:00 -0300] "POST /cormun/servlet/trsolicitudgral?1e512855ba7c1fc8f477f12be69236be,,gx-no-cache=1745868875909 HTTP/1.1" 200 5247
192.168.10.21 - - [28/Apr/2025:16:32:16 -0300] "POST /cormun/servlet/trsolicitudgral?1e512855ba7c1fc8f477f12be69236be,,gx-no-cache=1745868892517 HTTP/1.1" 200 6662
192.168.10.21 - - [28/Apr/2025:16:32:23 -0300] "GET /cormun/servlet/vesolicitudgral?2025,22443,, HTTP/1.1" 200 8381
192.168.10.21 - - [28/Apr/2025:16:32:23 -0300] "GET /cormun/static/gxcfg.js?20201215594983 HTTP/1.1" 200 953
192.168.10.21 - - [28/Apr/2025:16:32:23 -0300] "GET /cormun/static/Resources/PXToolsTabFirstSelected.png HTTP/1.1" 200 1270
192.168.10.21 - - [28/Apr/2025:16:32:23 -0300] "GET /cormun/pexe_scrolldiv.js HTTP/1.1" 404 1009
192.168.10.21 - - [28/Apr/2025:16:32:23 -0300] "GET /cormun/static/vesolicitudgral.js?20201215595069 HTTP/1.1" 200 6721
192.168.10.21 - - [28/Apr/2025:16:32:23 -0300] "GET /cormun/static/Resources/PXToolsTabPrevious.gif HTTP/1.1" 200 172
192.168.10.21 - - [28/Apr/2025:16:32:23 -0300] "GET /cormun/static/Resources/PXToolsTabNext.gif HTTP/1.1" 200 168
192.168.10.21 - - [28/Apr/2025:16:32:23 -0300] "GET /cormun/static/hpexe_tabsview.js?2020121447381 HTTP/1.1" 200 1661
192.168.10.21 - - [28/Apr/2025:16:32:23 -0300] "GET /cormun/static/tbsolicitudgral01.js?20199142226376 HTTP/1.1" 200 31320
192.168.10.21 - - [28/Apr/2025:16:32:23 -0300] "GET /cormun/static/hwcviewtabs.js?201991422154026 HTTP/1.1" 200 1074
192.168.10.21 - - [28/Apr/2025:16:32:24 -0300] "GET /cormun/static/Resources/PXToolsTabLastUnselected.png HTTP/1.1" 200 1297
192.168.10.21 - - [28/Apr/2025:16:32:24 -0300] "GET /cormun/static/calendar-system.css HTTP/1.1" 200 5572
192.168.10.21 - - [28/Apr/2025:16:32:24 -0300] "GET /cormun/static/Resources/PXToolsTabBackUnselected.png HTTP/1.1" 200 1175
192.168.10.21 - - [28/Apr/2025:16:32:24 -0300] "GET /cormun/static/Resources/PXToolsTabBackSelected.png HTTP/1.1" 200 1157
192.168.10.21 - - [28/Apr/2025:16:32:24 -0300] "GET /cormun/static/Resources/PXToolsTabSelectedUnselected.png HTTP/1.1" 200 1451
192.168.10.21 - - [28/Apr/2025:16:32:24 -0300] "GET /cormun/static/Resources/PXToolsTabUnselectedUnselected.png HTTP/1.1" 200 1470
192.168.10.21 - - [28/Apr/2025:16:32:34 -0300] "GET /cormun/servlet/vesolicitudgral?2025,22443,,SolicitudOTAdjuntos HTTP/1.1" 200 11059
192.168.10.21 - - [28/Apr/2025:16:32:34 -0300] "GET /cormun/pexe_scrolldiv.js HTTP/1.1" 404 1009
192.168.10.21 - - [28/Apr/2025:16:32:34 -0300] "GET /cormun/static/tbsolicitudgral02.js?202211298373061 HTTP/1.1" 200 13312
192.168.10.21 - - [28/Apr/2025:16:32:34 -0300] "GET /cormun/static/gxui/gxui-all.css HTTP/1.1" 200 2179
192.168.10.21 - - [28/Apr/2025:16:32:34 -0300] "GET /cormun/static/Shared/ext/resources/css/ext-all.css HTTP/1.1" 200 416045
192.168.10.21 - - [28/Apr/2025:16:32:34 -0300] "GET /cormun/static/Resources/PXToolsTabFirstUnselected.png HTTP/1.1" 200 1278
192.168.10.21 - - [28/Apr/2025:16:32:34 -0300] "GET /cormun/static/Resources/PXToolsTabUnselectedSelected.png HTTP/1.1" 200 1458
190.95.67.91 - - [28/Apr/2025:16:32:34 -0300] "GET /cormun/servlet/hlogin HTTP/1.1" 200 1722
190.95.67.91 - - [28/Apr/2025:16:32:34 -0300] "GET /favicon.ico HTTP/1.1" 200 21630
192.168.10.21 - - [28/Apr/2025:16:32:35 -0300] "POST /cormun/servlet/acontrolpreferencessavestate?None,RRHH+DANIELA,true HTTP/1.1" 200 35
192.168.10.21 - - [28/Apr/2025:16:32:37 -0300] "GET /cormun/servlet/vesolicitudgral?2025,22443,,General HTTP/1.1" 200 8383
192.168.10.21 - - [28/Apr/2025:16:32:37 -0300] "GET /cormun/pexe_scrolldiv.js HTTP/1.1" 404 1009
190.95.2.163 - - [28/Apr/2025:16:32:43 -0300] "GET /cormun/servlet/solicitudot?374e3c329c44e17023e3702f1e46d3212d08763f316b2017ce60736225f4c5dcfb05890af6cf9164d2e5a3c93602d0d57f1620f3d4bff2ac9d89ee18bd8e7598fd493a5cdc86ee9c7b7d257a373ef2685e44c47ae7c95e2683860bf8d9c0a846ffd321685e75310e36e0d2ec238c8a8b,gx-no-cache=1745868906105 HTTP/1.1" 200 110
190.95.2.163 - - [28/Apr/2025:16:32:43 -0300] "POST /cormun/servlet/solicitudot?gx-no-cache=1745868906133 HTTP/1.1" 200 79
190.95.67.91 - - [28/Apr/2025:16:32:47 -0300] "POST /cormun/servlet/hlogin?b14d8321e59dd9cac59a734dbba967cf,gx-no-cache=1745868909575 HTTP/1.1" 200 90
190.95.67.91 - - [28/Apr/2025:16:32:47 -0300] "GET /cormun/servlet/hpexe_link HTTP/1.1" 200 950
190.95.67.91 - - [28/Apr/2025:16:32:47 -0300] "GET /cormun/servlet/hhome HTTP/1.1" 200 4232
190.95.2.163 - - [28/Apr/2025:16:32:48 -0300] "GET /cormun/servlet/solicitudot?374e3c329c44e17023e3702f1e46d3218f677162f66bda253204a4242df05149a1ed8b8ac4573e1536a2a55c4bb4481ec7a345fcf9cfecb843724363d58f07938de7524270b98e418f8deb55796a6829b025b440ddcd90992b1c2acb6b136ccbfd39744f2205a874cb62ba854e329ce2,gx-no-cache=1745868910956 HTTP/1.1" 200 29
190.95.2.163 - - [28/Apr/2025:16:32:48 -0300] "GET /cormun/static/menuarrow.gif HTTP/1.1" 404 1015
190.95.67.91 - - [28/Apr/2025:16:32:53 -0300] "GET /cormun/servlet/trlicencias? HTTP/1.1" 200 15419
179.57.78.9 - - [28/Apr/2025:16:33:09 -0300] "GET /cormun/servlet/hlogin HTTP/1.1" 200 1720
179.57.78.9 - - [28/Apr/2025:16:33:12 -0300] "POST /cormun/servlet/hlogin?8c3992cd2d69b7f109bc2c870dfe34a1,gx-no-cache=1745868938969 HTTP/1.1" 200 90
179.57.78.9 - - [28/Apr/2025:16:33:12 -0300] "GET /cormun/servlet/hpexe_link HTTP/1.1" 200 951
179.57.78.9 - - [28/Apr/2025:16:33:12 -0300] "GET /cormun/servlet/hhome HTTP/1.1" 200 4342
179.57.78.9 - - [28/Apr/2025:16:33:13 -0300] "GET /cormun/servlet/trlicencias? HTTP/1.1" 200 11215
190.95.2.163 - - [28/Apr/2025:16:33:59 -0300] "GET /cormun/servlet/solicitudot?374e3c329c44e17023e3702f1e46d321e3986eb26fbf3640d0200bf20921a41431e5536b896729c78e6c36049cf84949,gx-no-cache=1745868981348 HTTP/1.1" 200 30
190.95.2.163 - - [28/Apr/2025:16:34:15 -0300] "POST /cormun/servlet/solicitudot?gx-no-cache=1745868998306 HTTP/1.1" 200 30
190.95.2.163 - - [28/Apr/2025:16:34:23 -0300] "POST /cormun/servlet/solicitudot?5f197d56a1c0bee13f9fe04e7f1671f5,INS,0,0,false,,gx-no-cache=1745869005896 HTTP/1.1" 200 93
190.95.2.163 - - [28/Apr/2025:16:34:23 -0300] "GET /cormun/servlet/hpexe_return? HTTP/1.1" 200 1001
190.95.2.163 - - [28/Apr/2025:16:34:24 -0300] "GET /cormun/servlet/trsolicitudot HTTP/1.1" 200 8612
192.168.10.21 - - [28/Apr/2025:16:36:00 -0300] "GET /cormun/servlet/vesolicitudgral?2025,22443,,SolicitudOTAdjuntos HTTP/1.1" 200 11062
192.168.10.21 - - [28/Apr/2025:16:36:00 -0300] "GET /cormun/pexe_scrolldiv.js HTTP/1.1" 404 1009
192.168.10.21 - - [28/Apr/2025:16:36:01 -0300] "POST /cormun/servlet/acontrolpreferencessavestate?None,RRHH+DANIELA,true HTTP/1.1" 200 35
192.168.10.21 - - [28/Apr/2025:16:36:02 -0300] "GET /cormun/PublicTempStorage/cedula6689713.pdf HTTP/1.1" 200 706651
192.168.10.21 - - [28/Apr/2025:16:36:30 -0300] "GET /cormun/servlet/vesolicitudgral?2025,22443,,SolicitudOTAdjuntos HTTP/1.1" 200 11063
192.168.10.21 - - [28/Apr/2025:16:36:31 -0300] "POST /cormun/servlet/acontrolpreferencessavestate?None,RRHH+DANIELA,true HTTP/1.1" 200 35
192.168.10.21 - - [28/Apr/2025:16:36:32 -0300] "GET /cormun/PublicTempStorage/curriculum1079733.pdf HTTP/1.1" 200 573554
172.104.11.34 - - [28/Apr/2025:16:36:52 -0300] "-" 400 -
172.104.11.34 - - [28/Apr/2025:16:36:52 -0300] "-" 400 -
179.57.78.55 - - [28/Apr/2025:16:37:08 -0300] "GET /cormun/servlet/trlicencias? HTTP/1.1" 200 6046
192.168.10.22 - - [28/Apr/2025:16:37:08 -0300] "GET /cormun/servlet/trsolicitudgral? HTTP/1.1" 200 28023
179.57.78.55 - - [28/Apr/2025:16:37:08 -0300] "GET /cormun/servlet/hlogin HTTP/1.1" 200 1733
179.57.78.55 - - [28/Apr/2025:16:37:13 -0300] "POST /cormun/servlet/hlogin?67321b2641e3f010f62739e85dae5088,gx-no-cache=1745869174803 HTTP/1.1" 200 90
179.57.78.55 - - [28/Apr/2025:16:37:13 -0300] "GET /cormun/servlet/hpexe_link HTTP/1.1" 200 954
179.57.78.55 - - [28/Apr/2025:16:37:13 -0300] "GET /cormun/servlet/trlicencias HTTP/1.1" 200 10391
179.57.78.55 - - [28/Apr/2025:16:37:41 -0300] "GET /cormun/servlet/trlicencias? HTTP/1.1" 200 10389
192.168.10.21 - - [28/Apr/2025:16:38:20 -0300] "GET /cormun/servlet/vesolicitudgral?2025,22443,,SolicitudOTAdjuntos HTTP/1.1" 200 11061
192.168.10.21 - - [28/Apr/2025:16:38:21 -0300] "POST /cormun/servlet/acontrolpreferencessavestate?None,RRHH+DANIELA,true HTTP/1.1" 200 35
192.168.10.21 - - [28/Apr/2025:16:38:22 -0300] "GET /cormun/PublicTempStorage/afp3356147.pdf HTTP/1.1" 200 75034
192.168.10.21 - - [28/Apr/2025:16:38:56 -0300] "GET /cormun/servlet/vesolicitudgral?2025,22443,,SolicitudOTAdjuntos HTTP/1.1" 200 11063
192.168.10.21 - - [28/Apr/2025:16:38:57 -0300] "POST /cormun/servlet/acontrolpreferencessavestate?None,RRHH+DANIELA,true HTTP/1.1" 200 35
192.168.10.21 - - [28/Apr/2025:16:39:19 -0300] "GET /cormun/servlet/vesolicitudgral?2025,22443,,General HTTP/1.1" 200 8383
192.168.10.21 - - [28/Apr/2025:16:39:19 -0300] "GET /cormun/pexe_scrolldiv.js HTTP/1.1" 404 1009
190.95.1.187 - - [28/Apr/2025:16:43:07 -0300] "GET /cormun/servlet/hlogin HTTP/1.1" 200 1719
190.95.1.187 - - [28/Apr/2025:16:43:10 -0300] "POST /cormun/servlet/hlogin?beccd63ed6da1882dff014b0e287b54f,gx-no-cache=1745869532354 HTTP/1.1" 200 90
190.95.1.187 - - [28/Apr/2025:16:43:10 -0300] "GET /cormun/servlet/hpexe_link HTTP/1.1" 200 968
190.95.1.187 - - [28/Apr/2025:16:43:10 -0300] "GET /cormun/servlet/licenciaspermisos?INS,0,,, HTTP/1.1" 200 7631
190.95.1.187 - - [28/Apr/2025:16:43:13 -0300] "GET /cormun/servlet/trlicencias? HTTP/1.1" 200 12879
190.95.1.187 - - [28/Apr/2025:16:43:30 -0300] "GET /cormun/static/menuarrow.gif HTTP/1.1" 404 1015
190.95.1.187 - - [28/Apr/2025:16:43:34 -0300] "POST /cormun/servlet/trlicencias?beccd63ed6da1882dff014b0e287b54f,,gx-no-cache=1745869555828 HTTP/1.1" 200 14801
200.126.116.145 - - [28/Apr/2025:16:43:39 -0300] "GET /cormun/servlet/trsolicitudot? HTTP/1.1" 200 7802
200.126.116.145 - - [28/Apr/2025:16:43:39 -0300] "GET /cormun/servlet/hlogin HTTP/1.1" 200 1728
192.168.10.21 - - [28/Apr/2025:16:43:52 -0300] "GET /cormun/servlet/trsolicitudgral? HTTP/1.1" 200 9737
192.168.10.21 - - [28/Apr/2025:16:43:58 -0300] "POST /cormun/servlet/trsolicitudgral?1e512855ba7c1fc8f477f12be69236be,,gx-no-cache=1745869594018 HTTP/1.1" 200 5256
192.168.10.21 - - [28/Apr/2025:16:44:02 -0300] "GET /cormun/static/menuarrow.gif HTTP/1.1" 404 1015
192.168.10.21 - - [28/Apr/2025:16:44:05 -0300] "POST /cormun/servlet/trsolicitudgral?1e512855ba7c1fc8f477f12be69236be,,gx-no-cache=1745869601011 HTTP/1.1" 200 5258
192.168.10.21 - - [28/Apr/2025:16:44:10 -0300] "POST /cormun/servlet/trsolicitudgral?1e512855ba7c1fc8f477f12be69236be,,gx-no-cache=1745869605482 HTTP/1.1" 200 25631
192.168.10.21 - - [28/Apr/2025:16:44:10 -0300] "GET /cormun/static/Resources/PXToolsGridNext.gif HTTP/1.1" 200 369
192.168.10.21 - - [28/Apr/2025:16:44:10 -0300] "GET /cormun/static/Resources/PXToolsGridLast.gif HTTP/1.1" 200 370
192.168.10.21 - - [28/Apr/2025:16:44:20 -0300] "GET /cormun/servlet/vesolicitudgral?2025,22512,, HTTP/1.1" 200 8407
192.168.10.21 - - [28/Apr/2025:16:44:20 -0300] "GET /cormun/pexe_scrolldiv.js HTTP/1.1" 404 1009
200.126.116.145 - - [28/Apr/2025:16:44:36 -0300] "POST /cormun/servlet/hlogin?c73a3f63b3034d793098bb1cf14933e9,gx-no-cache=1745869618462 HTTP/1.1" 200 90
200.126.116.145 - - [28/Apr/2025:16:44:36 -0300] "GET /cormun/servlet/hpexe_link HTTP/1.1" 200 948
200.126.116.145 - - [28/Apr/2025:16:44:36 -0300] "GET /cormun/servlet/trsolicitudot HTTP/1.1" 200 8804
200.126.116.145 - - [28/Apr/2025:16:44:41 -0300] "POST /cormun/servlet/trsolicitudot?c73a3f63b3034d793098bb1cf14933e9,gx-no-cache=1745869623008 HTTP/1.1" 200 106
200.126.116.145 - - [28/Apr/2025:16:44:41 -0300] "GET /cormun/servlet/trsolicitudadjuntos?2025,22514, HTTP/1.1" 200 10488
200.126.116.145 - - [28/Apr/2025:16:44:43 -0300] "GET /cormun/servlet/solicitudotadjuntos?INS,2025,22514,,1, HTTP/1.1" 200 6367
200.126.116.145 - - [28/Apr/2025:16:44:43 -0300] "GET /cormun/static/about:blank HTTP/1.1" 404 1011
200.126.116.145 - - [28/Apr/2025:16:44:44 -0300] "GET /cormun/servlet/solicitudotadjuntos?a0757c95928fe90c7ee087754d7982fb2e8b26fe965026aad785bfe5f7f041ac043b33d9654b3593b7850ebcc0e157d7,gx-no-cache=1745869625904 HTTP/1.1" 200 30
200.126.116.145 - - [28/Apr/2025:16:44:44 -0300] "POST /cormun/servlet/solicitudotadjuntos?c73a3f63b3034d793098bb1cf14933e9,INS,2025,22514,,1,,gx-no-cache=1745869625929 HTTP/1.1" 200 4139
200.126.116.145 - - [28/Apr/2025:16:44:47 -0300] "POST /cormun/servlet/solicitudotadjuntos?gx-no-cache=1745869629717 HTTP/1.1" 200 26
192.168.10.21 - - [28/Apr/2025:16:44:55 -0300] "GET /cormun/servlet/trsolicitudgral? HTTP/1.1" 200 28023
190.95.2.163 - - [28/Apr/2025:16:45:03 -0300] "POST /cormun/servlet/trsolicitudot?5f197d56a1c0bee13f9fe04e7f1671f5,gx-no-cache=1745869645454 HTTP/1.1" 200 107
190.95.2.163 - - [28/Apr/2025:16:45:03 -0300] "GET /cormun/servlet/trsolicitudadjuntos?2025,22516, HTTP/1.1" 200 6098
190.95.2.163 - - [28/Apr/2025:16:45:06 -0300] "GET /cormun/servlet/solicitudotadjuntos?INS,2025,22516,,1, HTTP/1.1" 200 6043
190.95.2.163 - - [28/Apr/2025:16:45:06 -0300] "GET /cormun/static/about:blank HTTP/1.1" 404 1011
190.95.2.163 - - [28/Apr/2025:16:45:06 -0300] "GET /cormun/servlet/solicitudotadjuntos?374e3c329c44e17023e3702f1e46d321fce8e922a5b49e0ec6736538e746a052bdf523daca9d782549af038e0167639b,gx-no-cache=1745869649307 HTTP/1.1" 200 30
190.95.2.163 - - [28/Apr/2025:16:45:07 -0300] "POST /cormun/servlet/solicitudotadjuntos?5f197d56a1c0bee13f9fe04e7f1671f5,INS,2025,22516,,1,,gx-no-cache=1745869649321 HTTP/1.1" 200 3864
190.95.2.163 - - [28/Apr/2025:16:45:12 -0300] "POST /cormun/servlet/solicitudotadjuntos?gx-no-cache=1745869654567 HTTP/1.1" 200 26
200.126.116.145 - - [28/Apr/2025:16:45:14 -0300] "GET /cormun/servlet/solicitudotadjuntos?a0757c95928fe90c7ee087754d7982fbefbcc5b14f7391a236490dc1fe4c38ff,gx-no-cache=1745869655789 HTTP/1.1" 200 30
200.126.116.145 - - [28/Apr/2025:16:45:14 -0300] "GET /cormun/servlet/solicitudotadjuntos?a0757c95928fe90c7ee087754d7982fbefbcc5b14f7391a236490dc1fe4c38ff,gx-no-cache=1745869655806 HTTP/1.1" 200 30
200.126.116.145 - - [28/Apr/2025:16:45:14 -0300] "POST /cormun/servlet/solicitudotadjuntos?c73a3f63b3034d793098bb1cf14933e9,INS,2025,22514,,1, HTTP/1.1" 200 116
200.126.116.145 - - [28/Apr/2025:16:45:14 -0300] "GET /cormun/servlet/hpexe_return? HTTP/1.1" 200 1017
200.126.116.145 - - [28/Apr/2025:16:45:14 -0300] "GET /cormun/servlet/trsolicitudadjuntos?2025,22514, HTTP/1.1" 200 10668
179.57.78.55 - - [28/Apr/2025:16:45:29 -0300] "GET /cormun/servlet/trpermisosgoce? HTTP/1.1" 200 17700
190.95.2.163 - - [28/Apr/2025:16:45:34 -0300] "GET /cormun/servlet/solicitudotadjuntos?374e3c329c44e17023e3702f1e46d3213a5c1b348c86915eecc1224965565cd6,gx-no-cache=1745869676845 HTTP/1.1" 200 30
190.95.2.163 - - [28/Apr/2025:16:45:34 -0300] "GET /cormun/servlet/solicitudotadjuntos?374e3c329c44e17023e3702f1e46d3213a5c1b348c86915eecc1224965565cd6,gx-no-cache=1745869676863 HTTP/1.1" 200 30
190.95.2.163 - - [28/Apr/2025:16:45:34 -0300] "POST /cormun/servlet/solicitudotadjuntos?5f197d56a1c0bee13f9fe04e7f1671f5,INS,2025,22516,,1, HTTP/1.1" 200 116
190.95.2.163 - - [28/Apr/2025:16:45:34 -0300] "GET /cormun/servlet/hpexe_return? HTTP/1.1" 200 1019
190.95.2.163 - - [28/Apr/2025:16:45:34 -0300] "GET /cormun/servlet/trsolicitudadjuntos?2025,22516, HTTP/1.1" 200 9100
179.57.78.55 - - [28/Apr/2025:16:45:37 -0300] "GET /cormun/servlet/trpermisosgoce? HTTP/1.1" 200 17701
190.95.2.163 - - [28/Apr/2025:16:45:37 -0300] "GET /cormun/servlet/solicitudotadjuntos?INS,2025,22516,,1, HTTP/1.1" 200 6043
190.95.2.163 - - [28/Apr/2025:16:45:38 -0300] "GET /cormun/static/about:blank HTTP/1.1" 404 1011
190.95.2.163 - - [28/Apr/2025:16:45:38 -0300] "GET /cormun/servlet/solicitudotadjuntos?374e3c329c44e17023e3702f1e46d321fce8e922a5b49e0ec6736538e746a052bdf523daca9d782549af038e0167639b,gx-no-cache=1745869680958 HTTP/1.1" 200 30
190.95.2.163 - - [28/Apr/2025:16:45:38 -0300] "POST /cormun/servlet/solicitudotadjuntos?5f197d56a1c0bee13f9fe04e7f1671f5,INS,2025,22516,,1,,gx-no-cache=1745869680972 HTTP/1.1" 200 3864
190.95.2.163 - - [28/Apr/2025:16:45:42 -0300] "POST /cormun/servlet/solicitudotadjuntos?gx-no-cache=1745869684935 HTTP/1.1" 200 26
192.168.10.21 - - [28/Apr/2025:16:45:48 -0300] "POST /cormun/servlet/trsolicitudgral?1e512855ba7c1fc8f477f12be69236be,,gx-no-cache=1745869704117 HTTP/1.1" 200 7291
192.168.10.21 - - [28/Apr/2025:16:45:54 -0300] "POST /cormun/servlet/trsolicitudgral?1e512855ba7c1fc8f477f12be69236be,,gx-no-cache=1745869710548 HTTP/1.1" 200 5490
192.168.10.21 - - [28/Apr/2025:16:45:55 -0300] "GET /cormun/static/Shared/jqueryui/images/ui-bg_highlight-soft_100_c6c2c8_1x100.png HTTP/1.1" 404 1117
192.168.10.21 - - [28/Apr/2025:16:45:55 -0300] "GET /cormun/static/Shared/jqueryui/images/ui-icons_82798d_256x240.png HTTP/1.1" 404 1089
192.168.10.21 - - [28/Apr/2025:16:45:55 -0300] "GET /cormun/static/Shared/jqueryui/images/ui-bg_flat_55_fafafa_40x100.png HTTP/1.1" 404 1097
192.168.10.21 - - [28/Apr/2025:16:45:55 -0300] "GET /cormun/static/Shared/jqueryui/images/ui-icons_8d78a5_256x240.png HTTP/1.1" 404 1089
192.168.10.21 - - [28/Apr/2025:16:45:56 -0300] "GET /cormun/servlet/trautorizarot? HTTP/1.1" 200 11133
192.168.10.21 - - [28/Apr/2025:16:45:57 -0300] "GET /cormun/static/gxui/gxui-all.css?120300 HTTP/1.1" 200 2179
192.168.10.21 - - [28/Apr/2025:16:45:57 -0300] "GET /cormun/static/calendar-system.css?85620 HTTP/1.1" 200 5572
192.168.10.21 - - [28/Apr/2025:16:45:57 -0300] "GET /cormun/static/gxcfg.js?202012169508 HTTP/1.1" 200 953
192.168.10.21 - - [28/Apr/2025:16:45:57 -0300] "GET /cormun/static/Shared/ext/resources/css/ext-all.css?215870 HTTP/1.1" 200 416045
192.168.10.21 - - [28/Apr/2025:16:45:57 -0300] "GET /cormun/static/trautorizarot.js?2020121695965 HTTP/1.1" 200 53844
192.168.10.21 - - [28/Apr/2025:16:45:57 -0300] "GET /cormun//static/Resources/PXToolsDataSearchRemember.gif HTTP/1.1" 200 1153
190.95.2.163 - - [28/Apr/2025:16:45:58 -0300] "GET /cormun/servlet/solicitudotadjuntos?374e3c329c44e17023e3702f1e46d3213a5c1b348c86915eecc1224965565cd6,gx-no-cache=1745869700900 HTTP/1.1" 200 30
190.95.2.163 - - [28/Apr/2025:16:45:58 -0300] "GET /cormun/servlet/solicitudotadjuntos?374e3c329c44e17023e3702f1e46d3213a5c1b348c86915eecc1224965565cd6,gx-no-cache=1745869700911 HTTP/1.1" 200 30
190.95.2.163 - - [28/Apr/2025:16:45:59 -0300] "POST /cormun/servlet/solicitudotadjuntos?5f197d56a1c0bee13f9fe04e7f1671f5,INS,2025,22516,,1, HTTP/1.1" 200 116
190.95.2.163 - - [28/Apr/2025:16:45:59 -0300] "GET /cormun/servlet/hpexe_return? HTTP/1.1" 200 1019
190.95.2.163 - - [28/Apr/2025:16:45:59 -0300] "GET /cormun/servlet/trsolicitudadjuntos?2025,22516, HTTP/1.1" 200 9354
190.95.2.163 - - [28/Apr/2025:16:46:01 -0300] "GET /cormun/servlet/solicitudotadjuntos?INS,2025,22516,,1, HTTP/1.1" 200 6043
190.95.2.163 - - [28/Apr/2025:16:46:01 -0300] "GET /cormun/static/about:blank HTTP/1.1" 404 1011
190.95.2.163 - - [28/Apr/2025:16:46:02 -0300] "GET /cormun/servlet/solicitudotadjuntos?374e3c329c44e17023e3702f1e46d321fce8e922a5b49e0ec6736538e746a052bdf523daca9d782549af038e0167639b,gx-no-cache=1745869704706 HTTP/1.1" 200 30
190.95.2.163 - - [28/Apr/2025:16:46:02 -0300] "POST /cormun/servlet/solicitudotadjuntos?5f197d56a1c0bee13f9fe04e7f1671f5,INS,2025,22516,,1,,gx-no-cache=1745869704719 HTTP/1.1" 200 3864
192.168.10.22 - - [28/Apr/2025:16:46:04 -0300] "POST /cormun/servlet/trsolicitudgral?c35c14d855860ff1bb3d4731cac12417,,gx-no-cache=1745869720062 HTTP/1.1" 200 25746
192.168.10.21 - - [28/Apr/2025:16:46:04 -0300] "POST /cormun/servlet/trautorizarot?1e512855ba7c1fc8f477f12be69236be,,gx-no-cache=1745869720381 HTTP/1.1" 200 7496
192.168.10.22 - - [28/Apr/2025:16:46:05 -0300] "GET /cormun/static/Shared/jqueryui/images/ui-icons_82798d_256x240.png HTTP/1.1" 404 1089
192.168.10.22 - - [28/Apr/2025:16:46:05 -0300] "GET /cormun/static/Shared/jqueryui/images/ui-bg_highlight-soft_100_c6c2c8_1x100.png HTTP/1.1" 404 1117
192.168.10.22 - - [28/Apr/2025:16:46:05 -0300] "GET /cormun/static/Shared/jqueryui/images/ui-icons_8d78a5_256x240.png HTTP/1.1" 404 1089
192.168.10.22 - - [28/Apr/2025:16:46:05 -0300] "GET /cormun/static/Shared/jqueryui/images/ui-bg_flat_55_fafafa_40x100.png HTTP/1.1" 404 1097
190.95.2.163 - - [28/Apr/2025:16:46:07 -0300] "POST /cormun/servlet/solicitudotadjuntos?gx-no-cache=1745869709587 HTTP/1.1" 200 26
192.168.10.22 - - [28/Apr/2025:16:46:07 -0300] "GET /cormun/servlet/trautorizarot? HTTP/1.1" 200 10497
192.168.10.21 - - [28/Apr/2025:16:46:09 -0300] "GET /cormun/servlet/trsolicitudgral? HTTP/1.1" 200 8322
192.168.10.22 - - [28/Apr/2025:16:46:12 -0300] "POST /cormun/servlet/trautorizarot?c35c14d855860ff1bb3d4731cac12417,,gx-no-cache=1745869728382 HTTP/1.1" 200 7074
192.168.10.21 - - [28/Apr/2025:16:46:13 -0300] "POST /cormun/servlet/trsolicitudgral?1e512855ba7c1fc8f477f12be69236be,,gx-no-cache=1745869729011 HTTP/1.1" 200 25710
179.57.78.9 - - [28/Apr/2025:16:46:16 -0300] "GET /cormun/servlet/hlogin HTTP/1.1" 200 1720
179.57.78.9 - - [28/Apr/2025:16:46:19 -0300] "POST /cormun/servlet/hlogin?8c3992cd2d69b7f109bc2c870dfe34a1,gx-no-cache=1745869725962 HTTP/1.1" 200 90
179.57.78.9 - - [28/Apr/2025:16:46:19 -0300] "GET /cormun/servlet/hpexe_link HTTP/1.1" 200 956
179.57.78.9 - - [28/Apr/2025:16:46:19 -0300] "GET /cormun/servlet/trlicencias HTTP/1.1" 200 11209
190.95.2.163 - - [28/Apr/2025:16:46:25 -0300] "GET /cormun/servlet/solicitudotadjuntos?374e3c329c44e17023e3702f1e46d3213a5c1b348c86915eecc1224965565cd6,gx-no-cache=1745869727331 HTTP/1.1" 200 30
190.95.2.163 - - [28/Apr/2025:16:46:25 -0300] "GET /cormun/servlet/solicitudotadjuntos?374e3c329c44e17023e3702f1e46d3213a5c1b348c86915eecc1224965565cd6,gx-no-cache=1745869727342 HTTP/1.1" 200 30
190.95.2.163 - - [28/Apr/2025:16:46:25 -0300] "POST /cormun/servlet/solicitudotadjuntos?5f197d56a1c0bee13f9fe04e7f1671f5,INS,2025,22516,,1, HTTP/1.1" 200 116
190.95.2.163 - - [28/Apr/2025:16:46:25 -0300] "GET /cormun/servlet/hpexe_return? HTTP/1.1" 200 1019
190.95.2.163 - - [28/Apr/2025:16:46:25 -0300] "GET /cormun/servlet/trsolicitudadjuntos?2025,22516, HTTP/1.1" 200 9569
190.95.2.163 - - [28/Apr/2025:16:46:28 -0300] "GET /cormun/servlet/solicitudotadjuntos?INS,2025,22516,,1, HTTP/1.1" 200 6043
190.95.2.163 - - [28/Apr/2025:16:46:28 -0300] "GET /cormun/static/about:blank HTTP/1.1" 404 1011
190.95.2.163 - - [28/Apr/2025:16:46:29 -0300] "GET /cormun/servlet/solicitudotadjuntos?374e3c329c44e17023e3702f1e46d321fce8e922a5b49e0ec6736538e746a052bdf523daca9d782549af038e0167639b,gx-no-cache=1745869731589 HTTP/1.1" 200 30
190.95.2.163 - - [28/Apr/2025:16:46:29 -0300] "POST /cormun/servlet/solicitudotadjuntos?5f197d56a1c0bee13f9fe04e7f1671f5,INS,2025,22516,,1,,gx-no-cache=1745869731602 HTTP/1.1" 200 3864
190.95.2.163 - - [28/Apr/2025:16:46:34 -0300] "POST /cormun/servlet/solicitudotadjuntos?gx-no-cache=1745869737131 HTTP/1.1" 200 26
192.168.10.21 - - [28/Apr/2025:16:46:59 -0300] "POST /cormun/servlet/trsolicitudgral?1e512855ba7c1fc8f477f12be69236be,,gx-no-cache=1745869775046 HTTP/1.1" 200 25609
201.186.225.249 - - [28/Apr/2025:16:47:01 -0300] "POST /cormun/servlet/solicitudot?gx-no-cache=1745869762989 HTTP/1.1" 200 30
190.121.111.10 - - [28/Apr/2025:16:47:02 -0300] "GET /cormun/servlet/hlogin HTTP/1.1" 200 1721
190.121.111.10 - - [28/Apr/2025:16:47:06 -0300] "POST /cormun/servlet/hlogin?a5088b1d66f369b3510239521d67388d,gx-no-cache=1745869782081 HTTP/1.1" 200 90
190.121.111.10 - - [28/Apr/2025:16:47:06 -0300] "GET /cormun/servlet/hpexe_link HTTP/1.1" 200 952
190.121.111.10 - - [28/Apr/2025:16:47:07 -0300] "GET /cormun/servlet/hhome HTTP/1.1" 200 3819
201.186.225.249 - - [28/Apr/2025:16:47:09 -0300] "POST /cormun/servlet/solicitudot?gx-no-cache=1745869771815 HTTP/1.1" 200 1482
201.186.225.249 - - [28/Apr/2025:16:47:09 -0300] "POST /cormun/servlet/solicitudot?gx-no-cache=1745869771872 HTTP/1.1" 200 41
201.186.225.249 - - [28/Apr/2025:16:47:09 -0300] "GET /cormun/servlet/solicitudot?09e43fa03670a4f18963e8904d0c8d7fbf5cb56bb3566dcd46f4314c49c2ca4d374d0c50d8282ac80ddfeb7ca8bb263105c20a784f90c9a6f07bcf3870d64d7d83b2719df7169ec9cbc6f059bb124332e6b827356b30d74f6b6b268b4ec300bd23686ae3a95d0dd40960b4b4e62be339,gx-no-cache=1745869771912 HTTP/1.1" 200 110
201.186.225.249 - - [28/Apr/2025:16:47:09 -0300] "POST /cormun/servlet/solicitudot?gx-no-cache=1745869771962 HTTP/1.1" 200 64
201.186.225.249 - - [28/Apr/2025:16:47:10 -0300] "GET /cormun/servlet/solicitudot?09e43fa03670a4f18963e8904d0c8d7f8eab4fa6355eb179694ae3237715e500bfad8dc56210be6ec97e5d30f82548c9,gx-no-cache=1745869771995 HTTP/1.1" 200 30
190.121.111.10 - - [28/Apr/2025:16:47:10 -0300] "GET /cormun/servlet/trautorizarot? HTTP/1.1" 200 10511
201.186.225.249 - - [28/Apr/2025:16:47:10 -0300] "POST /cormun/servlet/solicitudot?gx-no-cache=1745869772036 HTTP/1.1" 200 30
201.186.225.249 - - [28/Apr/2025:16:47:10 -0300] "POST /cormun/servlet/solicitudot?7a117aa93e52b79530e71122aed8cc55,INS,0,0,false,,gx-no-cache=1745869772105 HTTP/1.1" 200 13431
201.186.225.249 - - [28/Apr/2025:16:47:10 -0300] "GET /cormun/static/Shared/jqueryui/images/ui-bg_flat_55_994d53_40x100.png HTTP/1.1" 404 1097
201.186.225.249 - - [28/Apr/2025:16:47:10 -0300] "GET /cormun/static/Shared/jqueryui/images/ui-icons_ebccce_256x240.png HTTP/1.1" 404 1089
201.186.225.249 - - [28/Apr/2025:16:47:17 -0300] "POST /cormun/servlet/solicitudot?gx-no-cache=1745869779389 HTTP/1.1" 200 30
190.121.111.10 - - [28/Apr/2025:16:47:17 -0300] "POST /cormun/servlet/trautorizarot?a5088b1d66f369b3510239521d67388d,,gx-no-cache=1745869793028 HTTP/1.1" 200 7072
201.186.225.249 - - [28/Apr/2025:16:47:30 -0300] "POST /cormun/servlet/solicitudot?gx-no-cache=1745869792182 HTTP/1.1" 200 1482
201.186.225.249 - - [28/Apr/2025:16:47:30 -0300] "POST /cormun/servlet/solicitudot?gx-no-cache=1745869792212 HTTP/1.1" 200 41
201.186.225.249 - - [28/Apr/2025:16:47:30 -0300] "GET /cormun/servlet/solicitudot?09e43fa03670a4f18963e8904d0c8d7fbf5cb56bb3566dcd46f4314c49c2ca4d374d0c50d8282ac80ddfeb7ca8bb263105c20a784f90c9a6f07bcf3870d64d7d83b2719df7169ec9cbc6f059bb124332e6b827356b30d74f6b6b268b4ec300bd23686ae3a95d0dd40960b4b4e62be339,gx-no-cache=1745869792231 HTTP/1.1" 200 110
201.186.225.249 - - [28/Apr/2025:16:47:30 -0300] "POST /cormun/servlet/solicitudot?gx-no-cache=1745869792252 HTTP/1.1" 200 64
201.186.225.249 - - [28/Apr/2025:16:47:30 -0300] "GET /cormun/servlet/solicitudot?09e43fa03670a4f18963e8904d0c8d7f8eab4fa6355eb179694ae3237715e500bfad8dc56210be6ec97e5d30f82548c9,gx-no-cache=1745869792283 HTTP/1.1" 200 30
201.186.225.249 - - [28/Apr/2025:16:47:30 -0300] "POST /cormun/servlet/solicitudot?gx-no-cache=1745869792301 HTTP/1.1" 200 30
201.186.225.249 - - [28/Apr/2025:16:47:30 -0300] "POST /cormun/servlet/solicitudot?7a117aa93e52b79530e71122aed8cc55,INS,0,0,false,,gx-no-cache=1745869792324 HTTP/1.1" 200 93
201.186.225.249 - - [28/Apr/2025:16:47:30 -0300] "GET /cormun/servlet/hpexe_return? HTTP/1.1" 200 1011
201.186.225.249 - - [28/Apr/2025:16:47:30 -0300] "GET /cormun/servlet/trsolicitudot HTTP/1.1" 200 8810
190.121.111.10 - - [28/Apr/2025:16:47:34 -0300] "GET /cormun/servlet/trsolicitudgral? HTTP/1.1" 200 28024
201.186.225.249 - - [28/Apr/2025:16:47:37 -0300] "POST /cormun/servlet/trsolicitudot?7a117aa93e52b79530e71122aed8cc55,gx-no-cache=1745869799264 HTTP/1.1" 200 107
201.186.225.249 - - [28/Apr/2025:16:47:37 -0300] "GET /cormun/servlet/trsolicitudadjuntos?2025,22517, HTTP/1.1" 200 6410
201.186.225.249 - - [28/Apr/2025:16:47:37 -0300] "GET /cormun/static/gxcfg.js?20201215574222 HTTP/1.1" 200 953
201.186.225.249 - - [28/Apr/2025:16:47:37 -0300] "GET /cormun/static/trsolicitudadjuntos.js?20201215574932 HTTP/1.1" 200 17921
201.186.225.249 - - [28/Apr/2025:16:47:37 -0300] "GET /cormun/static/Resources/PXToolsGridNew.png HTTP/1.1" 200 427
201.186.225.249 - - [28/Apr/2025:16:47:39 -0300] "GET /cormun/servlet/solicitudotadjuntos?INS,2025,22517,,1, HTTP/1.1" 200 6358
201.186.225.249 - - [28/Apr/2025:16:47:39 -0300] "GET /cormun/static/gxcfg.js?202211298385187 HTTP/1.1" 200 953
201.186.225.249 - - [28/Apr/2025:16:47:39 -0300] "GET /cormun/static/solicitudotadjuntos.js?202211298385196 HTTP/1.1" 200 11771
201.186.225.249 - - [28/Apr/2025:16:47:39 -0300] "GET /cormun/static/about:blank HTTP/1.1" 404 1011
201.186.225.249 - - [28/Apr/2025:16:47:39 -0300] "GET /cormun/servlet/solicitudotadjuntos?09e43fa03670a4f18963e8904d0c8d7f5cddb813935a724d94081b399e388eb3149036753e12087a0280de1a8a82433c,gx-no-cache=1745869801942 HTTP/1.1" 200 30
201.186.225.249 - - [28/Apr/2025:16:47:40 -0300] "POST /cormun/servlet/solicitudotadjuntos?7a117aa93e52b79530e71122aed8cc55,INS,2025,22517,,1,,gx-no-cache=1745869801959 HTTP/1.1" 200 4198
201.186.225.249 - - [28/Apr/2025:16:47:41 -0300] "POST /cormun/servlet/solicitudotadjuntos?gx-no-cache=1745869803813 HTTP/1.1" 200 26
190.95.2.163 - - [28/Apr/2025:16:47:43 -0300] "POST /cormun/servlet/solicitudotadjuntos?gx-no-cache=1745869805900 HTTP/1.1" 200 26
200.126.116.145 - - [28/Apr/2025:16:47:44 -0300] "GET /cormun/servlet/trsolicitudot? HTTP/1.1" 200 8809
200.126.116.145 - - [28/Apr/2025:16:47:52 -0300] "POST /cormun/servlet/trsolicitudot?c73a3f63b3034d793098bb1cf14933e9,,gx-no-cache=1745869814271 HTTP/1.1" 200 4592
200.126.116.145 - - [28/Apr/2025:16:47:52 -0300] "GET /cormun/static/Shared/jqueryui/images/ui-icons_82798d_256x240.png HTTP/1.1" 404 1089
200.126.116.145 - - [28/Apr/2025:16:47:52 -0300] "GET /cormun/static/Shared/jqueryui/images/ui-bg_highlight-soft_100_c6c2c8_1x100.png HTTP/1.1" 404 1117
200.126.116.145 - - [28/Apr/2025:16:47:52 -0300] "GET /cormun/static/Shared/jqueryui/images/ui-icons_8d78a5_256x240.png HTTP/1.1" 404 1089
200.126.116.145 - - [28/Apr/2025:16:47:52 -0300] "GET /cormun/static/Shared/jqueryui/images/ui-bg_flat_55_fafafa_40x100.png HTTP/1.1" 404 1097
200.126.116.145 - - [28/Apr/2025:16:47:52 -0300] "POST /cormun/servlet/trsolicitudot?c73a3f63b3034d793098bb1cf14933e9,,gx-no-cache=1745869814403 HTTP/1.1" 200 4353
200.126.116.145 - - [28/Apr/2025:16:47:55 -0300] "GET /cormun/servlet/trautorizarsolicitud? HTTP/1.1" 200 8827
200.126.116.145 - - [28/Apr/2025:16:47:57 -0300] "POST /cormun/servlet/trautorizarsolicitud?c73a3f63b3034d793098bb1cf14933e9,,gx-no-cache=1745869819231 HTTP/1.1" 200 4772
200.126.116.145 - - [28/Apr/2025:16:47:57 -0300] "POST /cormun/servlet/trautorizarsolicitud?c73a3f63b3034d793098bb1cf14933e9,,gx-no-cache=1745869819365 HTTP/1.1" 200 4533
192.168.10.22 - - [28/Apr/2025:16:48:00 -0300] "GET /cormun/servlet/trsolicitudgral? HTTP/1.1" 200 28103
190.95.2.163 - - [28/Apr/2025:16:48:08 -0300] "GET /cormun/servlet/solicitudotadjuntos?374e3c329c44e17023e3702f1e46d3213a5c1b348c86915eecc1224965565cd6,gx-no-cache=1745869831029 HTTP/1.1" 200 30
190.95.2.163 - - [28/Apr/2025:16:48:08 -0300] "GET /cormun/servlet/solicitudotadjuntos?374e3c329c44e17023e3702f1e46d3213a5c1b348c86915eecc1224965565cd6,gx-no-cache=1745869831046 HTTP/1.1" 200 30
190.95.2.163 - - [28/Apr/2025:16:48:08 -0300] "POST /cormun/servlet/solicitudotadjuntos?5f197d56a1c0bee13f9fe04e7f1671f5,INS,2025,22516,,1, HTTP/1.1" 200 116
190.95.2.163 - - [28/Apr/2025:16:48:08 -0300] "GET /cormun/servlet/hpexe_return? HTTP/1.1" 200 1019
190.95.2.163 - - [28/Apr/2025:16:48:09 -0300] "GET /cormun/servlet/trsolicitudadjuntos?2025,22516, HTTP/1.1" 200 9841
190.95.2.163 - - [28/Apr/2025:16:48:11 -0300] "GET /cormun/servlet/solicitudotadjuntos?INS,2025,22516,,1, HTTP/1.1" 200 6043
190.95.2.163 - - [28/Apr/2025:16:48:12 -0300] "GET /cormun/static/about:blank HTTP/1.1" 404 1011
190.95.2.163 - - [28/Apr/2025:16:48:12 -0300] "GET /cormun/servlet/solicitudotadjuntos?374e3c329c44e17023e3702f1e46d321fce8e922a5b49e0ec6736538e746a052bdf523daca9d782549af038e0167639b,gx-no-cache=1745869834925 HTTP/1.1" 200 30
190.95.2.163 - - [28/Apr/2025:16:48:12 -0300] "POST /cormun/servlet/solicitudotadjuntos?5f197d56a1c0bee13f9fe04e7f1671f5,INS,2025,22516,,1,,gx-no-cache=1745869834938 HTTP/1.1" 200 3864
190.95.2.163 - - [28/Apr/2025:16:48:16 -0300] "POST /cormun/servlet/solicitudotadjuntos?gx-no-cache=1745869838707 HTTP/1.1" 200 26
201.186.225.249 - - [28/Apr/2025:16:48:18 -0300] "GET /cormun/servlet/solicitudotadjuntos?09e43fa03670a4f18963e8904d0c8d7f45d05d800b5b3bddb29fd841ff6402e5,gx-no-cache=1745869840580 HTTP/1.1" 200 30
201.186.225.249 - - [28/Apr/2025:16:48:18 -0300] "GET /cormun/servlet/solicitudotadjuntos?09e43fa03670a4f18963e8904d0c8d7f45d05d800b5b3bddb29fd841ff6402e5,gx-no-cache=1745869840602 HTTP/1.1" 200 30
201.186.225.249 - - [28/Apr/2025:16:48:19 -0300] "POST /cormun/servlet/solicitudotadjuntos?7a117aa93e52b79530e71122aed8cc55,INS,2025,22517,,1, HTTP/1.1" 200 6659
201.186.225.249 - - [28/Apr/2025:16:48:19 -0300] "GET /cormun/static/Shared/jqueryui/images/ui-bg_highlight-soft_100_c6c2c8_1x100.png HTTP/1.1" 404 1117
201.186.225.249 - - [28/Apr/2025:16:48:19 -0300] "GET /cormun/static/Shared/jqueryui/images/ui-bg_flat_55_994d53_40x100.png HTTP/1.1" 404 1097
201.186.225.249 - - [28/Apr/2025:16:48:19 -0300] "GET /cormun/static/Shared/jqueryui/images/ui-icons_ebccce_256x240.png HTTP/1.1" 404 1089
201.186.225.249 - - [28/Apr/2025:16:48:19 -0300] "GET /cormun/static/Shared/jqueryui/images/ui-icons_82798d_256x240.png HTTP/1.1" 404 1089
201.186.225.249 - - [28/Apr/2025:16:48:20 -0300] "GET /cormun/PrivateTempStorage/upload_00000286.jpeg HTTP/1.1" 200 4099972
179.57.78.55 - - [28/Apr/2025:16:48:33 -0300] "GET /cormun/servlet/permisogoce?INS,0,,, HTTP/1.1" 200 6842
190.95.2.163 - - [28/Apr/2025:16:48:33 -0300] "GET /cormun/servlet/solicitudotadjuntos?374e3c329c44e17023e3702f1e46d3213a5c1b348c86915eecc1224965565cd6,gx-no-cache=1745869856134 HTTP/1.1" 200 30
190.95.2.163 - - [28/Apr/2025:16:48:33 -0300] "GET /cormun/servlet/solicitudotadjuntos?374e3c329c44e17023e3702f1e46d3213a5c1b348c86915eecc1224965565cd6,gx-no-cache=1745869856146 HTTP/1.1" 200 30
190.121.111.10 - - [28/Apr/2025:16:48:34 -0300] "POST /cormun/servlet/trsolicitudgral?a5088b1d66f369b3510239521d67388d,,gx-no-cache=1745869869638 HTTP/1.1" 200 6659
190.95.2.163 - - [28/Apr/2025:16:48:34 -0300] "POST /cormun/servlet/solicitudotadjuntos?5f197d56a1c0bee13f9fe04e7f1671f5,INS,2025,22516,,1, HTTP/1.1" 200 116
190.95.2.163 - - [28/Apr/2025:16:48:34 -0300] "GET /cormun/servlet/hpexe_return? HTTP/1.1" 200 1019
190.95.2.163 - - [28/Apr/2025:16:48:34 -0300] "GET /cormun/servlet/trsolicitudadjuntos?2025,22516, HTTP/1.1" 200 10102
201.186.225.249 - - [28/Apr/2025:16:48:39 -0300] "POST /cormun/servlet/solicitudotadjuntos?7a117aa93e52b79530e71122aed8cc55,INS,2025,22517,,1, HTTP/1.1" 200 116
201.186.225.249 - - [28/Apr/2025:16:48:39 -0300] "GET /cormun/servlet/hpexe_return? HTTP/1.1" 200 1029
201.186.225.249 - - [28/Apr/2025:16:48:39 -0300] "GET /cormun/servlet/trsolicitudadjuntos?2025,22517, HTTP/1.1" 200 6415
190.95.2.163 - - [28/Apr/2025:16:48:40 -0300] "GET /cormun/servlet/solicitudotadjuntos?INS,2025,22516,,1, HTTP/1.1" 200 6043
190.95.2.163 - - [28/Apr/2025:16:48:40 -0300] "GET /cormun/static/about:blank HTTP/1.1" 404 1011
190.121.111.10 - - [28/Apr/2025:16:48:40 -0300] "GET /cormun/servlet/vesolicitudgral?2025,22409,, HTTP/1.1" 200 8448
190.95.2.163 - - [28/Apr/2025:16:48:40 -0300] "GET /cormun/servlet/solicitudotadjuntos?374e3c329c44e17023e3702f1e46d321fce8e922a5b49e0ec6736538e746a052bdf523daca9d782549af038e0167639b,gx-no-cache=1745869863254 HTTP/1.1" 200 30
190.95.2.163 - - [28/Apr/2025:16:48:40 -0300] "POST /cormun/servlet/solicitudotadjuntos?5f197d56a1c0bee13f9fe04e7f1671f5,INS,2025,22516,,1,,gx-no-cache=1745869863267 HTTP/1.1" 200 3863
201.186.225.249 - - [28/Apr/2025:16:48:40 -0300] "GET /cormun/servlet/solicitudotadjuntos?INS,2025,22517,,1, HTTP/1.1" 200 6358
201.186.225.249 - - [28/Apr/2025:16:48:41 -0300] "GET /cormun/static/about:blank HTTP/1.1" 404 1011
190.121.111.10 - - [28/Apr/2025:16:48:41 -0300] "GET /cormun/pexe_scrolldiv.js HTTP/1.1" 404 1009
201.186.225.249 - - [28/Apr/2025:16:48:41 -0300] "GET /cormun/servlet/solicitudotadjuntos?09e43fa03670a4f18963e8904d0c8d7f5cddb813935a724d94081b399e388eb3149036753e12087a0280de1a8a82433c,gx-no-cache=1745869863552 HTTP/1.1" 200 30
201.186.225.249 - - [28/Apr/2025:16:48:41 -0300] "POST /cormun/servlet/solicitudotadjuntos?7a117aa93e52b79530e71122aed8cc55,INS,2025,22517,,1,,gx-no-cache=1745869863567 HTTP/1.1" 200 4198
179.57.78.55 - - [28/Apr/2025:16:48:42 -0300] "GET /cormun/servlet/permisogoce?4790c03338fabe07956da8b1e2b088e14a490e33c82f487d6eb56a02c88c1b76fb4a18d4ba09fa4279b3136045ef9348c0b9454a8f877fd407fc3c4a0ad31f2b,gx-no-cache=1745869864206 HTTP/1.1" 200 83
179.57.78.55 - - [28/Apr/2025:16:48:44 -0300] "GET /cormun/static/menuarrow.gif HTTP/1.1" 404 1015
190.95.2.163 - - [28/Apr/2025:16:48:45 -0300] "POST /cormun/servlet/solicitudotadjuntos?gx-no-cache=1745869867401 HTTP/1.1" 200 26
190.121.111.10 - - [28/Apr/2025:16:48:45 -0300] "GET /cormun/servlet/vesolicitudgral?2025,22409,,SolicitudOTAdjuntos HTTP/1.1" 200 11135
190.121.111.10 - - [28/Apr/2025:16:48:45 -0300] "GET /cormun/pexe_scrolldiv.js HTTP/1.1" 404 1009
190.121.111.10 - - [28/Apr/2025:16:48:46 -0300] "POST /cormun/servlet/acontrolpreferencessavestate?None,RRHH+DANIELA,true HTTP/1.1" 200 35
190.121.111.10 - - [28/Apr/2025:16:48:46 -0300] "GET /cormun/servlet/vesolicitudgral?2025,22409,,General HTTP/1.1" 200 8450
190.121.111.10 - - [28/Apr/2025:16:48:46 -0300] "GET /cormun/pexe_scrolldiv.js HTTP/1.1" 404 1009
179.57.78.55 - - [28/Apr/2025:16:48:51 -0300] "GET /cormun/servlet/permisogoce?4790c03338fabe07956da8b1e2b088e120c87a1dc2f6282e71e3748c7bb09a66d43569adf92f1bae48f09b0384d7a94853b7e325ab2733a38bb08a3f6688cf96,gx-no-cache=1745869872393 HTTP/1.1" 200 44
179.57.78.55 - - [28/Apr/2025:16:48:54 -0300] "POST /cormun/servlet/permisogoce?67321b2641e3f010f62739e85dae5088,INS,0,,,,gx-no-cache=1745869875450 HTTP/1.1" 200 93
179.57.78.55 - - [28/Apr/2025:16:48:54 -0300] "GET /cormun/servlet/hpexe_return? HTTP/1.1" 200 1008
179.57.78.55 - - [28/Apr/2025:16:48:55 -0300] "GET /cormun/servlet/trpermisosgoce HTTP/1.1" 200 17962
179.57.78.55 - - [28/Apr/2025:16:48:57 -0300] "GET /cormun/servlet/apermisogoceprn?10259465,P,20250428155104,PU HTTP/1.1" 200 1645
190.95.2.163 - - [28/Apr/2025:16:49:16 -0300] "POST /cormun/servlet/solicitudotadjuntos?5f197d56a1c0bee13f9fe04e7f1671f5,INS,2025,22516,,1,,gx-no-cache=1745869898941 HTTP/1.1" 200 93
190.95.2.163 - - [28/Apr/2025:16:49:16 -0300] "GET /cormun/servlet/hpexe_return? HTTP/1.1" 200 1019
190.95.2.163 - - [28/Apr/2025:16:49:16 -0300] "GET /cormun/servlet/trsolicitudadjuntos?2025,22516, HTTP/1.1" 200 10102
190.121.111.10 - - [28/Apr/2025:16:49:41 -0300] "GET /cormun/servlet/trautorizarot? HTTP/1.1" 200 10096
192.168.10.21 - - [28/Apr/2025:16:49:47 -0300] "POST /cormun/servlet/trsolicitudgral?1e512855ba7c1fc8f477f12be69236be,,gx-no-cache=1745869942940 HTTP/1.1" 200 6648
192.168.10.21 - - [28/Apr/2025:16:49:49 -0300] "GET /cormun/servlet/vesolicitudgral?2025,22409,, HTTP/1.1" 200 8439
192.168.10.21 - - [28/Apr/2025:16:49:49 -0300] "GET /cormun/pexe_scrolldiv.js HTTP/1.1" 404 1009
201.186.225.249 - - [28/Apr/2025:16:50:13 -0300] "POST /cormun/servlet/solicitudotadjuntos?gx-no-cache=1745869955149 HTTP/1.1" 200 26
201.186.225.249 - - [28/Apr/2025:16:50:34 -0300] "GET /cormun/servlet/solicitudotadjuntos?09e43fa03670a4f18963e8904d0c8d7f45d05d800b5b3bddb29fd841ff6402e5,gx-no-cache=1745869976204 HTTP/1.1" 200 30
201.186.225.249 - - [28/Apr/2025:16:50:34 -0300] "GET /cormun/servlet/solicitudotadjuntos?09e43fa03670a4f18963e8904d0c8d7f45d05d800b5b3bddb29fd841ff6402e5,gx-no-cache=1745869976225 HTTP/1.1" 200 30
201.186.225.249 - - [28/Apr/2025:16:50:34 -0300] "POST /cormun/servlet/solicitudotadjuntos?7a117aa93e52b79530e71122aed8cc55,INS,2025,22517,,1, HTTP/1.1" 200 116
201.186.225.249 - - [28/Apr/2025:16:50:34 -0300] "GET /cormun/servlet/hpexe_return? HTTP/1.1" 200 1029
201.186.225.249 - - [28/Apr/2025:16:50:34 -0300] "GET /cormun/servlet/trsolicitudadjuntos?2025,22517, HTTP/1.1" 200 9404
201.186.225.249 - - [28/Apr/2025:16:50:37 -0300] "GET /cormun/servlet/solicitudotadjuntos?INS,2025,22517,,1, HTTP/1.1" 200 6358
201.186.225.249 - - [28/Apr/2025:16:50:37 -0300] "GET /cormun/static/about:blank HTTP/1.1" 404 1011
201.186.225.249 - - [28/Apr/2025:16:50:37 -0300] "GET /cormun/servlet/solicitudotadjuntos?09e43fa03670a4f18963e8904d0c8d7f5cddb813935a724d94081b399e388eb3149036753e12087a0280de1a8a82433c,gx-no-cache=1745869979596 HTTP/1.1" 200 30
201.186.225.249 - - [28/Apr/2025:16:50:37 -0300] "POST /cormun/servlet/solicitudotadjuntos?7a117aa93e52b79530e71122aed8cc55,INS,2025,22517,,1,,gx-no-cache=1745869979612 HTTP/1.1" 200 4199
201.186.225.249 - - [28/Apr/2025:16:50:39 -0300] "POST /cormun/servlet/solicitudotadjuntos?gx-no-cache=1745869981644 HTTP/1.1" 200 26
