190.95.15.13 - - [28/Apr/2025:10:36:26 -0300] "GET /cormun/static/Shared/jqueryui/images/ui-icons_82798d_256x240.png HTTP/1.1" 404 1089
190.95.15.13 - - [28/Apr/2025:10:36:26 -0300] "GET /cormun/static/Shared/jqueryui/images/ui-bg_highlight-soft_100_c6c2c8_1x100.png HTTP/1.1" 404 1117
190.95.15.13 - - [28/Apr/2025:10:36:26 -0300] "GET /cormun/static/Shared/jqueryui/images/ui-bg_flat_55_994d53_40x100.png HTTP/1.1" 404 1097
190.95.15.13 - - [28/Apr/2025:10:36:26 -0300] "GET /cormun/static/Shared/jqueryui/images/ui-icons_ebccce_256x240.png HTTP/1.1" 404 1089
190.95.15.13 - - [28/Apr/2025:10:36:26 -0300] "GET /cormun/PrivateTempStorage/upload_00001078.odt HTTP/1.1" 200 278128
192.168.10.22 - - [28/Apr/2025:10:36:26 -0300] "GET /cormun/servlet/trsolicitudgral? HTTP/1.1" 200 28283
190.95.15.13 - - [28/Apr/2025:10:36:28 -0300] "POST /cormun/servlet/solicitudotadjuntos?gx-no-cache=1745847521690 HTTP/1.1" 200 26
192.168.10.22 - - [28/Apr/2025:10:36:31 -0300] "POST /cormun/servlet/trsolicitudgral?a1b8b16281953ae77edc5d7661cafd2a,,gx-no-cache=1745847538374 HTTP/1.1" 200 6645
192.168.10.22 - - [28/Apr/2025:10:36:33 -0300] "GET /cormun/servlet/vesolicitudgral?2025,22463,, HTTP/1.1" 200 8430
192.168.10.22 - - [28/Apr/2025:10:36:33 -0300] "GET /cormun/pexe_scrolldiv.js HTTP/1.1" 404 1009
192.168.10.22 - - [28/Apr/2025:10:36:35 -0300] "GET /cormun/servlet/vesolicitudgral?2025,22463,,SolicitudOTAdjuntos HTTP/1.1" 200 11237
192.168.10.22 - - [28/Apr/2025:10:36:35 -0300] "GET /cormun/pexe_scrolldiv.js HTTP/1.1" 404 1009
192.168.10.22 - - [28/Apr/2025:10:36:36 -0300] "POST /cormun/servlet/acontrolpreferencessavestate?None,RRHH+DANIELA,true HTTP/1.1" 200 35
192.168.10.22 - - [28/Apr/2025:10:36:37 -0300] "GET /cormun/PublicTempStorage/fotocopia_cedula_de_identidad_ana_maria_burgos3070397.pdf HTTP/1.1" 200 41218
190.95.15.13 - - [28/Apr/2025:10:36:42 -0300] "POST /cormun/servlet/solicitudotadjuntos?gx-no-cache=1745847535170 HTTP/1.1" 200 26
201.186.226.3 - - [28/Apr/2025:10:36:43 -0300] "GET /cormun/servlet/permisogoce?206e5a159e4ac267b4d3a4a97a078f5ff0a6be96c757f8e5ead1ae4649ca798fa3acf0280eb8ae51d1025d2f1f1bedb7f2bccc154f1c7db0db58841075054af1,gx-no-cache=1745847535753 HTTP/1.1" 200 77
190.95.15.13 - - [28/Apr/2025:10:36:45 -0300] "POST /cormun/servlet/solicitudotadjuntos?gx-no-cache=1745847538593 HTTP/1.1" 200 26
201.186.226.3 - - [28/Apr/2025:10:36:46 -0300] "GET /cormun/static/menuarrow.gif HTTP/1.1" 404 1015
190.95.15.13 - - [28/Apr/2025:10:36:53 -0300] "GET /cormun/servlet/solicitudotadjuntos?caf87029c61032d0841e412b92a172b1be304e0ea84aa408feb55cd7cb2ec80796cfbb35ff349869ee3ec243daaf4fad,gx-no-cache=1745847546608 HTTP/1.1" 200 30
190.95.15.13 - - [28/Apr/2025:10:36:53 -0300] "GET /cormun/servlet/solicitudotadjuntos?caf87029c61032d0841e412b92a172b1be304e0ea84aa408feb55cd7cb2ec80796cfbb35ff349869ee3ec243daaf4fad,gx-no-cache=1745847546757 HTTP/1.1" 200 30
190.95.15.13 - - [28/Apr/2025:10:36:54 -0300] "POST /cormun/servlet/solicitudotadjuntos?540f6cf1779b9bc5ca5336844b91f121,INS,2025,22504,,1, HTTP/1.1" 200 6193
190.95.15.13 - - [28/Apr/2025:10:36:54 -0300] "GET /cormun/PrivateTempStorage/upload_00001090.odt HTTP/1.1" 200 121727
201.186.226.3 - - [28/Apr/2025:10:36:57 -0300] "GET /cormun/servlet/permisogoce?206e5a159e4ac267b4d3a4a97a078f5f025fddeb11f9eeae5fb2f957e027d16360f0b02214c627501c39e1d273aa8ad740de0197eacf2eebb32cb5e121f4d722,gx-no-cache=1745847550585 HTTP/1.1" 200 48
201.186.226.3 - - [28/Apr/2025:10:37:13 -0300] "POST /cormun/servlet/permisogoce?ee2352d21272dd5caba4c9531d211f25,INS,0,,,,gx-no-cache=1745847561835 HTTP/1.1" 200 93
201.186.226.3 - - [28/Apr/2025:10:37:13 -0300] "GET /cormun/servlet/hpexe_return? HTTP/1.1" 200 1013
201.186.226.3 - - [28/Apr/2025:10:37:13 -0300] "GET /cormun/servlet/trpermisosgoce HTTP/1.1" 200 11950
192.168.10.22 - - [28/Apr/2025:10:37:18 -0300] "GET /cormun/servlet/vesolicitudgral?2025,22463,,SolicitudOTAdjuntos HTTP/1.1" 200 11237
201.186.226.3 - - [28/Apr/2025:10:37:19 -0300] "GET /cormun/servlet/apermisogoceprn?7723184,P,20250428093836,PU HTTP/1.1" 200 1641
192.168.10.22 - - [28/Apr/2025:10:37:19 -0300] "POST /cormun/servlet/acontrolpreferencessavestate?None,RRHH+DANIELA,true HTTP/1.1" 200 35
190.95.15.13 - - [28/Apr/2025:10:37:22 -0300] "POST /cormun/servlet/solicitudotadjuntos?gx-no-cache=1745847575723 HTTP/1.1" 200 26
192.168.10.22 - - [28/Apr/2025:10:37:23 -0300] "GET /cormun/PublicTempStorage/certificado_de_cotizaciones3451395.pdf HTTP/1.1" 200 106939
192.168.10.22 - - [28/Apr/2025:10:37:28 -0300] "GET /cormun/servlet/vesolicitudgral?2025,22463,,SolicitudOTAdjuntos HTTP/1.1" 200 11234
190.95.15.13 - - [28/Apr/2025:10:37:29 -0300] "GET /cormun/servlet/solicitudotadjuntos?caf87029c61032d0841e412b92a172b1be304e0ea84aa408feb55cd7cb2ec80796cfbb35ff349869ee3ec243daaf4fad,gx-no-cache=1745847582579 HTTP/1.1" 200 30
190.95.15.13 - - [28/Apr/2025:10:37:29 -0300] "GET /cormun/servlet/solicitudotadjuntos?caf87029c61032d0841e412b92a172b1be304e0ea84aa408feb55cd7cb2ec80796cfbb35ff349869ee3ec243daaf4fad,gx-no-cache=1745847582602 HTTP/1.1" 200 30
192.168.10.22 - - [28/Apr/2025:10:37:29 -0300] "POST /cormun/servlet/acontrolpreferencessavestate?None,RRHH+DANIELA,true HTTP/1.1" 200 35
190.95.15.13 - - [28/Apr/2025:10:37:29 -0300] "POST /cormun/servlet/solicitudotadjuntos?540f6cf1779b9bc5ca5336844b91f121,INS,2025,22504,,1, HTTP/1.1" 200 6083
190.95.15.13 - - [28/Apr/2025:10:37:30 -0300] "GET /cormun/PrivateTempStorage/upload_00001102.odt HTTP/1.1" 200 145473
192.168.10.22 - - [28/Apr/2025:10:37:52 -0300] "GET /cormun/servlet/vesolicitudgral?2025,22463,,General HTTP/1.1" 200 8433
192.168.10.22 - - [28/Apr/2025:10:37:52 -0300] "GET /cormun/pexe_scrolldiv.js HTTP/1.1" 404 1009
201.186.226.3 - - [28/Apr/2025:10:38:02 -0300] "GET /cormun/servlet/hlogin HTTP/1.1" 200 1741
190.95.15.13 - - [28/Apr/2025:10:38:17 -0300] "GET /cormun/static/Shared/jqueryui/images/ui-bg_highlight-soft_100_eae6ea_1x100.png HTTP/1.1" 404 1117
190.95.15.13 - - [28/Apr/2025:10:38:53 -0300] "POST /cormun/servlet/solicitudotadjuntos?gx-no-cache=1745847665934 HTTP/1.1" 200 26
190.95.15.13 - - [28/Apr/2025:10:39:11 -0300] "GET /cormun/servlet/solicitudotadjuntos?caf87029c61032d0841e412b92a172b1be304e0ea84aa408feb55cd7cb2ec80796cfbb35ff349869ee3ec243daaf4fad,gx-no-cache=1745847680302 HTTP/1.1" 200 30
190.95.15.13 - - [28/Apr/2025:10:39:11 -0300] "GET /cormun/servlet/solicitudotadjuntos?caf87029c61032d0841e412b92a172b1be304e0ea84aa408feb55cd7cb2ec80796cfbb35ff349869ee3ec243daaf4fad,gx-no-cache=1745847684381 HTTP/1.1" 200 30
190.95.15.13 - - [28/Apr/2025:10:39:12 -0300] "POST /cormun/servlet/solicitudotadjuntos?540f6cf1779b9bc5ca5336844b91f121,INS,2025,22504,,1, HTTP/1.1" 200 6140
190.95.15.13 - - [28/Apr/2025:10:39:12 -0300] "GET /cormun/PrivateTempStorage/upload_00001114.odt HTTP/1.1" 200 278128
192.168.10.22 - - [28/Apr/2025:10:39:14 -0300] "GET /cormun/servlet/vesolicitudgral?2025,22463,,SolicitudOTAdjuntos HTTP/1.1" 200 11243
192.168.10.22 - - [28/Apr/2025:10:39:14 -0300] "GET /cormun/pexe_scrolldiv.js HTTP/1.1" 404 1009
192.168.10.22 - - [28/Apr/2025:10:39:15 -0300] "POST /cormun/servlet/acontrolpreferencessavestate?None,RRHH+DANIELA,true HTTP/1.1" 200 35
192.168.10.22 - - [28/Apr/2025:10:39:26 -0300] "GET /cormun/PublicTempStorage/certificado_de_titulo9962383.pdf HTTP/1.1" 200 534217
192.168.10.22 - - [28/Apr/2025:10:39:30 -0300] "GET /cormun/servlet/vesolicitudgral?2025,22463,,SolicitudOTAdjuntos HTTP/1.1" 200 11246
192.168.10.22 - - [28/Apr/2025:10:39:31 -0300] "POST /cormun/servlet/acontrolpreferencessavestate?None,RRHH+DANIELA,true HTTP/1.1" 200 35
200.126.116.145 - - [28/Apr/2025:10:40:42 -0300] "POST /cormun/servlet/solicitudot?gx-no-cache=1745847774899 HTTP/1.1" 200 1484
200.126.116.145 - - [28/Apr/2025:10:40:44 -0300] "GET /cormun/servlet/prlicenciaspermisos?19588115,L,,MD,,gxPopupLevel%3D0%3B HTTP/1.1" 200 5535
200.126.116.145 - - [28/Apr/2025:10:40:51 -0300] "POST /cormun/servlet/solicitudot?gx-no-cache=1745847783828 HTTP/1.1" 200 41
200.126.116.145 - - [28/Apr/2025:10:40:51 -0300] "GET /cormun/servlet/solicitudot?037dfab1e2e45afd0b021d0114a4c64f2559647c395326f3b352b3a11638f4e139b8ae72d4e4ced9daf05cc0ace0be0dd4efbf07af4f306b9f7fbe61d7db8184c6fb5271772faf2cb81fbcf258fd9bd94118e78ebde2a3c82472395f8ec9a5f3655b9f88e755b49dd5859e6e538301b2,gx-no-cache=1745847783852 HTTP/1.1" 200 110
200.126.116.145 - - [28/Apr/2025:10:40:51 -0300] "POST /cormun/servlet/solicitudot?gx-no-cache=1745847783879 HTTP/1.1" 200 72
191.127.240.30 - - [28/Apr/2025:10:41:02 -0300] "GET /cormun/servlet/hlogin HTTP/1.1" 200 1720
200.126.116.145 - - [28/Apr/2025:10:41:05 -0300] "POST /cormun/servlet/solicitudot?gx-no-cache=1745847798254 HTTP/1.1" 200 105
191.127.240.30 - - [28/Apr/2025:10:41:05 -0300] "POST /cormun/servlet/hlogin?aa44ff7e3576c4a0217f9be62528bc2e,gx-no-cache=1745847798817 HTTP/1.1" 200 90
191.127.240.30 - - [28/Apr/2025:10:41:05 -0300] "GET /cormun/servlet/hpexe_link HTTP/1.1" 200 952
191.127.240.30 - - [28/Apr/2025:10:41:05 -0300] "GET /cormun/servlet/hhome HTTP/1.1" 200 3909
191.127.240.30 - - [28/Apr/2025:10:41:08 -0300] "GET /cormun/servlet/trpermisosgoce? HTTP/1.1" 200 11654
191.127.240.30 - - [28/Apr/2025:10:41:10 -0300] "GET /cormun/static/menuarrow.gif HTTP/1.1" 404 1015
200.126.116.145 - - [28/Apr/2025:10:41:15 -0300] "POST /cormun/servlet/solicitudot?gx-no-cache=1745847807766 HTTP/1.1" 200 32
192.168.10.22 - - [28/Apr/2025:10:41:15 -0300] "GET /cormun/servlet/trsolicitudgral? HTTP/1.1" 200 8316
192.168.10.22 - - [28/Apr/2025:10:41:20 -0300] "POST /cormun/servlet/trsolicitudgral?a1b8b16281953ae77edc5d7661cafd2a,,gx-no-cache=1745847826665 HTTP/1.1" 200 25845
190.121.111.10 - - [28/Apr/2025:10:41:20 -0300] "POST /cormun/servlet/trsolicitudgral?9d30bf2f99763bcd9328c7930aac0eb0,,gx-no-cache=1745847827503 HTTP/1.1" 200 5254
200.126.116.145 - - [28/Apr/2025:10:41:25 -0300] "POST /cormun/servlet/solicitudot?28a5f242e933591bbaf140360ae90d4a,INS,0,0,false,,gx-no-cache=1745847818055 HTTP/1.1" 200 93
200.126.116.145 - - [28/Apr/2025:10:41:25 -0300] "GET /cormun/servlet/hpexe_return? HTTP/1.1" 200 1008
200.126.116.145 - - [28/Apr/2025:10:41:25 -0300] "GET /cormun/servlet/trsolicitudot HTTP/1.1" 200 9171
191.127.240.30 - - [28/Apr/2025:10:41:48 -0300] "GET /cormun/servlet/permisogoce?INS,0,,, HTTP/1.1" 200 6769
192.168.10.22 - - [28/Apr/2025:10:41:53 -0300] "POST /cormun/servlet/trsolicitudgral?a1b8b16281953ae77edc5d7661cafd2a,,gx-no-cache=1745847860423 HTTP/1.1" 200 25829
192.168.10.22 - - [28/Apr/2025:10:41:55 -0300] "GET /cormun/servlet/trautorizarot? HTTP/1.1" 200 10567
191.127.240.30 - - [28/Apr/2025:10:42:03 -0300] "GET /cormun/servlet/permisogoce?d8ec4a0d95c4bf5e9cce2253d37ff48885d41f066ff66dc99ddece1a5b44b7a4a87a7a7e583aa99ca369569503a145b75a6496e59e80a381aff58bd3ca1d91bc,gx-no-cache=1745847856157 HTTP/1.1" 200 81
192.168.10.22 - - [28/Apr/2025:10:42:10 -0300] "POST /cormun/servlet/trautorizarot?a1b8b16281953ae77edc5d7661cafd2a,,gx-no-cache=1745847877033 HTTP/1.1" 200 7069
191.127.240.30 - - [28/Apr/2025:10:42:12 -0300] "GET /cormun/servlet/permisogoce?d8ec4a0d95c4bf5e9cce2253d37ff488bed9cfc219605600b84331181dcf2d8f9d16db96d9e966d8511da3c2918f7b85d31329937048c74e2f8ecc79d42b5902,gx-no-cache=1745847865692 HTTP/1.1" 200 47
201.186.225.191 - - [28/Apr/2025:10:42:14 -0300] "GET /cormun/servlet/hlogin HTTP/1.1" 200 1720
201.186.225.191 - - [28/Apr/2025:10:42:15 -0300] "GET /cormun/servlet/hlogin HTTP/1.1" 200 1731
191.127.240.30 - - [28/Apr/2025:10:42:18 -0300] "POST /cormun/servlet/permisogoce?aa44ff7e3576c4a0217f9be62528bc2e,INS,0,,,,gx-no-cache=1745847870801 HTTP/1.1" 200 93
191.127.240.30 - - [28/Apr/2025:10:42:18 -0300] "GET /cormun/servlet/hpexe_return? HTTP/1.1" 200 1009
191.127.240.30 - - [28/Apr/2025:10:42:18 -0300] "GET /cormun/servlet/trpermisosgoce HTTP/1.1" 200 11943
191.127.240.30 - - [28/Apr/2025:10:42:21 -0300] "GET /cormun/servlet/apermisogoceprn?17524471,P,20250428094412,PU HTTP/1.1" 200 1663
201.186.225.191 - - [28/Apr/2025:10:42:43 -0300] "POST /cormun/servlet/hlogin?1aba517f48388aeefd17886e500edf2f,gx-no-cache=1745847899228 HTTP/1.1" 200 90
201.186.225.191 - - [28/Apr/2025:10:42:43 -0300] "GET /cormun/servlet/hpexe_link HTTP/1.1" 200 952
201.186.225.191 - - [28/Apr/2025:10:42:44 -0300] "GET /cormun/servlet/hhome HTTP/1.1" 200 4188
201.186.225.191 - - [28/Apr/2025:10:42:47 -0300] "GET /cormun/servlet/trlicencias? HTTP/1.1" 200 11220
201.186.225.191 - - [28/Apr/2025:10:43:05 -0300] "GET /cormun/servlet/hlogin HTTP/1.1" 200 1738
179.57.78.9 - - [28/Apr/2025:10:43:59 -0300] "GET /cormun/servlet/hlogin HTTP/1.1" 200 1711
179.57.78.9 - - [28/Apr/2025:10:43:59 -0300] "GET /cormun/servlet/hlogin HTTP/1.1" 200 1721
179.57.78.9 - - [28/Apr/2025:10:44:02 -0300] "POST /cormun/servlet/hlogin?4d60561af8dc2214c3fbe7c329056055,gx-no-cache=1745847979468 HTTP/1.1" 200 90
179.57.78.9 - - [28/Apr/2025:10:44:02 -0300] "GET /cormun/servlet/hpexe_link HTTP/1.1" 200 941
179.57.78.9 - - [28/Apr/2025:10:44:02 -0300] "GET /cormun/servlet/hhome HTTP/1.1" 200 4332
192.168.10.22 - - [28/Apr/2025:10:44:03 -0300] "GET /cormun/servlet/trsolicitudgral? HTTP/1.1" 200 28242
179.57.78.9 - - [28/Apr/2025:10:44:05 -0300] "GET /cormun/servlet/trpermisosgoce? HTTP/1.1" 200 14753
192.168.10.22 - - [28/Apr/2025:10:44:07 -0300] "POST /cormun/servlet/trsolicitudgral?a1b8b16281953ae77edc5d7661cafd2a,,gx-no-cache=1745847994489 HTTP/1.1" 200 6667
192.168.10.22 - - [28/Apr/2025:10:44:08 -0300] "GET /cormun/servlet/vesolicitudgral?2025,22460,, HTTP/1.1" 200 8386
192.168.10.22 - - [28/Apr/2025:10:44:09 -0300] "GET /cormun/pexe_scrolldiv.js HTTP/1.1" 404 1009
179.57.78.9 - - [28/Apr/2025:10:44:09 -0300] "GET /cormun/servlet/permisogoce?INS,0,,, HTTP/1.1" 200 7225
179.57.78.9 - - [28/Apr/2025:10:44:09 -0300] "GET /cormun/static/gxcfg.js?20201215124560 HTTP/1.1" 200 953
179.57.78.9 - - [28/Apr/2025:10:44:09 -0300] "GET /cormun/static/permisogoce.js?20201215124939 HTTP/1.1" 200 27790
179.57.78.9 - - [28/Apr/2025:10:44:17 -0300] "GET /cormun/servlet/permisogoce?85c996c9cf7b717d8c5d8a5f6c17c5c9d685d798fb2436a397e449068bbf683753fc68b9436b74b87390df0527baae5c919a06dc969cbbfc4e66e3b39b0df93e,gx-no-cache=1745847995185 HTTP/1.1" 200 76
179.57.78.9 - - [28/Apr/2025:10:44:17 -0300] "GET /cormun/static/menuarrow.gif HTTP/1.1" 404 1015
192.168.10.22 - - [28/Apr/2025:10:44:19 -0300] "GET /cormun/servlet/vesolicitudgral?2025,22460,,SolicitudOTAdjuntos HTTP/1.1" 200 11201
192.168.10.22 - - [28/Apr/2025:10:44:19 -0300] "GET /cormun/pexe_scrolldiv.js HTTP/1.1" 404 1009
192.168.10.22 - - [28/Apr/2025:10:44:20 -0300] "POST /cormun/servlet/acontrolpreferencessavestate?None,RRHH+DANIELA,true HTTP/1.1" 200 35
192.168.10.22 - - [28/Apr/2025:10:44:21 -0300] "GET /cormun/PublicTempStorage/cedula_identidad8213996.pdf HTTP/1.1" 200 254600
179.57.78.9 - - [28/Apr/2025:10:44:24 -0300] "GET /cormun/servlet/permisogoce?85c996c9cf7b717d8c5d8a5f6c17c5c97fe38da70bbf5fbdcc84bfd8be138407c867b7b0649637aca98ed16d8b93b26b74d9fd94d3d0c54605005f5193149add,gx-no-cache=1745848001737 HTTP/1.1" 200 47
179.57.78.9 - - [28/Apr/2025:10:44:27 -0300] "POST /cormun/servlet/permisogoce?4d60561af8dc2214c3fbe7c329056055,INS,0,,,,gx-no-cache=1745848003884 HTTP/1.1" 200 93
179.57.78.9 - - [28/Apr/2025:10:44:27 -0300] "GET /cormun/servlet/hpexe_return? HTTP/1.1" 200 1000
179.57.78.9 - - [28/Apr/2025:10:44:27 -0300] "GET /cormun/static/hpexe_return.js?20221129846037 HTTP/1.1" 200 1633
179.57.78.9 - - [28/Apr/2025:10:44:27 -0300] "GET /cormun/static/gxcfg.js?20221129846035 HTTP/1.1" 200 953
179.57.78.9 - - [28/Apr/2025:10:44:27 -0300] "GET /cormun/servlet/trpermisosgoce HTTP/1.1" 200 14978
179.57.78.9 - - [28/Apr/2025:10:44:27 -0300] "GET /cormun//static/Resources/PXToolsGridUpdate.png HTTP/1.1" 200 470
179.57.78.9 - - [28/Apr/2025:10:44:32 -0300] "GET /cormun/servlet/permisogoce?INS,0,,, HTTP/1.1" 200 7226
179.57.78.9 - - [28/Apr/2025:10:44:41 -0300] "GET /cormun/servlet/permisogoce?85c996c9cf7b717d8c5d8a5f6c17c5c92bb0b79ee2a4e640e6f54c5487df971453fc68b9436b74b87390df0527baae5c919a06dc969cbbfc4e66e3b39b0df93e,gx-no-cache=1745848018475 HTTP/1.1" 200 74
179.57.78.9 - - [28/Apr/2025:10:44:49 -0300] "GET /cormun/servlet/permisogoce?85c996c9cf7b717d8c5d8a5f6c17c5c9924ec6c0be269554467ae604f4c602c83286eb10cbdc327ce3a3e614a73424b674d9fd94d3d0c54605005f5193149add,gx-no-cache=1745848026738 HTTP/1.1" 200 47
179.57.78.9 - - [28/Apr/2025:10:44:53 -0300] "POST /cormun/servlet/permisogoce?4d60561af8dc2214c3fbe7c329056055,INS,0,,,,gx-no-cache=1745848030226 HTTP/1.1" 200 93
179.57.78.9 - - [28/Apr/2025:10:44:53 -0300] "GET /cormun/servlet/hpexe_return? HTTP/1.1" 200 1000
179.57.78.9 - - [28/Apr/2025:10:44:53 -0300] "GET /cormun/servlet/trpermisosgoce HTTP/1.1" 200 15176
192.168.10.22 - - [28/Apr/2025:10:44:56 -0300] "GET /cormun/servlet/vesolicitudgral?2025,22460,,SolicitudOTAdjuntos HTTP/1.1" 200 11200
192.168.10.22 - - [28/Apr/2025:10:44:57 -0300] "POST /cormun/servlet/acontrolpreferencessavestate?None,RRHH+DANIELA,true HTTP/1.1" 200 35
192.168.10.22 - - [28/Apr/2025:10:44:58 -0300] "GET /cormun/PublicTempStorage/id37-11_-_certificado_de_titulo_%282%295784069.pdf HTTP/1.1" 200 166233
179.57.78.9 - - [28/Apr/2025:10:45:01 -0300] "GET /cormun/servlet/permisogoce?INS,0,,, HTTP/1.1" 200 7226
192.168.10.22 - - [28/Apr/2025:10:45:03 -0300] "GET /cormun/servlet/vesolicitudgral?2025,22460,,SolicitudOTAdjuntos HTTP/1.1" 200 11199
192.168.10.22 - - [28/Apr/2025:10:45:04 -0300] "POST /cormun/servlet/acontrolpreferencessavestate?None,RRHH+DANIELA,true HTTP/1.1" 200 35
200.126.116.145 - - [28/Apr/2025:10:45:26 -0300] "GET /cormun/servlet/solicitudot?INS,0,0,false, HTTP/1.1" 200 16318
179.57.78.9 - - [28/Apr/2025:10:45:50 -0300] "GET /cormun/servlet/permisogoce?85c996c9cf7b717d8c5d8a5f6c17c5c94ea0c5a23f70e025ececd8c4a0f5724e53fc68b9436b74b87390df0527baae5c919a06dc969cbbfc4e66e3b39b0df93e,gx-no-cache=1745848087337 HTTP/1.1" 200 75
200.126.116.145 - - [28/Apr/2025:10:45:52 -0300] "POST /cormun/servlet/solicitudot?gx-no-cache=1745848084856 HTTP/1.1" 200 4146
200.126.116.145 - - [28/Apr/2025:10:45:52 -0300] "POST /cormun/servlet/solicitudot?28a5f242e933591bbaf140360ae90d4a,INS,0,0,false,,gx-no-cache=1745848085349 HTTP/1.1" 200 12966
179.57.78.9 - - [28/Apr/2025:10:45:57 -0300] "GET /cormun/servlet/permisogoce?85c996c9cf7b717d8c5d8a5f6c17c5c95156174c8de3d888892a3ce282f0e3624af28fe685f2b4938896154a10b24fea017e0cf7d2366db12944c24e98335c78,gx-no-cache=1745848095121 HTTP/1.1" 200 48
179.57.78.9 - - [28/Apr/2025:10:46:00 -0300] "POST /cormun/servlet/permisogoce?4d60561af8dc2214c3fbe7c329056055,INS,0,,,,gx-no-cache=1745848097388 HTTP/1.1" 200 93
179.57.78.9 - - [28/Apr/2025:10:46:00 -0300] "GET /cormun/servlet/hpexe_return? HTTP/1.1" 200 1000
179.57.78.9 - - [28/Apr/2025:10:46:00 -0300] "GET /cormun/servlet/trpermisosgoce HTTP/1.1" 200 15383
179.57.78.9 - - [28/Apr/2025:10:46:10 -0300] "GET /cormun/servlet/permisogoce?INS,0,,, HTTP/1.1" 200 7225
200.126.116.145 - - [28/Apr/2025:10:46:23 -0300] "GET /cormun/servlet/solicitudot?037dfab1e2e45afd0b021d0114a4c64f906632ed7d9ac92b44c4f6c80ef933151700be277bc4be1055075b554a88ae38,gx-no-cache=1745848116574 HTTP/1.1" 200 30
200.126.116.145 - - [28/Apr/2025:10:46:38 -0300] "GET /cormun/servlet/solicitudot?037dfab1e2e45afd0b021d0114a4c64f6a560920679dcd1c7cc5feb985a145db26700760e547ed8f541f8feb531c2d1312ef62196d11a7c86c33a6f3ea31fb37,gx-no-cache=1745848131199 HTTP/1.1" 200 30
200.126.116.145 - - [28/Apr/2025:10:46:39 -0300] "GET /cormun/servlet/solicitudot?037dfab1e2e45afd0b021d0114a4c64fcc525ec07a708249a6fa39e18875fa9d,gx-no-cache=1745848131686 HTTP/1.1" 200 53
200.126.116.145 - - [28/Apr/2025:10:46:43 -0300] "POST /cormun/servlet/solicitudot?gx-no-cache=1745848135683 HTTP/1.1" 200 240
200.126.116.145 - - [28/Apr/2025:10:46:43 -0300] "GET /cormun/servlet/solicitudot?037dfab1e2e45afd0b021d0114a4c64f415ab3ced09959402b6eb5764ef110d8c25e27bb99d6bffb94ac05caafea3e9b34447a6d3b0828619e6c9346019098bae2a9c68c03c071d6a2ba33a66f5c2f221a41903ecd7ddbd42e0542e9203f178499f70e3d955d4f3baf8374a0f8c857c4307574c27e859536bb62fad0c1fef40dbe336edda7b7dec9efdb801ed94b3f16ebb7417244daa7beddde8e508a474a50a8907da18ba35565ce5ba2565fe158e877cab6fb1f1ea66f836fe9420777d3cda0d3227bc56f1053f762d0f2c27296a1aa9d7b2641c7db562fd6165d0c7d1615b9a1393f1206d2a34691ccda4839cd130b8e7f0de50c50df18737364be9b0c5c80c1b04bb9263896e27041f67c5102dcbb6e9a7f703f08fd9bee21e2c1365af08abc4081e4eda13bfc32b9db4e0e9e829a5c7b4baa416d5605d008ed24db5299ce12a3df80be841bc4881721648637d51ec9909850b50214220e0f14d753b3cb97fdc83b60953b5b4ffd06b43ef133fb19e4d493ac10ddef805a708154674c2e,gx-no-cache=1745848135746 HTTP/1.1" 200 30
200.126.116.145 - - [28/Apr/2025:10:46:44 -0300] "POST /cormun/servlet/solicitudot?gx-no-cache=1745848137180 HTTP/1.1" 200 30
192.168.10.22 - - [28/Apr/2025:10:47:00 -0300] "GET /cormun/PublicTempStorage/certificado_uno65636.pdf HTTP/1.1" 200 71325
192.168.10.22 - - [28/Apr/2025:10:47:02 -0300] "GET /cormun/servlet/vesolicitudgral?2025,22460,,SolicitudOTAdjuntos HTTP/1.1" 200 11201
192.168.10.22 - - [28/Apr/2025:10:47:03 -0300] "POST /cormun/servlet/acontrolpreferencessavestate?None,RRHH+DANIELA,true HTTP/1.1" 200 35
200.126.116.145 - - [28/Apr/2025:10:47:09 -0300] "POST /cormun/servlet/solicitudot?gx-no-cache=1745848161815 HTTP/1.1" 200 1484
200.126.116.145 - - [28/Apr/2025:10:47:11 -0300] "GET /cormun/servlet/prlicenciaspermisos?19588115,L,,MD,,gxPopupLevel%3D0%3B HTTP/1.1" 200 5535
200.126.116.145 - - [28/Apr/2025:10:47:20 -0300] "POST /cormun/servlet/solicitudot?gx-no-cache=1745848172724 HTTP/1.1" 200 41
200.126.116.145 - - [28/Apr/2025:10:47:20 -0300] "GET /cormun/servlet/solicitudot?037dfab1e2e45afd0b021d0114a4c64f2559647c395326f3b352b3a11638f4e139b8ae72d4e4ced9daf05cc0ace0be0dd4efbf07af4f306b9f7fbe61d7db8184c6fb5271772faf2cb81fbcf258fd9bd94118e78ebde2a3c82472395f8ec9a5f3655b9f88e755b49dd5859e6e538301b2,gx-no-cache=1745848173345 HTTP/1.1" 200 110
192.168.10.22 - - [28/Apr/2025:10:47:25 -0300] "GET /cormun/servlet/vesolicitudgral?2025,22460,,General HTTP/1.1" 200 8389
192.168.10.22 - - [28/Apr/2025:10:47:25 -0300] "GET /cormun/pexe_scrolldiv.js HTTP/1.1" 404 1009
200.126.116.145 - - [28/Apr/2025:10:47:28 -0300] "POST /cormun/servlet/solicitudot?gx-no-cache=1745848180741 HTTP/1.1" 200 97
200.126.116.145 - - [28/Apr/2025:10:47:35 -0300] "GET /cormun/servlet/solicitudot?037dfab1e2e45afd0b021d0114a4c64fecd6bd009911b89e3ceb0c53237ce864b4c6926bfa8f8401fda3a4a892a0e43a2996079b8fd0af0e624b5bd37066db22483f69d2fb835d5761a45b03f3b76567ec0a505bcf7c3e7535e4c9b3fc35b21903947610e996e7cf1a28bce8b25607748123e6b5d7985beb3f798b0788ff521e0ad41eec63b61f3d8b17edf3f205b685ce39a79995efa488a6c426dcfbeb18c2,gx-no-cache=1745848187940 HTTP/1.1" 200 29
200.126.116.145 - - [28/Apr/2025:10:47:35 -0300] "GET /cormun/static/menuarrow.gif HTTP/1.1" 404 1015
200.126.116.145 - - [28/Apr/2025:10:47:38 -0300] "GET /cormun/servlet/solicitudot?037dfab1e2e45afd0b021d0114a4c64fba492b921ca0de4742ead6707b67b135a4270f83a62c227e0ed5eb9c850be1fa,gx-no-cache=1745848191327 HTTP/1.1" 200 30
200.126.116.145 - - [28/Apr/2025:10:47:39 -0300] "POST /cormun/servlet/solicitudot?gx-no-cache=1745848191351 HTTP/1.1" 200 32
200.126.116.145 - - [28/Apr/2025:10:47:55 -0300] "POST /cormun/servlet/solicitudot?28a5f242e933591bbaf140360ae90d4a,INS,0,0,false,,gx-no-cache=1745848206101 HTTP/1.1" 200 93
200.126.116.145 - - [28/Apr/2025:10:47:56 -0300] "GET /cormun/servlet/hpexe_return? HTTP/1.1" 200 1008
200.126.116.145 - - [28/Apr/2025:10:47:56 -0300] "GET /cormun/servlet/trsolicitudot HTTP/1.1" 200 9450
179.57.78.9 - - [28/Apr/2025:10:48:02 -0300] "GET /cormun/servlet/permisogoce?85c996c9cf7b717d8c5d8a5f6c17c5c931d511dc85ddd6f92576b4981bfef54a53fc68b9436b74b87390df0527baae5c919a06dc969cbbfc4e66e3b39b0df93e,gx-no-cache=1745848217219 HTTP/1.1" 200 88
179.57.78.9 - - [28/Apr/2025:10:48:07 -0300] "GET /cormun/servlet/permisogoce?85c996c9cf7b717d8c5d8a5f6c17c5c99aa01578912d6985637af217b51c5215978852c90f3922f2135ad13d2a658432017e0cf7d2366db12944c24e98335c78,gx-no-cache=1745848224618 HTTP/1.1" 200 47
179.57.78.9 - - [28/Apr/2025:10:48:09 -0300] "POST /cormun/servlet/permisogoce?4d60561af8dc2214c3fbe7c329056055,INS,0,,,,gx-no-cache=1745848226571 HTTP/1.1" 200 93
179.57.78.9 - - [28/Apr/2025:10:48:09 -0300] "GET /cormun/servlet/hpexe_return? HTTP/1.1" 200 1000
179.57.78.9 - - [28/Apr/2025:10:48:09 -0300] "GET /cormun/servlet/trpermisosgoce HTTP/1.1" 200 15560
179.57.78.9 - - [28/Apr/2025:10:48:18 -0300] "GET /cormun/servlet/permisogoce?INS,0,,, HTTP/1.1" 200 7226
200.126.116.145 - - [28/Apr/2025:10:48:23 -0300] "POST /cormun/servlet/trsolicitudot?28a5f242e933591bbaf140360ae90d4a,gx-no-cache=1745848235998 HTTP/1.1" 200 6211
200.126.116.145 - - [28/Apr/2025:10:48:23 -0300] "GET /cormun/static/Shared/jqueryui/images/ui-bg_highlight-soft_100_c6c2c8_1x100.png HTTP/1.1" 404 1117
200.126.116.145 - - [28/Apr/2025:10:48:23 -0300] "GET /cormun/static/Shared/jqueryui/images/ui-icons_82798d_256x240.png HTTP/1.1" 404 1089
200.126.116.145 - - [28/Apr/2025:10:48:23 -0300] "GET /cormun/static/Shared/jqueryui/images/ui-bg_flat_55_fafafa_40x100.png HTTP/1.1" 404 1097
200.126.116.145 - - [28/Apr/2025:10:48:23 -0300] "GET /cormun/static/Shared/jqueryui/images/ui-icons_8d78a5_256x240.png HTTP/1.1" 404 1089
200.126.116.145 - - [28/Apr/2025:10:48:23 -0300] "POST /cormun/servlet/trsolicitudot?28a5f242e933591bbaf140360ae90d4a,gx-no-cache=1745848236174 HTTP/1.1" 200 6154
200.126.116.145 - - [28/Apr/2025:10:48:24 -0300] "POST /cormun/servlet/trsolicitudot?28a5f242e933591bbaf140360ae90d4a,gx-no-cache=1745848236867 HTTP/1.1" 200 5886
200.126.116.145 - - [28/Apr/2025:10:48:24 -0300] "POST /cormun/servlet/trsolicitudot?28a5f242e933591bbaf140360ae90d4a,gx-no-cache=1745848236988 HTTP/1.1" 200 5830
200.126.116.145 - - [28/Apr/2025:10:48:24 -0300] "POST /cormun/servlet/trsolicitudot?28a5f242e933591bbaf140360ae90d4a,gx-no-cache=1745848237588 HTTP/1.1" 200 4598
200.126.116.145 - - [28/Apr/2025:10:48:25 -0300] "POST /cormun/servlet/trsolicitudot?28a5f242e933591bbaf140360ae90d4a,gx-no-cache=1745848237682 HTTP/1.1" 200 4345
179.57.78.9 - - [28/Apr/2025:10:48:26 -0300] "GET /cormun/servlet/permisogoce?85c996c9cf7b717d8c5d8a5f6c17c5c9c7cadefe8bf8d4ca805195e9d24cd63d069351b206d270cf9edf3b3a65795c3f82e65ed9bc77b6d224747cb0e850fe56,gx-no-cache=1745848243771 HTTP/1.1" 200 86
200.126.116.145 - - [28/Apr/2025:10:48:27 -0300] "GET /cormun/servlet/trautorizarsolicitud? HTTP/1.1" 200 9474
200.126.116.145 - - [28/Apr/2025:10:48:29 -0300] "POST /cormun/servlet/trautorizarsolicitud?28a5f242e933591bbaf140360ae90d4a,,gx-no-cache=1745848242005 HTTP/1.1" 200 6358
200.126.116.145 - - [28/Apr/2025:10:48:29 -0300] "POST /cormun/servlet/trautorizarsolicitud?28a5f242e933591bbaf140360ae90d4a,,gx-no-cache=1745848242140 HTTP/1.1" 200 6303
200.126.116.145 - - [28/Apr/2025:10:48:30 -0300] "POST /cormun/servlet/trautorizarsolicitud?28a5f242e933591bbaf140360ae90d4a,,gx-no-cache=1745848242732 HTTP/1.1" 200 6022
200.126.116.145 - - [28/Apr/2025:10:48:30 -0300] "POST /cormun/servlet/trautorizarsolicitud?28a5f242e933591bbaf140360ae90d4a,,gx-no-cache=1745848242823 HTTP/1.1" 200 5968
200.126.116.145 - - [28/Apr/2025:10:48:30 -0300] "POST /cormun/servlet/trautorizarsolicitud?28a5f242e933591bbaf140360ae90d4a,,gx-no-cache=1745848243387 HTTP/1.1" 200 4789
200.126.116.145 - - [28/Apr/2025:10:48:30 -0300] "POST /cormun/servlet/trautorizarsolicitud?28a5f242e933591bbaf140360ae90d4a,,gx-no-cache=1745848243468 HTTP/1.1" 200 4539
179.57.78.9 - - [28/Apr/2025:10:48:59 -0300] "GET /cormun/servlet/permisogoce?85c996c9cf7b717d8c5d8a5f6c17c5c9c9249f45d82ba7806a5211f57ed725f8a3d742ca4ddc5bc2be9f92c748383265e541643aa1a94e5df47a68524f080e50,gx-no-cache=1745848276506 HTTP/1.1" 200 48
179.57.78.9 - - [28/Apr/2025:10:49:05 -0300] "POST /cormun/servlet/permisogoce?4d60561af8dc2214c3fbe7c329056055,INS,0,,,,gx-no-cache=1745848282812 HTTP/1.1" 200 93
179.57.78.9 - - [28/Apr/2025:10:49:05 -0300] "GET /cormun/servlet/hpexe_return? HTTP/1.1" 200 1000
179.57.78.9 - - [28/Apr/2025:10:49:05 -0300] "GET /cormun/servlet/trpermisosgoce HTTP/1.1" 200 15761
179.57.78.9 - - [28/Apr/2025:10:49:13 -0300] "GET /cormun/servlet/permisogoce?INS,0,,, HTTP/1.1" 200 7226
179.57.78.9 - - [28/Apr/2025:10:49:21 -0300] "GET /cormun/servlet/permisogoce?85c996c9cf7b717d8c5d8a5f6c17c5c9b737f4e0d851423b3dc56f2edbbe18f9069351b206d270cf9edf3b3a65795c3f82e65ed9bc77b6d224747cb0e850fe56,gx-no-cache=1745848298794 HTTP/1.1" 200 87
179.57.78.9 - - [28/Apr/2025:10:49:29 -0300] "GET /cormun/servlet/permisogoce?85c996c9cf7b717d8c5d8a5f6c17c5c926858bcb2b5be620f1d038af848e42aab9ac5a5a4d67e6121063b08eb4cc09175deac22343ed7398c31a50b40403c201,gx-no-cache=1745848307098 HTTP/1.1" 200 47
179.57.78.9 - - [28/Apr/2025:10:49:35 -0300] "POST /cormun/servlet/permisogoce?4d60561af8dc2214c3fbe7c329056055,INS,0,,,,gx-no-cache=1745848312340 HTTP/1.1" 200 93
179.57.78.9 - - [28/Apr/2025:10:49:35 -0300] "GET /cormun/servlet/hpexe_return? HTTP/1.1" 200 1000
179.57.78.9 - - [28/Apr/2025:10:49:35 -0300] "GET /cormun/servlet/trpermisosgoce HTTP/1.1" 200 15966
179.57.78.9 - - [28/Apr/2025:10:49:42 -0300] "GET /cormun/servlet/permisogoce?INS,0,,, HTTP/1.1" 200 7226
192.168.10.22 - - [28/Apr/2025:10:49:50 -0300] "GET /cormun/servlet/vesolicitudgral?2025,22460,,SolicitudOTAdjuntos HTTP/1.1" 200 11202
192.168.10.22 - - [28/Apr/2025:10:49:50 -0300] "GET /cormun/pexe_scrolldiv.js HTTP/1.1" 404 1009
192.168.10.22 - - [28/Apr/2025:10:49:52 -0300] "POST /cormun/servlet/acontrolpreferencessavestate?None,RRHH+DANIELA,true HTTP/1.1" 200 35
192.168.10.22 - - [28/Apr/2025:10:49:52 -0300] "GET /cormun/servlet/vesolicitudgral?2025,22460,,General HTTP/1.1" 200 8389
192.168.10.22 - - [28/Apr/2025:10:49:52 -0300] "GET /cormun/pexe_scrolldiv.js HTTP/1.1" 404 1009
179.57.78.9 - - [28/Apr/2025:10:49:54 -0300] "GET /cormun/servlet/permisogoce?85c996c9cf7b717d8c5d8a5f6c17c5c97e0f68487024c32308b7671d613f414553fc68b9436b74b87390df0527baae5c919a06dc969cbbfc4e66e3b39b0df93e,gx-no-cache=1745848331803 HTTP/1.1" 200 79
179.57.78.9 - - [28/Apr/2025:10:50:02 -0300] "GET /cormun/servlet/permisogoce?85c996c9cf7b717d8c5d8a5f6c17c5c956c4c43a49566b5dbf5b00df2c7fc0ca9b17280b7a662088da66c1557f023f1e017e0cf7d2366db12944c24e98335c78,gx-no-cache=1745848340336 HTTP/1.1" 200 47
179.57.78.9 - - [28/Apr/2025:10:50:05 -0300] "POST /cormun/servlet/permisogoce?4d60561af8dc2214c3fbe7c329056055,INS,0,,,,gx-no-cache=1745848342419 HTTP/1.1" 200 93
179.57.78.9 - - [28/Apr/2025:10:50:05 -0300] "GET /cormun/servlet/hpexe_return? HTTP/1.1" 200 1000
179.57.78.9 - - [28/Apr/2025:10:50:05 -0300] "GET /cormun/servlet/trpermisosgoce HTTP/1.1" 200 16160
192.168.10.22 - - [28/Apr/2025:10:51:01 -0300] "GET /cormun/servlet/vesolicitudgral?2025,22460,,SolicitudOTAdjuntos HTTP/1.1" 200 11203
192.168.10.22 - - [28/Apr/2025:10:51:02 -0300] "POST /cormun/servlet/acontrolpreferencessavestate?None,RRHH+DANIELA,true HTTP/1.1" 200 35
192.168.10.22 - - [28/Apr/2025:10:51:03 -0300] "GET /cormun/servlet/vesolicitudgral?2025,22460,,General HTTP/1.1" 200 8389
192.168.10.22 - - [28/Apr/2025:10:51:04 -0300] "GET /cormun/servlet/vesolicitudgral?2025,22460,,SolicitudOTAdjuntos HTTP/1.1" 200 11200
192.168.10.22 - - [28/Apr/2025:10:51:05 -0300] "POST /cormun/servlet/acontrolpreferencessavestate?None,RRHH+DANIELA,true HTTP/1.1" 200 35
192.168.10.22 - - [28/Apr/2025:10:51:05 -0300] "GET /cormun/servlet/vesolicitudgral?2025,22460,, HTTP/1.1" 200 8386
192.168.10.22 - - [28/Apr/2025:10:51:06 -0300] "GET /cormun/servlet/trsolicitudgral? HTTP/1.1" 200 9727
192.168.10.22 - - [28/Apr/2025:10:51:35 -0300] "GET /cormun/servlet/vesolicitudgral?2025,22460,, HTTP/1.1" 200 8386
192.168.10.22 - - [28/Apr/2025:10:51:35 -0300] "GET /cormun/pexe_scrolldiv.js HTTP/1.1" 404 1009
192.168.10.22 - - [28/Apr/2025:10:51:38 -0300] "GET /cormun/servlet/vesolicitudgral?2025,22460,,SolicitudOTAdjuntos HTTP/1.1" 200 11198
192.168.10.22 - - [28/Apr/2025:10:51:38 -0300] "GET /cormun/pexe_scrolldiv.js HTTP/1.1" 404 1009
192.168.10.22 - - [28/Apr/2025:10:51:39 -0300] "POST /cormun/servlet/acontrolpreferencessavestate?None,RRHH+DANIELA,true HTTP/1.1" 200 35
192.168.10.22 - - [28/Apr/2025:10:51:39 -0300] "GET /cormun/PublicTempStorage/id37-11_-_certificado_de_titulo_%282%29861980.pdf HTTP/1.1" 200 166233
179.57.78.9 - - [28/Apr/2025:10:53:30 -0300] "GET /cormun/servlet/permisogoce?INS,0,,, HTTP/1.1" 200 7226
179.57.78.9 - - [28/Apr/2025:10:53:39 -0300] "GET /cormun/servlet/permisogoce?85c996c9cf7b717d8c5d8a5f6c17c5c9a29ab2364c136007608abbae0637996e53fc68b9436b74b87390df0527baae5c919a06dc969cbbfc4e66e3b39b0df93e,gx-no-cache=1745848556900 HTTP/1.1" 200 78
20.65.193.19 - - [28/Apr/2025:10:53:42 -0300] "GET / HTTP/1.1" 200 11217
179.57.78.9 - - [28/Apr/2025:10:53:46 -0300] "GET /cormun/servlet/permisogoce?85c996c9cf7b717d8c5d8a5f6c17c5c9bacec91891b3eee1cc74cd1b72a7b478cd9e1b8ea4ab0aebe1aa88b4f9010e3574d9fd94d3d0c54605005f5193149add,gx-no-cache=1745848563553 HTTP/1.1" 200 47
200.126.116.145 - - [28/Apr/2025:10:53:46 -0300] "GET /cormun/servlet/trlicencias? HTTP/1.1" 200 16227
179.57.78.9 - - [28/Apr/2025:10:53:48 -0300] "POST /cormun/servlet/permisogoce?4d60561af8dc2214c3fbe7c329056055,INS,0,,,,gx-no-cache=1745848565436 HTTP/1.1" 200 93
179.57.78.9 - - [28/Apr/2025:10:53:48 -0300] "GET /cormun/servlet/hpexe_return? HTTP/1.1" 200 1000
179.57.78.9 - - [28/Apr/2025:10:53:48 -0300] "GET /cormun/servlet/trpermisosgoce HTTP/1.1" 200 16327
179.57.78.9 - - [28/Apr/2025:10:53:53 -0300] "GET /cormun/servlet/permisogoce?INS,0,,, HTTP/1.1" 200 7226
179.57.78.9 - - [28/Apr/2025:10:54:02 -0300] "GET /cormun/servlet/permisogoce?85c996c9cf7b717d8c5d8a5f6c17c5c919a9c3c0137afca141e6aaec64e7dc9b53fc68b9436b74b87390df0527baae5c919a06dc969cbbfc4e66e3b39b0df93e,gx-no-cache=1745848580147 HTTP/1.1" 200 73
179.57.78.9 - - [28/Apr/2025:10:54:09 -0300] "GET /cormun/servlet/permisogoce?85c996c9cf7b717d8c5d8a5f6c17c5c9d187112b98133232cca29368d57318f4e4ff59ed5ab74769a148f517f254dce674d9fd94d3d0c54605005f5193149add,gx-no-cache=1745848586809 HTTP/1.1" 200 47
179.57.78.9 - - [28/Apr/2025:10:54:11 -0300] "POST /cormun/servlet/permisogoce?4d60561af8dc2214c3fbe7c329056055,INS,0,,,,gx-no-cache=1745848588756 HTTP/1.1" 200 93
179.57.78.9 - - [28/Apr/2025:10:54:11 -0300] "GET /cormun/servlet/hpexe_return? HTTP/1.1" 200 1000
179.57.78.9 - - [28/Apr/2025:10:54:11 -0300] "GET /cormun/servlet/trpermisosgoce HTTP/1.1" 200 16590
179.57.78.9 - - [28/Apr/2025:10:54:17 -0300] "GET /cormun/servlet/permisogoce?INS,0,,, HTTP/1.1" 200 7226
179.57.78.9 - - [28/Apr/2025:10:54:27 -0300] "GET /cormun/servlet/permisogoce?85c996c9cf7b717d8c5d8a5f6c17c5c967b7585079b517f6ee1db1042dd539fc53fc68b9436b74b87390df0527baae5c919a06dc969cbbfc4e66e3b39b0df93e,gx-no-cache=1745848604467 HTTP/1.1" 200 82
179.57.78.9 - - [28/Apr/2025:10:54:31 -0300] "GET /cormun/servlet/hlogin HTTP/1.1" 200 1723
179.57.78.9 - - [28/Apr/2025:10:54:31 -0300] "GET /cormun/servlet/hlogin HTTP/1.1" 200 1734
179.57.78.9 - - [28/Apr/2025:10:54:35 -0300] "GET /cormun/servlet/permisogoce?85c996c9cf7b717d8c5d8a5f6c17c5c904734ef9ab24b02aaab4e86f742d5ab86edfbeccda35450c2c20faebf1fffd5d017e0cf7d2366db12944c24e98335c78,gx-no-cache=1745848612762 HTTP/1.1" 200 47
179.57.78.9 - - [28/Apr/2025:10:54:37 -0300] "POST /cormun/servlet/permisogoce?4d60561af8dc2214c3fbe7c329056055,INS,0,,,,gx-no-cache=1745848614868 HTTP/1.1" 200 93
179.57.78.9 - - [28/Apr/2025:10:54:37 -0300] "GET /cormun/servlet/hpexe_return? HTTP/1.1" 200 1000
179.57.78.9 - - [28/Apr/2025:10:54:37 -0300] "GET /cormun/servlet/trpermisosgoce HTTP/1.1" 200 16769
190.95.2.163 - - [28/Apr/2025:10:54:38 -0300] "GET /cormun/servlet/hlogin HTTP/1.1" 200 1721
190.95.2.163 - - [28/Apr/2025:10:54:39 -0300] "GET /cormun/servlet/hlogin HTTP/1.1" 200 1732
179.57.78.9 - - [28/Apr/2025:10:54:40 -0300] "POST /cormun/servlet/hlogin?c59c73cd6eebb06a672576254fcae234,gx-no-cache=1745848613199 HTTP/1.1" 200 90
179.57.78.9 - - [28/Apr/2025:10:54:40 -0300] "GET /cormun/servlet/hpexe_link HTTP/1.1" 200 952
179.57.78.9 - - [28/Apr/2025:10:54:40 -0300] "GET /cormun/servlet/hhome HTTP/1.1" 200 4342
190.95.2.163 - - [28/Apr/2025:10:54:41 -0300] "POST /cormun/servlet/hlogin?0d50e9d33399688a3350d11297b71691,gx-no-cache=1745848612975 HTTP/1.1" 200 90
190.95.2.163 - - [28/Apr/2025:10:54:41 -0300] "GET /cormun/servlet/hpexe_link HTTP/1.1" 200 952
190.95.2.163 - - [28/Apr/2025:10:54:41 -0300] "GET /cormun/servlet/hhome HTTP/1.1" 200 3998
179.57.78.9 - - [28/Apr/2025:10:54:44 -0300] "GET /cormun/servlet/trlicencias? HTTP/1.1" 200 11215
179.57.78.9 - - [28/Apr/2025:10:54:44 -0300] "GET /cormun/servlet/permisogoce?INS,0,,, HTTP/1.1" 200 7226
190.95.2.163 - - [28/Apr/2025:10:54:44 -0300] "GET /cormun/servlet/trlicencias? HTTP/1.1" 200 11962
179.57.78.9 - - [28/Apr/2025:10:54:49 -0300] "GET /cormun/servlet/licenciaspermisos?DSP,15806809,L,20250428000000, HTTP/1.1" 200 7481
179.57.78.9 - - [28/Apr/2025:10:54:52 -0300] "GET /cormun/servlet/permisogoce?85c996c9cf7b717d8c5d8a5f6c17c5c9edfb204463e10128a9aa124a3975d89353fc68b9436b74b87390df0527baae5c919a06dc969cbbfc4e66e3b39b0df93e,gx-no-cache=1745848630002 HTTP/1.1" 200 80
179.57.78.9 - - [28/Apr/2025:10:54:57 -0300] "GET /cormun/servlet/trlicencias? HTTP/1.1" 200 11215
179.57.78.9 - - [28/Apr/2025:10:55:00 -0300] "GET /cormun/servlet/permisogoce?85c996c9cf7b717d8c5d8a5f6c17c5c901b0e841d5df1b31f826a69b9602a68fcf6ca47b0e467aead390d5302d81a39574d9fd94d3d0c54605005f5193149add,gx-no-cache=1745848637746 HTTP/1.1" 200 47
190.95.15.13 - - [28/Apr/2025:10:55:01 -0300] "GET /cormun/servlet/solicitudotadjuntos?caf87029c61032d0841e412b92a172b1be304e0ea84aa408feb55cd7cb2ec80796cfbb35ff349869ee3ec243daaf4fad,gx-no-cache=1745848631466 HTTP/1.1" 200 30
190.95.15.13 - - [28/Apr/2025:10:55:01 -0300] "POST /cormun/servlet/solicitudotadjuntos?540f6cf1779b9bc5ca5336844b91f121,INS,2025,22504,,1, HTTP/1.1" 200 6142
190.95.15.13 - - [28/Apr/2025:10:55:01 -0300] "GET /cormun/PrivateTempStorage/upload_00001126.odt HTTP/1.1" 200 278128
179.57.78.9 - - [28/Apr/2025:10:55:02 -0300] "POST /cormun/servlet/permisogoce?4d60561af8dc2214c3fbe7c329056055,INS,0,,,,gx-no-cache=1745848639796 HTTP/1.1" 200 93
179.57.78.9 - - [28/Apr/2025:10:55:02 -0300] "GET /cormun/servlet/hpexe_return? HTTP/1.1" 200 1000
179.57.78.9 - - [28/Apr/2025:10:55:02 -0300] "GET /cormun/servlet/trpermisosgoce HTTP/1.1" 200 16951
179.57.78.9 - - [28/Apr/2025:10:55:08 -0300] "GET /cormun/servlet/permisogoce?INS,0,,, HTTP/1.1" 200 7225
179.57.78.9 - - [28/Apr/2025:10:55:22 -0300] "GET /cormun/servlet/licenciaspermisos?DSP,16846409,L,20250426000000, HTTP/1.1" 200 7491
179.57.78.9 - - [28/Apr/2025:10:55:27 -0300] "GET /cormun/servlet/trlicencias? HTTP/1.1" 200 11215
179.57.78.9 - - [28/Apr/2025:10:55:30 -0300] "GET /cormun/servlet/permisogoce?85c996c9cf7b717d8c5d8a5f6c17c5c931d511dc85ddd6f92576b4981bfef54a53fc68b9436b74b87390df0527baae5c919a06dc969cbbfc4e66e3b39b0df93e,gx-no-cache=1745848668075 HTTP/1.1" 200 87
179.57.78.9 - - [28/Apr/2025:10:55:32 -0300] "GET /cormun/servlet/hlogin HTTP/1.1" 200 1740
190.95.2.163 - - [28/Apr/2025:10:55:36 -0300] "GET /cormun/servlet/trpermisosgoce? HTTP/1.1" 200 11589
179.57.78.9 - - [28/Apr/2025:10:55:36 -0300] "GET /cormun/servlet/permisogoce?85c996c9cf7b717d8c5d8a5f6c17c5c99aa01578912d6985637af217b51c52156cfa187309311159040d07df8968478b017e0cf7d2366db12944c24e98335c78,gx-no-cache=1745848674146 HTTP/1.1" 200 47
179.57.78.9 - - [28/Apr/2025:10:55:42 -0300] "POST /cormun/servlet/permisogoce?4d60561af8dc2214c3fbe7c329056055,INS,0,,,,gx-no-cache=1745848679829 HTTP/1.1" 200 93
179.57.78.9 - - [28/Apr/2025:10:55:42 -0300] "GET /cormun/servlet/hpexe_return? HTTP/1.1" 200 1000
179.57.78.9 - - [28/Apr/2025:10:55:43 -0300] "GET /cormun/servlet/trpermisosgoce HTTP/1.1" 200 17071
179.57.78.9 - - [28/Apr/2025:10:55:51 -0300] "GET /cormun/servlet/permisogoce?INS,0,,, HTTP/1.1" 200 7225
179.57.78.9 - - [28/Apr/2025:10:55:58 -0300] "GET /cormun/servlet/permisogoce?85c996c9cf7b717d8c5d8a5f6c17c5c9349300409add52d3496fd244f2f0116853fc68b9436b74b87390df0527baae5c919a06dc969cbbfc4e66e3b39b0df93e,gx-no-cache=1745848696307 HTTP/1.1" 200 80
179.57.78.9 - - [28/Apr/2025:10:56:06 -0300] "GET /cormun/servlet/permisogoce?85c996c9cf7b717d8c5d8a5f6c17c5c925be502b04e2a604dfa170897b34759e0e0a8c98a22abc5352e947939d22d8eb74d9fd94d3d0c54605005f5193149add,gx-no-cache=1745848703745 HTTP/1.1" 200 47
179.57.78.9 - - [28/Apr/2025:10:56:08 -0300] "POST /cormun/servlet/permisogoce?4d60561af8dc2214c3fbe7c329056055,INS,0,,,,gx-no-cache=1745848705492 HTTP/1.1" 200 93
179.57.78.9 - - [28/Apr/2025:10:56:08 -0300] "GET /cormun/servlet/hpexe_return? HTTP/1.1" 200 1000
179.57.78.9 - - [28/Apr/2025:10:56:08 -0300] "GET /cormun/servlet/trpermisosgoce HTTP/1.1" 200 17309
179.57.78.9 - - [28/Apr/2025:10:56:14 -0300] "GET /cormun/servlet/permisogoce?INS,0,,, HTTP/1.1" 200 7225
179.57.78.9 - - [28/Apr/2025:10:56:23 -0300] "GET /cormun/servlet/permisogoce?85c996c9cf7b717d8c5d8a5f6c17c5c9c9a1f92efad80550c2ba679b6bf696eb53fc68b9436b74b87390df0527baae5c919a06dc969cbbfc4e66e3b39b0df93e,gx-no-cache=1745848720603 HTTP/1.1" 200 77
179.57.78.9 - - [28/Apr/2025:10:56:31 -0300] "GET /cormun/servlet/permisogoce?85c996c9cf7b717d8c5d8a5f6c17c5c9bf927642d19f8359a379750bbb87219bd19b911fadbc950bb04c30e4a2d576f874d9fd94d3d0c54605005f5193149add,gx-no-cache=1745848728546 HTTP/1.1" 200 47
179.57.78.9 - - [28/Apr/2025:10:56:33 -0300] "POST /cormun/servlet/permisogoce?4d60561af8dc2214c3fbe7c329056055,INS,0,,,,gx-no-cache=1745848730580 HTTP/1.1" 200 93
179.57.78.9 - - [28/Apr/2025:10:56:33 -0300] "GET /cormun/servlet/hpexe_return? HTTP/1.1" 200 1000
179.57.78.9 - - [28/Apr/2025:10:56:33 -0300] "GET /cormun/servlet/trpermisosgoce HTTP/1.1" 200 17527
179.57.78.9 - - [28/Apr/2025:10:56:39 -0300] "GET /cormun/servlet/permisogoce?INS,0,,, HTTP/1.1" 200 7226
192.168.10.22 - - [28/Apr/2025:10:56:40 -0300] "GET /cormun/servlet/hlogin HTTP/1.1" 200 1713
192.168.10.22 - - [28/Apr/2025:10:56:44 -0300] "POST /cormun/servlet/hlogin?a1b8b16281953ae77edc5d7661cafd2a,gx-no-cache=1745848751719 HTTP/1.1" 200 428
179.57.78.9 - - [28/Apr/2025:10:56:46 -0300] "GET /cormun/servlet/permisogoce?85c996c9cf7b717d8c5d8a5f6c17c5c9083b5c0dc1d893d9c6c2f4310c93f88d069351b206d270cf9edf3b3a65795c3f82e65ed9bc77b6d224747cb0e850fe56,gx-no-cache=1745848744099 HTTP/1.1" 200 83
192.168.10.22 - - [28/Apr/2025:10:56:53 -0300] "POST /cormun/servlet/hlogin?a1b8b16281953ae77edc5d7661cafd2a,gx-no-cache=1745848760477 HTTP/1.1" 200 90
192.168.10.22 - - [28/Apr/2025:10:56:53 -0300] "GET /cormun/servlet/hpexe_link HTTP/1.1" 200 972
192.168.10.22 - - [28/Apr/2025:10:56:53 -0300] "GET /cormun/servlet/vesolicitudgral?2025,22460,,SolicitudOTAdjuntos HTTP/1.1" 200 11193
192.168.10.22 - - [28/Apr/2025:10:56:53 -0300] "GET /cormun/pexe_scrolldiv.js HTTP/1.1" 404 1009
179.57.78.9 - - [28/Apr/2025:10:56:54 -0300] "GET /cormun/servlet/permisogoce?85c996c9cf7b717d8c5d8a5f6c17c5c93c77c946c4936a68dab27f2b6468b85cee5c2f1005eef861603bee265c4121c3e541643aa1a94e5df47a68524f080e50,gx-no-cache=1745848752290 HTTP/1.1" 200 47
192.168.10.22 - - [28/Apr/2025:10:56:54 -0300] "POST /cormun/servlet/acontrolpreferencessavestate?None,RRHH+DANIELA,true HTTP/1.1" 200 35
192.168.10.22 - - [28/Apr/2025:10:56:57 -0300] "GET /cormun/servlet/trsolicitudgral? HTTP/1.1" 200 9734
179.57.78.9 - - [28/Apr/2025:10:56:57 -0300] "POST /cormun/servlet/permisogoce?4d60561af8dc2214c3fbe7c329056055,INS,0,,,,gx-no-cache=1745848754660 HTTP/1.1" 200 93
179.57.78.9 - - [28/Apr/2025:10:56:57 -0300] "GET /cormun/servlet/hpexe_return? HTTP/1.1" 200 1000
179.57.78.9 - - [28/Apr/2025:10:56:58 -0300] "GET /cormun/servlet/trpermisosgoce HTTP/1.1" 200 17748
192.168.10.22 - - [28/Apr/2025:10:57:09 -0300] "GET /cormun/servlet/trsolicitudgral? HTTP/1.1" 200 9727
179.57.78.9 - - [28/Apr/2025:10:57:10 -0300] "GET /cormun/servlet/trpermisosadjuntos?19956884,20250428094633,P, HTTP/1.1" 200 6649
179.57.78.9 - - [28/Apr/2025:10:57:10 -0300] "GET /cormun/static/gxcfg.js?2020121641683 HTTP/1.1" 200 953
179.57.78.9 - - [28/Apr/2025:10:57:10 -0300] "GET /cormun/static/trpermisosadjuntos.js?2020121642996 HTTP/1.1" 200 20158
179.57.78.9 - - [28/Apr/2025:10:57:14 -0300] "GET /cormun/servlet/permisosadjuntos?INS,19956884,P,20250428094633,, HTTP/1.1" 200 5971
179.57.78.9 - - [28/Apr/2025:10:57:14 -0300] "GET /cormun/static/permisosadjuntos.js?20201215134285 HTTP/1.1" 200 8724
179.57.78.9 - - [28/Apr/2025:10:57:14 -0300] "GET /cormun/static/gxcfg.js?20201215134212 HTTP/1.1" 200 953
179.57.78.9 - - [28/Apr/2025:10:57:14 -0300] "GET /cormun/static/about:blank HTTP/1.1" 404 1011
10.40.40.2 - - [28/Apr/2025:10:57:51 -0300] "GET /cormun/servlet/hlogin HTTP/1.1" 200 1715
10.40.40.2 - - [28/Apr/2025:10:57:51 -0300] "GET /cormun/static/gxtimezone.js?85251 HTTP/1.1" 200 5781
10.40.40.2 - - [28/Apr/2025:10:57:51 -0300] "GET /cormun/static/gxcfg.js?2022112219184450 HTTP/1.1" 200 953
10.40.40.2 - - [28/Apr/2025:10:57:51 -0300] "GET /cormun/static/Resources/CormunLogin.png HTTP/1.1" 200 19132
10.40.40.2 - - [28/Apr/2025:10:57:51 -0300] "GET /cormun/static/messages.spa.js?85251 HTTP/1.1" 200 30736
10.40.40.2 - - [28/Apr/2025:10:57:51 -0300] "GET /cormun/static/Resources/Spanish/PXTools.css?1759030 HTTP/1.1" 200 100853
10.40.40.2 - - [28/Apr/2025:10:57:51 -0300] "GET /cormun/static/hlogin.js?2022112219184458 HTTP/1.1" 200 2156
10.40.40.2 - - [28/Apr/2025:10:57:51 -0300] "GET /cormun/static/gxgral.js?85251 HTTP/1.1" 200 384558
10.40.40.2 - - [28/Apr/2025:10:57:51 -0300] "GET /cormun/static/Resources/PXToolsButtonBackground.png HTTP/1.1" 200 1176
10.40.40.2 - - [28/Apr/2025:10:57:51 -0300] "GET /cormun/static/Resources/PXToolsLoginBottom.png HTTP/1.1" 200 1389
10.40.40.2 - - [28/Apr/2025:10:57:51 -0300] "GET /cormun/static/Resources/PXToolsLoginBackground.png HTTP/1.1" 200 1164
10.40.40.2 - - [28/Apr/2025:10:57:51 -0300] "GET /cormun/static/Resources/PXToolsButtonLeft.png HTTP/1.1" 200 1310
10.40.40.2 - - [28/Apr/2025:10:57:51 -0300] "GET /cormun/static/Resources/PXToolsLoginTop.png HTTP/1.1" 200 1337
10.40.40.2 - - [28/Apr/2025:10:57:51 -0300] "GET /cormun/static/Resources/PXToolsButtonRight.png HTTP/1.1" 200 1294
10.40.40.2 - - [28/Apr/2025:10:57:51 -0300] "GET /cormun/servlet/hlogin HTTP/1.1" 200 1726
10.40.40.2 - - [28/Apr/2025:10:57:51 -0300] "GET /cormun/static/Resources/indicator.gif HTTP/1.1" 200 1553
10.40.40.2 - - [28/Apr/2025:10:57:51 -0300] "GET /favicon.ico HTTP/1.1" 200 21630
10.40.40.2 - - [28/Apr/2025:10:58:04 -0300] "GET /cormun/servlet/hlogin HTTP/1.1" 200 1715
179.57.78.9 - - [28/Apr/2025:10:58:08 -0300] "POST /cormun/servlet/permisosadjuntos?4d60561af8dc2214c3fbe7c329056055,INS,19956884,P,20250428094633,, HTTP/1.1" 200 116
179.57.78.9 - - [28/Apr/2025:10:58:08 -0300] "GET /cormun/servlet/hpexe_return? HTTP/1.1" 200 1029
179.57.78.9 - - [28/Apr/2025:10:58:08 -0300] "GET /cormun/servlet/trpermisosadjuntos?19956884,20250428094633,P, HTTP/1.1" 200 7155
179.57.78.9 - - [28/Apr/2025:10:58:15 -0300] "POST /cormun/servlet/trpermisosadjuntos?4d60561af8dc2214c3fbe7c329056055,19956884,20250428094633,P,,gx-no-cache=1745848832525 HTTP/1.1" 200 90
179.57.78.9 - - [28/Apr/2025:10:58:15 -0300] "GET /cormun/servlet/hpexe_link HTTP/1.1" 200 973
179.57.78.9 - - [28/Apr/2025:10:58:15 -0300] "GET /cormun/servlet/trpermisosgoce HTTP/1.1" 200 17744
190.208.14.8 - - [28/Apr/2025:10:58:17 -0300] "GET /cormun/servlet/hlogin HTTP/1.1" 200 1725
190.208.14.8 - - [28/Apr/2025:10:58:17 -0300] "GET /cormun/static/Resources/Spanish/PXTools.css?1759030 HTTP/1.1" 200 100853
190.208.14.8 - - [28/Apr/2025:10:58:17 -0300] "GET /cormun/static/gxtimezone.js?85251 HTTP/1.1" 200 5781
190.208.14.8 - - [28/Apr/2025:10:58:17 -0300] "GET /cormun/static/gxcfg.js?2022112219184450 HTTP/1.1" 200 953
190.208.14.8 - - [28/Apr/2025:10:58:17 -0300] "GET /cormun/static/Resources/CormunLogin.png HTTP/1.1" 200 19132
190.208.14.8 - - [28/Apr/2025:10:58:17 -0300] "GET /cormun/static/messages.spa.js?85251 HTTP/1.1" 200 30736
190.208.14.8 - - [28/Apr/2025:10:58:18 -0300] "GET /cormun/static/hlogin.js?2022112219184458 HTTP/1.1" 200 2156
179.57.78.9 - - [28/Apr/2025:10:58:18 -0300] "GET /cormun/servlet/trpermisosadjuntos?15995528,20250428094656,P, HTTP/1.1" 200 6655
10.40.40.2 - - [28/Apr/2025:10:58:19 -0300] "POST /cormun/servlet/hlogin?77ce1f85466c551a3eb37d9730b236f7,gx-no-cache=1745848793248 HTTP/1.1" 200 424
190.208.14.8 - - [28/Apr/2025:10:58:19 -0300] "GET /cormun/static/gxgral.js?85251 HTTP/1.1" 200 384558
190.208.14.8 - - [28/Apr/2025:10:58:19 -0300] "GET /cormun/static/Resources/PXToolsLoginBottom.png HTTP/1.1" 200 1389
190.208.14.8 - - [28/Apr/2025:10:58:19 -0300] "GET /cormun/static/Resources/PXToolsLoginTop.png HTTP/1.1" 200 1337
190.208.14.8 - - [28/Apr/2025:10:58:19 -0300] "GET /cormun/static/Resources/PXToolsLoginBackground.png HTTP/1.1" 200 1164
190.208.14.8 - - [28/Apr/2025:10:58:19 -0300] "GET /cormun/static/Resources/PXToolsButtonLeft.png HTTP/1.1" 200 1310
190.208.14.8 - - [28/Apr/2025:10:58:19 -0300] "GET /cormun/static/Resources/PXToolsButtonBackground.png HTTP/1.1" 200 1176
190.208.14.8 - - [28/Apr/2025:10:58:19 -0300] "GET /cormun/static/Resources/PXToolsButtonRight.png HTTP/1.1" 200 1294
190.208.14.8 - - [28/Apr/2025:10:58:20 -0300] "GET /cormun/servlet/hlogin HTTP/1.1" 200 1735
190.208.14.8 - - [28/Apr/2025:10:58:20 -0300] "GET /cormun/static/Resources/indicator.gif HTTP/1.1" 200 1553
179.57.78.9 - - [28/Apr/2025:10:58:20 -0300] "GET /cormun/servlet/permisosadjuntos?INS,15995528,P,20250428094656,, HTTP/1.1" 200 5975
179.57.78.9 - - [28/Apr/2025:10:58:20 -0300] "GET /cormun/static/about:blank HTTP/1.1" 404 1011
190.208.14.8 - - [28/Apr/2025:10:58:20 -0300] "GET /cormun/static/Resources/indicator.gif HTTP/1.1" 200 1553
179.57.78.9 - - [28/Apr/2025:10:58:25 -0300] "POST /cormun/servlet/permisosadjuntos?4d60561af8dc2214c3fbe7c329056055,INS,15995528,P,20250428094656,, HTTP/1.1" 200 116
179.57.78.9 - - [28/Apr/2025:10:58:25 -0300] "GET /cormun/servlet/hpexe_return? HTTP/1.1" 200 1029
179.57.78.9 - - [28/Apr/2025:10:58:25 -0300] "GET /cormun/servlet/trpermisosadjuntos?15995528,20250428094656,P, HTTP/1.1" 200 7179
