190.95.1.183 - - [28/Apr/2025:09:46:46 -0300] "GET /cormun/static/Resources/indicator.gif HTTP/1.1" 200 1553
190.95.1.183 - - [28/Apr/2025:09:46:46 -0300] "GET /cormun/servlet/hlogin HTTP/1.1" 200 1739
190.95.1.183 - - [28/Apr/2025:09:46:49 -0300] "POST /cormun/servlet/hlogin?738705a15f1ec8770059b65fc0781df3,gx-no-cache=1745844542255 HTTP/1.1" 200 90
190.95.1.183 - - [28/Apr/2025:09:46:49 -0300] "GET /cormun/servlet/hpexe_link HTTP/1.1" 200 959
190.95.1.183 - - [28/Apr/2025:09:46:49 -0300] "GET /cormun/static/gxcfg.js?20221129847421 HTTP/1.1" 200 953
190.95.1.183 - - [28/Apr/2025:09:46:49 -0300] "GET /cormun/static/Resources/Spanish/PXTools.css?8354383 HTTP/1.1" 200 100853
190.95.1.183 - - [28/Apr/2025:09:46:49 -0300] "GET /cormun/servlet/hhome HTTP/1.1" 200 4166
190.95.1.183 - - [28/Apr/2025:09:46:49 -0300] "GET /cormun/static/SmoothNavMenu/resources/ddsmoothmenu.css?1112540 HTTP/1.1" 200 2223
190.95.1.183 - - [28/Apr/2025:09:46:49 -0300] "GET /cormun/static/SmoothNavMenu/resources/ddsmoothmenu-v.css?1112540 HTTP/1.1" 200 1188
190.95.1.183 - - [28/Apr/2025:09:46:49 -0300] "GET /cormun/static/scaMessage/css/jquery.pnotify.default.css?1816380 HTTP/1.1" 200 1707
190.95.1.183 - - [28/Apr/2025:09:46:49 -0300] "GET /cormun/static/gxcfg.js?20201215495537 HTTP/1.1" 200 953
190.95.1.183 - - [28/Apr/2025:09:46:49 -0300] "GET /cormun/static/Resources/Spanish/PXTools.css?14345360 HTTP/1.1" 200 100853
190.95.1.183 - - [28/Apr/2025:09:46:49 -0300] "GET /cormun/static/Shared/jqueryui/jquery-ui.min.css?1345370 HTTP/1.1" 200 30288
190.95.1.183 - - [28/Apr/2025:09:46:49 -0300] "GET /cormun/static/PXToolsJavascripts/pexe_autoreload.js HTTP/1.1" 200 1762
190.95.1.183 - - [28/Apr/2025:09:46:49 -0300] "GET /cormun/static/PXToolsJavascripts/pexe_cookies.js HTTP/1.1" 200 792
190.95.1.183 - - [28/Apr/2025:09:46:49 -0300] "GET /cormun/static/PXToolsJavascripts/pexe_windows.js HTTP/1.1" 200 15249
190.95.1.183 - - [28/Apr/2025:09:46:49 -0300] "GET /cormun/static/PXToolsJavascripts/pexe_grid.js HTTP/1.1" 200 7559
190.95.1.183 - - [28/Apr/2025:09:46:49 -0300] "GET /cormun/static/PXToolsJavascripts/pexe_griddivfix.js HTTP/1.1" 200 6946
190.95.1.183 - - [28/Apr/2025:09:46:49 -0300] "GET /cormun/static/PXToolsJavascripts/pexe_link.js HTTP/1.1" 200 5671
190.95.1.183 - - [28/Apr/2025:09:46:49 -0300] "GET /cormun/static/PXToolsJavascripts/pexe_menudivfix.js HTTP/1.1" 200 333
190.95.1.183 - - [28/Apr/2025:09:46:49 -0300] "GET /cormun/static/PXToolsJavascripts/pexe_menus.js HTTP/1.1" 200 1286
190.95.1.183 - - [28/Apr/2025:09:46:49 -0300] "GET /cormun/static/PXToolsJavascripts/pexe_layers.js HTTP/1.1" 200 4114
190.95.1.183 - - [28/Apr/2025:09:46:49 -0300] "GET /cormun/static/PXToolsJavascripts/pexe_oav.js HTTP/1.1" 200 645
190.95.1.183 - - [28/Apr/2025:09:46:49 -0300] "GET /cormun/static/PXToolsJavascripts/pexe_oavdivfix.js HTTP/1.1" 200 639
190.95.1.183 - - [28/Apr/2025:09:46:49 -0300] "GET /cormun/static/PXToolsJavascripts/pexe_popup.js HTTP/1.1" 200 15149
190.95.1.183 - - [28/Apr/2025:09:46:49 -0300] "GET /cormun/static/PXToolsJavascripts/pexe_picture.js HTTP/1.1" 200 689
190.95.1.183 - - [28/Apr/2025:09:46:49 -0300] "GET /cormun/static/PXToolsJavascripts/pexe_scrolldiv.js HTTP/1.1" 200 4138
190.95.1.183 - - [28/Apr/2025:09:46:49 -0300] "GET /cormun/static/PXToolsJavascripts/pexe_tabdivfix.js HTTP/1.1" 200 898
190.95.1.183 - - [28/Apr/2025:09:46:49 -0300] "GET /cormun/static/PXToolsJavascripts/pexe_tabs.js HTTP/1.1" 200 3748
190.95.1.183 - - [28/Apr/2025:09:46:49 -0300] "GET /cormun/static/PXToolsJavascripts/pexe_upload.js HTTP/1.1" 200 1423
190.95.1.183 - - [28/Apr/2025:09:46:49 -0300] "GET /cormun/static/PXToolsJavascripts/PXToolsJavascriptsRender.js HTTP/1.1" 200 367
190.95.1.183 - - [28/Apr/2025:09:46:49 -0300] "GET /cormun/static/Resources/CormunMP2.png HTTP/1.1" 200 6878
190.95.1.183 - - [28/Apr/2025:09:46:49 -0300] "GET /cormun/static/Resources/ImgHome.png HTTP/1.1" 200 1364
190.95.1.183 - - [28/Apr/2025:09:46:49 -0300] "GET /cormun/static/Resources/ImgLogin.png HTTP/1.1" 200 1432
190.95.1.183 - - [28/Apr/2025:09:46:49 -0300] "GET /cormun/static/Resources/Llave.png HTTP/1.1" 200 1395
190.95.1.183 - - [28/Apr/2025:09:46:49 -0300] "GET /cormun/static/RunJS/RunJS.js HTTP/1.1" 200 288
190.95.1.183 - - [28/Apr/2025:09:46:49 -0300] "GET /cormun/static/Shared/ext/locale/ext-lang-en.js HTTP/1.1" 200 10940
190.95.1.183 - - [28/Apr/2025:09:46:49 -0300] "GET /cormun/static/Resources/PXToolsDataTitle.png HTTP/1.1" 200 1173
190.95.1.183 - - [28/Apr/2025:09:46:49 -0300] "GET /cormun/static/hhome.js?20201215495544 HTTP/1.1" 200 777
190.95.1.183 - - [28/Apr/2025:09:46:49 -0300] "GET /cormun/static/hwchdr01.js?2022112219251119 HTTP/1.1" 200 996
190.95.1.183 - - [28/Apr/2025:09:46:49 -0300] "GET /cormun/static/gxui/gxui-all.js HTTP/1.1" 200 107772
190.95.1.183 - - [28/Apr/2025:09:46:49 -0300] "GET /cormun/static/hpexe_recentlink.js?20201214471090 HTTP/1.1" 200 2144
190.95.1.183 - - [28/Apr/2025:09:46:49 -0300] "GET /cormun/static/hpexe_scripts.js?20201214471411 HTTP/1.1" 200 1544
190.95.1.183 - - [28/Apr/2025:09:46:49 -0300] "GET /cormun/static/hpexe_messagecontroller.js?202211298371222 HTTP/1.1" 200 870
190.95.1.183 - - [28/Apr/2025:09:46:49 -0300] "GET /cormun/static/hpexe_messagepopupcomponent.js?2020121447232 HTTP/1.1" 200 605
190.95.1.183 - - [28/Apr/2025:09:46:49 -0300] "GET /cormun/static/hpexe_messagegenexuscomponent.js?20221129836373 HTTP/1.1" 200 587
190.95.1.183 - - [28/Apr/2025:09:46:49 -0300] "GET /cormun/static/cmcontrolpreferences.js?20199141926336 HTTP/1.1" 200 1375
190.95.1.183 - - [28/Apr/2025:09:46:49 -0300] "GET /cormun/static/Shared/jquery/jquery-1.4.2.min.js HTTP/1.1" 200 72174
190.95.1.183 - - [28/Apr/2025:09:46:49 -0300] "GET /cormun/static/SmoothNavMenu/resources/ddsmoothmenu.js HTTP/1.1" 200 12712
190.95.1.183 - - [28/Apr/2025:09:46:49 -0300] "GET /cormun/static/SmoothNavMenu/resources/SmoothNavMenuRender.js HTTP/1.1" 200 5951
190.95.1.183 - - [28/Apr/2025:09:46:49 -0300] "GET /cormun/static/scaMessage/js/jquery.pnotify.min.js HTTP/1.1" 200 13038
190.95.1.183 - - [28/Apr/2025:09:46:49 -0300] "GET /cormun/static/scaMessage/scaMessageRender.js HTTP/1.1" 200 11977
190.95.1.183 - - [28/Apr/2025:09:46:49 -0300] "GET /cormun/static/hmpwkw03.js?20221129844354 HTTP/1.1" 200 3971
190.95.1.183 - - [28/Apr/2025:09:46:49 -0300] "GET /cormun/static/Shared/jquery/jquery-1.10.2.min.js HTTP/1.1" 200 273199
190.95.1.183 - - [28/Apr/2025:09:46:49 -0300] "GET /cormun/static/Shared/jqueryui/jquery-ui.min.js HTTP/1.1" 200 240427
190.95.1.183 - - [28/Apr/2025:09:46:49 -0300] "GET /cormun/static/Shared/ext/ext-all.js HTTP/1.1" 200 1289687
190.95.1.183 - - [28/Apr/2025:09:46:49 -0300] "GET /cormun/static/SmoothNavMenu/resources/images/down.gif HTTP/1.1" 200 854
190.95.1.183 - - [28/Apr/2025:09:46:49 -0300] "GET /cormun/static/SmoothNavMenu/resources/images/right.gif HTTP/1.1" 200 860
190.95.1.183 - - [28/Apr/2025:09:46:53 -0300] "GET /cormun/servlet/trautorizarsolicitud? HTTP/1.1" 200 7279
190.95.1.183 - - [28/Apr/2025:09:46:53 -0300] "GET /cormun/static/gxui/gxui-all.css?120300 HTTP/1.1" 200 2179
190.95.1.183 - - [28/Apr/2025:09:46:53 -0300] "GET /cormun/static/gxcfg.js?202211298474254 HTTP/1.1" 200 953
190.95.1.183 - - [28/Apr/2025:09:46:53 -0300] "GET /cormun/static/calendar-system.css?85620 HTTP/1.1" 200 5572
190.95.1.183 - - [28/Apr/2025:09:46:53 -0300] "GET /cormun/static/calendar.js?85251 HTTP/1.1" 200 26246
190.95.1.183 - - [28/Apr/2025:09:46:53 -0300] "GET /cormun/static/calendar-setup.js?85251 HTTP/1.1" 200 2588
190.95.1.183 - - [28/Apr/2025:09:46:53 -0300] "GET /cormun/static/calendar-es.js?85251 HTTP/1.1" 200 1901
190.95.1.183 - - [28/Apr/2025:09:46:53 -0300] "GET /cormun/static/gxdec.js?85251 HTTP/1.1" 200 19579
190.95.1.183 - - [28/Apr/2025:09:46:53 -0300] "GET /cormun/static/trautorizarsolicitud.js?202211298474588 HTTP/1.1" 200 53909
190.95.1.183 - - [28/Apr/2025:09:46:53 -0300] "GET /cormun/static/Resources/PXToolsDataSearch.png HTTP/1.1" 200 435
190.95.1.183 - - [28/Apr/2025:09:46:53 -0300] "GET /cormun/static/Resources/PXToolsGridFirstDisabled.gif HTTP/1.1" 200 100
190.95.1.183 - - [28/Apr/2025:09:46:53 -0300] "GET /cormun/static/Resources/PXToolsGridPreviousDisabled.gif HTTP/1.1" 200 90
190.95.1.183 - - [28/Apr/2025:09:46:53 -0300] "GET /cormun/static/Resources/PXToolsGridNextDisabled.gif HTTP/1.1" 200 90
190.95.1.183 - - [28/Apr/2025:09:46:53 -0300] "GET /cormun/static/Resources/PXToolsGridLastDisabled.gif HTTP/1.1" 200 98
190.95.1.183 - - [28/Apr/2025:09:46:53 -0300] "GET /cormun/static/Resources/PXToolsGridPage.gif HTTP/1.1" 200 725
190.95.1.183 - - [28/Apr/2025:09:46:53 -0300] "GET /cormun/static/Resources/PXToolsActionExcel.png HTTP/1.1" 200 727
190.95.1.183 - - [28/Apr/2025:09:46:53 -0300] "GET /cormun/static/Shared/ext/resources/css/ext-all.css?215870 HTTP/1.1" 200 416045
190.95.1.183 - - [28/Apr/2025:09:46:53 -0300] "GET /cormun/static/Resources/asc.gif HTTP/1.1" 200 67
190.95.1.183 - - [28/Apr/2025:09:46:53 -0300] "GET /cormun/static/Resources/desc.gif HTTP/1.1" 200 65
190.95.1.183 - - [28/Apr/2025:09:46:53 -0300] "GET /cormun/static/Shared/ext/resources/themes/images/default/panel/bg-headersPanel.png HTTP/1.1" 200 255
190.95.1.183 - - [28/Apr/2025:09:46:53 -0300] "GET /cormun/static/Shared/ext/resources/themes/images/default/tools/tool-sprites.gif HTTP/1.1" 200 5434
190.95.15.15 - - [28/Apr/2025:09:47:45 -0300] "GET /cormun/servlet/trlicencias? HTTP/1.1" 200 12285
179.57.78.71 - - [28/Apr/2025:09:47:53 -0300] "GET /cormun/servlet/hhome HTTP/1.1" 200 3320
179.57.78.71 - - [28/Apr/2025:09:47:53 -0300] "GET /cormun/servlet/hhome HTTP/1.1" 200 3330
179.57.78.71 - - [28/Apr/2025:09:47:53 -0300] "GET /cormun/servlet/hlogin HTTP/1.1" 200 1730
179.57.78.71 - - [28/Apr/2025:09:47:56 -0300] "POST /cormun/servlet/hlogin?25cddd625a60d785f2c320cd9390846e,gx-no-cache=1745844608899 HTTP/1.1" 200 90
179.57.78.71 - - [28/Apr/2025:09:47:56 -0300] "GET /cormun/servlet/hpexe_link HTTP/1.1" 200 948
179.57.78.71 - - [28/Apr/2025:09:47:56 -0300] "GET /cormun/servlet/hhome HTTP/1.1" 200 4241
179.57.78.71 - - [28/Apr/2025:09:48:19 -0300] "GET /cormun/servlet/trlicencias? HTTP/1.1" 200 12970
190.95.15.27 - - [28/Apr/2025:09:54:03 -0300] "GET /cormun/servlet/hlogin HTTP/1.1" 200 1718
190.95.15.27 - - [28/Apr/2025:09:54:03 -0300] "GET /cormun/servlet/hlogin HTTP/1.1" 200 1729
190.95.15.27 - - [28/Apr/2025:09:54:11 -0300] "POST /cormun/servlet/hlogin?4a4991dbfa6af9c35092f9c80eaac41b,gx-no-cache=1745844983839 HTTP/1.1" 200 90
190.95.15.27 - - [28/Apr/2025:09:54:11 -0300] "GET /cormun/servlet/hpexe_link HTTP/1.1" 200 950
190.95.15.27 - - [28/Apr/2025:09:54:11 -0300] "GET /cormun/servlet/hhome HTTP/1.1" 200 3917
190.95.15.27 - - [28/Apr/2025:09:54:13 -0300] "GET /cormun/servlet/trlicencias? HTTP/1.1" 200 9849
190.95.15.27 - - [28/Apr/2025:09:54:36 -0300] "POST /cormun/servlet/trlicencias?4a4991dbfa6af9c35092f9c80eaac41b,,gx-no-cache=1745845009091 HTTP/1.1" 200 5691
190.95.15.27 - - [28/Apr/2025:09:54:53 -0300] "POST /cormun/servlet/trlicencias?4a4991dbfa6af9c35092f9c80eaac41b,,gx-no-cache=1745845026213 HTTP/1.1" 200 5691
190.95.15.27 - - [28/Apr/2025:09:54:59 -0300] "POST /cormun/servlet/trlicencias?4a4991dbfa6af9c35092f9c80eaac41b,,gx-no-cache=1745845032600 HTTP/1.1" 200 101
190.95.15.27 - - [28/Apr/2025:09:55:00 -0300] "POST /cormun/servlet/trlicencias?4a4991dbfa6af9c35092f9c80eaac41b,,gx-no-cache=1745845032720 HTTP/1.1" 200 5669
190.95.15.27 - - [28/Apr/2025:09:55:00 -0300] "GET /cormun/Licencias-3076.xls HTTP/1.1" 200 5120
190.121.111.10 - - [28/Apr/2025:09:56:34 -0300] "GET /cormun/servlet/hlogin HTTP/1.1" 200 1723
190.121.111.10 - - [28/Apr/2025:09:56:38 -0300] "POST /cormun/servlet/hlogin?d059c449abdd63754962d74daa5f4025,gx-no-cache=1745845145119 HTTP/1.1" 200 90
190.121.111.10 - - [28/Apr/2025:09:56:38 -0300] "GET /cormun/servlet/hpexe_link HTTP/1.1" 200 954
190.121.111.10 - - [28/Apr/2025:09:56:38 -0300] "GET /cormun/servlet/hhome HTTP/1.1" 200 3826
190.121.111.10 - - [28/Apr/2025:09:56:44 -0300] "GET /cormun/servlet/trsolicitudgral? HTTP/1.1" 200 28464
66.249.80.136 - - [28/Apr/2025:09:56:59 -0300] "GET /cormun/servlet/trsolicitudgral HTTP/1.1" 500 10
66.249.80.136 - - [28/Apr/2025:09:56:59 -0300] "GET /cormun/servlet/trsolicitudgral HTTP/1.1" 500 5556
201.186.226.3 - - [28/Apr/2025:09:57:30 -0300] "GET /cormun/servlet/hlogin HTTP/1.1" 200 1722
201.186.226.3 - - [28/Apr/2025:09:57:44 -0300] "POST /cormun/servlet/hlogin?787d1a8f2ca4651592b745b6eb9c4b5e,gx-no-cache=1745845196852 HTTP/1.1" 200 90
201.186.226.3 - - [28/Apr/2025:09:57:44 -0300] "GET /cormun/servlet/hpexe_link HTTP/1.1" 200 953
201.186.226.3 - - [28/Apr/2025:09:57:44 -0300] "GET /cormun/servlet/hhome HTTP/1.1" 200 3911
201.186.226.3 - - [28/Apr/2025:09:57:49 -0300] "GET /cormun/servlet/trlicencias? HTTP/1.1" 200 10760
201.186.226.3 - - [28/Apr/2025:09:58:01 -0300] "GET /cormun/servlet/alicenciaprn?7723184,L,20250425000000,PU HTTP/1.1" 200 1533
179.57.78.55 - - [28/Apr/2025:09:58:02 -0300] "POST /cormun/servlet/trlicencias?aca3dd299ea2f65218d14c7b45bc43db,,gx-no-cache=1745845214990 HTTP/1.1" 200 7147
179.57.78.55 - - [28/Apr/2025:09:58:03 -0300] "POST /cormun/servlet/trlicencias?aca3dd299ea2f65218d14c7b45bc43db,,gx-no-cache=1745845215963 HTTP/1.1" 200 7147
190.121.111.10 - - [28/Apr/2025:09:58:18 -0300] "POST /cormun/servlet/trsolicitudgral?d059c449abdd63754962d74daa5f4025,,gx-no-cache=1745845245427 HTTP/1.1" 200 5255
190.121.111.10 - - [28/Apr/2025:09:58:21 -0300] "GET /cormun/static/menuarrow.gif HTTP/1.1" 404 1015
190.121.111.10 - - [28/Apr/2025:09:58:23 -0300] "POST /cormun/servlet/trsolicitudgral?d059c449abdd63754962d74daa5f4025,,gx-no-cache=1745845250760 HTTP/1.1" 200 5254
201.186.226.3 - - [28/Apr/2025:09:59:33 -0300] "GET /cormun/servlet/hlogin HTTP/1.1" 200 1740
192.168.10.22 - - [28/Apr/2025:10:00:43 -0300] "GET /cormun/servlet/hlogin HTTP/1.1" 200 1713
192.168.10.22 - - [28/Apr/2025:10:00:44 -0300] "GET /cormun/servlet/hlogin HTTP/1.1" 200 1723
192.168.10.22 - - [28/Apr/2025:10:01:09 -0300] "POST /cormun/servlet/hlogin?a1b8b16281953ae77edc5d7661cafd2a,gx-no-cache=1745845416055 HTTP/1.1" 200 90
192.168.10.22 - - [28/Apr/2025:10:01:09 -0300] "GET /cormun/servlet/hpexe_link HTTP/1.1" 200 944
192.168.10.22 - - [28/Apr/2025:10:01:09 -0300] "GET /cormun/servlet/hhome HTTP/1.1" 200 3812
192.168.10.22 - - [28/Apr/2025:10:01:09 -0300] "GET /cormun/static/gxcfg.js?20201215495537 HTTP/1.1" 200 953
192.168.10.22 - - [28/Apr/2025:10:01:10 -0300] "GET /cormun/static/hhome.js?20201215495544 HTTP/1.1" 200 777
192.168.10.22 - - [28/Apr/2025:10:01:12 -0300] "GET /cormun/servlet/trsolicitudgral? HTTP/1.1" 200 28456
10.40.40.2 - - [28/Apr/2025:10:01:56 -0300] "GET /cormun/servlet/hlogin HTTP/1.1" 200 1722
10.40.40.2 - - [28/Apr/2025:10:01:57 -0300] "GET /cormun/servlet/hlogin HTTP/1.1" 200 1732
10.40.40.2 - - [28/Apr/2025:10:01:57 -0300] "GET /favicon.ico HTTP/1.1" 200 21630
10.40.40.2 - - [28/Apr/2025:10:02:03 -0300] "POST /cormun/servlet/hlogin?83794955d8218d879b7458859c16cabe,gx-no-cache=1745845456734 HTTP/1.1" 200 90
10.40.40.2 - - [28/Apr/2025:10:02:03 -0300] "GET /cormun/servlet/hpexe_link HTTP/1.1" 200 952
10.40.40.2 - - [28/Apr/2025:10:02:04 -0300] "GET /cormun/servlet/hhome HTTP/1.1" 200 3821
192.168.10.22 - - [28/Apr/2025:10:03:03 -0300] "POST /cormun/servlet/trsolicitudgral?a1b8b16281953ae77edc5d7661cafd2a,,gx-no-cache=1745845529800 HTTP/1.1" 200 26023
192.168.10.22 - - [28/Apr/2025:10:03:03 -0300] "GET /cormun/static/Shared/jqueryui/images/ui-bg_highlight-soft_100_c6c2c8_1x100.png HTTP/1.1" 404 1117
192.168.10.22 - - [28/Apr/2025:10:03:03 -0300] "GET /cormun/static/Shared/jqueryui/images/ui-icons_82798d_256x240.png HTTP/1.1" 404 1089
192.168.10.22 - - [28/Apr/2025:10:03:03 -0300] "GET /cormun/static/Shared/jqueryui/images/ui-bg_flat_55_fafafa_40x100.png HTTP/1.1" 404 1097
192.168.10.22 - - [28/Apr/2025:10:03:03 -0300] "GET /cormun/static/Shared/jqueryui/images/ui-icons_8d78a5_256x240.png HTTP/1.1" 404 1089
192.168.10.22 - - [28/Apr/2025:10:03:04 -0300] "GET /cormun/servlet/trautorizarot? HTTP/1.1" 200 10467
190.95.15.23 - - [28/Apr/2025:10:03:09 -0300] "GET /cormun/servlet/hlogin HTTP/1.1" 200 1718
192.168.10.22 - - [28/Apr/2025:10:03:09 -0300] "POST /cormun/servlet/trautorizarot?a1b8b16281953ae77edc5d7661cafd2a,,gx-no-cache=1745845536562 HTTP/1.1" 200 7071
190.95.15.23 - - [28/Apr/2025:10:03:10 -0300] "GET /cormun/servlet/hlogin HTTP/1.1" 200 1728
190.95.15.23 - - [28/Apr/2025:10:03:16 -0300] "POST /cormun/servlet/hlogin?f5a075af3c0f4b909720f44421c48e3e,gx-no-cache=1745845529151 HTTP/1.1" 200 90
190.95.15.23 - - [28/Apr/2025:10:03:16 -0300] "GET /cormun/servlet/hpexe_link HTTP/1.1" 200 946
179.57.78.55 - - [28/Apr/2025:10:03:16 -0300] "POST /cormun/servlet/trlicencias?aca3dd299ea2f65218d14c7b45bc43db,,gx-no-cache=1745845529474 HTTP/1.1" 200 7147
190.95.15.23 - - [28/Apr/2025:10:03:16 -0300] "GET /cormun/servlet/hhome HTTP/1.1" 200 4324
179.57.78.55 - - [28/Apr/2025:10:03:17 -0300] "POST /cormun/servlet/trlicencias?aca3dd299ea2f65218d14c7b45bc43db,,gx-no-cache=1745845530282 HTTP/1.1" 200 7148
179.57.78.55 - - [28/Apr/2025:10:03:19 -0300] "GET /cormun/servlet/trlicencias? HTTP/1.1" 200 9673
190.95.15.23 - - [28/Apr/2025:10:03:21 -0300] "GET /cormun/servlet/trlicencias? HTTP/1.1" 200 11953
190.95.2.157 - - [28/Apr/2025:10:05:43 -0300] "GET /cormun/servlet/hlogin HTTP/1.1" 200 1723
190.95.2.157 - - [28/Apr/2025:10:05:43 -0300] "GET /cormun/servlet/hlogin HTTP/1.1" 200 1733
190.95.2.157 - - [28/Apr/2025:10:05:49 -0300] "POST /cormun/servlet/hlogin?d71a8da35c1df8d6379087e8215091ff,gx-no-cache=1745845682130 HTTP/1.1" 200 90
190.95.2.157 - - [28/Apr/2025:10:05:49 -0300] "GET /cormun/servlet/hpexe_link HTTP/1.1" 200 954
190.95.2.157 - - [28/Apr/2025:10:05:49 -0300] "GET /cormun/servlet/hhome HTTP/1.1" 200 4315
190.95.2.157 - - [28/Apr/2025:10:05:53 -0300] "GET /cormun/servlet/trlicencias? HTTP/1.1" 200 11068
190.95.2.157 - - [28/Apr/2025:10:06:01 -0300] "GET /cormun/servlet/alicenciaprn?9076382,L,20250424000000,PU HTTP/1.1" 200 1535
190.95.2.157 - - [28/Apr/2025:10:06:01 -0300] "GET /cormun/servlet/alicenciaprn?9076382,L,20250424000000,PU HTTP/1.1" 200 1535
148.222.218.189 - - [28/Apr/2025:10:06:06 -0300] "GET /cormun/servlet/hlogin HTTP/1.1" 200 1712
148.222.218.189 - - [28/Apr/2025:10:06:06 -0300] "GET /cormun/servlet/hlogin HTTP/1.1" 200 1722
148.222.218.189 - - [28/Apr/2025:10:06:10 -0300] "POST /cormun/servlet/hlogin?49c724011b9bc2427e4a568960846081,gx-no-cache=1745845703875 HTTP/1.1" 200 90
148.222.218.189 - - [28/Apr/2025:10:06:10 -0300] "GET /cormun/servlet/hpexe_link HTTP/1.1" 200 943
148.222.218.189 - - [28/Apr/2025:10:06:11 -0300] "GET /cormun/servlet/hhome HTTP/1.1" 200 4326
148.222.218.189 - - [28/Apr/2025:10:06:14 -0300] "GET /cormun/servlet/trcontratounov2? HTTP/1.1" 200 17317
148.222.218.189 - - [28/Apr/2025:10:06:14 -0300] "GET /cormun/static/gxcfg.js?2020121614367 HTTP/1.1" 200 953
148.222.218.189 - - [28/Apr/2025:10:06:15 -0300] "GET /cormun/static/Resources/PXToolsAddSelectedAction.png HTTP/1.1" 200 523
148.222.218.189 - - [28/Apr/2025:10:06:15 -0300] "GET /cormun/static/trcontratounov2.js?20201216143065 HTTP/1.1" 200 38486
190.95.2.157 - - [28/Apr/2025:10:07:16 -0300] "GET /cormun/servlet/alicenciaprn?20657163,L,20250423000000,PU HTTP/1.1" 200 1552
190.95.2.157 - - [28/Apr/2025:10:07:17 -0300] "GET /cormun/servlet/alicenciaprn?20657163,L,20250423000000,PU HTTP/1.1" 200 1555
192.168.10.22 - - [28/Apr/2025:10:07:52 -0300] "GET /cormun/servlet/trsolicitudgral? HTTP/1.1" 200 28444
190.95.2.157 - - [28/Apr/2025:10:08:14 -0300] "GET /cormun/servlet/trpermisosgoce? HTTP/1.1" 200 11511
190.95.1.129 - - [28/Apr/2025:10:09:10 -0300] "GET /cormun/servlet/hlogin HTTP/1.1" 200 1719
190.95.1.129 - - [28/Apr/2025:10:09:10 -0300] "GET /cormun/servlet/hlogin HTTP/1.1" 200 1729
190.95.1.129 - - [28/Apr/2025:10:09:10 -0300] "GET /favicon.ico HTTP/1.1" 200 21630
190.95.1.129 - - [28/Apr/2025:10:09:12 -0300] "POST /cormun/servlet/hlogin?eca3c70ad272d174ace5e4e386ccb44b,gx-no-cache=1745845887041 HTTP/1.1" 200 90
190.95.1.129 - - [28/Apr/2025:10:09:12 -0300] "GET /cormun/servlet/hpexe_link HTTP/1.1" 200 951
190.95.1.129 - - [28/Apr/2025:10:09:12 -0300] "GET /cormun/servlet/hhome HTTP/1.1" 200 4294
190.95.1.129 - - [28/Apr/2025:10:09:17 -0300] "GET /cormun/servlet/trlicencias? HTTP/1.1" 200 13052
192.168.10.22 - - [28/Apr/2025:10:10:30 -0300] "POST /cormun/servlet/trsolicitudgral?a1b8b16281953ae77edc5d7661cafd2a,,gx-no-cache=1745845977246 HTTP/1.1" 200 26015
192.168.10.22 - - [28/Apr/2025:10:10:34 -0300] "GET /cormun/servlet/trautorizarot? HTTP/1.1" 200 10504
192.168.10.22 - - [28/Apr/2025:10:11:04 -0300] "POST /cormun/servlet/trautorizarot?a1b8b16281953ae77edc5d7661cafd2a,,gx-no-cache=1745846011337 HTTP/1.1" 200 7070
192.168.10.22 - - [28/Apr/2025:10:11:34 -0300] "GET /cormun/servlet/trsolicitudgral? HTTP/1.1" 200 28412
190.95.15.13 - - [28/Apr/2025:10:12:05 -0300] "GET /cormun/servlet/trsolicitudot? HTTP/1.1" 200 7818
190.95.15.13 - - [28/Apr/2025:10:12:05 -0300] "GET /cormun/servlet/hlogin HTTP/1.1" 200 1744
200.126.116.145 - - [28/Apr/2025:10:12:08 -0300] "GET /cormun/servlet/trsolicitudot? HTTP/1.1" 200 7810
200.126.116.145 - - [28/Apr/2025:10:12:08 -0300] "GET /cormun/servlet/hlogin HTTP/1.1" 200 1739
200.126.116.145 - - [28/Apr/2025:10:12:23 -0300] "POST /cormun/servlet/hlogin?28a5f242e933591bbaf140360ae90d4a,gx-no-cache=1745846076353 HTTP/1.1" 200 90
200.126.116.145 - - [28/Apr/2025:10:12:23 -0300] "GET /cormun/servlet/hpexe_link HTTP/1.1" 200 956
200.126.116.145 - - [28/Apr/2025:10:12:23 -0300] "GET /cormun/servlet/trsolicitudot HTTP/1.1" 200 7366
200.126.116.145 - - [28/Apr/2025:10:12:49 -0300] "GET /cormun/servlet/solicitudot?INS,0,0,false, HTTP/1.1" 200 16316
192.168.10.22 - - [28/Apr/2025:10:14:30 -0300] "POST /cormun/servlet/trsolicitudgral?a1b8b16281953ae77edc5d7661cafd2a,,gx-no-cache=1745846217324 HTTP/1.1" 200 26004
192.168.10.22 - - [28/Apr/2025:10:14:32 -0300] "GET /cormun/servlet/trautorizarot? HTTP/1.1" 200 10449
192.168.10.22 - - [28/Apr/2025:10:14:47 -0300] "POST /cormun/servlet/trautorizarot?a1b8b16281953ae77edc5d7661cafd2a,,gx-no-cache=1745846233976 HTTP/1.1" 200 7071
179.57.78.9 - - [28/Apr/2025:10:16:15 -0300] "GET /cormun/servlet/hlogin HTTP/1.1" 200 1723
179.57.78.9 - - [28/Apr/2025:10:16:15 -0300] "GET /cormun/servlet/hlogin HTTP/1.1" 200 1734
179.57.78.9 - - [28/Apr/2025:10:16:19 -0300] "POST /cormun/servlet/hlogin?2df7e36a1beecbbd6c06b803aa8a7566,gx-no-cache=1745846320969 HTTP/1.1" 200 90
179.57.78.9 - - [28/Apr/2025:10:16:19 -0300] "GET /cormun/servlet/hpexe_link HTTP/1.1" 200 953
179.57.78.9 - - [28/Apr/2025:10:16:19 -0300] "GET /cormun/servlet/hhome HTTP/1.1" 200 4346
179.57.78.9 - - [28/Apr/2025:10:16:23 -0300] "GET /cormun/servlet/trlicencias? HTTP/1.1" 200 10841
179.57.78.9 - - [28/Apr/2025:10:17:03 -0300] "GET /cormun/servlet/trpermisosingoce? HTTP/1.1" 200 7296
179.57.78.9 - - [28/Apr/2025:10:17:03 -0300] "GET /cormun/static/gxcfg.js?2020121653066 HTTP/1.1" 200 953
179.57.78.9 - - [28/Apr/2025:10:17:03 -0300] "GET /cormun/static/trpermisosingoce.js?2020121655097 HTTP/1.1" 200 34472
200.126.116.145 - - [28/Apr/2025:10:17:12 -0300] "POST /cormun/servlet/solicitudot?gx-no-cache=1745846365135 HTTP/1.1" 200 4146
200.126.116.145 - - [28/Apr/2025:10:17:12 -0300] "POST /cormun/servlet/solicitudot?28a5f242e933591bbaf140360ae90d4a,INS,0,0,false,,gx-no-cache=1745846365286 HTTP/1.1" 200 12965
179.57.78.9 - - [28/Apr/2025:10:17:14 -0300] "GET /cormun/servlet/trlicencias? HTTP/1.1" 200 10863
200.126.116.145 - - [28/Apr/2025:10:17:46 -0300] "GET /cormun/servlet/solicitudot?037dfab1e2e45afd0b021d0114a4c64f906632ed7d9ac92b44c4f6c80ef933151700be277bc4be1055075b554a88ae38,gx-no-cache=1745846399071 HTTP/1.1" 200 30
200.126.116.145 - - [28/Apr/2025:10:18:18 -0300] "GET /cormun/servlet/solicitudot?037dfab1e2e45afd0b021d0114a4c64f6a560920679dcd1c7cc5feb985a145db26700760e547ed8f541f8feb531c2d1312ef62196d11a7c86c33a6f3ea31fb37,gx-no-cache=1745846431205 HTTP/1.1" 200 30
200.126.116.145 - - [28/Apr/2025:10:18:18 -0300] "GET /cormun/servlet/solicitudot?037dfab1e2e45afd0b021d0114a4c64fcc525ec07a708249a6fa39e18875fa9d,gx-no-cache=1745846431233 HTTP/1.1" 200 53
200.126.116.145 - - [28/Apr/2025:10:18:18 -0300] "POST /cormun/servlet/solicitudot?gx-no-cache=1745846431257 HTTP/1.1" 200 240
200.126.116.145 - - [28/Apr/2025:10:18:18 -0300] "GET /cormun/servlet/solicitudot?037dfab1e2e45afd0b021d0114a4c64f415ab3ced09959402b6eb5764ef110d8c25e27bb99d6bffb94ac05caafea3e9b34447a6d3b0828619e6c9346019098bae2a9c68c03c071d6a2ba33a66f5c2f221a41903ecd7ddbd42e0542e9203f178499f70e3d955d4f3baf8374a0f8c857c4307574c27e859536bb62fad0c1fef40dbe336edda7b7dec9efdb801ed94b3f16ebb7417244daa7beddde8e508a474a50a8907da18ba35565ce5ba2565fe158e877cab6fb1f1ea66f836fe9420777d3cda0d3227bc56f1053f762d0f2c27296a1aa9d7b2641c7db562fd6165d0c7d1615b9a1393f1206d2a34691ccda4839cd130b8e7f0de50c50df18737364be9b0c5c80c1b04bb9263896e27041f67c5102dcbb6e9a7f703f08fd9bee21e2c1365af08abc4081e4eda13bfc32b9db4e0e9e829a5c7b4baa416d5605d008ed24db5299ce12a3df80be841bc4881721648637d51ec9909850b50214220e0f14d753b3cb97fdc83b60953b5b4ffd06b43ef133fb19e4d493ac10ddef805a708154674c2e,gx-no-cache=1745846431285 HTTP/1.1" 200 30
200.126.116.145 - - [28/Apr/2025:10:18:22 -0300] "POST /cormun/servlet/solicitudot?gx-no-cache=1745846435357 HTTP/1.1" 200 30
200.126.116.145 - - [28/Apr/2025:10:18:22 -0300] "POST /cormun/servlet/solicitudot?gx-no-cache=1745846435399 HTTP/1.1" 200 1481
200.126.116.145 - - [28/Apr/2025:10:18:22 -0300] "POST /cormun/servlet/solicitudot?gx-no-cache=1745846435435 HTTP/1.1" 200 38
200.126.116.145 - - [28/Apr/2025:10:18:22 -0300] "GET /cormun/servlet/solicitudot?037dfab1e2e45afd0b021d0114a4c64f2559647c395326f3b352b3a11638f4e139b8ae72d4e4ced9daf05cc0ace0be0dd4efbf07af4f306b9f7fbe61d7db8184c6fb5271772faf2cb81fbcf258fd9bd94118e78ebde2a3c82472395f8ec9a5f3655b9f88e755b49dd5859e6e538301b2,gx-no-cache=1745846435456 HTTP/1.1" 200 110
200.126.116.145 - - [28/Apr/2025:10:18:52 -0300] "POST /cormun/servlet/solicitudot?gx-no-cache=1745846465642 HTTP/1.1" 200 97
192.168.10.22 - - [28/Apr/2025:10:19:06 -0300] "GET /cormun/servlet/trsolicitudgral? HTTP/1.1" 200 28380
192.168.10.22 - - [28/Apr/2025:10:19:27 -0300] "POST /cormun/servlet/trsolicitudgral?a1b8b16281953ae77edc5d7661cafd2a,,gx-no-cache=1745846513556 HTTP/1.1" 200 25911
192.168.10.22 - - [28/Apr/2025:10:19:29 -0300] "GET /cormun/servlet/trautorizarot? HTTP/1.1" 200 10484
192.168.10.22 - - [28/Apr/2025:10:19:36 -0300] "POST /cormun/servlet/trautorizarot?a1b8b16281953ae77edc5d7661cafd2a,,gx-no-cache=1745846523567 HTTP/1.1" 200 7071
200.126.116.145 - - [28/Apr/2025:10:19:42 -0300] "POST /cormun/servlet/solicitudot?gx-no-cache=1745846514984 HTTP/1.1" 200 30
18.219.223.25 - - [28/Apr/2025:10:20:04 -0300] "GET / HTTP/1.1" 200 11217
200.126.116.145 - - [28/Apr/2025:10:20:34 -0300] "POST /cormun/servlet/solicitudot?gx-no-cache=1745846566959 HTTP/1.1" 200 1484
200.126.116.145 - - [28/Apr/2025:10:20:40 -0300] "GET /cormun/servlet/prlicenciaspermisos?19588115,L,,MD,,gxPopupLevel%3D0%3B HTTP/1.1" 200 5535
200.126.116.145 - - [28/Apr/2025:10:20:40 -0300] "GET /cormun/static/gxcfg.js?2020121559567 HTTP/1.1" 200 953
200.126.116.145 - - [28/Apr/2025:10:20:40 -0300] "GET /cormun/static/prlicenciaspermisos.js?2020121559821 HTTP/1.1" 200 13379
200.126.116.145 - - [28/Apr/2025:10:20:51 -0300] "POST /cormun/servlet/solicitudot?gx-no-cache=1745846583814 HTTP/1.1" 200 41
200.126.116.145 - - [28/Apr/2025:10:20:51 -0300] "GET /cormun/servlet/solicitudot?037dfab1e2e45afd0b021d0114a4c64f2559647c395326f3b352b3a11638f4e139b8ae72d4e4ced9daf05cc0ace0be0dd4efbf07af4f306b9f7fbe61d7db8184c6fb5271772faf2cb81fbcf258fd9bd94118e78ebde2a3c82472395f8ec9a5f3655b9f88e755b49dd5859e6e538301b2,gx-no-cache=1745846583844 HTTP/1.1" 200 110
200.126.116.145 - - [28/Apr/2025:10:20:51 -0300] "POST /cormun/servlet/solicitudot?gx-no-cache=1745846583872 HTTP/1.1" 200 72
200.126.116.145 - - [28/Apr/2025:10:21:03 -0300] "GET /cormun/servlet/solicitudot?037dfab1e2e45afd0b021d0114a4c64fecd6bd009911b89e3ceb0c53237ce864b4c6926bfa8f8401fda3a4a892a0e43a2996079b8fd0af0e624b5bd37066db22483f69d2fb835d5761a45b03f3b76567ec0a505bcf7c3e7535e4c9b3fc35b21903947610e996e7cf1a28bce8b25607748123e6b5d7985beb3f798b0788ff521e0ad41eec63b61f3d8b17edf3f205b685ce39a79995efa488a6c426dcfbeb18c2,gx-no-cache=1745846596128 HTTP/1.1" 200 29
200.126.116.145 - - [28/Apr/2025:10:21:03 -0300] "GET /cormun/static/menuarrow.gif HTTP/1.1" 404 1015
200.126.116.145 - - [28/Apr/2025:10:21:07 -0300] "GET /cormun/servlet/solicitudot?037dfab1e2e45afd0b021d0114a4c64fba492b921ca0de4742ead6707b67b135a4270f83a62c227e0ed5eb9c850be1fa,gx-no-cache=1745846600019 HTTP/1.1" 200 30
200.126.116.145 - - [28/Apr/2025:10:21:07 -0300] "POST /cormun/servlet/solicitudot?gx-no-cache=1745846600046 HTTP/1.1" 200 34
200.126.116.145 - - [28/Apr/2025:10:21:30 -0300] "POST /cormun/servlet/solicitudot?28a5f242e933591bbaf140360ae90d4a,INS,0,0,false,,gx-no-cache=1745846623290 HTTP/1.1" 200 93
200.126.116.145 - - [28/Apr/2025:10:21:30 -0300] "GET /cormun/servlet/hpexe_return? HTTP/1.1" 200 1008
200.126.116.145 - - [28/Apr/2025:10:21:31 -0300] "GET /cormun/servlet/trsolicitudot HTTP/1.1" 200 8853
200.126.116.145 - - [28/Apr/2025:10:21:37 -0300] "GET /cormun/servlet/solicitudot?INS,0,0,false, HTTP/1.1" 200 16317
192.168.10.22 - - [28/Apr/2025:10:23:27 -0300] "GET /cormun/servlet/trsolicitudgral? HTTP/1.1" 200 28312
18.219.223.25 - - [28/Apr/2025:10:23:37 -0300] "GET / HTTP/1.1" 200 11217
190.95.1.129 - - [28/Apr/2025:10:23:42 -0300] "GET /cormun/servlet/hlogin HTTP/1.1" 200 1724
190.95.1.129 - - [28/Apr/2025:10:23:42 -0300] "GET /cormun/servlet/hlogin HTTP/1.1" 200 1735
190.95.1.129 - - [28/Apr/2025:10:23:48 -0300] "POST /cormun/servlet/hlogin?3bd705e08cbf9ef1f7714049a2bbe5af,gx-no-cache=1745846761578 HTTP/1.1" 200 90
190.95.1.129 - - [28/Apr/2025:10:23:48 -0300] "GET /cormun/servlet/hpexe_link HTTP/1.1" 200 955
190.95.1.129 - - [28/Apr/2025:10:23:48 -0300] "GET /cormun/servlet/hhome HTTP/1.1" 200 4299
190.95.1.129 - - [28/Apr/2025:10:23:51 -0300] "GET /cormun/servlet/trlicencias? HTTP/1.1" 200 13056
201.186.225.249 - - [28/Apr/2025:10:24:17 -0300] "GET /cormun/servlet/hlogin HTTP/1.1" 200 1718
201.186.225.249 - - [28/Apr/2025:10:24:17 -0300] "GET /cormun/servlet/hlogin HTTP/1.1" 200 1729
200.126.116.145 - - [28/Apr/2025:10:24:21 -0300] "POST /cormun/servlet/solicitudot?gx-no-cache=1745846794440 HTTP/1.1" 200 4146
200.126.116.145 - - [28/Apr/2025:10:24:21 -0300] "POST /cormun/servlet/solicitudot?28a5f242e933591bbaf140360ae90d4a,INS,0,0,false,,gx-no-cache=1745846794628 HTTP/1.1" 200 12966
201.186.225.249 - - [28/Apr/2025:10:24:25 -0300] "POST /cormun/servlet/hlogin?ae4096542c4ac0b519ba8123a3bbebb6,gx-no-cache=1745846798200 HTTP/1.1" 200 90
201.186.225.249 - - [28/Apr/2025:10:24:25 -0300] "GET /cormun/servlet/hpexe_link HTTP/1.1" 200 950
201.186.225.249 - - [28/Apr/2025:10:24:25 -0300] "GET /cormun/servlet/hhome HTTP/1.1" 200 4301
200.126.116.145 - - [28/Apr/2025:10:24:25 -0300] "GET /cormun/servlet/solicitudot?037dfab1e2e45afd0b021d0114a4c64f906632ed7d9ac92b44c4f6c80ef933151700be277bc4be1055075b554a88ae38,gx-no-cache=1745846798360 HTTP/1.1" 200 30
201.186.225.249 - - [28/Apr/2025:10:24:33 -0300] "GET /cormun/servlet/trlicencias? HTTP/1.1" 200 11717
192.168.10.22 - - [28/Apr/2025:10:24:43 -0300] "POST /cormun/servlet/trsolicitudgral?a1b8b16281953ae77edc5d7661cafd2a,,gx-no-cache=1745846829849 HTTP/1.1" 200 25911
192.168.10.22 - - [28/Apr/2025:10:24:45 -0300] "GET /cormun/servlet/trautorizarot? HTTP/1.1" 200 10496
200.126.116.145 - - [28/Apr/2025:10:24:48 -0300] "GET /cormun/servlet/solicitudot?037dfab1e2e45afd0b021d0114a4c64f6a560920679dcd1c7cc5feb985a145db26700760e547ed8f541f8feb531c2d1312ef62196d11a7c86c33a6f3ea31fb37,gx-no-cache=1745846820706 HTTP/1.1" 200 30
200.126.116.145 - - [28/Apr/2025:10:24:48 -0300] "GET /cormun/servlet/solicitudot?037dfab1e2e45afd0b021d0114a4c64fcc525ec07a708249a6fa39e18875fa9d,gx-no-cache=1745846821224 HTTP/1.1" 200 53
192.168.10.22 - - [28/Apr/2025:10:24:49 -0300] "POST /cormun/servlet/trautorizarot?a1b8b16281953ae77edc5d7661cafd2a,,gx-no-cache=1745846836780 HTTP/1.1" 200 7071
200.126.116.145 - - [28/Apr/2025:10:24:51 -0300] "POST /cormun/servlet/solicitudot?gx-no-cache=1745846824701 HTTP/1.1" 200 240
200.126.116.145 - - [28/Apr/2025:10:24:52 -0300] "GET /cormun/servlet/solicitudot?037dfab1e2e45afd0b021d0114a4c64f415ab3ced09959402b6eb5764ef110d8c25e27bb99d6bffb94ac05caafea3e9b34447a6d3b0828619e6c9346019098bae2a9c68c03c071d6a2ba33a66f5c2f221a41903ecd7ddbd42e0542e9203f178499f70e3d955d4f3baf8374a0f8c857c4307574c27e859536bb62fad0c1fef40dbe336edda7b7dec9efdb801ed94b3f16ebb7417244daa7beddde8e508a474a50a8907da18ba35565ce5ba2565fe158e877cab6fb1f1ea66f836fe9420777d3cda0d3227bc56f1053f762d0f2c27296a1aa9d7b2641c7db562fd6165d0c7d1615b9a1393f1206d2a34691ccda4839cd130b8e7f0de50c50df18737364be9b0c5c80c1b04bb9263896e27041f67c5102dcbb6e9a7f703f08fd9bee21e2c1365af08abc4081e4eda13bfc32b9db4e0e9e829a5c7b4baa416d5605d008ed24db5299ce12a3df80be841bc4881721648637d51ec9909850b50214220e0f14d753b3cb97fdc83b60953b5b4ffd06b43ef133fb19e4d493ac10ddef805a708154674c2e,gx-no-cache=1745846824738 HTTP/1.1" 200 30
200.126.116.145 - - [28/Apr/2025:10:24:55 -0300] "POST /cormun/servlet/solicitudot?gx-no-cache=1745846828167 HTTP/1.1" 200 30
200.126.116.145 - - [28/Apr/2025:10:25:42 -0300] "GET /cormun/servlet/prcontratosol?17621025,,,,,MD,,gxPopupLevel%3D0%3B HTTP/1.1" 200 9906
200.126.116.145 - - [28/Apr/2025:10:25:43 -0300] "GET /cormun/static/gxcfg.js?202211298464198 HTTP/1.1" 200 953
200.126.116.145 - - [28/Apr/2025:10:25:43 -0300] "GET /cormun/static/prcontratosol.js?202211298464288 HTTP/1.1" 200 15806
201.186.225.249 - - [28/Apr/2025:10:25:51 -0300] "GET /cormun/servlet/trsolicitudot? HTTP/1.1" 200 7513
200.126.116.145 - - [28/Apr/2025:10:25:52 -0300] "POST /cormun/servlet/solicitudot?gx-no-cache=1745846885335 HTTP/1.1" 200 1563
200.126.116.145 - - [28/Apr/2025:10:25:52 -0300] "GET /cormun/static/Shared/jqueryui/images/ui-icons_82798d_256x240.png HTTP/1.1" 404 1089
200.126.116.145 - - [28/Apr/2025:10:25:52 -0300] "GET /cormun/static/Shared/jqueryui/images/ui-bg_highlight-soft_100_c6c2c8_1x100.png HTTP/1.1" 404 1117
200.126.116.145 - - [28/Apr/2025:10:25:52 -0300] "GET /cormun/static/Shared/jqueryui/images/ui-bg_flat_55_994d53_40x100.png HTTP/1.1" 404 1097
200.126.116.145 - - [28/Apr/2025:10:25:52 -0300] "GET /cormun/static/Shared/jqueryui/images/ui-icons_ebccce_256x240.png HTTP/1.1" 404 1089
200.126.116.145 - - [28/Apr/2025:10:25:52 -0300] "POST /cormun/servlet/solicitudot?gx-no-cache=1745846885371 HTTP/1.1" 200 117
200.126.116.145 - - [28/Apr/2025:10:25:52 -0300] "GET /cormun/servlet/solicitudot?037dfab1e2e45afd0b021d0114a4c64f2559647c395326f3b352b3a11638f4e139b8ae72d4e4ced9daf05cc0ace0be0dd4efbf07af4f306b9f7fbe61d7db8184c6fb5271772faf2cb81fbcf258fd9bd94118e78ebde2a3c82472395f8ec9a5f3655b9f88e755b49dd5859e6e538301b2,gx-no-cache=1745846885391 HTTP/1.1" 200 110
200.126.116.145 - - [28/Apr/2025:10:25:52 -0300] "POST /cormun/servlet/solicitudot?gx-no-cache=1745846885408 HTTP/1.1" 200 64
200.126.116.145 - - [28/Apr/2025:10:25:52 -0300] "GET /cormun/servlet/solicitudot?037dfab1e2e45afd0b021d0114a4c64fecd6bd009911b89e3ceb0c53237ce864b4c6926bfa8f8401fda3a4a892a0e43a2996079b8fd0af0e624b5bd37066db22483f69d2fb835d5761a45b03f3b76567ec0a505bcf7c3e7535e4c9b3fc35b21903947610e996e7cf1a28bce8b25607748123e6b5d7985beb3f798b0788ff521e0ad41eec63b61f3d8b17edf3f205b685ce39a79995efa488a6c426dcfbeb18c2,gx-no-cache=1745846885426 HTTP/1.1" 200 29
200.126.116.145 - - [28/Apr/2025:10:25:52 -0300] "GET /cormun/servlet/solicitudot?037dfab1e2e45afd0b021d0114a4c64fbc5cd48386300cbc4c3afadba1e72fbc,gx-no-cache=1745846885440 HTTP/1.1" 200 30
190.95.15.13 - - [28/Apr/2025:10:25:55 -0300] "POST /cormun/servlet/hlogin?540f6cf1779b9bc5ca5336844b91f121,gx-no-cache=1745846886085 HTTP/1.1" 200 90
190.95.15.13 - - [28/Apr/2025:10:25:55 -0300] "GET /cormun/servlet/hpexe_link HTTP/1.1" 200 963
190.95.15.13 - - [28/Apr/2025:10:25:56 -0300] "GET /cormun/servlet/trsolicitudot HTTP/1.1" 200 8971
200.126.116.145 - - [28/Apr/2025:10:25:56 -0300] "GET /cormun/servlet/prsolicitudot?17621025,,,,,MD,,gxPopupLevel%3D0%3B HTTP/1.1" 200 7079
200.126.116.145 - - [28/Apr/2025:10:25:56 -0300] "GET /cormun/static/gxcfg.js?20201215593468 HTTP/1.1" 200 953
200.126.116.145 - - [28/Apr/2025:10:25:56 -0300] "GET /cormun/static/prsolicitudot.js?20201215593721 HTTP/1.1" 200 13680
190.95.15.13 - - [28/Apr/2025:10:26:05 -0300] "GET /cormun/static/menuarrow.gif HTTP/1.1" 404 1015
190.95.15.13 - - [28/Apr/2025:10:26:09 -0300] "POST /cormun/servlet/trsolicitudot?540f6cf1779b9bc5ca5336844b91f121,gx-no-cache=1745846901863 HTTP/1.1" 200 6071
201.186.225.249 - - [28/Apr/2025:10:26:20 -0300] "GET /cormun/servlet/solicitudot?INS,0,0,false, HTTP/1.1" 200 16305
201.186.225.193 - - [28/Apr/2025:10:26:20 -0300] "GET /cormun/servlet/hhome HTTP/1.1" 200 3322
201.186.225.193 - - [28/Apr/2025:10:26:21 -0300] "GET /cormun/servlet/hlogin HTTP/1.1" 200 1733
201.186.225.193 - - [28/Apr/2025:10:26:23 -0300] "POST /cormun/servlet/hlogin?3adc318e03d25bdc30edfa29780e1587,gx-no-cache=1745846916076 HTTP/1.1" 200 90
201.186.225.193 - - [28/Apr/2025:10:26:24 -0300] "GET /cormun/servlet/hpexe_link HTTP/1.1" 200 951
201.186.225.193 - - [28/Apr/2025:10:26:24 -0300] "GET /cormun/servlet/hhome HTTP/1.1" 200 4295
201.186.225.193 - - [28/Apr/2025:10:26:26 -0300] "GET /cormun/servlet/trlicencias? HTTP/1.1" 200 11423
192.168.10.22 - - [28/Apr/2025:10:26:42 -0300] "GET /cormun/servlet/trsolicitudgral? HTTP/1.1" 200 28297
201.186.225.193 - - [28/Apr/2025:10:26:46 -0300] "POST /cormun/servlet/trlicencias?3adc318e03d25bdc30edfa29780e1587,,gx-no-cache=1745846938477 HTTP/1.1" 200 101
201.186.225.193 - - [28/Apr/2025:10:26:46 -0300] "POST /cormun/servlet/trlicencias?3adc318e03d25bdc30edfa29780e1587,,gx-no-cache=1745846938666 HTTP/1.1" 200 8933
201.186.225.193 - - [28/Apr/2025:10:26:46 -0300] "GET /cormun/Licencias-3015.xls HTTP/1.1" 200 8192
192.168.10.22 - - [28/Apr/2025:10:26:46 -0300] "POST /cormun/servlet/trsolicitudgral?a1b8b16281953ae77edc5d7661cafd2a,,gx-no-cache=1745846953658 HTTP/1.1" 200 5242
20.40.115.29 - - [28/Apr/2025:10:26:47 -0300] "GET /cormun/Licencias-3015.xls HTTP/1.1" 200 8192
192.168.10.22 - - [28/Apr/2025:10:26:57 -0300] "POST /cormun/servlet/trsolicitudgral?a1b8b16281953ae77edc5d7661cafd2a,,gx-no-cache=1745846964632 HTTP/1.1" 200 5257
192.168.10.22 - - [28/Apr/2025:10:27:01 -0300] "POST /cormun/servlet/trsolicitudgral?a1b8b16281953ae77edc5d7661cafd2a,,gx-no-cache=1745846968559 HTTP/1.1" 200 5257
192.168.10.22 - - [28/Apr/2025:10:27:02 -0300] "POST /cormun/servlet/trsolicitudgral?a1b8b16281953ae77edc5d7661cafd2a,,gx-no-cache=1745846969086 HTTP/1.1" 200 5257
192.168.10.22 - - [28/Apr/2025:10:27:02 -0300] "POST /cormun/servlet/trsolicitudgral?a1b8b16281953ae77edc5d7661cafd2a,,gx-no-cache=1745846969261 HTTP/1.1" 200 5257
192.168.10.22 - - [28/Apr/2025:10:27:02 -0300] "POST /cormun/servlet/trsolicitudgral?a1b8b16281953ae77edc5d7661cafd2a,,gx-no-cache=1745846969421 HTTP/1.1" 200 5257
192.168.10.22 - - [28/Apr/2025:10:27:03 -0300] "GET /cormun/servlet/trsolicitudgral? HTTP/1.1" 200 8315
192.168.10.22 - - [28/Apr/2025:10:27:07 -0300] "POST /cormun/servlet/trsolicitudgral?a1b8b16281953ae77edc5d7661cafd2a,,gx-no-cache=1745846973920 HTTP/1.1" 200 5254
192.168.10.22 - - [28/Apr/2025:10:27:13 -0300] "POST /cormun/servlet/trsolicitudgral?a1b8b16281953ae77edc5d7661cafd2a,,gx-no-cache=1745846980088 HTTP/1.1" 200 7218
18.219.223.25 - - [28/Apr/2025:10:28:03 -0300] "-" 400 -
201.186.225.249 - - [28/Apr/2025:10:29:14 -0300] "POST /cormun/servlet/solicitudot?gx-no-cache=1745847087254 HTTP/1.1" 200 4039
201.186.225.249 - - [28/Apr/2025:10:29:14 -0300] "POST /cormun/servlet/solicitudot?ae4096542c4ac0b519ba8123a3bbebb6,INS,0,0,false,,gx-no-cache=1745847087372 HTTP/1.1" 200 12894
201.186.225.193 - - [28/Apr/2025:10:29:24 -0300] "POST /cormun/servlet/trlicencias?3adc318e03d25bdc30edfa29780e1587,,gx-no-cache=1745847096581 HTTP/1.1" 200 101
201.186.225.193 - - [28/Apr/2025:10:29:24 -0300] "POST /cormun/servlet/trlicencias?3adc318e03d25bdc30edfa29780e1587,,gx-no-cache=1745847096742 HTTP/1.1" 200 8934
201.186.225.193 - - [28/Apr/2025:10:29:24 -0300] "GET /cormun/Licencias-6839.xls HTTP/1.1" 200 8192
20.40.115.30 - - [28/Apr/2025:10:29:25 -0300] "GET /cormun/Licencias-6839.xls HTTP/1.1" 200 8192
201.186.225.193 - - [28/Apr/2025:10:29:26 -0300] "GET /cormun/Licencias-6839.xls HTTP/1.1" 304 -
201.186.225.249 - - [28/Apr/2025:10:29:27 -0300] "GET /cormun/servlet/solicitudot?79d600b60dac97c06de09c15c5353441529d246af342c10f7c2be666a577189f70619d56938903d64c0ee5ab3d04ed92,gx-no-cache=1745847099841 HTTP/1.1" 200 30
201.186.225.249 - - [28/Apr/2025:10:29:51 -0300] "POST /cormun/servlet/solicitudot?ae4096542c4ac0b519ba8123a3bbebb6,INS,0,0,false,,gx-no-cache=1745847124505 HTTP/1.1" 200 13229
201.186.225.249 - - [28/Apr/2025:10:29:52 -0300] "GET /cormun/static/Shared/jqueryui/images/ui-icons_82798d_256x240.png HTTP/1.1" 404 1089
201.186.225.249 - - [28/Apr/2025:10:29:52 -0300] "GET /cormun/static/Shared/jqueryui/images/ui-bg_flat_55_994d53_40x100.png HTTP/1.1" 404 1097
201.186.225.249 - - [28/Apr/2025:10:29:52 -0300] "GET /cormun/static/Shared/jqueryui/images/ui-bg_highlight-soft_100_c6c2c8_1x100.png HTTP/1.1" 404 1117
201.186.225.249 - - [28/Apr/2025:10:29:52 -0300] "GET /cormun/static/Shared/jqueryui/images/ui-icons_ebccce_256x240.png HTTP/1.1" 404 1089
200.126.116.145 - - [28/Apr/2025:10:31:55 -0300] "POST /cormun/servlet/solicitudot?gx-no-cache=1745847247885 HTTP/1.1" 200 1563
200.126.116.145 - - [28/Apr/2025:10:31:55 -0300] "POST /cormun/servlet/solicitudot?gx-no-cache=1745847247919 HTTP/1.1" 200 117
200.126.116.145 - - [28/Apr/2025:10:31:55 -0300] "GET /cormun/servlet/solicitudot?037dfab1e2e45afd0b021d0114a4c64f2559647c395326f3b352b3a11638f4e139b8ae72d4e4ced9daf05cc0ace0be0dd4efbf07af4f306b9f7fbe61d7db8184c6fb5271772faf2cb81fbcf258fd9bd94118e78ebde2a3c82472395f8ec9a5f3655b9f88e755b49dd5859e6e538301b2,gx-no-cache=1745847247934 HTTP/1.1" 200 110
200.126.116.145 - - [28/Apr/2025:10:31:55 -0300] "GET /cormun/servlet/solicitudot?037dfab1e2e45afd0b021d0114a4c64fba492b921ca0de4742ead6707b67b135d5690cf18f3b7b2a564b892714e7a495,gx-no-cache=1745847247954 HTTP/1.1" 200 30
200.126.116.145 - - [28/Apr/2025:10:32:01 -0300] "GET /cormun/servlet/prsolicitudot?17621025,,,,,MD,,gxPopupLevel%3D0%3B HTTP/1.1" 200 7079
200.126.116.145 - - [28/Apr/2025:10:32:05 -0300] "POST /cormun/servlet/solicitudot?gx-no-cache=1745847257792 HTTP/1.1" 200 1563
200.126.116.145 - - [28/Apr/2025:10:32:05 -0300] "POST /cormun/servlet/solicitudot?gx-no-cache=1745847257823 HTTP/1.1" 200 121
200.126.116.145 - - [28/Apr/2025:10:32:05 -0300] "GET /cormun/servlet/solicitudot?037dfab1e2e45afd0b021d0114a4c64f2559647c395326f3b352b3a11638f4e139b8ae72d4e4ced9daf05cc0ace0be0dd4efbf07af4f306b9f7fbe61d7db8184c6fb5271772faf2cb81fbcf258fd9bd94118e78ebde2a3c82472395f8ec9a5f3655b9f88e755b49dd5859e6e538301b2,gx-no-cache=1745847257849 HTTP/1.1" 200 110
200.126.116.145 - - [28/Apr/2025:10:32:05 -0300] "GET /cormun/servlet/solicitudot?037dfab1e2e45afd0b021d0114a4c64fba492b921ca0de4742ead6707b67b135d5690cf18f3b7b2a564b892714e7a495,gx-no-cache=1745847257877 HTTP/1.1" 200 30
200.126.116.145 - - [28/Apr/2025:10:32:16 -0300] "POST /cormun/servlet/solicitudot?gx-no-cache=1745847269493 HTTP/1.1" 200 1619
200.126.116.145 - - [28/Apr/2025:10:32:38 -0300] "GET /cormun/servlet/prlicenciaspermisos?199588115,L,,MD,,gxPopupLevel%3D0%3B HTTP/1.1" 200 5220
200.126.116.145 - - [28/Apr/2025:10:32:38 -0300] "GET /cormun/static/menuarrow.gif HTTP/1.1" 404 1015
192.168.10.22 - - [28/Apr/2025:10:33:26 -0300] "GET /cormun/servlet/trsolicitudgral? HTTP/1.1" 200 10272
192.168.10.22 - - [28/Apr/2025:10:33:30 -0300] "POST /cormun/servlet/trsolicitudgral?a1b8b16281953ae77edc5d7661cafd2a,,gx-no-cache=1745847356789 HTTP/1.1" 200 26471
192.168.10.22 - - [28/Apr/2025:10:34:52 -0300] "POST /cormun/servlet/trsolicitudgral?a1b8b16281953ae77edc5d7661cafd2a,,gx-no-cache=1745847438788 HTTP/1.1" 200 26474
192.168.10.22 - - [28/Apr/2025:10:34:54 -0300] "GET /cormun/servlet/trautorizarot? HTTP/1.1" 200 10074
192.168.10.22 - - [28/Apr/2025:10:35:00 -0300] "GET /cormun/servlet/trsolicitudgral? HTTP/1.1" 200 28904
192.168.10.22 - - [28/Apr/2025:10:35:03 -0300] "POST /cormun/servlet/trsolicitudgral?a1b8b16281953ae77edc5d7661cafd2a,,gx-no-cache=1745847450103 HTTP/1.1" 200 25880
179.57.78.9 - - [28/Apr/2025:10:35:33 -0300] "GET /cormun/servlet/hlogin HTTP/1.1" 200 1719
179.57.78.9 - - [28/Apr/2025:10:35:33 -0300] "GET /cormun/servlet/hlogin HTTP/1.1" 200 1730
201.186.226.3 - - [28/Apr/2025:10:35:46 -0300] "GET /cormun/servlet/hlogin HTTP/1.1" 200 1723
179.57.78.9 - - [28/Apr/2025:10:35:49 -0300] "POST /cormun/servlet/hlogin?69283f41f13df6835c610d767ae8448a,gx-no-cache=1745847481713 HTTP/1.1" 200 90
179.57.78.9 - - [28/Apr/2025:10:35:49 -0300] "GET /cormun/servlet/hpexe_link HTTP/1.1" 200 950
179.57.78.9 - - [28/Apr/2025:10:35:49 -0300] "GET /cormun/servlet/hhome HTTP/1.1" 200 4342
179.57.78.9 - - [28/Apr/2025:10:35:49 -0300] "GET /cormun/static/gxcfg.js?20201215495537 HTTP/1.1" 200 953
179.57.78.9 - - [28/Apr/2025:10:35:49 -0300] "GET /cormun/static/hhome.js?20201215495544 HTTP/1.1" 200 777
179.57.78.9 - - [28/Apr/2025:10:35:52 -0300] "GET /cormun/servlet/trlicencias? HTTP/1.1" 200 10837
179.57.78.9 - - [28/Apr/2025:10:35:52 -0300] "GET /cormun/static/gxcfg.js?202211298463625 HTTP/1.1" 200 953
179.57.78.9 - - [28/Apr/2025:10:35:52 -0300] "GET /cormun/static/Resources/PXTools/calendar.png HTTP/1.1" 200 1306
179.57.78.9 - - [28/Apr/2025:10:35:52 -0300] "GET /cormun/static/trlicencias.js?202211298463889 HTTP/1.1" 200 41883
179.57.78.9 - - [28/Apr/2025:10:35:52 -0300] "GET /cormun//static/Resources/PXToolsGridDisplay.png HTTP/1.1" 200 525
179.57.78.9 - - [28/Apr/2025:10:35:52 -0300] "GET /cormun//static/Resources/PXTools/ActionInsert.png HTTP/1.1" 200 1482
179.57.78.9 - - [28/Apr/2025:10:35:52 -0300] "GET /cormun//static/Resources/PXToolsActionPrint.png HTTP/1.1" 200 404
179.57.78.9 - - [28/Apr/2025:10:35:52 -0300] "GET /cormun//static/Resources/PXToolsHeaderHelp.png HTTP/1.1" 200 1333
179.57.78.9 - - [28/Apr/2025:10:35:52 -0300] "GET /cormun//static/Resources/PXToolsHeaderFavorites.png HTTP/1.1" 200 1414
201.186.226.3 - - [28/Apr/2025:10:36:00 -0300] "POST /cormun/servlet/hlogin?ee2352d21272dd5caba4c9531d211f25,gx-no-cache=1745847493274 HTTP/1.1" 200 90
201.186.226.3 - - [28/Apr/2025:10:36:00 -0300] "GET /cormun/servlet/hpexe_link HTTP/1.1" 200 953
201.186.226.3 - - [28/Apr/2025:10:36:01 -0300] "GET /cormun/servlet/hhome HTTP/1.1" 200 3912
192.168.10.22 - - [28/Apr/2025:10:36:02 -0300] "POST /cormun/servlet/trsolicitudgral?a1b8b16281953ae77edc5d7661cafd2a,,gx-no-cache=1745847509520 HTTP/1.1" 200 25864
192.168.10.22 - - [28/Apr/2025:10:36:04 -0300] "GET /cormun/servlet/trautorizarot? HTTP/1.1" 200 10482
190.121.111.10 - - [28/Apr/2025:10:36:04 -0300] "POST /cormun/servlet/trsolicitudgral?d059c449abdd63754962d74daa5f4025,,gx-no-cache=1745847511768 HTTP/1.1" 440 972
190.121.111.10 - - [28/Apr/2025:10:36:05 -0300] "GET /cormun/servlet/trsolicitudgral? HTTP/1.1" 500 10
201.186.226.3 - - [28/Apr/2025:10:36:08 -0300] "GET /cormun/servlet/trpermisosgoce? HTTP/1.1" 200 11672
192.168.10.22 - - [28/Apr/2025:10:36:08 -0300] "POST /cormun/servlet/trautorizarot?a1b8b16281953ae77edc5d7661cafd2a,,gx-no-cache=1745847515293 HTTP/1.1" 200 7070
190.95.15.13 - - [28/Apr/2025:10:36:11 -0300] "POST /cormun/servlet/trsolicitudot?540f6cf1779b9bc5ca5336844b91f121,gx-no-cache=1745847504187 HTTP/1.1" 200 106
190.95.15.13 - - [28/Apr/2025:10:36:11 -0300] "GET /cormun/servlet/trsolicitudadjuntos?2025,22504, HTTP/1.1" 200 6062
190.121.111.10 - - [28/Apr/2025:10:36:11 -0300] "GET /cormun/servlet/hlogin HTTP/1.1" 200 1722
201.186.226.3 - - [28/Apr/2025:10:36:12 -0300] "GET /cormun/servlet/permisogoce?INS,0,,, HTTP/1.1" 200 6773
190.95.15.13 - - [28/Apr/2025:10:36:13 -0300] "GET /cormun/servlet/solicitudotadjuntos?INS,2025,22504,,1, HTTP/1.1" 200 6006
190.95.15.13 - - [28/Apr/2025:10:36:13 -0300] "GET /cormun/static/about:blank HTTP/1.1" 404 1011
190.95.15.13 - - [28/Apr/2025:10:36:14 -0300] "GET /cormun/servlet/solicitudotadjuntos?caf87029c61032d0841e412b92a172b1d430fcd09f142d4a5511334f41b157a59df3da13d185c8f9959869d1f48d5f57,gx-no-cache=1745847507038 HTTP/1.1" 200 30
190.95.15.13 - - [28/Apr/2025:10:36:14 -0300] "POST /cormun/servlet/solicitudotadjuntos?540f6cf1779b9bc5ca5336844b91f121,INS,2025,22504,,1,,gx-no-cache=1745847507059 HTTP/1.1" 200 3905
190.121.111.10 - - [28/Apr/2025:10:36:16 -0300] "POST /cormun/servlet/hlogin?9d30bf2f99763bcd9328c7930aac0eb0,gx-no-cache=1745847522991 HTTP/1.1" 200 90
190.121.111.10 - - [28/Apr/2025:10:36:16 -0300] "GET /cormun/servlet/hpexe_link HTTP/1.1" 200 954
190.121.111.10 - - [28/Apr/2025:10:36:16 -0300] "GET /cormun/servlet/hhome HTTP/1.1" 200 3823
190.95.15.13 - - [28/Apr/2025:10:36:18 -0300] "POST /cormun/servlet/solicitudotadjuntos?gx-no-cache=1745847511066 HTTP/1.1" 200 26
190.121.111.10 - - [28/Apr/2025:10:36:18 -0300] "GET /cormun/servlet/trsolicitudgral? HTTP/1.1" 200 28290
190.121.111.10 - - [28/Apr/2025:10:36:22 -0300] "POST /cormun/servlet/trsolicitudgral?9d30bf2f99763bcd9328c7930aac0eb0,,gx-no-cache=1745847529292 HTTP/1.1" 200 5256
190.95.15.13 - - [28/Apr/2025:10:36:25 -0300] "GET /cormun/servlet/solicitudotadjuntos?caf87029c61032d0841e412b92a172b1838f038f19f3246afe97c422ec80ea75,gx-no-cache=1745847518161 HTTP/1.1" 200 30
190.95.15.13 - - [28/Apr/2025:10:36:25 -0300] "GET /cormun/servlet/solicitudotadjuntos?caf87029c61032d0841e412b92a172b1838f038f19f3246afe97c422ec80ea75,gx-no-cache=1745847518234 HTTP/1.1" 200 30
190.121.111.10 - - [28/Apr/2025:10:36:25 -0300] "POST /cormun/servlet/trsolicitudgral?9d30bf2f99763bcd9328c7930aac0eb0,,gx-no-cache=1745847532552 HTTP/1.1" 200 6662
190.95.15.13 - - [28/Apr/2025:10:36:26 -0300] "POST /cormun/servlet/solicitudotadjuntos?540f6cf1779b9bc5ca5336844b91f121,INS,2025,22504,,1, HTTP/1.1" 200 6142
