200.126.116.145 - - [28/Apr/2025:15:09:26 -0300] "GET /cormun/static/Shared/jqueryui/images/ui-bg_flat_55_994d53_40x100.png HTTP/1.1" 404 1097
200.126.116.145 - - [28/Apr/2025:15:09:26 -0300] "GET /cormun/static/Shared/jqueryui/images/ui-icons_ebccce_256x240.png HTTP/1.1" 404 1089
190.95.2.157 - - [28/Apr/2025:15:09:32 -0300] "POST /cormun/servlet/solicitudot?gx-no-cache=1745863914635 HTTP/1.1" 200 41
190.95.2.157 - - [28/Apr/2025:15:09:32 -0300] "GET /cormun/servlet/solicitudot?5c61e86b43258812ce1d68985031e03085777fae3d61df32a3d82d73650bd5a96e2314c72906ec94ada5e2b4c7265e274abcf1aca2ad34061bf69cfb04cd5dc91d7d2060d0f36c7e4e355b7c9681f6b71791f0cd28eb5e028ec6fb0d5e1463bb67afcb6ddf3480dcd6e485818e0b14be,gx-no-cache=1745863914660 HTTP/1.1" 200 110
190.95.2.157 - - [28/Apr/2025:15:09:32 -0300] "POST /cormun/servlet/solicitudot?gx-no-cache=1745863914682 HTTP/1.1" 200 97
190.95.2.157 - - [28/Apr/2025:15:09:32 -0300] "GET /cormun/servlet/solicitudot?5c61e86b43258812ce1d68985031e030b1e58609639ac9cfb8c8f7696ec6f226133009665990f0df60bc337d091aa201af1de34227c83fc5c2da7e6af1c0fb2891177c557207e7e356bbb67987e9d9591bb374e01d560b3619fa3de2069e191cdb7ee7f6136d5844a86be56ff9f59f4ca09507d3fbde0148bdc33ad15c8a7b4facbea46c3aceaadedb325251a9a71ab4f31470917f60618764fafdc9f2344287,gx-no-cache=1745863914707 HTTP/1.1" 200 29
190.95.2.157 - - [28/Apr/2025:15:09:32 -0300] "GET /cormun/servlet/solicitudot?5c61e86b43258812ce1d68985031e030b392e419f8422cd281a78c6445bc25e7f3659fb897d3f9186fab9eebd81b2f75,gx-no-cache=1745863914727 HTTP/1.1" 200 134
200.126.116.145 - - [28/Apr/2025:15:09:33 -0300] "POST /cormun/servlet/solicitudot?gx-no-cache=1745863915002 HTTP/1.1" 200 34
200.126.116.145 - - [28/Apr/2025:15:09:44 -0300] "POST /cormun/servlet/solicitudot?e5c433f8ef2ee506746444ae2ea2c231,INS,0,0,false,,gx-no-cache=1745863926520 HTTP/1.1" 200 93
200.126.116.145 - - [28/Apr/2025:15:09:44 -0300] "GET /cormun/servlet/hpexe_return? HTTP/1.1" 200 1007
200.126.116.145 - - [28/Apr/2025:15:09:45 -0300] "GET /cormun/servlet/trsolicitudot HTTP/1.1" 200 8947
190.95.2.157 - - [28/Apr/2025:15:09:46 -0300] "GET /cormun/servlet/solicitudot?5c61e86b43258812ce1d68985031e030eabba480bac992a45a7781d921fd4ee7d28411b8a4a00b0227a720b51f4d69d2,gx-no-cache=1745863928790 HTTP/1.1" 200 30
190.95.2.157 - - [28/Apr/2025:15:09:56 -0300] "POST /cormun/servlet/solicitudot?gx-no-cache=1745863937970 HTTP/1.1" 200 122
192.168.10.10 - - [28/Apr/2025:15:09:57 -0300] "GET /cormun/servlet/hlogin HTTP/1.1" 200 1728
192.168.10.10 - - [28/Apr/2025:15:09:57 -0300] "GET /cormun/static/Resources/Spanish/PXTools.css?1759030 HTTP/1.1" 200 100853
192.168.10.10 - - [28/Apr/2025:15:09:57 -0300] "GET /cormun/static/gxcfg.js?2022112219184450 HTTP/1.1" 200 953
192.168.10.10 - - [28/Apr/2025:15:09:57 -0300] "GET /cormun/static/gxtimezone.js?85251 HTTP/1.1" 200 5781
192.168.10.10 - - [28/Apr/2025:15:09:57 -0300] "GET /cormun/static/Resources/CormunLogin.png HTTP/1.1" 200 19132
192.168.10.10 - - [28/Apr/2025:15:09:57 -0300] "GET /cormun/static/messages.spa.js?85251 HTTP/1.1" 200 30736
192.168.10.10 - - [28/Apr/2025:15:09:57 -0300] "GET /cormun/static/hlogin.js?2022112219184458 HTTP/1.1" 200 2156
192.168.10.10 - - [28/Apr/2025:15:09:57 -0300] "GET /cormun/static/gxgral.js?85251 HTTP/1.1" 200 384558
192.168.10.10 - - [28/Apr/2025:15:09:57 -0300] "GET /cormun/static/Resources/PXToolsLoginBackground.png HTTP/1.1" 200 1164
192.168.10.10 - - [28/Apr/2025:15:09:57 -0300] "GET /cormun/static/Resources/PXToolsLoginTop.png HTTP/1.1" 200 1337
192.168.10.10 - - [28/Apr/2025:15:09:57 -0300] "GET /cormun/static/Resources/PXToolsButtonBackground.png HTTP/1.1" 200 1176
192.168.10.10 - - [28/Apr/2025:15:09:57 -0300] "GET /cormun/static/Resources/PXToolsButtonRight.png HTTP/1.1" 200 1294
192.168.10.10 - - [28/Apr/2025:15:09:57 -0300] "GET /cormun/static/Resources/PXToolsLoginBottom.png HTTP/1.1" 200 1389
192.168.10.10 - - [28/Apr/2025:15:09:57 -0300] "GET /cormun/static/Resources/PXToolsButtonLeft.png HTTP/1.1" 200 1310
192.168.10.10 - - [28/Apr/2025:15:09:57 -0300] "GET /cormun/static/Resources/indicator.gif HTTP/1.1" 200 1553
192.168.10.10 - - [28/Apr/2025:15:09:57 -0300] "GET /cormun/servlet/hlogin HTTP/1.1" 200 1728
192.168.10.10 - - [28/Apr/2025:15:09:57 -0300] "GET /favicon.ico HTTP/1.1" 200 21630
190.95.2.157 - - [28/Apr/2025:15:10:11 -0300] "POST /cormun/servlet/solicitudot?gx-no-cache=1745863953758 HTTP/1.1" 200 32
190.95.2.157 - - [28/Apr/2025:15:10:12 -0300] "POST /cormun/servlet/solicitudot?a49e2c9bb6a2b6a3a5ea383a7d36c330,INS,0,0,false,,gx-no-cache=1745863953841 HTTP/1.1" 200 13411
190.95.15.9 - - [28/Apr/2025:15:10:23 -0300] "GET /cormun/servlet/solicitudotadjuntos?96c692a9e524d044686fb0a984c04ca5c152828cc20caa7708810d3b6c92e39d,gx-no-cache=1745863965650 HTTP/1.1" 200 30
190.95.15.9 - - [28/Apr/2025:15:10:23 -0300] "GET /cormun/servlet/solicitudotadjuntos?96c692a9e524d044686fb0a984c04ca5c152828cc20caa7708810d3b6c92e39d,gx-no-cache=1745863965695 HTTP/1.1" 200 30
190.95.15.9 - - [28/Apr/2025:15:10:23 -0300] "POST /cormun/servlet/solicitudotadjuntos?cdebb8da02e88bf6e59c936fbc143dee,INS,2025,22513,,1, HTTP/1.1" 200 116
190.95.15.9 - - [28/Apr/2025:15:10:23 -0300] "GET /cormun/servlet/hpexe_return? HTTP/1.1" 200 1024
190.95.15.9 - - [28/Apr/2025:15:10:23 -0300] "GET /cormun/servlet/trsolicitudadjuntos?2025,22513, HTTP/1.1" 200 9609
190.95.15.9 - - [28/Apr/2025:15:10:26 -0300] "GET /cormun/servlet/solicitudotadjuntos?INS,2025,22513,,1, HTTP/1.1" 200 6295
190.95.15.9 - - [28/Apr/2025:15:10:26 -0300] "GET /cormun/static/about:blank HTTP/1.1" 404 1011
190.95.15.9 - - [28/Apr/2025:15:10:27 -0300] "GET /cormun/servlet/solicitudotadjuntos?96c692a9e524d044686fb0a984c04ca5c1629e6cd61349617af6bd588e8878a99ec4967a19bbfe6885ac5ff8868e74af,gx-no-cache=1745863969831 HTTP/1.1" 200 30
190.95.15.9 - - [28/Apr/2025:15:10:27 -0300] "POST /cormun/servlet/solicitudotadjuntos?cdebb8da02e88bf6e59c936fbc143dee,INS,2025,22513,,1,,gx-no-cache=1745863969881 HTTP/1.1" 200 4181
190.95.15.9 - - [28/Apr/2025:15:10:30 -0300] "POST /cormun/servlet/solicitudotadjuntos?gx-no-cache=1745863972760 HTTP/1.1" 200 26
190.95.2.157 - - [28/Apr/2025:15:10:37 -0300] "GET /cormun/servlet/prcontratosol?17522133,,,,,MD,,gxPopupLevel%3D0%3B HTTP/1.1" 200 10054
190.95.15.9 - - [28/Apr/2025:15:10:42 -0300] "GET /cormun/servlet/solicitudotadjuntos?96c692a9e524d044686fb0a984c04ca5c152828cc20caa7708810d3b6c92e39d,gx-no-cache=1745863985065 HTTP/1.1" 200 30
190.95.15.9 - - [28/Apr/2025:15:10:42 -0300] "GET /cormun/servlet/solicitudotadjuntos?96c692a9e524d044686fb0a984c04ca5c152828cc20caa7708810d3b6c92e39d,gx-no-cache=1745863985082 HTTP/1.1" 200 30
190.95.2.157 - - [28/Apr/2025:15:10:42 -0300] "GET /cormun/servlet/solicitudot?5c61e86b43258812ce1d68985031e03085777fae3d61df32a3d82d73650bd5a96e2314c72906ec94ada5e2b4c7265e274abcf1aca2ad34061bf69cfb04cd5dc91d7d2060d0f36c7e4e355b7c9681f6b71791f0cd28eb5e028ec6fb0d5e1463bb67afcb6ddf3480dcd6e485818e0b14be,gx-no-cache=1745863984384 HTTP/1.1" 200 110
190.95.2.157 - - [28/Apr/2025:15:10:42 -0300] "GET /cormun/servlet/solicitudot?5c61e86b43258812ce1d68985031e030b392e419f8422cd281a78c6445bc25e7f3659fb897d3f9186fab9eebd81b2f75,gx-no-cache=1745863984403 HTTP/1.1" 200 134
190.95.15.9 - - [28/Apr/2025:15:10:42 -0300] "POST /cormun/servlet/solicitudotadjuntos?cdebb8da02e88bf6e59c936fbc143dee,INS,2025,22513,,1, HTTP/1.1" 200 116
190.95.15.9 - - [28/Apr/2025:15:10:42 -0300] "GET /cormun/servlet/hpexe_return? HTTP/1.1" 200 1024
190.95.15.9 - - [28/Apr/2025:15:10:42 -0300] "GET /cormun/servlet/trsolicitudadjuntos?2025,22513, HTTP/1.1" 200 9893
190.95.15.9 - - [28/Apr/2025:15:10:49 -0300] "GET /cormun/servlet/solicitudotadjuntos?INS,2025,22513,,1, HTTP/1.1" 200 6295
190.95.15.9 - - [28/Apr/2025:15:10:49 -0300] "GET /cormun/static/about:blank HTTP/1.1" 404 1011
190.95.15.9 - - [28/Apr/2025:15:10:49 -0300] "GET /cormun/servlet/solicitudotadjuntos?96c692a9e524d044686fb0a984c04ca5c1629e6cd61349617af6bd588e8878a99ec4967a19bbfe6885ac5ff8868e74af,gx-no-cache=1745863992585 HTTP/1.1" 200 30
190.95.15.9 - - [28/Apr/2025:15:10:50 -0300] "POST /cormun/servlet/solicitudotadjuntos?cdebb8da02e88bf6e59c936fbc143dee,INS,2025,22513,,1,,gx-no-cache=1745863992636 HTTP/1.1" 200 4180
200.126.116.145 - - [28/Apr/2025:15:10:50 -0300] "POST /cormun/servlet/trsolicitudot?e5c433f8ef2ee506746444ae2ea2c231,gx-no-cache=1745863992456 HTTP/1.1" 200 112
200.126.116.145 - - [28/Apr/2025:15:10:50 -0300] "GET /cormun/servlet/solicitudot?UPD,2025,22514,false, HTTP/1.1" 200 16921
200.126.116.145 - - [28/Apr/2025:15:10:51 -0300] "POST /cormun/servlet/solicitudot?gx-no-cache=1745863993206 HTTP/1.1" 200 4128
200.126.116.145 - - [28/Apr/2025:15:10:51 -0300] "POST /cormun/servlet/solicitudot?e5c433f8ef2ee506746444ae2ea2c231,UPD,2025,22514,false,,gx-no-cache=1745863993304 HTTP/1.1" 200 13037
200.126.116.145 - - [28/Apr/2025:15:10:51 -0300] "GET /cormun/servlet/solicitudot?58c8adcbca9d571a036917fa267bb3d94e4fd962be08ceceda5eae26a4d2da4663daef72ed44bd8af3e5ba9baeb8daeb,gx-no-cache=1745863993403 HTTP/1.1" 200 30
200.126.116.145 - - [28/Apr/2025:15:10:51 -0300] "GET /cormun/servlet/solicitudot?58c8adcbca9d571a036917fa267bb3d9a2743b8b56702d837efd35274711717659d5ff95988fb768c3452d11e7267d116afcd5b2b3653ff9e86a080dae3f2a75,gx-no-cache=1745863993422 HTTP/1.1" 200 30
200.126.116.145 - - [28/Apr/2025:15:10:51 -0300] "GET /cormun/servlet/solicitudot?58c8adcbca9d571a036917fa267bb3d9094cadc4de7bb852013958deb3cf7a16afb8e01a9ec13aa6fd14f21ad450d9bce61bcb953fc4264d3a71e33b9ed75215,gx-no-cache=1745863993443 HTTP/1.1" 200 53
200.126.116.145 - - [28/Apr/2025:15:10:51 -0300] "POST /cormun/servlet/solicitudot?gx-no-cache=1745863993474 HTTP/1.1" 200 295
200.126.116.145 - - [28/Apr/2025:15:10:51 -0300] "GET /cormun/servlet/solicitudot?58c8adcbca9d571a036917fa267bb3d907e3175641d574b593889d616fe009715fc4b447a081941f6b7a0a17ef96950ca4607b48b3e8ee8f032bfc94f3f757e92d1e7e35af14fb093abd84ce8382177f1f9c443f2cc417fb870bd91ca7aeb127b4c34b146aaad1eb8d7fcd764944dc07c8c87f51837604d18ec0d53f11c686353253451cdc61002d26711c470270385efefaee659e862756ef01104b97a073312b8cf37d5ebfbb10d0081cffbc214301adb63359cdc449f0e539f9a1a654860c6bf4edee5ee50f71d6c8e42befac14753f2fcd90e4294e44b18bdaa36bdd06306b00dfa1439847b08100e2dbc63568a7afe275ec72c05932bca92734b1b4c54ee77ad0b17e827e78bd3eddcfbc3069b3f409a71bb5809dc6185dbff56d17347acdb06c966f4aa68f48280209db89a9fd622b4243aab3084fcfb62bab576a7cb2e403aa4c64f082dcb0c6f65cc7014fc133fd02226433f2b8cdb9820cb593888870cf4f607b2f3b8bbc752db4d71b048b66972923999d61a82ebbd977e80c29f9cd76e7d03f2c0315f7843000f8f5760d,gx-no-cache=1745863993506 HTTP/1.1" 200 30
200.126.116.145 - - [28/Apr/2025:15:10:51 -0300] "POST /cormun/servlet/solicitudot?gx-no-cache=1745863993533 HTTP/1.1" 200 30
200.126.116.145 - - [28/Apr/2025:15:10:51 -0300] "POST /cormun/servlet/solicitudot?gx-no-cache=1745863993572 HTTP/1.1" 200 1483
200.126.116.145 - - [28/Apr/2025:15:10:51 -0300] "POST /cormun/servlet/solicitudot?gx-no-cache=1745863993654 HTTP/1.1" 200 41
200.126.116.145 - - [28/Apr/2025:15:10:53 -0300] "GET /cormun/servlet/solicitudot?58c8adcbca9d571a036917fa267bb3d9ff989d1afcb54d236cdbc2041e5126590bef80089018c3eac4af23519b2a4150459717fa2e1d902c6fa7e0a3b4f4e817ed81f30d7c4355f792c4117c97103c42d31054b3bb5d6ab9d7516a9df6704505dd5b6027e693b85d972620a8997de826,gx-no-cache=1745863995092 HTTP/1.1" 200 110
190.95.15.9 - - [28/Apr/2025:15:10:53 -0300] "POST /cormun/servlet/solicitudotadjuntos?gx-no-cache=1745863996383 HTTP/1.1" 200 26
200.126.116.145 - - [28/Apr/2025:15:10:55 -0300] "POST /cormun/servlet/solicitudot?gx-no-cache=1745863996924 HTTP/1.1" 200 64
190.95.2.157 - - [28/Apr/2025:15:10:59 -0300] "GET /cormun/servlet/solicitudot?5c61e86b43258812ce1d68985031e030eabba480bac992a45a7781d921fd4ee7d28411b8a4a00b0227a720b51f4d69d2,gx-no-cache=1745864001702 HTTP/1.1" 200 30
190.95.15.9 - - [28/Apr/2025:15:11:06 -0300] "GET /cormun/servlet/solicitudotadjuntos?96c692a9e524d044686fb0a984c04ca5c152828cc20caa7708810d3b6c92e39d,gx-no-cache=1745864009443 HTTP/1.1" 200 30
190.95.15.9 - - [28/Apr/2025:15:11:06 -0300] "GET /cormun/servlet/solicitudotadjuntos?96c692a9e524d044686fb0a984c04ca5c152828cc20caa7708810d3b6c92e39d,gx-no-cache=1745864009484 HTTP/1.1" 200 30
190.95.15.9 - - [28/Apr/2025:15:11:06 -0300] "POST /cormun/servlet/solicitudotadjuntos?cdebb8da02e88bf6e59c936fbc143dee,INS,2025,22513,,1, HTTP/1.1" 200 116
190.95.15.9 - - [28/Apr/2025:15:11:07 -0300] "GET /cormun/servlet/hpexe_return? HTTP/1.1" 200 1024
190.95.15.9 - - [28/Apr/2025:15:11:07 -0300] "GET /cormun/servlet/trsolicitudadjuntos?2025,22513, HTTP/1.1" 200 10142
190.95.15.9 - - [28/Apr/2025:15:11:10 -0300] "GET /cormun/servlet/solicitudotadjuntos?INS,2025,22513,,1, HTTP/1.1" 200 6295
190.95.15.9 - - [28/Apr/2025:15:11:11 -0300] "GET /cormun/static/about:blank HTTP/1.1" 404 1011
190.95.15.9 - - [28/Apr/2025:15:11:11 -0300] "GET /cormun/servlet/solicitudotadjuntos?96c692a9e524d044686fb0a984c04ca5c1629e6cd61349617af6bd588e8878a99ec4967a19bbfe6885ac5ff8868e74af,gx-no-cache=1745864014457 HTTP/1.1" 200 30
190.95.15.9 - - [28/Apr/2025:15:11:11 -0300] "POST /cormun/servlet/solicitudotadjuntos?cdebb8da02e88bf6e59c936fbc143dee,INS,2025,22513,,1,,gx-no-cache=1745864014487 HTTP/1.1" 200 4180
190.95.15.9 - - [28/Apr/2025:15:11:15 -0300] "POST /cormun/servlet/solicitudotadjuntos?gx-no-cache=1745864018246 HTTP/1.1" 200 26
200.126.116.145 - - [28/Apr/2025:15:11:18 -0300] "POST /cormun/servlet/solicitudot?gx-no-cache=1745864020471 HTTP/1.1" 200 72
200.126.116.145 - - [28/Apr/2025:15:11:21 -0300] "GET /cormun/servlet/solicitudot?58c8adcbca9d571a036917fa267bb3d9e35da7b3211a2cd440f6d8b6737ae84b60de626dc323c645ca11884f7ab331408648517c2dff4d53d0b0f61468f2f3a8b8d4477bb1ed3d9e54f22f86c2c009acfb7465a23fc2eb257fd5bd4ae93f79fd918c8a873a039fbbf2f0360d4f15e84d,gx-no-cache=1745864023382 HTTP/1.1" 200 29
200.126.116.145 - - [28/Apr/2025:15:11:21 -0300] "GET /cormun/servlet/solicitudot?58c8adcbca9d571a036917fa267bb3d9fd17b70f431bf0319bbc3b310ac5774c88c3e429b96eca180acb3796883ae073,gx-no-cache=1745864023400 HTTP/1.1" 200 30
200.126.116.145 - - [28/Apr/2025:15:11:21 -0300] "POST /cormun/servlet/solicitudot?gx-no-cache=1745864023419 HTTP/1.1" 200 34
200.126.116.145 - - [28/Apr/2025:15:11:21 -0300] "POST /cormun/servlet/solicitudot?e5c433f8ef2ee506746444ae2ea2c231,UPD,2025,22514,false,,gx-no-cache=1745864023441 HTTP/1.1" 200 93
200.126.116.145 - - [28/Apr/2025:15:11:21 -0300] "GET /cormun/servlet/hpexe_return? HTTP/1.1" 200 1012
200.126.116.145 - - [28/Apr/2025:15:11:21 -0300] "GET /cormun/servlet/trsolicitudot HTTP/1.1" 200 8941
190.95.15.9 - - [28/Apr/2025:15:11:24 -0300] "GET /cormun/servlet/solicitudotadjuntos?96c692a9e524d044686fb0a984c04ca5c152828cc20caa7708810d3b6c92e39d,gx-no-cache=1745864027202 HTTP/1.1" 200 30
190.95.15.9 - - [28/Apr/2025:15:11:24 -0300] "GET /cormun/servlet/solicitudotadjuntos?96c692a9e524d044686fb0a984c04ca5c152828cc20caa7708810d3b6c92e39d,gx-no-cache=1745864027219 HTTP/1.1" 200 30
190.95.15.9 - - [28/Apr/2025:15:11:24 -0300] "POST /cormun/servlet/solicitudotadjuntos?cdebb8da02e88bf6e59c936fbc143dee,INS,2025,22513,,1, HTTP/1.1" 200 116
190.95.15.9 - - [28/Apr/2025:15:11:24 -0300] "GET /cormun/servlet/hpexe_return? HTTP/1.1" 200 1024
190.95.15.9 - - [28/Apr/2025:15:11:25 -0300] "GET /cormun/servlet/trsolicitudadjuntos?2025,22513, HTTP/1.1" 200 10454
190.95.2.157 - - [28/Apr/2025:15:11:27 -0300] "POST /cormun/servlet/solicitudot?gx-no-cache=1745864029599 HTTP/1.1" 200 32
200.126.116.145 - - [28/Apr/2025:15:11:27 -0300] "POST /cormun/servlet/trsolicitudot?e5c433f8ef2ee506746444ae2ea2c231,gx-no-cache=1745864029657 HTTP/1.1" 200 106
200.126.116.145 - - [28/Apr/2025:15:11:27 -0300] "GET /cormun/servlet/trsolicitudadjuntos?2025,22514, HTTP/1.1" 200 6432
190.95.2.157 - - [28/Apr/2025:15:11:27 -0300] "POST /cormun/servlet/solicitudot?a49e2c9bb6a2b6a3a5ea383a7d36c330,INS,0,0,false,,gx-no-cache=1745864029665 HTTP/1.1" 200 13469
190.95.15.9 - - [28/Apr/2025:15:11:28 -0300] "GET /cormun/servlet/solicitudotadjuntos?INS,2025,22513,,1, HTTP/1.1" 200 6299
190.95.15.9 - - [28/Apr/2025:15:11:28 -0300] "GET /cormun/static/about:blank HTTP/1.1" 404 1011
190.95.15.9 - - [28/Apr/2025:15:11:29 -0300] "GET /cormun/servlet/solicitudotadjuntos?96c692a9e524d044686fb0a984c04ca5c1629e6cd61349617af6bd588e8878a99ec4967a19bbfe6885ac5ff8868e74af,gx-no-cache=1745864031858 HTTP/1.1" 200 30
190.95.15.9 - - [28/Apr/2025:15:11:29 -0300] "POST /cormun/servlet/solicitudotadjuntos?cdebb8da02e88bf6e59c936fbc143dee,INS,2025,22513,,1,,gx-no-cache=1745864031886 HTTP/1.1" 200 4183
200.126.116.145 - - [28/Apr/2025:15:11:29 -0300] "GET /cormun/servlet/solicitudotadjuntos?INS,2025,22514,,1, HTTP/1.1" 200 6371
200.126.116.145 - - [28/Apr/2025:15:11:30 -0300] "GET /cormun/static/about:blank HTTP/1.1" 404 1011
200.126.116.145 - - [28/Apr/2025:15:11:30 -0300] "GET /cormun/servlet/solicitudotadjuntos?58c8adcbca9d571a036917fa267bb3d92acc374c799de400bca75afe76a6ff38be58dd84556c499fcee2d3329c2a07ed,gx-no-cache=1745864032355 HTTP/1.1" 200 30
200.126.116.145 - - [28/Apr/2025:15:11:30 -0300] "POST /cormun/servlet/solicitudotadjuntos?e5c433f8ef2ee506746444ae2ea2c231,INS,2025,22514,,1,,gx-no-cache=1745864032379 HTTP/1.1" 200 4146
200.126.116.145 - - [28/Apr/2025:15:11:32 -0300] "POST /cormun/servlet/solicitudotadjuntos?gx-no-cache=1745864034643 HTTP/1.1" 200 26
190.95.15.9 - - [28/Apr/2025:15:11:34 -0300] "POST /cormun/servlet/solicitudotadjuntos?gx-no-cache=1745864037463 HTTP/1.1" 200 26
190.95.15.9 - - [28/Apr/2025:15:11:36 -0300] "GET /cormun/servlet/solicitudotadjuntos?96c692a9e524d044686fb0a984c04ca5c152828cc20caa7708810d3b6c92e39d,gx-no-cache=1745864039306 HTTP/1.1" 200 30
190.95.15.9 - - [28/Apr/2025:15:11:36 -0300] "GET /cormun/servlet/solicitudotadjuntos?96c692a9e524d044686fb0a984c04ca5c152828cc20caa7708810d3b6c92e39d,gx-no-cache=1745864039322 HTTP/1.1" 200 30
190.95.15.9 - - [28/Apr/2025:15:11:36 -0300] "POST /cormun/servlet/solicitudotadjuntos?cdebb8da02e88bf6e59c936fbc143dee,INS,2025,22513,,1,,gx-no-cache=1745864039340 HTTP/1.1" 200 93
190.95.15.9 - - [28/Apr/2025:15:11:36 -0300] "GET /cormun/servlet/hpexe_return? HTTP/1.1" 200 1024
190.95.15.9 - - [28/Apr/2025:15:11:37 -0300] "GET /cormun/servlet/trsolicitudadjuntos?2025,22513, HTTP/1.1" 200 10558
200.126.116.145 - - [28/Apr/2025:15:11:38 -0300] "GET /cormun/servlet/solicitudotadjuntos?58c8adcbca9d571a036917fa267bb3d9d3630e081fe236ee5f4a43913f91dd26,gx-no-cache=1745864040381 HTTP/1.1" 200 30
200.126.116.145 - - [28/Apr/2025:15:11:38 -0300] "GET /cormun/servlet/solicitudotadjuntos?58c8adcbca9d571a036917fa267bb3d9d3630e081fe236ee5f4a43913f91dd26,gx-no-cache=1745864040392 HTTP/1.1" 200 30
200.126.116.145 - - [28/Apr/2025:15:11:38 -0300] "POST /cormun/servlet/solicitudotadjuntos?e5c433f8ef2ee506746444ae2ea2c231,INS,2025,22514,,1, HTTP/1.1" 200 116
200.126.116.145 - - [28/Apr/2025:15:11:38 -0300] "GET /cormun/servlet/hpexe_return? HTTP/1.1" 200 1023
200.126.116.145 - - [28/Apr/2025:15:11:38 -0300] "GET /cormun/servlet/trsolicitudadjuntos?2025,22514, HTTP/1.1" 200 9467
190.95.15.9 - - [28/Apr/2025:15:11:49 -0300] "GET /cormun/servlet/solicitudotadjuntos?DLT,2025,22513,TITULO,0, HTTP/1.1" 200 6177
190.95.15.9 - - [28/Apr/2025:15:11:49 -0300] "GET /cormun/static/about:blank HTTP/1.1" 404 1011
190.95.15.9 - - [28/Apr/2025:15:11:49 -0300] "GET /cormun/static/Shared/jqueryui/images/ui-icons_82798d_256x240.png HTTP/1.1" 404 1089
190.95.15.9 - - [28/Apr/2025:15:11:49 -0300] "GET /cormun/static/Shared/jqueryui/images/ui-bg_highlight-soft_100_c6c2c8_1x100.png HTTP/1.1" 404 1117
190.95.15.9 - - [28/Apr/2025:15:11:49 -0300] "GET /cormun/static/Shared/jqueryui/images/ui-icons_8d78a5_256x240.png HTTP/1.1" 404 1089
190.95.15.9 - - [28/Apr/2025:15:11:49 -0300] "GET /cormun/static/Shared/jqueryui/images/ui-bg_flat_55_fafafa_40x100.png HTTP/1.1" 404 1097
200.126.116.145 - - [28/Apr/2025:15:11:50 -0300] "GET /cormun/servlet/solicitudotadjuntos?INS,2025,22514,,1, HTTP/1.1" 200 6371
200.126.116.145 - - [28/Apr/2025:15:11:50 -0300] "GET /cormun/static/about:blank HTTP/1.1" 404 1011
200.126.116.145 - - [28/Apr/2025:15:11:51 -0300] "GET /cormun/servlet/solicitudotadjuntos?58c8adcbca9d571a036917fa267bb3d92acc374c799de400bca75afe76a6ff38be58dd84556c499fcee2d3329c2a07ed,gx-no-cache=1745864053136 HTTP/1.1" 200 30
200.126.116.145 - - [28/Apr/2025:15:11:51 -0300] "POST /cormun/servlet/solicitudotadjuntos?e5c433f8ef2ee506746444ae2ea2c231,INS,2025,22514,,1,,gx-no-cache=1745864053156 HTTP/1.1" 200 4146
200.126.116.145 - - [28/Apr/2025:15:11:53 -0300] "POST /cormun/servlet/solicitudotadjuntos?gx-no-cache=1745864055421 HTTP/1.1" 200 26
190.95.15.9 - - [28/Apr/2025:15:11:58 -0300] "POST /cormun/servlet/solicitudotadjuntos?cdebb8da02e88bf6e59c936fbc143dee,DLT,2025,22513,TITULO,0,,gx-no-cache=1745864060766 HTTP/1.1" 200 93
190.95.15.9 - - [28/Apr/2025:15:11:58 -0300] "GET /cormun/servlet/hpexe_return? HTTP/1.1" 200 1031
190.95.15.9 - - [28/Apr/2025:15:11:58 -0300] "GET /cormun/servlet/trsolicitudadjuntos?2025,22513, HTTP/1.1" 200 10452
200.126.116.145 - - [28/Apr/2025:15:11:59 -0300] "GET /cormun/servlet/solicitudotadjuntos?58c8adcbca9d571a036917fa267bb3d9d3630e081fe236ee5f4a43913f91dd26,gx-no-cache=1745864061189 HTTP/1.1" 200 30
200.126.116.145 - - [28/Apr/2025:15:11:59 -0300] "GET /cormun/servlet/solicitudotadjuntos?58c8adcbca9d571a036917fa267bb3d9d3630e081fe236ee5f4a43913f91dd26,gx-no-cache=1745864061211 HTTP/1.1" 200 30
200.126.116.145 - - [28/Apr/2025:15:11:59 -0300] "POST /cormun/servlet/solicitudotadjuntos?e5c433f8ef2ee506746444ae2ea2c231,INS,2025,22514,,1, HTTP/1.1" 200 116
200.126.116.145 - - [28/Apr/2025:15:11:59 -0300] "GET /cormun/servlet/hpexe_return? HTTP/1.1" 200 1023
200.126.116.145 - - [28/Apr/2025:15:11:59 -0300] "GET /cormun/servlet/trsolicitudadjuntos?2025,22514, HTTP/1.1" 200 9733
190.95.2.157 - - [28/Apr/2025:15:12:01 -0300] "GET /cormun/servlet/solicitudot?5c61e86b43258812ce1d68985031e0304c3f80f80edd70d3592c184b7b94a30fd5038be68fb134e5f90dbcd0b9407204394028e3993789fe2cba7bb0af55bc08d5471bb443a240054fba46ce15fc35b9,gx-no-cache=1745864063223 HTTP/1.1" 200 30
190.95.2.157 - - [28/Apr/2025:15:12:01 -0300] "POST /cormun/servlet/solicitudot?gx-no-cache=1745864063248 HTTP/1.1" 200 256
190.95.2.157 - - [28/Apr/2025:15:12:01 -0300] "GET /cormun/servlet/solicitudot?5c61e86b43258812ce1d68985031e03097907000b82e7bd6684a77e8b7f62fb6a4fe287eddf8e91384ba7f6b5f160d1e9d3e7129ca49008d7be47f293aec545d2f805c832bb30f0969f80fb721c88aadb2b74e8ebbac2518fdc5b7e8f1333abdeecb2cdce1311fb244f4aaad2d443f628a2beffb11b392c88d701180a9fa0ca3d3453073d04d1fe4cec580e9c08c29089fd61aaaff0ff8c9ab875521c613521a6dbcac6045257ba75cc2233b94277e9a3f61ff7696aa8b607060709e004b1e8a3386470b61425607b45d11c438a364c823f58eac43ddd619e762ea05fc6c2ec51ed37506bb209a7840bd13e13e01ae71cb3b2d6632dbfd66e7cd3a040972e96caaf41038cc373ba4edff9b35080ed8d095d46f41efa0715f1c3d2a84c511f420cf6a650a2cad788a7682f280f6ba3b58bb75179ecc6c116568f22c965b98c5164d5eba02434b29b0183cdda3be89d0bee79093657c468f120be672d5159a05f882e3657be1a6763b647957fd82f1deea5a3f7ba32f14c33e2b31a020602d4684,gx-no-cache=1745864063272 HTTP/1.1" 200 30
190.95.2.157 - - [28/Apr/2025:15:12:01 -0300] "POST /cormun/servlet/solicitudot?gx-no-cache=1745864063291 HTTP/1.1" 200 30
190.95.2.157 - - [28/Apr/2025:15:12:01 -0300] "POST /cormun/servlet/solicitudot?gx-no-cache=1745864063310 HTTP/1.1" 200 1481
190.95.2.157 - - [28/Apr/2025:15:12:01 -0300] "POST /cormun/servlet/solicitudot?gx-no-cache=1745864063379 HTTP/1.1" 200 41
190.95.2.157 - - [28/Apr/2025:15:12:01 -0300] "GET /cormun/servlet/solicitudot?5c61e86b43258812ce1d68985031e03085777fae3d61df32a3d82d73650bd5a96e2314c72906ec94ada5e2b4c7265e274abcf1aca2ad34061bf69cfb04cd5dc91d7d2060d0f36c7e4e355b7c9681f6b71791f0cd28eb5e028ec6fb0d5e1463bb67afcb6ddf3480dcd6e485818e0b14be,gx-no-cache=1745864063397 HTTP/1.1" 200 110
190.95.2.157 - - [28/Apr/2025:15:12:01 -0300] "POST /cormun/servlet/solicitudot?gx-no-cache=1745864063416 HTTP/1.1" 200 105
190.95.2.157 - - [28/Apr/2025:15:12:01 -0300] "GET /cormun/servlet/solicitudot?5c61e86b43258812ce1d68985031e030eabba480bac992a45a7781d921fd4ee7d28411b8a4a00b0227a720b51f4d69d2,gx-no-cache=1745864063434 HTTP/1.1" 200 30
190.95.2.157 - - [28/Apr/2025:15:12:01 -0300] "POST /cormun/servlet/solicitudot?gx-no-cache=1745864063451 HTTP/1.1" 200 32
200.126.116.145 - - [28/Apr/2025:15:12:01 -0300] "GET /cormun/servlet/solicitudotadjuntos?INS,2025,22514,,1, HTTP/1.1" 200 6371
190.95.2.157 - - [28/Apr/2025:15:12:01 -0300] "POST /cormun/servlet/solicitudot?a49e2c9bb6a2b6a3a5ea383a7d36c330,INS,0,0,false,,gx-no-cache=1745864063506 HTTP/1.1" 200 93
190.95.2.157 - - [28/Apr/2025:15:12:01 -0300] "GET /cormun/servlet/hpexe_return? HTTP/1.1" 200 1014
200.126.116.145 - - [28/Apr/2025:15:12:01 -0300] "GET /cormun/static/about:blank HTTP/1.1" 404 1011
190.95.2.157 - - [28/Apr/2025:15:12:02 -0300] "GET /cormun/servlet/trsolicitudot HTTP/1.1" 200 9763
200.126.116.145 - - [28/Apr/2025:15:12:02 -0300] "GET /cormun/servlet/solicitudotadjuntos?58c8adcbca9d571a036917fa267bb3d92acc374c799de400bca75afe76a6ff38be58dd84556c499fcee2d3329c2a07ed,gx-no-cache=1745864064335 HTTP/1.1" 200 30
200.126.116.145 - - [28/Apr/2025:15:12:02 -0300] "POST /cormun/servlet/solicitudotadjuntos?e5c433f8ef2ee506746444ae2ea2c231,INS,2025,22514,,1,,gx-no-cache=1745864064360 HTTP/1.1" 200 4146
200.126.116.145 - - [28/Apr/2025:15:12:05 -0300] "POST /cormun/servlet/solicitudotadjuntos?gx-no-cache=1745864067141 HTTP/1.1" 200 26
190.95.15.9 - - [28/Apr/2025:15:12:05 -0300] "GET /cormun/servlet/solicitudotadjuntos?INS,2025,22513,,1, HTTP/1.1" 200 6299
190.95.15.9 - - [28/Apr/2025:15:12:06 -0300] "GET /cormun/static/about:blank HTTP/1.1" 404 1011
190.95.15.9 - - [28/Apr/2025:15:12:06 -0300] "GET /cormun/servlet/solicitudotadjuntos?96c692a9e524d044686fb0a984c04ca5c1629e6cd61349617af6bd588e8878a99ec4967a19bbfe6885ac5ff8868e74af,gx-no-cache=1745864069378 HTTP/1.1" 200 30
190.95.15.9 - - [28/Apr/2025:15:12:06 -0300] "POST /cormun/servlet/solicitudotadjuntos?cdebb8da02e88bf6e59c936fbc143dee,INS,2025,22513,,1,,gx-no-cache=1745864069404 HTTP/1.1" 200 4183
190.95.2.157 - - [28/Apr/2025:15:12:07 -0300] "POST /cormun/servlet/trsolicitudot?a49e2c9bb6a2b6a3a5ea383a7d36c330,gx-no-cache=1745864069281 HTTP/1.1" 200 6538
190.95.2.157 - - [28/Apr/2025:15:12:07 -0300] "GET /cormun/static/Shared/jqueryui/images/ui-icons_82798d_256x240.png HTTP/1.1" 404 1089
190.95.2.157 - - [28/Apr/2025:15:12:07 -0300] "GET /cormun/static/Shared/jqueryui/images/ui-bg_highlight-soft_100_c6c2c8_1x100.png HTTP/1.1" 404 1117
190.95.2.157 - - [28/Apr/2025:15:12:07 -0300] "GET /cormun/static/Shared/jqueryui/images/ui-bg_flat_55_fafafa_40x100.png HTTP/1.1" 404 1097
190.95.2.157 - - [28/Apr/2025:15:12:07 -0300] "GET /cormun/static/Shared/jqueryui/images/ui-icons_8d78a5_256x240.png HTTP/1.1" 404 1089
190.95.2.157 - - [28/Apr/2025:15:12:07 -0300] "POST /cormun/servlet/trsolicitudot?a49e2c9bb6a2b6a3a5ea383a7d36c330,gx-no-cache=1745864069399 HTTP/1.1" 200 6482
190.95.2.157 - - [28/Apr/2025:15:12:08 -0300] "POST /cormun/servlet/trsolicitudot?a49e2c9bb6a2b6a3a5ea383a7d36c330,gx-no-cache=1745864070007 HTTP/1.1" 200 6117
190.95.2.157 - - [28/Apr/2025:15:12:08 -0300] "POST /cormun/servlet/trsolicitudot?a49e2c9bb6a2b6a3a5ea383a7d36c330,gx-no-cache=1745864070131 HTTP/1.1" 200 6060
190.95.2.157 - - [28/Apr/2025:15:12:08 -0300] "POST /cormun/servlet/trsolicitudot?a49e2c9bb6a2b6a3a5ea383a7d36c330,gx-no-cache=1745864070670 HTTP/1.1" 200 4870
190.95.2.157 - - [28/Apr/2025:15:12:08 -0300] "POST /cormun/servlet/trsolicitudot?a49e2c9bb6a2b6a3a5ea383a7d36c330,gx-no-cache=1745864070784 HTTP/1.1" 200 4617
200.126.116.145 - - [28/Apr/2025:15:12:11 -0300] "GET /cormun/servlet/solicitudotadjuntos?58c8adcbca9d571a036917fa267bb3d9d3630e081fe236ee5f4a43913f91dd26,gx-no-cache=1745864073165 HTTP/1.1" 200 30
200.126.116.145 - - [28/Apr/2025:15:12:11 -0300] "GET /cormun/servlet/solicitudotadjuntos?58c8adcbca9d571a036917fa267bb3d9d3630e081fe236ee5f4a43913f91dd26,gx-no-cache=1745864073175 HTTP/1.1" 200 30
200.126.116.145 - - [28/Apr/2025:15:12:11 -0300] "POST /cormun/servlet/solicitudotadjuntos?e5c433f8ef2ee506746444ae2ea2c231,INS,2025,22514,,1, HTTP/1.1" 200 116
200.126.116.145 - - [28/Apr/2025:15:12:11 -0300] "GET /cormun/servlet/hpexe_return? HTTP/1.1" 200 1023
190.95.2.157 - - [28/Apr/2025:15:12:11 -0300] "GET /cormun/servlet/trautorizarsolicitud? HTTP/1.1" 200 9654
200.126.116.145 - - [28/Apr/2025:15:12:11 -0300] "GET /cormun/servlet/trsolicitudadjuntos?2025,22514, HTTP/1.1" 200 9980
190.95.15.9 - - [28/Apr/2025:15:12:14 -0300] "POST /cormun/servlet/solicitudotadjuntos?gx-no-cache=1745864076848 HTTP/1.1" 200 26
190.95.2.157 - - [28/Apr/2025:15:12:16 -0300] "POST /cormun/servlet/trautorizarsolicitud?a49e2c9bb6a2b6a3a5ea383a7d36c330,,gx-no-cache=1745864078032 HTTP/1.1" 200 6461
190.95.2.157 - - [28/Apr/2025:15:12:16 -0300] "POST /cormun/servlet/trautorizarsolicitud?a49e2c9bb6a2b6a3a5ea383a7d36c330,,gx-no-cache=1745864078182 HTTP/1.1" 200 6407
190.95.2.157 - - [28/Apr/2025:15:12:16 -0300] "POST /cormun/servlet/trautorizarsolicitud?a49e2c9bb6a2b6a3a5ea383a7d36c330,,gx-no-cache=1745864078687 HTTP/1.1" 200 6037
190.95.2.157 - - [28/Apr/2025:15:12:16 -0300] "POST /cormun/servlet/trautorizarsolicitud?a49e2c9bb6a2b6a3a5ea383a7d36c330,,gx-no-cache=1745864078796 HTTP/1.1" 200 5984
190.95.2.157 - - [28/Apr/2025:15:12:17 -0300] "POST /cormun/servlet/trautorizarsolicitud?a49e2c9bb6a2b6a3a5ea383a7d36c330,,gx-no-cache=1745864079287 HTTP/1.1" 200 4797
190.95.2.157 - - [28/Apr/2025:15:12:17 -0300] "POST /cormun/servlet/trautorizarsolicitud?a49e2c9bb6a2b6a3a5ea383a7d36c330,,gx-no-cache=1745864079354 HTTP/1.1" 200 4546
200.126.116.145 - - [28/Apr/2025:15:12:22 -0300] "GET /cormun/servlet/solicitudotadjuntos?INS,2025,22514,,1, HTTP/1.1" 200 6371
200.126.116.145 - - [28/Apr/2025:15:12:22 -0300] "GET /cormun/static/about:blank HTTP/1.1" 404 1011
200.126.116.145 - - [28/Apr/2025:15:12:22 -0300] "GET /cormun/servlet/solicitudotadjuntos?58c8adcbca9d571a036917fa267bb3d92acc374c799de400bca75afe76a6ff38be58dd84556c499fcee2d3329c2a07ed,gx-no-cache=1745864084771 HTTP/1.1" 200 30
200.126.116.145 - - [28/Apr/2025:15:12:23 -0300] "POST /cormun/servlet/solicitudotadjuntos?e5c433f8ef2ee506746444ae2ea2c231,INS,2025,22514,,1,,gx-no-cache=1745864084795 HTTP/1.1" 200 4146
200.126.116.145 - - [28/Apr/2025:15:12:26 -0300] "POST /cormun/servlet/solicitudotadjuntos?gx-no-cache=1745864088333 HTTP/1.1" 200 26
200.126.116.145 - - [28/Apr/2025:15:12:32 -0300] "GET /cormun/servlet/solicitudotadjuntos?58c8adcbca9d571a036917fa267bb3d9d3630e081fe236ee5f4a43913f91dd26,gx-no-cache=1745864093973 HTTP/1.1" 200 30
200.126.116.145 - - [28/Apr/2025:15:12:32 -0300] "GET /cormun/servlet/solicitudotadjuntos?58c8adcbca9d571a036917fa267bb3d9d3630e081fe236ee5f4a43913f91dd26,gx-no-cache=1745864093985 HTTP/1.1" 200 30
200.126.116.145 - - [28/Apr/2025:15:12:32 -0300] "POST /cormun/servlet/solicitudotadjuntos?e5c433f8ef2ee506746444ae2ea2c231,INS,2025,22514,,1, HTTP/1.1" 200 116
200.126.116.145 - - [28/Apr/2025:15:12:32 -0300] "GET /cormun/servlet/hpexe_return? HTTP/1.1" 200 1023
200.126.116.145 - - [28/Apr/2025:15:12:32 -0300] "GET /cormun/servlet/trsolicitudadjuntos?2025,22514, HTTP/1.1" 200 10234
190.95.15.9 - - [28/Apr/2025:15:12:32 -0300] "GET /cormun/servlet/solicitudotadjuntos?96c692a9e524d044686fb0a984c04ca5c152828cc20caa7708810d3b6c92e39d,gx-no-cache=1745864095546 HTTP/1.1" 200 30
190.95.15.9 - - [28/Apr/2025:15:12:32 -0300] "GET /cormun/servlet/solicitudotadjuntos?96c692a9e524d044686fb0a984c04ca5c152828cc20caa7708810d3b6c92e39d,gx-no-cache=1745864095572 HTTP/1.1" 200 30
190.95.15.9 - - [28/Apr/2025:15:12:33 -0300] "POST /cormun/servlet/solicitudotadjuntos?cdebb8da02e88bf6e59c936fbc143dee,INS,2025,22513,,1, HTTP/1.1" 200 116
190.95.15.9 - - [28/Apr/2025:15:12:33 -0300] "GET /cormun/servlet/hpexe_return? HTTP/1.1" 200 1024
190.95.15.9 - - [28/Apr/2025:15:12:33 -0300] "GET /cormun/servlet/trsolicitudadjuntos?2025,22513, HTTP/1.1" 200 10634
200.126.116.145 - - [28/Apr/2025:15:12:34 -0300] "GET /cormun/servlet/solicitudotadjuntos?INS,2025,22514,,1, HTTP/1.1" 200 6373
200.126.116.145 - - [28/Apr/2025:15:12:34 -0300] "GET /cormun/static/about:blank HTTP/1.1" 404 1011
200.126.116.145 - - [28/Apr/2025:15:12:35 -0300] "GET /cormun/servlet/solicitudotadjuntos?58c8adcbca9d571a036917fa267bb3d92acc374c799de400bca75afe76a6ff38be58dd84556c499fcee2d3329c2a07ed,gx-no-cache=1745864097196 HTTP/1.1" 200 30
200.126.116.145 - - [28/Apr/2025:15:12:35 -0300] "POST /cormun/servlet/solicitudotadjuntos?e5c433f8ef2ee506746444ae2ea2c231,INS,2025,22514,,1,,gx-no-cache=1745864097221 HTTP/1.1" 200 4146
200.126.116.145 - - [28/Apr/2025:15:12:38 -0300] "POST /cormun/servlet/solicitudotadjuntos?gx-no-cache=1745864100173 HTTP/1.1" 200 26
190.95.2.157 - - [28/Apr/2025:15:12:44 -0300] "GET /cormun/servlet/hlogin HTTP/1.1" 200 1725
200.126.116.145 - - [28/Apr/2025:15:12:44 -0300] "GET /cormun/servlet/solicitudotadjuntos?58c8adcbca9d571a036917fa267bb3d9d3630e081fe236ee5f4a43913f91dd26,gx-no-cache=1745864106205 HTTP/1.1" 200 30
200.126.116.145 - - [28/Apr/2025:15:12:44 -0300] "GET /cormun/servlet/solicitudotadjuntos?58c8adcbca9d571a036917fa267bb3d9d3630e081fe236ee5f4a43913f91dd26,gx-no-cache=1745864106216 HTTP/1.1" 200 30
200.126.116.145 - - [28/Apr/2025:15:12:44 -0300] "POST /cormun/servlet/solicitudotadjuntos?e5c433f8ef2ee506746444ae2ea2c231,INS,2025,22514,,1, HTTP/1.1" 200 116
200.126.116.145 - - [28/Apr/2025:15:12:44 -0300] "GET /cormun/servlet/hpexe_return? HTTP/1.1" 200 1023
200.126.116.145 - - [28/Apr/2025:15:12:44 -0300] "GET /cormun/servlet/trsolicitudadjuntos?2025,22514, HTTP/1.1" 200 10501
190.95.15.9 - - [28/Apr/2025:15:13:03 -0300] "GET /cormun/servlet/trsolicitudot? HTTP/1.1" 200 8876
190.95.15.9 - - [28/Apr/2025:15:13:09 -0300] "POST /cormun/servlet/trsolicitudot?cdebb8da02e88bf6e59c936fbc143dee,,gx-no-cache=1745864132056 HTTP/1.1" 200 106
190.95.15.9 - - [28/Apr/2025:15:13:09 -0300] "GET /cormun/servlet/trsolicitudadjuntos?2025,22513, HTTP/1.1" 200 10632
190.95.15.9 - - [28/Apr/2025:15:13:17 -0300] "GET /cormun/servlet/trsolicitudot? HTTP/1.1" 200 8876
190.95.2.163 - - [28/Apr/2025:15:13:20 -0300] "GET /cormun/servlet/hlogin HTTP/1.1" 200 1717
190.95.2.163 - - [28/Apr/2025:15:13:20 -0300] "GET /cormun/servlet/hlogin HTTP/1.1" 200 1727
190.95.15.9 - - [28/Apr/2025:15:13:21 -0300] "POST /cormun/servlet/trsolicitudot?cdebb8da02e88bf6e59c936fbc143dee,,gx-no-cache=1745864144407 HTTP/1.1" 200 4870
190.95.15.9 - - [28/Apr/2025:15:13:21 -0300] "POST /cormun/servlet/trsolicitudot?cdebb8da02e88bf6e59c936fbc143dee,,gx-no-cache=1745864144536 HTTP/1.1" 200 4628
190.95.2.163 - - [28/Apr/2025:15:13:26 -0300] "POST /cormun/servlet/hlogin?b15097c1aed08e24c6676440680541d5,gx-no-cache=1745864148882 HTTP/1.1" 200 90
190.95.2.163 - - [28/Apr/2025:15:13:26 -0300] "GET /cormun/servlet/hpexe_link HTTP/1.1" 200 949
190.95.2.163 - - [28/Apr/2025:15:13:26 -0300] "GET /cormun/servlet/hhome HTTP/1.1" 200 3994
52.167.144.172 - - [28/Apr/2025:15:13:30 -0300] "GET /cormun/servlet/hlogin HTTP/1.1" 200 1720
190.95.2.163 - - [28/Apr/2025:15:13:30 -0300] "GET /cormun/servlet/trpermisosgoce? HTTP/1.1" 200 11557
190.95.2.163 - - [28/Apr/2025:15:13:36 -0300] "GET /cormun/servlet/permisogoce?INS,0,,, HTTP/1.1" 200 6857
52.167.144.183 - - [28/Apr/2025:15:13:46 -0300] "GET /cormun/static/gxcfg.js?2022112219184450 HTTP/1.1" 200 953
52.167.144.183 - - [28/Apr/2025:15:13:46 -0300] "GET /cormun/static/gxtimezone.js?85251 HTTP/1.1" 200 5781
52.167.144.183 - - [28/Apr/2025:15:13:46 -0300] "GET /cormun/static/messages.spa.js?85251 HTTP/1.1" 200 30736
190.95.2.163 - - [28/Apr/2025:15:13:49 -0300] "GET /cormun/servlet/permisogoce?d82b16e1be682809bf001e0a595f5b052059bd15aac76ed970f7b79233938a87481f7a9b9c01c34dcc54690486573c701ffccdf12321e45ca1159127d7dbffda,gx-no-cache=1745864171527 HTTP/1.1" 200 83
190.95.2.163 - - [28/Apr/2025:15:13:49 -0300] "GET /cormun/static/menuarrow.gif HTTP/1.1" 404 1015
157.55.39.57 - - [28/Apr/2025:15:13:51 -0300] "GET /cormun/static/Resources/Spanish/PXTools.css?1759030 HTTP/1.1" 200 100853
190.95.2.163 - - [28/Apr/2025:15:14:11 -0300] "GET /cormun/servlet/permisogoce?d82b16e1be682809bf001e0a595f5b05269f68e827f569416104c74f150ae28445f8486286f9f1234dcc98de7154d8822c3d76d4702d4c3c872aa92a32ea9cc2,gx-no-cache=1745864193642 HTTP/1.1" 200 47
190.95.2.163 - - [28/Apr/2025:15:15:03 -0300] "POST /cormun/servlet/permisogoce?b15097c1aed08e24c6676440680541d5,INS,0,,,,gx-no-cache=1745864245160 HTTP/1.1" 200 93
190.95.2.163 - - [28/Apr/2025:15:15:03 -0300] "GET /cormun/servlet/hpexe_return? HTTP/1.1" 200 1007
190.95.2.163 - - [28/Apr/2025:15:15:04 -0300] "GET /cormun/servlet/trpermisosgoce HTTP/1.1" 200 11846
190.95.1.183 - - [28/Apr/2025:15:15:05 -0300] "GET /cormun/servlet/hlogin HTTP/1.1" 200 1722
190.95.1.183 - - [28/Apr/2025:15:15:05 -0300] "GET /cormun/static/gxtimezone.js?85251 HTTP/1.1" 200 5781
190.95.1.183 - - [28/Apr/2025:15:15:05 -0300] "GET /cormun/static/messages.spa.js?85251 HTTP/1.1" 200 30736
190.95.1.183 - - [28/Apr/2025:15:15:05 -0300] "GET /cormun/static/gxgral.js?85251 HTTP/1.1" 200 384558
190.95.1.183 - - [28/Apr/2025:15:15:05 -0300] "GET /cormun/static/Resources/indicator.gif HTTP/1.1" 200 1553
190.95.1.183 - - [28/Apr/2025:15:15:05 -0300] "GET /cormun/servlet/hlogin HTTP/1.1" 200 1732
190.95.2.163 - - [28/Apr/2025:15:15:08 -0300] "GET /cormun/servlet/apermisogoceprn?15523072,P,20250428141608,PU HTTP/1.1" 200 1654
190.95.1.183 - - [28/Apr/2025:15:15:11 -0300] "POST /cormun/servlet/hlogin?b7ab99dee587bcf927de272ae3d0b50a,gx-no-cache=1745864254163 HTTP/1.1" 200 90
190.95.1.183 - - [28/Apr/2025:15:15:11 -0300] "GET /cormun/servlet/hpexe_link HTTP/1.1" 200 951
190.95.1.183 - - [28/Apr/2025:15:15:12 -0300] "GET /cormun/static/Resources/Spanish/PXTools.css?8354383 HTTP/1.1" 200 100853
190.95.1.183 - - [28/Apr/2025:15:15:12 -0300] "GET /cormun/static/gxcfg.js?20221129847421 HTTP/1.1" 200 953
190.95.1.183 - - [28/Apr/2025:15:15:12 -0300] "GET /cormun/static/hpexe_link.js?20221129847423 HTTP/1.1" 200 625
190.95.1.183 - - [28/Apr/2025:15:15:12 -0300] "GET /cormun/servlet/hhome HTTP/1.1" 200 3976
190.95.1.183 - - [28/Apr/2025:15:15:12 -0300] "GET /cormun/static/Shared/jqueryui/jquery-ui.min.css?1345370 HTTP/1.1" 200 30288
190.95.1.183 - - [28/Apr/2025:15:15:12 -0300] "GET /cormun/static/Resources/Spanish/PXTools.css?14345360 HTTP/1.1" 200 100853
190.95.1.183 - - [28/Apr/2025:15:15:12 -0300] "GET /cormun/static/SmoothNavMenu/resources/ddsmoothmenu.css?1112540 HTTP/1.1" 200 2223
190.95.1.183 - - [28/Apr/2025:15:15:12 -0300] "GET /cormun/static/SmoothNavMenu/resources/ddsmoothmenu-v.css?1112540 HTTP/1.1" 200 1188
190.95.1.183 - - [28/Apr/2025:15:15:12 -0300] "GET /cormun/static/gxcfg.js?20201215495537 HTTP/1.1" 200 953
190.95.1.183 - - [28/Apr/2025:15:15:12 -0300] "GET /cormun/static/scaMessage/css/jquery.pnotify.default.css?1816380 HTTP/1.1" 200 1707
190.95.1.183 - - [28/Apr/2025:15:15:12 -0300] "GET /cormun/static/PXToolsJavascripts/pexe_autoreload.js HTTP/1.1" 200 1762
190.95.1.183 - - [28/Apr/2025:15:15:12 -0300] "GET /cormun/static/PXToolsJavascripts/pexe_cookies.js HTTP/1.1" 200 792
190.95.1.183 - - [28/Apr/2025:15:15:12 -0300] "GET /cormun/static/PXToolsJavascripts/pexe_grid.js HTTP/1.1" 200 7559
190.95.1.183 - - [28/Apr/2025:15:15:12 -0300] "GET /cormun/static/PXToolsJavascripts/pexe_griddivfix.js HTTP/1.1" 200 6946
190.95.1.183 - - [28/Apr/2025:15:15:12 -0300] "GET /cormun/static/PXToolsJavascripts/pexe_link.js HTTP/1.1" 200 5671
190.95.1.183 - - [28/Apr/2025:15:15:12 -0300] "GET /cormun/static/PXToolsJavascripts/pexe_menudivfix.js HTTP/1.1" 200 333
190.95.1.183 - - [28/Apr/2025:15:15:12 -0300] "GET /cormun/static/PXToolsJavascripts/pexe_windows.js HTTP/1.1" 200 15249
190.95.1.183 - - [28/Apr/2025:15:15:12 -0300] "GET /cormun/static/PXToolsJavascripts/pexe_menus.js HTTP/1.1" 200 1286
190.95.1.183 - - [28/Apr/2025:15:15:12 -0300] "GET /cormun/static/PXToolsJavascripts/pexe_layers.js HTTP/1.1" 200 4114
190.95.1.183 - - [28/Apr/2025:15:15:12 -0300] "GET /cormun/static/PXToolsJavascripts/pexe_oav.js HTTP/1.1" 200 645
190.95.1.183 - - [28/Apr/2025:15:15:12 -0300] "GET /cormun/static/PXToolsJavascripts/pexe_oavdivfix.js HTTP/1.1" 200 639
190.95.1.183 - - [28/Apr/2025:15:15:12 -0300] "GET /cormun/static/PXToolsJavascripts/pexe_picture.js HTTP/1.1" 200 689
190.95.1.183 - - [28/Apr/2025:15:15:12 -0300] "GET /cormun/static/PXToolsJavascripts/pexe_popup.js HTTP/1.1" 200 15149
190.95.1.183 - - [28/Apr/2025:15:15:12 -0300] "GET /cormun/static/PXToolsJavascripts/pexe_scrolldiv.js HTTP/1.1" 200 4138
190.95.1.183 - - [28/Apr/2025:15:15:12 -0300] "GET /cormun/static/PXToolsJavascripts/pexe_tabdivfix.js HTTP/1.1" 200 898
190.95.1.183 - - [28/Apr/2025:15:15:12 -0300] "GET /cormun/static/PXToolsJavascripts/pexe_tabs.js HTTP/1.1" 200 3748
190.95.1.183 - - [28/Apr/2025:15:15:12 -0300] "GET /cormun/static/PXToolsJavascripts/PXToolsJavascriptsRender.js HTTP/1.1" 200 367
190.95.1.183 - - [28/Apr/2025:15:15:12 -0300] "GET /cormun/static/PXToolsJavascripts/pexe_upload.js HTTP/1.1" 200 1423
190.95.1.183 - - [28/Apr/2025:15:15:12 -0300] "GET /cormun/static/Resources/CormunMP2.png HTTP/1.1" 200 6878
190.95.1.183 - - [28/Apr/2025:15:15:12 -0300] "GET /cormun/static/Resources/ImgHome.png HTTP/1.1" 200 1364
190.95.1.183 - - [28/Apr/2025:15:15:12 -0300] "GET /cormun/static/Resources/ImgLogin.png HTTP/1.1" 200 1432
190.95.1.183 - - [28/Apr/2025:15:15:12 -0300] "GET /cormun/static/Resources/Llave.png HTTP/1.1" 200 1395
190.95.1.183 - - [28/Apr/2025:15:15:12 -0300] "GET /cormun/static/RunJS/RunJS.js HTTP/1.1" 200 288
190.95.1.183 - - [28/Apr/2025:15:15:12 -0300] "GET /cormun/static/Shared/ext/locale/ext-lang-en.js HTTP/1.1" 200 10940
190.95.1.183 - - [28/Apr/2025:15:15:12 -0300] "GET /cormun/static/Resources/PXToolsDataTitle.png HTTP/1.1" 200 1173
190.95.1.183 - - [28/Apr/2025:15:15:12 -0300] "GET /cormun/static/hhome.js?20201215495544 HTTP/1.1" 200 777
190.95.1.183 - - [28/Apr/2025:15:15:12 -0300] "GET /cormun/static/hwchdr01.js?2022112219251119 HTTP/1.1" 200 996
190.95.1.183 - - [28/Apr/2025:15:15:12 -0300] "GET /cormun/static/hpexe_recentlink.js?20201214471090 HTTP/1.1" 200 2144
190.95.1.183 - - [28/Apr/2025:15:15:12 -0300] "GET /cormun/static/hpexe_scripts.js?20201214471411 HTTP/1.1" 200 1544
190.95.1.183 - - [28/Apr/2025:15:15:12 -0300] "GET /cormun/static/gxui/gxui-all.js HTTP/1.1" 200 107772
190.95.1.183 - - [28/Apr/2025:15:15:12 -0300] "GET /cormun/static/hpexe_messagecontroller.js?202211298371222 HTTP/1.1" 200 870
190.95.1.183 - - [28/Apr/2025:15:15:12 -0300] "GET /cormun/static/hpexe_messagepopupcomponent.js?2020121447232 HTTP/1.1" 200 605
190.95.1.183 - - [28/Apr/2025:15:15:12 -0300] "GET /cormun/static/hpexe_messagegenexuscomponent.js?20221129836373 HTTP/1.1" 200 587
190.95.1.183 - - [28/Apr/2025:15:15:12 -0300] "GET /cormun/static/cmcontrolpreferences.js?20199141926336 HTTP/1.1" 200 1375
190.95.1.183 - - [28/Apr/2025:15:15:12 -0300] "GET /cormun/static/SmoothNavMenu/resources/ddsmoothmenu.js HTTP/1.1" 200 12712
190.95.1.183 - - [28/Apr/2025:15:15:12 -0300] "GET /cormun/static/SmoothNavMenu/resources/SmoothNavMenuRender.js HTTP/1.1" 200 5951
190.95.1.183 - - [28/Apr/2025:15:15:12 -0300] "GET /cormun/static/scaMessage/js/jquery.pnotify.min.js HTTP/1.1" 200 13038
190.95.1.183 - - [28/Apr/2025:15:15:12 -0300] "GET /cormun/static/Shared/jquery/jquery-1.4.2.min.js HTTP/1.1" 200 72174
190.95.1.183 - - [28/Apr/2025:15:15:12 -0300] "GET /cormun/static/scaMessage/scaMessageRender.js HTTP/1.1" 200 11977
190.95.1.183 - - [28/Apr/2025:15:15:12 -0300] "GET /cormun/static/Shared/jquery/jquery-1.10.2.min.js HTTP/1.1" 200 273199
190.95.1.183 - - [28/Apr/2025:15:15:12 -0300] "GET /cormun/static/hmpwkw03.js?20221129844354 HTTP/1.1" 200 3971
190.95.1.183 - - [28/Apr/2025:15:15:13 -0300] "GET /cormun/static/Shared/jqueryui/jquery-ui.min.js HTTP/1.1" 200 240427
190.95.1.183 - - [28/Apr/2025:15:15:13 -0300] "GET /cormun/static/Shared/ext/ext-all.js HTTP/1.1" 200 1289687
190.95.1.183 - - [28/Apr/2025:15:15:13 -0300] "GET /cormun/static/SmoothNavMenu/resources/images/down.gif HTTP/1.1" 200 854
190.95.1.183 - - [28/Apr/2025:15:15:16 -0300] "GET /cormun/servlet/trsolicitudot? HTTP/1.1" 200 7198
190.95.1.183 - - [28/Apr/2025:15:15:16 -0300] "GET /cormun/static/gxcfg.js?20221129846531 HTTP/1.1" 200 953
190.95.1.183 - - [28/Apr/2025:15:15:16 -0300] "GET /cormun/static/calendar-setup.js?85251 HTTP/1.1" 200 2588
190.95.1.183 - - [28/Apr/2025:15:15:16 -0300] "GET /cormun/static/calendar.js?85251 HTTP/1.1" 200 26246
190.95.1.183 - - [28/Apr/2025:15:15:16 -0300] "GET /cormun/static/calendar-es.js?85251 HTTP/1.1" 200 1901
190.95.1.183 - - [28/Apr/2025:15:15:16 -0300] "GET /cormun/static/Resources/PXTools/calendar.png HTTP/1.1" 200 1306
190.95.1.183 - - [28/Apr/2025:15:15:16 -0300] "GET /cormun/static/gxdec.js?85251 HTTP/1.1" 200 19579
190.95.1.183 - - [28/Apr/2025:15:15:16 -0300] "GET /cormun/static/Resources/PXToolsDataSearch.png HTTP/1.1" 200 435
190.95.1.183 - - [28/Apr/2025:15:15:16 -0300] "GET /cormun/static/trsolicitudot.js?202211298465651 HTTP/1.1" 200 54040
190.95.1.183 - - [28/Apr/2025:15:15:16 -0300] "GET /cormun/static/Resources/PXToolsGridFirstDisabled.gif HTTP/1.1" 200 100
190.95.1.183 - - [28/Apr/2025:15:15:16 -0300] "GET /cormun/static/Resources/PXToolsGridPreviousDisabled.gif HTTP/1.1" 200 90
190.95.1.183 - - [28/Apr/2025:15:15:16 -0300] "GET /cormun/static/Resources/PXToolsGridNextDisabled.gif HTTP/1.1" 200 90
190.95.1.183 - - [28/Apr/2025:15:15:16 -0300] "GET /cormun/static/Resources/PXToolsGridLastDisabled.gif HTTP/1.1" 200 98
190.95.1.183 - - [28/Apr/2025:15:15:16 -0300] "GET /cormun/static/Resources/PXToolsGridPage.gif HTTP/1.1" 200 725
190.95.1.183 - - [28/Apr/2025:15:15:16 -0300] "GET /cormun/static/Resources/PXToolsActionExcel.png HTTP/1.1" 200 727
190.95.1.183 - - [28/Apr/2025:15:15:16 -0300] "GET /cormun/static/Resources/PXToolsAddAllAction.png HTTP/1.1" 200 495
190.95.1.183 - - [28/Apr/2025:15:15:16 -0300] "GET /cormun/static/Resources/asc.gif HTTP/1.1" 200 67
190.95.1.183 - - [28/Apr/2025:15:15:16 -0300] "GET /cormun/static/Resources/desc.gif HTTP/1.1" 200 65
190.95.1.183 - - [28/Apr/2025:15:15:16 -0300] "GET /cormun/static/Shared/ext/resources/themes/images/default/panel/bg-headersPanel.png HTTP/1.1" 200 255
190.95.1.183 - - [28/Apr/2025:15:15:16 -0300] "GET /cormun/static/Shared/ext/resources/themes/images/default/tools/tool-sprites.gif HTTP/1.1" 200 5434
190.95.1.183 - - [28/Apr/2025:15:15:20 -0300] "POST /cormun/servlet/trsolicitudot?b7ab99dee587bcf927de272ae3d0b50a,,gx-no-cache=1745864262806 HTTP/1.1" 200 7146
190.95.1.183 - - [28/Apr/2025:15:15:20 -0300] "GET /cormun//static/Resources/PXTools/ActionInsert.png HTTP/1.1" 200 1482
190.95.1.183 - - [28/Apr/2025:15:15:20 -0300] "GET /cormun//static/Resources/PXToolsActionView.png HTTP/1.1" 200 398
190.95.1.183 - - [28/Apr/2025:15:15:20 -0300] "GET /cormun//static/Resources/PXToolsGridDelete.png HTTP/1.1" 200 538
190.95.1.183 - - [28/Apr/2025:15:15:20 -0300] "GET /cormun//static/Resources/PXToolsRemoveAllAction.png HTTP/1.1" 200 487
190.95.1.183 - - [28/Apr/2025:15:15:20 -0300] "GET /cormun//static/Resources/PXToolsGridUpdate.png HTTP/1.1" 200 470
190.95.1.183 - - [28/Apr/2025:15:22:11 -0300] "GET /cormun/servlet/hlogin HTTP/1.1" 200 1722
190.95.1.183 - - [28/Apr/2025:15:22:16 -0300] "POST /cormun/servlet/hlogin?b7ab99dee587bcf927de272ae3d0b50a,gx-no-cache=1745864678814 HTTP/1.1" 200 90
190.95.1.183 - - [28/Apr/2025:15:22:16 -0300] "GET /cormun/servlet/hpexe_link HTTP/1.1" 200 958
190.95.1.183 - - [28/Apr/2025:15:22:16 -0300] "GET /cormun/servlet/trsolicitudot? HTTP/1.1" 200 9953
190.95.1.183 - - [28/Apr/2025:15:22:20 -0300] "GET /cormun/servlet/trlicencias? HTTP/1.1" 200 14204
190.95.1.183 - - [28/Apr/2025:15:22:20 -0300] "GET /cormun/static/gxcfg.js?202211298463625 HTTP/1.1" 200 953
190.95.1.183 - - [28/Apr/2025:15:22:20 -0300] "GET /cormun/static/trlicencias.js?202211298463889 HTTP/1.1" 200 41883
190.95.1.183 - - [28/Apr/2025:15:22:20 -0300] "GET /cormun//static/Resources/PXToolsActionDisabled.gif HTTP/1.1" 200 53
190.95.1.183 - - [28/Apr/2025:15:22:20 -0300] "GET /cormun//static/Resources/PXToolsGridDisplay.png HTTP/1.1" 200 525
190.95.1.183 - - [28/Apr/2025:15:22:20 -0300] "GET /cormun//static/Resources/PXToolsActionPrint.png HTTP/1.1" 200 404
190.95.1.183 - - [28/Apr/2025:15:22:20 -0300] "GET /cormun//static/Resources/PXToolsHeaderFavorites.png HTTP/1.1" 200 1414
190.95.1.183 - - [28/Apr/2025:15:22:20 -0300] "GET /cormun//static/Resources/PXToolsHeaderHelp.png HTTP/1.1" 200 1333
190.95.15.13 - - [28/Apr/2025:15:22:54 -0300] "GET /cormun/servlet/hlogin HTTP/1.1" 200 1716
190.95.15.13 - - [28/Apr/2025:15:22:54 -0300] "GET /favicon.ico HTTP/1.1" 200 21630
190.95.15.13 - - [28/Apr/2025:15:23:04 -0300] "POST /cormun/servlet/hlogin?e54d1946fc06c0471e7221122a002c6f,gx-no-cache=1745864725515 HTTP/1.1" 200 90
190.95.15.13 - - [28/Apr/2025:15:23:04 -0300] "GET /cormun/servlet/hpexe_link HTTP/1.1" 200 943
190.95.15.13 - - [28/Apr/2025:15:23:04 -0300] "GET /cormun/servlet/hhome HTTP/1.1" 200 3940
190.95.15.13 - - [28/Apr/2025:15:23:07 -0300] "GET /cormun/servlet/trsolicitudot? HTTP/1.1" 200 9099
190.95.15.13 - - [28/Apr/2025:15:23:11 -0300] "POST /cormun/servlet/trsolicitudot?e54d1946fc06c0471e7221122a002c6f,,gx-no-cache=1745864733190 HTTP/1.1" 200 106
190.95.15.13 - - [28/Apr/2025:15:23:11 -0300] "GET /cormun/servlet/trsolicitudadjuntos?2025,22504, HTTP/1.1" 200 6048
190.95.15.13 - - [28/Apr/2025:15:23:13 -0300] "GET /cormun/servlet/solicitudotadjuntos?INS,2025,22504,,1, HTTP/1.1" 200 5989
190.95.15.13 - - [28/Apr/2025:15:23:13 -0300] "GET /cormun/static/about:blank HTTP/1.1" 404 1011
190.95.15.13 - - [28/Apr/2025:15:23:14 -0300] "GET /cormun/servlet/solicitudotadjuntos?67e94bb235248eafb4a8412d38519b79bbc6aa04a9b289f326ac039d79c5054702023e8f4496935a81c8dae082067a01,gx-no-cache=1745864735767 HTTP/1.1" 200 30
190.95.15.13 - - [28/Apr/2025:15:23:14 -0300] "POST /cormun/servlet/solicitudotadjuntos?e54d1946fc06c0471e7221122a002c6f,INS,2025,22504,,1,,gx-no-cache=1745864735786 HTTP/1.1" 200 3888
