190.121.111.10 - - [25/Apr/2025:14:41:31 -0300] "GET /cormun/static/Shared/jqueryui/images/ui-icons_8d78a5_256x240.png HTTP/1.1" 404 1089
190.121.111.10 - - [25/Apr/2025:14:41:31 -0300] "GET /cormun/static/Shared/jqueryui/images/ui-bg_highlight-soft_100_c6c2c8_1x100.png HTTP/1.1" 404 1117
190.121.111.10 - - [25/Apr/2025:14:41:34 -0300] "POST /cormun/servlet/trsolicitudgral?6afb8a9686f4c6983b6c338109ffa7a2,,gx-no-cache=1745603047565 HTTP/1.1" 200 7501
190.121.111.10 - - [25/Apr/2025:14:41:36 -0300] "GET /cormun/servlet/trautorizarot? HTTP/1.1" 200 11228
190.121.111.10 - - [25/Apr/2025:14:41:42 -0300] "POST /cormun/servlet/trautorizarot?6afb8a9686f4c6983b6c338109ffa7a2,,gx-no-cache=1745603055566 HTTP/1.1" 200 7538
201.186.225.249 - - [25/Apr/2025:14:42:23 -0300] "POST /cormun/servlet/solicitudot?gx-no-cache=1745603080876 HTTP/1.1" 200 4199
190.95.15.15 - - [25/Apr/2025:14:42:24 -0300] "GET /cormun/servlet/trlicencias HTTP/1.1" 200 6051
190.95.15.15 - - [25/Apr/2025:14:42:24 -0300] "GET /cormun/servlet/hlogin HTTP/1.1" 200 1736
190.95.15.15 - - [25/Apr/2025:14:42:32 -0300] "POST /cormun/servlet/hlogin?68804f863d47d4bf78274b137ca9d7f8,gx-no-cache=1745603088940 HTTP/1.1" 200 90
190.95.15.15 - - [25/Apr/2025:14:42:32 -0300] "GET /cormun/servlet/hpexe_link HTTP/1.1" 200 954
190.95.15.15 - - [25/Apr/2025:14:42:33 -0300] "GET /cormun/servlet/trlicencias HTTP/1.1" 200 12550
201.186.225.249 - - [25/Apr/2025:14:42:36 -0300] "POST /cormun/servlet/solicitudot?gx-no-cache=1745603093143 HTTP/1.1" 200 4199
201.186.225.249 - - [25/Apr/2025:14:42:48 -0300] "POST /cormun/servlet/solicitudot?6587c4bbedf5e2ec22c213735602b761,INS,0,0,false,,gx-no-cache=1745603106031 HTTP/1.1" 200 93
201.186.225.249 - - [25/Apr/2025:14:42:48 -0300] "GET /cormun/servlet/hpexe_return? HTTP/1.1" 200 1008
201.186.225.249 - - [25/Apr/2025:14:42:49 -0300] "GET /cormun/servlet/trsolicitudot HTTP/1.1" 200 7346
179.57.78.55 - - [25/Apr/2025:14:43:15 -0300] "GET /cormun/servlet/trlicencias? HTTP/1.1" 200 9540
190.95.15.13 - - [25/Apr/2025:14:43:38 -0300] "GET /cormun/servlet/hlogin HTTP/1.1" 200 1727
68.69.184.218 - - [25/Apr/2025:14:47:47 -0300] "CONNECT www.google.com:443 HTTP/1.1" 400 -
179.57.78.55 - - [25/Apr/2025:14:47:52 -0300] "GET /cormun/servlet/trlicencias? HTTP/1.1" 200 9539
190.121.111.10 - - [25/Apr/2025:14:48:35 -0300] "GET /cormun/servlet/trsolicitudgral? HTTP/1.1" 200 10536
190.121.111.10 - - [25/Apr/2025:14:48:41 -0300] "POST /cormun/servlet/trsolicitudgral?6afb8a9686f4c6983b6c338109ffa7a2,,gx-no-cache=1745603474011 HTTP/1.1" 200 26183
190.121.111.10 - - [25/Apr/2025:14:48:56 -0300] "POST /cormun/servlet/trsolicitudgral?6afb8a9686f4c6983b6c338109ffa7a2,,gx-no-cache=1745603489269 HTTP/1.1" 200 26183
190.121.111.10 - - [25/Apr/2025:14:49:25 -0300] "POST /cormun/servlet/trsolicitudgral?6afb8a9686f4c6983b6c338109ffa7a2,,gx-no-cache=1745603518477 HTTP/1.1" 200 26182
201.186.225.249 - - [25/Apr/2025:14:50:14 -0300] "GET /cormun/servlet/solicitudot?INS,0,0,false, HTTP/1.1" 200 16305
179.57.78.55 - - [25/Apr/2025:14:50:22 -0300] "GET /cormun/servlet/trlicencias? HTTP/1.1" 200 9539
201.186.225.249 - - [25/Apr/2025:14:50:22 -0300] "POST /cormun/servlet/solicitudot?gx-no-cache=1745603559274 HTTP/1.1" 200 4124
201.186.225.249 - - [25/Apr/2025:14:50:22 -0300] "GET /cormun/static/Shared/jqueryui/images/ui-bg_highlight-soft_100_c6c2c8_1x100.png HTTP/1.1" 404 1117
201.186.225.249 - - [25/Apr/2025:14:50:22 -0300] "GET /cormun/static/Shared/jqueryui/images/ui-icons_82798d_256x240.png HTTP/1.1" 404 1089
201.186.225.249 - - [25/Apr/2025:14:50:22 -0300] "GET /cormun/static/Shared/jqueryui/images/ui-icons_ebccce_256x240.png HTTP/1.1" 404 1089
201.186.225.249 - - [25/Apr/2025:14:50:22 -0300] "GET /cormun/static/Shared/jqueryui/images/ui-bg_flat_55_994d53_40x100.png HTTP/1.1" 404 1097
201.186.225.249 - - [25/Apr/2025:14:50:27 -0300] "GET /cormun/servlet/solicitudot?4833d78ff31d5bd516a019e124614c519abbd1f0f47beb941f6bad3f5fea06d65607fadb7fbfb29ce7424199a5b892e4,gx-no-cache=1745603564490 HTTP/1.1" 200 30
201.186.225.249 - - [25/Apr/2025:14:50:27 -0300] "GET /cormun/servlet/solicitudot?4833d78ff31d5bd516a019e124614c518a820392917b70fa5747fd02e20eed25,gx-no-cache=1745603564515 HTTP/1.1" 200 94
201.186.225.249 - - [25/Apr/2025:14:50:27 -0300] "GET /cormun/servlet/solicitudot?4833d78ff31d5bd516a019e124614c5192501858e09786eb6387c5e2aa6072d9,gx-no-cache=1745603564535 HTTP/1.1" 200 29
190.121.111.10 - - [25/Apr/2025:14:50:57 -0300] "POST /cormun/servlet/trsolicitudgral?6afb8a9686f4c6983b6c338109ffa7a2,,gx-no-cache=1745603610185 HTTP/1.1" 200 26147
190.121.111.10 - - [25/Apr/2025:14:50:57 -0300] "GET /cormun/static/Shared/jqueryui/images/ui-bg_highlight-soft_100_c6c2c8_1x100.png HTTP/1.1" 404 1117
190.121.111.10 - - [25/Apr/2025:14:50:57 -0300] "GET /cormun/static/Shared/jqueryui/images/ui-icons_82798d_256x240.png HTTP/1.1" 404 1089
190.121.111.10 - - [25/Apr/2025:14:50:57 -0300] "GET /cormun/static/Shared/jqueryui/images/ui-bg_flat_55_fafafa_40x100.png HTTP/1.1" 404 1097
190.121.111.10 - - [25/Apr/2025:14:50:57 -0300] "GET /cormun/static/Shared/jqueryui/images/ui-icons_8d78a5_256x240.png HTTP/1.1" 404 1089
190.121.111.10 - - [25/Apr/2025:14:50:58 -0300] "GET /cormun/servlet/trautorizarot? HTTP/1.1" 200 11000
190.121.111.10 - - [25/Apr/2025:14:51:15 -0300] "POST /cormun/servlet/trautorizarot?6afb8a9686f4c6983b6c338109ffa7a2,,gx-no-cache=1745603629156 HTTP/1.1" 200 7538
190.121.111.10 - - [25/Apr/2025:14:52:25 -0300] "GET /cormun/servlet/vesolicitudgral?2025,22456,, HTTP/1.1" 200 8455
190.121.111.10 - - [25/Apr/2025:14:52:25 -0300] "GET /cormun/pexe_scrolldiv.js HTTP/1.1" 404 1009
190.121.111.10 - - [25/Apr/2025:14:52:41 -0300] "GET /cormun/servlet/vesolicitudgral?2025,22456,,SolicitudOTAdjuntos HTTP/1.1" 200 7075
190.121.111.10 - - [25/Apr/2025:14:52:41 -0300] "GET /cormun/pexe_scrolldiv.js HTTP/1.1" 404 1009
190.121.111.10 - - [25/Apr/2025:14:52:43 -0300] "POST /cormun/servlet/acontrolpreferencessavestate?None,RRHH+DANIELA,true HTTP/1.1" 200 35
190.121.111.10 - - [25/Apr/2025:14:52:43 -0300] "GET /cormun/servlet/vesolicitudgral?2025,22456,,General HTTP/1.1" 200 8458
190.121.111.10 - - [25/Apr/2025:14:52:43 -0300] "GET /cormun/pexe_scrolldiv.js HTTP/1.1" 404 1009
179.57.78.55 - - [25/Apr/2025:14:54:36 -0300] "GET /cormun/servlet/trlicencias? HTTP/1.1" 200 9539
190.95.1.129 - - [25/Apr/2025:14:58:41 -0300] "GET /cormun/servlet/trsolicitudot? HTTP/1.1" 200 7529
190.95.1.129 - - [25/Apr/2025:14:58:48 -0300] "GET /cormun/servlet/solicitudot?INS,0,0,false, HTTP/1.1" 200 16291
190.95.1.129 - - [25/Apr/2025:14:59:02 -0300] "POST /cormun/servlet/solicitudot?gx-no-cache=1745604078865 HTTP/1.1" 200 4039
190.95.1.129 - - [25/Apr/2025:14:59:02 -0300] "POST /cormun/servlet/solicitudot?644f6621fc252d14f612ed24006cba05,INS,0,0,false,,gx-no-cache=1745604078962 HTTP/1.1" 200 12897
190.95.1.129 - - [25/Apr/2025:14:59:06 -0300] "GET /cormun/servlet/solicitudot?3726fa40d31ac0ee315fb4eee56af7a4f18602e5b604f915fda24cb21836a0d18df24e6d14015ef49cd6e5772ee7355e,gx-no-cache=1745604082625 HTTP/1.1" 200 30
190.121.111.10 - - [25/Apr/2025:14:59:41 -0300] "GET /cormun/servlet/trsolicitudgral? HTTP/1.1" 200 10056
190.95.1.129 - - [25/Apr/2025:15:00:37 -0300] "GET /cormun/servlet/solicitudot?3726fa40d31ac0ee315fb4eee56af7a4562b0c43604d8f82aeb015dd1af540a93321345f47d856c7f991e9244120093e7f2e3c259760b0deebcd1abc471113f7,gx-no-cache=1745604174432 HTTP/1.1" 200 30
190.95.1.129 - - [25/Apr/2025:15:00:39 -0300] "GET /cormun/servlet/prbanco?,MD,,gxPopupLevel%3D0%3B HTTP/1.1" 200 6685
190.95.1.129 - - [25/Apr/2025:15:00:44 -0300] "GET /cormun/servlet/solicitudot?3726fa40d31ac0ee315fb4eee56af7a46b0575ea22da3556cb898e0ff1992bac,gx-no-cache=1745604181324 HTTP/1.1" 200 45
190.121.111.10 - - [25/Apr/2025:15:01:03 -0300] "GET /cormun/servlet/trsolicitudgral? HTTP/1.1" 200 28533
190.121.111.10 - - [25/Apr/2025:15:01:07 -0300] "POST /cormun/servlet/trsolicitudgral?6afb8a9686f4c6983b6c338109ffa7a2,,gx-no-cache=1745604220135 HTTP/1.1" 200 26110
190.121.111.10 - - [25/Apr/2025:15:01:21 -0300] "POST /cormun/servlet/trsolicitudgral?6afb8a9686f4c6983b6c338109ffa7a2,,gx-no-cache=1745604234774 HTTP/1.1" 200 12647
190.95.1.129 - - [25/Apr/2025:15:01:34 -0300] "POST /cormun/servlet/solicitudot?gx-no-cache=1745604230773 HTTP/1.1" 200 255
190.95.1.129 - - [25/Apr/2025:15:01:36 -0300] "GET /cormun/servlet/solicitudot?3726fa40d31ac0ee315fb4eee56af7a4a4f32eaf83c0bd33c7d09358928248ed58dd362985a2cd34b9d4b27cb06cfab2ee7efa2cc730c58b0fa6e661da4a8d3e1d47851edf26e3c3008a7109968fed9707dd34f36a3aed9ace705b769cf1cb52f0a6be0b9f71e2d6d4b2a379fc63fa1a4a449fb4d8a51cbeb71742a9c1c587aee3347453ff6937d1c9f087d24d69b714a6cf808ba7b3faae270d21d741ad7dae2132f0caca8a8277b0212ff3d91f881ce1c2ce1f9f67815d36cd4b935b18b7d057c0ea592388b68e3aff9dd3a44b1dfad379fa2ec0f82933c278c9a141756a5c0ea4f709637f68d2209dc9b40d852b680ba45af43406a1dc28b535439762e7e10a756539373c84b88e937754b1ec5c87db13853fb91a6b3fae0fd2818100aba334e5f6174a5828bbb63be2829a83cb8cee8ba0596d8d4ac3d6d550610fef7ff67025bd6af26df459c36fe612ef9c07df94c05bdac838fb96a275f1778a72efb1947969e58663a47d73e71f590b6821766aaeeb7d14465739ab21701be13c5871,gx-no-cache=1745604232853 HTTP/1.1" 200 30
190.95.1.129 - - [25/Apr/2025:15:01:43 -0300] "POST /cormun/servlet/solicitudot?gx-no-cache=1745604240253 HTTP/1.1" 200 30
190.95.1.129 - - [25/Apr/2025:15:01:48 -0300] "POST /cormun/servlet/solicitudot?gx-no-cache=1745604244649 HTTP/1.1" 200 1479
190.95.1.129 - - [25/Apr/2025:15:01:48 -0300] "POST /cormun/servlet/solicitudot?gx-no-cache=1745604244679 HTTP/1.1" 200 38
78.108.177.54 - - [25/Apr/2025:15:01:59 -0300] "GET / HTTP/1.0" 200 11197
190.95.1.129 - - [25/Apr/2025:15:02:12 -0300] "GET /cormun/servlet/solicitudot?3726fa40d31ac0ee315fb4eee56af7a4984dde09b4051867714b59356ea1055f18edb8ad7a1dab54c7fdcfcfcacb282e6f3afd33468dceabc1c520df38325bc677c49240ae2f99d5c6636b257b6a7dc6596828d58ec08624f0a2499ae58ee8a50bb849f0c92fd3a38abcd725f7864077,gx-no-cache=1745604269134 HTTP/1.1" 200 110
190.121.111.10 - - [25/Apr/2025:15:02:49 -0300] "POST /cormun/servlet/trsolicitudgral?6afb8a9686f4c6983b6c338109ffa7a2,,gx-no-cache=1745604322080 HTTP/1.1" 200 26110
201.186.225.249 - - [25/Apr/2025:15:03:01 -0300] "GET /cormun/servlet/prbanco?,MD,,gxPopupLevel%3D0%3B HTTP/1.1" 200 6695
201.186.225.249 - - [25/Apr/2025:15:03:04 -0300] "GET /cormun/servlet/solicitudot?4833d78ff31d5bd516a019e124614c516f8590e38d3f0d47efa93207a27d7f7d99d04ee6d618020f85b2e91ef2b149900dd5602c065e1c293e17c70626ebbbc6,gx-no-cache=1745604321970 HTTP/1.1" 200 30
201.186.225.249 - - [25/Apr/2025:15:03:05 -0300] "GET /cormun/servlet/solicitudot?4833d78ff31d5bd516a019e124614c516151c4f0c88cec643c606d12b2df7923,gx-no-cache=1745604323041 HTTP/1.1" 200 53
190.95.1.129 - - [25/Apr/2025:15:03:08 -0300] "POST /cormun/servlet/solicitudot?gx-no-cache=1745604324815 HTTP/1.1" 200 110
201.186.225.249 - - [25/Apr/2025:15:03:17 -0300] "POST /cormun/servlet/solicitudot?6587c4bbedf5e2ec22c213735602b761,INS,0,0,false,,gx-no-cache=1745604334946 HTTP/1.1" 200 13050
201.186.225.249 - - [25/Apr/2025:15:03:17 -0300] "GET /cormun/static/Shared/jqueryui/images/ui-bg_flat_55_fafafa_40x100.png HTTP/1.1" 404 1097
201.186.225.249 - - [25/Apr/2025:15:03:17 -0300] "GET /cormun/static/Shared/jqueryui/images/ui-icons_8d78a5_256x240.png HTTP/1.1" 404 1089
190.95.1.129 - - [25/Apr/2025:15:03:23 -0300] "GET /cormun/servlet/solicitudot?3726fa40d31ac0ee315fb4eee56af7a41c221e7893755b11f153274b27baf5eea9bb76d217ca2155bc6fa645827e07894d3c04318ef2c50541ef630057f870514a9d30a1be3baa4799016565e280bdbe7f32c0cdc1848144028da9082317e2aa685c7a32b1b719ceb959419e97b1e6cc,gx-no-cache=1745604339884 HTTP/1.1" 200 29
190.95.1.129 - - [25/Apr/2025:15:03:23 -0300] "GET /cormun/static/menuarrow.gif HTTP/1.1" 404 1015
201.186.225.249 - - [25/Apr/2025:15:03:23 -0300] "POST /cormun/servlet/solicitudot?gx-no-cache=1745604340723 HTTP/1.1" 200 4213
201.186.225.249 - - [25/Apr/2025:15:03:23 -0300] "GET /cormun/servlet/solicitudot?4833d78ff31d5bd516a019e124614c51e32743df9f7b6560742694f5f9e83dbf1f6965df075fd9dfbec12004752219f4757fa7999f386dcc3fdda4c348d9a939,gx-no-cache=1745604340824 HTTP/1.1" 200 53
201.186.225.249 - - [25/Apr/2025:15:03:31 -0300] "POST /cormun/servlet/solicitudot?gx-no-cache=1745604348520 HTTP/1.1" 200 297
190.95.1.129 - - [25/Apr/2025:15:03:32 -0300] "GET /cormun/servlet/solicitudot?3726fa40d31ac0ee315fb4eee56af7a47678be6cb6d4d1c9ed6ea2a492f6130b0029ae7bf7c07ce3940ff15057d4eae0,gx-no-cache=1745604349276 HTTP/1.1" 200 30
201.186.225.249 - - [25/Apr/2025:15:03:33 -0300] "GET /cormun/servlet/solicitudot?4833d78ff31d5bd516a019e124614c51e4fce79c845856c6481642ba196677aa488c15e33af5af1b15a0b9c7c957bd659d0c99fc936ef63d20ed7cad00c6130955a09af7044a072a15cd73a5dfa6737b6c0d7236de3e7c11251d93b508ada8e85fd8478551e2a5f981e6562198be094bbc382fa2cfcb4bda1bab73f6ac02d700690f971d7e84716d1f6117ebb2f4685cd2bcabe438370126c6299d2ed24a9cdea8701379a721dd4861679ff1645cffe18f5385881649a838daddd88925986834ac390dee05972830a50af123869c52030468c957e8f67c2719529f7d607691f09bace871a81d552f3705926381bd5ead45edd93b1cf1a814e6cba7d058f3fcc24b48da583b358e06c2252a1a0a3107a1eb0bc88ffbe0e03e626b44311721e4b0cb820f035a62f93a67b7f6447103c5f9fe9d2daa84873ee11e43074a4577374ef398195cbb8a628896e4fd20abb0af9d1de4f1b6fbd6a8890592b6a0b312909be12126847a114e020ee4e9a419fba65693e03b366e06f638b183f1b504fac9b1b84ebd919030ed1e63ef1010400b4ab9,gx-no-cache=1745604350609 HTTP/1.1" 200 30
201.186.225.249 - - [25/Apr/2025:15:03:45 -0300] "POST /cormun/servlet/solicitudot?gx-no-cache=1745604362447 HTTP/1.1" 200 30
201.186.225.249 - - [25/Apr/2025:15:03:47 -0300] "POST /cormun/servlet/solicitudot?gx-no-cache=1745604364901 HTTP/1.1" 200 1474
201.186.225.249 - - [25/Apr/2025:15:03:47 -0300] "POST /cormun/servlet/solicitudot?gx-no-cache=1745604364939 HTTP/1.1" 200 38
190.95.1.129 - - [25/Apr/2025:15:03:48 -0300] "POST /cormun/servlet/solicitudot?gx-no-cache=1745604364761 HTTP/1.1" 200 30
190.121.111.10 - - [25/Apr/2025:15:04:00 -0300] "POST /cormun/servlet/trsolicitudgral?6afb8a9686f4c6983b6c338109ffa7a2,,gx-no-cache=1745604393572 HTTP/1.1" 200 26150
190.121.111.10 - - [25/Apr/2025:15:04:00 -0300] "GET /cormun/static/Shared/jqueryui/images/ui-bg_highlight-soft_100_c6c2c8_1x100.png HTTP/1.1" 404 1117
190.121.111.10 - - [25/Apr/2025:15:04:00 -0300] "GET /cormun/static/Shared/jqueryui/images/ui-icons_82798d_256x240.png HTTP/1.1" 404 1089
190.121.111.10 - - [25/Apr/2025:15:04:00 -0300] "GET /cormun/static/Shared/jqueryui/images/ui-bg_flat_55_fafafa_40x100.png HTTP/1.1" 404 1097
190.121.111.10 - - [25/Apr/2025:15:04:00 -0300] "GET /cormun/static/Shared/jqueryui/images/ui-icons_8d78a5_256x240.png HTTP/1.1" 404 1089
190.95.1.129 - - [25/Apr/2025:15:04:01 -0300] "POST /cormun/servlet/solicitudot?644f6621fc252d14f612ed24006cba05,INS,0,0,false,,gx-no-cache=1745604377477 HTTP/1.1" 200 93
190.95.1.129 - - [25/Apr/2025:15:04:01 -0300] "GET /cormun/servlet/hpexe_return? HTTP/1.1" 200 1011
190.95.1.129 - - [25/Apr/2025:15:04:01 -0300] "GET /cormun/servlet/trsolicitudot HTTP/1.1" 200 7533
190.121.111.10 - - [25/Apr/2025:15:04:02 -0300] "GET /cormun/servlet/trautorizarot? HTTP/1.1" 200 10908
190.95.1.129 - - [25/Apr/2025:15:04:08 -0300] "GET /cormun/servlet/trsolicitudot? HTTP/1.1" 200 7529
190.121.111.10 - - [25/Apr/2025:15:04:08 -0300] "POST /cormun/servlet/trautorizarot?6afb8a9686f4c6983b6c338109ffa7a2,,gx-no-cache=1745604401592 HTTP/1.1" 200 7538
190.95.1.129 - - [25/Apr/2025:15:04:12 -0300] "POST /cormun/servlet/trsolicitudot?644f6621fc252d14f612ed24006cba05,,gx-no-cache=1745604388525 HTTP/1.1" 200 4647
201.186.225.249 - - [25/Apr/2025:15:04:14 -0300] "GET /cormun/servlet/solicitudot?4833d78ff31d5bd516a019e124614c5106e358eae809cd84598c33efb7205184e6656588d8257e24673df3dd0bd87c9443a46f8ed6ae9ab41d695b662d4ffaa567e94225d40f68587f28268d1e14969fc0699be1b50d4810eb86ec1d270883bb311375730ce66595996c07cda949e772,gx-no-cache=1745604392049 HTTP/1.1" 200 110
190.121.111.10 - - [25/Apr/2025:15:04:16 -0300] "POST /cormun/servlet/trsolicitudgral?adf57b44b707903f02aa0b9ed2e0f359,,gx-no-cache=1745604410019 HTTP/1.1" 200 6663
201.186.225.249 - - [25/Apr/2025:15:04:17 -0300] "POST /cormun/servlet/solicitudot?gx-no-cache=1745604394665 HTTP/1.1" 200 79
190.121.111.10 - - [25/Apr/2025:15:04:19 -0300] "GET /cormun/servlet/vesolicitudgral?2025,22505,, HTTP/1.1" 200 8414
190.121.111.10 - - [25/Apr/2025:15:04:19 -0300] "GET /cormun/pexe_scrolldiv.js HTTP/1.1" 404 1009
201.186.225.249 - - [25/Apr/2025:15:04:22 -0300] "GET /cormun/servlet/solicitudot?4833d78ff31d5bd516a019e124614c51bd5e770efa3e8839e321e02c7df4478cf2a38c7e8c41ce67d4ab48e31f4a9d3e783f7df4a40fc084c4cf7882fbef6639f98d487afaf9cc1b0d56fff050392b9e,gx-no-cache=1745604399160 HTTP/1.1" 200 29
201.186.225.249 - - [25/Apr/2025:15:04:22 -0300] "GET /cormun/static/menuarrow.gif HTTP/1.1" 404 1015
201.186.225.249 - - [25/Apr/2025:15:04:27 -0300] "GET /cormun/servlet/solicitudot?4833d78ff31d5bd516a019e124614c51d059e1acba12fa06735ff0d27d1a09ee5b320240140a5ae8b1418daff9f2577f,gx-no-cache=1745604404583 HTTP/1.1" 200 30
190.121.111.10 - - [25/Apr/2025:15:04:36 -0300] "GET /cormun/servlet/trsolicitudgral? HTTP/1.1" 200 28533
190.95.1.129 - - [25/Apr/2025:15:04:36 -0300] "POST /cormun/servlet/trsolicitudot?644f6621fc252d14f612ed24006cba05,,gx-no-cache=1745604413269 HTTP/1.1" 200 6069
190.121.111.10 - - [25/Apr/2025:15:04:43 -0300] "POST /cormun/servlet/trsolicitudgral?6afb8a9686f4c6983b6c338109ffa7a2,,gx-no-cache=1745604436601 HTTP/1.1" 200 5263
190.121.111.10 - - [25/Apr/2025:15:04:44 -0300] "GET /cormun/servlet/trsolicitudgral? HTTP/1.1" 200 9726
190.121.111.10 - - [25/Apr/2025:15:04:48 -0300] "POST /cormun/servlet/trsolicitudgral?6afb8a9686f4c6983b6c338109ffa7a2,,gx-no-cache=1745604441981 HTTP/1.1" 200 6661
190.121.111.10 - - [25/Apr/2025:15:04:49 -0300] "POST /cormun/servlet/trsolicitudgral?adf57b44b707903f02aa0b9ed2e0f359,,gx-no-cache=1745604442421 HTTP/1.1" 200 5254
190.121.111.10 - - [25/Apr/2025:15:04:50 -0300] "GET /cormun/servlet/vesolicitudgral?2025,22340,, HTTP/1.1" 200 8426
190.121.111.10 - - [25/Apr/2025:15:04:50 -0300] "GET /cormun/pexe_scrolldiv.js HTTP/1.1" 404 1009
190.121.111.10 - - [25/Apr/2025:15:04:51 -0300] "POST /cormun/servlet/trsolicitudgral?adf57b44b707903f02aa0b9ed2e0f359,,gx-no-cache=1745604444916 HTTP/1.1" 200 6653
190.121.111.10 - - [25/Apr/2025:15:04:52 -0300] "GET /cormun/servlet/vesolicitudgral?2025,22340,,SolicitudOTAdjuntos HTTP/1.1" 200 7088
190.121.111.10 - - [25/Apr/2025:15:04:52 -0300] "GET /cormun/pexe_scrolldiv.js HTTP/1.1" 404 1009
190.121.111.10 - - [25/Apr/2025:15:04:52 -0300] "GET /cormun/servlet/vesolicitudgral?2025,22505,, HTTP/1.1" 200 8414
190.121.111.10 - - [25/Apr/2025:15:04:52 -0300] "GET /cormun/pexe_scrolldiv.js HTTP/1.1" 404 1009
190.95.1.129 - - [25/Apr/2025:15:04:53 -0300] "POST /cormun/servlet/trsolicitudot?644f6621fc252d14f612ed24006cba05,,gx-no-cache=1745604429519 HTTP/1.1" 200 107
190.95.1.129 - - [25/Apr/2025:15:04:53 -0300] "GET /cormun/servlet/trsolicitudadjuntos?2025,22506, HTTP/1.1" 200 6396
190.121.111.10 - - [25/Apr/2025:15:04:53 -0300] "POST /cormun/servlet/acontrolpreferencessavestate?None,RRHH+DANIELA,true HTTP/1.1" 200 35
190.95.1.129 - - [25/Apr/2025:15:04:55 -0300] "GET /cormun/servlet/solicitudotadjuntos?INS,2025,22506,,1, HTTP/1.1" 200 6345
190.95.1.129 - - [25/Apr/2025:15:04:55 -0300] "GET /cormun/static/about:blank HTTP/1.1" 404 1011
190.95.1.129 - - [25/Apr/2025:15:04:56 -0300] "GET /cormun/servlet/solicitudotadjuntos?3726fa40d31ac0ee315fb4eee56af7a45e3b9e24d970ceba2f1093d311a700e05cd2c514e45dedca335b4a6fc3ad6d10,gx-no-cache=1745604432533 HTTP/1.1" 200 30
190.95.1.129 - - [25/Apr/2025:15:04:56 -0300] "POST /cormun/servlet/solicitudotadjuntos?644f6621fc252d14f612ed24006cba05,INS,2025,22506,,1,,gx-no-cache=1745604432558 HTTP/1.1" 200 4191
190.121.111.10 - - [25/Apr/2025:15:04:57 -0300] "GET /cormun/servlet/vesolicitudgral?2025,22505,,SolicitudOTAdjuntos HTTP/1.1" 200 11137
190.121.111.10 - - [25/Apr/2025:15:04:57 -0300] "GET /cormun/pexe_scrolldiv.js HTTP/1.1" 404 1009
190.121.111.10 - - [25/Apr/2025:15:04:57 -0300] "GET /cormun/servlet/vesolicitudgral?2025,22340,,General HTTP/1.1" 200 8430
190.121.111.10 - - [25/Apr/2025:15:04:57 -0300] "GET /cormun/pexe_scrolldiv.js HTTP/1.1" 404 1009
190.121.111.10 - - [25/Apr/2025:15:04:58 -0300] "GET /cormun/servlet/vesolicitudgral?2025,22340,,SolicitudOTAdjuntos HTTP/1.1" 200 7088
190.121.111.10 - - [25/Apr/2025:15:04:58 -0300] "GET /cormun/pexe_scrolldiv.js HTTP/1.1" 404 1009
190.121.111.10 - - [25/Apr/2025:15:04:58 -0300] "POST /cormun/servlet/acontrolpreferencessavestate?None,RRHH+DANIELA,true HTTP/1.1" 200 35
190.95.1.129 - - [25/Apr/2025:15:04:59 -0300] "POST /cormun/servlet/solicitudotadjuntos?gx-no-cache=1745604435688 HTTP/1.1" 200 26
190.121.111.10 - - [25/Apr/2025:15:04:59 -0300] "GET /cormun/servlet/vesolicitudgral?2025,22505,,General HTTP/1.1" 200 8414
190.121.111.10 - - [25/Apr/2025:15:04:59 -0300] "GET /cormun/pexe_scrolldiv.js HTTP/1.1" 404 1009
190.121.111.10 - - [25/Apr/2025:15:04:59 -0300] "POST /cormun/servlet/acontrolpreferencessavestate?None,RRHH+DANIELA,true HTTP/1.1" 200 35
190.121.111.10 - - [25/Apr/2025:15:05:00 -0300] "GET /cormun/servlet/vesolicitudgral?2025,22505,,SolicitudOTAdjuntos HTTP/1.1" 200 11139
190.121.111.10 - - [25/Apr/2025:15:05:00 -0300] "GET /cormun/pexe_scrolldiv.js HTTP/1.1" 404 1009
190.121.111.10 - - [25/Apr/2025:15:05:01 -0300] "POST /cormun/servlet/acontrolpreferencessavestate?None,RRHH+DANIELA,true HTTP/1.1" 200 35
190.121.111.10 - - [25/Apr/2025:15:05:01 -0300] "GET /cormun/servlet/vesolicitudgral?2025,22340,,General HTTP/1.1" 200 8430
190.121.111.10 - - [25/Apr/2025:15:05:01 -0300] "GET /cormun/pexe_scrolldiv.js HTTP/1.1" 404 1009
190.95.1.129 - - [25/Apr/2025:15:05:08 -0300] "GET /cormun/servlet/solicitudotadjuntos?3726fa40d31ac0ee315fb4eee56af7a464e25bf6ededb8ab91501dea07e277da,gx-no-cache=1745604444637 HTTP/1.1" 200 30
190.95.1.129 - - [25/Apr/2025:15:05:08 -0300] "GET /cormun/servlet/solicitudotadjuntos?3726fa40d31ac0ee315fb4eee56af7a464e25bf6ededb8ab91501dea07e277da,gx-no-cache=1745604444651 HTTP/1.1" 200 30
190.95.1.129 - - [25/Apr/2025:15:05:08 -0300] "POST /cormun/servlet/solicitudotadjuntos?644f6621fc252d14f612ed24006cba05,INS,2025,22506,,1, HTTP/1.1" 200 116
190.95.1.129 - - [25/Apr/2025:15:05:08 -0300] "GET /cormun/servlet/hpexe_return? HTTP/1.1" 200 1029
190.95.1.129 - - [25/Apr/2025:15:05:08 -0300] "GET /cormun/servlet/trsolicitudadjuntos?2025,22506, HTTP/1.1" 200 9408
190.95.1.129 - - [25/Apr/2025:15:05:10 -0300] "GET /cormun/servlet/solicitudotadjuntos?INS,2025,22506,,1, HTTP/1.1" 200 6345
190.95.1.129 - - [25/Apr/2025:15:05:10 -0300] "GET /cormun/static/about:blank HTTP/1.1" 404 1011
190.95.1.129 - - [25/Apr/2025:15:05:11 -0300] "GET /cormun/servlet/solicitudotadjuntos?3726fa40d31ac0ee315fb4eee56af7a45e3b9e24d970ceba2f1093d311a700e05cd2c514e45dedca335b4a6fc3ad6d10,gx-no-cache=1745604447947 HTTP/1.1" 200 30
190.95.1.129 - - [25/Apr/2025:15:05:11 -0300] "POST /cormun/servlet/solicitudotadjuntos?644f6621fc252d14f612ed24006cba05,INS,2025,22506,,1,,gx-no-cache=1745604447964 HTTP/1.1" 200 4191
190.95.1.129 - - [25/Apr/2025:15:05:13 -0300] "POST /cormun/servlet/solicitudotadjuntos?gx-no-cache=1745604449636 HTTP/1.1" 200 26
201.186.225.249 - - [25/Apr/2025:15:05:17 -0300] "POST /cormun/servlet/solicitudot?gx-no-cache=1745604454744 HTTP/1.1" 200 30
201.186.225.249 - - [25/Apr/2025:15:05:17 -0300] "POST /cormun/servlet/solicitudot?6587c4bbedf5e2ec22c213735602b761,INS,0,0,false,,gx-no-cache=1745604454773 HTTP/1.1" 200 13334
190.95.1.129 - - [25/Apr/2025:15:05:17 -0300] "GET /cormun/servlet/solicitudotadjuntos?3726fa40d31ac0ee315fb4eee56af7a464e25bf6ededb8ab91501dea07e277da,gx-no-cache=1745604454429 HTTP/1.1" 200 30
190.95.1.129 - - [25/Apr/2025:15:05:17 -0300] "GET /cormun/servlet/solicitudotadjuntos?3726fa40d31ac0ee315fb4eee56af7a464e25bf6ededb8ab91501dea07e277da,gx-no-cache=1745604454442 HTTP/1.1" 200 30
190.95.1.129 - - [25/Apr/2025:15:05:18 -0300] "POST /cormun/servlet/solicitudotadjuntos?644f6621fc252d14f612ed24006cba05,INS,2025,22506,,1, HTTP/1.1" 200 116
190.95.1.129 - - [25/Apr/2025:15:05:18 -0300] "GET /cormun/servlet/hpexe_return? HTTP/1.1" 200 1029
190.95.1.129 - - [25/Apr/2025:15:05:18 -0300] "GET /cormun/servlet/trsolicitudadjuntos?2025,22506, HTTP/1.1" 200 9645
190.95.1.129 - - [25/Apr/2025:15:05:20 -0300] "GET /cormun/servlet/solicitudotadjuntos?INS,2025,22506,,1, HTTP/1.1" 200 6345
190.95.1.129 - - [25/Apr/2025:15:05:20 -0300] "GET /cormun/static/about:blank HTTP/1.1" 404 1011
190.95.1.129 - - [25/Apr/2025:15:05:20 -0300] "GET /cormun/servlet/solicitudotadjuntos?3726fa40d31ac0ee315fb4eee56af7a45e3b9e24d970ceba2f1093d311a700e05cd2c514e45dedca335b4a6fc3ad6d10,gx-no-cache=1745604457250 HTTP/1.1" 200 30
190.95.1.129 - - [25/Apr/2025:15:05:20 -0300] "POST /cormun/servlet/solicitudotadjuntos?644f6621fc252d14f612ed24006cba05,INS,2025,22506,,1,,gx-no-cache=1745604457269 HTTP/1.1" 200 4191
190.95.1.129 - - [25/Apr/2025:15:05:22 -0300] "POST /cormun/servlet/solicitudotadjuntos?gx-no-cache=1745604459245 HTTP/1.1" 200 26
190.121.111.10 - - [25/Apr/2025:15:05:25 -0300] "GET /cormun/PublicTempStorage/ci_paula_delgado_caro5557386.pdf HTTP/1.1" 200 559990
190.121.111.10 - - [25/Apr/2025:15:05:26 -0300] "GET /cormun/servlet/vesolicitudgral?2025,22340,,SolicitudOTAdjuntos HTTP/1.1" 200 7088
190.121.111.10 - - [25/Apr/2025:15:05:26 -0300] "GET /cormun/pexe_scrolldiv.js HTTP/1.1" 404 1009
190.121.111.10 - - [25/Apr/2025:15:05:27 -0300] "POST /cormun/servlet/acontrolpreferencessavestate?None,RRHH+DANIELA,true HTTP/1.1" 200 35
190.95.1.129 - - [25/Apr/2025:15:05:28 -0300] "GET /cormun/servlet/solicitudotadjuntos?3726fa40d31ac0ee315fb4eee56af7a464e25bf6ededb8ab91501dea07e277da,gx-no-cache=1745604464773 HTTP/1.1" 200 30
190.95.1.129 - - [25/Apr/2025:15:05:28 -0300] "GET /cormun/servlet/solicitudotadjuntos?3726fa40d31ac0ee315fb4eee56af7a464e25bf6ededb8ab91501dea07e277da,gx-no-cache=1745604464785 HTTP/1.1" 200 30
190.95.1.129 - - [25/Apr/2025:15:05:28 -0300] "POST /cormun/servlet/solicitudotadjuntos?644f6621fc252d14f612ed24006cba05,INS,2025,22506,,1, HTTP/1.1" 200 116
190.95.1.129 - - [25/Apr/2025:15:05:28 -0300] "GET /cormun/servlet/hpexe_return? HTTP/1.1" 200 1029
190.121.111.10 - - [25/Apr/2025:15:05:28 -0300] "GET /cormun/servlet/vesolicitudgral?2025,22340,,General HTTP/1.1" 200 8430
190.121.111.10 - - [25/Apr/2025:15:05:28 -0300] "GET /cormun/pexe_scrolldiv.js HTTP/1.1" 404 1009
190.95.1.129 - - [25/Apr/2025:15:05:28 -0300] "GET /cormun/servlet/trsolicitudadjuntos?2025,22506, HTTP/1.1" 200 9899
190.95.1.129 - - [25/Apr/2025:15:05:31 -0300] "GET /cormun/servlet/solicitudotadjuntos?INS,2025,22506,,1, HTTP/1.1" 200 6345
190.95.1.129 - - [25/Apr/2025:15:05:31 -0300] "GET /cormun/static/about:blank HTTP/1.1" 404 1011
201.186.225.249 - - [25/Apr/2025:15:05:31 -0300] "POST /cormun/servlet/solicitudot?6587c4bbedf5e2ec22c213735602b761,INS,0,0,false,,gx-no-cache=1745604468913 HTTP/1.1" 200 93
201.186.225.249 - - [25/Apr/2025:15:05:31 -0300] "GET /cormun/servlet/hpexe_return? HTTP/1.1" 200 1008
190.95.1.129 - - [25/Apr/2025:15:05:31 -0300] "GET /cormun/servlet/solicitudotadjuntos?3726fa40d31ac0ee315fb4eee56af7a45e3b9e24d970ceba2f1093d311a700e05cd2c514e45dedca335b4a6fc3ad6d10,gx-no-cache=1745604468369 HTTP/1.1" 200 30
201.186.225.249 - - [25/Apr/2025:15:05:31 -0300] "GET /cormun/servlet/trsolicitudot HTTP/1.1" 200 7346
190.95.1.129 - - [25/Apr/2025:15:05:32 -0300] "POST /cormun/servlet/solicitudotadjuntos?644f6621fc252d14f612ed24006cba05,INS,2025,22506,,1,,gx-no-cache=1745604468406 HTTP/1.1" 200 4191
190.95.1.129 - - [25/Apr/2025:15:05:34 -0300] "POST /cormun/servlet/solicitudotadjuntos?gx-no-cache=1745604470573 HTTP/1.1" 200 26
201.186.225.249 - - [25/Apr/2025:15:05:34 -0300] "GET /cormun/servlet/solicitudot?INS,0,0,false, HTTP/1.1" 200 16305
190.121.111.10 - - [25/Apr/2025:15:05:46 -0300] "GET /cormun/servlet/vesolicitudgral?2025,22340,,SolicitudOTAdjuntos HTTP/1.1" 200 7088
190.121.111.10 - - [25/Apr/2025:15:05:47 -0300] "POST /cormun/servlet/acontrolpreferencessavestate?None,RRHH+DANIELA,true HTTP/1.1" 200 35
190.121.111.10 - - [25/Apr/2025:15:05:48 -0300] "GET /cormun/servlet/vesolicitudgral?2025,22340,,General HTTP/1.1" 200 8430
190.121.111.10 - - [25/Apr/2025:15:05:49 -0300] "GET /cormun/servlet/vesolicitudgral?2025,22340,,SolicitudOTAdjuntos HTTP/1.1" 200 7088
190.121.111.10 - - [25/Apr/2025:15:05:50 -0300] "GET /cormun/servlet/vesolicitudgral?2025,22340,,General HTTP/1.1" 200 8430
201.186.225.249 - - [25/Apr/2025:15:05:50 -0300] "POST /cormun/servlet/solicitudot?gx-no-cache=1745604487830 HTTP/1.1" 200 4039
201.186.225.249 - - [25/Apr/2025:15:05:50 -0300] "POST /cormun/servlet/solicitudot?6587c4bbedf5e2ec22c213735602b761,INS,0,0,false,,gx-no-cache=1745604487927 HTTP/1.1" 200 12894
190.121.111.10 - - [25/Apr/2025:15:05:51 -0300] "GET /cormun/servlet/vesolicitudgral?2025,22340,,SolicitudOTAdjuntos HTTP/1.1" 200 7088
190.121.111.10 - - [25/Apr/2025:15:05:51 -0300] "GET /cormun/servlet/vesolicitudgral?2025,22340,, HTTP/1.1" 200 8426
201.186.225.249 - - [25/Apr/2025:15:05:52 -0300] "GET /cormun/servlet/solicitudot?4833d78ff31d5bd516a019e124614c5129aa4ae36c42400b7e2646ae2873e48b5607fadb7fbfb29ce7424199a5b892e4,gx-no-cache=1745604489634 HTTP/1.1" 200 30
190.121.111.10 - - [25/Apr/2025:15:05:52 -0300] "GET /cormun/servlet/trsolicitudgral? HTTP/1.1" 200 9724
190.121.111.10 - - [25/Apr/2025:15:06:00 -0300] "GET /cormun/servlet/trsolicitudgral? HTTP/1.1" 200 9724
190.121.111.10 - - [25/Apr/2025:15:06:04 -0300] "POST /cormun/servlet/trsolicitudgral?6afb8a9686f4c6983b6c338109ffa7a2,,gx-no-cache=1745604517593 HTTP/1.1" 200 6657
190.121.111.10 - - [25/Apr/2025:15:06:05 -0300] "POST /cormun/servlet/trsolicitudgral?6afb8a9686f4c6983b6c338109ffa7a2,,gx-no-cache=1745604518377 HTTP/1.1" 200 6658
190.121.111.10 - - [25/Apr/2025:15:06:12 -0300] "POST /cormun/servlet/trsolicitudgral?6afb8a9686f4c6983b6c338109ffa7a2,,gx-no-cache=1745604525498 HTTP/1.1" 200 7646
190.121.111.10 - - [25/Apr/2025:15:06:14 -0300] "GET /cormun/servlet/vesolicitudgral?2025,22462,, HTTP/1.1" 200 8424
190.121.111.10 - - [25/Apr/2025:15:06:14 -0300] "GET /cormun/pexe_scrolldiv.js HTTP/1.1" 404 1009
190.121.111.10 - - [25/Apr/2025:15:06:16 -0300] "GET /cormun/servlet/vesolicitudgral?2025,22462,,SolicitudOTAdjuntos HTTP/1.1" 200 11103
190.121.111.10 - - [25/Apr/2025:15:06:16 -0300] "GET /cormun/pexe_scrolldiv.js HTTP/1.1" 404 1009
190.121.111.10 - - [25/Apr/2025:15:06:17 -0300] "POST /cormun/servlet/acontrolpreferencessavestate?None,RRHH+DANIELA,true HTTP/1.1" 200 35
190.121.111.10 - - [25/Apr/2025:15:06:18 -0300] "GET /cormun/servlet/vesolicitudgral?2025,22462,,General HTTP/1.1" 200 8428
190.121.111.10 - - [25/Apr/2025:15:06:18 -0300] "GET /cormun/pexe_scrolldiv.js HTTP/1.1" 404 1009
190.121.111.10 - - [25/Apr/2025:15:06:22 -0300] "GET /cormun/servlet/vesolicitudgral?2025,22462,,SolicitudOTAdjuntos HTTP/1.1" 200 11111
190.121.111.10 - - [25/Apr/2025:15:06:22 -0300] "GET /cormun/pexe_scrolldiv.js HTTP/1.1" 404 1009
190.121.111.10 - - [25/Apr/2025:15:06:23 -0300] "POST /cormun/servlet/acontrolpreferencessavestate?None,RRHH+DANIELA,true HTTP/1.1" 200 35
190.121.111.10 - - [25/Apr/2025:15:06:23 -0300] "GET /cormun/PublicTempStorage/carnet_identidad7343467.pdf HTTP/1.1" 200 110208
190.95.1.129 - - [25/Apr/2025:15:06:30 -0300] "GET /cormun/servlet/solicitudotadjuntos?3726fa40d31ac0ee315fb4eee56af7a464e25bf6ededb8ab91501dea07e277da,gx-no-cache=1745604526893 HTTP/1.1" 200 30
190.95.1.129 - - [25/Apr/2025:15:06:30 -0300] "GET /cormun/servlet/solicitudotadjuntos?3726fa40d31ac0ee315fb4eee56af7a464e25bf6ededb8ab91501dea07e277da,gx-no-cache=1745604526917 HTTP/1.1" 200 30
190.95.1.129 - - [25/Apr/2025:15:06:30 -0300] "POST /cormun/servlet/solicitudotadjuntos?644f6621fc252d14f612ed24006cba05,INS,2025,22506,,1, HTTP/1.1" 200 116
190.95.1.129 - - [25/Apr/2025:15:06:30 -0300] "GET /cormun/servlet/hpexe_return? HTTP/1.1" 200 1029
190.95.1.129 - - [25/Apr/2025:15:06:30 -0300] "GET /cormun/servlet/trsolicitudadjuntos?2025,22506, HTTP/1.1" 200 10144
190.95.1.129 - - [25/Apr/2025:15:06:33 -0300] "GET /cormun/servlet/solicitudotadjuntos?INS,2025,22506,,1, HTTP/1.1" 200 6345
190.95.1.129 - - [25/Apr/2025:15:06:33 -0300] "GET /cormun/static/about:blank HTTP/1.1" 404 1011
190.95.1.129 - - [25/Apr/2025:15:06:33 -0300] "GET /cormun/servlet/solicitudotadjuntos?3726fa40d31ac0ee315fb4eee56af7a45e3b9e24d970ceba2f1093d311a700e05cd2c514e45dedca335b4a6fc3ad6d10,gx-no-cache=1745604530406 HTTP/1.1" 200 30
190.95.1.129 - - [25/Apr/2025:15:06:33 -0300] "POST /cormun/servlet/solicitudotadjuntos?644f6621fc252d14f612ed24006cba05,INS,2025,22506,,1,,gx-no-cache=1745604530422 HTTP/1.1" 200 4191
190.95.1.129 - - [25/Apr/2025:15:06:36 -0300] "POST /cormun/servlet/solicitudotadjuntos?gx-no-cache=1745604533461 HTTP/1.1" 200 26
201.186.225.249 - - [25/Apr/2025:15:06:39 -0300] "GET /cormun/servlet/prbanco?,MD,,gxPopupLevel%3D0%3B HTTP/1.1" 200 6695
190.95.1.129 - - [25/Apr/2025:15:06:43 -0300] "GET /cormun/servlet/solicitudotadjuntos?3726fa40d31ac0ee315fb4eee56af7a464e25bf6ededb8ab91501dea07e277da,gx-no-cache=1745604539709 HTTP/1.1" 200 30
190.95.1.129 - - [25/Apr/2025:15:06:43 -0300] "GET /cormun/servlet/solicitudotadjuntos?3726fa40d31ac0ee315fb4eee56af7a464e25bf6ededb8ab91501dea07e277da,gx-no-cache=1745604539723 HTTP/1.1" 200 30
190.95.1.129 - - [25/Apr/2025:15:06:43 -0300] "POST /cormun/servlet/solicitudotadjuntos?644f6621fc252d14f612ed24006cba05,INS,2025,22506,,1, HTTP/1.1" 200 116
190.95.1.129 - - [25/Apr/2025:15:06:43 -0300] "GET /cormun/servlet/hpexe_return? HTTP/1.1" 200 1029
190.95.1.129 - - [25/Apr/2025:15:06:43 -0300] "GET /cormun/servlet/trsolicitudadjuntos?2025,22506, HTTP/1.1" 200 10420
201.186.225.249 - - [25/Apr/2025:15:06:45 -0300] "GET /cormun/servlet/solicitudot?4833d78ff31d5bd516a019e124614c518a820392917b70fa5747fd02e20eed25,gx-no-cache=1745604543047 HTTP/1.1" 200 94
201.186.225.249 - - [25/Apr/2025:15:06:45 -0300] "GET /cormun/static/Shared/jqueryui/images/ui-bg_highlight-soft_100_c6c2c8_1x100.png HTTP/1.1" 404 1117
201.186.225.249 - - [25/Apr/2025:15:06:45 -0300] "GET /cormun/static/Shared/jqueryui/images/ui-icons_82798d_256x240.png HTTP/1.1" 404 1089
201.186.225.249 - - [25/Apr/2025:15:06:45 -0300] "GET /cormun/static/Shared/jqueryui/images/ui-bg_flat_55_994d53_40x100.png HTTP/1.1" 404 1097
201.186.225.249 - - [25/Apr/2025:15:06:45 -0300] "GET /cormun/static/Shared/jqueryui/images/ui-icons_ebccce_256x240.png HTTP/1.1" 404 1089
190.95.1.129 - - [25/Apr/2025:15:06:46 -0300] "GET /cormun/servlet/solicitudotadjuntos?INS,2025,22506,,1, HTTP/1.1" 200 6345
190.95.1.129 - - [25/Apr/2025:15:06:46 -0300] "GET /cormun/static/about:blank HTTP/1.1" 404 1011
190.95.1.129 - - [25/Apr/2025:15:06:46 -0300] "GET /cormun/servlet/solicitudotadjuntos?3726fa40d31ac0ee315fb4eee56af7a45e3b9e24d970ceba2f1093d311a700e05cd2c514e45dedca335b4a6fc3ad6d10,gx-no-cache=1745604543374 HTTP/1.1" 200 30
190.95.1.129 - - [25/Apr/2025:15:06:46 -0300] "POST /cormun/servlet/solicitudotadjuntos?644f6621fc252d14f612ed24006cba05,INS,2025,22506,,1,,gx-no-cache=1745604543392 HTTP/1.1" 200 4191
201.186.225.249 - - [25/Apr/2025:15:06:48 -0300] "GET /cormun/servlet/solicitudot?4833d78ff31d5bd516a019e124614c516151c4f0c88cec643c606d12b2df7923,gx-no-cache=1745604545329 HTTP/1.1" 200 53
190.95.1.129 - - [25/Apr/2025:15:06:48 -0300] "POST /cormun/servlet/solicitudotadjuntos?gx-no-cache=1745604545205 HTTP/1.1" 200 26
190.121.111.10 - - [25/Apr/2025:15:06:56 -0300] "GET /cormun/servlet/vesolicitudgral?2025,22462,,SolicitudOTAdjuntos HTTP/1.1" 200 11113
190.95.1.129 - - [25/Apr/2025:15:06:56 -0300] "GET /cormun/servlet/solicitudotadjuntos?3726fa40d31ac0ee315fb4eee56af7a464e25bf6ededb8ab91501dea07e277da,gx-no-cache=1745604552925 HTTP/1.1" 200 30
190.95.1.129 - - [25/Apr/2025:15:06:56 -0300] "GET /cormun/servlet/solicitudotadjuntos?3726fa40d31ac0ee315fb4eee56af7a464e25bf6ededb8ab91501dea07e277da,gx-no-cache=1745604552939 HTTP/1.1" 200 30
190.95.1.129 - - [25/Apr/2025:15:06:56 -0300] "POST /cormun/servlet/solicitudotadjuntos?644f6621fc252d14f612ed24006cba05,INS,2025,22506,,1, HTTP/1.1" 200 116
190.95.1.129 - - [25/Apr/2025:15:06:56 -0300] "GET /cormun/servlet/hpexe_return? HTTP/1.1" 200 1029
190.95.1.129 - - [25/Apr/2025:15:06:56 -0300] "GET /cormun/servlet/trsolicitudadjuntos?2025,22506, HTTP/1.1" 200 10619
190.121.111.10 - - [25/Apr/2025:15:06:57 -0300] "POST /cormun/servlet/acontrolpreferencessavestate?None,RRHH+DANIELA,true HTTP/1.1" 200 35
190.121.111.10 - - [25/Apr/2025:15:07:00 -0300] "GET /cormun/PublicTempStorage/fonasa6531298.pdf HTTP/1.1" 200 176408
190.95.1.129 - - [25/Apr/2025:15:07:05 -0300] "POST /cormun/servlet/trsolicitudadjuntos?644f6621fc252d14f612ed24006cba05,2025,22506,,gx-no-cache=1745604561767 HTTP/1.1" 200 90
190.95.1.129 - - [25/Apr/2025:15:07:05 -0300] "GET /cormun/servlet/hpexe_link HTTP/1.1" 200 972
190.95.1.129 - - [25/Apr/2025:15:07:05 -0300] "GET /cormun/servlet/trsolicitudot? HTTP/1.1" 200 8953
190.121.111.10 - - [25/Apr/2025:15:07:07 -0300] "GET /cormun/servlet/vesolicitudgral?2025,22462,,SolicitudOTAdjuntos HTTP/1.1" 200 11110
190.121.111.10 - - [25/Apr/2025:15:07:08 -0300] "POST /cormun/servlet/acontrolpreferencessavestate?None,RRHH+DANIELA,true HTTP/1.1" 200 35
190.121.111.10 - - [25/Apr/2025:15:07:10 -0300] "GET /cormun/PublicTempStorage/fonasa3298436.pdf HTTP/1.1" 200 176408
190.121.111.10 - - [25/Apr/2025:15:07:12 -0300] "GET /cormun/servlet/vesolicitudgral?2025,22462,,SolicitudOTAdjuntos HTTP/1.1" 200 11112
190.121.111.10 - - [25/Apr/2025:15:07:13 -0300] "POST /cormun/servlet/acontrolpreferencessavestate?None,RRHH+DANIELA,true HTTP/1.1" 200 35
190.95.1.129 - - [25/Apr/2025:15:07:14 -0300] "POST /cormun/servlet/trsolicitudot?644f6621fc252d14f612ed24006cba05,,gx-no-cache=1745604570463 HTTP/1.1" 200 4879
190.95.1.129 - - [25/Apr/2025:15:07:14 -0300] "GET /cormun/static/Shared/jqueryui/images/ui-bg_highlight-soft_100_c6c2c8_1x100.png HTTP/1.1" 404 1117
190.95.1.129 - - [25/Apr/2025:15:07:14 -0300] "GET /cormun/static/Shared/jqueryui/images/ui-icons_82798d_256x240.png HTTP/1.1" 404 1089
190.95.1.129 - - [25/Apr/2025:15:07:14 -0300] "GET /cormun/static/Shared/jqueryui/images/ui-bg_flat_55_fafafa_40x100.png HTTP/1.1" 404 1097
190.95.1.129 - - [25/Apr/2025:15:07:14 -0300] "GET /cormun/static/Shared/jqueryui/images/ui-icons_8d78a5_256x240.png HTTP/1.1" 404 1089
190.95.1.129 - - [25/Apr/2025:15:07:14 -0300] "POST /cormun/servlet/trsolicitudot?644f6621fc252d14f612ed24006cba05,,gx-no-cache=1745604570576 HTTP/1.1" 200 4632
201.186.225.249 - - [25/Apr/2025:15:07:20 -0300] "GET /cormun/servlet/solicitudot?4833d78ff31d5bd516a019e124614c51e9a47e4458943ea96513f7d5ab9f1a2045ac7db01471028d16f02f8eae2bc6421166d3ff12416257e4d931a6620e0463,gx-no-cache=1745604577553 HTTP/1.1" 200 30
190.121.111.10 - - [25/Apr/2025:15:07:24 -0300] "GET /cormun/PublicTempStorage/carnet_identidad1342842.pdf HTTP/1.1" 200 110208
201.186.225.249 - - [25/Apr/2025:15:07:27 -0300] "POST /cormun/servlet/solicitudot?6587c4bbedf5e2ec22c213735602b761,INS,0,0,false,,gx-no-cache=1745604584409 HTTP/1.1" 200 13088
201.186.225.249 - - [25/Apr/2025:15:07:27 -0300] "GET /cormun/static/Shared/jqueryui/images/ui-bg_flat_55_fafafa_40x100.png HTTP/1.1" 404 1097
201.186.225.249 - - [25/Apr/2025:15:07:27 -0300] "GET /cormun/static/Shared/jqueryui/images/ui-icons_8d78a5_256x240.png HTTP/1.1" 404 1089
201.186.225.249 - - [25/Apr/2025:15:07:30 -0300] "GET /cormun/servlet/solicitudot?4833d78ff31d5bd516a019e124614c51e32743df9f7b6560742694f5f9e83dbf1f6965df075fd9dfbec12004752219f4757fa7999f386dcc3fdda4c348d9a939,gx-no-cache=1745604587530 HTTP/1.1" 200 53
201.186.225.249 - - [25/Apr/2025:15:07:31 -0300] "POST /cormun/servlet/solicitudot?gx-no-cache=1745604588575 HTTP/1.1" 200 255
201.186.225.249 - - [25/Apr/2025:15:07:33 -0300] "GET /cormun/servlet/solicitudot?4833d78ff31d5bd516a019e124614c51e4fce79c845856c6481642ba196677aa31e0df9a526ae19fa5d0bbb9771e96549d0c99fc936ef63d20ed7cad00c6130955a09af7044a072a15cd73a5dfa6737b6c0d7236de3e7c11251d93b508ada8e85fd8478551e2a5f981e6562198be094bbc382fa2cfcb4bda1bab73f6ac02d700690f971d7e84716d1f6117ebb2f4685cd2bcabe438370126c6299d2ed24a9cdea8701379a721dd4861679ff1645cffe18f5385881649a838daddd88925986834ac390dee05972830a50af123869c52030468c957e8f67c2719529f7d607691f09bace871a81d552f3705926381bd5eada475fdbbde47d443453b6add6f3bbf9f4b48da583b358e06c2252a1a0a3107a1044e8b5deb3e85dda4c3a7eb77175ced6cf3efe7d61f2a3eba4763df6df700024615385130c989560a68544139605ebbde5f3a8e22189d54082578a65b18e479b2a3b68ad7677f677ee6a631155e4e148ff90abb03df82e50eae873bce9249acf6f2e175d5efdcf40f5d0fe90eb8efb8,gx-no-cache=1745604590592 HTTP/1.1" 200 30
201.186.225.249 - - [25/Apr/2025:15:07:58 -0300] "GET /cormun/servlet/solicitudot?INS,0,0,false, HTTP/1.1" 200 16303
201.186.225.249 - - [25/Apr/2025:15:07:59 -0300] "GET /cormun/servlet/solicitudot?INS,0,0,false, HTTP/1.1" 200 16303
201.186.225.249 - - [25/Apr/2025:15:07:59 -0300] "GET /cormun/servlet/solicitudot?INS,0,0,false, HTTP/1.1" 200 16303
201.186.225.249 - - [25/Apr/2025:15:07:59 -0300] "GET /cormun/servlet/solicitudot?INS,0,0,false, HTTP/1.1" 200 16303
201.186.225.249 - - [25/Apr/2025:15:08:00 -0300] "GET /cormun/servlet/solicitudot?INS,0,0,false, HTTP/1.1" 200 16303
201.186.225.249 - - [25/Apr/2025:15:08:00 -0300] "GET /cormun/servlet/solicitudot?INS,0,0,false, HTTP/1.1" 200 16303
201.186.225.249 - - [25/Apr/2025:15:08:01 -0300] "GET /cormun/servlet/solicitudot?INS,0,0,false, HTTP/1.1" 200 16303
201.186.225.249 - - [25/Apr/2025:15:08:02 -0300] "GET /cormun/servlet/solicitudot?INS,0,0,false, HTTP/1.1" 200 16303
201.186.225.249 - - [25/Apr/2025:15:08:06 -0300] "POST /cormun/servlet/solicitudot?gx-no-cache=1745604623254 HTTP/1.1" 200 4096
201.186.225.249 - - [25/Apr/2025:15:08:06 -0300] "GET /cormun/static/Shared/jqueryui/images/ui-bg_highlight-soft_100_c6c2c8_1x100.png HTTP/1.1" 404 1117
201.186.225.249 - - [25/Apr/2025:15:08:06 -0300] "GET /cormun/static/Shared/jqueryui/images/ui-bg_flat_55_994d53_40x100.png HTTP/1.1" 404 1097
201.186.225.249 - - [25/Apr/2025:15:08:06 -0300] "GET /cormun/static/Shared/jqueryui/images/ui-icons_82798d_256x240.png HTTP/1.1" 404 1089
201.186.225.249 - - [25/Apr/2025:15:08:06 -0300] "GET /cormun/static/Shared/jqueryui/images/ui-icons_ebccce_256x240.png HTTP/1.1" 404 1089
201.186.225.249 - - [25/Apr/2025:15:08:06 -0300] "GET /cormun/servlet/solicitudot?4833d78ff31d5bd516a019e124614c515955de58c9ff6adb59f8589fe60e37b6,gx-no-cache=1745604623309 HTTP/1.1" 200 111
201.186.225.249 - - [25/Apr/2025:15:08:06 -0300] "GET /cormun/servlet/solicitudot?4833d78ff31d5bd516a019e124614c518a820392917b70fa5747fd02e20eed25,gx-no-cache=1745604623331 HTTP/1.1" 200 94
201.186.225.249 - - [25/Apr/2025:15:08:06 -0300] "GET /cormun/servlet/solicitudot?4833d78ff31d5bd516a019e124614c5192501858e09786eb6387c5e2aa6072d9,gx-no-cache=1745604623349 HTTP/1.1" 200 29
201.186.225.249 - - [25/Apr/2025:15:08:06 -0300] "GET /cormun/servlet/solicitudot?4833d78ff31d5bd516a019e124614c515dce52e58d6bebdbfbaf09b3ffd2173cb59fc1839f236a58c9d9ff5b820077ed3b488a8c452d31cba02ac533999bca8e1d8e291f12261ea50bcab0fbb2bfba6dec2c2b5e5a9d86afcdf1d26a047c50f91c5513fbdeda0c0870568b763bc572cb671e023ac0a8542950b4086c89f85259b1a4f44c30723f7055d4eaa87709fa941f2eee7cdc1ca3900ff97f9246ed66a58713315c1d8c7726d4e6fc46b3ea7874475b5efe26188d4d33d84420f1701fac5f390ce9f133453ddc00a0ca788858b21bb5e50dff4d55cc781ea4bc85605a2e2d5d5d9a9ac8ff821c3fc7e77afbb843f2a38c7e8c41ce67d4ab48e31f4a9d3e783f7df4a40fc084c4cf7882fbef66398a457dafc524d3282a49f99fc617bfd6a7240354e3c1202db8836241143ae8828282ce3cfdad3c4b101192be6d596a9f9056f219806760c58f8dcc4ab0ccc07b,gx-no-cache=1745604623369 HTTP/1.1" 200 297
201.186.225.249 - - [25/Apr/2025:15:08:06 -0300] "GET /cormun/servlet/solicitudot?4833d78ff31d5bd516a019e124614c51e4fce79c845856c6481642ba196677aa488c15e33af5af1b15a0b9c7c957bd659d0c99fc936ef63d20ed7cad00c6130955a09af7044a072a15cd73a5dfa6737b6c0d7236de3e7c11251d93b508ada8e85fd8478551e2a5f981e6562198be094bbc382fa2cfcb4bda1bab73f6ac02d700690f971d7e84716d1f6117ebb2f4685cd2bcabe438370126c6299d2ed24a9cdea8701379a721dd4861679ff1645cffe18f5385881649a838daddd88925986834ac390dee05972830a50af123869c52030468c957e8f67c2719529f7d607691f09bace871a81d552f3705926381bd5ead45edd93b1cf1a814e6cba7d058f3fcc24b48da583b358e06c2252a1a0a3107a1eb0bc88ffbe0e03e626b44311721e4b0cb820f035a62f93a67b7f6447103c5f9fe9d2daa84873ee11e43074a4577374ef398195cbb8a628896e4fd20abb0af9d1de4f1b6fbd6a8890592b6a0b312909be12126847a114e020ee4e9a419fba65693e03b366e06f638b183f1b504fac9b1b84ebd919030ed1e63ef1010400b4ab9,gx-no-cache=1745604623395 HTTP/1.1" 200 30
201.186.225.249 - - [25/Apr/2025:15:08:09 -0300] "POST /cormun/servlet/solicitudot?gx-no-cache=1745604626224 HTTP/1.1" 200 30
201.186.225.249 - - [25/Apr/2025:15:08:13 -0300] "POST /cormun/servlet/solicitudot?gx-no-cache=1745604630376 HTTP/1.1" 200 255
201.186.225.249 - - [25/Apr/2025:15:08:17 -0300] "GET /cormun/servlet/solicitudot?4833d78ff31d5bd516a019e124614c51e4fce79c845856c6481642ba196677aa31e0df9a526ae19fa5d0bbb9771e96549d0c99fc936ef63d20ed7cad00c6130955a09af7044a072a15cd73a5dfa6737b6c0d7236de3e7c11251d93b508ada8e85fd8478551e2a5f981e6562198be094bbc382fa2cfcb4bda1bab73f6ac02d700690f971d7e84716d1f6117ebb2f4685cd2bcabe438370126c6299d2ed24a9cdea8701379a721dd4861679ff1645cffe18f5385881649a838daddd88925986834ac390dee05972830a50af123869c52030468c957e8f67c2719529f7d607691f09bace871a81d552f3705926381bd5eada475fdbbde47d443453b6add6f3bbf9f4b48da583b358e06c2252a1a0a3107a1044e8b5deb3e85dda4c3a7eb77175ced6cf3efe7d61f2a3eba4763df6df700024615385130c989560a68544139605ebbde5f3a8e22189d54082578a65b18e479b2a3b68ad7677f677ee6a631155e4e148ff90abb03df82e50eae873bce9249acb8c459810764d3a6ea3818437d8b59f6,gx-no-cache=1745604634136 HTTP/1.1" 200 30
190.121.111.10 - - [25/Apr/2025:15:08:32 -0300] "GET /cormun/servlet/vesolicitudgral?2025,22505,,SolicitudOTAdjuntos HTTP/1.1" 200 11138
190.121.111.10 - - [25/Apr/2025:15:08:34 -0300] "POST /cormun/servlet/acontrolpreferencessavestate?None,RRHH+DANIELA,true HTTP/1.1" 200 35
190.121.111.10 - - [25/Apr/2025:15:08:42 -0300] "GET /cormun/PublicTempStorage/cv_paula_delgado_caro4397219.pdf HTTP/1.1" 200 76762
190.121.111.10 - - [25/Apr/2025:15:09:21 -0300] "GET /cormun/servlet/vesolicitudgral?2025,22505,,SolicitudOTAdjuntos HTTP/1.1" 200 11138
190.121.111.10 - - [25/Apr/2025:15:09:22 -0300] "POST /cormun/servlet/acontrolpreferencessavestate?None,RRHH+DANIELA,true HTTP/1.1" 200 35
190.121.111.10 - - [25/Apr/2025:15:09:22 -0300] "GET /cormun/servlet/vesolicitudgral?2025,22505,,General HTTP/1.1" 200 8414
190.121.111.10 - - [25/Apr/2025:15:09:22 -0300] "GET /cormun/pexe_scrolldiv.js HTTP/1.1" 404 1009
201.186.225.249 - - [25/Apr/2025:15:10:15 -0300] "POST /cormun/servlet/solicitudot?gx-no-cache=1745604752815 HTTP/1.1" 200 30
190.121.111.10 - - [25/Apr/2025:15:11:07 -0300] "GET /cormun/servlet/hlogin HTTP/1.1" 200 1722
190.121.111.10 - - [25/Apr/2025:15:11:09 -0300] "POST /cormun/servlet/hlogin?6afb8a9686f4c6983b6c338109ffa7a2,gx-no-cache=1745604822339 HTTP/1.1" 200 90
190.121.111.10 - - [25/Apr/2025:15:11:09 -0300] "GET /cormun/servlet/hpexe_link HTTP/1.1" 200 982
190.121.111.10 - - [25/Apr/2025:15:11:09 -0300] "GET /cormun/servlet/vesolicitudgral?2025,22462,,SolicitudOTAdjuntos HTTP/1.1" 200 11109
190.121.111.10 - - [25/Apr/2025:15:11:09 -0300] "GET /cormun/pexe_scrolldiv.js HTTP/1.1" 404 1009
190.121.111.10 - - [25/Apr/2025:15:11:10 -0300] "GET /cormun/servlet/vesolicitudgral?2025,22505,,SolicitudOTAdjuntos HTTP/1.1" 200 11138
190.121.111.10 - - [25/Apr/2025:15:11:10 -0300] "GET /cormun/pexe_scrolldiv.js HTTP/1.1" 404 1009
190.121.111.10 - - [25/Apr/2025:15:11:11 -0300] "POST /cormun/servlet/acontrolpreferencessavestate?None,RRHH+DANIELA,true HTTP/1.1" 200 35
190.121.111.10 - - [25/Apr/2025:15:11:11 -0300] "POST /cormun/servlet/acontrolpreferencessavestate?None,RRHH+DANIELA,true HTTP/1.1" 200 35
190.121.111.10 - - [25/Apr/2025:15:11:12 -0300] "GET /cormun/PublicTempStorage/certt._afp8127595.pdf HTTP/1.1" 200 67139
190.121.111.10 - - [25/Apr/2025:15:11:32 -0300] "GET /cormun/servlet/vesolicitudgral?2025,22505,,SolicitudOTAdjuntos HTTP/1.1" 200 11139
190.121.111.10 - - [25/Apr/2025:15:11:33 -0300] "POST /cormun/servlet/acontrolpreferencessavestate?None,RRHH+DANIELA,true HTTP/1.1" 200 35
190.121.111.10 - - [25/Apr/2025:15:11:34 -0300] "GET /cormun/PublicTempStorage/cert._fonasa7901306.pdf HTTP/1.1" 200 72096
190.121.111.10 - - [25/Apr/2025:15:11:50 -0300] "GET /cormun/servlet/vesolicitudgral?2025,22505,,SolicitudOTAdjuntos HTTP/1.1" 200 11137
190.121.111.10 - - [25/Apr/2025:15:11:51 -0300] "POST /cormun/servlet/acontrolpreferencessavestate?None,RRHH+DANIELA,true HTTP/1.1" 200 35
190.121.111.10 - - [25/Apr/2025:15:11:52 -0300] "GET /cormun/servlet/vesolicitudgral?2025,22505,,General HTTP/1.1" 200 8414
190.121.111.10 - - [25/Apr/2025:15:11:52 -0300] "GET /cormun/pexe_scrolldiv.js HTTP/1.1" 404 1009
148.222.218.189 - - [25/Apr/2025:15:12:15 -0300] "GET /cormun/servlet/hlogin HTTP/1.1" 200 1718
148.222.218.189 - - [25/Apr/2025:15:12:15 -0300] "GET /cormun/static/gxtimezone.js?85251 HTTP/1.1" 200 5781
148.222.218.189 - - [25/Apr/2025:15:12:15 -0300] "GET /cormun/static/gxcfg.js?2022112219184450 HTTP/1.1" 200 953
148.222.218.189 - - [25/Apr/2025:15:12:15 -0300] "GET /cormun/static/Resources/CormunLogin.png HTTP/1.1" 200 19132
148.222.218.189 - - [25/Apr/2025:15:12:15 -0300] "GET /cormun/static/messages.spa.js?85251 HTTP/1.1" 200 30736
148.222.218.189 - - [25/Apr/2025:15:12:16 -0300] "GET /cormun/static/Resources/Spanish/PXTools.css?1759030 HTTP/1.1" 200 100853
148.222.218.189 - - [25/Apr/2025:15:12:16 -0300] "GET /cormun/static/hlogin.js?2022112219184458 HTTP/1.1" 200 2156
148.222.218.189 - - [25/Apr/2025:15:12:16 -0300] "GET /cormun/static/gxgral.js?85251 HTTP/1.1" 200 384558
148.222.218.189 - - [25/Apr/2025:15:12:16 -0300] "GET /cormun/static/Resources/PXToolsLoginTop.png HTTP/1.1" 200 1337
148.222.218.189 - - [25/Apr/2025:15:12:16 -0300] "GET /cormun/static/Resources/PXToolsLoginBottom.png HTTP/1.1" 200 1389
