190.95.15.13 - - [24/Apr/2025:09:45:24 -0300] "POST /cormun/servlet/solicitudot?gx-no-cache=1745498862473 HTTP/1.1" 200 4097
190.95.15.13 - - [24/Apr/2025:09:45:24 -0300] "POST /cormun/servlet/solicitudot?03e3a6781aded90de598395378be694e,UPD,2025,22483,false,,gx-no-cache=1745498862574 HTTP/1.1" 200 12788
190.95.15.13 - - [24/Apr/2025:09:45:24 -0300] "GET /cormun/servlet/solicitudot?fdd01857e4f248d14a06c7308c35a675db25a928437a971145b809c7deb5893b8f97934adbbdc8a881eed64ce126a027,gx-no-cache=1745498862665 HTTP/1.1" 200 30
190.95.15.13 - - [24/Apr/2025:09:45:24 -0300] "GET /cormun/servlet/solicitudot?fdd01857e4f248d14a06c7308c35a675183b20a0d26104e4c48df2cefed0ef2ea15e4230bec40e98f534544ed7835503b44ffc1762103e7fcead7ba3fe52fc35,gx-no-cache=1745498862689 HTTP/1.1" 200 30
190.95.15.13 - - [24/Apr/2025:09:45:24 -0300] "GET /cormun/servlet/solicitudot?fdd01857e4f248d14a06c7308c35a675e11ffb195794ecbcc2186820fd6e3bc2,gx-no-cache=1745498862709 HTTP/1.1" 200 29
190.95.15.13 - - [24/Apr/2025:09:45:24 -0300] "POST /cormun/servlet/solicitudot?gx-no-cache=1745498862734 HTTP/1.1" 200 255
190.95.15.13 - - [24/Apr/2025:09:45:24 -0300] "GET /cormun/servlet/solicitudot?fdd01857e4f248d14a06c7308c35a675a10e4a4ce605a44d2dce5e103a090394127ae26e348fbbee7c70b8ee9d389042f4a0cca63162b42dbaa1a41e2fe3585e9e62a9943feaa6d9931590de15e74c22853f19900e17c340e55a3fde3eccdaad614a6e7aa368c4ecb2e522e9a49ecc6160a62214bac441e30cbcef18f6a32cff16bb882adb9300bb1989671afc0f806c30e76d133ee5908e8f1bd64a64905b93ff2bdbe624835512166a69ea3930a17ab67b7f16d3d7e7b4047e776dc8fed50b4be4c0404cd0445ae003a5d5c1f06c24b9a9019db8bd096412d77eb3cb80a73a7ade5800a0529611bf044d92af537cddfc95c8361a3966bc1a418d4119e6079a36aee10b14b3559e8a26cac0195ebba5bcbd191891f326072f4035d06c805ec8b3a2d79e08ae28ae2a035934d9520212aba18140c393219490dbd05547a164cd08428add3b29731a11dc795fa27799feef0e2235d1c688e4296e7c3bbb866332be2ff0554775c0c8934eafc5819e15209ccf3822cb87cd0c9be09a7049bddc13,gx-no-cache=1745498862762 HTTP/1.1" 200 30
190.95.15.13 - - [24/Apr/2025:09:45:24 -0300] "POST /cormun/servlet/solicitudot?gx-no-cache=1745498862786 HTTP/1.1" 200 30
190.95.15.13 - - [24/Apr/2025:09:45:24 -0300] "POST /cormun/servlet/solicitudot?gx-no-cache=1745498862818 HTTP/1.1" 200 1480
190.95.15.13 - - [24/Apr/2025:09:45:24 -0300] "POST /cormun/servlet/solicitudot?gx-no-cache=1745498862853 HTTP/1.1" 200 41
190.95.15.13 - - [24/Apr/2025:09:45:37 -0300] "GET /cormun/servlet/solicitudot?fdd01857e4f248d14a06c7308c35a6758416744fd87c5d7b89b1f3ef1e620df177172bf0fd48f10295dd3b79ab4aedfef80f5673ffdd1302de56d953e8cac486b746026934987bae489d0ede70b9ea7614f77d17f6a2bcd760b0c90afa8fceff169ad9309ca41ec55029e26ed5bbbe4a,gx-no-cache=1745498875928 HTTP/1.1" 200 110
190.95.15.13 - - [24/Apr/2025:09:45:37 -0300] "POST /cormun/servlet/solicitudot?gx-no-cache=1745498875964 HTTP/1.1" 200 97
200.126.116.145 - - [24/Apr/2025:09:46:11 -0300] "GET /cormun/servlet/hlogin HTTP/1.1" 200 1714
200.126.116.145 - - [24/Apr/2025:09:46:43 -0300] "POST /cormun/servlet/hlogin?6e7462ec42ce770f3374294078343660,gx-no-cache=1745498941654 HTTP/1.1" 200 90
200.126.116.145 - - [24/Apr/2025:09:46:43 -0300] "GET /cormun/servlet/hpexe_link HTTP/1.1" 200 946
200.126.116.145 - - [24/Apr/2025:09:46:43 -0300] "GET /cormun/servlet/hhome HTTP/1.1" 200 4324
200.126.116.145 - - [24/Apr/2025:09:46:46 -0300] "GET /cormun/servlet/trlicencias? HTTP/1.1" 200 15809
179.57.78.55 - - [24/Apr/2025:09:46:51 -0300] "GET /cormun/servlet/trlicencias? HTTP/1.1" 200 9418
190.95.67.95 - - [24/Apr/2025:09:47:22 -0300] "GET /cormun/servlet/permisogoce?e882101ab79af81899d2f1d74ac76eea1ceff0d1ff1cfbfdff0250a5c06bb8bb258162b324490f916aa0175a6f0c82a7aa04a3ef2052fe8c6e3315f531e9ea86,gx-no-cache=1745498980570 HTTP/1.1" 200 79
190.95.67.95 - - [24/Apr/2025:09:47:22 -0300] "GET /cormun/static/menuarrow.gif HTTP/1.1" 404 1015
190.95.67.95 - - [24/Apr/2025:09:47:25 -0300] "GET /cormun/servlet/permisogoce?e882101ab79af81899d2f1d74ac76eea1ceff0d1ff1cfbfdff0250a5c06bb8bbfe1b433a5ffa3036a45eb4eede82461458b5a1b71b83f4c3b869e15437bcb22e4cad6047d7031f379c130a40528b38f607550b8f92e935372ccb85797dcae71a2ae62422a0ee8e971891fcc0070dfe83,gx-no-cache=1745498983524 HTTP/1.1" 200 79
190.95.67.95 - - [24/Apr/2025:09:47:31 -0300] "GET /cormun/servlet/permisogoce?e882101ab79af81899d2f1d74ac76eea28bc4b3addc0737093cfdb953c5b76474ffb6661066d40adc79584cff37c07785a0748f4a5dbf81efcdaf133af68002f,gx-no-cache=1745498989255 HTTP/1.1" 200 47
201.186.225.193 - - [24/Apr/2025:09:47:49 -0300] "GET /cormun/servlet/hhome HTTP/1.1" 200 3323
201.186.225.193 - - [24/Apr/2025:09:47:49 -0300] "GET /cormun/servlet/hlogin HTTP/1.1" 200 1736
201.186.225.193 - - [24/Apr/2025:09:47:55 -0300] "POST /cormun/servlet/hlogin?9f5dd3e9bdbc3bc067359cae00e3a96a,gx-no-cache=1745499013144 HTTP/1.1" 200 90
201.186.225.193 - - [24/Apr/2025:09:47:55 -0300] "GET /cormun/servlet/hpexe_link HTTP/1.1" 200 953
201.186.225.193 - - [24/Apr/2025:09:47:55 -0300] "GET /cormun/servlet/hhome HTTP/1.1" 200 4297
201.186.225.193 - - [24/Apr/2025:09:48:00 -0300] "GET /cormun/servlet/trlicencias? HTTP/1.1" 200 11158
190.95.67.95 - - [24/Apr/2025:09:48:12 -0300] "GET /cormun/servlet/permisogoce?e882101ab79af81899d2f1d74ac76eea1ceff0d1ff1cfbfdff0250a5c06bb8bbfe1b433a5ffa3036a45eb4eede82461458b5a1b71b83f4c3b869e15437bcb22e4cad6047d7031f379c130a40528b38f607550b8f92e935372ccb85797dcae71a2ae62422a0ee8e971891fcc0070dfe83,gx-no-cache=1745499029825 HTTP/1.1" 200 79
190.95.67.95 - - [24/Apr/2025:09:48:14 -0300] "POST /cormun/servlet/permisogoce?d31a33f9c78823d442ee8f864c9bdc24,INS,0,,,,gx-no-cache=1745499029950 HTTP/1.1" 200 93
190.95.67.95 - - [24/Apr/2025:09:48:14 -0300] "GET /cormun/servlet/hpexe_return? HTTP/1.1" 200 1004
190.95.67.95 - - [24/Apr/2025:09:48:14 -0300] "GET /cormun/servlet/trpermisosgoce HTTP/1.1" 200 11290
190.95.67.95 - - [24/Apr/2025:09:48:31 -0300] "GET /cormun/servlet/apermisogoceprn?19405553,P,20250424084253,PU HTTP/1.1" 200 1650
190.95.67.95 - - [24/Apr/2025:09:48:33 -0300] "GET /cormun/servlet/apermisogoceprn?19405553,P,20250424084253,PU HTTP/1.1" 200 1649
190.95.67.97 - - [24/Apr/2025:09:48:51 -0300] "POST /cormun/servlet/trsolicitudot?90201f4fd4400be94644e5f0454f795e,gx-no-cache=1745499039270 HTTP/1.1" 200 107
190.95.67.97 - - [24/Apr/2025:09:48:51 -0300] "GET /cormun/servlet/trsolicitudadjuntos?2025,22484, HTTP/1.1" 200 5972
190.95.67.97 - - [24/Apr/2025:09:48:51 -0300] "GET /cormun/static/gxcfg.js?20201215574222 HTTP/1.1" 200 953
190.95.67.97 - - [24/Apr/2025:09:48:51 -0300] "GET /cormun/static/trsolicitudadjuntos.js?20201215574932 HTTP/1.1" 200 17921
190.95.67.97 - - [24/Apr/2025:09:48:54 -0300] "GET /cormun/servlet/solicitudotadjuntos?INS,2025,22484,,1, HTTP/1.1" 200 5919
190.95.67.97 - - [24/Apr/2025:09:48:54 -0300] "GET /cormun/static/gxcfg.js?202211298385187 HTTP/1.1" 200 953
190.95.67.97 - - [24/Apr/2025:09:48:54 -0300] "GET /cormun/static/solicitudotadjuntos.js?202211298385196 HTTP/1.1" 200 11771
190.95.67.97 - - [24/Apr/2025:09:48:54 -0300] "GET /cormun/static/about:blank HTTP/1.1" 404 1011
190.95.67.97 - - [24/Apr/2025:09:48:55 -0300] "GET /cormun/servlet/solicitudotadjuntos?4dbeca03735cad585793220f4bf76a29babbae5eaf9da2c31dbc5ca37bcae311aad0be5958f54595cf7c7597813996e2,gx-no-cache=1745499043193 HTTP/1.1" 200 30
190.95.67.97 - - [24/Apr/2025:09:48:55 -0300] "POST /cormun/servlet/solicitudotadjuntos?90201f4fd4400be94644e5f0454f795e,INS,2025,22484,,1,,gx-no-cache=1745499043206 HTTP/1.1" 200 3877
190.95.67.97 - - [24/Apr/2025:09:48:56 -0300] "POST /cormun/servlet/solicitudotadjuntos?gx-no-cache=1745499044787 HTTP/1.1" 200 26
190.95.15.13 - - [24/Apr/2025:09:49:14 -0300] "POST /cormun/servlet/solicitudot?gx-no-cache=1745499092120 HTTP/1.1" 200 30
190.95.15.13 - - [24/Apr/2025:09:49:14 -0300] "POST /cormun/servlet/solicitudot?gx-no-cache=1745499092169 HTTP/1.1" 200 1480
190.95.15.13 - - [24/Apr/2025:09:49:14 -0300] "POST /cormun/servlet/solicitudot?gx-no-cache=1745499092219 HTTP/1.1" 200 41
190.95.15.13 - - [24/Apr/2025:09:49:14 -0300] "GET /cormun/servlet/solicitudot?fdd01857e4f248d14a06c7308c35a6758416744fd87c5d7b89b1f3ef1e620df177172bf0fd48f10295dd3b79ab4aedfef80f5673ffdd1302de56d953e8cac486b746026934987bae489d0ede70b9ea7614f77d17f6a2bcd760b0c90afa8fceff169ad9309ca41ec55029e26ed5bbbe4a,gx-no-cache=1745499092242 HTTP/1.1" 200 110
190.95.15.13 - - [24/Apr/2025:09:49:14 -0300] "POST /cormun/servlet/solicitudot?gx-no-cache=1745499092270 HTTP/1.1" 200 97
190.95.67.97 - - [24/Apr/2025:09:49:20 -0300] "GET /cormun/servlet/solicitudotadjuntos?4dbeca03735cad585793220f4bf76a29c07d284c23bb5ac091b7c3797a9ca07a,gx-no-cache=1745499068412 HTTP/1.1" 200 30
190.95.67.97 - - [24/Apr/2025:09:49:20 -0300] "GET /cormun/servlet/solicitudotadjuntos?4dbeca03735cad585793220f4bf76a29c07d284c23bb5ac091b7c3797a9ca07a,gx-no-cache=1745499068441 HTTP/1.1" 200 30
190.95.67.97 - - [24/Apr/2025:09:49:20 -0300] "POST /cormun/servlet/solicitudotadjuntos?90201f4fd4400be94644e5f0454f795e,INS,2025,22484,,1, HTTP/1.1" 200 116
190.95.67.97 - - [24/Apr/2025:09:49:20 -0300] "GET /cormun/servlet/hpexe_return? HTTP/1.1" 200 1028
190.95.67.97 - - [24/Apr/2025:09:49:20 -0300] "GET /cormun/servlet/trsolicitudadjuntos?2025,22484, HTTP/1.1" 200 9005
190.95.15.13 - - [24/Apr/2025:09:49:21 -0300] "GET /cormun/servlet/solicitudot?fdd01857e4f248d14a06c7308c35a675874501c84918126013e04d96f8e9442b8cef45d5f4e6bb9ca05cc8b73a95e8f88f0ce8ae1663e2a74cd904a019889b63e2bdd80e494d1ca1f85f183bb90dc4c2ea3a9668990de92bbc24341666533c1511f3debb4750c176b504a44445fdaf96d3c51400bd0fa9789c4cd8258697e56f598864a04e5986b3b905c7a0918f39c6dd35d347c986774ffa0fb6dbcf1a96bb,gx-no-cache=1745499099825 HTTP/1.1" 200 30
190.95.67.97 - - [24/Apr/2025:09:49:24 -0300] "GET /cormun/servlet/solicitudotadjuntos?INS,2025,22484,,1, HTTP/1.1" 200 5919
190.95.67.97 - - [24/Apr/2025:09:49:24 -0300] "GET /cormun/static/about:blank HTTP/1.1" 404 1011
190.95.15.13 - - [24/Apr/2025:09:49:24 -0300] "GET /cormun/servlet/solicitudot?fdd01857e4f248d14a06c7308c35a675874501c84918126013e04d96f8e9442b8cef45d5f4e6bb9ca05cc8b73a95e8f881603c0fdf8d63e3e0ed0d4b32fc0c22e2bdd80e494d1ca1f85f183bb90dc4c2ea3a9668990de92bbc24341666533c1511f3debb4750c176b504a44445fdaf96d3c51400bd0fa9789c4cd8258697e56f598864a04e5986b3b905c7a0918f39c6b790161543ee71dd22032e2e25d76d8c,gx-no-cache=1745499102393 HTTP/1.1" 200 30
190.95.67.97 - - [24/Apr/2025:09:49:24 -0300] "GET /cormun/servlet/solicitudotadjuntos?4dbeca03735cad585793220f4bf76a29babbae5eaf9da2c31dbc5ca37bcae311aad0be5958f54595cf7c7597813996e2,gx-no-cache=1745499072856 HTTP/1.1" 200 30
190.95.67.97 - - [24/Apr/2025:09:49:24 -0300] "POST /cormun/servlet/solicitudotadjuntos?90201f4fd4400be94644e5f0454f795e,INS,2025,22484,,1,,gx-no-cache=1745499072873 HTTP/1.1" 200 3877
190.95.15.13 - - [24/Apr/2025:09:49:26 -0300] "GET /cormun/servlet/solicitudot?fdd01857e4f248d14a06c7308c35a675874501c84918126013e04d96f8e9442b8cef45d5f4e6bb9ca05cc8b73a95e8f88f0ce8ae1663e2a74cd904a019889b63e2bdd80e494d1ca1f85f183bb90dc4c2ea3a9668990de92bbc24341666533c1511f3debb4750c176b504a44445fdaf96d3c51400bd0fa9789c4cd8258697e56f598864a04e5986b3b905c7a0918f39c6b790161543ee71dd22032e2e25d76d8c,gx-no-cache=1745499104856 HTTP/1.1" 200 30
190.95.67.97 - - [24/Apr/2025:09:49:27 -0300] "POST /cormun/servlet/solicitudotadjuntos?gx-no-cache=1745499075840 HTTP/1.1" 200 26
190.95.15.13 - - [24/Apr/2025:09:49:30 -0300] "GET /cormun/servlet/solicitudot?fdd01857e4f248d14a06c7308c35a675c0818608572cb6818433ccb47ffbb9a6262feff15c9cc612d02a8e627c3537ca,gx-no-cache=1745499108839 HTTP/1.1" 200 30
190.95.15.13 - - [24/Apr/2025:09:49:30 -0300] "POST /cormun/servlet/solicitudot?gx-no-cache=1745499108866 HTTP/1.1" 200 30
190.95.15.13 - - [24/Apr/2025:09:49:30 -0300] "POST /cormun/servlet/solicitudot?03e3a6781aded90de598395378be694e,UPD,2025,22483,false,,gx-no-cache=1745499108897 HTTP/1.1" 200 93
190.95.15.13 - - [24/Apr/2025:09:49:31 -0300] "GET /cormun/servlet/hpexe_return? HTTP/1.1" 200 1036
190.95.15.13 - - [24/Apr/2025:09:49:31 -0300] "GET /cormun/servlet/trsolicitudot?gx-no-cache=1745498666401 HTTP/1.1" 200 17462
190.121.111.10 - - [24/Apr/2025:09:49:32 -0300] "POST /cormun/servlet/hlogin?ccdaf4f3063476d447ce229d5b27cc10,gx-no-cache=1745499128107 HTTP/1.1" 200 90
190.121.111.10 - - [24/Apr/2025:09:49:32 -0300] "GET /cormun/servlet/hpexe_link HTTP/1.1" 200 957
190.95.67.97 - - [24/Apr/2025:09:49:32 -0300] "GET /cormun/servlet/solicitudotadjuntos?4dbeca03735cad585793220f4bf76a29c07d284c23bb5ac091b7c3797a9ca07a,gx-no-cache=1745499080976 HTTP/1.1" 200 30
190.95.67.97 - - [24/Apr/2025:09:49:32 -0300] "GET /cormun/servlet/solicitudotadjuntos?4dbeca03735cad585793220f4bf76a29c07d284c23bb5ac091b7c3797a9ca07a,gx-no-cache=1745499080998 HTTP/1.1" 200 30
190.121.111.10 - - [24/Apr/2025:09:49:32 -0300] "GET /cormun/servlet/hhome HTTP/1.1" 200 3826
190.95.67.97 - - [24/Apr/2025:09:49:33 -0300] "POST /cormun/servlet/solicitudotadjuntos?90201f4fd4400be94644e5f0454f795e,INS,2025,22484,,1, HTTP/1.1" 200 116
190.95.67.97 - - [24/Apr/2025:09:49:33 -0300] "GET /cormun/servlet/hpexe_return? HTTP/1.1" 200 1028
190.95.67.97 - - [24/Apr/2025:09:49:33 -0300] "GET /cormun/servlet/trsolicitudadjuntos?2025,22484, HTTP/1.1" 200 9349
190.95.15.13 - - [24/Apr/2025:09:49:34 -0300] "POST /cormun/servlet/trsolicitudot?03e3a6781aded90de598395378be694e,gx-no-cache=1745498666401,gx-no-cache=1745499112618 HTTP/1.1" 200 14820
190.95.67.97 - - [24/Apr/2025:09:49:35 -0300] "GET /cormun/servlet/solicitudotadjuntos?INS,2025,22484,,1, HTTP/1.1" 200 5919
190.95.67.97 - - [24/Apr/2025:09:49:35 -0300] "GET /cormun/static/about:blank HTTP/1.1" 404 1011
190.95.67.97 - - [24/Apr/2025:09:49:36 -0300] "GET /cormun/servlet/solicitudotadjuntos?4dbeca03735cad585793220f4bf76a29babbae5eaf9da2c31dbc5ca37bcae311aad0be5958f54595cf7c7597813996e2,gx-no-cache=1745499084266 HTTP/1.1" 200 30
190.95.67.97 - - [24/Apr/2025:09:49:36 -0300] "POST /cormun/servlet/solicitudotadjuntos?90201f4fd4400be94644e5f0454f795e,INS,2025,22484,,1,,gx-no-cache=1745499084287 HTTP/1.1" 200 3877
190.121.111.10 - - [24/Apr/2025:09:49:36 -0300] "GET /cormun/servlet/trsolicitudgral? HTTP/1.1" 200 28762
190.95.15.13 - - [24/Apr/2025:09:49:38 -0300] "POST /cormun/servlet/trsolicitudot?03e3a6781aded90de598395378be694e,gx-no-cache=1745498666401,gx-no-cache=1745499116098 HTTP/1.1" 200 14820
190.95.67.97 - - [24/Apr/2025:09:49:39 -0300] "POST /cormun/servlet/solicitudotadjuntos?gx-no-cache=1745499087177 HTTP/1.1" 200 26
190.121.111.10 - - [24/Apr/2025:09:49:39 -0300] "GET /cormun/servlet/hlogin HTTP/1.1" 200 1727
190.95.15.13 - - [24/Apr/2025:09:49:39 -0300] "POST /cormun/servlet/trsolicitudot?03e3a6781aded90de598395378be694e,gx-no-cache=1745498666401,gx-no-cache=1745499117857 HTTP/1.1" 200 113
190.95.15.13 - - [24/Apr/2025:09:49:39 -0300] "GET /cormun/servlet/solicitudot?UPD,2025,22483,false, HTTP/1.1" 200 16531
190.95.15.13 - - [24/Apr/2025:09:49:40 -0300] "POST /cormun/servlet/solicitudot?gx-no-cache=1745499118691 HTTP/1.1" 200 4097
190.95.15.13 - - [24/Apr/2025:09:49:40 -0300] "POST /cormun/servlet/solicitudot?03e3a6781aded90de598395378be694e,UPD,2025,22483,false,,gx-no-cache=1745499118811 HTTP/1.1" 200 12788
190.95.15.13 - - [24/Apr/2025:09:49:40 -0300] "GET /cormun/servlet/solicitudot?fdd01857e4f248d14a06c7308c35a675db25a928437a971145b809c7deb5893b8f97934adbbdc8a881eed64ce126a027,gx-no-cache=1745499118917 HTTP/1.1" 200 30
190.95.15.13 - - [24/Apr/2025:09:49:40 -0300] "GET /cormun/servlet/solicitudot?fdd01857e4f248d14a06c7308c35a675183b20a0d26104e4c48df2cefed0ef2ea15e4230bec40e98f534544ed7835503b44ffc1762103e7fcead7ba3fe52fc35,gx-no-cache=1745499118945 HTTP/1.1" 200 30
190.95.15.13 - - [24/Apr/2025:09:49:40 -0300] "GET /cormun/servlet/solicitudot?fdd01857e4f248d14a06c7308c35a675e11ffb195794ecbcc2186820fd6e3bc2,gx-no-cache=1745499118968 HTTP/1.1" 200 29
190.95.15.13 - - [24/Apr/2025:09:49:40 -0300] "POST /cormun/servlet/solicitudot?gx-no-cache=1745499118995 HTTP/1.1" 200 255
190.95.15.13 - - [24/Apr/2025:09:49:40 -0300] "GET /cormun/servlet/solicitudot?fdd01857e4f248d14a06c7308c35a675a10e4a4ce605a44d2dce5e103a090394127ae26e348fbbee7c70b8ee9d389042f4a0cca63162b42dbaa1a41e2fe3585e9e62a9943feaa6d9931590de15e74c22853f19900e17c340e55a3fde3eccdaad614a6e7aa368c4ecb2e522e9a49ecc6160a62214bac441e30cbcef18f6a32cff16bb882adb9300bb1989671afc0f806c30e76d133ee5908e8f1bd64a64905b93ff2bdbe624835512166a69ea3930a17ab67b7f16d3d7e7b4047e776dc8fed50b4be4c0404cd0445ae003a5d5c1f06c24b9a9019db8bd096412d77eb3cb80a73a7ade5800a0529611bf044d92af537cddfc95c8361a3966bc1a418d4119e6079a36aee10b14b3559e8a26cac0195ebba5bcbd191891f326072f4035d06c805ec8b3a2d79e08ae28ae2a035934d9520212aba18140c393219490dbd05547a164cd08428add3b29731a11dc795fa27799feef0e2235d1c688e4296e7c3bbb866332be2ff0554775c0c8934eafc5819e15209ccf3822cb87cd0c9be09a7049bddc13,gx-no-cache=1745499119029 HTTP/1.1" 200 30
190.95.15.13 - - [24/Apr/2025:09:49:40 -0300] "POST /cormun/servlet/solicitudot?gx-no-cache=1745499119065 HTTP/1.1" 200 30
190.95.15.13 - - [24/Apr/2025:09:49:41 -0300] "POST /cormun/servlet/solicitudot?gx-no-cache=1745499119102 HTTP/1.1" 200 1480
190.95.15.13 - - [24/Apr/2025:09:49:41 -0300] "POST /cormun/servlet/solicitudot?gx-no-cache=1745499119147 HTTP/1.1" 200 41
190.121.111.10 - - [24/Apr/2025:09:49:43 -0300] "POST /cormun/servlet/hlogin?ccdaf4f3063476d447ce229d5b27cc10,gx-no-cache=1745499139633 HTTP/1.1" 200 90
190.121.111.10 - - [24/Apr/2025:09:49:43 -0300] "GET /cormun/servlet/hpexe_link HTTP/1.1" 200 963
190.121.111.10 - - [24/Apr/2025:09:49:44 -0300] "GET /cormun/servlet/trsolicitudgral HTTP/1.1" 200 28762
190.95.67.97 - - [24/Apr/2025:09:49:44 -0300] "GET /cormun/servlet/solicitudotadjuntos?4dbeca03735cad585793220f4bf76a29c07d284c23bb5ac091b7c3797a9ca07a,gx-no-cache=1745499092738 HTTP/1.1" 200 30
190.95.67.97 - - [24/Apr/2025:09:49:44 -0300] "GET /cormun/servlet/solicitudotadjuntos?4dbeca03735cad585793220f4bf76a29c07d284c23bb5ac091b7c3797a9ca07a,gx-no-cache=1745499092755 HTTP/1.1" 200 30
190.95.67.97 - - [24/Apr/2025:09:49:44 -0300] "POST /cormun/servlet/solicitudotadjuntos?90201f4fd4400be94644e5f0454f795e,INS,2025,22484,,1, HTTP/1.1" 200 116
190.95.67.97 - - [24/Apr/2025:09:49:44 -0300] "GET /cormun/servlet/hpexe_return? HTTP/1.1" 200 1028
190.95.67.97 - - [24/Apr/2025:09:49:44 -0300] "GET /cormun/servlet/trsolicitudadjuntos?2025,22484, HTTP/1.1" 200 9542
190.95.67.97 - - [24/Apr/2025:09:49:47 -0300] "GET /cormun/servlet/solicitudotadjuntos?INS,2025,22484,,1, HTTP/1.1" 200 5919
190.95.67.97 - - [24/Apr/2025:09:49:47 -0300] "GET /cormun/static/about:blank HTTP/1.1" 404 1011
190.121.111.10 - - [24/Apr/2025:09:49:47 -0300] "GET /cormun/servlet/trautorizarot? HTTP/1.1" 200 9592
190.95.67.97 - - [24/Apr/2025:09:49:47 -0300] "GET /cormun/servlet/solicitudotadjuntos?4dbeca03735cad585793220f4bf76a29babbae5eaf9da2c31dbc5ca37bcae311aad0be5958f54595cf7c7597813996e2,gx-no-cache=1745499096138 HTTP/1.1" 200 30
190.95.67.97 - - [24/Apr/2025:09:49:48 -0300] "POST /cormun/servlet/solicitudotadjuntos?90201f4fd4400be94644e5f0454f795e,INS,2025,22484,,1,,gx-no-cache=1745499096163 HTTP/1.1" 200 3877
190.95.67.97 - - [24/Apr/2025:09:49:51 -0300] "POST /cormun/servlet/solicitudotadjuntos?gx-no-cache=1745499099511 HTTP/1.1" 200 26
190.95.67.97 - - [24/Apr/2025:09:49:57 -0300] "GET /cormun/servlet/solicitudotadjuntos?4dbeca03735cad585793220f4bf76a29c07d284c23bb5ac091b7c3797a9ca07a,gx-no-cache=1745499105259 HTTP/1.1" 200 30
190.95.67.97 - - [24/Apr/2025:09:49:57 -0300] "GET /cormun/servlet/solicitudotadjuntos?4dbeca03735cad585793220f4bf76a29c07d284c23bb5ac091b7c3797a9ca07a,gx-no-cache=1745499105280 HTTP/1.1" 200 30
190.95.15.13 - - [24/Apr/2025:09:49:57 -0300] "GET /cormun/servlet/solicitudot?fdd01857e4f248d14a06c7308c35a6758416744fd87c5d7b89b1f3ef1e620df177172bf0fd48f10295dd3b79ab4aedfef80f5673ffdd1302de56d953e8cac486b746026934987bae489d0ede70b9ea7614f77d17f6a2bcd760b0c90afa8fceff169ad9309ca41ec55029e26ed5bbbe4a,gx-no-cache=1745499135217 HTTP/1.1" 200 110
190.95.15.13 - - [24/Apr/2025:09:49:57 -0300] "POST /cormun/servlet/solicitudot?gx-no-cache=1745499135248 HTTP/1.1" 200 97
190.95.67.97 - - [24/Apr/2025:09:49:57 -0300] "POST /cormun/servlet/solicitudotadjuntos?90201f4fd4400be94644e5f0454f795e,INS,2025,22484,,1, HTTP/1.1" 200 116
190.95.67.97 - - [24/Apr/2025:09:49:57 -0300] "GET /cormun/servlet/hpexe_return? HTTP/1.1" 200 1028
190.95.67.97 - - [24/Apr/2025:09:49:57 -0300] "GET /cormun/servlet/trsolicitudadjuntos?2025,22484, HTTP/1.1" 200 9851
190.95.67.97 - - [24/Apr/2025:09:49:59 -0300] "GET /cormun/servlet/solicitudotadjuntos?INS,2025,22484,,1, HTTP/1.1" 200 5919
190.95.67.97 - - [24/Apr/2025:09:49:59 -0300] "GET /cormun/static/about:blank HTTP/1.1" 404 1011
190.95.67.97 - - [24/Apr/2025:09:50:00 -0300] "GET /cormun/servlet/solicitudotadjuntos?4dbeca03735cad585793220f4bf76a29babbae5eaf9da2c31dbc5ca37bcae311aad0be5958f54595cf7c7597813996e2,gx-no-cache=1745499108650 HTTP/1.1" 200 30
190.95.67.97 - - [24/Apr/2025:09:50:00 -0300] "POST /cormun/servlet/solicitudotadjuntos?90201f4fd4400be94644e5f0454f795e,INS,2025,22484,,1,,gx-no-cache=1745499108677 HTTP/1.1" 200 3877
190.95.15.13 - - [24/Apr/2025:09:50:02 -0300] "GET /cormun/servlet/solicitudot?fdd01857e4f248d14a06c7308c35a675bff36699e9a56f9c5b32241312e127f88cef45d5f4e6bb9ca05cc8b73a95e8f881603c0fdf8d63e3e0ed0d4b32fc0c22e2bdd80e494d1ca1f85f183bb90dc4c2ea3a9668990de92bbc24341666533c1511f3debb4750c176b504a44445fdaf96d3c51400bd0fa9789c4cd8258697e56f598864a04e5986b3b905c7a0918f39c6dd35d347c986774ffa0fb6dbcf1a96bb,gx-no-cache=1745499140377 HTTP/1.1" 200 30
190.95.67.97 - - [24/Apr/2025:09:50:03 -0300] "POST /cormun/servlet/solicitudotadjuntos?gx-no-cache=1745499111400 HTTP/1.1" 200 26
190.95.67.97 - - [24/Apr/2025:09:50:11 -0300] "GET /cormun/servlet/solicitudotadjuntos?4dbeca03735cad585793220f4bf76a29c07d284c23bb5ac091b7c3797a9ca07a,gx-no-cache=1745499119704 HTTP/1.1" 200 30
190.95.67.97 - - [24/Apr/2025:09:50:11 -0300] "GET /cormun/servlet/solicitudotadjuntos?4dbeca03735cad585793220f4bf76a29c07d284c23bb5ac091b7c3797a9ca07a,gx-no-cache=1745499119716 HTTP/1.1" 200 30
190.95.67.97 - - [24/Apr/2025:09:50:11 -0300] "POST /cormun/servlet/solicitudotadjuntos?90201f4fd4400be94644e5f0454f795e,INS,2025,22484,,1, HTTP/1.1" 200 116
190.95.67.97 - - [24/Apr/2025:09:50:11 -0300] "GET /cormun/servlet/hpexe_return? HTTP/1.1" 200 1028
190.95.67.97 - - [24/Apr/2025:09:50:11 -0300] "GET /cormun/servlet/trsolicitudadjuntos?2025,22484, HTTP/1.1" 200 10146
190.95.67.97 - - [24/Apr/2025:09:50:13 -0300] "GET /cormun/servlet/solicitudotadjuntos?INS,2025,22484,,1, HTTP/1.1" 200 5919
190.95.67.97 - - [24/Apr/2025:09:50:14 -0300] "GET /cormun/static/about:blank HTTP/1.1" 404 1011
190.95.67.97 - - [24/Apr/2025:09:50:14 -0300] "GET /cormun/servlet/solicitudotadjuntos?4dbeca03735cad585793220f4bf76a29babbae5eaf9da2c31dbc5ca37bcae311aad0be5958f54595cf7c7597813996e2,gx-no-cache=1745499122774 HTTP/1.1" 200 30
190.95.67.97 - - [24/Apr/2025:09:50:14 -0300] "POST /cormun/servlet/solicitudotadjuntos?90201f4fd4400be94644e5f0454f795e,INS,2025,22484,,1,,gx-no-cache=1745499122797 HTTP/1.1" 200 3877
190.95.67.97 - - [24/Apr/2025:09:50:17 -0300] "POST /cormun/servlet/solicitudotadjuntos?gx-no-cache=1745499125494 HTTP/1.1" 200 26
190.95.67.97 - - [24/Apr/2025:09:50:23 -0300] "GET /cormun/servlet/solicitudotadjuntos?4dbeca03735cad585793220f4bf76a29c07d284c23bb5ac091b7c3797a9ca07a,gx-no-cache=1745499131640 HTTP/1.1" 200 30
190.95.67.97 - - [24/Apr/2025:09:50:23 -0300] "GET /cormun/servlet/solicitudotadjuntos?4dbeca03735cad585793220f4bf76a29c07d284c23bb5ac091b7c3797a9ca07a,gx-no-cache=1745499131658 HTTP/1.1" 200 30
190.95.67.97 - - [24/Apr/2025:09:50:23 -0300] "POST /cormun/servlet/solicitudotadjuntos?90201f4fd4400be94644e5f0454f795e,INS,2025,22484,,1, HTTP/1.1" 200 116
190.95.67.97 - - [24/Apr/2025:09:50:23 -0300] "GET /cormun/servlet/hpexe_return? HTTP/1.1" 200 1028
190.95.67.97 - - [24/Apr/2025:09:50:23 -0300] "GET /cormun/servlet/trsolicitudadjuntos?2025,22484, HTTP/1.1" 200 10325
190.95.15.13 - - [24/Apr/2025:09:50:27 -0300] "POST /cormun/servlet/solicitudot?gx-no-cache=1745499163472 HTTP/1.1" 200 30
190.95.67.97 - - [24/Apr/2025:09:50:27 -0300] "GET /cormun/servlet/trsolicitudot? HTTP/1.1" 200 8468
190.95.67.97 - - [24/Apr/2025:09:50:31 -0300] "POST /cormun/servlet/trsolicitudot?90201f4fd4400be94644e5f0454f795e,,gx-no-cache=1745499139134 HTTP/1.1" 200 4585
190.95.67.97 - - [24/Apr/2025:09:50:31 -0300] "GET /cormun/static/Shared/jqueryui/images/ui-icons_82798d_256x240.png HTTP/1.1" 404 1089
190.95.67.97 - - [24/Apr/2025:09:50:31 -0300] "GET /cormun/static/Shared/jqueryui/images/ui-bg_highlight-soft_100_c6c2c8_1x100.png HTTP/1.1" 404 1117
190.95.67.97 - - [24/Apr/2025:09:50:31 -0300] "GET /cormun/static/Shared/jqueryui/images/ui-bg_flat_55_fafafa_40x100.png HTTP/1.1" 404 1097
190.95.67.97 - - [24/Apr/2025:09:50:31 -0300] "GET /cormun/static/Shared/jqueryui/images/ui-icons_8d78a5_256x240.png HTTP/1.1" 404 1089
190.95.67.97 - - [24/Apr/2025:09:50:31 -0300] "POST /cormun/servlet/trsolicitudot?90201f4fd4400be94644e5f0454f795e,,gx-no-cache=1745499139359 HTTP/1.1" 200 4351
190.121.111.10 - - [24/Apr/2025:09:50:54 -0300] "GET /cormun/servlet/vesolicitudgral?2025,22482,, HTTP/1.1" 200 8436
190.121.111.10 - - [24/Apr/2025:09:50:54 -0300] "GET /cormun/pexe_scrolldiv.js HTTP/1.1" 404 1009
190.95.67.97 - - [24/Apr/2025:09:50:56 -0300] "GET /cormun/servlet/hlogin HTTP/1.1" 200 1739
201.186.225.193 - - [24/Apr/2025:09:50:57 -0300] "GET /cormun/servlet/licenciaspermisos?DSP,13720949,L,20250418000000, HTTP/1.1" 200 7424
201.186.225.193 - - [24/Apr/2025:09:50:57 -0300] "GET /cormun/static/gxcfg.js?202012153173 HTTP/1.1" 200 953
201.186.225.193 - - [24/Apr/2025:09:50:57 -0300] "GET /cormun/static/licenciaspermisos.js?2020121532136 HTTP/1.1" 200 38753
201.186.225.193 - - [24/Apr/2025:09:51:02 -0300] "GET /cormun/servlet/trlicencias? HTTP/1.1" 200 11158
190.95.67.97 - - [24/Apr/2025:09:51:05 -0300] "POST /cormun/servlet/hlogin?90201f4fd4400be94644e5f0454f795e,gx-no-cache=1745499173472 HTTP/1.1" 200 455
201.186.225.193 - - [24/Apr/2025:09:51:05 -0300] "GET /cormun/servlet/licenciaspermisos?DSP,15102853,L,20250422000000, HTTP/1.1" 200 7413
190.95.67.97 - - [24/Apr/2025:09:51:08 -0300] "POST /cormun/servlet/hlogin?90201f4fd4400be94644e5f0454f795e,gx-no-cache=1745499177102 HTTP/1.1" 200 90
190.95.67.97 - - [24/Apr/2025:09:51:09 -0300] "GET /cormun/servlet/hpexe_link HTTP/1.1" 200 952
190.95.67.97 - - [24/Apr/2025:09:51:09 -0300] "GET /cormun/servlet/hhome HTTP/1.1" 200 4110
190.95.67.97 - - [24/Apr/2025:09:51:09 -0300] "GET /cormun/static/SmoothNavMenu/resources/images/right.gif HTTP/1.1" 200 860
201.186.225.193 - - [24/Apr/2025:09:51:10 -0300] "GET /cormun/servlet/trlicencias? HTTP/1.1" 200 11143
190.95.67.97 - - [24/Apr/2025:09:51:11 -0300] "GET /cormun/servlet/trautorizarsolicitud? HTTP/1.1" 200 8586
190.95.67.97 - - [24/Apr/2025:09:51:11 -0300] "GET /cormun/static/gxcfg.js?202211298474254 HTTP/1.1" 200 953
190.95.67.97 - - [24/Apr/2025:09:51:12 -0300] "GET /cormun/static/trautorizarsolicitud.js?202211298474588 HTTP/1.1" 200 53909
201.186.225.193 - - [24/Apr/2025:09:51:18 -0300] "GET /cormun/servlet/licenciaspermisos?DSP,17107585,L,20250404000000, HTTP/1.1" 200 7431
190.95.67.97 - - [24/Apr/2025:09:51:23 -0300] "POST /cormun/servlet/trautorizarsolicitud?90201f4fd4400be94644e5f0454f795e,,gx-no-cache=1745499191463 HTTP/1.1" 200 4779
190.95.67.97 - - [24/Apr/2025:09:51:23 -0300] "POST /cormun/servlet/trautorizarsolicitud?90201f4fd4400be94644e5f0454f795e,,gx-no-cache=1745499191620 HTTP/1.1" 200 4539
201.186.225.193 - - [24/Apr/2025:09:51:27 -0300] "GET /cormun/servlet/trlicencias? HTTP/1.1" 200 11158
190.95.15.13 - - [24/Apr/2025:09:51:42 -0300] "GET /cormun/static/Resources/PXTools/ClosePrompt.png HTTP/1.1" 200 1036
190.95.15.13 - - [24/Apr/2025:09:51:42 -0300] "GET /cormun/static/Resources/resize.gif HTTP/1.1" 200 77
190.95.15.13 - - [24/Apr/2025:09:51:43 -0300] "GET /cormun/servlet/prfichaempleado?,MD,,gxPopupLevel%3D0%3B HTTP/1.1" 200 9242
190.95.15.13 - - [24/Apr/2025:09:51:43 -0300] "GET /cormun/static/gxcfg.js?20201215571085 HTTP/1.1" 200 953
190.95.15.13 - - [24/Apr/2025:09:51:43 -0300] "GET /cormun/static/Resources/PXToolsMenuSearch.png HTTP/1.1" 200 336
190.95.15.13 - - [24/Apr/2025:09:51:43 -0300] "GET /cormun/static/prfichaempleado.js?20201215572193 HTTP/1.1" 200 16005
190.95.15.13 - - [24/Apr/2025:09:51:43 -0300] "GET /cormun/static/Resources/PXToolsMenuSearchCancel.png HTTP/1.1" 200 306
190.95.15.13 - - [24/Apr/2025:09:51:43 -0300] "GET /cormun/static/menusearch.js?20201214473581 HTTP/1.1" 200 1424
190.95.15.13 - - [24/Apr/2025:09:51:43 -0300] "GET /cormun/static/hmpwkw011.js?202211298443482 HTTP/1.1" 200 1968
190.95.15.13 - - [24/Apr/2025:09:52:03 -0300] "POST /cormun/servlet/prfichaempleado?03e3a6781aded90de598395378be694e,,MD,,gxPopupLevel%3D0%3B,gx-no-cache=1745499261888 HTTP/1.1" 200 3409
179.57.78.55 - - [24/Apr/2025:09:52:16 -0300] "GET /cormun/servlet/trsolicitudot? HTTP/1.1" 200 7199
179.57.78.55 - - [24/Apr/2025:09:52:18 -0300] "GET /cormun/servlet/solicitudot?INS,0,0,false, HTTP/1.1" 200 15985
179.57.78.55 - - [24/Apr/2025:09:52:18 -0300] "GET /cormun/static/gxcfg.js?20221129840861 HTTP/1.1" 200 953
179.57.78.55 - - [24/Apr/2025:09:52:18 -0300] "GET /cormun/static/solicitudot.js?20221129840983 HTTP/1.1" 200 74072
190.95.15.13 - - [24/Apr/2025:09:52:23 -0300] "GET /cormun/servlet/prlicenciaspermisos?17524722,L,,MD,,gxPopupLevel%3D0%3B HTTP/1.1" 200 5424
190.95.15.13 - - [24/Apr/2025:09:52:23 -0300] "GET /cormun/static/gxcfg.js?2020121559567 HTTP/1.1" 200 953
190.95.15.13 - - [24/Apr/2025:09:52:23 -0300] "GET /cormun/static/prlicenciaspermisos.js?2020121559821 HTTP/1.1" 200 13379
179.57.78.55 - - [24/Apr/2025:09:52:27 -0300] "POST /cormun/servlet/solicitudot?gx-no-cache=1745499285410 HTTP/1.1" 200 4046
179.57.78.55 - - [24/Apr/2025:09:52:27 -0300] "POST /cormun/servlet/solicitudot?1ee018f78f6fa4c4ebe8269299e8802c,INS,0,0,false,,gx-no-cache=1745499285583 HTTP/1.1" 200 12617
179.57.78.55 - - [24/Apr/2025:09:52:28 -0300] "GET /cormun/servlet/solicitudot?5a4ad791622c1301666452d49061c68572c616adf062816ca2d92cdd25e3cf2f6c3a70d606e629bb8c59e088f327a9af,gx-no-cache=1745499286345 HTTP/1.1" 200 30
190.95.15.13 - - [24/Apr/2025:09:54:10 -0300] "POST /cormun/servlet/solicitudot?gx-no-cache=1745499388696 HTTP/1.1" 200 1481
52.167.144.147 - - [24/Apr/2025:09:54:42 -0300] "GET /cormun/servlet/hlogin HTTP/1.1" 200 1723
190.95.15.13 - - [24/Apr/2025:09:54:52 -0300] "POST /cormun/servlet/solicitudot?gx-no-cache=1745499430391 HTTP/1.1" 200 41
190.95.15.13 - - [24/Apr/2025:09:54:52 -0300] "GET /cormun/servlet/solicitudot?fdd01857e4f248d14a06c7308c35a6758416744fd87c5d7b89b1f3ef1e620df177172bf0fd48f10295dd3b79ab4aedfef80f5673ffdd1302de56d953e8cac486b746026934987bae489d0ede70b9ea7614f77d17f6a2bcd760b0c90afa8fceff169ad9309ca41ec55029e26ed5bbbe4a,gx-no-cache=1745499430443 HTTP/1.1" 200 110
190.95.15.13 - - [24/Apr/2025:09:54:52 -0300] "POST /cormun/servlet/solicitudot?gx-no-cache=1745499430468 HTTP/1.1" 200 97
190.95.15.13 - - [24/Apr/2025:09:54:52 -0300] "GET /cormun/servlet/solicitudot?fdd01857e4f248d14a06c7308c35a675c0818608572cb6818433ccb47ffbb9a62c5f599041c6791f120dc33f9c387269,gx-no-cache=1745499430505 HTTP/1.1" 200 30
190.95.15.13 - - [24/Apr/2025:09:54:53 -0300] "POST /cormun/servlet/solicitudot?gx-no-cache=1745499430528 HTTP/1.1" 200 135
190.95.15.13 - - [24/Apr/2025:09:54:53 -0300] "POST /cormun/servlet/solicitudot?03e3a6781aded90de598395378be694e,UPD,2025,22483,false,,gx-no-cache=1745499431159 HTTP/1.1" 200 13017
179.57.78.55 - - [24/Apr/2025:09:55:03 -0300] "GET /cormun/static/Resources/PXTools/ClosePrompt.png HTTP/1.1" 200 1036
179.57.78.55 - - [24/Apr/2025:09:55:03 -0300] "GET /cormun/static/Resources/resize.gif HTTP/1.1" 200 77
179.57.78.55 - - [24/Apr/2025:09:55:03 -0300] "GET /cormun/servlet/prbanco?,MD,,gxPopupLevel%3D0%3B HTTP/1.1" 200 6646
179.57.78.55 - - [24/Apr/2025:09:55:03 -0300] "GET /cormun/static/Resources/PXToolsMenuSearch.png HTTP/1.1" 200 336
179.57.78.55 - - [24/Apr/2025:09:55:03 -0300] "GET /cormun/static/prbanco.js?20201216132311 HTTP/1.1" 200 10693
179.57.78.55 - - [24/Apr/2025:09:55:03 -0300] "GET /cormun/static/gxcfg.js?20201216131581 HTTP/1.1" 200 953
179.57.78.55 - - [24/Apr/2025:09:55:03 -0300] "GET /cormun/static/menusearch.js?20201214473581 HTTP/1.1" 200 1424
179.57.78.55 - - [24/Apr/2025:09:55:03 -0300] "GET /cormun/static/hmpwkw011.js?202211298443482 HTTP/1.1" 200 1968
179.57.78.55 - - [24/Apr/2025:09:55:03 -0300] "GET /cormun/static/Resources/PXToolsMenuSearchCancel.png HTTP/1.1" 200 306
179.57.78.55 - - [24/Apr/2025:09:55:07 -0300] "GET /cormun/servlet/solicitudot?5a4ad791622c1301666452d49061c68542d15f3725b972543bd5a5b1a0f9816787cc0a053d30752921a9240df39874b4e69ae3610ce4c38567790efa495c89c3,gx-no-cache=1745499445632 HTTP/1.1" 200 30
179.57.78.55 - - [24/Apr/2025:09:55:09 -0300] "GET /cormun/servlet/solicitudot?5a4ad791622c1301666452d49061c685ef02add2588c0d7e4599395809e98fe8,gx-no-cache=1745499447381 HTTP/1.1" 200 53
190.95.15.13 - - [24/Apr/2025:09:55:09 -0300] "POST /cormun/servlet/solicitudot?gx-no-cache=1745499447442 HTTP/1.1" 200 4097
190.95.15.13 - - [24/Apr/2025:09:55:09 -0300] "POST /cormun/servlet/solicitudot?03e3a6781aded90de598395378be694e,UPD,2025,22483,false,,gx-no-cache=1745499447566 HTTP/1.1" 200 12919
190.95.15.13 - - [24/Apr/2025:09:55:09 -0300] "GET /cormun/servlet/solicitudot?fdd01857e4f248d14a06c7308c35a675db25a928437a971145b809c7deb5893b8f97934adbbdc8a881eed64ce126a027,gx-no-cache=1745499447681 HTTP/1.1" 200 30
190.95.15.13 - - [24/Apr/2025:09:55:09 -0300] "GET /cormun/servlet/solicitudot?fdd01857e4f248d14a06c7308c35a675183b20a0d26104e4c48df2cefed0ef2ea15e4230bec40e98f534544ed7835503b44ffc1762103e7fcead7ba3fe52fc35,gx-no-cache=1745499447706 HTTP/1.1" 200 30
190.95.15.13 - - [24/Apr/2025:09:55:09 -0300] "GET /cormun/servlet/solicitudot?fdd01857e4f248d14a06c7308c35a675e11ffb195794ecbcc2186820fd6e3bc2,gx-no-cache=1745499447728 HTTP/1.1" 200 29
190.95.15.13 - - [24/Apr/2025:09:55:09 -0300] "POST /cormun/servlet/solicitudot?gx-no-cache=1745499447753 HTTP/1.1" 200 256
190.95.15.13 - - [24/Apr/2025:09:55:09 -0300] "GET /cormun/servlet/solicitudot?fdd01857e4f248d14a06c7308c35a675a10e4a4ce605a44d2dce5e103a090394127ae26e348fbbee7c70b8ee9d389042f4a0cca63162b42dbaa1a41e2fe3585e9e62a9943feaa6d9931590de15e74c22853f19900e17c340e55a3fde3eccdaad614a6e7aa368c4ecb2e522e9a49ecc6160a62214bac441e30cbcef18f6a32cff16bb882adb9300bb1989671afc0f806c30e76d133ee5908e8f1bd64a64905b93ff2bdbe624835512166a69ea3930a17ab67b7f16d3d7e7b4047e776dc8fed50b4be4c0404cd0445ae003a5d5c1f06c24b9a9019db8bd096412d77eb3cb80a73a7ade5800a0529611bf044d92af537cddfc95c8361a3966bc1a418d4119e6079a36aee10b14b3559e8a26cac0195ebba5bcbd191891f326072f4035d06c805ec8b3a2d79e08ae28ae2a035934d9520212aba18140c393219490dbd05547a164cd08428add3b29731a11dc795fa27799feef0e2235d1c688e4296e7c3bbb866332be2ff0554775c0c8934eafc5819e15209ccf3822cb87cd0c9be09a7049bddc13,gx-no-cache=1745499447782 HTTP/1.1" 200 30
190.95.15.13 - - [24/Apr/2025:09:55:12 -0300] "POST /cormun/servlet/solicitudot?gx-no-cache=1745499450064 HTTP/1.1" 200 30
190.95.15.13 - - [24/Apr/2025:09:55:15 -0300] "POST /cormun/servlet/solicitudot?gx-no-cache=1745499453680 HTTP/1.1" 200 1481
190.95.15.13 - - [24/Apr/2025:09:55:15 -0300] "POST /cormun/servlet/solicitudot?gx-no-cache=1745499453762 HTTP/1.1" 200 41
190.95.15.13 - - [24/Apr/2025:09:55:15 -0300] "GET /cormun/servlet/solicitudot?fdd01857e4f248d14a06c7308c35a6758416744fd87c5d7b89b1f3ef1e620df177172bf0fd48f10295dd3b79ab4aedfef80f5673ffdd1302de56d953e8cac486b746026934987bae489d0ede70b9ea7614f77d17f6a2bcd760b0c90afa8fceff169ad9309ca41ec55029e26ed5bbbe4a,gx-no-cache=1745499453789 HTTP/1.1" 200 110
190.95.15.13 - - [24/Apr/2025:09:55:15 -0300] "POST /cormun/servlet/solicitudot?gx-no-cache=1745499453823 HTTP/1.1" 200 97
190.95.15.13 - - [24/Apr/2025:09:55:15 -0300] "POST /cormun/servlet/solicitudot?gx-no-cache=1745499453858 HTTP/1.1" 200 34
190.95.15.13 - - [24/Apr/2025:09:55:16 -0300] "POST /cormun/servlet/solicitudot?03e3a6781aded90de598395378be694e,UPD,2025,22483,false,,gx-no-cache=1745499453886 HTTP/1.1" 200 93
190.95.15.13 - - [24/Apr/2025:09:55:16 -0300] "GET /cormun/servlet/hpexe_return? HTTP/1.1" 200 1036
190.95.15.13 - - [24/Apr/2025:09:55:16 -0300] "GET /cormun/servlet/trsolicitudot?gx-no-cache=1745498666401 HTTP/1.1" 200 17507
190.95.15.13 - - [24/Apr/2025:09:55:21 -0300] "POST /cormun/servlet/trsolicitudot?03e3a6781aded90de598395378be694e,gx-no-cache=1745498666401,gx-no-cache=1745499459372 HTTP/1.1" 200 14846
190.95.15.13 - - [24/Apr/2025:09:55:21 -0300] "GET /cormun/static/Shared/jqueryui/images/ui-icons_82798d_256x240.png HTTP/1.1" 404 1089
190.95.15.13 - - [24/Apr/2025:09:55:21 -0300] "GET /cormun/static/Shared/jqueryui/images/ui-bg_highlight-soft_100_c6c2c8_1x100.png HTTP/1.1" 404 1117
190.95.15.13 - - [24/Apr/2025:09:55:21 -0300] "GET /cormun/static/Shared/jqueryui/images/ui-icons_8d78a5_256x240.png HTTP/1.1" 404 1089
190.95.15.13 - - [24/Apr/2025:09:55:21 -0300] "GET /cormun/static/Shared/jqueryui/images/ui-bg_flat_55_fafafa_40x100.png HTTP/1.1" 404 1097
190.95.15.13 - - [24/Apr/2025:09:55:25 -0300] "POST /cormun/servlet/trsolicitudot?03e3a6781aded90de598395378be694e,gx-no-cache=1745498666401,gx-no-cache=1745499463139 HTTP/1.1" 200 14846
179.57.78.55 - - [24/Apr/2025:09:55:28 -0300] "POST /cormun/servlet/solicitudot?gx-no-cache=1745499466214 HTTP/1.1" 200 240
190.95.15.13 - - [24/Apr/2025:09:55:28 -0300] "POST /cormun/servlet/trsolicitudot?03e3a6781aded90de598395378be694e,gx-no-cache=1745498666401,gx-no-cache=1745499466770 HTTP/1.1" 200 107
190.95.15.13 - - [24/Apr/2025:09:55:28 -0300] "GET /cormun/servlet/trsolicitudadjuntos?2025,22277, HTTP/1.1" 200 6076
190.121.111.10 - - [24/Apr/2025:09:55:30 -0300] "GET /cormun/servlet/trsolicitudgral? HTTP/1.1" 200 28658
190.95.15.13 - - [24/Apr/2025:09:55:31 -0300] "GET /cormun/servlet/trsolicitudot?gx-no-cache=1745498666401 HTTP/1.1" 200 17507
190.95.67.95 - - [24/Apr/2025:09:55:32 -0300] "GET /cormun/servlet/trpermisosgoce? HTTP/1.1" 200 11286
179.57.78.55 - - [24/Apr/2025:09:55:33 -0300] "GET /cormun/servlet/solicitudot?5a4ad791622c1301666452d49061c685170ad958c2480714251a732c956ff4f2f0ede6f45d72fdb8545622a8703d4b7b8414a267810a982cab9e6259b370a0e7c5adb157a95fdf2d5ad185485fb7be2aa93364fb5cfac051f877eeaa66eb9023f92d4be26e8dfb5d6598930ddd5c0747e2c6134a4698b4ef9536b3428f6668fa30bba58c70a8a8d24b121d1c31011ff0acf7fd0538335961109be02b59a067f41a934278f479786aebfefbaec3361a110dd693ea5cbe6c81cb4dd23ea565a3af135f9f91826d1968c81928d8091d2aed8b814b282b1be74f427ab8abf6e4b3a46c35185d98cc7f08942715c1eef0ce6284fbada1d1fc3423f4776efc8e82dfcaa18f4f0b1ca5de334dd3c4eb36c2b36f474e4d2b5c911173ed4ca3d57ce5e1e6e367e3d115389f5f4ad4680c3497afdde744529f1990a9b86dad0f1ed4b83bc217f329095f971e3e1cc114ff597b8ce849fafee7c354ca651e479e30a9c7b0871d286f260c19b95bfe3a7761ef3ec6c2f11c0ba1f02f1a1f8324101a763ee1bd,gx-no-cache=1745499471520 HTTP/1.1" 200 30
190.95.67.95 - - [24/Apr/2025:09:55:35 -0300] "GET /cormun/servlet/permisogoce?INS,0,,, HTTP/1.1" 200 6869
179.57.78.55 - - [24/Apr/2025:09:55:35 -0300] "POST /cormun/servlet/solicitudot?gx-no-cache=1745499474063 HTTP/1.1" 200 30
64.233.172.32 - - [24/Apr/2025:09:55:41 -0300] "GET /cormun/servlet/trsolicitudgral HTTP/1.1" 500 10
66.249.80.136 - - [24/Apr/2025:09:55:41 -0300] "GET /cormun/servlet/trsolicitudgral HTTP/1.1" 500 10
66.249.80.135 - - [24/Apr/2025:09:55:42 -0300] "GET /cormun/servlet/trsolicitudgral HTTP/1.1" 500 5556
64.233.172.34 - - [24/Apr/2025:09:55:42 -0300] "GET /cormun/servlet/trsolicitudgral HTTP/1.1" 500 5556
179.57.78.55 - - [24/Apr/2025:09:55:47 -0300] "POST /cormun/servlet/solicitudot?gx-no-cache=1745499485030 HTTP/1.1" 200 1482
179.57.78.55 - - [24/Apr/2025:09:55:49 -0300] "GET /cormun/servlet/prlicenciaspermisos?13504206,L,,MD,,gxPopupLevel%3D0%3B HTTP/1.1" 200 6179
179.57.78.55 - - [24/Apr/2025:09:55:49 -0300] "GET /cormun/static/gxcfg.js?2020121559567 HTTP/1.1" 200 953
179.57.78.55 - - [24/Apr/2025:09:55:49 -0300] "GET /cormun/static/prlicenciaspermisos.js?2020121559821 HTTP/1.1" 200 13379
190.95.67.95 - - [24/Apr/2025:09:55:50 -0300] "GET /cormun/servlet/permisogoce?e882101ab79af81899d2f1d74ac76eea8fcb1a44adccf6c1dc66733bae856c5c258162b324490f916aa0175a6f0c82a7aa04a3ef2052fe8c6e3315f531e9ea86,gx-no-cache=1745499488585 HTTP/1.1" 200 226
190.95.67.95 - - [24/Apr/2025:09:55:50 -0300] "GET /cormun/static/Shared/jqueryui/images/ui-bg_highlight-soft_100_c6c2c8_1x100.png HTTP/1.1" 404 1117
190.95.67.95 - - [24/Apr/2025:09:55:50 -0300] "GET /cormun/static/Shared/jqueryui/images/ui-icons_82798d_256x240.png HTTP/1.1" 404 1089
190.95.67.95 - - [24/Apr/2025:09:55:50 -0300] "GET /cormun/static/Shared/jqueryui/images/ui-bg_flat_55_994d53_40x100.png HTTP/1.1" 404 1097
190.95.67.95 - - [24/Apr/2025:09:55:50 -0300] "GET /cormun/static/Shared/jqueryui/images/ui-icons_ebccce_256x240.png HTTP/1.1" 404 1089
179.57.78.55 - - [24/Apr/2025:09:55:55 -0300] "POST /cormun/servlet/solicitudot?gx-no-cache=1745499493707 HTTP/1.1" 200 41
190.121.111.10 - - [24/Apr/2025:09:55:56 -0300] "GET /cormun/servlet/vesolicitudgral?2025,22484,, HTTP/1.1" 200 8387
190.121.111.10 - - [24/Apr/2025:09:55:56 -0300] "GET /cormun/pexe_scrolldiv.js HTTP/1.1" 404 1009
190.121.111.10 - - [24/Apr/2025:09:56:00 -0300] "GET /cormun/servlet/trsolicitudgral? HTTP/1.1" 200 28658
190.121.111.10 - - [24/Apr/2025:09:56:02 -0300] "GET /cormun/servlet/vesolicitudgral?2025,22482,, HTTP/1.1" 200 8425
190.121.111.10 - - [24/Apr/2025:09:56:02 -0300] "GET /cormun/pexe_scrolldiv.js HTTP/1.1" 404 1009
179.57.78.55 - - [24/Apr/2025:09:56:07 -0300] "GET /cormun/servlet/solicitudot?5a4ad791622c1301666452d49061c68531b072a3b4ed3fb62715de254778362bfcc29806542f926c9135da2c238007f532cd341e996074d6b53c3fd5f82318d670ab6ece82ad5e179036b22de866720c8d194c39f21a0cd0153e26b9ad191fe80a20d1a6e54d4d46b8a05287a0ebb3bb,gx-no-cache=1745499505736 HTTP/1.1" 200 110
179.57.78.55 - - [24/Apr/2025:09:56:07 -0300] "POST /cormun/servlet/solicitudot?gx-no-cache=1745499505836 HTTP/1.1" 200 64
179.57.78.55 - - [24/Apr/2025:09:56:11 -0300] "GET /cormun/servlet/solicitudot?5a4ad791622c1301666452d49061c685b0a1ed5cfc2651a58a19261ac57e4eda432c3c06c90220f10646846bc1928b50b1038d9196b9a8037709c4cbe6228032dabbbbf7a9d0c5ac71419d1d7d9d926edae27534c048da2be72d4e0d94c84db19033039d83f31ffb8722b3b076529b63,gx-no-cache=1745499509357 HTTP/1.1" 200 29
179.57.78.55 - - [24/Apr/2025:09:56:11 -0300] "GET /cormun/static/menuarrow.gif HTTP/1.1" 404 1015
179.57.78.55 - - [24/Apr/2025:09:56:14 -0300] "GET /cormun/servlet/solicitudot?5a4ad791622c1301666452d49061c6855f0081f00d36d5f7c2fcab1719fe71dd4a89d93f0d95c6ee40d6c55145e310de,gx-no-cache=1745499512773 HTTP/1.1" 200 30
179.57.78.55 - - [24/Apr/2025:09:56:14 -0300] "POST /cormun/servlet/solicitudot?gx-no-cache=1745499512811 HTTP/1.1" 200 34
179.57.78.55 - - [24/Apr/2025:09:56:18 -0300] "POST /cormun/servlet/solicitudot?1ee018f78f6fa4c4ebe8269299e8802c,INS,0,0,false,,gx-no-cache=1745499515327 HTTP/1.1" 200 93
179.57.78.55 - - [24/Apr/2025:09:56:18 -0300] "GET /cormun/servlet/hpexe_return? HTTP/1.1" 200 1012
179.57.78.55 - - [24/Apr/2025:09:56:18 -0300] "GET /cormun/servlet/trsolicitudot HTTP/1.1" 200 8627
179.57.78.55 - - [24/Apr/2025:09:56:18 -0300] "GET /cormun//static/Resources/PXToolsRemoveAllAction.png HTTP/1.1" 200 487
179.57.78.55 - - [24/Apr/2025:09:56:18 -0300] "GET /cormun//static/Resources/PXToolsActionView.png HTTP/1.1" 200 398
190.95.15.13 - - [24/Apr/2025:09:56:40 -0300] "POST /cormun/servlet/trsolicitudot?03e3a6781aded90de598395378be694e,gx-no-cache=1745498666401,gx-no-cache=1745499538210 HTTP/1.1" 200 14386
190.95.15.13 - - [24/Apr/2025:09:56:40 -0300] "POST /cormun/servlet/trsolicitudot?03e3a6781aded90de598395378be694e,gx-no-cache=1745498666401,gx-no-cache=1745499538688 HTTP/1.1" 200 14326
190.95.15.13 - - [24/Apr/2025:09:56:44 -0300] "POST /cormun/servlet/trsolicitudot?03e3a6781aded90de598395378be694e,gx-no-cache=1745498666401,gx-no-cache=1745499542505 HTTP/1.1" 200 14009
190.95.15.13 - - [24/Apr/2025:09:56:45 -0300] "POST /cormun/servlet/trsolicitudot?03e3a6781aded90de598395378be694e,gx-no-cache=1745498666401,gx-no-cache=1745499542937 HTTP/1.1" 200 13949
190.95.15.13 - - [24/Apr/2025:09:56:50 -0300] "POST /cormun/servlet/trsolicitudot?03e3a6781aded90de598395378be694e,gx-no-cache=1745498666401,gx-no-cache=1745499548305 HTTP/1.1" 200 13646
190.95.15.13 - - [24/Apr/2025:09:56:50 -0300] "POST /cormun/servlet/trsolicitudot?03e3a6781aded90de598395378be694e,gx-no-cache=1745498666401,gx-no-cache=1745499548651 HTTP/1.1" 200 13587
190.95.15.13 - - [24/Apr/2025:09:56:59 -0300] "POST /cormun/servlet/trsolicitudot?03e3a6781aded90de598395378be694e,gx-no-cache=1745498666401,gx-no-cache=1745499557297 HTTP/1.1" 200 13140
190.95.15.13 - - [24/Apr/2025:09:56:59 -0300] "POST /cormun/servlet/trsolicitudot?03e3a6781aded90de598395378be694e,gx-no-cache=1745498666401,gx-no-cache=1745499557642 HTTP/1.1" 200 13085
179.57.78.55 - - [24/Apr/2025:09:57:04 -0300] "POST /cormun/servlet/trsolicitudot?1ee018f78f6fa4c4ebe8269299e8802c,gx-no-cache=1745499562408 HTTP/1.1" 200 107
179.57.78.55 - - [24/Apr/2025:09:57:04 -0300] "GET /cormun/servlet/trsolicitudadjuntos?2025,22485, HTTP/1.1" 200 6096
179.57.78.55 - - [24/Apr/2025:09:57:04 -0300] "GET /cormun/static/gxcfg.js?20201215574222 HTTP/1.1" 200 953
179.57.78.55 - - [24/Apr/2025:09:57:04 -0300] "GET /cormun/static/Resources/PXToolsGridNew.png HTTP/1.1" 200 427
179.57.78.55 - - [24/Apr/2025:09:57:04 -0300] "GET /cormun/static/trsolicitudadjuntos.js?20201215574932 HTTP/1.1" 200 17921
179.57.78.55 - - [24/Apr/2025:09:57:06 -0300] "GET /cormun/servlet/solicitudotadjuntos?INS,2025,22485,,1, HTTP/1.1" 200 6040
179.57.78.55 - - [24/Apr/2025:09:57:06 -0300] "GET /cormun/static/gxcfg.js?202211298385187 HTTP/1.1" 200 953
179.57.78.55 - - [24/Apr/2025:09:57:06 -0300] "GET /cormun/static/solicitudotadjuntos.js?202211298385196 HTTP/1.1" 200 11771
179.57.78.55 - - [24/Apr/2025:09:57:06 -0300] "GET /cormun/static/about:blank HTTP/1.1" 404 1011
179.57.78.55 - - [24/Apr/2025:09:57:07 -0300] "GET /cormun/servlet/solicitudotadjuntos?5a4ad791622c1301666452d49061c685b4d01ff3190313ac220ad3c3c863f7cb22d628cfce74273c63c28a246065a2e2,gx-no-cache=1745499565175 HTTP/1.1" 200 30
179.57.78.55 - - [24/Apr/2025:09:57:07 -0300] "POST /cormun/servlet/solicitudotadjuntos?1ee018f78f6fa4c4ebe8269299e8802c,INS,2025,22485,,1,,gx-no-cache=1745499565194 HTTP/1.1" 200 3876
179.57.78.55 - - [24/Apr/2025:09:57:08 -0300] "POST /cormun/servlet/solicitudotadjuntos?gx-no-cache=1745499567032 HTTP/1.1" 200 26
190.95.2.163 - - [24/Apr/2025:09:57:17 -0300] "GET /cormun/servlet/hlogin HTTP/1.1" 200 1723
190.95.2.163 - - [24/Apr/2025:09:57:22 -0300] "POST /cormun/servlet/hlogin?475dc62036c4f0faa75069ef8160ffd7,gx-no-cache=1745499581275 HTTP/1.1" 200 90
190.95.2.163 - - [24/Apr/2025:09:57:22 -0300] "GET /cormun/servlet/hpexe_link HTTP/1.1" 200 952
190.95.2.163 - - [24/Apr/2025:09:57:22 -0300] "GET /cormun/servlet/hhome HTTP/1.1" 200 3994
190.95.2.163 - - [24/Apr/2025:09:57:26 -0300] "GET /cormun/servlet/trsolicitudot? HTTP/1.1" 200 7214
190.95.2.163 - - [24/Apr/2025:09:57:26 -0300] "GET /cormun/static/gxcfg.js?20221129846531 HTTP/1.1" 200 953
190.95.2.163 - - [24/Apr/2025:09:57:26 -0300] "GET /cormun/static/trsolicitudot.js?202211298465651 HTTP/1.1" 200 54040
179.57.78.55 - - [24/Apr/2025:09:57:27 -0300] "GET /cormun/servlet/solicitudotadjuntos?5a4ad791622c1301666452d49061c685978e0e079d77762f220b065fe22d92a9,gx-no-cache=1745499585965 HTTP/1.1" 200 30
179.57.78.55 - - [24/Apr/2025:09:57:27 -0300] "GET /cormun/servlet/solicitudotadjuntos?5a4ad791622c1301666452d49061c685978e0e079d77762f220b065fe22d92a9,gx-no-cache=1745499585983 HTTP/1.1" 200 30
179.57.78.55 - - [24/Apr/2025:09:57:28 -0300] "POST /cormun/servlet/solicitudotadjuntos?1ee018f78f6fa4c4ebe8269299e8802c,INS,2025,22485,,1, HTTP/1.1" 200 116
179.57.78.55 - - [24/Apr/2025:09:57:28 -0300] "GET /cormun/servlet/hpexe_return? HTTP/1.1" 200 1029
179.57.78.55 - - [24/Apr/2025:09:57:28 -0300] "GET /cormun/servlet/trsolicitudadjuntos?2025,22485, HTTP/1.1" 200 9102
179.57.78.55 - - [24/Apr/2025:09:57:30 -0300] "GET /cormun/servlet/solicitudotadjuntos?INS,2025,22485,,1, HTTP/1.1" 200 6040
179.57.78.55 - - [24/Apr/2025:09:57:30 -0300] "GET /cormun/static/about:blank HTTP/1.1" 404 1011
179.57.78.55 - - [24/Apr/2025:09:57:30 -0300] "GET /cormun/servlet/solicitudotadjuntos?5a4ad791622c1301666452d49061c685b4d01ff3190313ac220ad3c3c863f7cb22d628cfce74273c63c28a246065a2e2,gx-no-cache=1745499588792 HTTP/1.1" 200 30
179.57.78.55 - - [24/Apr/2025:09:57:30 -0300] "POST /cormun/servlet/solicitudotadjuntos?1ee018f78f6fa4c4ebe8269299e8802c,INS,2025,22485,,1,,gx-no-cache=1745499588813 HTTP/1.1" 200 3873
179.57.78.55 - - [24/Apr/2025:09:57:32 -0300] "POST /cormun/servlet/solicitudotadjuntos?gx-no-cache=1745499590654 HTTP/1.1" 200 26
179.57.78.55 - - [24/Apr/2025:09:57:43 -0300] "GET /cormun/servlet/solicitudotadjuntos?5a4ad791622c1301666452d49061c685978e0e079d77762f220b065fe22d92a9,gx-no-cache=1745499601645 HTTP/1.1" 200 30
179.57.78.55 - - [24/Apr/2025:09:57:43 -0300] "GET /cormun/servlet/solicitudotadjuntos?5a4ad791622c1301666452d49061c685978e0e079d77762f220b065fe22d92a9,gx-no-cache=1745499601664 HTTP/1.1" 200 30
179.57.78.55 - - [24/Apr/2025:09:57:43 -0300] "POST /cormun/servlet/solicitudotadjuntos?1ee018f78f6fa4c4ebe8269299e8802c,INS,2025,22485,,1, HTTP/1.1" 200 116
179.57.78.55 - - [24/Apr/2025:09:57:43 -0300] "GET /cormun/servlet/hpexe_return? HTTP/1.1" 200 1029
179.57.78.55 - - [24/Apr/2025:09:57:43 -0300] "GET /cormun/servlet/trsolicitudadjuntos?2025,22485, HTTP/1.1" 200 9377
179.57.78.55 - - [24/Apr/2025:09:57:47 -0300] "GET /cormun/servlet/solicitudotadjuntos?INS,2025,22485,,1, HTTP/1.1" 200 6040
179.57.78.55 - - [24/Apr/2025:09:57:47 -0300] "GET /cormun/static/about:blank HTTP/1.1" 404 1011
179.57.78.55 - - [24/Apr/2025:09:57:47 -0300] "GET /cormun/servlet/solicitudotadjuntos?5a4ad791622c1301666452d49061c685b4d01ff3190313ac220ad3c3c863f7cb22d628cfce74273c63c28a246065a2e2,gx-no-cache=1745499605967 HTTP/1.1" 200 30
