201.186.225.249 - - [23/Apr/2025:11:08:12 -0300] "GET /cormun/servlet/trlicencias? HTTP/1.1" 200 11211
201.186.225.183 - - [23/Apr/2025:11:08:14 -0300] "POST /cormun/servlet/trpermisosgoce?b8d1c9ebfbef3543be5426dd0efd1f95,,gx-no-cache=1745417430975 HTTP/1.1" 200 4863
201.186.225.183 - - [23/Apr/2025:11:08:16 -0300] "GET /cormun/servlet/trpermisosadjuntos?15523885,20250416114925,P, HTTP/1.1" 200 6292
190.121.111.10 - - [23/Apr/2025:11:08:17 -0300] "GET /cormun/servlet/vesolicitudgral?2025,22361,,SolicitudOTAdjuntos HTTP/1.1" 200 11102
201.186.225.183 - - [23/Apr/2025:11:08:17 -0300] "GET /cormun/servlet/permisosadjuntos?INS,15523885,P,20250416114925,, HTTP/1.1" 200 5610
201.186.225.183 - - [23/Apr/2025:11:08:17 -0300] "GET /cormun/static/about:blank HTTP/1.1" 404 1011
190.121.111.10 - - [23/Apr/2025:11:08:18 -0300] "POST /cormun/servlet/acontrolpreferencessavestate?None,RRHH+DANIELA,true HTTP/1.1" 200 35
190.121.111.10 - - [23/Apr/2025:11:08:21 -0300] "GET /cormun/servlet/vesolicitudgral?2025,22361,,General HTTP/1.1" 200 8421
190.121.111.10 - - [23/Apr/2025:11:08:22 -0300] "GET /cormun/pexe_scrolldiv.js HTTP/1.1" 404 1009
201.186.225.183 - - [23/Apr/2025:11:08:23 -0300] "POST /cormun/servlet/permisosadjuntos?b8d1c9ebfbef3543be5426dd0efd1f95,INS,15523885,P,20250416114925,, HTTP/1.1" 200 116
201.186.225.183 - - [23/Apr/2025:11:08:23 -0300] "GET /cormun/servlet/hpexe_return? HTTP/1.1" 200 1041
201.186.225.183 - - [23/Apr/2025:11:08:23 -0300] "GET /cormun/servlet/trpermisosadjuntos?15523885,20250416114925,P, HTTP/1.1" 200 6754
201.186.225.183 - - [23/Apr/2025:11:08:28 -0300] "GET /cormun/servlet/trpermisosgoce? HTTP/1.1" 200 7650
201.186.225.183 - - [23/Apr/2025:11:08:30 -0300] "POST /cormun/servlet/trpermisosgoce?b8d1c9ebfbef3543be5426dd0efd1f95,,gx-no-cache=1745417446828 HTTP/1.1" 200 4854
201.186.225.183 - - [23/Apr/2025:11:08:41 -0300] "POST /cormun/servlet/trpermisosgoce?b8d1c9ebfbef3543be5426dd0efd1f95,,gx-no-cache=1745417457851 HTTP/1.1" 200 4866
201.186.225.183 - - [23/Apr/2025:11:08:42 -0300] "GET /cormun/servlet/trpermisosadjuntos?15106727,20250416114956,P, HTTP/1.1" 200 6297
201.186.225.183 - - [23/Apr/2025:11:08:43 -0300] "GET /cormun/servlet/permisosadjuntos?INS,15106727,P,20250416114956,, HTTP/1.1" 200 5612
201.186.225.183 - - [23/Apr/2025:11:08:44 -0300] "GET /cormun/static/about:blank HTTP/1.1" 404 1011
201.186.225.183 - - [23/Apr/2025:11:08:48 -0300] "POST /cormun/servlet/permisosadjuntos?b8d1c9ebfbef3543be5426dd0efd1f95,INS,15106727,P,20250416114956,, HTTP/1.1" 200 116
201.186.225.183 - - [23/Apr/2025:11:08:48 -0300] "GET /cormun/servlet/hpexe_return? HTTP/1.1" 200 1042
201.186.225.183 - - [23/Apr/2025:11:08:49 -0300] "GET /cormun/servlet/trpermisosadjuntos?15106727,20250416114956,P, HTTP/1.1" 200 6758
201.186.225.183 - - [23/Apr/2025:11:08:56 -0300] "GET /cormun/servlet/trpermisosgoce? HTTP/1.1" 200 7658
201.186.225.183 - - [23/Apr/2025:11:08:57 -0300] "POST /cormun/servlet/trpermisosgoce?b8d1c9ebfbef3543be5426dd0efd1f95,,gx-no-cache=1745417474352 HTTP/1.1" 200 4861
201.186.225.183 - - [23/Apr/2025:11:09:06 -0300] "POST /cormun/servlet/trpermisosgoce?b8d1c9ebfbef3543be5426dd0efd1f95,,gx-no-cache=1745417483431 HTTP/1.1" 200 4867
201.186.225.183 - - [23/Apr/2025:11:09:09 -0300] "GET /cormun/servlet/trpermisosadjuntos?12914099,20250416115324,P, HTTP/1.1" 200 6288
201.186.225.183 - - [23/Apr/2025:11:09:10 -0300] "GET /cormun/servlet/permisosadjuntos?INS,12914099,P,20250416115324,, HTTP/1.1" 200 5610
201.186.225.183 - - [23/Apr/2025:11:09:11 -0300] "GET /cormun/static/about:blank HTTP/1.1" 404 1011
201.186.225.183 - - [23/Apr/2025:11:09:17 -0300] "POST /cormun/servlet/permisosadjuntos?b8d1c9ebfbef3543be5426dd0efd1f95,INS,12914099,P,20250416115324,, HTTP/1.1" 200 116
201.186.225.183 - - [23/Apr/2025:11:09:17 -0300] "GET /cormun/servlet/hpexe_return? HTTP/1.1" 200 1041
201.186.225.183 - - [23/Apr/2025:11:09:17 -0300] "GET /cormun/servlet/trpermisosadjuntos?12914099,20250416115324,P, HTTP/1.1" 200 6748
190.95.1.187 - - [23/Apr/2025:11:09:22 -0300] "GET /cormun/servlet/hlogin HTTP/1.1" 200 1722
190.95.1.187 - - [23/Apr/2025:11:09:22 -0300] "GET /cormun/servlet/hlogin HTTP/1.1" 200 1733
201.186.225.183 - - [23/Apr/2025:11:09:23 -0300] "GET /cormun/servlet/trpermisosgoce? HTTP/1.1" 200 7652
201.186.225.183 - - [23/Apr/2025:11:09:24 -0300] "POST /cormun/servlet/trpermisosgoce?b8d1c9ebfbef3543be5426dd0efd1f95,,gx-no-cache=1745417501504 HTTP/1.1" 200 4858
190.95.1.187 - - [23/Apr/2025:11:09:26 -0300] "POST /cormun/servlet/hlogin?21b4d108c5f1995568d638e5ab981ef5,gx-no-cache=1745417499148 HTTP/1.1" 200 90
190.95.1.187 - - [23/Apr/2025:11:09:26 -0300] "GET /cormun/servlet/hpexe_link HTTP/1.1" 200 953
190.95.1.187 - - [23/Apr/2025:11:09:26 -0300] "GET /cormun/servlet/hhome HTTP/1.1" 200 4266
190.95.1.187 - - [23/Apr/2025:11:09:31 -0300] "GET /cormun/servlet/trlicencias? HTTP/1.1" 200 13643
201.186.225.183 - - [23/Apr/2025:11:09:37 -0300] "POST /cormun/servlet/trpermisosgoce?b8d1c9ebfbef3543be5426dd0efd1f95,,gx-no-cache=1745417513759 HTTP/1.1" 200 4864
201.186.225.183 - - [23/Apr/2025:11:09:38 -0300] "GET /cormun/servlet/trpermisosadjuntos?15991678,20250416115435,P, HTTP/1.1" 200 6289
201.186.225.183 - - [23/Apr/2025:11:09:40 -0300] "GET /cormun/servlet/permisosadjuntos?INS,15991678,P,20250416115435,, HTTP/1.1" 200 5610
201.186.225.183 - - [23/Apr/2025:11:09:40 -0300] "GET /cormun/static/about:blank HTTP/1.1" 404 1011
201.186.225.183 - - [23/Apr/2025:11:09:45 -0300] "POST /cormun/servlet/permisosadjuntos?b8d1c9ebfbef3543be5426dd0efd1f95,INS,15991678,P,20250416115435,, HTTP/1.1" 200 116
201.186.225.183 - - [23/Apr/2025:11:09:45 -0300] "GET /cormun/servlet/hpexe_return? HTTP/1.1" 200 1040
201.186.225.183 - - [23/Apr/2025:11:09:45 -0300] "GET /cormun/servlet/trpermisosadjuntos?15991678,20250416115435,P, HTTP/1.1" 200 6749
201.186.225.183 - - [23/Apr/2025:11:09:47 -0300] "GET /cormun/servlet/trpermisosgoce? HTTP/1.1" 200 7650
201.186.225.183 - - [23/Apr/2025:11:09:49 -0300] "POST /cormun/servlet/trpermisosgoce?b8d1c9ebfbef3543be5426dd0efd1f95,,gx-no-cache=1745417526425 HTTP/1.1" 200 4857
201.186.225.183 - - [23/Apr/2025:11:10:00 -0300] "POST /cormun/servlet/trpermisosgoce?b8d1c9ebfbef3543be5426dd0efd1f95,,gx-no-cache=1745417537119 HTTP/1.1" 200 4864
201.186.225.183 - - [23/Apr/2025:11:10:02 -0300] "GET /cormun/servlet/trpermisosadjuntos?10637809,20250416120303,P, HTTP/1.1" 200 6287
201.186.225.183 - - [23/Apr/2025:11:10:04 -0300] "GET /cormun/servlet/permisosadjuntos?INS,10637809,P,20250416120303,, HTTP/1.1" 200 5608
201.186.225.183 - - [23/Apr/2025:11:10:04 -0300] "GET /cormun/static/about:blank HTTP/1.1" 404 1011
201.186.225.183 - - [23/Apr/2025:11:10:16 -0300] "POST /cormun/servlet/permisosadjuntos?b8d1c9ebfbef3543be5426dd0efd1f95,INS,10637809,P,20250416120303,, HTTP/1.1" 200 116
201.186.225.183 - - [23/Apr/2025:11:10:16 -0300] "GET /cormun/servlet/hpexe_return? HTTP/1.1" 200 1041
201.186.225.183 - - [23/Apr/2025:11:10:16 -0300] "GET /cormun/servlet/trpermisosadjuntos?10637809,20250416120303,P, HTTP/1.1" 200 6746
201.186.225.183 - - [23/Apr/2025:11:10:18 -0300] "GET /cormun/servlet/trpermisosgoce? HTTP/1.1" 200 7647
201.186.225.183 - - [23/Apr/2025:11:10:19 -0300] "POST /cormun/servlet/trpermisosgoce?b8d1c9ebfbef3543be5426dd0efd1f95,,gx-no-cache=1745417556272 HTTP/1.1" 200 4855
201.186.225.183 - - [23/Apr/2025:11:10:31 -0300] "POST /cormun/servlet/trpermisosgoce?b8d1c9ebfbef3543be5426dd0efd1f95,,gx-no-cache=1745417567711 HTTP/1.1" 200 5107
201.186.225.183 - - [23/Apr/2025:11:10:54 -0300] "GET /cormun/servlet/trpermisosadjuntos?16879501,20250416120518,P, HTTP/1.1" 200 6291
201.186.225.183 - - [23/Apr/2025:11:10:56 -0300] "GET /cormun/servlet/permisosadjuntos?INS,16879501,P,20250416120518,, HTTP/1.1" 200 5612
201.186.225.183 - - [23/Apr/2025:11:10:56 -0300] "GET /cormun/static/about:blank HTTP/1.1" 404 1011
201.186.225.183 - - [23/Apr/2025:11:11:02 -0300] "POST /cormun/servlet/permisosadjuntos?b8d1c9ebfbef3543be5426dd0efd1f95,INS,16879501,P,20250416120518,, HTTP/1.1" 200 116
201.186.225.183 - - [23/Apr/2025:11:11:02 -0300] "GET /cormun/servlet/hpexe_return? HTTP/1.1" 200 1042
201.186.225.183 - - [23/Apr/2025:11:11:02 -0300] "GET /cormun/servlet/trpermisosadjuntos?16879501,20250416120518,P, HTTP/1.1" 200 6754
201.186.226.5 - - [23/Apr/2025:11:11:03 -0300] "GET /cormun/servlet/hlogin HTTP/1.1" 200 1721
201.186.225.183 - - [23/Apr/2025:11:11:06 -0300] "GET /cormun/servlet/trpermisosgoce? HTTP/1.1" 200 7892
201.186.226.5 - - [23/Apr/2025:11:11:07 -0300] "POST /cormun/servlet/hlogin?8c6ec0604ad1abca84a315dc91a84dd9,gx-no-cache=1745417603087 HTTP/1.1" 200 90
201.186.226.5 - - [23/Apr/2025:11:11:07 -0300] "GET /cormun/servlet/hpexe_link HTTP/1.1" 200 950
201.186.226.5 - - [23/Apr/2025:11:11:08 -0300] "GET /cormun/servlet/hhome HTTP/1.1" 200 3993
201.186.225.183 - - [23/Apr/2025:11:11:08 -0300] "POST /cormun/servlet/trpermisosgoce?b8d1c9ebfbef3543be5426dd0efd1f95,,gx-no-cache=1745417604920 HTTP/1.1" 200 5113
201.186.225.183 - - [23/Apr/2025:11:11:10 -0300] "POST /cormun/servlet/trpermisosgoce?b8d1c9ebfbef3543be5426dd0efd1f95,,gx-no-cache=1745417606975 HTTP/1.1" 200 5123
201.186.226.5 - - [23/Apr/2025:11:11:11 -0300] "GET /cormun/servlet/trlicencias? HTTP/1.1" 200 9683
201.186.226.5 - - [23/Apr/2025:11:11:16 -0300] "GET /cormun/servlet/hlogin HTTP/1.1" 200 1738
190.121.111.10 - - [23/Apr/2025:11:11:20 -0300] "GET /cormun/servlet/trsolicitudgral? HTTP/1.1" 200 25132
66.249.66.2 - - [23/Apr/2025:11:11:44 -0300] "GET /robots.txt HTTP/1.1" 404 981
66.249.66.1 - - [23/Apr/2025:11:11:44 -0300] "GET /cormun/servlet/hlogin HTTP/1.1" 200 1723
190.95.15.31 - - [23/Apr/2025:11:11:58 -0300] "GET /cormun/servlet/trsolicitudot? HTTP/1.1" 200 7569
179.57.78.55 - - [23/Apr/2025:11:11:59 -0300] "GET /cormun/servlet/trlicencias? HTTP/1.1" 200 6060
179.57.78.55 - - [23/Apr/2025:11:11:59 -0300] "GET /cormun/servlet/hlogin HTTP/1.1" 200 1742
190.95.15.31 - - [23/Apr/2025:11:12:02 -0300] "GET /cormun/servlet/trautorizarsolicitud? HTTP/1.1" 200 7475
179.57.78.55 - - [23/Apr/2025:11:12:06 -0300] "POST /cormun/servlet/hlogin?4497002f5b36861d7fc2b688007dd1f7,gx-no-cache=1745417661783 HTTP/1.1" 200 90
179.57.78.55 - - [23/Apr/2025:11:12:06 -0300] "GET /cormun/servlet/hpexe_link HTTP/1.1" 200 959
179.57.78.55 - - [23/Apr/2025:11:12:06 -0300] "GET /cormun/servlet/trlicencias HTTP/1.1" 200 9284
190.95.15.31 - - [23/Apr/2025:11:12:14 -0300] "POST /cormun/servlet/trautorizarsolicitud?18d91ff5da2fa548772d22fe49af985d,,gx-no-cache=1745417670433 HTTP/1.1" 200 9100
190.121.111.10 - - [23/Apr/2025:11:12:34 -0300] "POST /cormun/servlet/trsolicitudgral?2dbec0313bcdbb1e168b8b62b7dcb34d,,gx-no-cache=1745417707196 HTTP/1.1" 200 22214
190.95.67.91 - - [23/Apr/2025:11:15:19 -0300] "GET /cormun/servlet/trpermisosgoce? HTTP/1.1" 200 6032
190.95.67.91 - - [23/Apr/2025:11:15:20 -0300] "GET /cormun/servlet/hlogin HTTP/1.1" 200 1736
190.95.67.91 - - [23/Apr/2025:11:15:20 -0300] "GET /cormun/servlet/trpermisosgoce? HTTP/1.1" 200 6028
190.95.67.91 - - [23/Apr/2025:11:15:29 -0300] "POST /cormun/servlet/hlogin?80e0be346e2e6e25299258c95e0c4cb3,gx-no-cache=1745417866509 HTTP/1.1" 200 90
190.95.67.91 - - [23/Apr/2025:11:15:30 -0300] "GET /cormun/servlet/hpexe_link HTTP/1.1" 200 954
190.95.67.91 - - [23/Apr/2025:11:15:30 -0300] "GET /cormun/servlet/trpermisosgoce HTTP/1.1" 200 19304
190.95.67.91 - - [23/Apr/2025:11:15:34 -0300] "GET /cormun/servlet/permisogoce?INS,0,,, HTTP/1.1" 200 7111
190.95.67.91 - - [23/Apr/2025:11:15:49 -0300] "GET /cormun/servlet/permisogoce?20ac6c424f3ebc76555c4b9584570a49ad5f4d79c6eb038d65137f5e9150d99ffd3de7028ab0a001077e597ee84865c4c9907b38f3e48e67b1399bf8c08c3420,gx-no-cache=1745417886423 HTTP/1.1" 200 78
190.95.67.91 - - [23/Apr/2025:11:15:53 -0300] "GET /cormun/static/menuarrow.gif HTTP/1.1" 404 1015
190.95.67.91 - - [23/Apr/2025:11:15:57 -0300] "GET /cormun/servlet/permisogoce?20ac6c424f3ebc76555c4b9584570a494196e2c806b5a277c32ff2fb6029d65dc577ad76b53fa9a985184315eed3c2d1d4a5bef61f4dbfe74f657946fc56d85e,gx-no-cache=1745417893662 HTTP/1.1" 200 47
190.95.67.91 - - [23/Apr/2025:11:16:00 -0300] "POST /cormun/servlet/permisogoce?80e0be346e2e6e25299258c95e0c4cb3,INS,0,,,,gx-no-cache=1745417896005 HTTP/1.1" 200 93
190.95.67.91 - - [23/Apr/2025:11:16:00 -0300] "GET /cormun/servlet/hpexe_return? HTTP/1.1" 200 1007
190.95.67.91 - - [23/Apr/2025:11:16:00 -0300] "GET /cormun/servlet/trpermisosgoce HTTP/1.1" 200 19353
190.95.67.91 - - [23/Apr/2025:11:16:02 -0300] "GET /cormun/servlet/trpermisosadjuntos?15731116,20250423101807,P, HTTP/1.1" 200 6545
190.95.67.91 - - [23/Apr/2025:11:16:05 -0300] "GET /cormun/servlet/permisosadjuntos?INS,15731116,P,20250423101807,, HTTP/1.1" 200 5866
190.95.67.91 - - [23/Apr/2025:11:16:05 -0300] "GET /cormun/static/about:blank HTTP/1.1" 404 1011
190.95.67.91 - - [23/Apr/2025:11:16:12 -0300] "POST /cormun/servlet/permisosadjuntos?80e0be346e2e6e25299258c95e0c4cb3,INS,15731116,P,20250423101807,, HTTP/1.1" 200 116
190.95.67.91 - - [23/Apr/2025:11:16:12 -0300] "GET /cormun/servlet/hpexe_return? HTTP/1.1" 200 1036
190.95.67.91 - - [23/Apr/2025:11:16:12 -0300] "GET /cormun/servlet/trpermisosadjuntos?15731116,20250423101807,P, HTTP/1.1" 200 7065
190.95.67.91 - - [23/Apr/2025:11:16:16 -0300] "POST /cormun/servlet/trpermisosadjuntos?80e0be346e2e6e25299258c95e0c4cb3,15731116,20250423101807,P,,gx-no-cache=1745417913230 HTTP/1.1" 200 90
190.95.67.91 - - [23/Apr/2025:11:16:16 -0300] "GET /cormun/servlet/hpexe_link HTTP/1.1" 200 981
190.95.67.91 - - [23/Apr/2025:11:16:16 -0300] "GET /cormun/servlet/trpermisosgoce HTTP/1.1" 200 19345
190.95.67.91 - - [23/Apr/2025:11:16:19 -0300] "POST /cormun/servlet/trpermisosgoce?80e0be346e2e6e25299258c95e0c4cb3,gx-no-cache=1745417915881 HTTP/1.1" 200 16456
190.95.67.91 - - [23/Apr/2025:11:16:19 -0300] "GET /cormun/static/Shared/jqueryui/images/ui-bg_highlight-soft_100_c6c2c8_1x100.png HTTP/1.1" 404 1117
190.95.67.91 - - [23/Apr/2025:11:16:19 -0300] "GET /cormun/static/Shared/jqueryui/images/ui-icons_82798d_256x240.png HTTP/1.1" 404 1089
190.95.67.91 - - [23/Apr/2025:11:16:19 -0300] "GET /cormun/static/Shared/jqueryui/images/ui-icons_8d78a5_256x240.png HTTP/1.1" 404 1089
190.95.67.91 - - [23/Apr/2025:11:16:19 -0300] "GET /cormun/static/Shared/jqueryui/images/ui-bg_flat_55_fafafa_40x100.png HTTP/1.1" 404 1097
190.95.67.91 - - [23/Apr/2025:11:16:28 -0300] "GET /cormun/servlet/permisogoce?INS,0,,, HTTP/1.1" 200 7111
201.186.225.183 - - [23/Apr/2025:11:16:29 -0300] "POST /cormun/servlet/trpermisosgoce?b8d1c9ebfbef3543be5426dd0efd1f95,,gx-no-cache=1745417926003 HTTP/1.1" 200 5160
201.186.225.183 - - [23/Apr/2025:11:16:34 -0300] "GET /cormun/servlet/trpermisosadjuntos?18143626,20250416120937,P, HTTP/1.1" 200 6293
201.186.225.183 - - [23/Apr/2025:11:16:34 -0300] "GET /cormun/servlet/trpermisosadjuntos?18143626,20250416120937,P, HTTP/1.1" 200 6294
190.95.67.91 - - [23/Apr/2025:11:16:35 -0300] "GET /cormun/servlet/permisogoce?20ac6c424f3ebc76555c4b9584570a493cbc18754dd83848301af336861ac74dfd3de7028ab0a001077e597ee84865c4c9907b38f3e48e67b1399bf8c08c3420,gx-no-cache=1745417932353 HTTP/1.1" 200 78
201.186.225.183 - - [23/Apr/2025:11:16:35 -0300] "GET /cormun/servlet/permisosadjuntos?INS,18143626,P,20250416120937,, HTTP/1.1" 200 5614
201.186.225.183 - - [23/Apr/2025:11:16:35 -0300] "GET /cormun/static/about:blank HTTP/1.1" 404 1011
190.95.67.91 - - [23/Apr/2025:11:16:44 -0300] "GET /cormun/servlet/permisogoce?20ac6c424f3ebc76555c4b9584570a498e533f48455f4191d2472352f51feca8d1007f9287641770aeab1c6d5fdfaa41d4a5bef61f4dbfe74f657946fc56d85e,gx-no-cache=1745417940589 HTTP/1.1" 200 47
190.95.67.91 - - [23/Apr/2025:11:16:46 -0300] "POST /cormun/servlet/permisogoce?80e0be346e2e6e25299258c95e0c4cb3,INS,0,,,,gx-no-cache=1745417942718 HTTP/1.1" 200 93
190.95.67.91 - - [23/Apr/2025:11:16:46 -0300] "GET /cormun/servlet/hpexe_return? HTTP/1.1" 200 1030
190.95.67.91 - - [23/Apr/2025:11:16:46 -0300] "GET /cormun/servlet/trpermisosgoce?gx-no-cache=1745417915881 HTTP/1.1" 200 19294
190.95.67.91 - - [23/Apr/2025:11:16:49 -0300] "GET /cormun/servlet/trpermisosadjuntos?18648757,20250423101901,P, HTTP/1.1" 200 6563
201.186.225.183 - - [23/Apr/2025:11:16:50 -0300] "POST /cormun/servlet/permisosadjuntos?b8d1c9ebfbef3543be5426dd0efd1f95,INS,18143626,P,20250416120937,, HTTP/1.1" 200 116
201.186.225.183 - - [23/Apr/2025:11:16:50 -0300] "GET /cormun/servlet/hpexe_return? HTTP/1.1" 200 1041
201.186.225.183 - - [23/Apr/2025:11:16:50 -0300] "GET /cormun/servlet/trpermisosadjuntos?18143626,20250416120937,P, HTTP/1.1" 200 6755
190.95.67.91 - - [23/Apr/2025:11:16:50 -0300] "GET /cormun/servlet/permisosadjuntos?INS,18648757,P,20250423101901,, HTTP/1.1" 200 5866
190.95.67.91 - - [23/Apr/2025:11:16:51 -0300] "GET /cormun/static/about:blank HTTP/1.1" 404 1011
201.186.225.183 - - [23/Apr/2025:11:16:54 -0300] "GET /cormun/servlet/trpermisosgoce? HTTP/1.1" 200 7950
201.186.225.183 - - [23/Apr/2025:11:16:56 -0300] "POST /cormun/servlet/trpermisosgoce?b8d1c9ebfbef3543be5426dd0efd1f95,,gx-no-cache=1745417953092 HTTP/1.1" 200 5135
201.186.225.183 - - [23/Apr/2025:11:16:56 -0300] "GET /cormun/static/Shared/jqueryui/images/ui-bg_highlight-soft_100_c6c2c8_1x100.png HTTP/1.1" 404 1117
201.186.225.183 - - [23/Apr/2025:11:16:56 -0300] "GET /cormun/static/Shared/jqueryui/images/ui-bg_flat_55_fafafa_40x100.png HTTP/1.1" 404 1097
201.186.225.183 - - [23/Apr/2025:11:16:56 -0300] "GET /cormun/static/Shared/jqueryui/images/ui-icons_8d78a5_256x240.png HTTP/1.1" 404 1089
201.186.225.183 - - [23/Apr/2025:11:16:56 -0300] "GET /cormun/static/Shared/jqueryui/images/ui-icons_82798d_256x240.png HTTP/1.1" 404 1089
190.95.67.91 - - [23/Apr/2025:11:16:58 -0300] "POST /cormun/servlet/permisosadjuntos?80e0be346e2e6e25299258c95e0c4cb3,INS,18648757,P,20250423101901,, HTTP/1.1" 200 116
190.95.67.91 - - [23/Apr/2025:11:16:58 -0300] "GET /cormun/servlet/hpexe_return? HTTP/1.1" 200 1035
190.95.67.91 - - [23/Apr/2025:11:16:58 -0300] "GET /cormun/servlet/trpermisosadjuntos?18648757,20250423101901,P, HTTP/1.1" 200 7073
190.95.67.91 - - [23/Apr/2025:11:17:07 -0300] "POST /cormun/servlet/trpermisosadjuntos?80e0be346e2e6e25299258c95e0c4cb3,18648757,20250423101901,P,,gx-no-cache=1745417964350 HTTP/1.1" 200 90
190.95.67.91 - - [23/Apr/2025:11:17:07 -0300] "GET /cormun/servlet/hpexe_link HTTP/1.1" 200 1004
190.95.67.91 - - [23/Apr/2025:11:17:07 -0300] "GET /cormun/servlet/trpermisosgoce?gx-no-cache=1745417915881 HTTP/1.1" 200 19290
190.95.67.91 - - [23/Apr/2025:11:17:10 -0300] "POST /cormun/servlet/trpermisosgoce?80e0be346e2e6e25299258c95e0c4cb3,gx-no-cache=1745417915881,gx-no-cache=1745417966760 HTTP/1.1" 200 16441
190.95.67.91 - - [23/Apr/2025:11:17:21 -0300] "GET /cormun/servlet/permisogoce?INS,0,,, HTTP/1.1" 200 7133
190.95.67.91 - - [23/Apr/2025:11:17:38 -0300] "GET /cormun/servlet/permisogoce?20ac6c424f3ebc76555c4b9584570a49cd1ba7c29cad6da6540ecc8496214124fd3de7028ab0a001077e597ee84865c4c9907b38f3e48e67b1399bf8c08c3420,gx-no-cache=1745417995375 HTTP/1.1" 200 81
190.95.67.91 - - [23/Apr/2025:11:17:46 -0300] "GET /cormun/servlet/permisogoce?20ac6c424f3ebc76555c4b9584570a49b4c7d2e831035171309dfa1140d297defdefd03a21cd0e4c49aca46ed0a30affd4a5bef61f4dbfe74f657946fc56d85e,gx-no-cache=1745418003237 HTTP/1.1" 200 47
190.121.111.10 - - [23/Apr/2025:11:17:54 -0300] "GET /cormun/servlet/vesolicitudgral?2025,22364,, HTTP/1.1" 200 8403
190.121.111.10 - - [23/Apr/2025:11:17:55 -0300] "GET /cormun/pexe_scrolldiv.js HTTP/1.1" 404 1009
190.95.67.91 - - [23/Apr/2025:11:17:57 -0300] "POST /cormun/servlet/permisogoce?80e0be346e2e6e25299258c95e0c4cb3,INS,0,,,,gx-no-cache=1745418013357 HTTP/1.1" 200 93
190.95.67.91 - - [23/Apr/2025:11:17:57 -0300] "GET /cormun/servlet/hpexe_return? HTTP/1.1" 200 1030
190.95.67.91 - - [23/Apr/2025:11:17:57 -0300] "GET /cormun/servlet/trpermisosgoce?gx-no-cache=1745417915881 HTTP/1.1" 200 19302
190.95.67.91 - - [23/Apr/2025:11:17:59 -0300] "GET /cormun/servlet/trpermisosadjuntos?18374661,20250423101954,P, HTTP/1.1" 200 6566
190.95.67.91 - - [23/Apr/2025:11:18:01 -0300] "GET /cormun/servlet/permisosadjuntos?INS,18374661,P,20250423101954,, HTTP/1.1" 200 5869
190.95.67.91 - - [23/Apr/2025:11:18:01 -0300] "GET /cormun/static/about:blank HTTP/1.1" 404 1011
190.121.111.10 - - [23/Apr/2025:11:18:01 -0300] "GET /cormun/servlet/vesolicitudgral?2025,22364,,SolicitudOTAdjuntos HTTP/1.1" 200 11205
190.121.111.10 - - [23/Apr/2025:11:18:01 -0300] "GET /cormun/pexe_scrolldiv.js HTTP/1.1" 404 1009
190.121.111.10 - - [23/Apr/2025:11:18:02 -0300] "POST /cormun/servlet/acontrolpreferencessavestate?None,RRHH+DANIELA,true HTTP/1.1" 200 35
190.121.111.10 - - [23/Apr/2025:11:18:03 -0300] "GET /cormun/servlet/vesolicitudgral?2025,22364,,General HTTP/1.1" 200 8408
190.121.111.10 - - [23/Apr/2025:11:18:03 -0300] "GET /cormun/pexe_scrolldiv.js HTTP/1.1" 404 1009
190.121.111.10 - - [23/Apr/2025:11:18:06 -0300] "GET /cormun/servlet/vesolicitudgral?2025,22364,,SolicitudOTAdjuntos HTTP/1.1" 200 11204
190.121.111.10 - - [23/Apr/2025:11:18:07 -0300] "POST /cormun/servlet/acontrolpreferencessavestate?None,RRHH+DANIELA,true HTTP/1.1" 200 35
190.121.111.10 - - [23/Apr/2025:11:18:09 -0300] "GET /cormun/servlet/vesolicitudgral?2025,22364,,General HTTP/1.1" 200 8408
190.121.111.10 - - [23/Apr/2025:11:18:09 -0300] "GET /cormun/pexe_scrolldiv.js HTTP/1.1" 404 1009
190.121.111.10 - - [23/Apr/2025:11:18:13 -0300] "GET /cormun/servlet/trsolicitudgral? HTTP/1.1" 200 25133
190.121.111.10 - - [23/Apr/2025:11:18:17 -0300] "POST /cormun/servlet/trsolicitudgral?2dbec0313bcdbb1e168b8b62b7dcb34d,,gx-no-cache=1745418049802 HTTP/1.1" 200 6670
190.95.67.91 - - [23/Apr/2025:11:18:18 -0300] "POST /cormun/servlet/permisosadjuntos?80e0be346e2e6e25299258c95e0c4cb3,INS,18374661,P,20250423101954,, HTTP/1.1" 200 116
190.95.67.91 - - [23/Apr/2025:11:18:18 -0300] "GET /cormun/servlet/hpexe_return? HTTP/1.1" 200 1036
190.95.67.91 - - [23/Apr/2025:11:18:18 -0300] "GET /cormun/servlet/trpermisosadjuntos?18374661,20250423101954,P, HTTP/1.1" 200 7076
190.121.111.10 - - [23/Apr/2025:11:18:20 -0300] "GET /cormun/servlet/vesolicitudgral?2025,22364,, HTTP/1.1" 200 8403
190.121.111.10 - - [23/Apr/2025:11:18:20 -0300] "GET /cormun/pexe_scrolldiv.js HTTP/1.1" 404 1009
190.121.111.10 - - [23/Apr/2025:11:18:22 -0300] "GET /cormun/servlet/trsolicitudgral? HTTP/1.1" 200 9735
190.95.67.91 - - [23/Apr/2025:11:18:23 -0300] "POST /cormun/servlet/trpermisosadjuntos?80e0be346e2e6e25299258c95e0c4cb3,18374661,20250423101954,P,,gx-no-cache=1745418039750 HTTP/1.1" 200 90
190.95.67.91 - - [23/Apr/2025:11:18:23 -0300] "GET /cormun/servlet/hpexe_link HTTP/1.1" 200 1003
190.95.67.91 - - [23/Apr/2025:11:18:23 -0300] "GET /cormun/servlet/trpermisosgoce?gx-no-cache=1745417915881 HTTP/1.1" 200 19299
190.121.111.10 - - [23/Apr/2025:11:18:24 -0300] "POST /cormun/servlet/trsolicitudgral?2dbec0313bcdbb1e168b8b62b7dcb34d,,gx-no-cache=1745418057066 HTTP/1.1" 200 5495
190.121.111.10 - - [23/Apr/2025:11:18:24 -0300] "GET /cormun/static/Shared/jqueryui/images/ui-bg_highlight-soft_100_c6c2c8_1x100.png HTTP/1.1" 404 1117
190.121.111.10 - - [23/Apr/2025:11:18:24 -0300] "GET /cormun/static/Shared/jqueryui/images/ui-icons_82798d_256x240.png HTTP/1.1" 404 1089
190.121.111.10 - - [23/Apr/2025:11:18:24 -0300] "GET /cormun/static/Shared/jqueryui/images/ui-bg_flat_55_fafafa_40x100.png HTTP/1.1" 404 1097
190.121.111.10 - - [23/Apr/2025:11:18:24 -0300] "GET /cormun/static/Shared/jqueryui/images/ui-icons_8d78a5_256x240.png HTTP/1.1" 404 1089
190.95.67.91 - - [23/Apr/2025:11:18:26 -0300] "POST /cormun/servlet/trpermisosgoce?80e0be346e2e6e25299258c95e0c4cb3,gx-no-cache=1745417915881,gx-no-cache=1745418042600 HTTP/1.1" 200 16459
190.121.111.10 - - [23/Apr/2025:11:18:28 -0300] "GET /cormun/servlet/trautorizarot? HTTP/1.1" 200 10131
190.121.111.10 - - [23/Apr/2025:11:18:31 -0300] "POST /cormun/servlet/trautorizarot?2dbec0313bcdbb1e168b8b62b7dcb34d,,gx-no-cache=1745418064385 HTTP/1.1" 200 6554
190.121.111.10 - - [23/Apr/2025:11:18:35 -0300] "POST /cormun/servlet/trsolicitudgral?2dbec0313bcdbb1e168b8b62b7dcb34d,,gx-no-cache=1745418067943 HTTP/1.1" 200 6677
190.121.111.10 - - [23/Apr/2025:11:18:36 -0300] "GET /cormun/servlet/vesolicitudgral?2025,22364,, HTTP/1.1" 200 8394
190.121.111.10 - - [23/Apr/2025:11:18:36 -0300] "GET /cormun/pexe_scrolldiv.js HTTP/1.1" 404 1009
190.121.111.10 - - [23/Apr/2025:11:18:38 -0300] "GET /cormun/servlet/vesolicitudgral?2025,22364,,SolicitudOTAdjuntos HTTP/1.1" 200 11195
190.121.111.10 - - [23/Apr/2025:11:18:38 -0300] "GET /cormun/pexe_scrolldiv.js HTTP/1.1" 404 1009
190.121.111.10 - - [23/Apr/2025:11:18:39 -0300] "POST /cormun/servlet/acontrolpreferencessavestate?None,RRHH+DANIELA,true HTTP/1.1" 200 35
201.186.225.193 - - [23/Apr/2025:11:18:47 -0300] "GET /cormun/servlet/hhome HTTP/1.1" 200 3321
201.186.225.193 - - [23/Apr/2025:11:18:47 -0300] "GET /cormun/servlet/hlogin HTTP/1.1" 200 1729
190.121.111.10 - - [23/Apr/2025:11:18:52 -0300] "GET /cormun/PublicTempStorage/cedula_identidad8198665.pdf HTTP/1.1" 200 303801
201.186.225.193 - - [23/Apr/2025:11:18:53 -0300] "POST /cormun/servlet/hlogin?878b22cd3efe8695c29daeffe78db600,gx-no-cache=1745418069422 HTTP/1.1" 200 90
201.186.225.193 - - [23/Apr/2025:11:18:53 -0300] "GET /cormun/servlet/hpexe_link HTTP/1.1" 200 949
201.186.225.193 - - [23/Apr/2025:11:18:53 -0300] "GET /cormun/servlet/hhome HTTP/1.1" 200 4292
201.186.225.193 - - [23/Apr/2025:11:19:16 -0300] "GET /cormun/servlet/trpermisosgoce? HTTP/1.1" 200 8088
190.121.111.10 - - [23/Apr/2025:11:19:25 -0300] "GET /cormun/servlet/vesolicitudgral?2025,22364,,SolicitudOTAdjuntos HTTP/1.1" 200 11195
190.121.111.10 - - [23/Apr/2025:11:19:26 -0300] "POST /cormun/servlet/acontrolpreferencessavestate?None,RRHH+DANIELA,true HTTP/1.1" 200 35
190.121.111.10 - - [23/Apr/2025:11:19:27 -0300] "GET /cormun/PublicTempStorage/cv%2C_claudia_loncon6163539.pdf HTTP/1.1" 200 70366
201.186.225.193 - - [23/Apr/2025:11:19:29 -0300] "GET /cormun/servlet/permisogoce?INS,0,,, HTTP/1.1" 200 7180
201.186.225.193 - - [23/Apr/2025:11:19:29 -0300] "GET /cormun/static/gxcfg.js?20201215124560 HTTP/1.1" 200 953
201.186.225.193 - - [23/Apr/2025:11:19:29 -0300] "GET /cormun/static/Resources/prompt.gif HTTP/1.1" 200 902
201.186.225.193 - - [23/Apr/2025:11:19:29 -0300] "GET /cormun/static/permisogoce.js?20201215124939 HTTP/1.1" 200 27790
201.186.225.193 - - [23/Apr/2025:11:19:42 -0300] "GET /cormun/servlet/trpermisosgoce? HTTP/1.1" 200 8087
201.186.225.193 - - [23/Apr/2025:11:19:45 -0300] "GET /cormun/servlet/permisogoce?INS,0,,, HTTP/1.1" 200 7180
190.121.111.10 - - [23/Apr/2025:11:19:51 -0300] "GET /cormun/servlet/vesolicitudgral?2025,22364,,SolicitudOTAdjuntos HTTP/1.1" 200 11193
190.121.111.10 - - [23/Apr/2025:11:19:52 -0300] "POST /cormun/servlet/acontrolpreferencessavestate?None,RRHH+DANIELA,true HTTP/1.1" 200 35
190.121.111.10 - - [23/Apr/2025:11:19:53 -0300] "GET /cormun/PublicTempStorage/afp_modelo9391951.pdf HTTP/1.1" 200 67878
190.121.111.10 - - [23/Apr/2025:11:20:04 -0300] "GET /cormun/servlet/vesolicitudgral?2025,22364,,SolicitudOTAdjuntos HTTP/1.1" 200 11194
190.121.111.10 - - [23/Apr/2025:11:20:05 -0300] "POST /cormun/servlet/acontrolpreferencessavestate?None,RRHH+DANIELA,true HTTP/1.1" 200 35
190.121.111.10 - - [23/Apr/2025:11:20:14 -0300] "GET /cormun/servlet/vesolicitudgral?2025,22364,,General HTTP/1.1" 200 8398
190.121.111.10 - - [23/Apr/2025:11:20:14 -0300] "GET /cormun/pexe_scrolldiv.js HTTP/1.1" 404 1009
179.57.78.55 - - [23/Apr/2025:11:20:20 -0300] "GET /cormun/static/menuarrow.gif HTTP/1.1" 404 1015
179.57.78.55 - - [23/Apr/2025:11:20:29 -0300] "POST /cormun/servlet/trpermisosgoce?c9718de12b6fb90372540798a507959e,,gx-no-cache=1745418166603 HTTP/1.1" 200 15980
179.57.78.55 - - [23/Apr/2025:11:20:29 -0300] "GET /cormun/static/Resources/PXToolsGridNext.gif HTTP/1.1" 200 369
179.57.78.55 - - [23/Apr/2025:11:20:29 -0300] "GET /cormun/static/Resources/PXToolsGridLast.gif HTTP/1.1" 200 370
179.57.78.55 - - [23/Apr/2025:11:20:41 -0300] "GET /cormun/servlet/trinasistencia? HTTP/1.1" 200 6896
179.57.78.55 - - [23/Apr/2025:11:20:41 -0300] "GET /cormun/static/gxui/gxui-all.css?110300 HTTP/1.1" 200 2179
179.57.78.55 - - [23/Apr/2025:11:20:41 -0300] "GET /cormun/static/calendar-system.css?75620 HTTP/1.1" 200 5572
179.57.78.55 - - [23/Apr/2025:11:20:41 -0300] "GET /cormun/static/gxcfg.js?201991422464941 HTTP/1.1" 200 953
179.57.78.55 - - [23/Apr/2025:11:20:41 -0300] "GET /cormun/static/trinasistencia.js?201991422465536 HTTP/1.1" 200 34455
179.57.78.55 - - [23/Apr/2025:11:20:41 -0300] "GET /cormun/static/Resources/Spanish/PXTools.css?2294816 HTTP/1.1" 200 100853
179.57.78.55 - - [23/Apr/2025:11:20:41 -0300] "GET /cormun/static/Shared/ext/resources/css/ext-all.css?205870 HTTP/1.1" 200 416045
179.57.78.55 - - [23/Apr/2025:11:20:44 -0300] "GET /cormun/servlet/trpermisosgoce? HTTP/1.1" 200 18658
179.57.78.55 - - [23/Apr/2025:11:20:44 -0300] "GET /cormun/static/gxui/gxui-all.css?120300 HTTP/1.1" 200 2179
179.57.78.55 - - [23/Apr/2025:11:20:44 -0300] "GET /cormun/static/calendar-system.css?85620 HTTP/1.1" 200 5572
179.57.78.55 - - [23/Apr/2025:11:20:44 -0300] "GET /cormun/static/Shared/ext/resources/css/ext-all.css?215870 HTTP/1.1" 200 416045
190.95.1.187 - - [23/Apr/2025:11:23:05 -0300] "GET /cormun/servlet/hlogin HTTP/1.1" 200 1716
190.95.1.187 - - [23/Apr/2025:11:23:08 -0300] "POST /cormun/servlet/hlogin?af0a59ab9d091bee7958cc22f0e483c6,gx-no-cache=1745418323553 HTTP/1.1" 200 90
190.95.1.187 - - [23/Apr/2025:11:23:08 -0300] "GET /cormun/servlet/hpexe_link HTTP/1.1" 200 949
190.95.1.187 - - [23/Apr/2025:11:23:08 -0300] "GET /cormun/servlet/hhome HTTP/1.1" 200 4017
190.121.111.10 - - [23/Apr/2025:11:23:35 -0300] "GET /cormun/servlet/trsolicitudgral? HTTP/1.1" 200 9735
190.121.111.10 - - [23/Apr/2025:11:23:40 -0300] "POST /cormun/servlet/trsolicitudgral?2dbec0313bcdbb1e168b8b62b7dcb34d,,gx-no-cache=1745418372936 HTTP/1.1" 200 26544
190.95.67.91 - - [23/Apr/2025:11:23:45 -0300] "GET /cormun/servlet/permisogoce?INS,0,,, HTTP/1.1" 200 7134
190.95.67.91 - - [23/Apr/2025:11:24:11 -0300] "GET /cormun/servlet/permisogoce?20ac6c424f3ebc76555c4b9584570a49cd1ba7c29cad6da6540ecc8496214124fd3de7028ab0a001077e597ee84865c4c9907b38f3e48e67b1399bf8c08c3420,gx-no-cache=1745418387519 HTTP/1.1" 200 84
190.121.111.10 - - [23/Apr/2025:11:24:15 -0300] "POST /cormun/servlet/trsolicitudgral?2dbec0313bcdbb1e168b8b62b7dcb34d,,gx-no-cache=1745418407905 HTTP/1.1" 200 26544
190.121.111.10 - - [23/Apr/2025:11:24:19 -0300] "POST /cormun/servlet/trsolicitudgral?2dbec0313bcdbb1e168b8b62b7dcb34d,,gx-no-cache=1745418411224 HTTP/1.1" 200 26544
190.95.67.91 - - [23/Apr/2025:11:24:23 -0300] "GET /cormun/servlet/permisogoce?20ac6c424f3ebc76555c4b9584570a49b4c7d2e831035171309dfa1140d297defdefd03a21cd0e4c49aca46ed0a30affd4a5bef61f4dbfe74f657946fc56d85e,gx-no-cache=1745418400223 HTTP/1.1" 200 48
190.95.67.91 - - [23/Apr/2025:11:24:37 -0300] "POST /cormun/servlet/permisogoce?80e0be346e2e6e25299258c95e0c4cb3,INS,0,,,,gx-no-cache=1745418413444 HTTP/1.1" 200 93
190.95.67.91 - - [23/Apr/2025:11:24:37 -0300] "GET /cormun/servlet/hpexe_return? HTTP/1.1" 200 1030
190.95.67.91 - - [23/Apr/2025:11:24:37 -0300] "GET /cormun/servlet/trpermisosgoce?gx-no-cache=1745417915881 HTTP/1.1" 200 19251
190.95.67.91 - - [23/Apr/2025:11:24:39 -0300] "GET /cormun/servlet/trpermisosadjuntos?18374661,20250423102618,P, HTTP/1.1" 200 6568
190.95.67.91 - - [23/Apr/2025:11:24:46 -0300] "GET /cormun/servlet/permisosadjuntos?INS,18374661,P,20250423102618,, HTTP/1.1" 200 5868
190.95.67.91 - - [23/Apr/2025:11:24:46 -0300] "GET /cormun/static/about:blank HTTP/1.1" 404 1011
190.95.67.91 - - [23/Apr/2025:11:25:01 -0300] "POST /cormun/servlet/permisosadjuntos?80e0be346e2e6e25299258c95e0c4cb3,INS,18374661,P,20250423102618,, HTTP/1.1" 200 116
190.95.67.91 - - [23/Apr/2025:11:25:01 -0300] "GET /cormun/servlet/hpexe_return? HTTP/1.1" 200 1036
190.95.67.91 - - [23/Apr/2025:11:25:01 -0300] "GET /cormun/servlet/trpermisosadjuntos?18374661,20250423102618,P, HTTP/1.1" 200 7075
190.95.67.91 - - [23/Apr/2025:11:25:04 -0300] "POST /cormun/servlet/trpermisosadjuntos?80e0be346e2e6e25299258c95e0c4cb3,18374661,20250423102618,P,,gx-no-cache=1745418440925 HTTP/1.1" 200 90
190.95.67.91 - - [23/Apr/2025:11:25:04 -0300] "GET /cormun/servlet/hpexe_link HTTP/1.1" 200 1003
190.95.67.91 - - [23/Apr/2025:11:25:04 -0300] "GET /cormun/servlet/trpermisosgoce?gx-no-cache=1745417915881 HTTP/1.1" 200 19245
190.95.67.91 - - [23/Apr/2025:11:25:07 -0300] "POST /cormun/servlet/trpermisosgoce?80e0be346e2e6e25299258c95e0c4cb3,gx-no-cache=1745417915881,gx-no-cache=1745418444015 HTTP/1.1" 200 16387
190.95.67.91 - - [23/Apr/2025:11:25:15 -0300] "POST /cormun/servlet/trpermisosgoce?80e0be346e2e6e25299258c95e0c4cb3,gx-no-cache=1745417915881,gx-no-cache=1745418451766 HTTP/1.1" 200 16338
190.95.67.91 - - [23/Apr/2025:11:25:27 -0300] "POST /cormun/servlet/trpermisosgoce?80e0be346e2e6e25299258c95e0c4cb3,gx-no-cache=1745417915881,gx-no-cache=1745418463582 HTTP/1.1" 200 16349
201.186.225.183 - - [23/Apr/2025:11:25:28 -0300] "POST /cormun/servlet/trpermisosgoce?b8d1c9ebfbef3543be5426dd0efd1f95,,gx-no-cache=1745418465475 HTTP/1.1" 200 4871
201.186.225.183 - - [23/Apr/2025:11:25:33 -0300] "GET /cormun/servlet/trpermisosadjuntos?11888496,20250421140922,P, HTTP/1.1" 200 6294
201.186.225.183 - - [23/Apr/2025:11:25:35 -0300] "GET /cormun/servlet/permisosadjuntos?INS,11888496,P,20250421140922,, HTTP/1.1" 200 5612
201.186.225.183 - - [23/Apr/2025:11:25:35 -0300] "GET /cormun/static/about:blank HTTP/1.1" 404 1011
201.186.225.183 - - [23/Apr/2025:11:25:44 -0300] "POST /cormun/servlet/permisosadjuntos?b8d1c9ebfbef3543be5426dd0efd1f95,INS,11888496,P,20250421140922,, HTTP/1.1" 200 116
201.186.225.183 - - [23/Apr/2025:11:25:44 -0300] "GET /cormun/servlet/hpexe_return? HTTP/1.1" 200 1041
201.186.225.183 - - [23/Apr/2025:11:25:44 -0300] "GET /cormun/servlet/trpermisosadjuntos?11888496,20250421140922,P, HTTP/1.1" 200 6754
201.186.225.183 - - [23/Apr/2025:11:25:48 -0300] "GET /cormun/servlet/trpermisosgoce? HTTP/1.1" 200 7659
201.186.225.183 - - [23/Apr/2025:11:25:50 -0300] "POST /cormun/servlet/trpermisosgoce?b8d1c9ebfbef3543be5426dd0efd1f95,,gx-no-cache=1745418487028 HTTP/1.1" 200 4861
201.186.225.183 - - [23/Apr/2025:11:25:58 -0300] "POST /cormun/servlet/trpermisosgoce?b8d1c9ebfbef3543be5426dd0efd1f95,,gx-no-cache=1745418495122 HTTP/1.1" 200 4861
201.186.225.183 - - [23/Apr/2025:11:26:00 -0300] "GET /cormun/servlet/trpermisosadjuntos?18598184,20250421141029,P, HTTP/1.1" 200 6288
201.186.225.183 - - [23/Apr/2025:11:26:02 -0300] "GET /cormun/servlet/permisosadjuntos?INS,18598184,P,20250421141029,, HTTP/1.1" 200 5607
201.186.225.183 - - [23/Apr/2025:11:26:02 -0300] "GET /cormun/static/about:blank HTTP/1.1" 404 1011
201.186.225.183 - - [23/Apr/2025:11:26:10 -0300] "POST /cormun/servlet/permisosadjuntos?b8d1c9ebfbef3543be5426dd0efd1f95,INS,18598184,P,20250421141029,, HTTP/1.1" 200 116
201.186.225.183 - - [23/Apr/2025:11:26:10 -0300] "GET /cormun/servlet/hpexe_return? HTTP/1.1" 200 1041
201.186.225.183 - - [23/Apr/2025:11:26:10 -0300] "GET /cormun/servlet/trpermisosadjuntos?18598184,20250421141029,P, HTTP/1.1" 200 6748
201.186.225.183 - - [23/Apr/2025:11:26:13 -0300] "GET /cormun/servlet/trpermisosgoce? HTTP/1.1" 200 7644
201.186.225.183 - - [23/Apr/2025:11:26:15 -0300] "POST /cormun/servlet/trpermisosgoce?b8d1c9ebfbef3543be5426dd0efd1f95,,gx-no-cache=1745418511716 HTTP/1.1" 200 4852
190.121.111.10 - - [23/Apr/2025:11:26:18 -0300] "GET /cormun/servlet/vesolicitudgral?2025,22425,, HTTP/1.1" 200 8429
190.121.111.10 - - [23/Apr/2025:11:26:18 -0300] "GET /cormun/pexe_scrolldiv.js HTTP/1.1" 404 1009
190.121.111.10 - - [23/Apr/2025:11:26:29 -0300] "POST /cormun/servlet/vesolicitudgral?2dbec0313bcdbb1e168b8b62b7dcb34d,2025,22425,,,gx-no-cache=1745418541777 HTTP/1.1" 200 12328
190.121.111.10 - - [23/Apr/2025:11:26:29 -0300] "POST /cormun/servlet/vesolicitudgral?2dbec0313bcdbb1e168b8b62b7dcb34d,2025,22425,,,gx-no-cache=1745418541923 HTTP/1.1" 200 12261
190.121.111.10 - - [23/Apr/2025:11:26:33 -0300] "GET /cormun/servlet/trautorizarot? HTTP/1.1" 200 10089
190.121.111.10 - - [23/Apr/2025:11:26:36 -0300] "POST /cormun/servlet/trautorizarot?2dbec0313bcdbb1e168b8b62b7dcb34d,,gx-no-cache=1745418549329 HTTP/1.1" 200 6555
190.121.111.10 - - [23/Apr/2025:11:26:41 -0300] "GET /cormun/servlet/vesolicitudgral?2025,22425,,SolicitudOTAdjuntos HTTP/1.1" 200 11173
190.121.111.10 - - [23/Apr/2025:11:26:41 -0300] "GET /cormun/pexe_scrolldiv.js HTTP/1.1" 404 1009
190.121.111.10 - - [23/Apr/2025:11:26:42 -0300] "POST /cormun/servlet/acontrolpreferencessavestate?None,RRHH+DANIELA,true HTTP/1.1" 200 35
190.95.1.187 - - [23/Apr/2025:11:27:08 -0300] "GET /cormun/servlet/trlicencias? HTTP/1.1" 200 13383
190.121.111.10 - - [23/Apr/2025:11:27:22 -0300] "GET /cormun/PublicTempStorage/palma_jacobs_gabriel_felipe_%28c._identidad%296657989.pdf HTTP/1.1" 200 492326
190.95.1.185 - - [23/Apr/2025:11:27:33 -0300] "POST /cormun/servlet/hlogin?c624ffa7862f73112111ce4256ac1f3a,gx-no-cache=1745418589429 HTTP/1.1" 440 972
190.95.1.185 - - [23/Apr/2025:11:27:34 -0300] "GET /cormun/servlet/hlogin HTTP/1.1" 200 1728
190.95.1.185 - - [23/Apr/2025:11:27:34 -0300] "GET /cormun/servlet/hlogin HTTP/1.1" 200 1728
190.95.1.185 - - [23/Apr/2025:11:27:37 -0300] "POST /cormun/servlet/hlogin?302ff2c4c4e5c7aa1ca221ee60f4ff5d,gx-no-cache=1745418593117 HTTP/1.1" 200 90
190.95.1.185 - - [23/Apr/2025:11:27:37 -0300] "GET /cormun/servlet/hpexe_link HTTP/1.1" 200 950
190.95.1.185 - - [23/Apr/2025:11:27:37 -0300] "GET /cormun/servlet/hhome HTTP/1.1" 200 4475
190.95.1.185 - - [23/Apr/2025:11:27:39 -0300] "GET /cormun/servlet/trlicencias? HTTP/1.1" 200 13733
190.121.111.10 - - [23/Apr/2025:11:27:41 -0300] "GET /cormun/servlet/vesolicitudgral?2025,22425,,SolicitudOTAdjuntos HTTP/1.1" 200 11171
190.121.111.10 - - [23/Apr/2025:11:27:43 -0300] "POST /cormun/servlet/acontrolpreferencessavestate?None,RRHH+DANIELA,true HTTP/1.1" 200 35
190.95.1.185 - - [23/Apr/2025:11:27:45 -0300] "GET /cormun/servlet/trpermisosgoce? HTTP/1.1" 200 12006
190.121.111.10 - - [23/Apr/2025:11:27:47 -0300] "GET /cormun/PublicTempStorage/palma_jacobs_gabriel_felipe_%28c._antecedentes%293216050.pdf HTTP/1.1" 200 37061
190.121.111.10 - - [23/Apr/2025:11:30:11 -0300] "GET /cormun/servlet/vesolicitudgral?2025,22425,,SolicitudOTAdjuntos HTTP/1.1" 200 11169
190.121.111.10 - - [23/Apr/2025:11:30:12 -0300] "POST /cormun/servlet/acontrolpreferencessavestate?None,RRHH+DANIELA,true HTTP/1.1" 200 35
190.121.111.10 - - [23/Apr/2025:11:30:16 -0300] "GET /cormun/PublicTempStorage/palma_jacobs_gabriel_felipe_%28c.v%297318079.pdf HTTP/1.1" 200 807839
201.186.225.183 - - [23/Apr/2025:11:32:39 -0300] "POST /cormun/servlet/trpermisosgoce?b8d1c9ebfbef3543be5426dd0efd1f95,,gx-no-cache=1745418896447 HTTP/1.1" 200 5113
201.186.225.183 - - [23/Apr/2025:11:32:42 -0300] "GET /cormun/servlet/trpermisosadjuntos?16882235,20250421141206,P, HTTP/1.1" 200 6287
201.186.225.183 - - [23/Apr/2025:11:32:43 -0300] "GET /cormun/servlet/permisosadjuntos?INS,16882235,P,20250421141206,, HTTP/1.1" 200 5607
201.186.225.183 - - [23/Apr/2025:11:32:44 -0300] "GET /cormun/static/about:blank HTTP/1.1" 404 1011
201.186.225.183 - - [23/Apr/2025:11:32:52 -0300] "POST /cormun/servlet/permisosadjuntos?b8d1c9ebfbef3543be5426dd0efd1f95,INS,16882235,P,20250421141206,, HTTP/1.1" 200 116
201.186.225.183 - - [23/Apr/2025:11:32:52 -0300] "GET /cormun/servlet/hpexe_return? HTTP/1.1" 200 1041
201.186.225.183 - - [23/Apr/2025:11:32:52 -0300] "GET /cormun/servlet/trpermisosadjuntos?16882235,20250421141206,P, HTTP/1.1" 200 6747
201.186.225.183 - - [23/Apr/2025:11:32:56 -0300] "GET /cormun/servlet/trpermisosgoce? HTTP/1.1" 200 7898
201.186.225.183 - - [23/Apr/2025:11:32:59 -0300] "GET /cormun/servlet/trpermisosadjuntos?17524022,20250421141232,P, HTTP/1.1" 200 6291
190.121.111.10 - - [23/Apr/2025:11:33:00 -0300] "GET /cormun/servlet/vesolicitudgral?2025,22425,,SolicitudOTAdjuntos HTTP/1.1" 200 11173
190.95.67.91 - - [23/Apr/2025:11:33:00 -0300] "GET /cormun/servlet/trautorizarpermisogoce? HTTP/1.1" 200 8588
201.186.225.183 - - [23/Apr/2025:11:33:01 -0300] "GET /cormun/servlet/permisosadjuntos?INS,17524022,P,20250421141232,, HTTP/1.1" 200 5609
201.186.225.183 - - [23/Apr/2025:11:33:01 -0300] "GET /cormun/static/about:blank HTTP/1.1" 404 1011
190.121.111.10 - - [23/Apr/2025:11:33:02 -0300] "POST /cormun/servlet/acontrolpreferencessavestate?None,RRHH+DANIELA,true HTTP/1.1" 200 35
190.121.111.10 - - [23/Apr/2025:11:33:03 -0300] "GET /cormun/PublicTempStorage/palma_jacobs_gabriel_felipe_%28afp%299627481.pdf HTTP/1.1" 200 373795
201.186.225.183 - - [23/Apr/2025:11:33:06 -0300] "POST /cormun/servlet/permisosadjuntos?b8d1c9ebfbef3543be5426dd0efd1f95,INS,17524022,P,20250421141232,, HTTP/1.1" 200 116
201.186.225.183 - - [23/Apr/2025:11:33:06 -0300] "GET /cormun/servlet/hpexe_return? HTTP/1.1" 200 1040
201.186.225.183 - - [23/Apr/2025:11:33:06 -0300] "GET /cormun/servlet/trpermisosadjuntos?17524022,20250421141232,P, HTTP/1.1" 200 6752
201.186.225.183 - - [23/Apr/2025:11:33:08 -0300] "GET /cormun/servlet/trpermisosgoce? HTTP/1.1" 200 7891
190.95.67.91 - - [23/Apr/2025:11:33:09 -0300] "POST /cormun/servlet/trautorizarpermisogoce?80e0be346e2e6e25299258c95e0c4cb3,,gx-no-cache=1745418925670 HTTP/1.1" 200 132
190.95.67.91 - - [23/Apr/2025:11:33:09 -0300] "GET /cormun/servlet/licenciaspermisoslog?INS,18374661,P,20250423101954,0,NU, HTTP/1.1" 200 6118
190.95.67.91 - - [23/Apr/2025:11:33:09 -0300] "GET /cormun/static/gxcfg.js?20201215135367 HTTP/1.1" 200 953
190.95.67.91 - - [23/Apr/2025:11:33:09 -0300] "GET /cormun/static/licenciaspermisoslog.js?20201215135432 HTTP/1.1" 200 9271
201.186.225.183 - - [23/Apr/2025:11:33:11 -0300] "POST /cormun/servlet/trpermisosgoce?b8d1c9ebfbef3543be5426dd0efd1f95,,gx-no-cache=1745418928215 HTTP/1.1" 200 5136
190.95.67.91 - - [23/Apr/2025:11:33:16 -0300] "GET /cormun/servlet/licenciaspermisoslog?20ac6c424f3ebc76555c4b9584570a49c39f43465f1359606bb2cfdca33a035d966b1f19069fde82a364ea0c3c92a464a0cb10e01805e9d795edd019668a86cd48ce3fa9fd08a86a26b63006a9aab8e2c7e60543c0b0e410f6468928f965e22b,gx-no-cache=1745418933364 HTTP/1.1" 200 120
190.95.67.91 - - [23/Apr/2025:11:33:16 -0300] "GET /cormun/static/Shared/jqueryui/images/ui-icons_82798d_256x240.png HTTP/1.1" 404 1089
190.95.67.91 - - [23/Apr/2025:11:33:16 -0300] "GET /cormun/static/Shared/jqueryui/images/ui-bg_highlight-soft_100_c6c2c8_1x100.png HTTP/1.1" 404 1117
190.95.67.91 - - [23/Apr/2025:11:33:16 -0300] "GET /cormun/static/Shared/jqueryui/images/ui-icons_ebccce_256x240.png HTTP/1.1" 404 1089
190.95.67.91 - - [23/Apr/2025:11:33:16 -0300] "GET /cormun/static/Shared/jqueryui/images/ui-bg_flat_55_994d53_40x100.png HTTP/1.1" 404 1097
190.95.67.91 - - [23/Apr/2025:11:33:16 -0300] "GET /cormun/servlet/licenciaspermisoslog?20ac6c424f3ebc76555c4b9584570a49c39f43465f1359606bb2cfdca33a035d966b1f19069fde82a364ea0c3c92a464a0cb10e01805e9d795edd019668a86cd48ce3fa9fd08a86a26b63006a9aab8e2c7e60543c0b0e410f6468928f965e22b,gx-no-cache=1745418933394 HTTP/1.1" 200 120
190.95.67.91 - - [23/Apr/2025:11:33:16 -0300] "POST /cormun/servlet/licenciaspermisoslog?80e0be346e2e6e25299258c95e0c4cb3,INS,18374661,P,20250423101954,0,NU,,gx-no-cache=1745418933411 HTTP/1.1" 200 93
190.95.67.91 - - [23/Apr/2025:11:33:16 -0300] "GET /cormun/servlet/hpexe_return? HTTP/1.1" 200 1043
190.95.67.91 - - [23/Apr/2025:11:33:17 -0300] "GET /cormun/servlet/trautorizarpermisogoce HTTP/1.1" 200 8428
201.186.225.183 - - [23/Apr/2025:11:33:17 -0300] "POST /cormun/servlet/trpermisosgoce?b8d1c9ebfbef3543be5426dd0efd1f95,,gx-no-cache=1745418934399 HTTP/1.1" 200 4860
201.186.225.183 - - [23/Apr/2025:11:33:23 -0300] "GET /cormun/servlet/trpermisosadjuntos?17137412,20250421141315,P, HTTP/1.1" 200 6286
190.121.111.10 - - [23/Apr/2025:11:33:23 -0300] "GET /cormun/servlet/vesolicitudgral?2025,22425,,SolicitudOTAdjuntos HTTP/1.1" 200 11175
190.95.67.91 - - [23/Apr/2025:11:33:24 -0300] "POST /cormun/servlet/trautorizarpermisogoce?80e0be346e2e6e25299258c95e0c4cb3,gx-no-cache=1745418940974 HTTP/1.1" 200 5535
190.121.111.10 - - [23/Apr/2025:11:33:24 -0300] "POST /cormun/servlet/acontrolpreferencessavestate?None,RRHH+DANIELA,true HTTP/1.1" 200 35
201.186.225.183 - - [23/Apr/2025:11:33:24 -0300] "GET /cormun/servlet/permisosadjuntos?INS,17137412,P,20250421141315,, HTTP/1.1" 200 5605
190.95.67.91 - - [23/Apr/2025:11:33:24 -0300] "GET /cormun/static/Shared/jqueryui/images/ui-bg_flat_55_fafafa_40x100.png HTTP/1.1" 404 1097
190.95.67.91 - - [23/Apr/2025:11:33:24 -0300] "GET /cormun/static/Shared/jqueryui/images/ui-icons_8d78a5_256x240.png HTTP/1.1" 404 1089
201.186.225.183 - - [23/Apr/2025:11:33:24 -0300] "GET /cormun/static/about:blank HTTP/1.1" 404 1011
190.95.67.91 - - [23/Apr/2025:11:33:25 -0300] "POST /cormun/servlet/trautorizarpermisogoce?80e0be346e2e6e25299258c95e0c4cb3,gx-no-cache=1745418942068 HTTP/1.1" 200 5284
190.121.111.10 - - [23/Apr/2025:11:33:26 -0300] "GET /cormun/PublicTempStorage/palma_jacobs_gabriel_felipe_%28fonasa%294109645.pdf HTTP/1.1" 200 72600
190.95.67.91 - - [23/Apr/2025:11:33:26 -0300] "POST /cormun/servlet/trautorizarpermisogoce?80e0be346e2e6e25299258c95e0c4cb3,gx-no-cache=1745418943028 HTTP/1.1" 200 4528
201.186.225.183 - - [23/Apr/2025:11:33:29 -0300] "POST /cormun/servlet/permisosadjuntos?b8d1c9ebfbef3543be5426dd0efd1f95,INS,17137412,P,20250421141315,, HTTP/1.1" 200 116
201.186.225.183 - - [23/Apr/2025:11:33:29 -0300] "GET /cormun/servlet/hpexe_return? HTTP/1.1" 200 1040
201.186.225.183 - - [23/Apr/2025:11:33:29 -0300] "GET /cormun/servlet/trpermisosadjuntos?17137412,20250421141315,P, HTTP/1.1" 200 6746
190.95.67.91 - - [23/Apr/2025:11:33:30 -0300] "GET /cormun/servlet/trpermisosgoce? HTTP/1.1" 200 19209
190.121.111.10 - - [23/Apr/2025:11:33:30 -0300] "GET /cormun/servlet/vesolicitudgral?2025,22425,,SolicitudOTAdjuntos HTTP/1.1" 200 11176
190.121.111.10 - - [23/Apr/2025:11:33:31 -0300] "POST /cormun/servlet/acontrolpreferencessavestate?None,RRHH+DANIELA,true HTTP/1.1" 200 35
201.186.225.183 - - [23/Apr/2025:11:33:33 -0300] "GET /cormun/servlet/trpermisosgoce? HTTP/1.1" 200 7650
201.186.225.183 - - [23/Apr/2025:11:33:35 -0300] "POST /cormun/servlet/trpermisosgoce?b8d1c9ebfbef3543be5426dd0efd1f95,,gx-no-cache=1745418951528 HTTP/1.1" 200 4852
190.121.111.10 - - [23/Apr/2025:11:33:36 -0300] "GET /cormun/servlet/vesolicitudgral?2025,22425,,General HTTP/1.1" 200 8447
190.121.111.10 - - [23/Apr/2025:11:33:36 -0300] "GET /cormun/pexe_scrolldiv.js HTTP/1.1" 404 1009
201.186.225.183 - - [23/Apr/2025:11:33:40 -0300] "POST /cormun/servlet/trpermisosgoce?b8d1c9ebfbef3543be5426dd0efd1f95,,gx-no-cache=1745418956790 HTTP/1.1" 200 4835
201.186.225.183 - - [23/Apr/2025:11:33:43 -0300] "GET /cormun/servlet/trpermisosadjuntos?12368591,20250421141404,P, HTTP/1.1" 200 6278
201.186.225.183 - - [23/Apr/2025:11:33:44 -0300] "GET /cormun/servlet/permisosadjuntos?INS,12368591,P,20250421141404,, HTTP/1.1" 200 5595
201.186.225.183 - - [23/Apr/2025:11:33:44 -0300] "GET /cormun/static/about:blank HTTP/1.1" 404 1011
190.95.67.91 - - [23/Apr/2025:11:33:45 -0300] "POST /cormun/servlet/trpermisosgoce?80e0be346e2e6e25299258c95e0c4cb3,,gx-no-cache=1745418961664 HTTP/1.1" 200 16342
190.95.67.91 - - [23/Apr/2025:11:33:49 -0300] "GET /cormun/servlet/permisogoce?INS,0,,, HTTP/1.1" 200 7111
201.186.225.183 - - [23/Apr/2025:11:33:50 -0300] "POST /cormun/servlet/permisosadjuntos?b8d1c9ebfbef3543be5426dd0efd1f95,INS,12368591,P,20250421141404,, HTTP/1.1" 200 116
201.186.225.183 - - [23/Apr/2025:11:33:50 -0300] "GET /cormun/servlet/hpexe_return? HTTP/1.1" 200 1040
201.186.225.183 - - [23/Apr/2025:11:33:50 -0300] "GET /cormun/servlet/trpermisosadjuntos?12368591,20250421141404,P, HTTP/1.1" 200 6738
201.186.225.183 - - [23/Apr/2025:11:33:54 -0300] "GET /cormun/servlet/trpermisosgoce? HTTP/1.1" 200 7622
201.186.225.183 - - [23/Apr/2025:11:33:56 -0300] "POST /cormun/servlet/trpermisosgoce?b8d1c9ebfbef3543be5426dd0efd1f95,,gx-no-cache=1745418972880 HTTP/1.1" 200 4829
190.95.67.91 - - [23/Apr/2025:11:33:58 -0300] "GET /cormun/servlet/permisogoce?20ac6c424f3ebc76555c4b9584570a4940d5278aaf4cce6f96af8ba34efdd06ffd3de7028ab0a001077e597ee84865c4c9907b38f3e48e67b1399bf8c08c3420,gx-no-cache=1745418975024 HTTP/1.1" 200 81
190.95.67.91 - - [23/Apr/2025:11:34:00 -0300] "GET /cormun/static/menuarrow.gif HTTP/1.1" 404 1015
201.186.225.183 - - [23/Apr/2025:11:34:01 -0300] "POST /cormun/servlet/trpermisosgoce?b8d1c9ebfbef3543be5426dd0efd1f95,,gx-no-cache=1745418978074 HTTP/1.1" 200 5104
201.186.225.183 - - [23/Apr/2025:11:34:03 -0300] "GET /cormun/servlet/trpermisosadjuntos?18648884,20250421141445,P, HTTP/1.1" 200 6290
201.186.225.183 - - [23/Apr/2025:11:34:04 -0300] "GET /cormun/servlet/permisosadjuntos?INS,18648884,P,20250421141445,, HTTP/1.1" 200 5608
190.95.67.91 - - [23/Apr/2025:11:34:04 -0300] "GET /cormun/servlet/permisogoce?20ac6c424f3ebc76555c4b9584570a49e2fd883135b24c64d2ba225b39fff78d1437d26701753f4de5eb6b9ba9e011bfd4a5bef61f4dbfe74f657946fc56d85e,gx-no-cache=1745418981375 HTTP/1.1" 200 47
201.186.225.183 - - [23/Apr/2025:11:34:04 -0300] "GET /cormun/static/about:blank HTTP/1.1" 404 1011
190.95.67.91 - - [23/Apr/2025:11:34:07 -0300] "POST /cormun/servlet/permisogoce?80e0be346e2e6e25299258c95e0c4cb3,INS,0,,,,gx-no-cache=1745418983572 HTTP/1.1" 200 93
190.95.67.91 - - [23/Apr/2025:11:34:07 -0300] "GET /cormun/servlet/hpexe_return? HTTP/1.1" 200 1008
190.95.67.91 - - [23/Apr/2025:11:34:07 -0300] "GET /cormun/servlet/trpermisosgoce? HTTP/1.1" 200 19261
190.95.67.91 - - [23/Apr/2025:11:34:09 -0300] "GET /cormun/servlet/trpermisosadjuntos?19592046,20250423103622,P, HTTP/1.1" 200 6541
190.95.67.91 - - [23/Apr/2025:11:34:10 -0300] "GET /cormun/servlet/permisosadjuntos?INS,19592046,P,20250423103622,, HTTP/1.1" 200 5862
190.95.67.91 - - [23/Apr/2025:11:34:11 -0300] "GET /cormun/static/about:blank HTTP/1.1" 404 1011
190.95.67.91 - - [23/Apr/2025:11:34:14 -0300] "POST /cormun/servlet/permisosadjuntos?80e0be346e2e6e25299258c95e0c4cb3,INS,19592046,P,20250423103622,, HTTP/1.1" 200 116
190.95.67.91 - - [23/Apr/2025:11:34:14 -0300] "GET /cormun/servlet/hpexe_return? HTTP/1.1" 200 1035
