190.95.15.13 - - [22/Apr/2025:13:03:18 -0300] "POST /cormun/servlet/solicitudot?gx-no-cache=1745337932598 HTTP/1.1" 200 4039
190.95.15.13 - - [22/Apr/2025:13:03:18 -0300] "POST /cormun/servlet/solicitudot?8d4648363b1608275bd341f259fc299a,INS,0,0,false,,gx-no-cache=1745337932817 HTTP/1.1" 200 12611
190.95.15.13 - - [22/Apr/2025:13:03:21 -0300] "GET /cormun/servlet/solicitudot?e896bb2a91a631a88b7b8e7a0848d59df16bc66eabb07add121bcf1544eb7f5874e27ebf52013971b0689d45e273c0b3,gx-no-cache=1745337935968 HTTP/1.1" 200 30
190.95.67.91 - - [22/Apr/2025:13:03:23 -0300] "GET /cormun/servlet/trlicencias? HTTP/1.1" 200 15085
190.95.15.13 - - [22/Apr/2025:13:05:00 -0300] "GET /cormun/servlet/solicitudot?e896bb2a91a631a88b7b8e7a0848d59d833df813f21b5257a110c5065ac4bc4d96e336d9824463f990ff92d950f79a206edfea575f4d397d54db9b75980bbe9f,gx-no-cache=1745338035131 HTTP/1.1" 200 30
190.95.15.13 - - [22/Apr/2025:13:05:00 -0300] "GET /cormun/servlet/solicitudot?e896bb2a91a631a88b7b8e7a0848d59d8ef65122cbdcc9613f2ad2cb04f8774d,gx-no-cache=1745338035580 HTTP/1.1" 200 29
190.95.15.13 - - [22/Apr/2025:13:05:20 -0300] "POST /cormun/servlet/solicitudot?gx-no-cache=1745338055644 HTTP/1.1" 200 297
190.95.15.13 - - [22/Apr/2025:13:05:23 -0300] "GET /cormun/servlet/solicitudot?e896bb2a91a631a88b7b8e7a0848d59d244bf272edf61ed03be06757f3bbffd8bae748a7f78206dc8d287f67ed6ce1b59da3719847ea8ff3c9598da369bedc92f5f9f106c10cd0bb9a86015d748f59ae6b933182ac29fb5a921e3c18c16eb57c3863beb2b36834124bb54ec92c8bc5cb72d3c066a4ac3339b93f0a481dea0ebc206303da3b3cc36aea6bfbd6fbbba16cae552f251e9a2b7c9b7f023ba8219fcc9af89aa4196a493144d85d038e39acc942f58688ece29c86ffd533d6646c6819b6baab7817334e4fffdc20f626f2bd23c1d9b6a92a5c42fb27fa83501f1b9439980dee6f7ca3a0438bf75473b765b21cbc053dea475ba6d4c4268ee5fccf99c30f764238e142c7e265b39c9fede1256b56f27f0011c6019b98f60e7d562b221cedee9f832399cbd5a2c212431bd8b30642f3a97fb1c7af87207e44705d8e9daa48f8b162c6ad0936c06d5d87404b684f07028493686b12c33225c50f8f001d4759d9b16b709fa3ab544459ebd16475b3ffffc92f9caefd6b931caf7256e5c7926edfea575f4d397d54db9b75980bbe9f,gx-no-cache=1745338057933 HTTP/1.1" 200 30
190.95.15.13 - - [22/Apr/2025:13:05:25 -0300] "POST /cormun/servlet/solicitudot?gx-no-cache=1745338060378 HTTP/1.1" 200 30
190.95.15.13 - - [22/Apr/2025:13:06:17 -0300] "POST /cormun/servlet/solicitudot?gx-no-cache=1745338112471 HTTP/1.1" 200 1482
190.95.15.13 - - [22/Apr/2025:13:06:17 -0300] "GET /cormun/static/menuarrow.gif HTTP/1.1" 404 1015
190.95.15.13 - - [22/Apr/2025:13:06:30 -0300] "POST /cormun/servlet/solicitudot?gx-no-cache=1745338124956 HTTP/1.1" 200 118
190.95.15.13 - - [22/Apr/2025:13:06:30 -0300] "GET /cormun/static/Shared/jqueryui/images/ui-bg_highlight-soft_100_c6c2c8_1x100.png HTTP/1.1" 404 1117
190.95.15.13 - - [22/Apr/2025:13:06:30 -0300] "GET /cormun/static/Shared/jqueryui/images/ui-bg_flat_55_994d53_40x100.png HTTP/1.1" 404 1097
190.95.15.13 - - [22/Apr/2025:13:06:30 -0300] "GET /cormun/static/Shared/jqueryui/images/ui-icons_ebccce_256x240.png HTTP/1.1" 404 1089
190.95.15.13 - - [22/Apr/2025:13:06:30 -0300] "GET /cormun/static/Shared/jqueryui/images/ui-icons_82798d_256x240.png HTTP/1.1" 404 1089
190.95.15.13 - - [22/Apr/2025:13:06:30 -0300] "GET /cormun/servlet/solicitudot?e896bb2a91a631a88b7b8e7a0848d59d2578c123fffa7ea6fbabc18aacd9dec81e561eb13466dddd9b942578fb7f32fe51134c9204c6724e83220bde0500b2d76739d1084f6138f00851ff54022d51c700701b18901f5d6322ee27d6c555c6c5485b0d8a2a32718537d3e5888ff97cec,gx-no-cache=1745338124997 HTTP/1.1" 200 110
190.95.15.13 - - [22/Apr/2025:13:06:30 -0300] "POST /cormun/servlet/solicitudot?gx-no-cache=1745338125063 HTTP/1.1" 200 110
190.95.15.13 - - [22/Apr/2025:13:06:30 -0300] "GET /cormun/servlet/solicitudot?e896bb2a91a631a88b7b8e7a0848d59d580b997e1de4098d1318028c0e99c5fd5d505340a7e3b3b85c643a10fb1e029f7a7e01a08a6c72ff23c7dc0a1d18fdb9bb5d49fbaa7940f8b9ea26ddac913c2df1b050bc6ba6dba97e92e393b2f785f657670c5427f18dc83d2d27441f3980b9,gx-no-cache=1745338125101 HTTP/1.1" 200 29
190.95.15.13 - - [22/Apr/2025:13:06:52 -0300] "POST /cormun/servlet/solicitudot?gx-no-cache=1745338147254 HTTP/1.1" 200 118
190.95.15.13 - - [22/Apr/2025:13:06:52 -0300] "GET /cormun/servlet/solicitudot?e896bb2a91a631a88b7b8e7a0848d59d2578c123fffa7ea6fbabc18aacd9dec81e561eb13466dddd9b942578fb7f32fe51134c9204c6724e83220bde0500b2d76739d1084f6138f00851ff54022d51c700701b18901f5d6322ee27d6c555c6c5485b0d8a2a32718537d3e5888ff97cec,gx-no-cache=1745338147591 HTTP/1.1" 200 110
190.95.1.185 - - [22/Apr/2025:13:07:02 -0300] "GET /cormun/servlet/apermisogoceprn?18221736,P,20250422115129,PU HTTP/1.1" 200 1666
190.95.15.13 - - [22/Apr/2025:13:07:10 -0300] "GET /cormun/servlet/solicitudot?e896bb2a91a631a88b7b8e7a0848d59ddb3884a85e274f998e47f106b1ac7dc4551e50ab15bd27753759065727ba4174,gx-no-cache=1745338165561 HTTP/1.1" 200 30
190.95.15.13 - - [22/Apr/2025:13:07:22 -0300] "POST /cormun/servlet/solicitudot?gx-no-cache=1745338177469 HTTP/1.1" 200 122
190.95.15.13 - - [22/Apr/2025:13:07:22 -0300] "GET /cormun/servlet/solicitudot?e896bb2a91a631a88b7b8e7a0848d59d2578c123fffa7ea6fbabc18aacd9dec81e561eb13466dddd9b942578fb7f32fe51134c9204c6724e83220bde0500b2d76739d1084f6138f00851ff54022d51c700701b18901f5d6322ee27d6c555c6c5485b0d8a2a32718537d3e5888ff97cec,gx-no-cache=1745338177617 HTTP/1.1" 200 110
190.95.15.13 - - [22/Apr/2025:13:07:22 -0300] "POST /cormun/servlet/solicitudot?gx-no-cache=1745338177652 HTTP/1.1" 200 146
190.95.15.13 - - [22/Apr/2025:13:07:23 -0300] "POST /cormun/servlet/solicitudot?8d4648363b1608275bd341f259fc299a,INS,0,0,false,,gx-no-cache=1745338177722 HTTP/1.1" 200 13069
190.95.15.13 - - [22/Apr/2025:13:07:37 -0300] "POST /cormun/servlet/solicitudot?gx-no-cache=1745338192059 HTTP/1.1" 200 122
190.95.15.13 - - [22/Apr/2025:13:07:37 -0300] "POST /cormun/servlet/solicitudot?8d4648363b1608275bd341f259fc299a,INS,0,0,false,,gx-no-cache=1745338192086 HTTP/1.1" 200 13152
190.95.15.13 - - [22/Apr/2025:13:07:49 -0300] "POST /cormun/servlet/solicitudot?gx-no-cache=1745338204689 HTTP/1.1" 200 122
190.95.15.13 - - [22/Apr/2025:13:07:50 -0300] "GET /cormun/servlet/solicitudot?e896bb2a91a631a88b7b8e7a0848d59d2578c123fffa7ea6fbabc18aacd9dec81e561eb13466dddd9b942578fb7f32fe51134c9204c6724e83220bde0500b2d76739d1084f6138f00851ff54022d51c700701b18901f5d6322ee27d6c555c6c5485b0d8a2a32718537d3e5888ff97cec,gx-no-cache=1745338204723 HTTP/1.1" 200 110
190.95.15.13 - - [22/Apr/2025:13:07:50 -0300] "POST /cormun/servlet/solicitudot?gx-no-cache=1745338204751 HTTP/1.1" 200 146
190.95.15.13 - - [22/Apr/2025:13:07:50 -0300] "POST /cormun/servlet/solicitudot?8d4648363b1608275bd341f259fc299a,INS,0,0,false,,gx-no-cache=1745338204826 HTTP/1.1" 200 13205
190.95.15.13 - - [22/Apr/2025:13:08:12 -0300] "POST /cormun/servlet/solicitudot?gx-no-cache=1745338227339 HTTP/1.1" 200 122
190.95.15.13 - - [22/Apr/2025:13:08:12 -0300] "GET /cormun/servlet/solicitudot?e896bb2a91a631a88b7b8e7a0848d59d2578c123fffa7ea6fbabc18aacd9dec81e561eb13466dddd9b942578fb7f32fe51134c9204c6724e83220bde0500b2d76739d1084f6138f00851ff54022d51c700701b18901f5d6322ee27d6c555c6c5485b0d8a2a32718537d3e5888ff97cec,gx-no-cache=1745338227663 HTTP/1.1" 200 110
190.95.15.13 - - [22/Apr/2025:13:08:13 -0300] "POST /cormun/servlet/solicitudot?gx-no-cache=1745338227689 HTTP/1.1" 200 146
190.95.15.13 - - [22/Apr/2025:13:08:13 -0300] "POST /cormun/servlet/solicitudot?8d4648363b1608275bd341f259fc299a,INS,0,0,false,,gx-no-cache=1745338227759 HTTP/1.1" 200 13253
190.95.15.13 - - [22/Apr/2025:13:08:25 -0300] "POST /cormun/servlet/solicitudot?gx-no-cache=1745338239951 HTTP/1.1" 200 41
190.95.15.13 - - [22/Apr/2025:13:08:25 -0300] "GET /cormun/servlet/solicitudot?e896bb2a91a631a88b7b8e7a0848d59d2578c123fffa7ea6fbabc18aacd9dec81e561eb13466dddd9b942578fb7f32fe51134c9204c6724e83220bde0500b2d76739d1084f6138f00851ff54022d51c700701b18901f5d6322ee27d6c555c6c5485b0d8a2a32718537d3e5888ff97cec,gx-no-cache=1745338239986 HTTP/1.1" 200 110
190.95.15.13 - - [22/Apr/2025:13:08:26 -0300] "POST /cormun/servlet/solicitudot?gx-no-cache=1745338241281 HTTP/1.1" 200 146
190.95.15.13 - - [22/Apr/2025:13:08:27 -0300] "POST /cormun/servlet/solicitudot?8d4648363b1608275bd341f259fc299a,INS,0,0,false,,gx-no-cache=1745338241345 HTTP/1.1" 200 13290
190.121.111.10 - - [22/Apr/2025:13:08:40 -0300] "GET /cormun/servlet/trsolicitudgral? HTTP/1.1" 200 25557
190.95.15.13 - - [22/Apr/2025:13:08:50 -0300] "POST /cormun/servlet/solicitudot?gx-no-cache=1745338265218 HTTP/1.1" 200 135
190.95.15.13 - - [22/Apr/2025:13:08:51 -0300] "POST /cormun/servlet/solicitudot?8d4648363b1608275bd341f259fc299a,INS,0,0,false,,gx-no-cache=1745338265703 HTTP/1.1" 200 13321
190.95.15.13 - - [22/Apr/2025:13:09:11 -0300] "POST /cormun/servlet/solicitudot?gx-no-cache=1745338286041 HTTP/1.1" 200 135
190.95.15.13 - - [22/Apr/2025:13:09:11 -0300] "POST /cormun/servlet/solicitudot?8d4648363b1608275bd341f259fc299a,INS,0,0,false,,gx-no-cache=1745338286478 HTTP/1.1" 200 13366
91.187.148.121 - - [22/Apr/2025:13:09:24 -0300] "GET / HTTP/1.1" 200 11217
190.95.15.13 - - [22/Apr/2025:13:09:29 -0300] "POST /cormun/servlet/solicitudot?gx-no-cache=1745338303775 HTTP/1.1" 200 146
190.95.15.13 - - [22/Apr/2025:13:09:29 -0300] "POST /cormun/servlet/solicitudot?8d4648363b1608275bd341f259fc299a,INS,0,0,false,,gx-no-cache=1745338303912 HTTP/1.1" 200 13418
190.95.15.13 - - [22/Apr/2025:13:09:39 -0300] "POST /cormun/servlet/solicitudot?gx-no-cache=1745338314480 HTTP/1.1" 200 146
190.95.15.13 - - [22/Apr/2025:13:09:40 -0300] "POST /cormun/servlet/solicitudot?8d4648363b1608275bd341f259fc299a,INS,0,0,false,,gx-no-cache=1745338314546 HTTP/1.1" 200 13454
190.121.111.10 - - [22/Apr/2025:13:09:48 -0300] "GET /cormun/servlet/vesolicitudgral?2025,22334,, HTTP/1.1" 200 8443
190.121.111.10 - - [22/Apr/2025:13:09:48 -0300] "GET /cormun/pexe_scrolldiv.js HTTP/1.1" 404 1009
190.95.15.13 - - [22/Apr/2025:13:09:54 -0300] "POST /cormun/servlet/solicitudot?gx-no-cache=1745338328721 HTTP/1.1" 200 146
190.95.15.13 - - [22/Apr/2025:13:09:54 -0300] "POST /cormun/servlet/solicitudot?8d4648363b1608275bd341f259fc299a,INS,0,0,false,,gx-no-cache=1745338328801 HTTP/1.1" 200 13489
190.95.15.13 - - [22/Apr/2025:13:10:05 -0300] "POST /cormun/servlet/solicitudot?gx-no-cache=1745338340090 HTTP/1.1" 200 146
190.95.15.13 - - [22/Apr/2025:13:10:05 -0300] "POST /cormun/servlet/solicitudot?8d4648363b1608275bd341f259fc299a,INS,0,0,false,,gx-no-cache=1745338340157 HTTP/1.1" 200 13650
190.95.15.13 - - [22/Apr/2025:13:10:15 -0300] "POST /cormun/servlet/solicitudot?gx-no-cache=1745338350377 HTTP/1.1" 200 146
190.95.15.13 - - [22/Apr/2025:13:10:15 -0300] "POST /cormun/servlet/solicitudot?8d4648363b1608275bd341f259fc299a,INS,0,0,false,,gx-no-cache=1745338350445 HTTP/1.1" 200 13688
179.57.78.55 - - [22/Apr/2025:13:10:22 -0300] "POST /cormun/servlet/trlicencias?42ce05ed1224a6cb212d145c6dad2515,gx-no-cache=1745338358006 HTTP/1.1" 200 6634
190.95.15.13 - - [22/Apr/2025:13:10:26 -0300] "POST /cormun/servlet/solicitudot?gx-no-cache=1745338360935 HTTP/1.1" 200 146
190.95.15.13 - - [22/Apr/2025:13:10:26 -0300] "POST /cormun/servlet/solicitudot?8d4648363b1608275bd341f259fc299a,INS,0,0,false,,gx-no-cache=1745338361009 HTTP/1.1" 200 13744
190.95.15.13 - - [22/Apr/2025:13:10:46 -0300] "GET /cormun/servlet/solicitudot?e896bb2a91a631a88b7b8e7a0848d59db48a3fe315df686ff3099ee1c94cb1d472c7d4f144559879facd0d9936fb1de1,gx-no-cache=1745338380772 HTTP/1.1" 200 30
190.95.15.13 - - [22/Apr/2025:13:10:46 -0300] "POST /cormun/servlet/solicitudot?gx-no-cache=1745338380798 HTTP/1.1" 200 146
190.95.15.13 - - [22/Apr/2025:13:10:46 -0300] "POST /cormun/servlet/solicitudot?8d4648363b1608275bd341f259fc299a,INS,0,0,false,,gx-no-cache=1745338380888 HTTP/1.1" 200 13778
190.95.15.13 - - [22/Apr/2025:13:10:56 -0300] "POST /cormun/servlet/solicitudot?gx-no-cache=1745338391614 HTTP/1.1" 200 146
190.95.15.13 - - [22/Apr/2025:13:10:57 -0300] "POST /cormun/servlet/solicitudot?8d4648363b1608275bd341f259fc299a,INS,0,0,false,,gx-no-cache=1745338391679 HTTP/1.1" 200 13813
190.95.15.13 - - [22/Apr/2025:13:11:11 -0300] "POST /cormun/servlet/solicitudot?gx-no-cache=1745338406408 HTTP/1.1" 200 146
190.95.15.13 - - [22/Apr/2025:13:11:11 -0300] "POST /cormun/servlet/solicitudot?8d4648363b1608275bd341f259fc299a,INS,0,0,false,,gx-no-cache=1745338406482 HTTP/1.1" 200 13846
190.95.15.13 - - [22/Apr/2025:13:11:21 -0300] "POST /cormun/servlet/solicitudot?gx-no-cache=1745338416146 HTTP/1.1" 200 146
190.95.15.13 - - [22/Apr/2025:13:11:21 -0300] "POST /cormun/servlet/solicitudot?8d4648363b1608275bd341f259fc299a,INS,0,0,false,,gx-no-cache=1745338416214 HTTP/1.1" 200 13877
190.95.15.13 - - [22/Apr/2025:13:11:30 -0300] "POST /cormun/servlet/solicitudot?gx-no-cache=1745338425170 HTTP/1.1" 200 146
190.95.15.13 - - [22/Apr/2025:13:11:30 -0300] "POST /cormun/servlet/solicitudot?8d4648363b1608275bd341f259fc299a,INS,0,0,false,,gx-no-cache=1745338425252 HTTP/1.1" 200 13932
190.95.15.13 - - [22/Apr/2025:13:12:12 -0300] "POST /cormun/servlet/solicitudot?gx-no-cache=1745338466230 HTTP/1.1" 200 146
190.95.15.13 - - [22/Apr/2025:13:12:12 -0300] "POST /cormun/servlet/solicitudot?8d4648363b1608275bd341f259fc299a,INS,0,0,false,,gx-no-cache=1745338466758 HTTP/1.1" 200 13979
190.121.111.10 - - [22/Apr/2025:13:12:52 -0300] "GET /cormun/servlet/vesolicitudgral?2025,22334,,SolicitudOTAdjuntos HTTP/1.1" 200 11200
190.121.111.10 - - [22/Apr/2025:13:12:52 -0300] "GET /cormun/pexe_scrolldiv.js HTTP/1.1" 404 1009
190.121.111.10 - - [22/Apr/2025:13:12:53 -0300] "POST /cormun/servlet/acontrolpreferencessavestate?None,RRHH+DANIELA,true HTTP/1.1" 200 35
190.121.111.10 - - [22/Apr/2025:13:12:56 -0300] "GET /cormun/PublicTempStorage/melissa_ramirez_curriculum_27957485.pdf HTTP/1.1" 200 53152
190.121.111.10 - - [22/Apr/2025:13:13:56 -0300] "GET /cormun/servlet/vesolicitudgral?2025,22334,,SolicitudOTAdjuntos HTTP/1.1" 200 11198
190.121.111.10 - - [22/Apr/2025:13:13:57 -0300] "POST /cormun/servlet/acontrolpreferencessavestate?None,RRHH+DANIELA,true HTTP/1.1" 200 35
190.121.111.10 - - [22/Apr/2025:13:13:58 -0300] "GET /cormun/PublicTempStorage/afp9745742.pdf HTTP/1.1" 200 358278
190.121.111.10 - - [22/Apr/2025:13:14:02 -0300] "GET /cormun/servlet/vesolicitudgral?2025,22334,,SolicitudOTAdjuntos HTTP/1.1" 200 11200
190.121.111.10 - - [22/Apr/2025:13:14:03 -0300] "POST /cormun/servlet/acontrolpreferencessavestate?None,RRHH+DANIELA,true HTTP/1.1" 200 35
190.121.111.10 - - [22/Apr/2025:13:14:09 -0300] "GET /cormun/servlet/vesolicitudgral?2025,22334,, HTTP/1.1" 200 8443
201.186.225.249 - - [22/Apr/2025:13:15:55 -0300] "GET /cormun/servlet/hlogin HTTP/1.1" 200 1720
201.186.225.249 - - [22/Apr/2025:13:16:01 -0300] "POST /cormun/servlet/hlogin?e4ce3225f1a01123c91c8c46782f21b6,gx-no-cache=1745338699174 HTTP/1.1" 200 90
201.186.225.249 - - [22/Apr/2025:13:16:01 -0300] "GET /cormun/servlet/hpexe_link HTTP/1.1" 200 951
201.186.225.249 - - [22/Apr/2025:13:16:01 -0300] "GET /cormun/servlet/hhome HTTP/1.1" 200 4301
190.95.15.13 - - [22/Apr/2025:13:16:03 -0300] "POST /cormun/servlet/solicitudot?gx-no-cache=1745338697644 HTTP/1.1" 200 146
201.186.225.249 - - [22/Apr/2025:13:16:03 -0300] "GET /cormun/servlet/trlicencias? HTTP/1.1" 200 11203
190.95.15.13 - - [22/Apr/2025:13:16:25 -0300] "GET /cormun/servlet/solicitudot?e896bb2a91a631a88b7b8e7a0848d59db48a3fe315df686ff3099ee1c94cb1d4aa5b06ebcbc2cb1800b1a30281c10d4e,gx-no-cache=1745338720246 HTTP/1.1" 200 30
190.121.111.10 - - [22/Apr/2025:13:16:37 -0300] "GET /cormun/servlet/hlogin HTTP/1.1" 200 1725
190.121.111.10 - - [22/Apr/2025:13:16:41 -0300] "POST /cormun/servlet/hlogin?30ba2baff13b57f8a24f3e430be43bbd,gx-no-cache=1745338756568 HTTP/1.1" 200 90
190.121.111.10 - - [22/Apr/2025:13:16:42 -0300] "GET /cormun/servlet/hpexe_link HTTP/1.1" 200 971
190.121.111.10 - - [22/Apr/2025:13:16:42 -0300] "GET /cormun/servlet/vesolicitudgral?2025,22334,, HTTP/1.1" 200 8444
190.121.111.10 - - [22/Apr/2025:13:16:42 -0300] "GET /cormun/pexe_scrolldiv.js HTTP/1.1" 404 1009
190.121.111.10 - - [22/Apr/2025:13:16:47 -0300] "POST /cormun/servlet/vesolicitudgral?30ba2baff13b57f8a24f3e430be43bbd,2025,22334,,,gx-no-cache=1745338762002 HTTP/1.1" 200 12372
190.121.111.10 - - [22/Apr/2025:13:16:47 -0300] "GET /cormun/static/Shared/jqueryui/images/ui-icons_82798d_256x240.png HTTP/1.1" 404 1089
190.121.111.10 - - [22/Apr/2025:13:16:47 -0300] "GET /cormun/static/Shared/jqueryui/images/ui-bg_highlight-soft_100_c6c2c8_1x100.png HTTP/1.1" 404 1117
190.121.111.10 - - [22/Apr/2025:13:16:47 -0300] "GET /cormun/static/Shared/jqueryui/images/ui-bg_flat_55_fafafa_40x100.png HTTP/1.1" 404 1097
190.121.111.10 - - [22/Apr/2025:13:16:47 -0300] "GET /cormun/static/Shared/jqueryui/images/ui-icons_8d78a5_256x240.png HTTP/1.1" 404 1089
190.121.111.10 - - [22/Apr/2025:13:16:47 -0300] "POST /cormun/servlet/vesolicitudgral?30ba2baff13b57f8a24f3e430be43bbd,2025,22334,,,gx-no-cache=1745338762163 HTTP/1.1" 200 12305
190.121.111.10 - - [22/Apr/2025:13:16:49 -0300] "GET /cormun/servlet/trautorizarot? HTTP/1.1" 200 10170
190.95.15.13 - - [22/Apr/2025:13:16:51 -0300] "POST /cormun/servlet/solicitudot?gx-no-cache=1745338746420 HTTP/1.1" 200 146
190.121.111.10 - - [22/Apr/2025:13:16:54 -0300] "POST /cormun/servlet/trautorizarot?30ba2baff13b57f8a24f3e430be43bbd,,gx-no-cache=1745338769386 HTTP/1.1" 200 6577
190.121.111.10 - - [22/Apr/2025:13:16:56 -0300] "GET /cormun/servlet/trsolicitudgral? HTTP/1.1" 200 25122
190.95.15.13 - - [22/Apr/2025:13:17:13 -0300] "POST /cormun/servlet/solicitudot?gx-no-cache=1745338767786 HTTP/1.1" 200 146
190.95.15.13 - - [22/Apr/2025:13:17:24 -0300] "GET /cormun/servlet/solicitudot?e896bb2a91a631a88b7b8e7a0848d59db48a3fe315df686ff3099ee1c94cb1d4050e7881e2eec3876c2b1ddc181e9b04,gx-no-cache=1745338779236 HTTP/1.1" 200 30
190.95.15.13 - - [22/Apr/2025:13:17:24 -0300] "POST /cormun/servlet/solicitudot?gx-no-cache=1745338779265 HTTP/1.1" 200 146
190.95.15.13 - - [22/Apr/2025:13:17:34 -0300] "POST /cormun/servlet/solicitudot?gx-no-cache=1745338789187 HTTP/1.1" 200 146
190.121.111.10 - - [22/Apr/2025:13:17:36 -0300] "GET /cormun/servlet/trsolicitudgral? HTTP/1.1" 200 25122
190.95.15.13 - - [22/Apr/2025:13:18:53 -0300] "POST /cormun/servlet/solicitudot?gx-no-cache=1745338868516 HTTP/1.1" 200 146
190.95.15.13 - - [22/Apr/2025:13:19:06 -0300] "POST /cormun/servlet/solicitudot?gx-no-cache=1745338880746 HTTP/1.1" 200 146
190.95.15.13 - - [22/Apr/2025:13:19:49 -0300] "GET /cormun/servlet/solicitudot?e896bb2a91a631a88b7b8e7a0848d59d2578c123fffa7ea6fbabc18aacd9dec81e561eb13466dddd9b942578fb7f32fe51134c9204c6724e83220bde0500b2d76739d1084f6138f00851ff54022d51c700701b18901f5d6322ee27d6c555c6c5485b0d8a2a32718537d3e5888ff97cec,gx-no-cache=1745338924501 HTTP/1.1" 200 110
190.95.15.13 - - [22/Apr/2025:13:20:01 -0300] "GET /cormun/servlet/solicitudot?e896bb2a91a631a88b7b8e7a0848d59d0528833e0f0eb1165f5407b9090871fcaa079a1b5228165e153d461e9eb83c7b,gx-no-cache=1745338936128 HTTP/1.1" 200 134
190.95.15.17 - - [22/Apr/2025:13:20:14 -0300] "GET /cormun/servlet/hlogin HTTP/1.1" 200 1723
190.95.15.13 - - [22/Apr/2025:13:20:16 -0300] "GET /cormun/servlet/solicitudot?e896bb2a91a631a88b7b8e7a0848d59db17a04a02b16acf1d76858526757c122aa079a1b5228165e153d461e9eb83c7b,gx-no-cache=1745338951249 HTTP/1.1" 200 30
190.95.15.17 - - [22/Apr/2025:13:20:18 -0300] "POST /cormun/servlet/hlogin?96009c4fc7617ebfeac8633a1a0a433c,gx-no-cache=1745339328529 HTTP/1.1" 200 90
190.95.15.17 - - [22/Apr/2025:13:20:18 -0300] "GET /cormun/servlet/hpexe_link HTTP/1.1" 200 953
190.95.15.17 - - [22/Apr/2025:13:20:18 -0300] "GET /cormun/servlet/hhome HTTP/1.1" 200 4384
190.95.15.13 - - [22/Apr/2025:13:20:19 -0300] "POST /cormun/servlet/solicitudot?gx-no-cache=1745338954073 HTTP/1.1" 200 146
190.95.15.17 - - [22/Apr/2025:13:20:22 -0300] "GET /cormun/servlet/trlicencias? HTTP/1.1" 200 10352
190.95.15.13 - - [22/Apr/2025:13:20:23 -0300] "POST /cormun/servlet/solicitudot?gx-no-cache=1745338957976 HTTP/1.1" 200 146
190.95.15.13 - - [22/Apr/2025:13:20:26 -0300] "POST /cormun/servlet/solicitudot?gx-no-cache=1745338960846 HTTP/1.1" 200 146
68.69.184.218 - - [22/Apr/2025:13:20:31 -0300] "CONNECT www.google.com:443 HTTP/1.1" 400 -
190.95.15.13 - - [22/Apr/2025:13:20:35 -0300] "POST /cormun/servlet/solicitudot?gx-no-cache=1745338969801 HTTP/1.1" 200 146
190.95.15.13 - - [22/Apr/2025:13:20:39 -0300] "POST /cormun/servlet/solicitudot?gx-no-cache=1745338974374 HTTP/1.1" 200 146
190.95.15.13 - - [22/Apr/2025:13:20:42 -0300] "POST /cormun/servlet/solicitudot?gx-no-cache=1745338977601 HTTP/1.1" 200 146
190.95.15.13 - - [22/Apr/2025:13:20:46 -0300] "POST /cormun/servlet/solicitudot?gx-no-cache=1745338980849 HTTP/1.1" 200 146
190.95.15.13 - - [22/Apr/2025:13:20:48 -0300] "POST /cormun/servlet/solicitudot?gx-no-cache=1745338983575 HTTP/1.1" 200 146
190.95.15.13 - - [22/Apr/2025:13:20:53 -0300] "POST /cormun/servlet/solicitudot?gx-no-cache=1745338987851 HTTP/1.1" 200 146
190.95.15.13 - - [22/Apr/2025:13:20:56 -0300] "POST /cormun/servlet/solicitudot?gx-no-cache=1745338990895 HTTP/1.1" 200 146
190.95.15.13 - - [22/Apr/2025:13:21:02 -0300] "POST /cormun/servlet/solicitudot?gx-no-cache=1745338997135 HTTP/1.1" 200 146
190.95.15.13 - - [22/Apr/2025:13:21:06 -0300] "POST /cormun/servlet/solicitudot?gx-no-cache=1745339001116 HTTP/1.1" 200 146
190.95.15.13 - - [22/Apr/2025:13:21:09 -0300] "POST /cormun/servlet/solicitudot?gx-no-cache=1745339004628 HTTP/1.1" 200 146
190.95.15.13 - - [22/Apr/2025:13:21:12 -0300] "POST /cormun/servlet/solicitudot?gx-no-cache=1745339007155 HTTP/1.1" 200 146
190.95.15.13 - - [22/Apr/2025:13:21:33 -0300] "POST /cormun/servlet/solicitudot?gx-no-cache=1745339027897 HTTP/1.1" 200 146
190.95.15.13 - - [22/Apr/2025:13:21:38 -0300] "POST /cormun/servlet/solicitudot?gx-no-cache=1745339033210 HTTP/1.1" 200 146
190.95.15.13 - - [22/Apr/2025:13:23:08 -0300] "GET /cormun/servlet/hlogin HTTP/1.1" 200 1734
190.95.15.13 - - [22/Apr/2025:13:23:56 -0300] "POST /cormun/servlet/hlogin?1aeaa754ef52216f757f986fe32f1f00,gx-no-cache=1745339172173 HTTP/1.1" 200 90
190.95.15.13 - - [22/Apr/2025:13:23:57 -0300] "GET /cormun/servlet/hpexe_link HTTP/1.1" 200 949
190.95.15.13 - - [22/Apr/2025:13:23:57 -0300] "GET /cormun/servlet/hhome HTTP/1.1" 200 3937
190.95.15.13 - - [22/Apr/2025:13:24:01 -0300] "GET /cormun/servlet/trsolicitudot? HTTP/1.1" 200 17706
190.95.15.13 - - [22/Apr/2025:13:24:29 -0300] "GET /cormun/servlet/trlicencias? HTTP/1.1" 200 12463
190.95.15.13 - - [22/Apr/2025:13:26:06 -0300] "GET /cormun/servlet/trsolicitudot? HTTP/1.1" 200 17704
190.95.15.13 - - [22/Apr/2025:13:26:09 -0300] "POST /cormun/servlet/trsolicitudot?1aeaa754ef52216f757f986fe32f1f00,,gx-no-cache=1745339304803 HTTP/1.1" 200 106
190.95.15.13 - - [22/Apr/2025:13:26:09 -0300] "GET /cormun/servlet/trsolicitudadjuntos?2025,22310, HTTP/1.1" 200 6045
190.95.15.13 - - [22/Apr/2025:13:26:12 -0300] "GET /cormun/servlet/trsolicitudot? HTTP/1.1" 200 17712
179.57.78.55 - - [22/Apr/2025:13:26:15 -0300] "GET /cormun/servlet/trlicencias? HTTP/1.1" 200 9274
190.95.15.27 - - [22/Apr/2025:13:28:29 -0300] "GET /cormun/servlet/trpermisosgoce? HTTP/1.1" 200 12416
190.95.2.163 - - [22/Apr/2025:13:31:17 -0300] "GET /cormun/servlet/hlogin HTTP/1.1" 200 1712
190.95.2.163 - - [22/Apr/2025:13:31:20 -0300] "POST /cormun/servlet/hlogin?ee2f6868ed457a323581a3aac2fb4b2d,gx-no-cache=1745339618231 HTTP/1.1" 200 90
190.95.2.163 - - [22/Apr/2025:13:31:20 -0300] "GET /cormun/servlet/hpexe_link HTTP/1.1" 200 943
190.95.2.163 - - [22/Apr/2025:13:31:21 -0300] "GET /cormun/servlet/hhome HTTP/1.1" 200 3988
190.95.2.163 - - [22/Apr/2025:13:31:23 -0300] "GET /cormun/servlet/trlicencias? HTTP/1.1" 200 11294
190.95.15.15 - - [22/Apr/2025:13:31:43 -0300] "GET /cormun/servlet/trlicencias? HTTP/1.1" 200 6051
190.95.15.15 - - [22/Apr/2025:13:31:43 -0300] "GET /cormun/servlet/hlogin HTTP/1.1" 200 1738
190.95.15.15 - - [22/Apr/2025:13:31:49 -0300] "POST /cormun/servlet/hlogin?acc38de93e85e91332f025a9804a57c1,gx-no-cache=1745339646542 HTTP/1.1" 200 90
190.95.15.15 - - [22/Apr/2025:13:31:49 -0300] "GET /cormun/servlet/hpexe_link HTTP/1.1" 200 958
190.95.15.15 - - [22/Apr/2025:13:31:49 -0300] "GET /cormun/servlet/trlicencias HTTP/1.1" 200 13005
190.95.15.13 - - [22/Apr/2025:13:33:10 -0300] "POST /cormun/servlet/solicitudot?8d4648363b1608275bd341f259fc299a,INS,0,0,false,,gx-no-cache=1745339725214 HTTP/1.1" 200 14083
190.95.15.13 - - [22/Apr/2025:13:35:45 -0300] "GET /cormun/servlet/trsolicitudot? HTTP/1.1" 200 17703
190.95.15.13 - - [22/Apr/2025:13:36:14 -0300] "POST /cormun/servlet/trsolicitudot?8d4648363b1608275bd341f259fc299a,,gx-no-cache=1745339908254 HTTP/1.1" 200 106
190.95.15.13 - - [22/Apr/2025:13:36:14 -0300] "GET /cormun/servlet/trsolicitudadjuntos?2025,22310, HTTP/1.1" 200 6045
190.95.15.13 - - [22/Apr/2025:13:36:18 -0300] "GET /cormun/servlet/trvisualizadoreventos? HTTP/1.1" 200 6694
190.95.15.13 - - [22/Apr/2025:13:36:18 -0300] "GET /cormun/static/gxcfg.js?202211298474834 HTTP/1.1" 200 953
190.95.15.13 - - [22/Apr/2025:13:36:18 -0300] "GET /cormun/static/trvisualizadoreventos.js?202211298474971 HTTP/1.1" 200 19318
190.95.15.13 - - [22/Apr/2025:13:36:18 -0300] "GET /cormun/static/Resources/PXToolsActionPrint.png HTTP/1.1" 200 404
190.95.15.13 - - [22/Apr/2025:13:36:24 -0300] "GET /cormun/servlet/trsolicitudot? HTTP/1.1" 200 17705
201.186.226.3 - - [22/Apr/2025:13:36:49 -0300] "GET /cormun/servlet/hlogin HTTP/1.1" 200 1713
201.186.226.3 - - [22/Apr/2025:13:37:04 -0300] "POST /cormun/servlet/hlogin?d720785e504c13f3700ddc37fc9e491d,gx-no-cache=1745339962007 HTTP/1.1" 200 90
201.186.226.3 - - [22/Apr/2025:13:37:04 -0300] "GET /cormun/servlet/hpexe_link HTTP/1.1" 200 945
201.186.226.3 - - [22/Apr/2025:13:37:05 -0300] "GET /cormun/servlet/hhome HTTP/1.1" 200 3900
190.95.15.13 - - [22/Apr/2025:13:37:09 -0300] "POST /cormun/servlet/trsolicitudot?8d4648363b1608275bd341f259fc299a,,gx-no-cache=1745339963987 HTTP/1.1" 200 4353
201.186.226.3 - - [22/Apr/2025:13:37:10 -0300] "GET /cormun/servlet/trpermisosgoce? HTTP/1.1" 200 12429
201.186.226.3 - - [22/Apr/2025:13:37:23 -0300] "GET /cormun/servlet/trpermisosadjuntos?10552336,20250409111731,P, HTTP/1.1" 200 6226
201.186.226.3 - - [22/Apr/2025:13:37:27 -0300] "GET /cormun/servlet/permisosadjuntos?INS,10552336,P,20250409111731,, HTTP/1.1" 200 5544
201.186.226.3 - - [22/Apr/2025:13:37:27 -0300] "GET /cormun/static/about:blank HTTP/1.1" 404 1011
190.95.15.13 - - [22/Apr/2025:13:37:34 -0300] "GET /cormun/servlet/trsolicitudot? HTTP/1.1" 200 7167
190.95.15.13 - - [22/Apr/2025:13:37:41 -0300] "GET /cormun/servlet/trvisualizadoreventos? HTTP/1.1" 200 6684
190.95.15.13 - - [22/Apr/2025:13:37:56 -0300] "GET /cormun/servlet/trsolicitudot? HTTP/1.1" 200 7167
190.95.15.13 - - [22/Apr/2025:13:38:00 -0300] "GET /cormun/servlet/solicitudot?INS,0,0,false, HTTP/1.1" 200 15936
190.95.15.13 - - [22/Apr/2025:13:38:11 -0300] "POST /cormun/servlet/solicitudot?gx-no-cache=1745340025763 HTTP/1.1" 200 4039
190.95.15.13 - - [22/Apr/2025:13:38:12 -0300] "POST /cormun/servlet/solicitudot?8d4648363b1608275bd341f259fc299a,INS,0,0,false,,gx-no-cache=1745340026549 HTTP/1.1" 200 12610
201.186.226.3 - - [22/Apr/2025:13:38:14 -0300] "POST /cormun/servlet/permisosadjuntos?d720785e504c13f3700ddc37fc9e491d,INS,10552336,P,20250409111731,, HTTP/1.1" 200 116
190.95.15.13 - - [22/Apr/2025:13:38:14 -0300] "GET /cormun/servlet/solicitudot?e896bb2a91a631a88b7b8e7a0848d59df16bc66eabb07add121bcf1544eb7f5874e27ebf52013971b0689d45e273c0b3,gx-no-cache=1745340029518 HTTP/1.1" 200 30
201.186.226.3 - - [22/Apr/2025:13:38:14 -0300] "GET /cormun/servlet/hpexe_return? HTTP/1.1" 200 1033
201.186.226.3 - - [22/Apr/2025:13:38:15 -0300] "GET /cormun/servlet/trpermisosadjuntos?10552336,20250409111731,P, HTTP/1.1" 200 6711
201.186.226.3 - - [22/Apr/2025:13:38:19 -0300] "POST /cormun/servlet/trpermisosadjuntos?d720785e504c13f3700ddc37fc9e491d,10552336,20250409111731,P,,gx-no-cache=1745340036744 HTTP/1.1" 200 90
201.186.226.3 - - [22/Apr/2025:13:38:19 -0300] "GET /cormun/servlet/hpexe_link HTTP/1.1" 200 977
201.186.226.3 - - [22/Apr/2025:13:38:19 -0300] "GET /cormun/servlet/trpermisosgoce HTTP/1.1" 200 12428
201.186.225.249 - - [22/Apr/2025:13:38:36 -0300] "POST /cormun/servlet/hlogin?0dde014ba711162c29274c9fee2e0852,gx-no-cache=1745340054711 HTTP/1.1" 440 972
201.186.226.3 - - [22/Apr/2025:13:38:38 -0300] "POST /cormun/servlet/trpermisosgoce?d720785e504c13f3700ddc37fc9e491d,gx-no-cache=1745340055233 HTTP/1.1" 200 9652
201.186.226.3 - - [22/Apr/2025:13:38:38 -0300] "GET /cormun/static/Shared/jqueryui/images/ui-bg_highlight-soft_100_c6c2c8_1x100.png HTTP/1.1" 404 1117
201.186.226.3 - - [22/Apr/2025:13:38:38 -0300] "GET /cormun/static/Shared/jqueryui/images/ui-icons_82798d_256x240.png HTTP/1.1" 404 1089
201.186.226.3 - - [22/Apr/2025:13:38:38 -0300] "GET /cormun/static/Shared/jqueryui/images/ui-bg_flat_55_fafafa_40x100.png HTTP/1.1" 404 1097
201.186.226.3 - - [22/Apr/2025:13:38:38 -0300] "GET /cormun/static/Shared/jqueryui/images/ui-icons_8d78a5_256x240.png HTTP/1.1" 404 1089
201.186.225.249 - - [22/Apr/2025:13:38:41 -0300] "GET /cormun/servlet/hlogin HTTP/1.1" 200 1730
201.186.225.249 - - [22/Apr/2025:13:38:48 -0300] "POST /cormun/servlet/hlogin?e4ce3225f1a01123c91c8c46782f21b6,gx-no-cache=1745340066381 HTTP/1.1" 200 90
201.186.225.249 - - [22/Apr/2025:13:38:48 -0300] "GET /cormun/servlet/hpexe_link HTTP/1.1" 200 955
201.186.225.249 - - [22/Apr/2025:13:38:48 -0300] "GET /cormun/servlet/trlicencias HTTP/1.1" 200 11202
201.186.226.3 - - [22/Apr/2025:13:38:48 -0300] "GET /cormun/servlet/hlogin HTTP/1.1" 200 1733
201.186.226.3 - - [22/Apr/2025:13:39:03 -0300] "POST /cormun/servlet/hlogin?d720785e504c13f3700ddc37fc9e491d,gx-no-cache=1745340080390 HTTP/1.1" 200 90
201.186.226.3 - - [22/Apr/2025:13:39:03 -0300] "GET /cormun/servlet/hpexe_link HTTP/1.1" 200 945
201.186.226.3 - - [22/Apr/2025:13:39:03 -0300] "GET /cormun/servlet/hhome HTTP/1.1" 200 4309
201.186.226.3 - - [22/Apr/2025:13:39:11 -0300] "GET /cormun/servlet/trautorizarpermisogoce? HTTP/1.1" 200 8001
190.95.15.13 - - [22/Apr/2025:13:39:12 -0300] "GET /cormun/servlet/solicitudot?e896bb2a91a631a88b7b8e7a0848d59d833df813f21b5257a110c5065ac4bc4d96e336d9824463f990ff92d950f79a206edfea575f4d397d54db9b75980bbe9f,gx-no-cache=1745340085708 HTTP/1.1" 200 30
190.95.15.13 - - [22/Apr/2025:13:39:19 -0300] "GET /cormun/servlet/solicitudot?e896bb2a91a631a88b7b8e7a0848d59d4394a42ee4fbfc41287b805b6e99a8b8,gx-no-cache=1745340093797 HTTP/1.1" 200 53
201.186.226.3 - - [22/Apr/2025:13:39:32 -0300] "POST /cormun/servlet/trautorizarpermisogoce?d720785e504c13f3700ddc37fc9e491d,,gx-no-cache=1745340109375 HTTP/1.1" 200 4515
190.95.15.13 - - [22/Apr/2025:13:39:39 -0300] "POST /cormun/servlet/solicitudot?gx-no-cache=1745340113948 HTTP/1.1" 200 297
190.95.15.13 - - [22/Apr/2025:13:39:39 -0300] "GET /cormun/servlet/solicitudot?e896bb2a91a631a88b7b8e7a0848d59d244bf272edf61ed03be06757f3bbffd8bae748a7f78206dc8d287f67ed6ce1b59da3719847ea8ff3c9598da369bedc92f5f9f106c10cd0bb9a86015d748f59ae6b933182ac29fb5a921e3c18c16eb57c3863beb2b36834124bb54ec92c8bc5cb72d3c066a4ac3339b93f0a481dea0ebc206303da3b3cc36aea6bfbd6fbbba16cae552f251e9a2b7c9b7f023ba8219fcc9af89aa4196a493144d85d038e39acc942f58688ece29c86ffd533d6646c6819b6baab7817334e4fffdc20f626f2bd23c1d9b6a92a5c42fb27fa83501f1b9439980dee6f7ca3a0438bf75473b765b21cbc053dea475ba6d4c4268ee5fccf99c30f764238e142c7e265b39c9fede1256b56f27f0011c6019b98f60e7d562b221cedee9f832399cbd5a2c212431bd8b30642f3a97fb1c7af87207e44705d8e9daa48f8b162c6ad0936c06d5d87404b684f07028493686b12c33225c50f8f001d4759d9b16b709fa3ab544459ebd16475b3ffffc92f9caefd6b931caf7256e5c7926edfea575f4d397d54db9b75980bbe9f,gx-no-cache=1745340114493 HTTP/1.1" 200 30
201.186.226.3 - - [22/Apr/2025:13:39:42 -0300] "GET /cormun/servlet/hlogin HTTP/1.1" 200 1739
190.95.15.13 - - [22/Apr/2025:13:39:46 -0300] "POST /cormun/servlet/solicitudot?gx-no-cache=1745340121359 HTTP/1.1" 200 30
201.186.226.3 - - [22/Apr/2025:13:39:53 -0300] "POST /cormun/servlet/hlogin?d720785e504c13f3700ddc37fc9e491d,gx-no-cache=1745340130870 HTTP/1.1" 200 90
201.186.226.3 - - [22/Apr/2025:13:39:53 -0300] "GET /cormun/servlet/hpexe_link HTTP/1.1" 200 945
201.186.226.3 - - [22/Apr/2025:13:39:53 -0300] "GET /cormun/servlet/hhome HTTP/1.1" 200 3900
201.186.226.3 - - [22/Apr/2025:13:39:58 -0300] "GET /cormun/servlet/trpermisosgoce? HTTP/1.1" 200 12373
190.95.15.13 - - [22/Apr/2025:13:40:19 -0300] "GET /cormun/servlet/trpermisosgoce? HTTP/1.1" 200 13857
190.95.15.13 - - [22/Apr/2025:13:40:25 -0300] "GET /cormun/servlet/trlicencias? HTTP/1.1" 200 12452
190.95.15.13 - - [22/Apr/2025:13:40:55 -0300] "POST /cormun/servlet/solicitudot?gx-no-cache=1745340189651 HTTP/1.1" 200 1482
190.95.15.13 - - [22/Apr/2025:13:40:55 -0300] "GET /cormun/static/menuarrow.gif HTTP/1.1" 404 1015
190.95.15.13 - - [22/Apr/2025:13:41:06 -0300] "POST /cormun/servlet/solicitudot?gx-no-cache=1745340201469 HTTP/1.1" 200 41
190.95.15.13 - - [22/Apr/2025:13:41:20 -0300] "GET /cormun/servlet/solicitudot?e896bb2a91a631a88b7b8e7a0848d59d2578c123fffa7ea6fbabc18aacd9dec81e561eb13466dddd9b942578fb7f32fe51134c9204c6724e83220bde0500b2d76739d1084f6138f00851ff54022d51c700701b18901f5d6322ee27d6c555c6c5485b0d8a2a32718537d3e5888ff97cec,gx-no-cache=1745340215168 HTTP/1.1" 200 110
190.95.15.13 - - [22/Apr/2025:13:41:21 -0300] "POST /cormun/servlet/solicitudot?gx-no-cache=1745340215636 HTTP/1.1" 200 110
190.95.15.13 - - [22/Apr/2025:13:41:33 -0300] "GET /cormun/servlet/solicitudot?e896bb2a91a631a88b7b8e7a0848d59d580b997e1de4098d1318028c0e99c5fd5d505340a7e3b3b85c643a10fb1e029f7a7e01a08a6c72ff23c7dc0a1d18fdb9bb5d49fbaa7940f8b9ea26ddac913c2df1b050bc6ba6dba97e92e393b2f785f657670c5427f18dc83d2d27441f3980b9,gx-no-cache=1745340228188 HTTP/1.1" 200 29
190.95.15.13 - - [22/Apr/2025:13:41:47 -0300] "GET /cormun/servlet/solicitudot?e896bb2a91a631a88b7b8e7a0848d59db48a3fe315df686ff3099ee1c94cb1d472c7d4f144559879facd0d9936fb1de1,gx-no-cache=1745340241960 HTTP/1.1" 200 30
190.95.15.13 - - [22/Apr/2025:13:41:47 -0300] "POST /cormun/servlet/solicitudot?gx-no-cache=1745340241995 HTTP/1.1" 200 135
190.95.15.13 - - [22/Apr/2025:13:41:47 -0300] "GET /cormun/static/Shared/jqueryui/images/ui-bg_highlight-soft_100_c6c2c8_1x100.png HTTP/1.1" 404 1117
190.95.15.13 - - [22/Apr/2025:13:41:47 -0300] "GET /cormun/static/Shared/jqueryui/images/ui-bg_flat_55_994d53_40x100.png HTTP/1.1" 404 1097
190.95.15.13 - - [22/Apr/2025:13:41:47 -0300] "GET /cormun/static/Shared/jqueryui/images/ui-icons_ebccce_256x240.png HTTP/1.1" 404 1089
190.95.15.13 - - [22/Apr/2025:13:41:47 -0300] "GET /cormun/static/Shared/jqueryui/images/ui-icons_82798d_256x240.png HTTP/1.1" 404 1089
190.95.15.13 - - [22/Apr/2025:13:42:25 -0300] "POST /cormun/servlet/solicitudot?gx-no-cache=1745340280274 HTTP/1.1" 200 135
190.95.15.13 - - [22/Apr/2025:13:43:05 -0300] "POST /cormun/servlet/solicitudot?gx-no-cache=1745340319736 HTTP/1.1" 200 135
190.95.15.13 - - [22/Apr/2025:13:44:17 -0300] "POST /cormun/servlet/solicitudot?gx-no-cache=1745340390636 HTTP/1.1" 200 146
190.95.15.13 - - [22/Apr/2025:13:44:17 -0300] "POST /cormun/servlet/solicitudot?8d4648363b1608275bd341f259fc299a,INS,0,0,false,,gx-no-cache=1745340391789 HTTP/1.1" 200 13123
190.95.15.13 - - [22/Apr/2025:13:44:47 -0300] "POST /cormun/servlet/solicitudot?gx-no-cache=1745340421547 HTTP/1.1" 200 146
190.95.15.13 - - [22/Apr/2025:13:44:47 -0300] "POST /cormun/servlet/solicitudot?8d4648363b1608275bd341f259fc299a,INS,0,0,false,,gx-no-cache=1745340421822 HTTP/1.1" 200 13190
190.95.2.163 - - [22/Apr/2025:13:44:53 -0300] "GET /cormun/servlet/trlicencias? HTTP/1.1" 200 11294
190.95.15.13 - - [22/Apr/2025:13:45:01 -0300] "GET /cormun/servlet/solicitudot?e896bb2a91a631a88b7b8e7a0848d59ddb3884a85e274f998e47f106b1ac7dc4551e50ab15bd27753759065727ba4174,gx-no-cache=1745340436480 HTTP/1.1" 200 30
190.95.15.13 - - [22/Apr/2025:13:45:07 -0300] "POST /cormun/servlet/solicitudot?gx-no-cache=1745340442158 HTTP/1.1" 200 146
190.95.15.13 - - [22/Apr/2025:13:45:07 -0300] "POST /cormun/servlet/solicitudot?8d4648363b1608275bd341f259fc299a,INS,0,0,false,,gx-no-cache=1745340442231 HTTP/1.1" 200 13252
190.95.15.13 - - [22/Apr/2025:13:45:38 -0300] "POST /cormun/servlet/solicitudot?gx-no-cache=1745340472989 HTTP/1.1" 200 146
190.95.15.13 - - [22/Apr/2025:13:45:40 -0300] "POST /cormun/servlet/solicitudot?8d4648363b1608275bd341f259fc299a,INS,0,0,false,,gx-no-cache=1745340473435 HTTP/1.1" 200 13297
190.95.15.13 - - [22/Apr/2025:13:45:55 -0300] "POST /cormun/servlet/solicitudot?gx-no-cache=1745340490465 HTTP/1.1" 200 146
190.95.15.13 - - [22/Apr/2025:13:45:56 -0300] "POST /cormun/servlet/solicitudot?8d4648363b1608275bd341f259fc299a,INS,0,0,false,,gx-no-cache=1745340490533 HTTP/1.1" 200 13345
201.186.226.3 - - [22/Apr/2025:13:46:02 -0300] "GET /cormun/servlet/permisogoce?INS,0,,, HTTP/1.1" 200 6763
201.186.226.3 - - [22/Apr/2025:13:46:33 -0300] "GET /cormun/servlet/permisogoce?dc4b88800aa2d9def02573d64b4813d7baf46e6166a601e6eb5fdc84ffcfb07a870671d7e7a3d1e0cd0824c8461a691bb088fa2a1612a3edcf9f0a2008fcd65e,gx-no-cache=1745340530833 HTTP/1.1" 200 81
201.186.226.3 - - [22/Apr/2025:13:46:36 -0300] "GET /cormun/static/menuarrow.gif HTTP/1.1" 404 1015
201.186.226.3 - - [22/Apr/2025:13:46:52 -0300] "GET /cormun/servlet/permisogoce?dc4b88800aa2d9def02573d64b4813d76884188b9ac0aa5c858b64499c1a2fa9af54c29f5a7f01513d23c41a18701836ad2e37032db7ffccb00015d900471f75,gx-no-cache=1745340549765 HTTP/1.1" 200 47
190.95.15.13 - - [22/Apr/2025:13:46:59 -0300] "GET /cormun/servlet/solicitudot?e896bb2a91a631a88b7b8e7a0848d59d244bf272edf61ed03be06757f3bbffd8bae748a7f78206dc8d287f67ed6ce1b59da3719847ea8ff3c9598da369bedc92f5f9f106c10cd0bb9a86015d748f59ae6b933182ac29fb5a921e3c18c16eb57c3863beb2b36834124bb54ec92c8bc5cb72d3c066a4ac3339b93f0a481dea0ebc206303da3b3cc36aea6bfbd6fbbba16cae552f251e9a2b7c9b7f023ba8219fcc9af89aa4196a493144d85d038e39acc942f58688ece29c86ffd533d6646c6819b6baab7817334e4fffdc20f626f2bd23c1d9b6a92a5c42fb27fa83501f1b9439980dee6f7ca3a0438bf75473b765b21cbc053dea475ba6d4c4268ee5fccf99c30f764238e142c7e265b39c9fede1256b56f27f0011c6019b98f60e7d562b221cedee9f832399cbd5a2c212431bd8b30642f3a97fb1c7af87207e44705d8e9daa48f8b162c6ad0936c06d5d87404b684f07028493686b12c33225c50f8f001d4759d9b16b709fa3ab544459ebd16475b3285cdbdbfdd88302b2104b09d4f8c30b6edfea575f4d397d54db9b75980bbe9f,gx-no-cache=1745340554302 HTTP/1.1" 200 30
190.95.15.13 - - [22/Apr/2025:13:46:59 -0300] "POST /cormun/servlet/solicitudot?gx-no-cache=1745340554526 HTTP/1.1" 200 30
190.95.15.13 - - [22/Apr/2025:13:47:00 -0300] "POST /cormun/servlet/solicitudot?gx-no-cache=1745340554792 HTTP/1.1" 200 1482
190.95.15.13 - - [22/Apr/2025:13:47:00 -0300] "POST /cormun/servlet/solicitudot?gx-no-cache=1745340554891 HTTP/1.1" 200 40
190.95.15.13 - - [22/Apr/2025:13:47:00 -0300] "GET /cormun/servlet/solicitudot?e896bb2a91a631a88b7b8e7a0848d59d2578c123fffa7ea6fbabc18aacd9dec81e561eb13466dddd9b942578fb7f32fe51134c9204c6724e83220bde0500b2d76739d1084f6138f00851ff54022d51c700701b18901f5d6322ee27d6c555c6c5485b0d8a2a32718537d3e5888ff97cec,gx-no-cache=1745340554922 HTTP/1.1" 200 110
190.95.15.13 - - [22/Apr/2025:13:47:00 -0300] "POST /cormun/servlet/solicitudot?gx-no-cache=1745340554954 HTTP/1.1" 200 109
201.186.226.3 - - [22/Apr/2025:13:47:01 -0300] "POST /cormun/servlet/permisogoce?d720785e504c13f3700ddc37fc9e491d,INS,0,,,,gx-no-cache=1745340558239 HTTP/1.1" 200 93
201.186.226.3 - - [22/Apr/2025:13:47:01 -0300] "GET /cormun/servlet/hpexe_return? HTTP/1.1" 200 1003
201.186.226.3 - - [22/Apr/2025:13:47:01 -0300] "GET /cormun/servlet/trpermisosgoce HTTP/1.1" 200 12730
190.95.15.13 - - [22/Apr/2025:13:47:13 -0300] "GET /cormun/servlet/solicitudot?e896bb2a91a631a88b7b8e7a0848d59db48a3fe315df686ff3099ee1c94cb1d472c7d4f144559879facd0d9936fb1de1,gx-no-cache=1745340568317 HTTP/1.1" 200 30
190.95.15.13 - - [22/Apr/2025:13:47:25 -0300] "POST /cormun/servlet/solicitudot?gx-no-cache=1745340580035 HTTP/1.1" 200 146
190.95.15.13 - - [22/Apr/2025:13:47:25 -0300] "POST /cormun/servlet/solicitudot?8d4648363b1608275bd341f259fc299a,INS,0,0,false,,gx-no-cache=1745340580103 HTTP/1.1" 200 13388
201.186.226.3 - - [22/Apr/2025:13:47:37 -0300] "GET /cormun/servlet/apermisogoceprn?13803850,P,20250422124837,PU HTTP/1.1" 200 1659
190.95.15.13 - - [22/Apr/2025:13:47:51 -0300] "POST /cormun/servlet/solicitudot?gx-no-cache=1745340606399 HTTP/1.1" 200 146
190.95.15.13 - - [22/Apr/2025:13:47:52 -0300] "POST /cormun/servlet/solicitudot?8d4648363b1608275bd341f259fc299a,INS,0,0,false,,gx-no-cache=1745340606539 HTTP/1.1" 200 13440
190.95.15.13 - - [22/Apr/2025:13:48:17 -0300] "GET /cormun/servlet/solicitudot?e896bb2a91a631a88b7b8e7a0848d59d0528833e0f0eb1165f5407b9090871fc72c7d4f144559879facd0d9936fb1de1,gx-no-cache=1745340631650 HTTP/1.1" 200 134
190.95.15.13 - - [22/Apr/2025:13:48:32 -0300] "GET /cormun/servlet/solicitudot?e896bb2a91a631a88b7b8e7a0848d59ddb3884a85e274f998e47f106b1ac7dc4551e50ab15bd27753759065727ba4174,gx-no-cache=1745340647538 HTTP/1.1" 200 30
201.186.226.3 - - [22/Apr/2025:13:48:32 -0300] "GET /cormun/servlet/hlogin HTTP/1.1" 200 1733
190.95.15.13 - - [22/Apr/2025:13:48:36 -0300] "POST /cormun/servlet/solicitudot?gx-no-cache=1745340651240 HTTP/1.1" 200 146
190.95.15.13 - - [22/Apr/2025:13:48:36 -0300] "POST /cormun/servlet/solicitudot?8d4648363b1608275bd341f259fc299a,INS,0,0,false,,gx-no-cache=1745340651311 HTTP/1.1" 200 13485
190.95.15.15 - - [22/Apr/2025:13:49:10 -0300] "GET /cormun/servlet/trsolicitudot? HTTP/1.1" 200 7190
190.95.15.15 - - [22/Apr/2025:13:49:12 -0300] "GET /cormun/servlet/solicitudot?INS,0,0,false, HTTP/1.1" 200 15980
190.95.15.15 - - [22/Apr/2025:13:49:29 -0300] "POST /cormun/servlet/solicitudot?gx-no-cache=1745340706387 HTTP/1.1" 200 4039
190.95.15.15 - - [22/Apr/2025:13:49:29 -0300] "POST /cormun/servlet/solicitudot?acc38de93e85e91332f025a9804a57c1,INS,0,0,false,,gx-no-cache=1745340706497 HTTP/1.1" 200 12617
190.95.15.15 - - [22/Apr/2025:13:49:39 -0300] "GET /cormun/servlet/solicitudot?96b8500628a6ca3c0d3b6eddc87c4e44c16a9eb63f04590fab73da33ae7705f8eff798813606912f0bfb43a01634a204,gx-no-cache=1745340716475 HTTP/1.1" 200 30
190.95.15.13 - - [22/Apr/2025:13:50:02 -0300] "GET /cormun/servlet/solicitudot?e896bb2a91a631a88b7b8e7a0848d59dbd99355028105d64cb31c9aa0c6add4572c7d4f144559879facd0d9936fb1de1,gx-no-cache=1745340737565 HTTP/1.1" 200 134
52.167.144.225 - - [22/Apr/2025:13:50:12 -0300] "GET /cormun/servlet/hlogin HTTP/1.1" 200 1719
190.95.15.13 - - [22/Apr/2025:13:50:35 -0300] "GET /cormun/servlet/solicitudot?e896bb2a91a631a88b7b8e7a0848d59db48a3fe315df686ff3099ee1c94cb1d472c7d4f144559879facd0d9936fb1de1,gx-no-cache=1745340769591 HTTP/1.1" 200 30
190.95.67.97 - - [22/Apr/2025:13:50:53 -0300] "GET /cormun/servlet/trlicencias? HTTP/1.1" 200 6034
190.95.67.97 - - [22/Apr/2025:13:50:54 -0300] "GET /cormun/servlet/hlogin HTTP/1.1" 200 1732
190.95.67.97 - - [22/Apr/2025:13:51:01 -0300] "POST /cormun/servlet/hlogin?6c6422b517fb6f76efaf09ed321a4334,gx-no-cache=1745340767329 HTTP/1.1" 200 90
190.95.67.97 - - [22/Apr/2025:13:51:01 -0300] "GET /cormun/servlet/hpexe_link HTTP/1.1" 200 951
190.95.67.97 - - [22/Apr/2025:13:51:01 -0300] "GET /cormun/servlet/trlicencias HTTP/1.1" 200 8636
190.95.67.97 - - [22/Apr/2025:13:51:05 -0300] "GET /cormun/servlet/trsolicitudot? HTTP/1.1" 200 7058
190.95.67.97 - - [22/Apr/2025:13:51:05 -0300] "GET /cormun/static/gxcfg.js?20221129846531 HTTP/1.1" 200 953
190.95.67.97 - - [22/Apr/2025:13:51:05 -0300] "GET /cormun/static/trsolicitudot.js?202211298465651 HTTP/1.1" 200 54040
190.95.67.97 - - [22/Apr/2025:13:51:08 -0300] "GET /cormun/servlet/solicitudot?INS,0,0,false, HTTP/1.1" 200 15866
190.95.67.97 - - [22/Apr/2025:13:51:08 -0300] "GET /cormun/static/gxcfg.js?20221129840861 HTTP/1.1" 200 953
190.95.67.97 - - [22/Apr/2025:13:51:08 -0300] "GET /cormun/static/solicitudot.js?20221129840983 HTTP/1.1" 200 74072
190.95.15.15 - - [22/Apr/2025:13:51:17 -0300] "GET /cormun/servlet/solicitudot?96b8500628a6ca3c0d3b6eddc87c4e447fa5242c0c35da9a0aa28ff8641c20bc7a14508502869d4658143b0280831bbf94a36daa535b827f1ca28b882f0da987,gx-no-cache=1745340814395 HTTP/1.1" 200 30
190.95.15.15 - - [22/Apr/2025:13:51:17 -0300] "GET /cormun/servlet/solicitudot?96b8500628a6ca3c0d3b6eddc87c4e44ee4fec034659b6ef8193b063d49e80dc,gx-no-cache=1745340814422 HTTP/1.1" 200 29
190.95.15.15 - - [22/Apr/2025:13:51:20 -0300] "POST /cormun/servlet/solicitudot?gx-no-cache=1745340817765 HTTP/1.1" 200 297
190.95.15.15 - - [22/Apr/2025:13:51:20 -0300] "GET /cormun/servlet/solicitudot?96b8500628a6ca3c0d3b6eddc87c4e4445bd4c0674811fb2cf795add13416dee7d954b61a02f4776fcd9e1c59496ae2f8fe79e72c6e8bcd464149e2e08ed76540b5444a86f7c92f7e0ec69fd0c66d452c4551ed2a83fef239eb9f95d4ac9c574b8054941cc895e219e365a0a2208de7ce6af18e5a54ed39f68e7e4175470dd357b43f06c07b4fe0df72bfa6a687539ffe47586701f0af4b174cd90da64f082fa82f2c1928dbfad500248780c511d4b3ff026173e2de7b2f1ca6a9802ea9d14d92bf13be70a895623f33cb1da44e95ac4a6d9540e6640d881c2b78133467c4df6d28159bd6f42e79f5b70f4b1ddb8319539ba8251cdd5e2cc3c1695a092b252a792097837908fa2927be280fc41445e0ef666450f379c2837e1be674d6539475ce0609faf8f039c9fcf08514635b595c9391608451fe19d7bf4208c15beaafe95f6394fd233db6eddf00a2027b8661c303af143896aa1cde8d46e6e9416847c0925289951a00d4e97a5cd78efe6708a33c78133ad03e990e9c7d675a16aabcc736c4eb11cf37026f2e033c8d4c10ef46b,gx-no-cache=1745340817786 HTTP/1.1" 200 30
190.95.15.15 - - [22/Apr/2025:13:51:22 -0300] "POST /cormun/servlet/solicitudot?gx-no-cache=1745340819306 HTTP/1.1" 200 30
190.95.67.97 - - [22/Apr/2025:13:51:22 -0300] "POST /cormun/servlet/solicitudot?gx-no-cache=1745340789044 HTTP/1.1" 200 4046
190.95.67.97 - - [22/Apr/2025:13:51:23 -0300] "POST /cormun/servlet/solicitudot?6c6422b517fb6f76efaf09ed321a4334,INS,0,0,false,,gx-no-cache=1745340789269 HTTP/1.1" 200 12614
190.95.15.15 - - [22/Apr/2025:13:51:24 -0300] "POST /cormun/servlet/solicitudot?gx-no-cache=1745340821225 HTTP/1.1" 200 1479
190.95.15.15 - - [22/Apr/2025:13:51:24 -0300] "POST /cormun/servlet/solicitudot?gx-no-cache=1745340821253 HTTP/1.1" 200 38
190.95.67.97 - - [22/Apr/2025:13:51:28 -0300] "GET /cormun/servlet/solicitudot?39210b018c77c651aa3ef58f7e8f9ca32761f30e212ab38644c20a38965c1dfa0868a59e3ef38c250e0847fa2231a790,gx-no-cache=1745340795138 HTTP/1.1" 200 30
190.95.15.13 - - [22/Apr/2025:13:51:40 -0300] "POST /cormun/servlet/solicitudot?gx-no-cache=1745340834046 HTTP/1.1" 200 135
190.95.15.13 - - [22/Apr/2025:13:51:40 -0300] "POST /cormun/servlet/solicitudot?8d4648363b1608275bd341f259fc299a,INS,0,0,false,,gx-no-cache=1745340834964 HTTP/1.1" 200 13510
190.95.15.15 - - [22/Apr/2025:13:51:47 -0300] "GET /cormun/servlet/solicitudot?96b8500628a6ca3c0d3b6eddc87c4e44c2f18ae3c05211e5ae3b3a320a4d9733a2a0c40ed014b079f5cbbe98242043d3e0f2fd5d7ec39fb4b920c1e54413bff52e7df5785574d259febacf8b57286e18cd22de32af1c838ddcdd58b7ff23f59623ef21198be91cc12553eafa242b25a9,gx-no-cache=1745340844183 HTTP/1.1" 200 110
190.95.15.15 - - [22/Apr/2025:13:51:49 -0300] "POST /cormun/servlet/solicitudot?gx-no-cache=1745340846090 HTTP/1.1" 200 79
190.95.15.15 - - [22/Apr/2025:13:51:56 -0300] "GET /cormun/servlet/solicitudot?96b8500628a6ca3c0d3b6eddc87c4e44e5e8348986726f457b1dfb0fbcfb8dc7c2dbb70cc1e79a89274db85af3a5f67438e3058568194d5fd4b8a4ccba9f0c3fbe0b780cec4530b426ab8b33f2ce9f36be8560f8e4cd31a46a54ff41543e05340f775e8fb81c1f3cc3be717407abdff5,gx-no-cache=1745340853020 HTTP/1.1" 200 29
190.95.15.15 - - [22/Apr/2025:13:51:56 -0300] "GET /cormun/static/menuarrow.gif HTTP/1.1" 404 1015
190.95.15.15 - - [22/Apr/2025:13:52:00 -0300] "GET /cormun/servlet/solicitudot?96b8500628a6ca3c0d3b6eddc87c4e44a74e71149e94b175f67346cff1fb9d37f24c42bd0228ed39c3cebc6571aa4fe0,gx-no-cache=1745340857156 HTTP/1.1" 200 30
190.95.15.15 - - [22/Apr/2025:13:52:11 -0300] "POST /cormun/servlet/solicitudot?gx-no-cache=1745340868466 HTTP/1.1" 200 30
190.95.15.13 - - [22/Apr/2025:13:52:31 -0300] "POST /cormun/servlet/solicitudot?gx-no-cache=1745340886160 HTTP/1.1" 200 135
190.95.15.15 - - [22/Apr/2025:13:52:34 -0300] "POST /cormun/servlet/solicitudot?acc38de93e85e91332f025a9804a57c1,INS,0,0,false,,gx-no-cache=1745340890716 HTTP/1.1" 200 93
190.95.15.15 - - [22/Apr/2025:13:52:34 -0300] "GET /cormun/servlet/hpexe_return? HTTP/1.1" 200 1011
190.95.15.15 - - [22/Apr/2025:13:52:34 -0300] "GET /cormun/servlet/trsolicitudot HTTP/1.1" 200 8601
190.95.15.15 - - [22/Apr/2025:13:52:41 -0300] "POST /cormun/servlet/trsolicitudot?acc38de93e85e91332f025a9804a57c1,gx-no-cache=1745340898300 HTTP/1.1" 200 5972
190.95.15.15 - - [22/Apr/2025:13:52:41 -0300] "GET /cormun/static/Shared/jqueryui/images/ui-icons_82798d_256x240.png HTTP/1.1" 404 1089
190.95.15.15 - - [22/Apr/2025:13:52:41 -0300] "GET /cormun/static/Shared/jqueryui/images/ui-bg_highlight-soft_100_c6c2c8_1x100.png HTTP/1.1" 404 1117
190.95.15.15 - - [22/Apr/2025:13:52:41 -0300] "GET /cormun/static/Shared/jqueryui/images/ui-bg_flat_55_fafafa_40x100.png HTTP/1.1" 404 1097
190.95.15.15 - - [22/Apr/2025:13:52:41 -0300] "GET /cormun/static/Shared/jqueryui/images/ui-icons_8d78a5_256x240.png HTTP/1.1" 404 1089
190.95.15.15 - - [22/Apr/2025:13:52:58 -0300] "POST /cormun/servlet/trsolicitudot?acc38de93e85e91332f025a9804a57c1,gx-no-cache=1745340914845 HTTP/1.1" 200 107
190.95.15.15 - - [22/Apr/2025:13:52:58 -0300] "GET /cormun/servlet/trsolicitudadjuntos?2025,22470, HTTP/1.1" 200 6088
190.95.15.15 - - [22/Apr/2025:13:52:58 -0300] "GET /cormun/static/gxcfg.js?20201215574222 HTTP/1.1" 200 953
190.95.15.15 - - [22/Apr/2025:13:52:58 -0300] "GET /cormun/static/trsolicitudadjuntos.js?20201215574932 HTTP/1.1" 200 17921
190.95.15.15 - - [22/Apr/2025:13:53:00 -0300] "GET /cormun/servlet/solicitudotadjuntos?INS,2025,22470,,1, HTTP/1.1" 200 6033
190.95.15.15 - - [22/Apr/2025:13:53:00 -0300] "GET /cormun/static/solicitudotadjuntos.js?202211298385196 HTTP/1.1" 200 11771
190.95.15.15 - - [22/Apr/2025:13:53:00 -0300] "GET /cormun/static/gxcfg.js?202211298385187 HTTP/1.1" 200 953
190.95.15.15 - - [22/Apr/2025:13:53:00 -0300] "GET /cormun/static/about:blank HTTP/1.1" 404 1011
190.95.15.15 - - [22/Apr/2025:13:53:00 -0300] "GET /cormun/servlet/solicitudotadjuntos?96b8500628a6ca3c0d3b6eddc87c4e447cd8032838ffbb8dc999cdd4222b433e31f8c160061da7e7af915df5469fcdb3,gx-no-cache=1745340917605 HTTP/1.1" 200 30
