190.95.15.27 - - [22/Apr/2025:11:35:11 -0300] "GET /cormun/servlet/hpexe_return? HTTP/1.1" 200 1008
190.95.15.27 - - [22/Apr/2025:11:35:11 -0300] "GET /cormun/servlet/hhome HTTP/1.1" 200 3925
190.95.67.91 - - [22/Apr/2025:11:35:14 -0300] "POST /cormun/servlet/solicitudot?gx-no-cache=1745332651246 HTTP/1.1" 200 1481
190.95.67.91 - - [22/Apr/2025:11:35:14 -0300] "POST /cormun/servlet/solicitudot?gx-no-cache=1745332651283 HTTP/1.1" 200 38
190.95.67.91 - - [22/Apr/2025:11:35:14 -0300] "GET /cormun/servlet/solicitudot?cda8a3d1b3e66df79032a22ae31010cfcc1d948f1760ebda715a724d2c676be6555bbd0f7670a894de27906ed37b373045301aa224e1f16daa8ef096f7812f24fec7ace506f7472c600a5cabd8d5efdcdb5572b02f0297fc8421246e13f6bc99e30fac1377e789fbd2ac2eff4e429499,gx-no-cache=1745332651309 HTTP/1.1" 200 110
190.95.15.27 - - [22/Apr/2025:11:35:16 -0300] "GET /cormun/servlet/trpermisosgoce? HTTP/1.1" 200 12487
190.95.67.91 - - [22/Apr/2025:11:35:17 -0300] "POST /cormun/servlet/solicitudot?gx-no-cache=1745332654181 HTTP/1.1" 200 97
190.95.67.91 - - [22/Apr/2025:11:35:20 -0300] "GET /cormun/servlet/solicitudot?cda8a3d1b3e66df79032a22ae31010cf9a149a0ab6aedc37fce31d23a7a8a0cbf5d7f6b6d8a1f0e2074fe4b3d02844f236dffbc860f5f00a235c0e91b9cd8c47fa171e33a75b00916f6297f23834aeacdf1eec9b129afe2f42e79dc5af0b72de38f5a1092da9737181f6771eb0ecfeb216c74b248882049203cab1e1b8911d3179545c2f23cf15e79d3ab532542b0f2cd820eabea23a33aadbaf571d19f8e6529c81a6fd30df5a27f40839ae4d2b1156223bc95c49beaf85666aa34e32aa6eadbcc7eb67e67feacbb77d11763d1168e4,gx-no-cache=1745332657970 HTTP/1.1" 200 29
190.95.15.27 - - [22/Apr/2025:11:35:21 -0300] "GET /cormun/servlet/trpermisosadjuntos?9221595,20250422102828,P, HTTP/1.1" 200 6243
190.95.67.91 - - [22/Apr/2025:11:35:22 -0300] "GET /cormun/static/menuarrow.gif HTTP/1.1" 404 1015
190.95.15.27 - - [22/Apr/2025:11:35:23 -0300] "GET /cormun/servlet/permisosadjuntos?INS,9221595,P,20250422102828,, HTTP/1.1" 200 5561
190.95.15.27 - - [22/Apr/2025:11:35:23 -0300] "GET /cormun/static/about:blank HTTP/1.1" 404 1011
179.57.78.55 - - [22/Apr/2025:11:35:25 -0300] "GET /cormun/servlet/trpermisosgoce? HTTP/1.1" 200 6024
190.95.15.31 - - [22/Apr/2025:11:35:25 -0300] "GET /cormun/servlet/prfichaempleado?,MD,,gxPopupLevel%3D0%3B HTTP/1.1" 200 9383
179.57.78.55 - - [22/Apr/2025:11:35:25 -0300] "GET /cormun/servlet/hlogin HTTP/1.1" 200 1742
190.95.67.91 - - [22/Apr/2025:11:35:25 -0300] "GET /cormun/servlet/solicitudot?cda8a3d1b3e66df79032a22ae31010cf095b0536f124ee4678f3df392d0671ca2c6391cba2c0c4bd4136319e151402c0,gx-no-cache=1745332662951 HTTP/1.1" 200 30
179.57.78.55 - - [22/Apr/2025:11:35:25 -0300] "GET /cormun/servlet/trpermisosgoce? HTTP/1.1" 200 6032
190.95.15.27 - - [22/Apr/2025:11:35:30 -0300] "POST /cormun/servlet/permisosadjuntos?5dccf4f52d54de483cb3c22656c3da92,INS,9221595,P,20250422102828,, HTTP/1.1" 200 116
190.95.15.27 - - [22/Apr/2025:11:35:30 -0300] "GET /cormun/servlet/hpexe_return? HTTP/1.1" 200 1037
190.95.15.27 - - [22/Apr/2025:11:35:30 -0300] "GET /cormun/servlet/trpermisosadjuntos?9221595,20250422102828,P, HTTP/1.1" 200 6747
179.57.78.55 - - [22/Apr/2025:11:35:31 -0300] "POST /cormun/servlet/hlogin?7f6581bc97ab41496f4c324a0105ff58,gx-no-cache=1745332667160 HTTP/1.1" 200 90
179.57.78.55 - - [22/Apr/2025:11:35:31 -0300] "GET /cormun/servlet/hpexe_link HTTP/1.1" 200 958
179.57.78.55 - - [22/Apr/2025:11:35:31 -0300] "GET /cormun/servlet/trpermisosgoce HTTP/1.1" 200 18535
179.57.78.55 - - [22/Apr/2025:11:35:34 -0300] "GET /cormun/servlet/trpermisosgoce? HTTP/1.1" 200 18564
190.95.15.27 - - [22/Apr/2025:11:35:35 -0300] "GET /cormun/PublicTempStorage/permiso_administrativo_sandra_gilberto00087489030.pdf HTTP/1.1" 200 240076
190.95.67.91 - - [22/Apr/2025:11:35:35 -0300] "POST /cormun/servlet/solicitudot?gx-no-cache=1745332672570 HTTP/1.1" 200 30
179.57.78.55 - - [22/Apr/2025:11:35:36 -0300] "GET /cormun/servlet/permisogoce?INS,0,,, HTTP/1.1" 200 6848
190.95.15.31 - - [22/Apr/2025:11:35:39 -0300] "POST /cormun/servlet/prfichaempleado?81d1629b3ae3fa1383b782cc1b6d8042,,MD,,gxPopupLevel%3D0%3B,gx-no-cache=1745332676196 HTTP/1.1" 200 3399
190.95.15.31 - - [22/Apr/2025:11:35:44 -0300] "GET /cormun/servlet/prfichaempleado?,MD,,gxPopupLevel%3D0%3B HTTP/1.1" 200 9383
190.95.15.27 - - [22/Apr/2025:11:35:55 -0300] "GET /cormun/servlet/trpermisosadjuntos?9221595,20250422102828,P, HTTP/1.1" 200 6747
190.95.15.27 - - [22/Apr/2025:11:35:57 -0300] "POST /cormun/servlet/trpermisosadjuntos?5dccf4f52d54de483cb3c22656c3da92,9221595,20250422102828,P,,gx-no-cache=1745332695345 HTTP/1.1" 200 90
190.95.15.27 - - [22/Apr/2025:11:35:57 -0300] "GET /cormun/servlet/hpexe_link HTTP/1.1" 200 984
190.95.15.27 - - [22/Apr/2025:11:35:58 -0300] "GET /cormun/servlet/trpermisosgoce HTTP/1.1" 200 12487
190.95.15.31 - - [22/Apr/2025:11:35:58 -0300] "POST /cormun/servlet/prfichaempleado?81d1629b3ae3fa1383b782cc1b6d8042,,MD,,gxPopupLevel%3D0%3B,gx-no-cache=1745332695052 HTTP/1.1" 200 3399
190.95.15.27 - - [22/Apr/2025:11:36:01 -0300] "POST /cormun/servlet/trpermisosgoce?5dccf4f52d54de483cb3c22656c3da92,gx-no-cache=1745332699105 HTTP/1.1" 200 9683
190.95.15.27 - - [22/Apr/2025:11:36:01 -0300] "GET /cormun/static/Shared/jqueryui/images/ui-icons_82798d_256x240.png HTTP/1.1" 404 1089
190.95.15.27 - - [22/Apr/2025:11:36:01 -0300] "GET /cormun/static/Shared/jqueryui/images/ui-bg_highlight-soft_100_c6c2c8_1x100.png HTTP/1.1" 404 1117
190.95.15.27 - - [22/Apr/2025:11:36:01 -0300] "GET /cormun/static/Shared/jqueryui/images/ui-icons_8d78a5_256x240.png HTTP/1.1" 404 1089
190.95.15.27 - - [22/Apr/2025:11:36:01 -0300] "GET /cormun/static/Shared/jqueryui/images/ui-bg_flat_55_fafafa_40x100.png HTTP/1.1" 404 1097
179.57.78.55 - - [22/Apr/2025:11:36:02 -0300] "GET /cormun/servlet/permisogoce?05e8031fff7e377bf19e3bafa1402038415d84f3f64095844d6108312953b80d4929c1d7cc3fde1e7e35e66592a32690882d8448602975277780b9ba21b1a420,gx-no-cache=1745332698561 HTTP/1.1" 200 71
179.57.78.55 - - [22/Apr/2025:11:36:04 -0300] "GET /cormun/static/menuarrow.gif HTTP/1.1" 404 1015
201.186.226.3 - - [22/Apr/2025:11:36:05 -0300] "POST /cormun/servlet/permisosadjuntos?39475a56bfcf74f40defbeebed4a7ea9,INS,13098802,P,20250422103141,, HTTP/1.1" 200 116
201.186.226.3 - - [22/Apr/2025:11:36:05 -0300] "GET /cormun/servlet/hpexe_return? HTTP/1.1" 200 1023
190.95.15.31 - - [22/Apr/2025:11:36:05 -0300] "GET /cormun/servlet/prfichaempleado?,MD,,gxPopupLevel%3D0%3B HTTP/1.1" 200 9383
201.186.226.3 - - [22/Apr/2025:11:36:05 -0300] "GET /cormun/servlet/trpermisosadjuntos?13098802,20250422103141,P, HTTP/1.1" 200 6690
190.95.15.27 - - [22/Apr/2025:11:36:08 -0300] "GET /cormun/servlet/trpermisosgoce HTTP/1.1" 200 12416
201.186.226.3 - - [22/Apr/2025:11:36:09 -0300] "POST /cormun/servlet/trpermisosadjuntos?39475a56bfcf74f40defbeebed4a7ea9,13098802,20250422103141,P,,gx-no-cache=1745332706702 HTTP/1.1" 200 90
201.186.226.3 - - [22/Apr/2025:11:36:09 -0300] "GET /cormun/servlet/hpexe_link HTTP/1.1" 200 969
179.57.78.55 - - [22/Apr/2025:11:36:09 -0300] "GET /cormun/servlet/permisogoce?05e8031fff7e377bf19e3bafa14020388b34fa41c1ad3ab59b7503b1f3e439223fabcd01f3880251ce8dc90107d02d5a2215467b8a33b54680de4b57988553b1,gx-no-cache=1745332705476 HTTP/1.1" 200 48
201.186.226.3 - - [22/Apr/2025:11:36:09 -0300] "GET /cormun/servlet/trpermisosgoce HTTP/1.1" 200 12463
190.95.15.27 - - [22/Apr/2025:11:36:10 -0300] "GET /cormun/servlet/hlogin HTTP/1.1" 200 1742
190.95.15.31 - - [22/Apr/2025:11:36:11 -0300] "GET /cormun/servlet/permisogoce?f14663fbcf4f691f80ce1adf2b404ea530428a2e55c3fa33a978ecd4b5ece4bd4dc34202ea0c5808155e38276d644a90b1752dab38d5605abe20120c6c0b30d7,gx-no-cache=1745332708595 HTTP/1.1" 200 74
179.57.78.55 - - [22/Apr/2025:11:36:12 -0300] "POST /cormun/servlet/permisogoce?7f6581bc97ab41496f4c324a0105ff58,INS,0,,,,gx-no-cache=1745332707552 HTTP/1.1" 200 93
179.57.78.55 - - [22/Apr/2025:11:36:12 -0300] "GET /cormun/servlet/hpexe_return? HTTP/1.1" 200 1012
179.57.78.55 - - [22/Apr/2025:11:36:12 -0300] "GET /cormun/servlet/trpermisosgoce HTTP/1.1" 200 18573
179.57.78.55 - - [22/Apr/2025:11:36:14 -0300] "GET /cormun/servlet/apermisogoceprn?9055439,P,20250422103811,PU HTTP/1.1" 200 1634
201.186.226.3 - - [22/Apr/2025:11:36:15 -0300] "POST /cormun/servlet/trpermisosgoce?39475a56bfcf74f40defbeebed4a7ea9,gx-no-cache=1745332712847 HTTP/1.1" 200 9685
201.186.226.3 - - [22/Apr/2025:11:36:15 -0300] "GET /cormun/static/Shared/jqueryui/images/ui-bg_highlight-soft_100_c6c2c8_1x100.png HTTP/1.1" 404 1117
201.186.226.3 - - [22/Apr/2025:11:36:15 -0300] "GET /cormun/static/Shared/jqueryui/images/ui-icons_82798d_256x240.png HTTP/1.1" 404 1089
201.186.226.3 - - [22/Apr/2025:11:36:15 -0300] "GET /cormun/static/Shared/jqueryui/images/ui-bg_flat_55_fafafa_40x100.png HTTP/1.1" 404 1097
201.186.226.3 - - [22/Apr/2025:11:36:15 -0300] "GET /cormun/static/Shared/jqueryui/images/ui-icons_8d78a5_256x240.png HTTP/1.1" 404 1089
190.95.15.27 - - [22/Apr/2025:11:36:17 -0300] "POST /cormun/servlet/hlogin?5dccf4f52d54de483cb3c22656c3da92,gx-no-cache=1745332715406 HTTP/1.1" 200 90
190.95.15.27 - - [22/Apr/2025:11:36:17 -0300] "GET /cormun/servlet/hpexe_link HTTP/1.1" 200 953
190.95.15.27 - - [22/Apr/2025:11:36:18 -0300] "GET /cormun/servlet/hhome HTTP/1.1" 200 4185
190.95.15.27 - - [22/Apr/2025:11:36:22 -0300] "GET /cormun/servlet/trautorizarpermisogoce? HTTP/1.1" 200 7848
201.186.226.3 - - [22/Apr/2025:11:36:25 -0300] "GET /cormun/servlet/hlogin HTTP/1.1" 200 1722
190.95.15.27 - - [22/Apr/2025:11:36:28 -0300] "POST /cormun/servlet/trautorizarpermisogoce?5dccf4f52d54de483cb3c22656c3da92,,gx-no-cache=1745332725755 HTTP/1.1" 200 4526
190.95.15.27 - - [22/Apr/2025:11:36:33 -0300] "GET /cormun/servlet/trpermisosgoce? HTTP/1.1" 200 12662
201.186.226.3 - - [22/Apr/2025:11:36:43 -0300] "POST /cormun/servlet/hlogin?39475a56bfcf74f40defbeebed4a7ea9,gx-no-cache=1745332740868 HTTP/1.1" 200 90
201.186.226.3 - - [22/Apr/2025:11:36:43 -0300] "GET /cormun/servlet/hpexe_link HTTP/1.1" 200 937
201.186.226.3 - - [22/Apr/2025:11:36:43 -0300] "GET /cormun/servlet/hhome HTTP/1.1" 200 4302
201.186.226.3 - - [22/Apr/2025:11:36:46 -0300] "GET /cormun/servlet/trautorizarpermisogoce? HTTP/1.1" 200 7998
190.95.15.31 - - [22/Apr/2025:11:36:59 -0300] "GET /cormun/servlet/permisogoce?f14663fbcf4f691f80ce1adf2b404ea55af5b0e44a0986205017a190b91545929c25d79c90b9dc1e2f86bc2ba2c4acd1e5d81c37da2277ab5b84238a251b12f5,gx-no-cache=1745332756411 HTTP/1.1" 200 47
201.186.226.3 - - [22/Apr/2025:11:36:59 -0300] "POST /cormun/servlet/trautorizarpermisogoce?39475a56bfcf74f40defbeebed4a7ea9,,gx-no-cache=1745332757222 HTTP/1.1" 200 4509
190.95.15.31 - - [22/Apr/2025:11:37:02 -0300] "POST /cormun/servlet/permisogoce?81d1629b3ae3fa1383b782cc1b6d8042,INS,0,,,,gx-no-cache=1745332759348 HTTP/1.1" 200 93
190.95.15.31 - - [22/Apr/2025:11:37:02 -0300] "GET /cormun/servlet/hpexe_return? HTTP/1.1" 200 1002
190.95.15.31 - - [22/Apr/2025:11:37:03 -0300] "GET /cormun/servlet/trpermisosgoce HTTP/1.1" 200 8894
190.95.15.31 - - [22/Apr/2025:11:37:06 -0300] "GET /cormun/servlet/apermisogoceprn?18105322,P,20250422103009,PU HTTP/1.1" 200 1649
201.186.226.3 - - [22/Apr/2025:11:37:09 -0300] "GET /cormun/servlet/hlogin HTTP/1.1" 200 1728
201.186.226.3 - - [22/Apr/2025:11:37:19 -0300] "POST /cormun/servlet/hlogin?39475a56bfcf74f40defbeebed4a7ea9,gx-no-cache=1745332776660 HTTP/1.1" 200 90
201.186.226.3 - - [22/Apr/2025:11:37:19 -0300] "GET /cormun/servlet/hpexe_link HTTP/1.1" 200 937
201.186.226.3 - - [22/Apr/2025:11:37:19 -0300] "GET /cormun/servlet/hhome HTTP/1.1" 200 3894
201.186.226.3 - - [22/Apr/2025:11:37:22 -0300] "GET /cormun/servlet/trpermisosgoce? HTTP/1.1" 200 12420
201.186.226.3 - - [22/Apr/2025:11:37:38 -0300] "GET /cormun/servlet/hlogin HTTP/1.1" 200 1723
190.95.67.91 - - [22/Apr/2025:11:38:03 -0300] "POST /cormun/servlet/solicitudot?9d1028fed6169090c056c163b40d5f85,INS,0,0,false,,gx-no-cache=1745332820394 HTTP/1.1" 200 93
190.95.67.91 - - [22/Apr/2025:11:38:05 -0300] "GET /cormun/servlet/hpexe_return? HTTP/1.1" 200 1006
190.95.15.31 - - [22/Apr/2025:11:38:06 -0300] "GET /cormun/servlet/permisogoce?INS,0,,, HTTP/1.1" 200 7242
190.95.67.91 - - [22/Apr/2025:11:38:07 -0300] "GET /cormun/servlet/trsolicitudot HTTP/1.1" 200 8867
190.95.15.31 - - [22/Apr/2025:11:38:25 -0300] "GET /cormun/servlet/permisogoce?f14663fbcf4f691f80ce1adf2b404ea5d4f6068814b03051140df4be138403324dc34202ea0c5808155e38276d644a90b1752dab38d5605abe20120c6c0b30d7,gx-no-cache=1745332842067 HTTP/1.1" 200 76
201.186.225.187 - - [22/Apr/2025:11:38:39 -0300] "GET /cormun/servlet/hlogin HTTP/1.1" 200 1718
201.186.225.187 - - [22/Apr/2025:11:38:39 -0300] "GET /cormun/static/gxtimezone.js?85251 HTTP/1.1" 200 5781
201.186.225.187 - - [22/Apr/2025:11:38:39 -0300] "GET /cormun/static/gxcfg.js?2022112219184450 HTTP/1.1" 200 953
201.186.225.187 - - [22/Apr/2025:11:38:39 -0300] "GET /cormun/static/messages.spa.js?85251 HTTP/1.1" 200 30736
201.186.225.187 - - [22/Apr/2025:11:38:39 -0300] "GET /cormun/static/Resources/CormunLogin.png HTTP/1.1" 200 19132
201.186.225.187 - - [22/Apr/2025:11:38:39 -0300] "GET /cormun/static/Resources/Spanish/PXTools.css?1759030 HTTP/1.1" 200 100853
201.186.225.187 - - [22/Apr/2025:11:38:39 -0300] "GET /cormun/static/hlogin.js?2022112219184458 HTTP/1.1" 200 2156
201.186.225.187 - - [22/Apr/2025:11:38:39 -0300] "GET /cormun/static/gxgral.js?85251 HTTP/1.1" 200 384558
201.186.225.187 - - [22/Apr/2025:11:38:39 -0300] "GET /cormun/static/Resources/PXToolsLoginBottom.png HTTP/1.1" 200 1389
201.186.225.187 - - [22/Apr/2025:11:38:39 -0300] "GET /cormun/static/Resources/PXToolsButtonBackground.png HTTP/1.1" 200 1176
201.186.225.187 - - [22/Apr/2025:11:38:39 -0300] "GET /cormun/static/Resources/PXToolsLoginBackground.png HTTP/1.1" 200 1164
201.186.225.187 - - [22/Apr/2025:11:38:39 -0300] "GET /cormun/static/Resources/PXToolsButtonRight.png HTTP/1.1" 200 1294
201.186.225.187 - - [22/Apr/2025:11:38:39 -0300] "GET /cormun/static/Resources/PXToolsLoginTop.png HTTP/1.1" 200 1337
201.186.225.187 - - [22/Apr/2025:11:38:39 -0300] "GET /cormun/static/Resources/PXToolsButtonLeft.png HTTP/1.1" 200 1310
201.186.225.187 - - [22/Apr/2025:11:38:39 -0300] "GET /cormun/static/Resources/indicator.gif HTTP/1.1" 200 1553
201.186.225.187 - - [22/Apr/2025:11:38:39 -0300] "GET /cormun/servlet/hlogin HTTP/1.1" 200 1728
201.186.225.187 - - [22/Apr/2025:11:38:40 -0300] "GET /favicon.ico HTTP/1.1" 200 21630
190.95.67.91 - - [22/Apr/2025:11:38:51 -0300] "POST /cormun/servlet/trsolicitudot?9d1028fed6169090c056c163b40d5f85,gx-no-cache=1745332860812 HTTP/1.1" 200 107
190.95.67.91 - - [22/Apr/2025:11:38:51 -0300] "GET /cormun/servlet/trsolicitudadjuntos?2025,22469, HTTP/1.1" 200 6334
190.95.67.91 - - [22/Apr/2025:11:38:54 -0300] "GET /cormun/servlet/solicitudotadjuntos?INS,2025,22469,,1, HTTP/1.1" 200 6277
190.95.67.91 - - [22/Apr/2025:11:38:54 -0300] "GET /cormun/static/about:blank HTTP/1.1" 404 1011
190.95.67.91 - - [22/Apr/2025:11:38:55 -0300] "GET /cormun/servlet/solicitudotadjuntos?cda8a3d1b3e66df79032a22ae31010cf587de155ed8f507da2e92a425fd6f91b4e225d5c127245e8d16c3b207031a1ec,gx-no-cache=1745332872582 HTTP/1.1" 200 30
190.95.67.91 - - [22/Apr/2025:11:38:56 -0300] "POST /cormun/servlet/solicitudotadjuntos?9d1028fed6169090c056c163b40d5f85,INS,2025,22469,,1,,gx-no-cache=1745332873090 HTTP/1.1" 200 4188
190.95.15.31 - - [22/Apr/2025:11:39:25 -0300] "GET /cormun/servlet/permisogoce?f14663fbcf4f691f80ce1adf2b404ea503e585aff9a6a5f624edf2a4da019996a8f76be27b0df950dd04623bee4f076ae5d81c37da2277ab5b84238a251b12f5,gx-no-cache=1745332901811 HTTP/1.1" 200 44
190.95.15.31 - - [22/Apr/2025:11:39:29 -0300] "POST /cormun/servlet/permisogoce?81d1629b3ae3fa1383b782cc1b6d8042,INS,0,,,,gx-no-cache=1745332905996 HTTP/1.1" 200 93
190.95.15.31 - - [22/Apr/2025:11:39:29 -0300] "GET /cormun/servlet/hpexe_return? HTTP/1.1" 200 1002
190.95.15.31 - - [22/Apr/2025:11:39:29 -0300] "GET /cormun/servlet/trpermisosgoce HTTP/1.1" 200 9116
190.95.15.31 - - [22/Apr/2025:11:39:36 -0300] "GET /cormun/servlet/apermisogoceprn?10392568,P,20250422104041,PU HTTP/1.1" 200 1650
190.95.15.31 - - [22/Apr/2025:11:39:58 -0300] "POST /cormun/servlet/trpermisosgoce?81d1629b3ae3fa1383b782cc1b6d8042,gx-no-cache=1745332934631 HTTP/1.1" 200 6069
190.95.15.31 - - [22/Apr/2025:11:39:58 -0300] "POST /cormun/servlet/trpermisosgoce?81d1629b3ae3fa1383b782cc1b6d8042,gx-no-cache=1745332934861 HTTP/1.1" 200 6048
190.95.15.31 - - [22/Apr/2025:11:40:25 -0300] "GET /cormun/servlet/permisogoce?INS,0,,, HTTP/1.1" 200 7243
190.95.15.31 - - [22/Apr/2025:11:40:44 -0300] "GET /cormun/servlet/permisogoce?f14663fbcf4f691f80ce1adf2b404ea5b59322bf85bedafa0102e72bbc90962550eae149769d1337849657db70599686de587f7a7fb40aa7b0df0b03c4e01113,gx-no-cache=1745332980963 HTTP/1.1" 200 76
190.95.15.31 - - [22/Apr/2025:11:41:04 -0300] "GET /cormun/servlet/permisogoce?f14663fbcf4f691f80ce1adf2b404ea5b9e8763257583d5edccc2a7dd286aeae2a6cc76c15dd71d926e41f4f3e8f234ad96f4635b0e104fdd14e7bd1234e7f5b,gx-no-cache=1745333001193 HTTP/1.1" 200 47
190.95.15.31 - - [22/Apr/2025:11:41:08 -0300] "POST /cormun/servlet/permisogoce?81d1629b3ae3fa1383b782cc1b6d8042,INS,0,,,,gx-no-cache=1745333004251 HTTP/1.1" 200 93
190.95.15.31 - - [22/Apr/2025:11:41:08 -0300] "GET /cormun/servlet/hpexe_return? HTTP/1.1" 200 1024
190.95.15.31 - - [22/Apr/2025:11:41:08 -0300] "GET /cormun/servlet/trpermisosgoce?gx-no-cache=1745332934861 HTTP/1.1" 200 9120
190.95.15.31 - - [22/Apr/2025:11:41:14 -0300] "GET /cormun/servlet/apermisogoceprn?9281012,P,20250422104259,PU HTTP/1.1" 200 1653
190.95.15.31 - - [22/Apr/2025:11:41:33 -0300] "GET /cormun/servlet/permisogoce?INS,0,,, HTTP/1.1" 200 7265
190.95.15.31 - - [22/Apr/2025:11:41:47 -0300] "GET /cormun/servlet/permisogoce?f14663fbcf4f691f80ce1adf2b404ea5488ffdf67668be38ab85c0e51657027a4dc34202ea0c5808155e38276d644a90b1752dab38d5605abe20120c6c0b30d7,gx-no-cache=1745333043849 HTTP/1.1" 200 78
201.186.225.249 - - [22/Apr/2025:11:41:50 -0300] "GET /cormun/servlet/trlicencias? HTTP/1.1" 200 6051
201.186.225.249 - - [22/Apr/2025:11:41:50 -0300] "GET /cormun/servlet/hlogin HTTP/1.1" 200 1737
190.121.111.10 - - [22/Apr/2025:11:41:52 -0300] "GET /cormun/servlet/vesolicitudgral?2025,22403,, HTTP/1.1" 200 8384
190.121.111.10 - - [22/Apr/2025:11:41:52 -0300] "GET /cormun/pexe_scrolldiv.js HTTP/1.1" 404 1009
190.121.111.10 - - [22/Apr/2025:11:41:55 -0300] "GET /cormun/servlet/vesolicitudgral?2025,22403,,SolicitudOTAdjuntos HTTP/1.1" 200 7082
190.121.111.10 - - [22/Apr/2025:11:41:55 -0300] "GET /cormun/pexe_scrolldiv.js HTTP/1.1" 404 1009
190.121.111.10 - - [22/Apr/2025:11:41:56 -0300] "POST /cormun/servlet/acontrolpreferencessavestate?None,RRHH+DANIELA,true HTTP/1.1" 200 35
190.121.111.10 - - [22/Apr/2025:11:41:57 -0300] "GET /cormun/servlet/vesolicitudgral?2025,22403,,General HTTP/1.1" 200 8385
190.121.111.10 - - [22/Apr/2025:11:41:57 -0300] "GET /cormun/pexe_scrolldiv.js HTTP/1.1" 404 1009
190.95.15.31 - - [22/Apr/2025:11:42:00 -0300] "GET /cormun/servlet/permisogoce?f14663fbcf4f691f80ce1adf2b404ea596166500a551b13d36823885024999f463234c73855c79c7e2934cc16f75672be5d81c37da2277ab5b84238a251b12f5,gx-no-cache=1745333057722 HTTP/1.1" 200 46
190.95.15.31 - - [22/Apr/2025:11:42:04 -0300] "POST /cormun/servlet/permisogoce?81d1629b3ae3fa1383b782cc1b6d8042,INS,0,,,,gx-no-cache=1745333060379 HTTP/1.1" 200 93
190.95.15.31 - - [22/Apr/2025:11:42:04 -0300] "GET /cormun/servlet/hpexe_return? HTTP/1.1" 200 1024
190.95.15.31 - - [22/Apr/2025:11:42:04 -0300] "GET /cormun/servlet/trpermisosgoce?gx-no-cache=1745332934861 HTTP/1.1" 200 9335
190.95.67.91 - - [22/Apr/2025:11:42:09 -0300] "POST /cormun/servlet/solicitudotadjuntos?gx-no-cache=1745333066234 HTTP/1.1" 200 26
190.95.15.31 - - [22/Apr/2025:11:42:09 -0300] "GET /cormun/servlet/apermisogoceprn?19299141,P,20250422104408,PU HTTP/1.1" 200 1654
190.95.67.91 - - [22/Apr/2025:11:42:17 -0300] "GET /cormun/servlet/solicitudotadjuntos?cda8a3d1b3e66df79032a22ae31010cfe637fe70f86487f90253cea7adbacd18,gx-no-cache=1745333074385 HTTP/1.1" 200 30
190.95.67.91 - - [22/Apr/2025:11:42:18 -0300] "GET /cormun/servlet/solicitudotadjuntos?cda8a3d1b3e66df79032a22ae31010cfe637fe70f86487f90253cea7adbacd18,gx-no-cache=1745333075318 HTTP/1.1" 200 30
190.95.67.91 - - [22/Apr/2025:11:42:18 -0300] "POST /cormun/servlet/solicitudotadjuntos?9d1028fed6169090c056c163b40d5f85,INS,2025,22469,,1, HTTP/1.1" 200 116
190.95.67.91 - - [22/Apr/2025:11:42:18 -0300] "GET /cormun/servlet/hpexe_return? HTTP/1.1" 200 1023
190.95.67.91 - - [22/Apr/2025:11:42:19 -0300] "GET /cormun/servlet/trsolicitudadjuntos?2025,22469, HTTP/1.1" 200 9356
190.95.67.91 - - [22/Apr/2025:11:42:24 -0300] "GET /cormun/servlet/solicitudotadjuntos?INS,2025,22469,,1, HTTP/1.1" 200 6276
190.95.15.31 - - [22/Apr/2025:11:42:32 -0300] "GET /cormun/servlet/permisogoce?INS,0,,, HTTP/1.1" 200 7265
190.95.15.31 - - [22/Apr/2025:11:42:46 -0300] "GET /cormun/servlet/permisogoce?f14663fbcf4f691f80ce1adf2b404ea5d54b46a8aac00214ddc4d3ec4282b1824dc34202ea0c5808155e38276d644a90b1752dab38d5605abe20120c6c0b30d7,gx-no-cache=1745333102843 HTTP/1.1" 200 80
190.95.67.91 - - [22/Apr/2025:11:42:51 -0300] "GET /cormun/static/about:blank HTTP/1.1" 404 1011
190.95.67.91 - - [22/Apr/2025:11:42:51 -0300] "GET /cormun/servlet/solicitudotadjuntos?cda8a3d1b3e66df79032a22ae31010cf587de155ed8f507da2e92a425fd6f91b4e225d5c127245e8d16c3b207031a1ec,gx-no-cache=1745333108754 HTTP/1.1" 200 30
190.95.67.91 - - [22/Apr/2025:11:42:51 -0300] "POST /cormun/servlet/solicitudotadjuntos?9d1028fed6169090c056c163b40d5f85,INS,2025,22469,,1,,gx-no-cache=1745333108797 HTTP/1.1" 200 4187
190.95.67.91 - - [22/Apr/2025:11:42:54 -0300] "POST /cormun/servlet/solicitudotadjuntos?gx-no-cache=1745333111257 HTTP/1.1" 200 26
190.95.15.31 - - [22/Apr/2025:11:42:55 -0300] "GET /cormun/servlet/permisogoce?f14663fbcf4f691f80ce1adf2b404ea52519b2fa1896ad8a2a287a6c618f144f06bb0ae1f1464aa5e26f794b3c055ce8e5d81c37da2277ab5b84238a251b12f5,gx-no-cache=1745333111873 HTTP/1.1" 200 46
190.95.15.31 - - [22/Apr/2025:11:42:58 -0300] "POST /cormun/servlet/permisogoce?81d1629b3ae3fa1383b782cc1b6d8042,INS,0,,,,gx-no-cache=1745333114701 HTTP/1.1" 200 93
190.95.15.31 - - [22/Apr/2025:11:42:58 -0300] "GET /cormun/servlet/hpexe_return? HTTP/1.1" 200 1024
190.95.15.31 - - [22/Apr/2025:11:42:58 -0300] "GET /cormun/servlet/trpermisosgoce?gx-no-cache=1745332934861 HTTP/1.1" 200 9555
190.95.67.91 - - [22/Apr/2025:11:42:59 -0300] "GET /cormun/servlet/solicitudotadjuntos?cda8a3d1b3e66df79032a22ae31010cfe637fe70f86487f90253cea7adbacd18,gx-no-cache=1745333116873 HTTP/1.1" 200 30
190.95.67.91 - - [22/Apr/2025:11:42:59 -0300] "GET /cormun/servlet/solicitudotadjuntos?cda8a3d1b3e66df79032a22ae31010cfe637fe70f86487f90253cea7adbacd18,gx-no-cache=1745333116921 HTTP/1.1" 200 30
190.95.67.91 - - [22/Apr/2025:11:43:01 -0300] "POST /cormun/servlet/solicitudotadjuntos?9d1028fed6169090c056c163b40d5f85,INS,2025,22469,,1, HTTP/1.1" 200 116
190.95.67.91 - - [22/Apr/2025:11:43:02 -0300] "GET /cormun/servlet/hpexe_return? HTTP/1.1" 200 1023
190.95.15.31 - - [22/Apr/2025:11:43:02 -0300] "GET /cormun/servlet/apermisogoceprn?16925386,P,20250422104507,PU HTTP/1.1" 200 1665
190.95.67.91 - - [22/Apr/2025:11:43:03 -0300] "GET /cormun/servlet/trsolicitudadjuntos?2025,22469, HTTP/1.1" 200 9592
190.95.67.91 - - [22/Apr/2025:11:43:05 -0300] "GET /cormun/servlet/solicitudotadjuntos?INS,2025,22469,,1, HTTP/1.1" 200 6277
190.95.67.91 - - [22/Apr/2025:11:43:05 -0300] "GET /cormun/static/about:blank HTTP/1.1" 404 1011
190.95.67.91 - - [22/Apr/2025:11:43:06 -0300] "GET /cormun/servlet/solicitudotadjuntos?cda8a3d1b3e66df79032a22ae31010cf587de155ed8f507da2e92a425fd6f91b4e225d5c127245e8d16c3b207031a1ec,gx-no-cache=1745333123475 HTTP/1.1" 200 30
190.95.67.91 - - [22/Apr/2025:11:43:06 -0300] "POST /cormun/servlet/solicitudotadjuntos?9d1028fed6169090c056c163b40d5f85,INS,2025,22469,,1,,gx-no-cache=1745333123524 HTTP/1.1" 200 4187
190.95.67.91 - - [22/Apr/2025:11:43:08 -0300] "POST /cormun/servlet/solicitudotadjuntos?gx-no-cache=1745333125217 HTTP/1.1" 200 26
190.95.67.91 - - [22/Apr/2025:11:43:12 -0300] "GET /cormun/servlet/solicitudotadjuntos?cda8a3d1b3e66df79032a22ae31010cfe637fe70f86487f90253cea7adbacd18,gx-no-cache=1745333129960 HTTP/1.1" 200 30
190.95.67.91 - - [22/Apr/2025:11:43:12 -0300] "GET /cormun/servlet/solicitudotadjuntos?cda8a3d1b3e66df79032a22ae31010cfe637fe70f86487f90253cea7adbacd18,gx-no-cache=1745333129997 HTTP/1.1" 200 30
190.95.67.91 - - [22/Apr/2025:11:43:13 -0300] "POST /cormun/servlet/solicitudotadjuntos?9d1028fed6169090c056c163b40d5f85,INS,2025,22469,,1, HTTP/1.1" 200 116
190.95.67.91 - - [22/Apr/2025:11:43:13 -0300] "GET /cormun/servlet/hpexe_return? HTTP/1.1" 200 1023
190.95.67.91 - - [22/Apr/2025:11:43:13 -0300] "GET /cormun/servlet/trsolicitudadjuntos?2025,22469, HTTP/1.1" 200 9841
190.95.15.31 - - [22/Apr/2025:11:43:14 -0300] "GET /cormun/servlet/permisogoce?INS,0,,, HTTP/1.1" 200 7265
190.95.67.91 - - [22/Apr/2025:11:43:16 -0300] "GET /cormun/servlet/solicitudotadjuntos?INS,2025,22469,,1, HTTP/1.1" 200 6277
190.95.67.91 - - [22/Apr/2025:11:43:16 -0300] "GET /cormun/static/about:blank HTTP/1.1" 404 1011
190.95.67.91 - - [22/Apr/2025:11:43:17 -0300] "GET /cormun/servlet/solicitudotadjuntos?cda8a3d1b3e66df79032a22ae31010cf587de155ed8f507da2e92a425fd6f91b4e225d5c127245e8d16c3b207031a1ec,gx-no-cache=1745333134486 HTTP/1.1" 200 30
190.95.67.91 - - [22/Apr/2025:11:43:17 -0300] "POST /cormun/servlet/solicitudotadjuntos?9d1028fed6169090c056c163b40d5f85,INS,2025,22469,,1,,gx-no-cache=1745333134517 HTTP/1.1" 200 4187
190.95.67.91 - - [22/Apr/2025:11:43:20 -0300] "POST /cormun/servlet/solicitudotadjuntos?gx-no-cache=1745333137193 HTTP/1.1" 200 26
190.95.67.91 - - [22/Apr/2025:11:43:26 -0300] "GET /cormun/servlet/solicitudotadjuntos?cda8a3d1b3e66df79032a22ae31010cfe637fe70f86487f90253cea7adbacd18,gx-no-cache=1745333143409 HTTP/1.1" 200 30
190.95.67.91 - - [22/Apr/2025:11:43:26 -0300] "GET /cormun/servlet/solicitudotadjuntos?cda8a3d1b3e66df79032a22ae31010cfe637fe70f86487f90253cea7adbacd18,gx-no-cache=1745333143433 HTTP/1.1" 200 30
190.95.67.91 - - [22/Apr/2025:11:43:26 -0300] "POST /cormun/servlet/solicitudotadjuntos?9d1028fed6169090c056c163b40d5f85,INS,2025,22469,,1, HTTP/1.1" 200 116
190.95.67.91 - - [22/Apr/2025:11:43:26 -0300] "GET /cormun/servlet/hpexe_return? HTTP/1.1" 200 1023
190.95.67.91 - - [22/Apr/2025:11:43:26 -0300] "GET /cormun/servlet/trsolicitudadjuntos?2025,22469, HTTP/1.1" 200 10102
190.95.67.91 - - [22/Apr/2025:11:43:28 -0300] "GET /cormun/servlet/solicitudotadjuntos?INS,2025,22469,,1, HTTP/1.1" 200 6277
190.95.67.91 - - [22/Apr/2025:11:43:28 -0300] "GET /cormun/static/about:blank HTTP/1.1" 404 1011
190.95.67.91 - - [22/Apr/2025:11:43:29 -0300] "GET /cormun/servlet/solicitudotadjuntos?cda8a3d1b3e66df79032a22ae31010cf587de155ed8f507da2e92a425fd6f91b4e225d5c127245e8d16c3b207031a1ec,gx-no-cache=1745333146165 HTTP/1.1" 200 30
190.95.67.91 - - [22/Apr/2025:11:43:29 -0300] "POST /cormun/servlet/solicitudotadjuntos?9d1028fed6169090c056c163b40d5f85,INS,2025,22469,,1,,gx-no-cache=1745333146193 HTTP/1.1" 200 4189
190.95.67.91 - - [22/Apr/2025:11:43:30 -0300] "POST /cormun/servlet/solicitudotadjuntos?gx-no-cache=1745333147977 HTTP/1.1" 200 26
190.95.15.31 - - [22/Apr/2025:11:43:34 -0300] "GET /cormun/servlet/permisogoce?f14663fbcf4f691f80ce1adf2b404ea5f0fdaa0f7e6057b0401dcbad7c62a3624dc34202ea0c5808155e38276d644a90b1752dab38d5605abe20120c6c0b30d7,gx-no-cache=1745333151131 HTTP/1.1" 200 85
190.95.67.91 - - [22/Apr/2025:11:43:34 -0300] "GET /cormun/servlet/solicitudotadjuntos?cda8a3d1b3e66df79032a22ae31010cfe637fe70f86487f90253cea7adbacd18,gx-no-cache=1745333151776 HTTP/1.1" 200 30
190.95.67.91 - - [22/Apr/2025:11:43:34 -0300] "GET /cormun/servlet/solicitudotadjuntos?cda8a3d1b3e66df79032a22ae31010cfe637fe70f86487f90253cea7adbacd18,gx-no-cache=1745333151804 HTTP/1.1" 200 30
190.95.67.91 - - [22/Apr/2025:11:43:36 -0300] "POST /cormun/servlet/solicitudotadjuntos?9d1028fed6169090c056c163b40d5f85,INS,2025,22469,,1, HTTP/1.1" 200 116
190.95.67.91 - - [22/Apr/2025:11:43:36 -0300] "GET /cormun/servlet/hpexe_return? HTTP/1.1" 200 1023
190.95.67.91 - - [22/Apr/2025:11:43:36 -0300] "GET /cormun/servlet/trsolicitudadjuntos?2025,22469, HTTP/1.1" 200 10360
190.95.67.91 - - [22/Apr/2025:11:43:38 -0300] "GET /cormun/servlet/solicitudotadjuntos?INS,2025,22469,,1, HTTP/1.1" 200 6277
190.95.67.91 - - [22/Apr/2025:11:43:38 -0300] "GET /cormun/static/about:blank HTTP/1.1" 404 1011
190.95.67.91 - - [22/Apr/2025:11:43:38 -0300] "GET /cormun/servlet/solicitudotadjuntos?cda8a3d1b3e66df79032a22ae31010cf587de155ed8f507da2e92a425fd6f91b4e225d5c127245e8d16c3b207031a1ec,gx-no-cache=1745333155921 HTTP/1.1" 200 30
190.95.67.91 - - [22/Apr/2025:11:43:38 -0300] "POST /cormun/servlet/solicitudotadjuntos?9d1028fed6169090c056c163b40d5f85,INS,2025,22469,,1,,gx-no-cache=1745333155953 HTTP/1.1" 200 4189
190.95.67.91 - - [22/Apr/2025:11:43:40 -0300] "POST /cormun/servlet/solicitudotadjuntos?gx-no-cache=1745333157721 HTTP/1.1" 200 26
190.95.15.31 - - [22/Apr/2025:11:43:47 -0300] "GET /cormun/servlet/permisogoce?f14663fbcf4f691f80ce1adf2b404ea5736ad4c72b7b3164986f9821dfef57503609d9982d969144e4a8d1ae84c39236e5d81c37da2277ab5b84238a251b12f5,gx-no-cache=1745333164753 HTTP/1.1" 200 47
190.95.15.31 - - [22/Apr/2025:11:43:52 -0300] "POST /cormun/servlet/permisogoce?81d1629b3ae3fa1383b782cc1b6d8042,INS,0,,,,gx-no-cache=1745333168844 HTTP/1.1" 200 93
190.95.15.31 - - [22/Apr/2025:11:43:52 -0300] "GET /cormun/servlet/hpexe_return? HTTP/1.1" 200 1024
190.95.15.31 - - [22/Apr/2025:11:43:52 -0300] "GET /cormun/servlet/trpermisosgoce?gx-no-cache=1745332934861 HTTP/1.1" 200 9770
190.95.67.91 - - [22/Apr/2025:11:43:54 -0300] "GET /cormun/servlet/solicitudotadjuntos?cda8a3d1b3e66df79032a22ae31010cfe637fe70f86487f90253cea7adbacd18,gx-no-cache=1745333171080 HTTP/1.1" 200 30
190.95.67.91 - - [22/Apr/2025:11:43:54 -0300] "GET /cormun/servlet/solicitudotadjuntos?cda8a3d1b3e66df79032a22ae31010cfe637fe70f86487f90253cea7adbacd18,gx-no-cache=1745333171108 HTTP/1.1" 200 30
190.95.67.91 - - [22/Apr/2025:11:43:54 -0300] "POST /cormun/servlet/solicitudotadjuntos?9d1028fed6169090c056c163b40d5f85,INS,2025,22469,,1, HTTP/1.1" 200 116
190.95.67.91 - - [22/Apr/2025:11:43:55 -0300] "GET /cormun/servlet/hpexe_return? HTTP/1.1" 200 1023
190.95.67.91 - - [22/Apr/2025:11:43:55 -0300] "GET /cormun/servlet/trsolicitudadjuntos?2025,22469, HTTP/1.1" 200 10512
190.95.15.31 - - [22/Apr/2025:11:43:58 -0300] "GET /cormun/servlet/apermisogoceprn?21076091,P,20250422104549,PU HTTP/1.1" 200 1670
190.95.67.91 - - [22/Apr/2025:11:43:59 -0300] "GET /cormun/servlet/solicitudotadjuntos?INS,2025,22469,,2, HTTP/1.1" 200 6275
190.95.67.91 - - [22/Apr/2025:11:43:59 -0300] "GET /cormun/static/about:blank HTTP/1.1" 404 1011
190.95.67.91 - - [22/Apr/2025:11:44:00 -0300] "GET /cormun/servlet/solicitudotadjuntos?cda8a3d1b3e66df79032a22ae31010cf587de155ed8f507da2e92a425fd6f91b4e225d5c127245e8d16c3b207031a1ec,gx-no-cache=1745333177394 HTTP/1.1" 200 30
190.95.67.91 - - [22/Apr/2025:11:44:00 -0300] "POST /cormun/servlet/solicitudotadjuntos?9d1028fed6169090c056c163b40d5f85,INS,2025,22469,,2,,gx-no-cache=1745333177415 HTTP/1.1" 200 4329
190.95.67.91 - - [22/Apr/2025:11:44:08 -0300] "POST /cormun/servlet/solicitudotadjuntos?gx-no-cache=1745333185969 HTTP/1.1" 200 26
190.95.67.91 - - [22/Apr/2025:11:44:19 -0300] "GET /cormun/servlet/solicitudotadjuntos?cda8a3d1b3e66df79032a22ae31010cfe637fe70f86487f90253cea7adbacd18,gx-no-cache=1745333196409 HTTP/1.1" 200 30
190.95.67.91 - - [22/Apr/2025:11:44:19 -0300] "GET /cormun/servlet/solicitudotadjuntos?cda8a3d1b3e66df79032a22ae31010cfe637fe70f86487f90253cea7adbacd18,gx-no-cache=1745333196427 HTTP/1.1" 200 30
190.95.67.91 - - [22/Apr/2025:11:44:19 -0300] "POST /cormun/servlet/solicitudotadjuntos?9d1028fed6169090c056c163b40d5f85,INS,2025,22469,,2, HTTP/1.1" 200 116
190.95.67.91 - - [22/Apr/2025:11:44:19 -0300] "GET /cormun/servlet/hpexe_return? HTTP/1.1" 200 1023
190.95.67.91 - - [22/Apr/2025:11:44:20 -0300] "GET /cormun/servlet/trsolicitudadjuntos?2025,22469, HTTP/1.1" 200 10662
190.95.67.99 - - [22/Apr/2025:11:44:20 -0300] "GET /cormun/servlet/hlogin HTTP/1.1" 200 1720
190.95.67.99 - - [22/Apr/2025:11:44:20 -0300] "GET /cormun/static/gxtimezone.js?85251 HTTP/1.1" 200 5781
190.95.67.99 - - [22/Apr/2025:11:44:20 -0300] "GET /cormun/static/gxcfg.js?2022112219184450 HTTP/1.1" 200 953
190.95.67.99 - - [22/Apr/2025:11:44:20 -0300] "GET /cormun/static/Resources/CormunLogin.png HTTP/1.1" 200 19132
190.95.67.99 - - [22/Apr/2025:11:44:20 -0300] "GET /cormun/static/messages.spa.js?85251 HTTP/1.1" 200 30736
190.95.67.99 - - [22/Apr/2025:11:44:20 -0300] "GET /cormun/static/hlogin.js?2022112219184458 HTTP/1.1" 200 2156
190.95.67.99 - - [22/Apr/2025:11:44:20 -0300] "GET /cormun/static/Resources/Spanish/PXTools.css?1759030 HTTP/1.1" 200 100853
190.95.67.99 - - [22/Apr/2025:11:44:20 -0300] "GET /cormun/static/gxgral.js?85251 HTTP/1.1" 200 384558
190.95.67.99 - - [22/Apr/2025:11:44:20 -0300] "GET /cormun/static/Resources/PXToolsLoginBottom.png HTTP/1.1" 200 1389
190.95.67.99 - - [22/Apr/2025:11:44:20 -0300] "GET /cormun/static/Resources/PXToolsLoginTop.png HTTP/1.1" 200 1337
190.95.67.99 - - [22/Apr/2025:11:44:20 -0300] "GET /cormun/static/Resources/PXToolsButtonRight.png HTTP/1.1" 200 1294
190.95.67.99 - - [22/Apr/2025:11:44:20 -0300] "GET /cormun/static/Resources/PXToolsButtonLeft.png HTTP/1.1" 200 1310
190.95.67.99 - - [22/Apr/2025:11:44:20 -0300] "GET /cormun/static/Resources/PXToolsButtonBackground.png HTTP/1.1" 200 1176
190.95.67.99 - - [22/Apr/2025:11:44:20 -0300] "GET /cormun/static/Resources/PXToolsLoginBackground.png HTTP/1.1" 200 1164
190.95.67.99 - - [22/Apr/2025:11:44:20 -0300] "GET /cormun/static/Resources/indicator.gif HTTP/1.1" 200 1553
190.95.67.99 - - [22/Apr/2025:11:44:20 -0300] "GET /cormun/servlet/hlogin HTTP/1.1" 200 1729
190.95.67.99 - - [22/Apr/2025:11:44:20 -0300] "GET /favicon.ico HTTP/1.1" 200 21630
190.95.67.91 - - [22/Apr/2025:11:44:22 -0300] "GET /cormun/servlet/solicitudotadjuntos?INS,2025,22469,,2, HTTP/1.1" 200 6275
190.95.67.91 - - [22/Apr/2025:11:44:22 -0300] "GET /cormun/static/about:blank HTTP/1.1" 404 1011
190.95.67.91 - - [22/Apr/2025:11:44:23 -0300] "GET /cormun/servlet/solicitudotadjuntos?cda8a3d1b3e66df79032a22ae31010cf587de155ed8f507da2e92a425fd6f91b4e225d5c127245e8d16c3b207031a1ec,gx-no-cache=1745333200204 HTTP/1.1" 200 30
190.95.67.91 - - [22/Apr/2025:11:44:23 -0300] "POST /cormun/servlet/solicitudotadjuntos?9d1028fed6169090c056c163b40d5f85,INS,2025,22469,,2,,gx-no-cache=1745333200240 HTTP/1.1" 200 4329
190.95.67.99 - - [22/Apr/2025:11:44:24 -0300] "POST /cormun/servlet/hlogin?5ddb132f8c59decf748e18678d857f07,gx-no-cache=1745333186948 HTTP/1.1" 200 90
190.95.67.99 - - [22/Apr/2025:11:44:24 -0300] "GET /cormun/servlet/hpexe_link HTTP/1.1" 200 948
190.95.67.99 - - [22/Apr/2025:11:44:24 -0300] "GET /cormun/static/gxcfg.js?20221129847421 HTTP/1.1" 200 953
190.95.67.99 - - [22/Apr/2025:11:44:24 -0300] "GET /cormun/static/hpexe_link.js?20221129847423 HTTP/1.1" 200 625
190.95.67.99 - - [22/Apr/2025:11:44:24 -0300] "GET /cormun/static/Resources/Spanish/PXTools.css?8354383 HTTP/1.1" 200 100853
190.95.67.99 - - [22/Apr/2025:11:44:25 -0300] "GET /cormun/servlet/hhome HTTP/1.1" 200 4304
190.95.67.99 - - [22/Apr/2025:11:44:25 -0300] "GET /cormun/static/gxcfg.js?20201215495537 HTTP/1.1" 200 953
190.95.67.99 - - [22/Apr/2025:11:44:25 -0300] "GET /cormun/static/SmoothNavMenu/resources/ddsmoothmenu-v.css?1112540 HTTP/1.1" 200 1188
190.95.67.99 - - [22/Apr/2025:11:44:25 -0300] "GET /cormun/static/scaMessage/css/jquery.pnotify.default.css?1816380 HTTP/1.1" 200 1707
190.95.67.99 - - [22/Apr/2025:11:44:25 -0300] "GET /cormun/static/SmoothNavMenu/resources/ddsmoothmenu.css?1112540 HTTP/1.1" 200 2223
190.95.67.99 - - [22/Apr/2025:11:44:25 -0300] "GET /cormun/static/Shared/jqueryui/jquery-ui.min.css?1345370 HTTP/1.1" 200 30288
190.95.67.99 - - [22/Apr/2025:11:44:25 -0300] "GET /cormun/static/PXToolsJavascripts/pexe_autoreload.js HTTP/1.1" 200 1762
190.95.67.99 - - [22/Apr/2025:11:44:25 -0300] "GET /cormun/static/PXToolsJavascripts/pexe_cookies.js HTTP/1.1" 200 792
190.95.67.99 - - [22/Apr/2025:11:44:25 -0300] "GET /cormun/static/PXToolsJavascripts/pexe_windows.js HTTP/1.1" 200 15249
190.95.67.99 - - [22/Apr/2025:11:44:25 -0300] "GET /cormun/static/PXToolsJavascripts/pexe_grid.js HTTP/1.1" 200 7559
190.95.67.99 - - [22/Apr/2025:11:44:25 -0300] "GET /cormun/static/Resources/Spanish/PXTools.css?14345360 HTTP/1.1" 200 100853
190.95.67.99 - - [22/Apr/2025:11:44:25 -0300] "GET /cormun/static/PXToolsJavascripts/pexe_griddivfix.js HTTP/1.1" 200 6946
190.95.67.99 - - [22/Apr/2025:11:44:25 -0300] "GET /cormun/static/PXToolsJavascripts/pexe_menudivfix.js HTTP/1.1" 200 333
190.95.67.99 - - [22/Apr/2025:11:44:25 -0300] "GET /cormun/static/PXToolsJavascripts/pexe_link.js HTTP/1.1" 200 5671
190.95.67.99 - - [22/Apr/2025:11:44:25 -0300] "GET /cormun/static/PXToolsJavascripts/pexe_menus.js HTTP/1.1" 200 1286
190.95.67.99 - - [22/Apr/2025:11:44:25 -0300] "GET /cormun/static/PXToolsJavascripts/pexe_layers.js HTTP/1.1" 200 4114
190.95.67.99 - - [22/Apr/2025:11:44:25 -0300] "GET /cormun/static/PXToolsJavascripts/pexe_oav.js HTTP/1.1" 200 645
190.95.67.99 - - [22/Apr/2025:11:44:25 -0300] "GET /cormun/static/PXToolsJavascripts/pexe_oavdivfix.js HTTP/1.1" 200 639
190.95.67.99 - - [22/Apr/2025:11:44:25 -0300] "GET /cormun/static/PXToolsJavascripts/pexe_picture.js HTTP/1.1" 200 689
190.95.67.99 - - [22/Apr/2025:11:44:25 -0300] "GET /cormun/static/PXToolsJavascripts/pexe_popup.js HTTP/1.1" 200 15149
190.95.67.99 - - [22/Apr/2025:11:44:25 -0300] "GET /cormun/static/PXToolsJavascripts/pexe_scrolldiv.js HTTP/1.1" 200 4138
190.95.67.99 - - [22/Apr/2025:11:44:25 -0300] "GET /cormun/static/PXToolsJavascripts/pexe_tabdivfix.js HTTP/1.1" 200 898
190.95.67.99 - - [22/Apr/2025:11:44:25 -0300] "GET /cormun/static/PXToolsJavascripts/pexe_tabs.js HTTP/1.1" 200 3748
190.95.67.99 - - [22/Apr/2025:11:44:25 -0300] "GET /cormun/static/PXToolsJavascripts/pexe_upload.js HTTP/1.1" 200 1423
190.95.67.99 - - [22/Apr/2025:11:44:25 -0300] "GET /cormun/static/PXToolsJavascripts/PXToolsJavascriptsRender.js HTTP/1.1" 200 367
190.95.67.99 - - [22/Apr/2025:11:44:25 -0300] "GET /cormun/static/Resources/CormunMP2.png HTTP/1.1" 200 6878
190.95.67.99 - - [22/Apr/2025:11:44:25 -0300] "GET /cormun/static/Resources/ImgHome.png HTTP/1.1" 200 1364
190.95.67.99 - - [22/Apr/2025:11:44:25 -0300] "GET /cormun/static/Resources/ImgLogin.png HTTP/1.1" 200 1432
190.95.67.99 - - [22/Apr/2025:11:44:25 -0300] "GET /cormun/static/Resources/Llave.png HTTP/1.1" 200 1395
190.95.67.99 - - [22/Apr/2025:11:44:25 -0300] "GET /cormun/static/RunJS/RunJS.js HTTP/1.1" 200 288
190.95.67.99 - - [22/Apr/2025:11:44:25 -0300] "GET /cormun/static/Shared/ext/locale/ext-lang-en.js HTTP/1.1" 200 10940
190.95.67.99 - - [22/Apr/2025:11:44:25 -0300] "GET /cormun/static/hhome.js?20201215495544 HTTP/1.1" 200 777
190.95.67.99 - - [22/Apr/2025:11:44:25 -0300] "GET /cormun/static/hpexe_recentlink.js?20201214471090 HTTP/1.1" 200 2144
190.95.67.99 - - [22/Apr/2025:11:44:25 -0300] "GET /cormun/static/hwchdr01.js?2022112219251119 HTTP/1.1" 200 996
190.95.67.99 - - [22/Apr/2025:11:44:25 -0300] "GET /cormun/static/Resources/PXToolsDataTitle.png HTTP/1.1" 200 1173
190.95.67.99 - - [22/Apr/2025:11:44:25 -0300] "GET /cormun/static/hpexe_scripts.js?20201214471411 HTTP/1.1" 200 1544
190.95.67.99 - - [22/Apr/2025:11:44:25 -0300] "GET /cormun/static/hpexe_messagepopupcomponent.js?2020121447232 HTTP/1.1" 200 605
190.95.67.99 - - [22/Apr/2025:11:44:25 -0300] "GET /cormun/static/hpexe_messagecontroller.js?202211298371222 HTTP/1.1" 200 870
190.95.67.99 - - [22/Apr/2025:11:44:25 -0300] "GET /cormun/static/gxui/gxui-all.js HTTP/1.1" 200 107772
190.95.67.99 - - [22/Apr/2025:11:44:25 -0300] "GET /cormun/static/hpexe_messagegenexuscomponent.js?20221129836373 HTTP/1.1" 200 587
190.95.67.99 - - [22/Apr/2025:11:44:25 -0300] "GET /cormun/static/cmcontrolpreferences.js?20199141926336 HTTP/1.1" 200 1375
190.95.67.99 - - [22/Apr/2025:11:44:25 -0300] "GET /cormun/static/SmoothNavMenu/resources/ddsmoothmenu.js HTTP/1.1" 200 12712
190.95.67.99 - - [22/Apr/2025:11:44:25 -0300] "GET /cormun/static/SmoothNavMenu/resources/SmoothNavMenuRender.js HTTP/1.1" 200 5951
190.95.67.99 - - [22/Apr/2025:11:44:25 -0300] "GET /cormun/static/Shared/jquery/jquery-1.4.2.min.js HTTP/1.1" 200 72174
190.95.67.99 - - [22/Apr/2025:11:44:25 -0300] "GET /cormun/static/scaMessage/js/jquery.pnotify.min.js HTTP/1.1" 200 13038
190.95.67.99 - - [22/Apr/2025:11:44:25 -0300] "GET /cormun/static/scaMessage/scaMessageRender.js HTTP/1.1" 200 11977
190.95.67.99 - - [22/Apr/2025:11:44:25 -0300] "GET /cormun/static/hmpwkw03.js?20221129844354 HTTP/1.1" 200 3971
190.95.67.99 - - [22/Apr/2025:11:44:25 -0300] "GET /cormun/static/Shared/jquery/jquery-1.10.2.min.js HTTP/1.1" 200 273199
190.95.67.99 - - [22/Apr/2025:11:44:25 -0300] "GET /cormun/static/Shared/jqueryui/jquery-ui.min.js HTTP/1.1" 200 240427
190.95.67.99 - - [22/Apr/2025:11:44:26 -0300] "GET /cormun/static/Shared/ext/ext-all.js HTTP/1.1" 200 1289687
190.95.67.99 - - [22/Apr/2025:11:44:26 -0300] "GET /cormun/static/SmoothNavMenu/resources/images/right.gif HTTP/1.1" 200 860
190.95.67.99 - - [22/Apr/2025:11:44:26 -0300] "GET /cormun/static/SmoothNavMenu/resources/images/down.gif HTTP/1.1" 200 854
190.95.67.99 - - [22/Apr/2025:11:44:35 -0300] "GET /cormun/servlet/trlicencias? HTTP/1.1" 200 11604
190.95.67.99 - - [22/Apr/2025:11:44:35 -0300] "GET /cormun/static/gxui/gxui-all.css?120300 HTTP/1.1" 200 2179
190.95.67.99 - - [22/Apr/2025:11:44:35 -0300] "GET /cormun/static/calendar.js?85251 HTTP/1.1" 200 26246
190.95.67.99 - - [22/Apr/2025:11:44:35 -0300] "GET /cormun/static/calendar-system.css?85620 HTTP/1.1" 200 5572
190.95.67.99 - - [22/Apr/2025:11:44:35 -0300] "GET /cormun/static/calendar-setup.js?85251 HTTP/1.1" 200 2588
190.95.67.99 - - [22/Apr/2025:11:44:35 -0300] "GET /cormun/static/gxcfg.js?202211298463625 HTTP/1.1" 200 953
190.95.67.99 - - [22/Apr/2025:11:44:35 -0300] "GET /cormun/static/calendar-es.js?85251 HTTP/1.1" 200 1901
190.95.67.99 - - [22/Apr/2025:11:44:35 -0300] "GET /cormun/static/Resources/PXTools/calendar.png HTTP/1.1" 200 1306
190.95.67.99 - - [22/Apr/2025:11:44:35 -0300] "GET /cormun/static/gxdec.js?85251 HTTP/1.1" 200 19579
190.95.67.99 - - [22/Apr/2025:11:44:35 -0300] "GET /cormun/static/trlicencias.js?202211298463889 HTTP/1.1" 200 41883
190.95.67.99 - - [22/Apr/2025:11:44:35 -0300] "GET /cormun/static/Shared/ext/resources/css/ext-all.css?215870 HTTP/1.1" 200 416045
190.95.67.99 - - [22/Apr/2025:11:44:35 -0300] "GET /cormun/static/Resources/PXToolsDataSearch.png HTTP/1.1" 200 435
190.95.67.99 - - [22/Apr/2025:11:44:35 -0300] "GET /cormun/static/Resources/PXToolsGridFirstDisabled.gif HTTP/1.1" 200 100
190.95.67.99 - - [22/Apr/2025:11:44:35 -0300] "GET /cormun/static/Resources/PXToolsGridPreviousDisabled.gif HTTP/1.1" 200 90
190.95.67.99 - - [22/Apr/2025:11:44:36 -0300] "GET /cormun/static/Resources/PXToolsGridPage.gif HTTP/1.1" 200 725
190.95.67.99 - - [22/Apr/2025:11:44:36 -0300] "GET /cormun/static/Resources/PXToolsActionExcel.png HTTP/1.1" 200 727
190.95.67.99 - - [22/Apr/2025:11:44:36 -0300] "GET /cormun/static/Resources/PXToolsAddAllAction.png HTTP/1.1" 200 495
190.95.67.99 - - [22/Apr/2025:11:44:36 -0300] "GET /cormun/static/Resources/PXToolsGridLastDisabled.gif HTTP/1.1" 200 98
190.95.67.99 - - [22/Apr/2025:11:44:36 -0300] "GET /cormun/static/Resources/PXToolsGridNextDisabled.gif HTTP/1.1" 200 90
190.95.67.99 - - [22/Apr/2025:11:44:36 -0300] "GET /cormun//static/Resources/PXToolsGridDisplay.png HTTP/1.1" 200 525
190.95.67.99 - - [22/Apr/2025:11:44:36 -0300] "GET /cormun//static/Resources/PXToolsActionPrint.png HTTP/1.1" 200 404
190.95.67.99 - - [22/Apr/2025:11:44:36 -0300] "GET /cormun//static/Resources/PXToolsActionDisabled.gif HTTP/1.1" 200 53
190.95.67.99 - - [22/Apr/2025:11:44:36 -0300] "GET /cormun//static/Resources/PXTools/ActionInsert.png HTTP/1.1" 200 1482
190.95.67.99 - - [22/Apr/2025:11:44:36 -0300] "GET /cormun/static/Resources/desc.gif HTTP/1.1" 200 65
190.95.67.99 - - [22/Apr/2025:11:44:36 -0300] "GET /cormun/static/Resources/asc.gif HTTP/1.1" 200 67
190.95.67.99 - - [22/Apr/2025:11:44:36 -0300] "GET /cormun//static/Resources/PXToolsHeaderHelp.png HTTP/1.1" 200 1333
190.95.67.99 - - [22/Apr/2025:11:44:36 -0300] "GET /cormun//static/Resources/PXToolsHeaderFavorites.png HTTP/1.1" 200 1414
190.95.67.99 - - [22/Apr/2025:11:44:36 -0300] "GET /cormun/static/Shared/ext/resources/themes/images/default/tools/tool-sprites.gif HTTP/1.1" 200 5434
190.95.67.99 - - [22/Apr/2025:11:44:36 -0300] "GET /cormun/static/Shared/ext/resources/themes/images/default/panel/bg-headersPanel.png HTTP/1.1" 200 255
190.95.67.91 - - [22/Apr/2025:11:44:42 -0300] "POST /cormun/servlet/solicitudotadjuntos?gx-no-cache=1745333219937 HTTP/1.1" 200 26
190.95.67.91 - - [22/Apr/2025:11:44:50 -0300] "GET /cormun/servlet/solicitudotadjuntos?cda8a3d1b3e66df79032a22ae31010cfe637fe70f86487f90253cea7adbacd18,gx-no-cache=1745333227976 HTTP/1.1" 200 30
190.95.67.91 - - [22/Apr/2025:11:44:50 -0300] "GET /cormun/servlet/solicitudotadjuntos?cda8a3d1b3e66df79032a22ae31010cfe637fe70f86487f90253cea7adbacd18,gx-no-cache=1745333227988 HTTP/1.1" 200 30
190.95.67.91 - - [22/Apr/2025:11:44:51 -0300] "POST /cormun/servlet/solicitudotadjuntos?9d1028fed6169090c056c163b40d5f85,INS,2025,22469,,2, HTTP/1.1" 200 116
190.95.67.91 - - [22/Apr/2025:11:44:51 -0300] "GET /cormun/servlet/hpexe_return? HTTP/1.1" 200 1023
190.95.67.91 - - [22/Apr/2025:11:44:52 -0300] "GET /cormun/servlet/trsolicitudadjuntos?2025,22469, HTTP/1.1" 200 10850
190.95.67.91 - - [22/Apr/2025:11:44:54 -0300] "POST /cormun/servlet/trsolicitudadjuntos?9d1028fed6169090c056c163b40d5f85,2025,22469,,gx-no-cache=1745333231514 HTTP/1.1" 200 90
190.95.67.91 - - [22/Apr/2025:11:44:54 -0300] "GET /cormun/servlet/hpexe_link HTTP/1.1" 200 966
190.95.67.91 - - [22/Apr/2025:11:44:54 -0300] "GET /cormun/servlet/trsolicitudot HTTP/1.1" 200 8864
190.95.67.91 - - [22/Apr/2025:11:45:01 -0300] "POST /cormun/servlet/trsolicitudot?9d1028fed6169090c056c163b40d5f85,gx-no-cache=1745333238266 HTTP/1.1" 200 113
190.95.67.91 - - [22/Apr/2025:11:45:01 -0300] "GET /cormun/servlet/solicitudot?UPD,2025,22469,false, HTTP/1.1" 200 16866
190.95.67.91 - - [22/Apr/2025:11:45:02 -0300] "POST /cormun/servlet/solicitudot?gx-no-cache=1745333239061 HTTP/1.1" 200 4114
190.95.67.91 - - [22/Apr/2025:11:45:02 -0300] "POST /cormun/servlet/solicitudot?9d1028fed6169090c056c163b40d5f85,UPD,2025,22469,false,,gx-no-cache=1745333239177 HTTP/1.1" 200 13048
190.95.67.91 - - [22/Apr/2025:11:45:02 -0300] "GET /cormun/servlet/solicitudot?cda8a3d1b3e66df79032a22ae31010cf0f8630c738672a19ecd1d8c3348f4456e2f0294db90073df12867198962250fc,gx-no-cache=1745333239310 HTTP/1.1" 200 30
190.95.67.91 - - [22/Apr/2025:11:45:02 -0300] "GET /cormun/servlet/solicitudot?cda8a3d1b3e66df79032a22ae31010cf7b3946c20c65392ed926486941a164582bc06d0a5fe5c99d0c736e73df708479,gx-no-cache=1745333239365 HTTP/1.1" 200 30
190.95.67.91 - - [22/Apr/2025:11:45:02 -0300] "GET /cormun/servlet/solicitudot?cda8a3d1b3e66df79032a22ae31010cfb60e6b6acb695debc3a6ac8fd4fb71c82fd77536dd03948badde8494c02b1bc37864d333b0b326edddfbe655fc4286e5,gx-no-cache=1745333239387 HTTP/1.1" 200 53
190.95.67.91 - - [22/Apr/2025:11:45:02 -0300] "POST /cormun/servlet/solicitudot?gx-no-cache=1745333239416 HTTP/1.1" 200 254
190.95.67.91 - - [22/Apr/2025:11:45:02 -0300] "GET /cormun/servlet/solicitudot?cda8a3d1b3e66df79032a22ae31010cfe2548f4394277b6bd60ac13d0175e2e58598fd7ef592c518596c26945e9aedc95e16842573732b71e9d72413295f2d23e3dff79e853a0a93d431c9986e12316114f5510ebc61c69fa65436626bd5cf58222036f72b9a916511b88307b75dd5fd6de37cb4950feb957f92e658148c47a21e17f759f4a55e181270ae000a01b85ef64b54547fcb043335f3eca59539ae9b9b363cb323bbfb38c3f7ad95fdd39a31dc27347cfed338f02a476610137516e07ea8a973df80f3e83c99ef750b623e84ca82c64f7e2c16074315dbc1ce909e8d35eb24a5c868963980bd493acf451c97af95095134143a972f8d9e1f0b95641b88b298cfc51c2c181ffca69764c16436ef66d34923b75c0e92094c2bc32796b4c51863e040d3b7a590f074741c57ac5994a9545c01eb39c8728824639936b14c0bc418a25b6764e59ead6906d83ba466f33d05261b8de5f0123953de8452daad1d884be24fc537c89ec702a03bc5dd6696c07baa4d9d3985e7b5dcd20390338b,gx-no-cache=1745333239441 HTTP/1.1" 200 30
190.95.67.91 - - [22/Apr/2025:11:45:02 -0300] "POST /cormun/servlet/solicitudot?gx-no-cache=1745333239463 HTTP/1.1" 200 30
190.95.67.91 - - [22/Apr/2025:11:45:02 -0300] "POST /cormun/servlet/solicitudot?gx-no-cache=1745333239492 HTTP/1.1" 200 1481
190.95.67.91 - - [22/Apr/2025:11:45:02 -0300] "POST /cormun/servlet/solicitudot?gx-no-cache=1745333239521 HTTP/1.1" 200 41
190.95.67.91 - - [22/Apr/2025:11:45:06 -0300] "GET /cormun/servlet/solicitudot?cda8a3d1b3e66df79032a22ae31010cfcc1d948f1760ebda715a724d2c676be6555bbd0f7670a894de27906ed37b373045301aa224e1f16daa8ef096f7812f24fec7ace506f7472c600a5cabd8d5efdcdb5572b02f0297fc8421246e13f6bc99e30fac1377e789fbd2ac2eff4e429499,gx-no-cache=1745333243473 HTTP/1.1" 200 110
190.95.67.91 - - [22/Apr/2025:11:45:06 -0300] "POST /cormun/servlet/solicitudot?gx-no-cache=1745333243491 HTTP/1.1" 200 97
190.95.67.91 - - [22/Apr/2025:11:45:06 -0300] "GET /cormun/servlet/solicitudot?cda8a3d1b3e66df79032a22ae31010cf5ef0921f318adbbabc0eaff7e4c3a049be478af151c2d7924ee9244a419566b217bf4c62c69d9eeca826438044947277228467e2ed06982dd9cda9b8fb695f3d724f9ba2645f323e973a3e2feb3bc051ea68192bb13b954ed73406a25f421a2df2882fe57c99b716fb8913fc4d496744c230d1ac63f5e637760a66a777f0e5515afc4c61fc0535f31ed51d56caa4bc04be9dad86d9c5282e10ee0c1be2a89f461ac11038c83a809b163be8ae5fb17056def83a103d4c5a14dd28e2cc35b33e35,gx-no-cache=1745333243512 HTTP/1.1" 200 29
190.95.67.91 - - [22/Apr/2025:11:45:06 -0300] "GET /cormun/servlet/solicitudot?cda8a3d1b3e66df79032a22ae31010cf095b0536f124ee4678f3df392d0671ca2c6391cba2c0c4bd4136319e151402c0,gx-no-cache=1745333243529 HTTP/1.1" 200 30
190.95.67.91 - - [22/Apr/2025:11:45:06 -0300] "POST /cormun/servlet/solicitudot?gx-no-cache=1745333243549 HTTP/1.1" 200 30
