190.95.2.157 - - [22/Apr/2025:11:03:56 -0300] "GET /cormun/servlet/hpexe_return? HTTP/1.1" 200 1006
190.95.2.157 - - [22/Apr/2025:11:03:56 -0300] "GET /cormun/servlet/trpermisosingoce HTTP/1.1" 200 8125
190.95.67.97 - - [22/Apr/2025:11:03:56 -0300] "GET /cormun/servlet/trpermisosgoce? HTTP/1.1" 200 6034
190.95.67.97 - - [22/Apr/2025:11:03:56 -0300] "GET /cormun/servlet/hlogin HTTP/1.1" 200 1744
190.95.2.157 - - [22/Apr/2025:11:03:58 -0300] "GET /cormun/servlet/trpermisosingoceadjunto?647,15537110, HTTP/1.1" 200 6424
190.95.2.157 - - [22/Apr/2025:11:03:59 -0300] "GET /cormun/static/gxcfg.js?20221129847873 HTTP/1.1" 200 953
190.95.2.157 - - [22/Apr/2025:11:03:59 -0300] "GET /cormun/static/trpermisosingoceadjunto.js?20221129847996 HTTP/1.1" 200 16925
190.95.2.157 - - [22/Apr/2025:11:04:01 -0300] "GET /cormun/servlet/permisosingoceadjunto?INS,647,, HTTP/1.1" 200 5733
190.95.2.157 - - [22/Apr/2025:11:04:01 -0300] "GET /cormun/static/gxcfg.js?20201215152332 HTTP/1.1" 200 953
190.95.2.157 - - [22/Apr/2025:11:04:01 -0300] "GET /cormun/static/permisosingoceadjunto.js?20201215152375 HTTP/1.1" 200 6883
190.95.2.157 - - [22/Apr/2025:11:04:01 -0300] "GET /cormun/static/about:blank HTTP/1.1" 404 1011
190.95.2.157 - - [22/Apr/2025:11:04:02 -0300] "GET /cormun/servlet/permisosingoceadjunto?e191c92dcf6a495e55ef59a877acc2e25d61eb1d7904dfe16fe6ac2f5dc481ab,gx-no-cache=1745330779733 HTTP/1.1" 200 26
190.95.67.97 - - [22/Apr/2025:11:04:02 -0300] "POST /cormun/servlet/hlogin?2d0d8505e6d85e840de402e7989445fd,gx-no-cache=1745330748764 HTTP/1.1" 200 454
190.95.67.97 - - [22/Apr/2025:11:04:06 -0300] "POST /cormun/servlet/hlogin?2d0d8505e6d85e840de402e7989445fd,gx-no-cache=1745330752478 HTTP/1.1" 200 90
190.95.67.97 - - [22/Apr/2025:11:04:06 -0300] "GET /cormun/servlet/hpexe_link HTTP/1.1" 200 961
190.95.67.97 - - [22/Apr/2025:11:04:06 -0300] "GET /cormun/servlet/trpermisosgoce HTTP/1.1" 200 11245
190.95.67.97 - - [22/Apr/2025:11:04:09 -0300] "GET /cormun/servlet/trpermisosgoce? HTTP/1.1" 200 11243
190.95.67.97 - - [22/Apr/2025:11:04:11 -0300] "GET /cormun/servlet/permisogoce?INS,0,,, HTTP/1.1" 200 6727
190.95.67.97 - - [22/Apr/2025:11:04:16 -0300] "GET /cormun/servlet/permisogoce?d5d7766bc96112dc2b005d77df447f8f6cf03209362c7ca9a2d85d35e20b6c79f6e519a0d2d582a3232b007a57eef3ccfbef49b261c7d1ce67a5fa7d36cfd836,gx-no-cache=1745330762842 HTTP/1.1" 200 81
190.95.67.97 - - [22/Apr/2025:11:04:18 -0300] "GET /cormun/static/menuarrow.gif HTTP/1.1" 404 1015
190.95.67.97 - - [22/Apr/2025:11:04:22 -0300] "GET /cormun/servlet/permisogoce?d5d7766bc96112dc2b005d77df447f8fe09e206eac82cfd410ab55546c102bdec132313c4ade5a82e6bbfe04df2918a11f05bb209225162596683282fdfa626e,gx-no-cache=1745330768470 HTTP/1.1" 200 48
190.95.2.157 - - [22/Apr/2025:11:04:23 -0300] "POST /cormun/servlet/permisosingoceadjunto?3fc5b353ecd32d0cd2b02f06f943c5ae,INS,647,, HTTP/1.1" 200 116
190.95.2.157 - - [22/Apr/2025:11:04:23 -0300] "GET /cormun/servlet/hpexe_return? HTTP/1.1" 200 1025
190.95.2.157 - - [22/Apr/2025:11:04:23 -0300] "GET /cormun/servlet/trpermisosingoceadjunto?647,15537110, HTTP/1.1" 200 6869
190.95.67.97 - - [22/Apr/2025:11:04:24 -0300] "POST /cormun/servlet/permisogoce?2d0d8505e6d85e840de402e7989445fd,INS,0,,,,gx-no-cache=1745330770356 HTTP/1.1" 200 93
190.95.67.97 - - [22/Apr/2025:11:04:24 -0300] "GET /cormun/servlet/hpexe_return? HTTP/1.1" 200 1013
190.95.67.97 - - [22/Apr/2025:11:04:24 -0300] "GET /cormun/servlet/trpermisosgoce HTTP/1.1" 200 11465
190.95.2.157 - - [22/Apr/2025:11:04:26 -0300] "POST /cormun/servlet/trpermisosingoceadjunto?3fc5b353ecd32d0cd2b02f06f943c5ae,647,15537110,,gx-no-cache=1745330804088 HTTP/1.1" 200 90
190.95.2.157 - - [22/Apr/2025:11:04:26 -0300] "GET /cormun/servlet/hpexe_link HTTP/1.1" 200 974
190.95.2.157 - - [22/Apr/2025:11:04:26 -0300] "GET /cormun/servlet/trpermisosingoce HTTP/1.1" 200 8122
190.95.67.97 - - [22/Apr/2025:11:04:27 -0300] "GET /cormun/servlet/apermisogoceprn?19020616,P,20250422100645,PU HTTP/1.1" 200 1657
190.95.2.157 - - [22/Apr/2025:11:04:33 -0300] "POST /cormun/servlet/trpermisosingoce?3fc5b353ecd32d0cd2b02f06f943c5ae,gx-no-cache=1745330810985 HTTP/1.1" 200 5371
190.95.2.157 - - [22/Apr/2025:11:04:37 -0300] "GET /cormun/servlet/apermisosingoceprn?647,PU HTTP/1.1" 200 1640
190.95.2.157 - - [22/Apr/2025:11:04:37 -0300] "GET /cormun/servlet/apermisosingoceprn?647,PU HTTP/1.1" 200 1645
190.95.67.95 - - [22/Apr/2025:11:04:46 -0300] "GET /cormun/servlet/trlicencias? HTTP/1.1" 200 10588
190.95.2.157 - - [22/Apr/2025:11:05:10 -0300] "GET /cormun/servlet/trautorizarpermisogoce? HTTP/1.1" 200 8295
190.95.2.157 - - [22/Apr/2025:11:05:15 -0300] "POST /cormun/servlet/trautorizarpermisogoce?3fc5b353ecd32d0cd2b02f06f943c5ae,,gx-no-cache=1745330852905 HTTP/1.1" 200 5301
190.95.2.157 - - [22/Apr/2025:11:05:16 -0300] "POST /cormun/servlet/trautorizarpermisogoce?3fc5b353ecd32d0cd2b02f06f943c5ae,,gx-no-cache=1745330853774 HTTP/1.1" 200 4543
190.95.2.157 - - [22/Apr/2025:11:05:20 -0300] "GET /cormun/servlet/trpermisosingoceautorizar? HTTP/1.1" 200 7874
190.95.2.157 - - [22/Apr/2025:11:05:20 -0300] "GET /cormun/static/gxcfg.js?20199142052090 HTTP/1.1" 200 953
190.95.2.157 - - [22/Apr/2025:11:05:20 -0300] "GET /cormun/static/trpermisosingoceautorizar.js?20199142052670 HTTP/1.1" 200 32551
190.95.2.157 - - [22/Apr/2025:11:05:20 -0300] "GET /cormun/static/Resources/Spanish/PXTools.css?19172979 HTTP/1.1" 200 100853
190.95.2.157 - - [22/Apr/2025:11:05:24 -0300] "POST /cormun/servlet/trpermisosingoceautorizar?3fc5b353ecd32d0cd2b02f06f943c5ae,,gx-no-cache=1745330861976 HTTP/1.1" 200 4467
190.95.67.99 - - [22/Apr/2025:11:07:15 -0300] "GET /cormun/servlet/trpermisosgoce? HTTP/1.1" 200 15776
201.186.225.183 - - [22/Apr/2025:11:12:30 -0300] "GET /cormun/servlet/trlicencias? HTTP/1.1" 200 6053
201.186.225.183 - - [22/Apr/2025:11:12:30 -0300] "GET /cormun/servlet/trlicencias? HTTP/1.1" 200 6053
201.186.225.183 - - [22/Apr/2025:11:12:31 -0300] "GET /cormun/servlet/hlogin HTTP/1.1" 200 1740
201.186.225.183 - - [22/Apr/2025:11:12:31 -0300] "GET /favicon.ico HTTP/1.1" 200 21630
201.186.225.183 - - [22/Apr/2025:11:12:35 -0300] "POST /cormun/servlet/hlogin?4fc31d7a90c89afdfd511198dc7d6fa1,gx-no-cache=1745331293860 HTTP/1.1" 200 90
201.186.225.183 - - [22/Apr/2025:11:12:35 -0300] "GET /cormun/servlet/hpexe_link HTTP/1.1" 200 958
201.186.225.183 - - [22/Apr/2025:11:12:35 -0300] "GET /cormun/servlet/trlicencias HTTP/1.1" 200 14709
201.186.225.183 - - [22/Apr/2025:11:12:39 -0300] "GET /cormun/servlet/trlicencias? HTTP/1.1" 200 14706
190.95.67.99 - - [22/Apr/2025:11:13:57 -0300] "GET /cormun/servlet/trlicencias? HTTP/1.1" 200 11599
201.186.226.5 - - [22/Apr/2025:11:14:57 -0300] "GET /cormun/servlet/hlogin HTTP/1.1" 200 1720
201.186.226.5 - - [22/Apr/2025:11:15:00 -0300] "POST /cormun/servlet/hlogin?86d0abf0427d4cb01c8c6cdc7879beb0,gx-no-cache=1745331437703 HTTP/1.1" 200 90
201.186.226.5 - - [22/Apr/2025:11:15:00 -0300] "GET /cormun/servlet/hpexe_link HTTP/1.1" 200 950
201.186.226.5 - - [22/Apr/2025:11:15:00 -0300] "GET /cormun/servlet/hhome HTTP/1.1" 200 3994
201.186.226.5 - - [22/Apr/2025:11:15:04 -0300] "GET /cormun/servlet/trsolicitudot? HTTP/1.1" 200 7216
201.186.226.5 - - [22/Apr/2025:11:15:08 -0300] "GET /cormun/servlet/solicitudot?INS,0,0,false, HTTP/1.1" 200 15994
201.186.226.5 - - [22/Apr/2025:11:15:21 -0300] "POST /cormun/servlet/solicitudot?gx-no-cache=1745331457875 HTTP/1.1" 200 4046
201.186.226.5 - - [22/Apr/2025:11:15:21 -0300] "POST /cormun/servlet/solicitudot?86d0abf0427d4cb01c8c6cdc7879beb0,INS,0,0,false,,gx-no-cache=1745331458271 HTTP/1.1" 200 12623
201.186.226.5 - - [22/Apr/2025:11:15:25 -0300] "GET /cormun/servlet/solicitudot?28236cb03c4f8fa39c6e4e25fe71611c416aa5f6f8009c7f134e3d5678b5d25668058c2015d2c40e3cb8a6833a0c88c2,gx-no-cache=1745331462011 HTTP/1.1" 200 30
190.95.15.31 - - [22/Apr/2025:11:15:44 -0300] "GET /cormun/servlet/prfichaempleado?,MD,,gxPopupLevel%3D0%3B HTTP/1.1" 200 9383
190.95.15.31 - - [22/Apr/2025:11:15:58 -0300] "POST /cormun/servlet/prfichaempleado?81d1629b3ae3fa1383b782cc1b6d8042,,MD,,gxPopupLevel%3D0%3B,gx-no-cache=1745331495159 HTTP/1.1" 200 3168
190.95.15.31 - - [22/Apr/2025:11:16:16 -0300] "POST /cormun/servlet/prfichaempleado?81d1629b3ae3fa1383b782cc1b6d8042,,MD,,gxPopupLevel%3D0%3B,gx-no-cache=1745331513100 HTTP/1.1" 200 3171
190.95.15.31 - - [22/Apr/2025:11:16:17 -0300] "POST /cormun/servlet/prfichaempleado?81d1629b3ae3fa1383b782cc1b6d8042,,MD,,gxPopupLevel%3D0%3B,gx-no-cache=1745331514708 HTTP/1.1" 200 3171
190.95.15.31 - - [22/Apr/2025:11:16:19 -0300] "POST /cormun/servlet/prfichaempleado?81d1629b3ae3fa1383b782cc1b6d8042,,MD,,gxPopupLevel%3D0%3B,gx-no-cache=1745331516179 HTTP/1.1" 200 3171
190.95.15.31 - - [22/Apr/2025:11:16:19 -0300] "POST /cormun/servlet/prfichaempleado?81d1629b3ae3fa1383b782cc1b6d8042,,MD,,gxPopupLevel%3D0%3B,gx-no-cache=1745331516436 HTTP/1.1" 200 3171
190.95.67.91 - - [22/Apr/2025:11:16:47 -0300] "GET /cormun/servlet/hlogin HTTP/1.1" 200 1716
190.95.67.91 - - [22/Apr/2025:11:17:00 -0300] "POST /cormun/servlet/hlogin?9d1028fed6169090c056c163b40d5f85,gx-no-cache=1745331557506 HTTP/1.1" 200 90
190.95.67.91 - - [22/Apr/2025:11:17:00 -0300] "GET /cormun/servlet/hpexe_link HTTP/1.1" 200 952
190.95.67.91 - - [22/Apr/2025:11:17:00 -0300] "GET /cormun/servlet/trlicencias HTTP/1.1" 200 15060
190.95.15.31 - - [22/Apr/2025:11:17:04 -0300] "GET /cormun/servlet/prfichaempleado?,MD,,gxPopupLevel%3D0%3B HTTP/1.1" 200 9383
190.95.15.31 - - [22/Apr/2025:11:17:16 -0300] "POST /cormun/servlet/prfichaempleado?81d1629b3ae3fa1383b782cc1b6d8042,,MD,,gxPopupLevel%3D0%3B,gx-no-cache=1745331573358 HTTP/1.1" 200 3171
190.95.15.31 - - [22/Apr/2025:11:17:21 -0300] "POST /cormun/servlet/prfichaempleado?81d1629b3ae3fa1383b782cc1b6d8042,,MD,,gxPopupLevel%3D0%3B,gx-no-cache=1745331578532 HTTP/1.1" 200 3171
190.95.15.31 - - [22/Apr/2025:11:17:22 -0300] "POST /cormun/servlet/prfichaempleado?81d1629b3ae3fa1383b782cc1b6d8042,,MD,,gxPopupLevel%3D0%3B,gx-no-cache=1745331579700 HTTP/1.1" 200 3171
190.95.15.31 - - [22/Apr/2025:11:18:36 -0300] "POST /cormun/servlet/prfichaempleado?81d1629b3ae3fa1383b782cc1b6d8042,,MD,,gxPopupLevel%3D0%3B,gx-no-cache=1745331652941 HTTP/1.1" 200 3171
190.95.15.31 - - [22/Apr/2025:11:18:41 -0300] "GET /cormun/servlet/prfichaempleado?,MD,,gxPopupLevel%3D0%3B HTTP/1.1" 200 9383
190.95.15.31 - - [22/Apr/2025:11:18:53 -0300] "POST /cormun/servlet/prfichaempleado?81d1629b3ae3fa1383b782cc1b6d8042,,MD,,gxPopupLevel%3D0%3B,gx-no-cache=1745331669573 HTTP/1.1" 200 6368
190.95.15.31 - - [22/Apr/2025:11:18:53 -0300] "GET /cormun/static/Resources/PXToolsGridFirst.gif HTTP/1.1" 200 379
190.95.15.31 - - [22/Apr/2025:11:18:53 -0300] "GET /cormun/static/Resources/PXToolsGridLast.gif HTTP/1.1" 200 370
190.95.15.31 - - [22/Apr/2025:11:18:53 -0300] "GET /cormun/static/Resources/PXToolsGridPrevious.gif HTTP/1.1" 200 369
190.95.15.31 - - [22/Apr/2025:11:18:53 -0300] "GET /cormun/static/Resources/PXToolsGridNext.gif HTTP/1.1" 200 369
190.95.15.31 - - [22/Apr/2025:11:19:00 -0300] "POST /cormun/servlet/prfichaempleado?81d1629b3ae3fa1383b782cc1b6d8042,,MD,,gxPopupLevel%3D0%3B,gx-no-cache=1745331676661 HTTP/1.1" 200 6452
190.95.15.31 - - [22/Apr/2025:11:19:07 -0300] "POST /cormun/servlet/prfichaempleado?81d1629b3ae3fa1383b782cc1b6d8042,,MD,,gxPopupLevel%3D0%3B,gx-no-cache=1745331684076 HTTP/1.1" 200 6322
190.95.15.31 - - [22/Apr/2025:11:19:15 -0300] "POST /cormun/servlet/prfichaempleado?81d1629b3ae3fa1383b782cc1b6d8042,,MD,,gxPopupLevel%3D0%3B,gx-no-cache=1745331691332 HTTP/1.1" 200 6451
190.95.15.31 - - [22/Apr/2025:11:19:26 -0300] "POST /cormun/servlet/prfichaempleado?81d1629b3ae3fa1383b782cc1b6d8042,,MD,,gxPopupLevel%3D0%3B,gx-no-cache=1745331702004 HTTP/1.1" 200 6417
190.95.15.31 - - [22/Apr/2025:11:19:33 -0300] "POST /cormun/servlet/prfichaempleado?81d1629b3ae3fa1383b782cc1b6d8042,,MD,,gxPopupLevel%3D0%3B,gx-no-cache=1745331710156 HTTP/1.1" 200 6336
190.95.15.31 - - [22/Apr/2025:11:19:40 -0300] "POST /cormun/servlet/prfichaempleado?81d1629b3ae3fa1383b782cc1b6d8042,,MD,,gxPopupLevel%3D0%3B,gx-no-cache=1745331716299 HTTP/1.1" 200 6341
190.95.15.31 - - [22/Apr/2025:11:19:46 -0300] "POST /cormun/servlet/prfichaempleado?81d1629b3ae3fa1383b782cc1b6d8042,,MD,,gxPopupLevel%3D0%3B,gx-no-cache=1745331722468 HTTP/1.1" 200 6432
190.95.15.31 - - [22/Apr/2025:11:19:54 -0300] "POST /cormun/servlet/prfichaempleado?81d1629b3ae3fa1383b782cc1b6d8042,,MD,,gxPopupLevel%3D0%3B,gx-no-cache=1745331730484 HTTP/1.1" 200 6388
190.95.15.31 - - [22/Apr/2025:11:20:21 -0300] "GET /cormun/servlet/trsolicitudot? HTTP/1.1" 200 7569
190.95.15.31 - - [22/Apr/2025:11:20:24 -0300] "GET /cormun/servlet/trautorizarsolicitud? HTTP/1.1" 200 7467
190.95.15.31 - - [22/Apr/2025:11:20:35 -0300] "POST /cormun/servlet/trautorizarsolicitud?81d1629b3ae3fa1383b782cc1b6d8042,,gx-no-cache=1745331772437 HTTP/1.1" 200 8753
190.95.15.31 - - [22/Apr/2025:11:21:44 -0300] "GET /cormun/servlet/trpermisosgoce? HTTP/1.1" 200 8151
190.95.15.31 - - [22/Apr/2025:11:21:55 -0300] "GET /cormun/servlet/permisogoce?INS,0,,, HTTP/1.1" 200 7242
190.95.15.31 - - [22/Apr/2025:11:22:12 -0300] "GET /cormun/servlet/prfichaempleado?,MD,,gxPopupLevel%3D0%3B HTTP/1.1" 200 9383
190.95.15.31 - - [22/Apr/2025:11:22:29 -0300] "POST /cormun/servlet/prfichaempleado?81d1629b3ae3fa1383b782cc1b6d8042,,MD,,gxPopupLevel%3D0%3B,gx-no-cache=1745331886621 HTTP/1.1" 200 3401
190.95.15.31 - - [22/Apr/2025:11:22:41 -0300] "GET /cormun/servlet/permisogoce?f14663fbcf4f691f80ce1adf2b404ea5b6426366706b92bd631ecb4db0d5ed564dc34202ea0c5808155e38276d644a90b1752dab38d5605abe20120c6c0b30d7,gx-no-cache=1745331898093 HTTP/1.1" 200 80
190.95.15.31 - - [22/Apr/2025:11:22:41 -0300] "GET /cormun/static/menuarrow.gif HTTP/1.1" 404 1015
190.95.15.31 - - [22/Apr/2025:11:22:53 -0300] "GET /cormun/servlet/permisogoce?f14663fbcf4f691f80ce1adf2b404ea5db33c84310d8cfc396d6f209892537fef8774970b8340f03d6989d1668032cc8e5d81c37da2277ab5b84238a251b12f5,gx-no-cache=1745331910171 HTTP/1.1" 200 47
190.95.15.31 - - [22/Apr/2025:11:22:57 -0300] "POST /cormun/servlet/permisogoce?81d1629b3ae3fa1383b782cc1b6d8042,INS,0,,,,gx-no-cache=1745331913389 HTTP/1.1" 200 93
190.95.15.31 - - [22/Apr/2025:11:22:57 -0300] "GET /cormun/servlet/hpexe_return? HTTP/1.1" 200 1002
190.95.15.31 - - [22/Apr/2025:11:22:57 -0300] "GET /cormun/servlet/trpermisosgoce HTTP/1.1" 200 8435
190.95.15.31 - - [22/Apr/2025:11:23:01 -0300] "GET /cormun/servlet/apermisogoceprn?17525170,P,20250422102430,PU HTTP/1.1" 200 1656
190.95.15.31 - - [22/Apr/2025:11:23:23 -0300] "GET /cormun/servlet/permisogoce?INS,0,,, HTTP/1.1" 200 7243
190.95.15.31 - - [22/Apr/2025:11:23:33 -0300] "GET /cormun/servlet/trpermisosgoce HTTP/1.1" 200 8435
190.95.15.31 - - [22/Apr/2025:11:23:35 -0300] "GET /cormun/servlet/apermisogoceprn?17525170,P,20250422102430,PU HTTP/1.1" 200 1658
190.95.15.31 - - [22/Apr/2025:11:24:05 -0300] "GET /cormun/servlet/permisogoce?INS,0,,, HTTP/1.1" 200 7242
190.95.15.31 - - [22/Apr/2025:11:24:26 -0300] "GET /cormun/servlet/prfichaempleado?,MD,,gxPopupLevel%3D0%3B HTTP/1.1" 200 9383
190.95.15.31 - - [22/Apr/2025:11:24:39 -0300] "POST /cormun/servlet/prfichaempleado?81d1629b3ae3fa1383b782cc1b6d8042,,MD,,gxPopupLevel%3D0%3B,gx-no-cache=1745332016557 HTTP/1.1" 200 3170
190.95.15.31 - - [22/Apr/2025:11:24:43 -0300] "POST /cormun/servlet/prfichaempleado?81d1629b3ae3fa1383b782cc1b6d8042,,MD,,gxPopupLevel%3D0%3B,gx-no-cache=1745332020700 HTTP/1.1" 200 3170
190.95.15.31 - - [22/Apr/2025:11:24:45 -0300] "POST /cormun/servlet/prfichaempleado?81d1629b3ae3fa1383b782cc1b6d8042,,MD,,gxPopupLevel%3D0%3B,gx-no-cache=1745332022683 HTTP/1.1" 200 3170
179.57.78.9 - - [22/Apr/2025:11:24:52 -0300] "GET /cormun/servlet/hlogin HTTP/1.1" 200 1713
190.95.15.31 - - [22/Apr/2025:11:24:54 -0300] "POST /cormun/servlet/prfichaempleado?81d1629b3ae3fa1383b782cc1b6d8042,,MD,,gxPopupLevel%3D0%3B,gx-no-cache=1745332031491 HTTP/1.1" 200 3191
179.57.78.9 - - [22/Apr/2025:11:24:54 -0300] "POST /cormun/servlet/hlogin?bfd0a41a169520f3db42281fb7ed78b5,gx-no-cache=1745332032804 HTTP/1.1" 200 90
179.57.78.9 - - [22/Apr/2025:11:24:54 -0300] "GET /cormun/servlet/hpexe_link HTTP/1.1" 200 945
179.57.78.9 - - [22/Apr/2025:11:24:54 -0300] "GET /cormun/servlet/hhome HTTP/1.1" 200 4335
179.57.78.9 - - [22/Apr/2025:11:24:57 -0300] "GET /cormun/servlet/trlicencias? HTTP/1.1" 200 10374
190.95.15.31 - - [22/Apr/2025:11:25:00 -0300] "GET /cormun/servlet/prfichaempleado?,MD,,gxPopupLevel%3D0%3B HTTP/1.1" 200 9383
201.186.225.183 - - [22/Apr/2025:11:25:04 -0300] "POST /cormun/servlet/trlicencias?4fc31d7a90c89afdfd511198dc7d6fa1,,gx-no-cache=1745332043311 HTTP/1.1" 200 101
201.186.225.183 - - [22/Apr/2025:11:25:04 -0300] "GET /cormun/Licencias-1280.xls HTTP/1.1" 200 13312
190.95.15.31 - - [22/Apr/2025:11:25:08 -0300] "POST /cormun/servlet/prfichaempleado?81d1629b3ae3fa1383b782cc1b6d8042,,MD,,gxPopupLevel%3D0%3B,gx-no-cache=1745332045013 HTTP/1.1" 200 6338
190.95.15.31 - - [22/Apr/2025:11:25:18 -0300] "POST /cormun/servlet/prfichaempleado?81d1629b3ae3fa1383b782cc1b6d8042,,MD,,gxPopupLevel%3D0%3B,gx-no-cache=1745332054780 HTTP/1.1" 200 6283
201.186.225.193 - - [22/Apr/2025:11:25:19 -0300] "GET /cormun/servlet/hhome HTTP/1.1" 200 3325
201.186.225.193 - - [22/Apr/2025:11:25:19 -0300] "GET /cormun/servlet/hlogin HTTP/1.1" 200 1738
201.186.225.193 - - [22/Apr/2025:11:25:24 -0300] "POST /cormun/servlet/hlogin?a395c379d62717ec40a5b2f34dc714bf,gx-no-cache=1745332061678 HTTP/1.1" 200 90
201.186.225.193 - - [22/Apr/2025:11:25:24 -0300] "GET /cormun/servlet/hpexe_link HTTP/1.1" 200 954
201.186.225.193 - - [22/Apr/2025:11:25:24 -0300] "GET /cormun/servlet/hhome HTTP/1.1" 200 4297
190.95.15.31 - - [22/Apr/2025:11:25:27 -0300] "POST /cormun/servlet/prfichaempleado?81d1629b3ae3fa1383b782cc1b6d8042,,MD,,gxPopupLevel%3D0%3B,gx-no-cache=1745332063763 HTTP/1.1" 200 6347
201.186.225.193 - - [22/Apr/2025:11:25:28 -0300] "GET /cormun/servlet/trpermisosgoce? HTTP/1.1" 200 8093
190.95.15.31 - - [22/Apr/2025:11:25:31 -0300] "POST /cormun/servlet/prfichaempleado?81d1629b3ae3fa1383b782cc1b6d8042,,MD,,gxPopupLevel%3D0%3B,gx-no-cache=1745332068084 HTTP/1.1" 200 6340
201.186.225.193 - - [22/Apr/2025:11:25:33 -0300] "POST /cormun/servlet/trpermisosgoce?a395c379d62717ec40a5b2f34dc714bf,,gx-no-cache=1745332070935 HTTP/1.1" 200 104
201.186.225.193 - - [22/Apr/2025:11:25:34 -0300] "POST /cormun/servlet/trpermisosgoce?a395c379d62717ec40a5b2f34dc714bf,,gx-no-cache=1745332071045 HTTP/1.1" 200 5319
201.186.225.193 - - [22/Apr/2025:11:25:34 -0300] "GET /cormun/PermisosGoce-8680.xls HTTP/1.1" 200 4608
20.40.115.26 - - [22/Apr/2025:11:25:34 -0300] "GET /cormun/PermisosGoce-8680.xls HTTP/1.1" 200 4608
190.95.15.31 - - [22/Apr/2025:11:25:39 -0300] "POST /cormun/servlet/prfichaempleado?81d1629b3ae3fa1383b782cc1b6d8042,,MD,,gxPopupLevel%3D0%3B,gx-no-cache=1745332075515 HTTP/1.1" 200 6376
201.186.225.193 - - [22/Apr/2025:11:25:41 -0300] "GET /cormun/servlet/permisogoce?INS,0,,, HTTP/1.1" 200 7187
201.186.225.193 - - [22/Apr/2025:11:25:41 -0300] "GET /cormun/static/gxcfg.js?20201215124560 HTTP/1.1" 200 953
201.186.225.193 - - [22/Apr/2025:11:25:41 -0300] "GET /cormun/static/permisogoce.js?20201215124939 HTTP/1.1" 200 27790
201.186.225.193 - - [22/Apr/2025:11:25:41 -0300] "GET /cormun/static/Resources/prompt.gif HTTP/1.1" 200 902
190.95.15.27 - - [22/Apr/2025:11:25:46 -0300] "GET /cormun/servlet/permisogoce?INS,0,,, HTTP/1.1" 200 6032
190.95.15.27 - - [22/Apr/2025:11:25:47 -0300] "GET /cormun/servlet/hlogin HTTP/1.1" 200 1748
190.95.15.31 - - [22/Apr/2025:11:25:49 -0300] "POST /cormun/servlet/prfichaempleado?81d1629b3ae3fa1383b782cc1b6d8042,,MD,,gxPopupLevel%3D0%3B,gx-no-cache=1745332085348 HTTP/1.1" 200 6406
190.95.15.27 - - [22/Apr/2025:11:25:53 -0300] "POST /cormun/servlet/hlogin?5dccf4f52d54de483cb3c22656c3da92,gx-no-cache=1745332090917 HTTP/1.1" 200 90
190.95.15.27 - - [22/Apr/2025:11:25:53 -0300] "GET /cormun/servlet/hpexe_link HTTP/1.1" 200 965
190.95.15.27 - - [22/Apr/2025:11:25:53 -0300] "GET /cormun/servlet/permisogoce?INS,0,,, HTTP/1.1" 200 6613
190.95.15.31 - - [22/Apr/2025:11:25:58 -0300] "POST /cormun/servlet/prfichaempleado?81d1629b3ae3fa1383b782cc1b6d8042,,MD,,gxPopupLevel%3D0%3B,gx-no-cache=1745332094355 HTTP/1.1" 200 6370
190.95.15.27 - - [22/Apr/2025:11:26:04 -0300] "GET /cormun/servlet/permisogoce?6874d5786e7d9960354e0f74e645b9d753628c016472b82bdc374ae8244ac8a974ee631707c8d4311e7e8ff56e112c63215449b5ab29d75157d729d8efaba19d,gx-no-cache=1745332102412 HTTP/1.1" 200 76
190.95.15.27 - - [22/Apr/2025:11:26:06 -0300] "GET /cormun/static/menuarrow.gif HTTP/1.1" 404 1015
201.186.225.193 - - [22/Apr/2025:11:26:07 -0300] "GET /cormun/servlet/permisogoce?be8ca6ce21270884f753b64284ef0abd622e18088f78c3543ff76ecd96b93ea012937e8775ca0fc9f012ac6748233832c2c14f5d414badf1d74a25258d4becff,gx-no-cache=1745332104102 HTTP/1.1" 200 67
201.186.225.193 - - [22/Apr/2025:11:26:07 -0300] "GET /cormun/static/menuarrow.gif HTTP/1.1" 404 1015
201.186.225.193 - - [22/Apr/2025:11:26:12 -0300] "GET /cormun/servlet/permisogoce?be8ca6ce21270884f753b64284ef0abd1c664d82463bb3c9d4c8af3d7201d9fe892e7d975af5d079817a7e39ae3a308626470f96a3a6eb019fcc711b5515942d,gx-no-cache=1745332109871 HTTP/1.1" 200 47
190.95.15.31 - - [22/Apr/2025:11:26:13 -0300] "GET /cormun/servlet/prfichaempleado?,MD,,gxPopupLevel%3D0%3B HTTP/1.1" 200 9383
190.95.15.31 - - [22/Apr/2025:11:26:24 -0300] "POST /cormun/servlet/prfichaempleado?81d1629b3ae3fa1383b782cc1b6d8042,,MD,,gxPopupLevel%3D0%3B,gx-no-cache=1745332121613 HTTP/1.1" 200 3170
190.95.15.31 - - [22/Apr/2025:11:26:27 -0300] "POST /cormun/servlet/prfichaempleado?81d1629b3ae3fa1383b782cc1b6d8042,,MD,,gxPopupLevel%3D0%3B,gx-no-cache=1745332124132 HTTP/1.1" 200 3170
190.95.15.31 - - [22/Apr/2025:11:26:28 -0300] "POST /cormun/servlet/prfichaempleado?81d1629b3ae3fa1383b782cc1b6d8042,,MD,,gxPopupLevel%3D0%3B,gx-no-cache=1745332125331 HTTP/1.1" 200 3170
190.95.15.31 - - [22/Apr/2025:11:26:34 -0300] "POST /cormun/servlet/prfichaempleado?81d1629b3ae3fa1383b782cc1b6d8042,,MD,,gxPopupLevel%3D0%3B,gx-no-cache=1745332131507 HTTP/1.1" 200 3192
190.95.15.31 - - [22/Apr/2025:11:26:36 -0300] "POST /cormun/servlet/prfichaempleado?81d1629b3ae3fa1383b782cc1b6d8042,,MD,,gxPopupLevel%3D0%3B,gx-no-cache=1745332133267 HTTP/1.1" 200 3192
190.95.15.31 - - [22/Apr/2025:11:26:36 -0300] "POST /cormun/servlet/prfichaempleado?81d1629b3ae3fa1383b782cc1b6d8042,,MD,,gxPopupLevel%3D0%3B,gx-no-cache=1745332133644 HTTP/1.1" 200 3192
190.95.15.31 - - [22/Apr/2025:11:26:37 -0300] "POST /cormun/servlet/prfichaempleado?81d1629b3ae3fa1383b782cc1b6d8042,,MD,,gxPopupLevel%3D0%3B,gx-no-cache=1745332134419 HTTP/1.1" 200 3192
190.95.15.31 - - [22/Apr/2025:11:26:41 -0300] "GET /cormun/servlet/prfichaempleado?,MD,,gxPopupLevel%3D0%3B HTTP/1.1" 200 9383
190.95.15.31 - - [22/Apr/2025:11:26:52 -0300] "POST /cormun/servlet/prfichaempleado?81d1629b3ae3fa1383b782cc1b6d8042,,MD,,gxPopupLevel%3D0%3B,gx-no-cache=1745332148837 HTTP/1.1" 200 6370
190.95.15.31 - - [22/Apr/2025:11:27:00 -0300] "GET /cormun/servlet/permisogoce?f14663fbcf4f691f80ce1adf2b404ea512f99bf0f83995961b83ba440806c9334dc34202ea0c5808155e38276d644a90b1752dab38d5605abe20120c6c0b30d7,gx-no-cache=1745332156972 HTTP/1.1" 200 81
190.95.15.31 - - [22/Apr/2025:11:27:14 -0300] "GET /cormun/servlet/permisogoce?f14663fbcf4f691f80ce1adf2b404ea59ee463c51438caa07a103bd032618c781d1b7b7ecae26bf52e2421348afc8fafe5d81c37da2277ab5b84238a251b12f5,gx-no-cache=1745332170914 HTTP/1.1" 200 47
190.95.15.31 - - [22/Apr/2025:11:27:17 -0300] "POST /cormun/servlet/permisogoce?81d1629b3ae3fa1383b782cc1b6d8042,INS,0,,,,gx-no-cache=1745332173756 HTTP/1.1" 200 93
190.95.15.31 - - [22/Apr/2025:11:27:17 -0300] "GET /cormun/servlet/hpexe_return? HTTP/1.1" 200 1002
190.95.15.31 - - [22/Apr/2025:11:27:17 -0300] "GET /cormun/servlet/trpermisosgoce HTTP/1.1" 200 8666
190.95.15.31 - - [22/Apr/2025:11:27:21 -0300] "GET /cormun/servlet/apermisogoceprn?12857569,P,20250422102640,PU HTTP/1.1" 200 1652
190.95.15.31 - - [22/Apr/2025:11:27:34 -0300] "GET /cormun/servlet/permisogoce?INS,0,,, HTTP/1.1" 200 7243
190.95.15.31 - - [22/Apr/2025:11:28:32 -0300] "GET /cormun/servlet/prfichaempleado?,MD,,gxPopupLevel%3D0%3B HTTP/1.1" 200 9383
201.186.226.3 - - [22/Apr/2025:11:28:38 -0300] "GET /cormun/servlet/hlogin HTTP/1.1" 200 1704
190.95.15.31 - - [22/Apr/2025:11:28:45 -0300] "POST /cormun/servlet/prfichaempleado?81d1629b3ae3fa1383b782cc1b6d8042,,MD,,gxPopupLevel%3D0%3B,gx-no-cache=1745332261341 HTTP/1.1" 200 6452
190.95.15.31 - - [22/Apr/2025:11:28:54 -0300] "POST /cormun/servlet/prfichaempleado?81d1629b3ae3fa1383b782cc1b6d8042,,MD,,gxPopupLevel%3D0%3B,gx-no-cache=1745332270331 HTTP/1.1" 200 6445
201.186.226.3 - - [22/Apr/2025:11:28:54 -0300] "POST /cormun/servlet/hlogin?39475a56bfcf74f40defbeebed4a7ea9,gx-no-cache=1745332271879 HTTP/1.1" 200 90
201.186.226.3 - - [22/Apr/2025:11:28:54 -0300] "GET /cormun/servlet/hpexe_link HTTP/1.1" 200 937
201.186.226.3 - - [22/Apr/2025:11:28:54 -0300] "GET /cormun/servlet/hhome HTTP/1.1" 200 3894
201.186.226.3 - - [22/Apr/2025:11:28:58 -0300] "GET /cormun/servlet/trpermisosgoce? HTTP/1.1" 200 12154
190.95.15.31 - - [22/Apr/2025:11:29:05 -0300] "POST /cormun/servlet/prfichaempleado?81d1629b3ae3fa1383b782cc1b6d8042,,MD,,gxPopupLevel%3D0%3B,gx-no-cache=1745332281299 HTTP/1.1" 200 6299
201.186.226.3 - - [22/Apr/2025:11:29:06 -0300] "GET /cormun/servlet/permisogoce?INS,0,,, HTTP/1.1" 200 6755
190.95.15.31 - - [22/Apr/2025:11:29:15 -0300] "POST /cormun/servlet/prfichaempleado?81d1629b3ae3fa1383b782cc1b6d8042,,MD,,gxPopupLevel%3D0%3B,gx-no-cache=1745332291228 HTTP/1.1" 200 6338
201.186.226.3 - - [22/Apr/2025:11:29:24 -0300] "GET /cormun/servlet/permisogoce?fcc6334103906dfe874aa6785dabd29c94ed20470dbfb2ff2d31f9eb16bee622c4da2ae6a3a6d9401849b7ecb26e913616b52a439392ea3ae1e60d93d99e0aab,gx-no-cache=1745332301581 HTTP/1.1" 200 82
201.186.226.3 - - [22/Apr/2025:11:29:26 -0300] "GET /cormun/static/menuarrow.gif HTTP/1.1" 404 1015
190.95.15.31 - - [22/Apr/2025:11:29:27 -0300] "POST /cormun/servlet/prfichaempleado?81d1629b3ae3fa1383b782cc1b6d8042,,MD,,gxPopupLevel%3D0%3B,gx-no-cache=1745332303620 HTTP/1.1" 200 6395
190.95.15.31 - - [22/Apr/2025:11:29:38 -0300] "POST /cormun/servlet/prfichaempleado?81d1629b3ae3fa1383b782cc1b6d8042,,MD,,gxPopupLevel%3D0%3B,gx-no-cache=1745332315099 HTTP/1.1" 200 6342
201.186.226.3 - - [22/Apr/2025:11:29:43 -0300] "GET /cormun/servlet/permisogoce?fcc6334103906dfe874aa6785dabd29c4f91df672971704da38d8e98386b7885affc6a783ad5c6a7ab645510f00d86e43666588cd30c1ae1d1116250d9d9106b,gx-no-cache=1745332320948 HTTP/1.1" 200 47
201.186.226.3 - - [22/Apr/2025:11:29:48 -0300] "POST /cormun/servlet/permisogoce?39475a56bfcf74f40defbeebed4a7ea9,INS,0,,,,gx-no-cache=1745332325558 HTTP/1.1" 200 93
201.186.226.3 - - [22/Apr/2025:11:29:48 -0300] "GET /cormun/servlet/hpexe_return? HTTP/1.1" 200 994
201.186.226.3 - - [22/Apr/2025:11:29:49 -0300] "GET /cormun/servlet/trpermisosgoce HTTP/1.1" 200 12466
201.186.226.3 - - [22/Apr/2025:11:29:52 -0300] "GET /cormun/servlet/apermisogoceprn?13098802,P,20250422103141,PU HTTP/1.1" 200 1658
190.95.15.31 - - [22/Apr/2025:11:30:13 -0300] "POST /cormun/servlet/prfichaempleado?81d1629b3ae3fa1383b782cc1b6d8042,,MD,,gxPopupLevel%3D0%3B,gx-no-cache=1745332350612 HTTP/1.1" 200 3167
190.95.15.31 - - [22/Apr/2025:11:30:15 -0300] "POST /cormun/servlet/prfichaempleado?81d1629b3ae3fa1383b782cc1b6d8042,,MD,,gxPopupLevel%3D0%3B,gx-no-cache=1745332352115 HTTP/1.1" 200 3167
201.186.226.5 - - [22/Apr/2025:11:31:11 -0300] "GET /cormun/servlet/prbanco?,MD,,gxPopupLevel%3D0%3B HTTP/1.1" 200 6654
201.186.226.5 - - [22/Apr/2025:11:31:16 -0300] "GET /cormun/servlet/solicitudot?28236cb03c4f8fa39c6e4e25fe71611c567fa33f20beabae18ddc2c4d8fdbd35f68a989827c886049a74f9a09d2046af9105664e1cb66443331b47b24540b89a9a38028b320ebdc4e29e44fc17e9321c,gx-no-cache=1745332413744 HTTP/1.1" 200 30
201.186.226.5 - - [22/Apr/2025:11:31:19 -0300] "GET /cormun/servlet/solicitudot?28236cb03c4f8fa39c6e4e25fe71611c33112bfb1a5c3a4ba19cbe47b9a40984,gx-no-cache=1745332416601 HTTP/1.1" 200 53
201.186.226.5 - - [22/Apr/2025:11:31:32 -0300] "POST /cormun/servlet/solicitudot?gx-no-cache=1745332429957 HTTP/1.1" 200 240
190.121.111.10 - - [22/Apr/2025:11:31:34 -0300] "GET /cormun/servlet/hlogin HTTP/1.1" 200 1718
201.186.226.5 - - [22/Apr/2025:11:31:34 -0300] "GET /cormun/servlet/solicitudot?28236cb03c4f8fa39c6e4e25fe71611c75eb84a8321548b965f36e98a7bacf1cd2abe3430bd5babf6940d3a9ae7f56ddba3d7c0a9fe4ea6b84bcec63d21fd990f8f1c0976dce83a371fac09cb49526038ed4212e4f563fc135349d5ae22ccc721db4c8da88c8f6ef1cb03b8b4f3515bcc1187f9e67a1ef012d2a0299c8b6c448f319be1c270d63123e44a03536d3bf4a3273e57cc9ae1709bc653b6dd6a3b3607b0c5217438e1a00273e456825d28507f3c309b4866920c44a0297b366c9b876a34e3cec10fff9016801eadfbd56daac8fabaaaa7862ea9ff2fc31d4aeb1dec5831f8d8a3a448b4e457a9b6f6a09d1244712c5080262eef00bc1e95453dcc810f4075a4ae74ace7e863539dd509ee30c48a16a4255919e75ae10a1558c622d972ac05d7ba749daba482b1913bbd629603b7c15ebc60f1d3d75d61db355cf24283420fcc7066ffeb8294cea820f1d4fd1fa6d21f3e4326c19aba7c6e04e471401c905ceb08b908cd2825114ec2973be7bfe5da4fbb57e85d984c402ce924ebbb6,gx-no-cache=1745332431669 HTTP/1.1" 200 30
190.121.111.10 - - [22/Apr/2025:11:31:34 -0300] "GET /cormun/servlet/hlogin HTTP/1.1" 200 1727
201.186.226.5 - - [22/Apr/2025:11:31:36 -0300] "POST /cormun/servlet/solicitudot?gx-no-cache=1745332433133 HTTP/1.1" 200 30
201.186.226.5 - - [22/Apr/2025:11:31:39 -0300] "GET /cormun/servlet/prfichaempleado?,MD,,gxPopupLevel%3D0%3B HTTP/1.1" 200 9288
190.121.111.10 - - [22/Apr/2025:11:31:40 -0300] "POST /cormun/servlet/hlogin?a64a171ac5791e64079ac51f0034069d,gx-no-cache=1745332454824 HTTP/1.1" 200 90
190.121.111.10 - - [22/Apr/2025:11:31:40 -0300] "GET /cormun/servlet/hpexe_link HTTP/1.1" 200 947
190.121.111.10 - - [22/Apr/2025:11:31:40 -0300] "GET /cormun/servlet/hhome HTTP/1.1" 200 3815
179.57.78.9 - - [22/Apr/2025:11:31:42 -0300] "GET /cormun/servlet/hlogin HTTP/1.1" 200 1721
179.57.78.9 - - [22/Apr/2025:11:31:42 -0300] "GET /cormun/static/Resources/CormunLogin.png HTTP/1.1" 200 19132
179.57.78.9 - - [22/Apr/2025:11:31:42 -0300] "GET /cormun/static/Resources/Spanish/PXTools.css?1759030 HTTP/1.1" 200 100853
179.57.78.9 - - [22/Apr/2025:11:31:42 -0300] "GET /cormun/static/gxtimezone.js?85251 HTTP/1.1" 200 5781
179.57.78.9 - - [22/Apr/2025:11:31:42 -0300] "GET /cormun/static/hlogin.js?2022112219184458 HTTP/1.1" 200 2156
179.57.78.9 - - [22/Apr/2025:11:31:42 -0300] "GET /cormun/static/gxcfg.js?2022112219184450 HTTP/1.1" 200 953
179.57.78.9 - - [22/Apr/2025:11:31:42 -0300] "GET /cormun/static/messages.spa.js?85251 HTTP/1.1" 200 30736
179.57.78.9 - - [22/Apr/2025:11:31:42 -0300] "GET /cormun/static/gxgral.js?85251 HTTP/1.1" 200 384558
179.57.78.9 - - [22/Apr/2025:11:31:43 -0300] "GET /cormun/static/Resources/PXToolsButtonRight.png HTTP/1.1" 200 1294
179.57.78.9 - - [22/Apr/2025:11:31:43 -0300] "GET /cormun/static/Resources/PXToolsLoginTop.png HTTP/1.1" 200 1337
179.57.78.9 - - [22/Apr/2025:11:31:43 -0300] "GET /cormun/static/Resources/PXToolsButtonLeft.png HTTP/1.1" 200 1310
179.57.78.9 - - [22/Apr/2025:11:31:43 -0300] "GET /cormun/static/Resources/PXToolsButtonBackground.png HTTP/1.1" 200 1176
179.57.78.9 - - [22/Apr/2025:11:31:43 -0300] "GET /cormun/static/Resources/PXToolsLoginBackground.png HTTP/1.1" 200 1164
179.57.78.9 - - [22/Apr/2025:11:31:43 -0300] "GET /cormun/static/Resources/PXToolsLoginBottom.png HTTP/1.1" 200 1389
179.57.78.9 - - [22/Apr/2025:11:31:43 -0300] "GET /cormun/static/Resources/indicator.gif HTTP/1.1" 200 1553
179.57.78.9 - - [22/Apr/2025:11:31:43 -0300] "GET /cormun/servlet/hlogin HTTP/1.1" 200 1731
190.121.111.10 - - [22/Apr/2025:11:31:43 -0300] "GET /cormun/servlet/trsolicitudgral? HTTP/1.1" 200 28636
179.57.78.9 - - [22/Apr/2025:11:31:44 -0300] "POST /cormun/servlet/hlogin?3d3ab884ee6d2c3be526863e61616efb,gx-no-cache=1745332441661 HTTP/1.1" 200 438
179.57.78.9 - - [22/Apr/2025:11:31:47 -0300] "POST /cormun/servlet/hlogin?3d3ab884ee6d2c3be526863e61616efb,gx-no-cache=1745332444323 HTTP/1.1" 200 90
179.57.78.9 - - [22/Apr/2025:11:31:47 -0300] "GET /cormun/servlet/hpexe_link HTTP/1.1" 200 953
179.57.78.9 - - [22/Apr/2025:11:31:47 -0300] "GET /cormun/static/gxcfg.js?20221129847421 HTTP/1.1" 200 953
179.57.78.9 - - [22/Apr/2025:11:31:47 -0300] "GET /cormun/static/hpexe_link.js?20221129847423 HTTP/1.1" 200 625
179.57.78.9 - - [22/Apr/2025:11:31:47 -0300] "GET /cormun/static/Resources/Spanish/PXTools.css?8354383 HTTP/1.1" 200 100853
179.57.78.9 - - [22/Apr/2025:11:31:47 -0300] "GET /cormun/servlet/hhome HTTP/1.1" 200 4343
179.57.78.9 - - [22/Apr/2025:11:31:47 -0300] "GET /cormun/static/Shared/jqueryui/jquery-ui.min.css?1345370 HTTP/1.1" 200 30288
179.57.78.9 - - [22/Apr/2025:11:31:47 -0300] "GET /cormun/static/SmoothNavMenu/resources/ddsmoothmenu.css?1112540 HTTP/1.1" 200 2223
179.57.78.9 - - [22/Apr/2025:11:31:47 -0300] "GET /cormun/static/SmoothNavMenu/resources/ddsmoothmenu-v.css?1112540 HTTP/1.1" 200 1188
179.57.78.9 - - [22/Apr/2025:11:31:47 -0300] "GET /cormun/static/scaMessage/css/jquery.pnotify.default.css?1816380 HTTP/1.1" 200 1707
179.57.78.9 - - [22/Apr/2025:11:31:47 -0300] "GET /cormun/static/Resources/CormunMP2.png HTTP/1.1" 200 6878
179.57.78.9 - - [22/Apr/2025:11:31:47 -0300] "GET /cormun/static/Resources/Spanish/PXTools.css?14345360 HTTP/1.1" 200 100853
179.57.78.9 - - [22/Apr/2025:11:31:47 -0300] "GET /cormun/static/gxcfg.js?20201215495537 HTTP/1.1" 200 953
179.57.78.9 - - [22/Apr/2025:11:31:47 -0300] "GET /cormun/static/PXToolsJavascripts/pexe_autoreload.js HTTP/1.1" 200 1762
179.57.78.9 - - [22/Apr/2025:11:31:47 -0300] "GET /cormun/static/PXToolsJavascripts/pexe_cookies.js HTTP/1.1" 200 792
179.57.78.9 - - [22/Apr/2025:11:31:47 -0300] "GET /cormun/static/PXToolsJavascripts/pexe_windows.js HTTP/1.1" 200 15249
179.57.78.9 - - [22/Apr/2025:11:31:47 -0300] "GET /cormun/static/PXToolsJavascripts/pexe_grid.js HTTP/1.1" 200 7559
179.57.78.9 - - [22/Apr/2025:11:31:47 -0300] "GET /cormun/static/PXToolsJavascripts/pexe_griddivfix.js HTTP/1.1" 200 6946
179.57.78.9 - - [22/Apr/2025:11:31:47 -0300] "GET /cormun/static/PXToolsJavascripts/pexe_link.js HTTP/1.1" 200 5671
179.57.78.9 - - [22/Apr/2025:11:31:47 -0300] "GET /cormun/static/PXToolsJavascripts/pexe_menus.js HTTP/1.1" 200 1286
179.57.78.9 - - [22/Apr/2025:11:31:47 -0300] "GET /cormun/static/PXToolsJavascripts/pexe_menudivfix.js HTTP/1.1" 200 333
179.57.78.9 - - [22/Apr/2025:11:31:47 -0300] "GET /cormun/static/PXToolsJavascripts/pexe_layers.js HTTP/1.1" 200 4114
179.57.78.9 - - [22/Apr/2025:11:31:47 -0300] "GET /cormun/static/PXToolsJavascripts/pexe_oav.js HTTP/1.1" 200 645
179.57.78.9 - - [22/Apr/2025:11:31:47 -0300] "GET /cormun/static/PXToolsJavascripts/pexe_oavdivfix.js HTTP/1.1" 200 639
179.57.78.9 - - [22/Apr/2025:11:31:47 -0300] "GET /cormun/static/PXToolsJavascripts/pexe_picture.js HTTP/1.1" 200 689
179.57.78.9 - - [22/Apr/2025:11:31:47 -0300] "GET /cormun/static/PXToolsJavascripts/pexe_scrolldiv.js HTTP/1.1" 200 4138
179.57.78.9 - - [22/Apr/2025:11:31:47 -0300] "GET /cormun/static/PXToolsJavascripts/pexe_tabdivfix.js HTTP/1.1" 200 898
179.57.78.9 - - [22/Apr/2025:11:31:47 -0300] "GET /cormun/static/PXToolsJavascripts/pexe_tabs.js HTTP/1.1" 200 3748
179.57.78.9 - - [22/Apr/2025:11:31:47 -0300] "GET /cormun/static/PXToolsJavascripts/pexe_popup.js HTTP/1.1" 200 15149
179.57.78.9 - - [22/Apr/2025:11:31:47 -0300] "GET /cormun/static/PXToolsJavascripts/pexe_upload.js HTTP/1.1" 200 1423
179.57.78.9 - - [22/Apr/2025:11:31:47 -0300] "GET /cormun/static/PXToolsJavascripts/PXToolsJavascriptsRender.js HTTP/1.1" 200 367
179.57.78.9 - - [22/Apr/2025:11:31:47 -0300] "GET /cormun/static/Resources/ImgHome.png HTTP/1.1" 200 1364
179.57.78.9 - - [22/Apr/2025:11:31:47 -0300] "GET /cormun/static/Resources/ImgLogin.png HTTP/1.1" 200 1432
179.57.78.9 - - [22/Apr/2025:11:31:47 -0300] "GET /cormun/static/Resources/Llave.png HTTP/1.1" 200 1395
179.57.78.9 - - [22/Apr/2025:11:31:47 -0300] "GET /cormun/static/Resources/PXToolsDataTitle.png HTTP/1.1" 200 1173
179.57.78.9 - - [22/Apr/2025:11:31:47 -0300] "GET /cormun/static/RunJS/RunJS.js HTTP/1.1" 200 288
179.57.78.9 - - [22/Apr/2025:11:31:47 -0300] "GET /cormun/static/hhome.js?20201215495544 HTTP/1.1" 200 777
179.57.78.9 - - [22/Apr/2025:11:31:47 -0300] "GET /cormun/static/Shared/ext/locale/ext-lang-en.js HTTP/1.1" 200 10940
179.57.78.9 - - [22/Apr/2025:11:31:47 -0300] "GET /cormun/static/hwchdr01.js?2022112219251119 HTTP/1.1" 200 996
179.57.78.9 - - [22/Apr/2025:11:31:47 -0300] "GET /cormun/static/hpexe_recentlink.js?20201214471090 HTTP/1.1" 200 2144
179.57.78.9 - - [22/Apr/2025:11:31:47 -0300] "GET /cormun/static/hpexe_scripts.js?20201214471411 HTTP/1.1" 200 1544
179.57.78.9 - - [22/Apr/2025:11:31:47 -0300] "GET /cormun/static/hpexe_messagecontroller.js?202211298371222 HTTP/1.1" 200 870
179.57.78.9 - - [22/Apr/2025:11:31:47 -0300] "GET /cormun/static/hpexe_messagepopupcomponent.js?2020121447232 HTTP/1.1" 200 605
179.57.78.9 - - [22/Apr/2025:11:31:47 -0300] "GET /cormun/static/hpexe_messagegenexuscomponent.js?20221129836373 HTTP/1.1" 200 587
179.57.78.9 - - [22/Apr/2025:11:31:47 -0300] "GET /cormun/static/cmcontrolpreferences.js?20199141926336 HTTP/1.1" 200 1375
179.57.78.9 - - [22/Apr/2025:11:31:47 -0300] "GET /cormun/static/gxui/gxui-all.js HTTP/1.1" 200 107772
179.57.78.9 - - [22/Apr/2025:11:31:47 -0300] "GET /cormun/static/SmoothNavMenu/resources/ddsmoothmenu.js HTTP/1.1" 200 12712
179.57.78.9 - - [22/Apr/2025:11:31:47 -0300] "GET /cormun/static/Shared/jquery/jquery-1.4.2.min.js HTTP/1.1" 200 72174
179.57.78.9 - - [22/Apr/2025:11:31:47 -0300] "GET /cormun/static/SmoothNavMenu/resources/SmoothNavMenuRender.js HTTP/1.1" 200 5951
179.57.78.9 - - [22/Apr/2025:11:31:47 -0300] "GET /cormun/static/scaMessage/js/jquery.pnotify.min.js HTTP/1.1" 200 13038
179.57.78.9 - - [22/Apr/2025:11:31:47 -0300] "GET /cormun/static/Shared/jqueryui/jquery-ui.min.js HTTP/1.1" 200 240427
179.57.78.9 - - [22/Apr/2025:11:31:47 -0300] "GET /cormun/static/Shared/jquery/jquery-1.10.2.min.js HTTP/1.1" 200 273199
179.57.78.9 - - [22/Apr/2025:11:31:47 -0300] "GET /cormun/static/scaMessage/scaMessageRender.js HTTP/1.1" 200 11977
179.57.78.9 - - [22/Apr/2025:11:31:47 -0300] "GET /cormun/static/hmpwkw03.js?20221129844354 HTTP/1.1" 200 3971
179.57.78.9 - - [22/Apr/2025:11:31:48 -0300] "GET /cormun/static/Shared/ext/ext-all.js HTTP/1.1" 200 1289687
179.57.78.9 - - [22/Apr/2025:11:31:48 -0300] "GET /cormun/static/SmoothNavMenu/resources/images/down.gif HTTP/1.1" 200 854
179.57.78.9 - - [22/Apr/2025:11:31:48 -0300] "GET /cormun/static/SmoothNavMenu/resources/images/right.gif HTTP/1.1" 200 860
201.186.226.5 - - [22/Apr/2025:11:31:52 -0300] "POST /cormun/servlet/prfichaempleado?86d0abf0427d4cb01c8c6cdc7879beb0,,MD,,gxPopupLevel%3D0%3B,gx-no-cache=1745332449878 HTTP/1.1" 200 3174
179.57.78.9 - - [22/Apr/2025:11:31:55 -0300] "GET /cormun/servlet/trlicencias? HTTP/1.1" 200 10381
179.57.78.9 - - [22/Apr/2025:11:31:55 -0300] "GET /cormun/static/Resources/PXTools/calendar.png HTTP/1.1" 200 1306
179.57.78.9 - - [22/Apr/2025:11:31:55 -0300] "GET /cormun/static/gxui/gxui-all.css?120300 HTTP/1.1" 200 2179
179.57.78.9 - - [22/Apr/2025:11:31:55 -0300] "GET /cormun/static/calendar-system.css?85620 HTTP/1.1" 200 5572
179.57.78.9 - - [22/Apr/2025:11:31:55 -0300] "GET /cormun/static/gxcfg.js?202211298463625 HTTP/1.1" 200 953
179.57.78.9 - - [22/Apr/2025:11:31:55 -0300] "GET /cormun/static/calendar.js?85251 HTTP/1.1" 200 26246
179.57.78.9 - - [22/Apr/2025:11:31:55 -0300] "GET /cormun/static/calendar-setup.js?85251 HTTP/1.1" 200 2588
179.57.78.9 - - [22/Apr/2025:11:31:55 -0300] "GET /cormun/static/calendar-es.js?85251 HTTP/1.1" 200 1901
179.57.78.9 - - [22/Apr/2025:11:31:55 -0300] "GET /cormun/static/gxdec.js?85251 HTTP/1.1" 200 19579
179.57.78.9 - - [22/Apr/2025:11:31:55 -0300] "GET /cormun/static/trlicencias.js?202211298463889 HTTP/1.1" 200 41883
179.57.78.9 - - [22/Apr/2025:11:31:55 -0300] "GET /cormun/static/Resources/PXToolsDataSearch.png HTTP/1.1" 200 435
179.57.78.9 - - [22/Apr/2025:11:31:55 -0300] "GET /cormun/static/Resources/PXToolsGridFirstDisabled.gif HTTP/1.1" 200 100
179.57.78.9 - - [22/Apr/2025:11:31:55 -0300] "GET /cormun/static/Resources/PXToolsGridPreviousDisabled.gif HTTP/1.1" 200 90
179.57.78.9 - - [22/Apr/2025:11:31:55 -0300] "GET /cormun/static/Resources/PXToolsGridNextDisabled.gif HTTP/1.1" 200 90
179.57.78.9 - - [22/Apr/2025:11:31:55 -0300] "GET /cormun/static/Resources/PXToolsGridLastDisabled.gif HTTP/1.1" 200 98
179.57.78.9 - - [22/Apr/2025:11:31:55 -0300] "GET /cormun/static/Shared/ext/resources/css/ext-all.css?215870 HTTP/1.1" 200 416045
179.57.78.9 - - [22/Apr/2025:11:31:55 -0300] "GET /cormun/static/Resources/PXToolsGridPage.gif HTTP/1.1" 200 725
179.57.78.9 - - [22/Apr/2025:11:31:55 -0300] "GET /cormun/static/Resources/PXToolsActionExcel.png HTTP/1.1" 200 727
179.57.78.9 - - [22/Apr/2025:11:31:55 -0300] "GET /cormun/static/Resources/PXToolsAddAllAction.png HTTP/1.1" 200 495
179.57.78.9 - - [22/Apr/2025:11:31:55 -0300] "GET /cormun/static/Resources/desc.gif HTTP/1.1" 200 65
179.57.78.9 - - [22/Apr/2025:11:31:55 -0300] "GET /cormun//static/Resources/PXToolsActionDisabled.gif HTTP/1.1" 200 53
179.57.78.9 - - [22/Apr/2025:11:31:55 -0300] "GET /cormun//static/Resources/PXToolsGridDisplay.png HTTP/1.1" 200 525
179.57.78.9 - - [22/Apr/2025:11:31:55 -0300] "GET /cormun//static/Resources/PXTools/ActionInsert.png HTTP/1.1" 200 1482
179.57.78.9 - - [22/Apr/2025:11:31:55 -0300] "GET /cormun/static/Resources/asc.gif HTTP/1.1" 200 67
179.57.78.9 - - [22/Apr/2025:11:31:55 -0300] "GET /cormun//static/Resources/PXToolsActionPrint.png HTTP/1.1" 200 404
179.57.78.9 - - [22/Apr/2025:11:31:55 -0300] "GET /cormun//static/Resources/PXToolsHeaderFavorites.png HTTP/1.1" 200 1414
179.57.78.9 - - [22/Apr/2025:11:31:55 -0300] "GET /cormun//static/Resources/PXToolsHeaderHelp.png HTTP/1.1" 200 1333
179.57.78.9 - - [22/Apr/2025:11:31:55 -0300] "GET /cormun/static/Shared/ext/resources/themes/images/default/panel/bg-headersPanel.png HTTP/1.1" 200 255
179.57.78.9 - - [22/Apr/2025:11:31:55 -0300] "GET /cormun/static/Shared/ext/resources/themes/images/default/tools/tool-sprites.gif HTTP/1.1" 200 5434
201.186.226.5 - - [22/Apr/2025:11:32:02 -0300] "GET /cormun/servlet/prfichaempleado?,MD,,gxPopupLevel%3D0%3B HTTP/1.1" 200 9288
201.186.226.3 - - [22/Apr/2025:11:32:10 -0300] "GET /cormun/servlet/trpermisosadjuntos?13098802,20250422103141,P, HTTP/1.1" 200 6217
201.186.226.3 - - [22/Apr/2025:11:32:11 -0300] "GET /cormun/servlet/permisosadjuntos?INS,13098802,P,20250422103141,, HTTP/1.1" 200 5533
201.186.226.3 - - [22/Apr/2025:11:32:11 -0300] "GET /cormun/static/about:blank HTTP/1.1" 404 1011
201.186.226.5 - - [22/Apr/2025:11:32:18 -0300] "POST /cormun/servlet/prfichaempleado?86d0abf0427d4cb01c8c6cdc7879beb0,,MD,,gxPopupLevel%3D0%3B,gx-no-cache=1745332475758 HTTP/1.1" 200 3176
190.121.111.10 - - [22/Apr/2025:11:32:22 -0300] "POST /cormun/servlet/trsolicitudgral?a64a171ac5791e64079ac51f0034069d,,gx-no-cache=1745332496922 HTTP/1.1" 200 5250
190.121.111.10 - - [22/Apr/2025:11:32:25 -0300] "POST /cormun/servlet/trsolicitudgral?a64a171ac5791e64079ac51f0034069d,,gx-no-cache=1745332500118 HTTP/1.1" 200 15887
179.57.78.9 - - [22/Apr/2025:11:32:27 -0300] "GET /cormun/servlet/hlogin HTTP/1.1" 200 1713
190.121.111.10 - - [22/Apr/2025:11:32:29 -0300] "GET /cormun/servlet/vesolicitudgral?2025,22403,, HTTP/1.1" 200 8384
190.121.111.10 - - [22/Apr/2025:11:32:29 -0300] "GET /cormun/pexe_scrolldiv.js HTTP/1.1" 404 1009
179.57.78.9 - - [22/Apr/2025:11:32:30 -0300] "POST /cormun/servlet/hlogin?bfd0a41a169520f3db42281fb7ed78b5,gx-no-cache=1745332488199 HTTP/1.1" 200 90
179.57.78.9 - - [22/Apr/2025:11:32:30 -0300] "GET /cormun/servlet/hpexe_link HTTP/1.1" 200 949
179.57.78.9 - - [22/Apr/2025:11:32:30 -0300] "GET /cormun/servlet/trlicencias HTTP/1.1" 200 10373
190.121.111.10 - - [22/Apr/2025:11:32:32 -0300] "GET /cormun/servlet/vesolicitudgral?2025,22403,,SolicitudOTAdjuntos HTTP/1.1" 200 7082
190.121.111.10 - - [22/Apr/2025:11:32:32 -0300] "GET /cormun/pexe_scrolldiv.js HTTP/1.1" 404 1009
190.121.111.10 - - [22/Apr/2025:11:32:33 -0300] "POST /cormun/servlet/acontrolpreferencessavestate?None,RRHH+DANIELA,true HTTP/1.1" 200 35
190.121.111.10 - - [22/Apr/2025:11:32:35 -0300] "GET /cormun/servlet/vesolicitudgral?2025,22403,,General HTTP/1.1" 200 8385
190.121.111.10 - - [22/Apr/2025:11:32:35 -0300] "GET /cormun/pexe_scrolldiv.js HTTP/1.1" 404 1009
190.121.111.10 - - [22/Apr/2025:11:32:39 -0300] "GET /cormun/servlet/trsolicitudgral? HTTP/1.1" 200 18963
190.95.67.91 - - [22/Apr/2025:11:32:53 -0300] "GET /cormun/servlet/trsolicitudot? HTTP/1.1" 200 7441
190.95.67.91 - - [22/Apr/2025:11:32:56 -0300] "GET /cormun/servlet/solicitudot?INS,0,0,false, HTTP/1.1" 200 16214
190.95.67.91 - - [22/Apr/2025:11:33:07 -0300] "POST /cormun/servlet/solicitudot?gx-no-cache=1745332524136 HTTP/1.1" 200 4142
190.95.67.91 - - [22/Apr/2025:11:33:07 -0300] "POST /cormun/servlet/solicitudot?9d1028fed6169090c056c163b40d5f85,INS,0,0,false,,gx-no-cache=1745332524252 HTTP/1.1" 200 12998
201.186.226.5 - - [22/Apr/2025:11:33:10 -0300] "GET /cormun/servlet/prlicenciaspermisos?20368081,L,,MD,,gxPopupLevel%3D0%3B HTTP/1.1" 200 5515
201.186.226.5 - - [22/Apr/2025:11:33:24 -0300] "POST /cormun/servlet/solicitudot?gx-no-cache=1745332541337 HTTP/1.1" 200 1482
201.186.226.5 - - [22/Apr/2025:11:33:26 -0300] "POST /cormun/servlet/solicitudot?gx-no-cache=1745332543599 HTTP/1.1" 200 41
201.186.226.5 - - [22/Apr/2025:11:33:38 -0300] "GET /cormun/servlet/solicitudot?28236cb03c4f8fa39c6e4e25fe71611c935a1de8506091c01791dcc16cb6e0abf101e4b627fb4bca528e0b37683b117469ca831aad52845b17a9d50d474a724670b4795a7e876d9279f8ade71d5ae633f248d65f5c09f8e94023b882e6b9c7fddf64426238d4122126458aee86ce6c8a,gx-no-cache=1745332555657 HTTP/1.1" 200 110
201.186.226.5 - - [22/Apr/2025:11:33:38 -0300] "POST /cormun/servlet/solicitudot?gx-no-cache=1745332555694 HTTP/1.1" 200 110
201.186.226.5 - - [22/Apr/2025:11:33:43 -0300] "GET /cormun/servlet/solicitudot?28236cb03c4f8fa39c6e4e25fe71611c8033a58598872516c9981c104110f11b9022b04111ddf90bf279c598d91b5f3a2a3c91ef578de0e662f5cefe214f24ca4d6dfd8a514c8db44e9b2f14e8081b54a7d520662527a767ae6f6dc6e7cf004279b369cf6b02f0772bee07483572a28f,gx-no-cache=1745332560140 HTTP/1.1" 200 29
201.186.226.5 - - [22/Apr/2025:11:33:43 -0300] "GET /cormun/static/menuarrow.gif HTTP/1.1" 404 1015
201.186.226.5 - - [22/Apr/2025:11:33:47 -0300] "GET /cormun/servlet/solicitudot?28236cb03c4f8fa39c6e4e25fe71611cc5dd666866d8b932427ae679b69b9f9438c4b2c19f9b5a436c93af1c897d7a75,gx-no-cache=1745332564511 HTTP/1.1" 200 30
201.186.226.5 - - [22/Apr/2025:11:33:47 -0300] "POST /cormun/servlet/solicitudot?gx-no-cache=1745332564540 HTTP/1.1" 200 34
190.95.67.91 - - [22/Apr/2025:11:33:55 -0300] "GET /cormun/servlet/solicitudot?cda8a3d1b3e66df79032a22ae31010cf0f8630c738672a19ecd1d8c3348f4456d12bcdd99f07dab879433be88c4ab911,gx-no-cache=1745332572100 HTTP/1.1" 200 30
190.95.15.31 - - [22/Apr/2025:11:34:05 -0300] "GET /cormun/servlet/prfichaempleado?,MD,,gxPopupLevel%3D0%3B HTTP/1.1" 200 9383
201.186.226.5 - - [22/Apr/2025:11:34:20 -0300] "POST /cormun/servlet/solicitudot?86d0abf0427d4cb01c8c6cdc7879beb0,INS,0,0,false,,gx-no-cache=1745332596901 HTTP/1.1" 200 93
201.186.226.5 - - [22/Apr/2025:11:34:20 -0300] "GET /cormun/servlet/hpexe_return? HTTP/1.1" 200 1007
201.186.226.5 - - [22/Apr/2025:11:34:20 -0300] "GET /cormun/servlet/trsolicitudot HTTP/1.1" 200 8625
190.95.15.31 - - [22/Apr/2025:11:34:20 -0300] "POST /cormun/servlet/prfichaempleado?81d1629b3ae3fa1383b782cc1b6d8042,,MD,,gxPopupLevel%3D0%3B,gx-no-cache=1745332597484 HTTP/1.1" 200 3399
190.95.15.31 - - [22/Apr/2025:11:34:26 -0300] "GET /cormun/servlet/prfichaempleado?,MD,,gxPopupLevel%3D0%3B HTTP/1.1" 200 9383
201.186.226.5 - - [22/Apr/2025:11:34:31 -0300] "GET /cormun/servlet/hlogin HTTP/1.1" 200 1737
190.95.15.31 - - [22/Apr/2025:11:34:41 -0300] "POST /cormun/servlet/prfichaempleado?81d1629b3ae3fa1383b782cc1b6d8042,,MD,,gxPopupLevel%3D0%3B,gx-no-cache=1745332618348 HTTP/1.1" 200 3399
190.95.15.31 - - [22/Apr/2025:11:34:55 -0300] "GET /cormun/servlet/prfichaempleado?,MD,,gxPopupLevel%3D0%3B HTTP/1.1" 200 9383
190.95.67.91 - - [22/Apr/2025:11:35:06 -0300] "GET /cormun/servlet/solicitudot?cda8a3d1b3e66df79032a22ae31010cf7b3946c20c65392ed926486941a16458d5a945bc8217dd6421dece70ce7c0876,gx-no-cache=1745332643556 HTTP/1.1" 200 30
190.95.67.91 - - [22/Apr/2025:11:35:06 -0300] "GET /cormun/servlet/solicitudot?cda8a3d1b3e66df79032a22ae31010cfbb4596dc0624c79eca65b9f29bdd7ef0,gx-no-cache=1745332643583 HTTP/1.1" 200 53
190.95.67.91 - - [22/Apr/2025:11:35:06 -0300] "POST /cormun/servlet/solicitudot?gx-no-cache=1745332643605 HTTP/1.1" 200 255
190.95.67.91 - - [22/Apr/2025:11:35:06 -0300] "GET /cormun/servlet/solicitudot?cda8a3d1b3e66df79032a22ae31010cfe2548f4394277b6bd60ac13d0175e2e58598fd7ef592c518596c26945e9aedc95e16842573732b71e9d72413295f2d23e3dff79e853a0a93d431c9986e12316114f5510ebc61c69fa65436626bd5cf58222036f72b9a916511b88307b75dd5fd6de37cb4950feb957f92e658148c47a21e17f759f4a55e181270ae000a01b85ef64b54547fcb043335f3eca59539ae9b9b363cb323bbfb38c3f7ad95fdd39a31dc27347cfed338f02a476610137516e07ea8a973df80f3e83c99ef750b623e84ca82c64f7e2c16074315dbc1ce909e8d35eb24a5c868963980bd493acf451c97af95095134143a972f8d9e1f0b95641b88b298cfc51c2c181ffca69764c16436ef66d34923b75c0e92094c2bc32796b4c51863e040d3b7a590f074741c57ac5994a9545c01eb39c8728824639936b14c0bc418a25b6764e59ead6906d83ba466f33d05261b8de5f0123953de8452daad1d884be24fc537c89ec702a03bc5dd665eb4b6b18722d7282710a04ffbb18cd2,gx-no-cache=1745332643627 HTTP/1.1" 200 30
190.95.67.91 - - [22/Apr/2025:11:35:08 -0300] "POST /cormun/servlet/solicitudot?gx-no-cache=1745332645353 HTTP/1.1" 200 30
190.95.15.27 - - [22/Apr/2025:11:35:09 -0300] "GET /cormun/servlet/permisogoce?6874d5786e7d9960354e0f74e645b9d7664532e24050856c471f1e6c78e0c6704bfb595b4ae1bb2d8f90a7def9caa1bed5e7dcaee2675a4a3ec251c10e6ec442,gx-no-cache=1745332647188 HTTP/1.1" 200 47
190.95.15.27 - - [22/Apr/2025:11:35:11 -0300] "POST /cormun/servlet/permisogoce?5dccf4f52d54de483cb3c22656c3da92,INS,0,,,,gx-no-cache=1745332648730 HTTP/1.1" 200 93
