179.57.78.71 - - [16/Apr/2025:09:59:20 -0300] "GET /cormun/servlet/trcargahoraria? HTTP/1.1" 200 6626
179.57.78.71 - - [16/Apr/2025:09:59:20 -0300] "GET /cormun/static/gxcfg.js?202012113392337 HTTP/1.1" 200 953
179.57.78.71 - - [16/Apr/2025:09:59:20 -0300] "GET /cormun/static/trcargahoraria.js?202012113392783 HTTP/1.1" 200 28768
179.57.78.71 - - [16/Apr/2025:09:59:25 -0300] "GET /cormun/servlet/trreportecargahoraria? HTTP/1.1" 200 6805
179.57.78.71 - - [16/Apr/2025:09:59:25 -0300] "GET /cormun/static/gxcfg.js?202211298504121 HTTP/1.1" 200 953
179.57.78.71 - - [16/Apr/2025:09:59:25 -0300] "GET /cormun/static/trreportecargahoraria.js?20221129850435 HTTP/1.1" 200 29376
179.57.78.71 - - [16/Apr/2025:09:59:40 -0300] "GET /cormun/servlet/trcontratounov2? HTTP/1.1" 200 18017
179.57.78.71 - - [16/Apr/2025:09:59:40 -0300] "GET /cormun/static/gxcfg.js?2020121614367 HTTP/1.1" 200 953
179.57.78.71 - - [16/Apr/2025:09:59:40 -0300] "GET /cormun/static/Resources/PXToolsAddSelectedAction.png HTTP/1.1" 200 523
179.57.78.71 - - [16/Apr/2025:09:59:40 -0300] "GET /cormun/static/trcontratounov2.js?20201216143065 HTTP/1.1" 200 38486
190.95.15.15 - - [16/Apr/2025:10:02:58 -0300] "GET /cormun/servlet/trlicencias HTTP/1.1" 200 13773
190.95.15.31 - - [16/Apr/2025:10:04:35 -0300] "GET /cormun/servlet/solicitudot?02ee5b7f55275d96c516b4f2e34f1132616fdc0a065a4e258cebd5be3983ce4240fe6a80bf7f089c2b3c4021adfef53fc6a569ef6a51d096f8504a4fc60d0b8a,gx-no-cache=1744808801351 HTTP/1.1" 200 30
190.95.15.31 - - [16/Apr/2025:10:04:35 -0300] "GET /cormun/servlet/solicitudot?02ee5b7f55275d96c516b4f2e34f113256a4b83e7b0d1e1b476516f2e75b835b,gx-no-cache=1744808801439 HTTP/1.1" 200 53
190.95.15.31 - - [16/Apr/2025:10:05:30 -0300] "POST /cormun/servlet/solicitudot?040c989f02c68b0018ec85ef5e2ed95e,INS,0,0,false,,gx-no-cache=1744808856010 HTTP/1.1" 200 13155
190.95.15.31 - - [16/Apr/2025:10:05:30 -0300] "GET /cormun/static/Shared/jqueryui/images/ui-bg_highlight-soft_100_c6c2c8_1x100.png HTTP/1.1" 404 1117
190.95.15.31 - - [16/Apr/2025:10:05:30 -0300] "GET /cormun/static/Shared/jqueryui/images/ui-icons_82798d_256x240.png HTTP/1.1" 404 1089
190.95.15.31 - - [16/Apr/2025:10:05:30 -0300] "GET /cormun/static/Shared/jqueryui/images/ui-bg_flat_55_fafafa_40x100.png HTTP/1.1" 404 1097
190.95.15.31 - - [16/Apr/2025:10:05:30 -0300] "GET /cormun/static/Shared/jqueryui/images/ui-icons_8d78a5_256x240.png HTTP/1.1" 404 1089
179.57.78.55 - - [16/Apr/2025:10:07:10 -0300] "GET /cormun/servlet/trlicencias? HTTP/1.1" 200 6046
179.57.78.55 - - [16/Apr/2025:10:07:11 -0300] "GET /cormun/servlet/hlogin HTTP/1.1" 200 1737
179.57.78.55 - - [16/Apr/2025:10:07:19 -0300] "POST /cormun/servlet/hlogin?a9ff237ba715d97f8360ca673f156d5e,gx-no-cache=1744808964883 HTTP/1.1" 200 90
179.57.78.55 - - [16/Apr/2025:10:07:19 -0300] "GET /cormun/servlet/hpexe_link HTTP/1.1" 200 955
179.57.78.55 - - [16/Apr/2025:10:07:19 -0300] "GET /cormun/servlet/trlicencias HTTP/1.1" 200 9213
190.95.15.31 - - [16/Apr/2025:10:07:37 -0300] "GET /cormun/servlet/solicitudot?02ee5b7f55275d96c516b4f2e34f1132e2a20e5c04f14d0dc75d1b697d23cbb75c1e4dd3922aba5f4b7690c16992967c,gx-no-cache=1744808983299 HTTP/1.1" 200 30
190.95.15.31 - - [16/Apr/2025:10:07:37 -0300] "GET /cormun/servlet/solicitudot?02ee5b7f55275d96c516b4f2e34f1132616fdc0a065a4e258cebd5be3983ce4240fe6a80bf7f089c2b3c4021adfef53fd123105be1b0c61b91860c31e8d9555a,gx-no-cache=1744808983415 HTTP/1.1" 200 30
190.95.15.31 - - [16/Apr/2025:10:07:37 -0300] "GET /cormun/servlet/solicitudot?02ee5b7f55275d96c516b4f2e34f1132c545e67561b5e743f4885af7126df4ce8ab5cdd07bd57725ba57b8cf02a3dcc9873d222b6b2e00df0c5ab905b3b3fd32,gx-no-cache=1744808983435 HTTP/1.1" 200 53
190.95.15.31 - - [16/Apr/2025:10:07:37 -0300] "POST /cormun/servlet/solicitudot?gx-no-cache=1744808983458 HTTP/1.1" 200 240
190.95.15.31 - - [16/Apr/2025:10:07:37 -0300] "GET /cormun/servlet/solicitudot?02ee5b7f55275d96c516b4f2e34f1132ff1f63b1f00b8bf96beaa55f2810f4b8e800dbbf652dbfa72f6663dc64afa2606e3ff2f62adf0d17975e1c08f15c266ee3c88eb47947f0927fa7b6673e8ee6d372452f75a661256e16a1c0cea2b879f147f8c4cd86518f61c155adbba5b198140e9f2ecf9a4302cdd38b9427a5f4a9a256682ed27869af1b744c7e8d0f7308627623da5f6c5eb0b767f191c8ed232295bc7ed555f001d460080fd9500f117ad205354fad469b5784e2b62d2950fc56d8398a8a9c47d54d947b8a7b2c972b50f0c6a1e583a5cdb0bd7893841d67db0c02a864df0eec78e7d3d3aa3d0ec2684406b60f37de5b78923f47439b906731933ad77e4abd9524c8181d682b02ded25d0cc167f8df838bb73ab468f3860ac2aabf7cd56beb5f096f44bde71ff0fdac5dc472b620e2a7267d5572d66718afddd820533109931df594a5f787369fa2e2658c56f24b815bce8716df3a834968fccdffb233cf628da7f75e46b93d7c25cd0c77460f54e81c6671c4a025ec34dbdc7709,gx-no-cache=1744808983485 HTTP/1.1" 200 30
190.95.15.31 - - [16/Apr/2025:10:07:42 -0300] "POST /cormun/servlet/solicitudot?gx-no-cache=1744808988361 HTTP/1.1" 200 30
190.95.15.31 - - [16/Apr/2025:10:07:55 -0300] "GET /cormun/servlet/prlicenciaspermisos?9237965,L,,MD,,gxPopupLevel%3D0%3B HTTP/1.1" 200 6889
190.95.15.31 - - [16/Apr/2025:10:08:14 -0300] "POST /cormun/servlet/solicitudot?gx-no-cache=1744809021110 HTTP/1.1" 200 1481
201.186.225.191 - - [16/Apr/2025:10:09:07 -0300] "GET /cormun/servlet/hlogin HTTP/1.1" 200 1740
190.95.15.31 - - [16/Apr/2025:10:09:12 -0300] "POST /cormun/servlet/solicitudot?gx-no-cache=1744809078522 HTTP/1.1" 200 41
190.95.15.31 - - [16/Apr/2025:10:09:12 -0300] "GET /cormun/servlet/solicitudot?02ee5b7f55275d96c516b4f2e34f11322e281bc17982b5effd94368cd1bb76b6b3b4bed4c30698aa20a6557c959156dd1fa5d9976968ce8326ab9f4030fefb13eada01d3555a690c8b5fa607de058cd36b2754d2122e63bca92c003c257a6afe60e15dec254fbd21954a53f0dd0f3050,gx-no-cache=1744809078562 HTTP/1.1" 200 110
179.57.78.9 - - [16/Apr/2025:10:10:08 -0300] "GET /cormun/servlet/hlogin HTTP/1.1" 200 1717
179.57.78.9 - - [16/Apr/2025:10:10:11 -0300] "POST /cormun/servlet/hlogin?869f6cddd0c65985d0abb54c7a34ac0b,gx-no-cache=1744809139583 HTTP/1.1" 200 90
179.57.78.9 - - [16/Apr/2025:10:10:11 -0300] "GET /cormun/servlet/hpexe_link HTTP/1.1" 200 947
179.57.78.9 - - [16/Apr/2025:10:10:11 -0300] "GET /cormun/servlet/hhome HTTP/1.1" 200 4338
179.57.78.9 - - [16/Apr/2025:10:10:13 -0300] "GET /cormun/servlet/trlicencias? HTTP/1.1" 200 10848
190.95.15.31 - - [16/Apr/2025:10:10:32 -0300] "POST /cormun/servlet/solicitudot?gx-no-cache=1744809158419 HTTP/1.1" 200 97
190.95.15.31 - - [16/Apr/2025:10:11:29 -0300] "GET /cormun/servlet/solicitudot?02ee5b7f55275d96c516b4f2e34f113224d2775a4f669711984c6da69cfd6b5f23b1ee8765c1ccba9faa8bbddd7dbc890ebc49d19fd4c6cfb1cfd79cc2a6cff421e6d70695392d65ff6af628609429dd761fdb813cde5f847918d1298048dc6bc2f01fdf900907bc80e5cdc4a7af3faa44f80ad2f0a0fc8034b550ee3a1bff7c76390e0e6c6e96d79324f5e7148a7c7289c85f4b3f25e7282b916f4188954144,gx-no-cache=1744809215250 HTTP/1.1" 200 29
190.95.15.31 - - [16/Apr/2025:10:11:29 -0300] "GET /cormun/static/menuarrow.gif HTTP/1.1" 404 1015
190.95.15.31 - - [16/Apr/2025:10:11:33 -0300] "GET /cormun/servlet/solicitudot?02ee5b7f55275d96c516b4f2e34f11323ec64b76096a1d80de4e17e158da270a73aa25360007c5b91dda9b135fa8be50,gx-no-cache=1744809220174 HTTP/1.1" 200 30
190.95.15.31 - - [16/Apr/2025:10:11:34 -0300] "POST /cormun/servlet/solicitudot?gx-no-cache=1744809220202 HTTP/1.1" 200 34
185.224.128.88 - - [16/Apr/2025:10:11:42 -0300] "-" 400 -
190.95.15.31 - - [16/Apr/2025:10:12:46 -0300] "POST /cormun/servlet/solicitudot?040c989f02c68b0018ec85ef5e2ed95e,INS,0,0,false,,gx-no-cache=1744809292122 HTTP/1.1" 200 93
190.95.15.31 - - [16/Apr/2025:10:12:46 -0300] "GET /cormun/servlet/hpexe_return? HTTP/1.1" 200 1004
190.95.15.31 - - [16/Apr/2025:10:12:47 -0300] "GET /cormun/servlet/trsolicitudot HTTP/1.1" 200 9011
10.40.40.2 - - [16/Apr/2025:10:16:11 -0300] "GET /cormun/servlet/hlogin HTTP/1.1" 200 1724
10.40.40.2 - - [16/Apr/2025:10:16:12 -0300] "GET /cormun/servlet/hlogin HTTP/1.1" 200 1734
10.40.40.2 - - [16/Apr/2025:10:16:31 -0300] "POST /cormun/servlet/hlogin?4711a537eecb34ec6ee9b36666ea19b0,gx-no-cache=1744809805600 HTTP/1.1" 200 90
10.40.40.2 - - [16/Apr/2025:10:16:31 -0300] "GET /cormun/servlet/hpexe_link HTTP/1.1" 200 955
10.40.40.2 - - [16/Apr/2025:10:16:31 -0300] "GET /cormun/servlet/hhome HTTP/1.1" 200 3825
10.40.40.2 - - [16/Apr/2025:10:16:39 -0300] "GET /cormun/servlet/trsolicitudgral? HTTP/1.1" 200 28950
10.40.40.2 - - [16/Apr/2025:10:17:42 -0300] "GET /cormun/servlet/hlogin HTTP/1.1" 200 1724
10.40.40.2 - - [16/Apr/2025:10:17:45 -0300] "POST /cormun/servlet/hlogin?4711a537eecb34ec6ee9b36666ea19b0,gx-no-cache=1744809879985 HTTP/1.1" 200 90
10.40.40.2 - - [16/Apr/2025:10:17:45 -0300] "GET /cormun/servlet/hpexe_link HTTP/1.1" 200 962
10.40.40.2 - - [16/Apr/2025:10:17:46 -0300] "GET /cormun/servlet/trsolicitudgral HTTP/1.1" 200 28949
10.40.40.2 - - [16/Apr/2025:10:17:49 -0300] "GET /cormun/servlet/trautorizarot? HTTP/1.1" 200 8159
10.40.40.2 - - [16/Apr/2025:10:18:00 -0300] "GET /cormun/servlet/vesolicitudgral?2025,22439,, HTTP/1.1" 200 8375
10.40.40.2 - - [16/Apr/2025:10:18:00 -0300] "GET /cormun/pexe_scrolldiv.js HTTP/1.1" 404 1009
10.40.40.2 - - [16/Apr/2025:10:18:16 -0300] "GET /cormun/servlet/vesolicitudgral?2025,22439,,SolicitudOTAdjuntos HTTP/1.1" 200 11182
10.40.40.2 - - [16/Apr/2025:10:18:16 -0300] "GET /cormun/pexe_scrolldiv.js HTTP/1.1" 404 1009
10.40.40.2 - - [16/Apr/2025:10:18:17 -0300] "POST /cormun/servlet/acontrolpreferencessavestate?None,RRHH+DANIELA,true HTTP/1.1" 200 35
10.40.40.2 - - [16/Apr/2025:10:18:19 -0300] "GET /cormun/servlet/vesolicitudgral?2025,22439,,General HTTP/1.1" 200 8378
10.40.40.2 - - [16/Apr/2025:10:18:19 -0300] "GET /cormun/pexe_scrolldiv.js HTTP/1.1" 404 1009
190.95.2.157 - - [16/Apr/2025:10:18:59 -0300] "GET /cormun/servlet/hlogin HTTP/1.1" 200 1717
190.95.1.185 - - [16/Apr/2025:10:19:06 -0300] "GET /cormun/servlet/hlogin HTTP/1.1" 200 1721
190.95.1.185 - - [16/Apr/2025:10:19:09 -0300] "POST /cormun/servlet/hlogin?cba48fe4786fcb0776f7c73bbe6bc121,gx-no-cache=1744809675485 HTTP/1.1" 200 90
190.95.1.185 - - [16/Apr/2025:10:19:09 -0300] "GET /cormun/servlet/hpexe_link HTTP/1.1" 200 957
190.95.1.185 - - [16/Apr/2025:10:19:09 -0300] "GET /cormun/servlet/trsolicitudot HTTP/1.1" 200 10846
190.95.2.157 - - [16/Apr/2025:10:19:20 -0300] "POST /cormun/servlet/hlogin?7000d60b31c4a6e9024d53cea1e2ad7c,gx-no-cache=1744809686496 HTTP/1.1" 200 424
190.95.2.157 - - [16/Apr/2025:10:19:29 -0300] "POST /cormun/servlet/hlogin?7000d60b31c4a6e9024d53cea1e2ad7c,gx-no-cache=1744809695448 HTTP/1.1" 200 90
190.95.2.157 - - [16/Apr/2025:10:19:29 -0300] "GET /cormun/servlet/hpexe_link HTTP/1.1" 200 948
190.95.2.157 - - [16/Apr/2025:10:19:30 -0300] "GET /cormun/servlet/hhome HTTP/1.1" 200 4307
190.95.2.157 - - [16/Apr/2025:10:19:34 -0300] "GET /cormun/servlet/trpermisosgoce? HTTP/1.1" 200 10176
190.95.2.157 - - [16/Apr/2025:10:19:37 -0300] "GET /cormun/servlet/permisogoce?INS,0,,, HTTP/1.1" 200 7200
190.95.2.157 - - [16/Apr/2025:10:19:49 -0300] "GET /cormun/servlet/permisogoce?318b5f4a84675a10f53a8e8dcd5f776cd0a3b3eb3136f67b972c8f97e554ef464cef24586f2c85d1cccf9cf2beb1cf01163aac13dd03907bce0706fd32442652,gx-no-cache=1744809716081 HTTP/1.1" 200 81
190.95.2.157 - - [16/Apr/2025:10:19:49 -0300] "GET /cormun/static/menuarrow.gif HTTP/1.1" 404 1015
190.95.1.185 - - [16/Apr/2025:10:20:00 -0300] "POST /cormun/servlet/trsolicitudot?cba48fe4786fcb0776f7c73bbe6bc121,gx-no-cache=1744809726902 HTTP/1.1" 200 113
190.95.1.185 - - [16/Apr/2025:10:20:00 -0300] "GET /cormun/servlet/solicitudot?UPD,2025,22427,false, HTTP/1.1" 200 17171
190.95.1.185 - - [16/Apr/2025:10:20:01 -0300] "POST /cormun/servlet/solicitudot?gx-no-cache=1744809727742 HTTP/1.1" 200 4116
190.95.1.185 - - [16/Apr/2025:10:20:01 -0300] "POST /cormun/servlet/solicitudot?cba48fe4786fcb0776f7c73bbe6bc121,UPD,2025,22427,false,,gx-no-cache=1744809727860 HTTP/1.1" 200 13074
190.95.1.185 - - [16/Apr/2025:10:20:01 -0300] "GET /cormun/servlet/solicitudot?4e85b72e9de684f4ecebaf45915c62a8b5711353e8def437b469d4f8257b40c7d7625832f2384466086d12371bfb7de6,gx-no-cache=1744809727963 HTTP/1.1" 200 30
190.95.1.185 - - [16/Apr/2025:10:20:01 -0300] "GET /cormun/servlet/solicitudot?4e85b72e9de684f4ecebaf45915c62a846aac56972492e7637d8c792f48ae2347b8cc6353511ae9ccbb24d69a54975d0b382b02a25d6d4189f578ad12568af07,gx-no-cache=1744809727984 HTTP/1.1" 200 30
190.95.1.185 - - [16/Apr/2025:10:20:01 -0300] "GET /cormun/servlet/solicitudot?4e85b72e9de684f4ecebaf45915c62a88d022db561924d7ede5d1d5f2f4d567f32f3c35c3ddd01e53c67036954d10a682b756735a4d619e1cd6066bc3d14d3f5,gx-no-cache=1744809728000 HTTP/1.1" 200 51
190.95.1.185 - - [16/Apr/2025:10:20:01 -0300] "POST /cormun/servlet/solicitudot?gx-no-cache=1744809728017 HTTP/1.1" 200 256
190.95.1.185 - - [16/Apr/2025:10:20:01 -0300] "GET /cormun/servlet/solicitudot?4e85b72e9de684f4ecebaf45915c62a8a75a44a2c1e1178193b4723279f3a754bae0d3635a791aab87bedc4986ef698b4b105240089a55c57bba9e751f5063e43024e424b3bcd449699ae4d45247e166c4847b0fdff2de86208567bdef188452727943454e068600c6866def7154b97f386a0d0327c3d108c929033ac00515d22325cc675dfe337ce8167cd92a4aa92b6f6f5a4d1d3171f5754d1554a1ebe97132da1aac91ab9f7e6d6e841e202f2435bba55e3ab311a0bfab4a1ea09f58466e0330e427bc4483b3315663a3c7041e7ee10c35e30d764e0da89b3ac924e689b0dfd427cd871a76bcd1f9ea2b9e1e4160462f24dc9627575fe995e38d39c4ea8b33a92344d3993d06787111f2b902153dc12b663da9b973053271e01adb5095c1337991c9dbced176a1b37686dece13ddc9f52bfa84916511c094904234017d6443d820d20b3f6b6e0434053e5aeab0691ec8d07ac5b16e5df2396b86e4c6d51e58402d5773311cc28ee822e56bd6ba5e48b37308b8ab724d1fbc0ae48c6b76fb,gx-no-cache=1744809728042 HTTP/1.1" 200 30
190.95.1.185 - - [16/Apr/2025:10:20:01 -0300] "POST /cormun/servlet/solicitudot?gx-no-cache=1744809728061 HTTP/1.1" 200 30
190.95.1.185 - - [16/Apr/2025:10:20:01 -0300] "POST /cormun/servlet/solicitudot?gx-no-cache=1744809728082 HTTP/1.1" 200 1481
190.95.1.185 - - [16/Apr/2025:10:20:01 -0300] "POST /cormun/servlet/solicitudot?gx-no-cache=1744809728114 HTTP/1.1" 200 41
190.95.1.185 - - [16/Apr/2025:10:20:04 -0300] "GET /cormun/servlet/solicitudot?4e85b72e9de684f4ecebaf45915c62a8e89d0c905b39e49826576989dd1fa61e70f7c2bae4b27994dfa5f04b923d7f965fb9e3e8f91554c5957e93948b467235a52e10400dedfe0f12e12b4dbeeb3a7ec077ea6fbb1dd1d10dabc12d4c3cb24c560d0bc6c0d6dc430fdfe0f951bd9cb9,gx-no-cache=1744809730753 HTTP/1.1" 200 110
190.95.1.185 - - [16/Apr/2025:10:20:23 -0300] "POST /cormun/servlet/solicitudot?gx-no-cache=1744809749750 HTTP/1.1" 200 109
190.95.1.185 - - [16/Apr/2025:10:20:25 -0300] "GET /cormun/servlet/solicitudot?4e85b72e9de684f4ecebaf45915c62a802ddf4d21dd74d1e98faffa60767a98e112406c363735630163d46fdc73d1336f9168980c7fcbc0449ab4feac25ec4c8697e0915e88aee9e7a762718951ff3682192ed7b963c145098e276e6e22694025f6f9fda3fc87359eb2c81e4ad9585ad1fffc674d5fed76c2e57fcd0c53b89206c7de559de8c2f7cadf2f62fea186550faaede99812dd0683ce9d794340a7056,gx-no-cache=1744809751822 HTTP/1.1" 200 29
190.95.1.185 - - [16/Apr/2025:10:20:25 -0300] "GET /cormun/servlet/solicitudot?4e85b72e9de684f4ecebaf45915c62a8face5728576fa4a6cf382af60d3c2bde48a4e38c0dd86fbe818a8abe1e85de60,gx-no-cache=1744809751839 HTTP/1.1" 200 30
190.95.1.185 - - [16/Apr/2025:10:20:25 -0300] "POST /cormun/servlet/solicitudot?gx-no-cache=1744809751858 HTTP/1.1" 200 33
190.95.1.185 - - [16/Apr/2025:10:20:26 -0300] "POST /cormun/servlet/solicitudot?cba48fe4786fcb0776f7c73bbe6bc121,UPD,2025,22427,false,,gx-no-cache=1744809751920 HTTP/1.1" 200 93
190.95.1.185 - - [16/Apr/2025:10:20:26 -0300] "GET /cormun/servlet/hpexe_return? HTTP/1.1" 200 1014
190.95.1.185 - - [16/Apr/2025:10:20:26 -0300] "GET /cormun/servlet/trsolicitudot HTTP/1.1" 200 10828
190.95.2.157 - - [16/Apr/2025:10:20:40 -0300] "GET /cormun/servlet/permisogoce?318b5f4a84675a10f53a8e8dcd5f776c260cc855c70c5d5cbe3a53949e7ef337fdd4994626ee734a4e8f330f29d2095e2c1035d35699ce375d04f7dafb04bd80,gx-no-cache=1744809766376 HTTP/1.1" 200 46
190.95.2.157 - - [16/Apr/2025:10:21:04 -0300] "GET /cormun/servlet/permisogoce?318b5f4a84675a10f53a8e8dcd5f776c260cc855c70c5d5cbe3a53949e7ef33717a65f81f48ab949f4041a4096d579b0a76f96a6a1d77316504249dbdb53bf6a,gx-no-cache=1744809790736 HTTP/1.1" 200 129
190.95.2.157 - - [16/Apr/2025:10:21:04 -0300] "GET /cormun/static/Shared/jqueryui/images/ui-icons_82798d_256x240.png HTTP/1.1" 404 1089
190.95.2.157 - - [16/Apr/2025:10:21:04 -0300] "GET /cormun/static/Shared/jqueryui/images/ui-bg_highlight-soft_100_c6c2c8_1x100.png HTTP/1.1" 404 1117
190.95.2.157 - - [16/Apr/2025:10:21:04 -0300] "GET /cormun/static/Shared/jqueryui/images/ui-icons_ebccce_256x240.png HTTP/1.1" 404 1089
190.95.2.157 - - [16/Apr/2025:10:21:04 -0300] "GET /cormun/static/Shared/jqueryui/images/ui-bg_flat_55_994d53_40x100.png HTTP/1.1" 404 1097
190.95.1.185 - - [16/Apr/2025:10:21:13 -0300] "POST /cormun/servlet/trsolicitudot?cba48fe4786fcb0776f7c73bbe6bc121,gx-no-cache=1744809799934 HTTP/1.1" 200 113
190.95.1.185 - - [16/Apr/2025:10:21:14 -0300] "GET /cormun/servlet/solicitudot?UPD,2025,22428,false, HTTP/1.1" 200 17093
190.95.1.185 - - [16/Apr/2025:10:21:14 -0300] "POST /cormun/servlet/solicitudot?gx-no-cache=1744809800919 HTTP/1.1" 200 4115
190.95.1.185 - - [16/Apr/2025:10:21:14 -0300] "POST /cormun/servlet/solicitudot?cba48fe4786fcb0776f7c73bbe6bc121,UPD,2025,22428,false,,gx-no-cache=1744809801062 HTTP/1.1" 200 13044
190.95.1.185 - - [16/Apr/2025:10:21:15 -0300] "GET /cormun/servlet/solicitudot?4e85b72e9de684f4ecebaf45915c62a8256bfc1e46daff52e1536b143ba62a24d7625832f2384466086d12371bfb7de6,gx-no-cache=1744809801721 HTTP/1.1" 200 30
190.95.1.185 - - [16/Apr/2025:10:21:15 -0300] "GET /cormun/servlet/solicitudot?4e85b72e9de684f4ecebaf45915c62a877055d985163cbcd2e979d8782a820868bc43892f4e0cd4196a8487bfd3421f1d7625832f2384466086d12371bfb7de6,gx-no-cache=1744809801795 HTTP/1.1" 200 30
190.95.1.185 - - [16/Apr/2025:10:21:15 -0300] "GET /cormun/servlet/solicitudot?4e85b72e9de684f4ecebaf45915c62a8497d9bcd161bf195915d53065a3c85e14cf24255679e17cef5780980f8f30051,gx-no-cache=1744809801858 HTTP/1.1" 200 45
190.95.1.185 - - [16/Apr/2025:10:21:15 -0300] "POST /cormun/servlet/solicitudot?gx-no-cache=1744809801921 HTTP/1.1" 200 238
190.95.1.185 - - [16/Apr/2025:10:21:15 -0300] "GET /cormun/servlet/solicitudot?4e85b72e9de684f4ecebaf45915c62a8a75a44a2c1e1178193b4723279f3a7542dd43b2ead467b2556f22d81d13f4e104b105240089a55c57bba9e751f5063e43024e424b3bcd449699ae4d45247e166c4847b0fdff2de86208567bdef188452727943454e068600c6866def7154b97f386a0d0327c3d108c929033ac00515d22325cc675dfe337ce8167cd92a4aa92b6f6f5a4d1d3171f5754d1554a1ebe97132da1aac91ab9f7e6d6e841e202f2435bba55e3ab311a0bfab4a1ea09f58466e0330e427bc4483b3315663a3c7041e7ee10c35e30d764e0da89b3ac924e689b0dfd427cd871a76bcd1f9ea2b9e1e4160ada2d02e79c80133244d308141c86e3b33a92344d3993d06787111f2b902153dcfc9366589af1d369b6ccf2a35c16a6e7d28f7fa3600f7431e0437198c28994103a2a98befd85772dd4b73c3e2a171424350be3db0c5b5288b2499a64aae82553b01d3c0f4c903e3fa41128726ce215cca179cfdb389541bf7b9724b895d723cd098d3795b63fce71f71d8b209e72dd6,gx-no-cache=1744809802004 HTTP/1.1" 200 30
190.95.1.185 - - [16/Apr/2025:10:21:15 -0300] "POST /cormun/servlet/solicitudot?gx-no-cache=1744809802049 HTTP/1.1" 200 30
190.95.1.185 - - [16/Apr/2025:10:21:16 -0300] "POST /cormun/servlet/solicitudot?gx-no-cache=1744809802339 HTTP/1.1" 200 1482
190.95.1.185 - - [16/Apr/2025:10:21:16 -0300] "POST /cormun/servlet/solicitudot?gx-no-cache=1744809802414 HTTP/1.1" 200 41
190.95.2.157 - - [16/Apr/2025:10:21:26 -0300] "GET /cormun/servlet/permisogoce?318b5f4a84675a10f53a8e8dcd5f776c260cc855c70c5d5cbe3a53949e7ef33717a65f81f48ab949f4041a4096d579b0a76f96a6a1d77316504249dbdb53bf6a,gx-no-cache=1744809812296 HTTP/1.1" 200 129
190.95.2.157 - - [16/Apr/2025:10:21:34 -0300] "GET /cormun/servlet/permisogoce?318b5f4a84675a10f53a8e8dcd5f776c260cc855c70c5d5cbe3a53949e7ef33717a65f81f48ab949f4041a4096d579b0a76f96a6a1d77316504249dbdb53bf6a,gx-no-cache=1744809820720 HTTP/1.1" 200 129
10.40.40.2 - - [16/Apr/2025:10:23:32 -0300] "POST /cormun/servlet/vesolicitudgral?4711a537eecb34ec6ee9b36666ea19b0,2025,22439,,General,gx-no-cache=1744810226385 HTTP/1.1" 200 12321
10.40.40.2 - - [16/Apr/2025:10:23:32 -0300] "GET /cormun/static/Shared/jqueryui/images/ui-bg_highlight-soft_100_c6c2c8_1x100.png HTTP/1.1" 404 1117
10.40.40.2 - - [16/Apr/2025:10:23:32 -0300] "GET /cormun/static/Shared/jqueryui/images/ui-icons_82798d_256x240.png HTTP/1.1" 404 1089
10.40.40.2 - - [16/Apr/2025:10:23:32 -0300] "GET /cormun/static/Shared/jqueryui/images/ui-icons_8d78a5_256x240.png HTTP/1.1" 404 1089
10.40.40.2 - - [16/Apr/2025:10:23:32 -0300] "GET /cormun/static/Shared/jqueryui/images/ui-bg_flat_55_fafafa_40x100.png HTTP/1.1" 404 1097
10.40.40.2 - - [16/Apr/2025:10:23:32 -0300] "POST /cormun/servlet/vesolicitudgral?4711a537eecb34ec6ee9b36666ea19b0,2025,22439,,General,gx-no-cache=1744810226560 HTTP/1.1" 200 12253
10.40.40.2 - - [16/Apr/2025:10:23:34 -0300] "GET /cormun/servlet/trsolicitudgral? HTTP/1.1" 200 28932
10.40.40.2 - - [16/Apr/2025:10:23:37 -0300] "GET /cormun/servlet/trautorizarot? HTTP/1.1" 200 9592
10.40.40.2 - - [16/Apr/2025:10:23:39 -0300] "POST /cormun/servlet/trautorizarot?4711a537eecb34ec6ee9b36666ea19b0,,gx-no-cache=1744810233723 HTTP/1.1" 200 5351
190.95.1.187 - - [16/Apr/2025:10:25:43 -0300] "GET /cormun/servlet/hlogin HTTP/1.1" 200 1729
190.95.1.187 - - [16/Apr/2025:10:25:45 -0300] "POST /cormun/servlet/hlogin?00f0a124b0dbe46276936b51415e6d32,gx-no-cache=1744810071832 HTTP/1.1" 200 90
190.95.1.187 - - [16/Apr/2025:10:25:45 -0300] "GET /cormun/servlet/hpexe_link HTTP/1.1" 200 956
190.95.1.187 - - [16/Apr/2025:10:25:45 -0300] "GET /cormun/servlet/hhome HTTP/1.1" 200 4029
190.95.1.187 - - [16/Apr/2025:10:25:50 -0300] "GET /cormun/servlet/trlicencias? HTTP/1.1" 200 13265
190.95.1.187 - - [16/Apr/2025:10:25:59 -0300] "GET /cormun/servlet/trpermisosgoce? HTTP/1.1" 200 17614
190.95.1.187 - - [16/Apr/2025:10:25:59 -0300] "GET /cormun/static/gxcfg.js?2020121631564 HTTP/1.1" 200 953
190.95.1.187 - - [16/Apr/2025:10:25:59 -0300] "GET /cormun/static/trpermisosgoce.js?2020121633681 HTTP/1.1" 200 35904
190.95.1.187 - - [16/Apr/2025:10:26:05 -0300] "GET /cormun/servlet/permisogoce?INS,0,,, HTTP/1.1" 200 6892
190.95.1.187 - - [16/Apr/2025:10:26:05 -0300] "GET /cormun/static/gxcfg.js?20201215124560 HTTP/1.1" 200 953
190.95.1.187 - - [16/Apr/2025:10:26:05 -0300] "GET /cormun/static/permisogoce.js?20201215124939 HTTP/1.1" 200 27790
190.95.1.187 - - [16/Apr/2025:10:26:14 -0300] "GET /cormun/servlet/permisogoce?544986b02a5ecb018da8375986460f38a3a3fdda3538ab63c63cd5397277854304c8026d1da9d34554b120f2f032ff4b76d4ec795dccf8fd40445fdfb2be8403,gx-no-cache=1744810100938 HTTP/1.1" 200 82
190.95.1.187 - - [16/Apr/2025:10:26:17 -0300] "GET /cormun/static/menuarrow.gif HTTP/1.1" 404 1015
190.95.1.187 - - [16/Apr/2025:10:26:23 -0300] "GET /cormun/servlet/permisogoce?544986b02a5ecb018da8375986460f381148b2df9a7e788d67298c7ded9e87b6cff02045c199a31e7e4a5e64f6346a34bfdbe6782d44aa93c6abfd2d2f4fba03,gx-no-cache=1744810109642 HTTP/1.1" 200 47
190.95.1.187 - - [16/Apr/2025:10:26:28 -0300] "POST /cormun/servlet/permisogoce?00f0a124b0dbe46276936b51415e6d32,INS,0,,,,gx-no-cache=1744810114663 HTTP/1.1" 200 93
190.95.1.187 - - [16/Apr/2025:10:26:28 -0300] "GET /cormun/servlet/hpexe_return? HTTP/1.1" 200 1015
190.95.1.187 - - [16/Apr/2025:10:26:29 -0300] "GET /cormun/servlet/trpermisosgoce HTTP/1.1" 200 17890
190.95.1.187 - - [16/Apr/2025:10:26:38 -0300] "GET /cormun/servlet/trpermisosadjuntos?17399414,20250416092823,P, HTTP/1.1" 200 6352
190.95.1.187 - - [16/Apr/2025:10:26:38 -0300] "GET /cormun/static/gxcfg.js?2020121641683 HTTP/1.1" 200 953
190.95.1.187 - - [16/Apr/2025:10:26:38 -0300] "GET /cormun/static/trpermisosadjuntos.js?2020121642996 HTTP/1.1" 200 20158
190.95.1.187 - - [16/Apr/2025:10:26:40 -0300] "GET /cormun/servlet/permisosadjuntos?INS,17399414,P,20250416092823,, HTTP/1.1" 200 5664
190.95.1.187 - - [16/Apr/2025:10:26:40 -0300] "GET /cormun/static/permisosadjuntos.js?20201215134285 HTTP/1.1" 200 8724
190.95.1.187 - - [16/Apr/2025:10:26:40 -0300] "GET /cormun/static/gxcfg.js?20201215134212 HTTP/1.1" 200 953
190.95.1.187 - - [16/Apr/2025:10:26:40 -0300] "GET /cormun/static/about:blank HTTP/1.1" 404 1011
190.95.67.93 - - [16/Apr/2025:10:27:07 -0300] "GET /cormun/servlet/hlogin HTTP/1.1" 200 1724
190.95.67.93 - - [16/Apr/2025:10:27:10 -0300] "POST /cormun/servlet/hlogin?f90f9a76a984c1a06e298d837653440c,gx-no-cache=1744810156565 HTTP/1.1" 200 90
190.95.1.187 - - [16/Apr/2025:10:27:10 -0300] "POST /cormun/servlet/permisosadjuntos?00f0a124b0dbe46276936b51415e6d32,INS,17399414,P,20250416092823,, HTTP/1.1" 200 116
190.95.1.187 - - [16/Apr/2025:10:27:10 -0300] "GET /cormun/servlet/hpexe_return? HTTP/1.1" 200 1044
190.95.67.93 - - [16/Apr/2025:10:27:10 -0300] "GET /cormun/servlet/hpexe_link HTTP/1.1" 200 953
190.95.1.187 - - [16/Apr/2025:10:27:10 -0300] "GET /cormun/servlet/trpermisosadjuntos?17399414,20250416092823,P, HTTP/1.1" 200 6846
190.95.67.93 - - [16/Apr/2025:10:27:10 -0300] "GET /cormun/servlet/hhome HTTP/1.1" 200 4341
190.95.1.187 - - [16/Apr/2025:10:27:12 -0300] "POST /cormun/servlet/trpermisosadjuntos?00f0a124b0dbe46276936b51415e6d32,17399414,20250416092823,P,,gx-no-cache=1744810159051 HTTP/1.1" 200 90
190.95.1.187 - - [16/Apr/2025:10:27:13 -0300] "GET /cormun/servlet/hpexe_link HTTP/1.1" 200 989
190.95.1.187 - - [16/Apr/2025:10:27:13 -0300] "GET /cormun/servlet/trpermisosgoce HTTP/1.1" 200 17887
190.95.67.93 - - [16/Apr/2025:10:27:13 -0300] "GET /cormun/servlet/trlicencias? HTTP/1.1" 200 14103
190.95.1.187 - - [16/Apr/2025:10:27:17 -0300] "POST /cormun/servlet/trpermisosgoce?00f0a124b0dbe46276936b51415e6d32,gx-no-cache=1744810162914 HTTP/1.1" 200 15057
190.95.1.187 - - [16/Apr/2025:10:27:17 -0300] "GET /cormun/static/Shared/jqueryui/images/ui-icons_82798d_256x240.png HTTP/1.1" 404 1089
190.95.1.187 - - [16/Apr/2025:10:27:17 -0300] "GET /cormun/static/Shared/jqueryui/images/ui-bg_highlight-soft_100_c6c2c8_1x100.png HTTP/1.1" 404 1117
190.95.1.187 - - [16/Apr/2025:10:27:17 -0300] "GET /cormun/static/Shared/jqueryui/images/ui-icons_8d78a5_256x240.png HTTP/1.1" 404 1089
190.95.1.187 - - [16/Apr/2025:10:27:17 -0300] "GET /cormun/static/Shared/jqueryui/images/ui-bg_flat_55_fafafa_40x100.png HTTP/1.1" 404 1097
190.95.1.187 - - [16/Apr/2025:10:27:22 -0300] "GET /cormun/servlet/permisogoce?INS,0,,, HTTP/1.1" 200 6892
190.95.1.187 - - [16/Apr/2025:10:27:27 -0300] "GET /cormun/servlet/permisogoce?544986b02a5ecb018da8375986460f38596f587033733543c9c0780bab2dc45904c8026d1da9d34554b120f2f032ff4b76d4ec795dccf8fd40445fdfb2be8403,gx-no-cache=1744810173393 HTTP/1.1" 200 77
190.95.1.185 - - [16/Apr/2025:10:27:36 -0300] "GET /cormun/servlet/solicitudot?4e85b72e9de684f4ecebaf45915c62a8e89d0c905b39e49826576989dd1fa61e70f7c2bae4b27994dfa5f04b923d7f965fb9e3e8f91554c5957e93948b467235a52e10400dedfe0f12e12b4dbeeb3a7ec077ea6fbb1dd1d10dabc12d4c3cb24c560d0bc6c0d6dc430fdfe0f951bd9cb9,gx-no-cache=1744810182876 HTTP/1.1" 200 110
190.95.1.185 - - [16/Apr/2025:10:27:36 -0300] "POST /cormun/servlet/solicitudot?gx-no-cache=1744810182917 HTTP/1.1" 200 79
190.95.1.185 - - [16/Apr/2025:10:27:36 -0300] "GET /cormun/servlet/solicitudot?4e85b72e9de684f4ecebaf45915c62a8b202baf1b5ac82934b5cd13d323e0ad9112406c363735630163d46fdc73d1336334d52ce3bf1064cc41639ab2ca35146927662ea40c6ff4fa48b6a6221c83a92d725aaca38fe47f3989e36c64eb46cd2ab25b96d6a8d94fc103fb5105d9d3f13,gx-no-cache=1744810182948 HTTP/1.1" 200 29
190.95.1.185 - - [16/Apr/2025:10:27:36 -0300] "GET /cormun/servlet/solicitudot?4e85b72e9de684f4ecebaf45915c62a8e8c6e0b614e5de7ba9b8e07f54c92b5119998a6db34d2340e49bcee851fb5c4d,gx-no-cache=1744810182966 HTTP/1.1" 200 30
190.95.1.185 - - [16/Apr/2025:10:27:36 -0300] "POST /cormun/servlet/solicitudot?gx-no-cache=1744810182986 HTTP/1.1" 200 34
190.95.1.187 - - [16/Apr/2025:10:27:36 -0300] "GET /cormun/servlet/permisogoce?544986b02a5ecb018da8375986460f38ed3843f45e4414aaffa2f15165601908b7e5f3ef154452f8f8cdcb8e352a8e001b23e6d07c02f4b0f63041d0f427056e,gx-no-cache=1744810182833 HTTP/1.1" 200 47
190.95.1.185 - - [16/Apr/2025:10:27:36 -0300] "POST /cormun/servlet/solicitudot?cba48fe4786fcb0776f7c73bbe6bc121,UPD,2025,22428,false,,gx-no-cache=1744810183013 HTTP/1.1" 200 93
190.95.1.185 - - [16/Apr/2025:10:27:37 -0300] "GET /cormun/servlet/hpexe_return? HTTP/1.1" 200 1015
190.95.1.185 - - [16/Apr/2025:10:27:37 -0300] "GET /cormun/servlet/trsolicitudot HTTP/1.1" 200 10828
190.95.1.187 - - [16/Apr/2025:10:27:41 -0300] "POST /cormun/servlet/permisogoce?00f0a124b0dbe46276936b51415e6d32,INS,0,,,,gx-no-cache=1744810186820 HTTP/1.1" 200 93
190.95.1.187 - - [16/Apr/2025:10:27:41 -0300] "GET /cormun/servlet/hpexe_return? HTTP/1.1" 200 1037
190.95.1.185 - - [16/Apr/2025:10:27:41 -0300] "POST /cormun/servlet/trsolicitudot?cba48fe4786fcb0776f7c73bbe6bc121,gx-no-cache=1744810187414 HTTP/1.1" 200 107
190.95.1.185 - - [16/Apr/2025:10:27:41 -0300] "GET /cormun/servlet/trsolicitudadjuntos?2025,22428, HTTP/1.1" 200 6579
190.95.1.187 - - [16/Apr/2025:10:27:41 -0300] "GET /cormun/servlet/trpermisosgoce?gx-no-cache=1744810162914 HTTP/1.1" 200 18093
190.95.1.185 - - [16/Apr/2025:10:27:41 -0300] "GET /cormun/static/gxcfg.js?20201215574222 HTTP/1.1" 200 953
190.95.1.185 - - [16/Apr/2025:10:27:41 -0300] "GET /cormun/static/trsolicitudadjuntos.js?20201215574932 HTTP/1.1" 200 17921
190.95.1.185 - - [16/Apr/2025:10:27:41 -0300] "GET /cormun/static/Resources/PXToolsGridNew.png HTTP/1.1" 200 427
190.95.1.185 - - [16/Apr/2025:10:27:43 -0300] "GET /cormun/servlet/solicitudotadjuntos?INS,2025,22428,,1, HTTP/1.1" 200 6524
190.95.1.185 - - [16/Apr/2025:10:27:43 -0300] "GET /cormun/static/gxcfg.js?202211298385187 HTTP/1.1" 200 953
190.95.1.185 - - [16/Apr/2025:10:27:43 -0300] "GET /cormun/static/solicitudotadjuntos.js?202211298385196 HTTP/1.1" 200 11771
190.95.1.185 - - [16/Apr/2025:10:27:43 -0300] "GET /cormun/static/about:blank HTTP/1.1" 404 1011
190.95.1.185 - - [16/Apr/2025:10:27:44 -0300] "GET /cormun/servlet/solicitudotadjuntos?4e85b72e9de684f4ecebaf45915c62a8679fa4b334547280ac602caea5275d19fd7dda8f346e3207a91f1f918b09bd3e,gx-no-cache=1744810190556 HTTP/1.1" 200 30
190.95.1.185 - - [16/Apr/2025:10:27:44 -0300] "POST /cormun/servlet/solicitudotadjuntos?cba48fe4786fcb0776f7c73bbe6bc121,INS,2025,22428,,1,,gx-no-cache=1744810190572 HTTP/1.1" 200 4160
190.95.1.187 - - [16/Apr/2025:10:27:49 -0300] "GET /cormun/servlet/trpermisosadjuntos?13299898,20250416092940,P, HTTP/1.1" 200 6372
190.95.1.187 - - [16/Apr/2025:10:27:50 -0300] "GET /cormun/servlet/permisosadjuntos?INS,13299898,P,20250416092940,, HTTP/1.1" 200 5670
190.95.1.187 - - [16/Apr/2025:10:27:50 -0300] "GET /cormun/static/about:blank HTTP/1.1" 404 1011
190.95.1.185 - - [16/Apr/2025:10:27:57 -0300] "POST /cormun/servlet/solicitudotadjuntos?gx-no-cache=1744810203659 HTTP/1.1" 200 26
190.95.1.187 - - [16/Apr/2025:10:27:58 -0300] "POST /cormun/servlet/permisosadjuntos?00f0a124b0dbe46276936b51415e6d32,INS,13299898,P,20250416092940,, HTTP/1.1" 200 116
190.95.1.187 - - [16/Apr/2025:10:27:58 -0300] "GET /cormun/servlet/hpexe_return? HTTP/1.1" 200 1044
190.95.1.187 - - [16/Apr/2025:10:27:58 -0300] "GET /cormun/servlet/trpermisosadjuntos?13299898,20250416092940,P, HTTP/1.1" 200 6828
190.95.1.187 - - [16/Apr/2025:10:28:02 -0300] "POST /cormun/servlet/trpermisosadjuntos?00f0a124b0dbe46276936b51415e6d32,13299898,20250416092940,P,,gx-no-cache=1744810208286 HTTP/1.1" 200 90
190.95.1.187 - - [16/Apr/2025:10:28:02 -0300] "GET /cormun/servlet/hpexe_link HTTP/1.1" 200 1009
190.95.1.187 - - [16/Apr/2025:10:28:02 -0300] "GET /cormun/servlet/trpermisosgoce?gx-no-cache=1744810162914 HTTP/1.1" 200 18090
190.95.1.187 - - [16/Apr/2025:10:28:09 -0300] "POST /cormun/servlet/trpermisosgoce?00f0a124b0dbe46276936b51415e6d32,gx-no-cache=1744810162914,gx-no-cache=1744810215067 HTTP/1.1" 200 15303
190.95.1.187 - - [16/Apr/2025:10:28:13 -0300] "GET /cormun/servlet/permisogoce?INS,0,,, HTTP/1.1" 200 6912
190.95.1.185 - - [16/Apr/2025:10:28:21 -0300] "GET /cormun/servlet/solicitudotadjuntos?4e85b72e9de684f4ecebaf45915c62a82374df2becb71c80144fad99714bde20,gx-no-cache=1744810228228 HTTP/1.1" 200 30
190.95.1.185 - - [16/Apr/2025:10:28:22 -0300] "GET /cormun/servlet/solicitudotadjuntos?4e85b72e9de684f4ecebaf45915c62a82374df2becb71c80144fad99714bde20,gx-no-cache=1744810228250 HTTP/1.1" 200 30
190.95.1.185 - - [16/Apr/2025:10:28:22 -0300] "POST /cormun/servlet/solicitudotadjuntos?cba48fe4786fcb0776f7c73bbe6bc121,INS,2025,22428,,1, HTTP/1.1" 200 116
190.95.1.185 - - [16/Apr/2025:10:28:22 -0300] "GET /cormun/servlet/hpexe_return? HTTP/1.1" 200 1027
190.95.1.185 - - [16/Apr/2025:10:28:22 -0300] "GET /cormun/servlet/trsolicitudadjuntos?2025,22428, HTTP/1.1" 200 9610
190.95.1.185 - - [16/Apr/2025:10:28:24 -0300] "GET /cormun/servlet/solicitudotadjuntos?INS,2025,22428,,1, HTTP/1.1" 200 6524
190.95.1.185 - - [16/Apr/2025:10:28:24 -0300] "GET /cormun/static/about:blank HTTP/1.1" 404 1011
190.95.1.185 - - [16/Apr/2025:10:28:24 -0300] "GET /cormun/servlet/solicitudotadjuntos?4e85b72e9de684f4ecebaf45915c62a8679fa4b334547280ac602caea5275d19fd7dda8f346e3207a91f1f918b09bd3e,gx-no-cache=1744810231097 HTTP/1.1" 200 30
190.95.1.185 - - [16/Apr/2025:10:28:24 -0300] "POST /cormun/servlet/solicitudotadjuntos?cba48fe4786fcb0776f7c73bbe6bc121,INS,2025,22428,,1,,gx-no-cache=1744810231117 HTTP/1.1" 200 4160
190.95.1.187 - - [16/Apr/2025:10:28:24 -0300] "GET /cormun/servlet/permisogoce?544986b02a5ecb018da8375986460f382afb981054de938d765c89cff0b5f88c59d7b297a1b6679ce82c46840a16686ab2336c8e135fadc225de6e009c2e0a87,gx-no-cache=1744810231008 HTTP/1.1" 200 77
190.95.1.185 - - [16/Apr/2025:10:28:26 -0300] "POST /cormun/servlet/solicitudotadjuntos?gx-no-cache=1744810232908 HTTP/1.1" 200 26
190.95.1.185 - - [16/Apr/2025:10:28:32 -0300] "GET /cormun/servlet/solicitudotadjuntos?4e85b72e9de684f4ecebaf45915c62a82374df2becb71c80144fad99714bde20,gx-no-cache=1744810238275 HTTP/1.1" 200 30
190.95.1.185 - - [16/Apr/2025:10:28:32 -0300] "GET /cormun/servlet/solicitudotadjuntos?4e85b72e9de684f4ecebaf45915c62a82374df2becb71c80144fad99714bde20,gx-no-cache=1744810238290 HTTP/1.1" 200 30
190.95.1.185 - - [16/Apr/2025:10:28:32 -0300] "POST /cormun/servlet/solicitudotadjuntos?cba48fe4786fcb0776f7c73bbe6bc121,INS,2025,22428,,1, HTTP/1.1" 200 116
190.95.1.185 - - [16/Apr/2025:10:28:32 -0300] "GET /cormun/servlet/hpexe_return? HTTP/1.1" 200 1027
190.95.1.185 - - [16/Apr/2025:10:28:32 -0300] "GET /cormun/servlet/trsolicitudadjuntos?2025,22428, HTTP/1.1" 200 9880
190.95.1.187 - - [16/Apr/2025:10:28:33 -0300] "GET /cormun/servlet/permisogoce?544986b02a5ecb018da8375986460f38de9e7adebe1a419324c465e7c9f6ef07a3edf1214ab6255b7d8fe34476d81c49677e447c66f67a9e6569da7aca696119,gx-no-cache=1744810240034 HTTP/1.1" 200 47
190.95.1.185 - - [16/Apr/2025:10:28:34 -0300] "GET /cormun/servlet/solicitudotadjuntos?INS,2025,22428,,1, HTTP/1.1" 200 6524
190.95.1.185 - - [16/Apr/2025:10:28:34 -0300] "GET /cormun/static/about:blank HTTP/1.1" 404 1011
190.95.1.185 - - [16/Apr/2025:10:28:35 -0300] "GET /cormun/servlet/solicitudotadjuntos?4e85b72e9de684f4ecebaf45915c62a8679fa4b334547280ac602caea5275d19fd7dda8f346e3207a91f1f918b09bd3e,gx-no-cache=1744810241683 HTTP/1.1" 200 30
190.95.1.185 - - [16/Apr/2025:10:28:35 -0300] "POST /cormun/servlet/solicitudotadjuntos?cba48fe4786fcb0776f7c73bbe6bc121,INS,2025,22428,,1,,gx-no-cache=1744810241701 HTTP/1.1" 200 4160
190.95.1.187 - - [16/Apr/2025:10:28:37 -0300] "POST /cormun/servlet/permisogoce?00f0a124b0dbe46276936b51415e6d32,INS,0,,,,gx-no-cache=1744810242644 HTTP/1.1" 200 93
190.95.1.187 - - [16/Apr/2025:10:28:37 -0300] "GET /cormun/servlet/hpexe_return? HTTP/1.1" 200 1037
190.95.1.185 - - [16/Apr/2025:10:28:37 -0300] "POST /cormun/servlet/solicitudotadjuntos?gx-no-cache=1744810243475 HTTP/1.1" 200 26
190.95.1.187 - - [16/Apr/2025:10:28:37 -0300] "GET /cormun/servlet/trpermisosgoce?gx-no-cache=1744810162914 HTTP/1.1" 200 18268
190.95.1.187 - - [16/Apr/2025:10:28:45 -0300] "GET /cormun/servlet/trpermisosadjuntos?9717376,20250416093031,P, HTTP/1.1" 200 6371
190.95.1.185 - - [16/Apr/2025:10:28:45 -0300] "GET /cormun/servlet/solicitudotadjuntos?4e85b72e9de684f4ecebaf45915c62a82374df2becb71c80144fad99714bde20,gx-no-cache=1744810251756 HTTP/1.1" 200 30
190.95.1.185 - - [16/Apr/2025:10:28:45 -0300] "GET /cormun/servlet/solicitudotadjuntos?4e85b72e9de684f4ecebaf45915c62a82374df2becb71c80144fad99714bde20,gx-no-cache=1744810251771 HTTP/1.1" 200 30
190.95.1.185 - - [16/Apr/2025:10:28:46 -0300] "POST /cormun/servlet/solicitudotadjuntos?cba48fe4786fcb0776f7c73bbe6bc121,INS,2025,22428,,1, HTTP/1.1" 200 116
190.95.1.185 - - [16/Apr/2025:10:28:46 -0300] "GET /cormun/servlet/hpexe_return? HTTP/1.1" 200 1027
190.95.1.185 - - [16/Apr/2025:10:28:46 -0300] "GET /cormun/servlet/trsolicitudadjuntos?2025,22428, HTTP/1.1" 200 10119
190.95.1.187 - - [16/Apr/2025:10:28:46 -0300] "GET /cormun/servlet/permisosadjuntos?INS,9717376,P,20250416093031,, HTTP/1.1" 200 5665
190.95.1.187 - - [16/Apr/2025:10:28:46 -0300] "GET /cormun/static/about:blank HTTP/1.1" 404 1011
190.95.1.185 - - [16/Apr/2025:10:28:48 -0300] "GET /cormun/servlet/solicitudotadjuntos?INS,2025,22428,,1, HTTP/1.1" 200 6524
190.95.1.185 - - [16/Apr/2025:10:28:48 -0300] "GET /cormun/static/about:blank HTTP/1.1" 404 1011
190.95.1.185 - - [16/Apr/2025:10:28:48 -0300] "GET /cormun/servlet/solicitudotadjuntos?4e85b72e9de684f4ecebaf45915c62a8679fa4b334547280ac602caea5275d19fd7dda8f346e3207a91f1f918b09bd3e,gx-no-cache=1744810255212 HTTP/1.1" 200 30
190.95.1.185 - - [16/Apr/2025:10:28:49 -0300] "POST /cormun/servlet/solicitudotadjuntos?cba48fe4786fcb0776f7c73bbe6bc121,INS,2025,22428,,1,,gx-no-cache=1744810255229 HTTP/1.1" 200 4160
190.95.1.185 - - [16/Apr/2025:10:28:51 -0300] "POST /cormun/servlet/solicitudotadjuntos?gx-no-cache=1744810257267 HTTP/1.1" 200 26
190.95.1.185 - - [16/Apr/2025:10:28:56 -0300] "GET /cormun/servlet/solicitudotadjuntos?4e85b72e9de684f4ecebaf45915c62a82374df2becb71c80144fad99714bde20,gx-no-cache=1744810262907 HTTP/1.1" 200 30
190.95.1.185 - - [16/Apr/2025:10:28:56 -0300] "GET /cormun/servlet/solicitudotadjuntos?4e85b72e9de684f4ecebaf45915c62a82374df2becb71c80144fad99714bde20,gx-no-cache=1744810262922 HTTP/1.1" 200 30
190.95.1.185 - - [16/Apr/2025:10:28:57 -0300] "POST /cormun/servlet/solicitudotadjuntos?cba48fe4786fcb0776f7c73bbe6bc121,INS,2025,22428,,1, HTTP/1.1" 200 116
190.95.1.185 - - [16/Apr/2025:10:28:57 -0300] "GET /cormun/servlet/hpexe_return? HTTP/1.1" 200 1027
190.95.1.185 - - [16/Apr/2025:10:28:57 -0300] "GET /cormun/servlet/trsolicitudadjuntos?2025,22428, HTTP/1.1" 200 10353
190.95.1.187 - - [16/Apr/2025:10:28:57 -0300] "POST /cormun/servlet/permisosadjuntos?00f0a124b0dbe46276936b51415e6d32,INS,9717376,P,20250416093031,, HTTP/1.1" 200 116
190.95.1.187 - - [16/Apr/2025:10:28:57 -0300] "GET /cormun/servlet/hpexe_return? HTTP/1.1" 200 1043
190.95.1.187 - - [16/Apr/2025:10:28:57 -0300] "GET /cormun/servlet/trpermisosadjuntos?9717376,20250416093031,P, HTTP/1.1" 200 6850
190.95.1.185 - - [16/Apr/2025:10:28:59 -0300] "GET /cormun/servlet/solicitudotadjuntos?INS,2025,22428,,1, HTTP/1.1" 200 6524
190.95.1.185 - - [16/Apr/2025:10:28:59 -0300] "GET /cormun/static/about:blank HTTP/1.1" 404 1011
190.95.1.185 - - [16/Apr/2025:10:28:59 -0300] "GET /cormun/servlet/solicitudotadjuntos?4e85b72e9de684f4ecebaf45915c62a8679fa4b334547280ac602caea5275d19fd7dda8f346e3207a91f1f918b09bd3e,gx-no-cache=1744810265949 HTTP/1.1" 200 30
190.95.1.185 - - [16/Apr/2025:10:28:59 -0300] "POST /cormun/servlet/solicitudotadjuntos?cba48fe4786fcb0776f7c73bbe6bc121,INS,2025,22428,,1,,gx-no-cache=1744810265966 HTTP/1.1" 200 4160
190.95.1.187 - - [16/Apr/2025:10:29:01 -0300] "POST /cormun/servlet/trpermisosadjuntos?00f0a124b0dbe46276936b51415e6d32,9717376,20250416093031,P,,gx-no-cache=1744810267283 HTTP/1.1" 200 90
190.95.1.187 - - [16/Apr/2025:10:29:01 -0300] "GET /cormun/servlet/hpexe_link HTTP/1.1" 200 1009
190.95.1.187 - - [16/Apr/2025:10:29:01 -0300] "GET /cormun/servlet/trpermisosgoce?gx-no-cache=1744810162914 HTTP/1.1" 200 18265
190.95.1.185 - - [16/Apr/2025:10:29:01 -0300] "POST /cormun/servlet/solicitudotadjuntos?gx-no-cache=1744810268115 HTTP/1.1" 200 26
190.95.1.187 - - [16/Apr/2025:10:29:03 -0300] "POST /cormun/servlet/trpermisosgoce?00f0a124b0dbe46276936b51415e6d32,gx-no-cache=1744810162914,gx-no-cache=1744810269560 HTTP/1.1" 200 15466
190.95.1.187 - - [16/Apr/2025:10:29:06 -0300] "GET /cormun/servlet/permisogoce?INS,0,,, HTTP/1.1" 200 6912
190.95.1.185 - - [16/Apr/2025:10:29:06 -0300] "GET /cormun/servlet/solicitudotadjuntos?4e85b72e9de684f4ecebaf45915c62a82374df2becb71c80144fad99714bde20,gx-no-cache=1744810272987 HTTP/1.1" 200 30
190.95.1.185 - - [16/Apr/2025:10:29:06 -0300] "GET /cormun/servlet/solicitudotadjuntos?4e85b72e9de684f4ecebaf45915c62a82374df2becb71c80144fad99714bde20,gx-no-cache=1744810273001 HTTP/1.1" 200 30
190.95.1.185 - - [16/Apr/2025:10:29:07 -0300] "POST /cormun/servlet/solicitudotadjuntos?cba48fe4786fcb0776f7c73bbe6bc121,INS,2025,22428,,1, HTTP/1.1" 200 116
190.95.1.185 - - [16/Apr/2025:10:29:07 -0300] "GET /cormun/servlet/hpexe_return? HTTP/1.1" 200 1027
190.95.1.185 - - [16/Apr/2025:10:29:07 -0300] "GET /cormun/servlet/trsolicitudadjuntos?2025,22428, HTTP/1.1" 200 10630
190.95.1.185 - - [16/Apr/2025:10:29:09 -0300] "GET /cormun/servlet/solicitudotadjuntos?INS,2025,22428,,1, HTTP/1.1" 200 6524
190.95.1.185 - - [16/Apr/2025:10:29:09 -0300] "GET /cormun/static/about:blank HTTP/1.1" 404 1011
190.95.1.185 - - [16/Apr/2025:10:29:09 -0300] "GET /cormun/servlet/solicitudotadjuntos?4e85b72e9de684f4ecebaf45915c62a8679fa4b334547280ac602caea5275d19fd7dda8f346e3207a91f1f918b09bd3e,gx-no-cache=1744810276071 HTTP/1.1" 200 30
190.95.1.185 - - [16/Apr/2025:10:29:09 -0300] "POST /cormun/servlet/solicitudotadjuntos?cba48fe4786fcb0776f7c73bbe6bc121,INS,2025,22428,,1,,gx-no-cache=1744810276092 HTTP/1.1" 200 4160
190.95.1.185 - - [16/Apr/2025:10:29:11 -0300] "POST /cormun/servlet/solicitudotadjuntos?gx-no-cache=1744810277636 HTTP/1.1" 200 26
190.95.1.187 - - [16/Apr/2025:10:29:11 -0300] "GET /cormun/servlet/permisogoce?544986b02a5ecb018da8375986460f380a9370604646fec568a5113b4c35dafd04c8026d1da9d34554b120f2f032ff4b76d4ec795dccf8fd40445fdfb2be8403,gx-no-cache=1744810278017 HTTP/1.1" 200 226
190.95.1.187 - - [16/Apr/2025:10:29:12 -0300] "GET /cormun/static/Shared/jqueryui/images/ui-bg_flat_55_994d53_40x100.png HTTP/1.1" 404 1097
190.95.1.187 - - [16/Apr/2025:10:29:12 -0300] "GET /cormun/static/Shared/jqueryui/images/ui-icons_ebccce_256x240.png HTTP/1.1" 404 1089
190.95.1.185 - - [16/Apr/2025:10:29:16 -0300] "GET /cormun/servlet/solicitudotadjuntos?4e85b72e9de684f4ecebaf45915c62a82374df2becb71c80144fad99714bde20,gx-no-cache=1744810282707 HTTP/1.1" 200 30
190.95.1.185 - - [16/Apr/2025:10:29:16 -0300] "GET /cormun/servlet/solicitudotadjuntos?4e85b72e9de684f4ecebaf45915c62a82374df2becb71c80144fad99714bde20,gx-no-cache=1744810282721 HTTP/1.1" 200 30
190.95.1.185 - - [16/Apr/2025:10:29:17 -0300] "POST /cormun/servlet/solicitudotadjuntos?cba48fe4786fcb0776f7c73bbe6bc121,INS,2025,22428,,1, HTTP/1.1" 200 116
190.95.1.185 - - [16/Apr/2025:10:29:17 -0300] "GET /cormun/servlet/hpexe_return? HTTP/1.1" 200 1027
190.95.1.185 - - [16/Apr/2025:10:29:18 -0300] "GET /cormun/servlet/trsolicitudadjuntos?2025,22428, HTTP/1.1" 200 10785
190.95.1.185 - - [16/Apr/2025:10:29:21 -0300] "GET /cormun/servlet/trsolicitudot? HTTP/1.1" 200 10831
190.95.1.187 - - [16/Apr/2025:10:29:30 -0300] "POST /cormun/servlet/permisogoce?00f0a124b0dbe46276936b51415e6d32,INS,0,,,,gx-no-cache=1744810296081 HTTP/1.1" 200 4587
190.95.1.187 - - [16/Apr/2025:10:29:39 -0300] "GET /cormun/servlet/permisogoce?544986b02a5ecb018da8375986460f380a9370604646fec568a5113b4c35dafdabcf99bbefa9b6c599b0f6194ab5d020a5de98bfa34e1ba072b5283e08086020,gx-no-cache=1744810305270 HTTP/1.1" 200 226
201.186.225.183 - - [16/Apr/2025:10:31:38 -0300] "GET /cormun/servlet/hlogin HTTP/1.1" 200 1724
201.186.225.183 - - [16/Apr/2025:10:31:38 -0300] "GET /cormun/static/gxtimezone.js?85251 HTTP/1.1" 200 5781
201.186.225.183 - - [16/Apr/2025:10:31:38 -0300] "GET /cormun/static/messages.spa.js?85251 HTTP/1.1" 200 30736
201.186.225.183 - - [16/Apr/2025:10:31:38 -0300] "GET /cormun/static/gxgral.js?85251 HTTP/1.1" 200 384558
201.186.225.183 - - [16/Apr/2025:10:31:38 -0300] "GET /cormun/static/Resources/indicator.gif HTTP/1.1" 200 1553
201.186.225.183 - - [16/Apr/2025:10:31:48 -0300] "POST /cormun/servlet/hlogin?d664b998815c6c17802252e0255d7e64,gx-no-cache=1744810434692 HTTP/1.1" 200 90
201.186.225.183 - - [16/Apr/2025:10:31:48 -0300] "GET /cormun/servlet/hpexe_link HTTP/1.1" 200 951
201.186.225.183 - - [16/Apr/2025:10:31:48 -0300] "GET /cormun/servlet/hhome HTTP/1.1" 200 3965
201.186.225.183 - - [16/Apr/2025:10:31:48 -0300] "GET /cormun/static/PXToolsJavascripts/pexe_autoreload.js HTTP/1.1" 200 1762
201.186.225.183 - - [16/Apr/2025:10:31:48 -0300] "GET /cormun/static/PXToolsJavascripts/pexe_cookies.js HTTP/1.1" 200 792
201.186.225.183 - - [16/Apr/2025:10:31:48 -0300] "GET /cormun/static/PXToolsJavascripts/pexe_link.js HTTP/1.1" 200 5671
201.186.225.183 - - [16/Apr/2025:10:31:48 -0300] "GET /cormun/static/PXToolsJavascripts/pexe_grid.js HTTP/1.1" 200 7559
201.186.225.183 - - [16/Apr/2025:10:31:48 -0300] "GET /cormun/static/PXToolsJavascripts/pexe_windows.js HTTP/1.1" 200 15249
201.186.225.183 - - [16/Apr/2025:10:31:48 -0300] "GET /cormun/static/PXToolsJavascripts/pexe_griddivfix.js HTTP/1.1" 200 6946
201.186.225.183 - - [16/Apr/2025:10:31:48 -0300] "GET /cormun/static/PXToolsJavascripts/pexe_menus.js HTTP/1.1" 200 1286
201.186.225.183 - - [16/Apr/2025:10:31:48 -0300] "GET /cormun/static/PXToolsJavascripts/pexe_menudivfix.js HTTP/1.1" 200 333
201.186.225.183 - - [16/Apr/2025:10:31:48 -0300] "GET /cormun/static/PXToolsJavascripts/pexe_layers.js HTTP/1.1" 200 4114
201.186.225.183 - - [16/Apr/2025:10:31:48 -0300] "GET /cormun/static/PXToolsJavascripts/pexe_oavdivfix.js HTTP/1.1" 200 639
201.186.225.183 - - [16/Apr/2025:10:31:48 -0300] "GET /cormun/static/PXToolsJavascripts/pexe_oav.js HTTP/1.1" 200 645
201.186.225.183 - - [16/Apr/2025:10:31:48 -0300] "GET /cormun/static/PXToolsJavascripts/pexe_picture.js HTTP/1.1" 200 689
201.186.225.183 - - [16/Apr/2025:10:31:48 -0300] "GET /cormun/static/PXToolsJavascripts/pexe_scrolldiv.js HTTP/1.1" 200 4138
201.186.225.183 - - [16/Apr/2025:10:31:48 -0300] "GET /cormun/static/PXToolsJavascripts/pexe_popup.js HTTP/1.1" 200 15149
201.186.225.183 - - [16/Apr/2025:10:31:48 -0300] "GET /cormun/static/PXToolsJavascripts/pexe_tabdivfix.js HTTP/1.1" 200 898
201.186.225.183 - - [16/Apr/2025:10:31:49 -0300] "GET /cormun/static/PXToolsJavascripts/pexe_tabs.js HTTP/1.1" 200 3748
201.186.225.183 - - [16/Apr/2025:10:31:49 -0300] "GET /cormun/static/PXToolsJavascripts/PXToolsJavascriptsRender.js HTTP/1.1" 200 367
201.186.225.183 - - [16/Apr/2025:10:31:49 -0300] "GET /cormun/static/PXToolsJavascripts/pexe_upload.js HTTP/1.1" 200 1423
201.186.225.183 - - [16/Apr/2025:10:31:49 -0300] "GET /cormun/static/Resources/ImgHome.png HTTP/1.1" 200 1364
201.186.225.183 - - [16/Apr/2025:10:31:49 -0300] "GET /cormun/static/Resources/CormunMP2.png HTTP/1.1" 200 6878
201.186.225.183 - - [16/Apr/2025:10:31:49 -0300] "GET /cormun/static/Resources/Llave.png HTTP/1.1" 200 1395
201.186.225.183 - - [16/Apr/2025:10:31:49 -0300] "GET /cormun/static/Resources/ImgLogin.png HTTP/1.1" 200 1432
201.186.225.183 - - [16/Apr/2025:10:31:49 -0300] "GET /cormun/static/RunJS/RunJS.js HTTP/1.1" 200 288
201.186.225.183 - - [16/Apr/2025:10:31:49 -0300] "GET /cormun/static/Shared/ext/locale/ext-lang-en.js HTTP/1.1" 200 10940
201.186.225.183 - - [16/Apr/2025:10:31:49 -0300] "GET /cormun/static/gxui/gxui-all.js HTTP/1.1" 200 107772
201.186.225.183 - - [16/Apr/2025:10:31:49 -0300] "GET /cormun/static/Resources/PXToolsDataTitle.png HTTP/1.1" 200 1173
201.186.225.183 - - [16/Apr/2025:10:31:49 -0300] "GET /cormun/static/hwchdr01.js?2022112219251119 HTTP/1.1" 200 996
201.186.225.183 - - [16/Apr/2025:10:31:49 -0300] "GET /cormun/static/hpexe_recentlink.js?20201214471090 HTTP/1.1" 200 2144
201.186.225.183 - - [16/Apr/2025:10:31:49 -0300] "GET /cormun/static/hpexe_scripts.js?20201214471411 HTTP/1.1" 200 1544
201.186.225.183 - - [16/Apr/2025:10:31:49 -0300] "GET /cormun/static/hpexe_messagecontroller.js?202211298371222 HTTP/1.1" 200 870
201.186.225.183 - - [16/Apr/2025:10:31:49 -0300] "GET /cormun/static/hpexe_messagepopupcomponent.js?2020121447232 HTTP/1.1" 200 605
201.186.225.183 - - [16/Apr/2025:10:31:49 -0300] "GET /cormun/static/hpexe_messagegenexuscomponent.js?20221129836373 HTTP/1.1" 200 587
201.186.225.183 - - [16/Apr/2025:10:31:49 -0300] "GET /cormun/static/cmcontrolpreferences.js?20199141926336 HTTP/1.1" 200 1375
201.186.225.183 - - [16/Apr/2025:10:31:49 -0300] "GET /cormun/static/SmoothNavMenu/resources/ddsmoothmenu.js HTTP/1.1" 200 12712
201.186.225.183 - - [16/Apr/2025:10:31:49 -0300] "GET /cormun/static/SmoothNavMenu/resources/SmoothNavMenuRender.js HTTP/1.1" 200 5951
201.186.225.183 - - [16/Apr/2025:10:31:49 -0300] "GET /cormun/static/Shared/jquery/jquery-1.4.2.min.js HTTP/1.1" 200 72174
201.186.225.183 - - [16/Apr/2025:10:31:49 -0300] "GET /cormun/static/scaMessage/js/jquery.pnotify.min.js HTTP/1.1" 200 13038
201.186.225.183 - - [16/Apr/2025:10:31:49 -0300] "GET /cormun/static/scaMessage/scaMessageRender.js HTTP/1.1" 200 11977
201.186.225.183 - - [16/Apr/2025:10:31:49 -0300] "GET /cormun/static/hmpwkw03.js?20221129844354 HTTP/1.1" 200 3971
201.186.225.183 - - [16/Apr/2025:10:31:49 -0300] "GET /cormun/static/Shared/jqueryui/jquery-ui.min.js HTTP/1.1" 200 240427
201.186.225.183 - - [16/Apr/2025:10:31:49 -0300] "GET /cormun/static/Shared/jquery/jquery-1.10.2.min.js HTTP/1.1" 200 273199
201.186.225.183 - - [16/Apr/2025:10:31:49 -0300] "GET /cormun/static/Shared/ext/ext-all.js HTTP/1.1" 200 1289687
201.186.225.183 - - [16/Apr/2025:10:31:49 -0300] "GET /cormun/static/SmoothNavMenu/resources/images/down.gif HTTP/1.1" 200 854
10.40.40.2 - - [16/Apr/2025:10:32:14 -0300] "GET /cormun/servlet/vesolicitudgral?2025,22437,, HTTP/1.1" 200 8438
10.40.40.2 - - [16/Apr/2025:10:32:14 -0300] "GET /cormun/pexe_scrolldiv.js HTTP/1.1" 404 1009
201.186.225.183 - - [16/Apr/2025:10:32:17 -0300] "GET /cormun/servlet/trlicencias? HTTP/1.1" 200 14613
201.186.225.183 - - [16/Apr/2025:10:32:17 -0300] "GET /cormun/static/calendar.js?85251 HTTP/1.1" 200 26246
