190.95.15.9 - - [16/Apr/2025:12:48:56 -0300] "GET /cormun/servlet/solicitudot?e373c1c49326c5d24c0b0bc72937f474dd17e2e485e008a55d54a0e9d8c64d450295d8f8daa0f488a6c0e44319a6e40915cfb28e963b912d7bca5f8c5f4d112aa634a4c1653d7eb6476aee5c9437c5134253e54b37299253771721cd74cda82b1d704f8271d807b8648f602c300f739147d237bbcdb97f056cc7f41331bbcacf38926240e56fd7ec006a98a0e600c6b29b88ac8f8904bf9a32344a51bb90e8e8,gx-no-cache=1744818663724 HTTP/1.1" 200 29
190.95.15.9 - - [16/Apr/2025:12:48:56 -0300] "GET /cormun/servlet/solicitudot?e373c1c49326c5d24c0b0bc72937f474fbf83a1f9a0e660a10445f28aec9a1dbb7544c927d1b31fb770f570bf265f052,gx-no-cache=1744818663748 HTTP/1.1" 200 134
190.95.15.9 - - [16/Apr/2025:12:49:01 -0300] "GET /cormun/servlet/prfichaempleado?,MD,,gxPopupLevel%3D0%3B HTTP/1.1" 200 9262
190.95.15.9 - - [16/Apr/2025:12:49:09 -0300] "POST /cormun/servlet/prfichaempleado?38056d35784346e08a460d2587d9a66f,,MD,,gxPopupLevel%3D0%3B,gx-no-cache=1744818677149 HTTP/1.1" 200 4669
190.95.15.9 - - [16/Apr/2025:12:49:36 -0300] "GET /cormun/servlet/prlicenciaspermisos?7352856,L,,MD,,gxPopupLevel%3D0%3B HTTP/1.1" 200 7693
190.95.15.9 - - [16/Apr/2025:12:49:41 -0300] "POST /cormun/servlet/solicitudot?gx-no-cache=1744818708746 HTTP/1.1" 200 1481
190.95.15.9 - - [16/Apr/2025:12:49:51 -0300] "POST /cormun/servlet/solicitudot?gx-no-cache=1744818719008 HTTP/1.1" 200 41
190.95.15.9 - - [16/Apr/2025:12:49:51 -0300] "GET /cormun/servlet/solicitudot?e373c1c49326c5d24c0b0bc72937f4744ba74a964bf6b488fbc46395f17e257a154e2534c61a85a2c4bcddd27b05ce83d707ba0d1a8a2c6e2576ac40dc1b431eb8c1e770b23cd0fee845fee3c28c25b66b1d5ec768741b1a637edac465efc4daa4b37fc9b5bd632a08f5a8bd9119036c,gx-no-cache=1744818719065 HTTP/1.1" 200 110
190.95.15.9 - - [16/Apr/2025:12:49:51 -0300] "POST /cormun/servlet/solicitudot?gx-no-cache=1744818719118 HTTP/1.1" 200 97
190.95.15.9 - - [16/Apr/2025:12:49:59 -0300] "GET /cormun/static/menuarrow.gif HTTP/1.1" 404 1015
201.186.225.183 - - [16/Apr/2025:12:50:18 -0300] "GET /cormun/servlet/trlicencias? HTTP/1.1" 200 14820
190.95.15.9 - - [16/Apr/2025:12:50:19 -0300] "GET /cormun/servlet/solicitudot?e373c1c49326c5d24c0b0bc72937f4749241d05132f65db8217474488262c39d98abb16261e36e0242ae50be9bd2546d,gx-no-cache=1744818746886 HTTP/1.1" 200 30
190.95.15.9 - - [16/Apr/2025:12:50:19 -0300] "POST /cormun/servlet/solicitudot?gx-no-cache=1744818746921 HTTP/1.1" 200 122
201.186.225.183 - - [16/Apr/2025:12:50:30 -0300] "GET /cormun/servlet/trpermisosingoce? HTTP/1.1" 200 6905
201.186.225.183 - - [16/Apr/2025:12:50:30 -0300] "GET /cormun/static/gxcfg.js?2020121653066 HTTP/1.1" 200 953
201.186.225.183 - - [16/Apr/2025:12:50:30 -0300] "GET /cormun/static/trpermisosingoce.js?2020121655097 HTTP/1.1" 200 34472
201.186.225.183 - - [16/Apr/2025:12:50:31 -0300] "GET /cormun/servlet/trpermisosgoce? HTTP/1.1" 200 18439
201.186.225.183 - - [16/Apr/2025:12:50:34 -0300] "GET /cormun/servlet/permisogoce?INS,0,,, HTTP/1.1" 200 6830
190.95.15.9 - - [16/Apr/2025:12:50:35 -0300] "GET /cormun/servlet/prlicenciaspermisos?7352856,L,,MD,,gxPopupLevel%3D0%3B HTTP/1.1" 200 7693
201.186.225.183 - - [16/Apr/2025:12:50:39 -0300] "GET /cormun/servlet/permisogoce?dca31856082ddc1a75cfd663448ee1e1c8c63b50aa998df71249ab3af04473903380a9603ebb1f6ab919c160278b2ab08019395f6df8b9173018b048e4d5f28b,gx-no-cache=1744818765606 HTTP/1.1" 200 81
201.186.225.183 - - [16/Apr/2025:12:50:39 -0300] "GET /cormun/static/menuarrow.gif HTTP/1.1" 404 1015
190.95.15.9 - - [16/Apr/2025:12:50:43 -0300] "GET /cormun/servlet/solicitudot?e373c1c49326c5d24c0b0bc72937f4744ba74a964bf6b488fbc46395f17e257a154e2534c61a85a2c4bcddd27b05ce83d707ba0d1a8a2c6e2576ac40dc1b431eb8c1e770b23cd0fee845fee3c28c25b66b1d5ec768741b1a637edac465efc4daa4b37fc9b5bd632a08f5a8bd9119036c,gx-no-cache=1744818771185 HTTP/1.1" 200 110
201.186.225.183 - - [16/Apr/2025:12:50:44 -0300] "GET /cormun/servlet/permisogoce?dca31856082ddc1a75cfd663448ee1e1e3abda588cb5bcb9e83ee397d04561fa3cd82cab326a11cdef51d1508f953c22fb300e23a1fd7ade071172ae912cb420,gx-no-cache=1744818770342 HTTP/1.1" 200 47
201.186.225.183 - - [16/Apr/2025:12:50:46 -0300] "POST /cormun/servlet/permisogoce?0c308cbfe022183fdd53642e828f317b,INS,0,,,,gx-no-cache=1744818771070 HTTP/1.1" 200 93
201.186.225.183 - - [16/Apr/2025:12:50:46 -0300] "GET /cormun/servlet/hpexe_return? HTTP/1.1" 200 1010
201.186.225.183 - - [16/Apr/2025:12:50:46 -0300] "GET /cormun/servlet/trpermisosgoce HTTP/1.1" 200 18404
190.95.15.9 - - [16/Apr/2025:12:50:47 -0300] "GET /cormun/servlet/solicitudot?e373c1c49326c5d24c0b0bc72937f4744ba74a964bf6b488fbc46395f17e257a154e2534c61a85a2c4bcddd27b05ce83d707ba0d1a8a2c6e2576ac40dc1b431eb8c1e770b23cd0fee845fee3c28c25b66b1d5ec768741b1a637edac465efc4daa4b37fc9b5bd632a08f5a8bd9119036c,gx-no-cache=1744818774726 HTTP/1.1" 200 110
201.186.225.183 - - [16/Apr/2025:12:50:49 -0300] "GET /cormun/servlet/apermisogoceprn?10264376,P,20250416115251,PU HTTP/1.1" 200 1648
190.95.15.9 - - [16/Apr/2025:12:51:00 -0300] "POST /cormun/servlet/solicitudot?gx-no-cache=1744818788442 HTTP/1.1" 200 122
190.95.15.9 - - [16/Apr/2025:12:51:01 -0300] "POST /cormun/servlet/solicitudot?38056d35784346e08a460d2587d9a66f,INS,0,0,false,,gx-no-cache=1744818788521 HTTP/1.1" 200 13431
201.186.225.183 - - [16/Apr/2025:12:51:08 -0300] "GET /cormun/servlet/permisogoce?INS,0,,, HTTP/1.1" 200 6830
201.186.225.183 - - [16/Apr/2025:12:51:15 -0300] "GET /cormun/servlet/permisogoce?dca31856082ddc1a75cfd663448ee1e1f9bd15618f5f55fe5e43fabbebb8e11b3380a9603ebb1f6ab919c160278b2ab08019395f6df8b9173018b048e4d5f28b,gx-no-cache=1744818801092 HTTP/1.1" 200 80
201.186.225.183 - - [16/Apr/2025:12:51:21 -0300] "GET /cormun/servlet/permisogoce?dca31856082ddc1a75cfd663448ee1e1f5dd9eb27e004fa84cb937d9517fdc1be4a732f229b65c574ce358b877b136c079eb6d473374af8abab93f8e98203cc8,gx-no-cache=1744818807420 HTTP/1.1" 200 47
201.186.225.183 - - [16/Apr/2025:12:51:23 -0300] "POST /cormun/servlet/permisogoce?0c308cbfe022183fdd53642e828f317b,INS,0,,,,gx-no-cache=1744818808430 HTTP/1.1" 200 93
201.186.225.183 - - [16/Apr/2025:12:51:23 -0300] "GET /cormun/servlet/hpexe_return? HTTP/1.1" 200 1010
201.186.225.183 - - [16/Apr/2025:12:51:23 -0300] "GET /cormun/servlet/trpermisosgoce HTTP/1.1" 200 18449
201.186.225.183 - - [16/Apr/2025:12:51:26 -0300] "GET /cormun/servlet/apermisogoceprn?12914099,P,20250416115324,PU HTTP/1.1" 200 1651
190.95.15.9 - - [16/Apr/2025:12:51:30 -0300] "POST /cormun/servlet/solicitudot?gx-no-cache=1744818818089 HTTP/1.1" 200 122
190.95.15.9 - - [16/Apr/2025:12:51:42 -0300] "GET /cormun/servlet/prlicenciaspermisos?7352856,L,,MD,,gxPopupLevel%3D0%3B HTTP/1.1" 200 7693
190.95.15.9 - - [16/Apr/2025:12:51:52 -0300] "GET /cormun/servlet/solicitudot?e373c1c49326c5d24c0b0bc72937f4744ba74a964bf6b488fbc46395f17e257a154e2534c61a85a2c4bcddd27b05ce83d707ba0d1a8a2c6e2576ac40dc1b431eb8c1e770b23cd0fee845fee3c28c25b66b1d5ec768741b1a637edac465efc4daa4b37fc9b5bd632a08f5a8bd9119036c,gx-no-cache=1744818839985 HTTP/1.1" 200 110
190.95.15.9 - - [16/Apr/2025:12:51:55 -0300] "GET /cormun/servlet/solicitudot?e373c1c49326c5d24c0b0bc72937f4744ba74a964bf6b488fbc46395f17e257a154e2534c61a85a2c4bcddd27b05ce83d707ba0d1a8a2c6e2576ac40dc1b431eb8c1e770b23cd0fee845fee3c28c25b66b1d5ec768741b1a637edac465efc4daa4b37fc9b5bd632a08f5a8bd9119036c,gx-no-cache=1744818843327 HTTP/1.1" 200 110
190.95.15.9 - - [16/Apr/2025:12:51:58 -0300] "GET /cormun/servlet/solicitudot?e373c1c49326c5d24c0b0bc72937f4749241d05132f65db8217474488262c39dfa616946fb0b098d67bf2a18dcee0bf2,gx-no-cache=1744818845696 HTTP/1.1" 200 30
190.95.15.9 - - [16/Apr/2025:12:52:10 -0300] "POST /cormun/servlet/solicitudot?gx-no-cache=1744818857904 HTTP/1.1" 200 32
190.95.15.9 - - [16/Apr/2025:12:52:17 -0300] "POST /cormun/servlet/solicitudot?38056d35784346e08a460d2587d9a66f,INS,0,0,false,,gx-no-cache=1744818865100 HTTP/1.1" 200 93
190.95.15.9 - - [16/Apr/2025:12:52:17 -0300] "GET /cormun/servlet/hpexe_return? HTTP/1.1" 200 1004
201.186.225.183 - - [16/Apr/2025:12:52:18 -0300] "GET /cormun/servlet/permisogoce?INS,0,,, HTTP/1.1" 200 6829
190.95.15.9 - - [16/Apr/2025:12:52:18 -0300] "GET /cormun/servlet/trsolicitudot HTTP/1.1" 200 8783
201.186.225.183 - - [16/Apr/2025:12:52:23 -0300] "GET /cormun/servlet/permisogoce?dca31856082ddc1a75cfd663448ee1e1153b471aff5c3f30997fed483860a8de3380a9603ebb1f6ab919c160278b2ab08019395f6df8b9173018b048e4d5f28b,gx-no-cache=1744818869452 HTTP/1.1" 200 80
190.95.15.9 - - [16/Apr/2025:12:52:29 -0300] "POST /cormun/servlet/trsolicitudot?38056d35784346e08a460d2587d9a66f,gx-no-cache=1744818876813 HTTP/1.1" 200 6700
201.186.225.183 - - [16/Apr/2025:12:52:32 -0300] "GET /cormun/servlet/permisogoce?dca31856082ddc1a75cfd663448ee1e1527697e9530548cd814cb7d2e6861a3acdc2ded33eb950f2cf612539b9a260e4fb300e23a1fd7ade071172ae912cb420,gx-no-cache=1744818878000 HTTP/1.1" 200 47
201.186.225.183 - - [16/Apr/2025:12:52:33 -0300] "POST /cormun/servlet/permisogoce?0c308cbfe022183fdd53642e828f317b,INS,0,,,,gx-no-cache=1744818878910 HTTP/1.1" 200 93
201.186.225.183 - - [16/Apr/2025:12:52:33 -0300] "GET /cormun/servlet/hpexe_return? HTTP/1.1" 200 1010
201.186.225.183 - - [16/Apr/2025:12:52:33 -0300] "GET /cormun/servlet/trpermisosgoce HTTP/1.1" 200 18508
190.95.15.9 - - [16/Apr/2025:12:52:34 -0300] "GET /cormun/servlet/vesolicitudot?2025,22442,, HTTP/1.1" 200 8613
190.95.15.9 - - [16/Apr/2025:12:52:34 -0300] "GET /cormun/pexe_scrolldiv.js HTTP/1.1" 404 1009
201.186.225.183 - - [16/Apr/2025:12:52:37 -0300] "GET /cormun/servlet/apermisogoceprn?15991678,P,20250416115435,PU HTTP/1.1" 200 1651
190.95.15.9 - - [16/Apr/2025:12:52:54 -0300] "POST /cormun/servlet/vesolicitudot?38056d35784346e08a460d2587d9a66f,2025,22442,,,gx-no-cache=1744818901824 HTTP/1.1" 200 93
190.95.15.9 - - [16/Apr/2025:12:52:54 -0300] "GET /cormun/servlet/hpexe_return? HTTP/1.1" 200 1030
190.95.15.9 - - [16/Apr/2025:12:52:54 -0300] "GET /cormun/servlet/trsolicitudot?gx-no-cache=1744818876813 HTTP/1.1" 200 9598
201.186.225.183 - - [16/Apr/2025:12:52:57 -0300] "GET /cormun/servlet/permisogoce?INS,0,,, HTTP/1.1" 200 6830
190.95.15.9 - - [16/Apr/2025:12:53:01 -0300] "POST /cormun/servlet/trsolicitudot?38056d35784346e08a460d2587d9a66f,gx-no-cache=1744818876813,gx-no-cache=1744818908895 HTTP/1.1" 200 6677
201.186.225.183 - - [16/Apr/2025:12:53:01 -0300] "GET /cormun/servlet/permisogoce?dca31856082ddc1a75cfd663448ee1e1c1df63dd21c693d0569ce4f503ba70133380a9603ebb1f6ab919c160278b2ab08019395f6df8b9173018b048e4d5f28b,gx-no-cache=1744818907604 HTTP/1.1" 200 77
201.186.225.183 - - [16/Apr/2025:12:53:06 -0300] "GET /cormun/servlet/permisogoce?dca31856082ddc1a75cfd663448ee1e11ad4f1d8b7f24b740fb2bd0e87b9afde5230182a0e6b12b0cfedae5b33b31398fb300e23a1fd7ade071172ae912cb420,gx-no-cache=1744818912498 HTTP/1.1" 200 47
190.95.15.9 - - [16/Apr/2025:12:53:08 -0300] "POST /cormun/servlet/trsolicitudot?38056d35784346e08a460d2587d9a66f,gx-no-cache=1744818876813,gx-no-cache=1744818916311 HTTP/1.1" 200 6677
190.95.15.9 - - [16/Apr/2025:12:53:16 -0300] "GET /cormun/servlet/solicitudot?INS,0,0,false, HTTP/1.1" 200 16262
190.95.15.9 - - [16/Apr/2025:12:53:34 -0300] "POST /cormun/servlet/solicitudot?gx-no-cache=1744818941736 HTTP/1.1" 200 4046
190.95.15.9 - - [16/Apr/2025:12:53:34 -0300] "POST /cormun/servlet/solicitudot?38056d35784346e08a460d2587d9a66f,INS,0,0,false,,gx-no-cache=1744818941925 HTTP/1.1" 200 12921
190.95.15.9 - - [16/Apr/2025:12:53:37 -0300] "GET /cormun/servlet/solicitudot?e373c1c49326c5d24c0b0bc72937f4746723aec5749bf9738d3dfeac68555f93d60b4d04d1c6782f6a7519b7734ae3a3,gx-no-cache=1744818945132 HTTP/1.1" 200 30
190.95.15.9 - - [16/Apr/2025:12:55:40 -0300] "GET /cormun/servlet/prbanco?,MD,,gxPopupLevel%3D0%3B HTTP/1.1" 200 6635
190.95.15.9 - - [16/Apr/2025:12:55:48 -0300] "GET /cormun/servlet/solicitudot?e373c1c49326c5d24c0b0bc72937f47445e726b5912ccb8fe63f75cd2f5c92c983f05d249c1806f0dcdf76b207577932ab732a1aa88401a34612a190210f0f62,gx-no-cache=1744819075713 HTTP/1.1" 200 30
190.95.15.9 - - [16/Apr/2025:12:55:49 -0300] "GET /cormun/servlet/solicitudot?e373c1c49326c5d24c0b0bc72937f474d684077f7028195d87d70c3431d602e6,gx-no-cache=1744819076806 HTTP/1.1" 200 53
190.95.15.9 - - [16/Apr/2025:12:56:13 -0300] "POST /cormun/servlet/solicitudot?gx-no-cache=1744819101306 HTTP/1.1" 200 297
190.95.15.9 - - [16/Apr/2025:12:56:13 -0300] "GET /cormun/servlet/solicitudot?e373c1c49326c5d24c0b0bc72937f474ff62c05695f5e994e14db7cfc6c96ad75ea5d81f5379421cecff2d32f5aa48ea1f429eab44fee089b033e7d69b85c531cc954337bf2cfb10b2e3de2c4ce93fdaf8fd05a7b349392654988a3c6b5ef9d03e2ba83abf02b167087e7987729f3aa3911d8c812a0a07fb4b10e9885bec7df77b25ba3d693d1ef224ed874b89cb0bc5b4546026e247597ec1c6c4ae5fb3a2d529f8044eaa044bf76c6579f1af74e832a56904d6c3ad8c72cfb26c0ccd6915ffea25fa74785d943c95e70b0a3484af7475da9b08d8a5727b268205099ae59d30251a59a2c82fa9236b180b34ddd31aaad2a3ed1dd8c697698d13a57df14f95f55be404eff8a770bd0b03ec0ef5714395ca23a01be71e2551fd90e2d94c86cf4c39f0e3a616d224696a08561539c577ada25502def09207b31f704cfabb18978eef2a732f96a2afa331f71b90353403740fcc5b1461d1c91ec4aa8376836e2f680ffa73333af996d9a8bfafff62c248782ab471da50fbd25340ec7fcc7ac5d9292b9be2ea32e123d9d6fb90ccaa960f58,gx-no-cache=1744819101391 HTTP/1.1" 200 30
190.95.15.9 - - [16/Apr/2025:12:56:15 -0300] "POST /cormun/servlet/solicitudot?gx-no-cache=1744819103448 HTTP/1.1" 200 30
190.95.15.9 - - [16/Apr/2025:12:56:17 -0300] "GET /cormun/servlet/prcontratosol?18427520,,,,,MD,,gxPopupLevel%3D0%3B HTTP/1.1" 200 7988
190.95.15.9 - - [16/Apr/2025:12:56:19 -0300] "POST /cormun/servlet/solicitudot?gx-no-cache=1744819107612 HTTP/1.1" 200 1481
190.95.15.9 - - [16/Apr/2025:12:56:19 -0300] "POST /cormun/servlet/solicitudot?gx-no-cache=1744819107659 HTTP/1.1" 200 38
190.95.15.9 - - [16/Apr/2025:12:56:20 -0300] "GET /cormun/servlet/solicitudot?e373c1c49326c5d24c0b0bc72937f4744ba74a964bf6b488fbc46395f17e257a154e2534c61a85a2c4bcddd27b05ce83d707ba0d1a8a2c6e2576ac40dc1b431eb8c1e770b23cd0fee845fee3c28c25b66b1d5ec768741b1a637edac465efc4daa4b37fc9b5bd632a08f5a8bd9119036c,gx-no-cache=1744819107685 HTTP/1.1" 200 110
190.95.15.9 - - [16/Apr/2025:12:56:20 -0300] "POST /cormun/servlet/solicitudot?gx-no-cache=1744819107711 HTTP/1.1" 200 97
190.95.15.9 - - [16/Apr/2025:12:56:20 -0300] "GET /cormun/servlet/solicitudot?e373c1c49326c5d24c0b0bc72937f474dd17e2e485e008a55d54a0e9d8c64d450295d8f8daa0f488a6c0e44319a6e4096e1ddf5a60648483063e3981137eee0614ece512397b1339a977b681a8793cfdc52cd0e47e81e7c093610e49c1f91a7f90ec269803215f58aa42329e645d92c8,gx-no-cache=1744819107747 HTTP/1.1" 200 29
190.95.15.9 - - [16/Apr/2025:12:56:20 -0300] "GET /cormun/servlet/solicitudot?e373c1c49326c5d24c0b0bc72937f474fbf83a1f9a0e660a10445f28aec9a1dbb7544c927d1b31fb770f570bf265f052,gx-no-cache=1744819107770 HTTP/1.1" 200 134
190.95.15.9 - - [16/Apr/2025:12:56:20 -0300] "GET /cormun/static/Shared/jqueryui/images/ui-bg_highlight-soft_100_c6c2c8_1x100.png HTTP/1.1" 404 1117
190.95.15.9 - - [16/Apr/2025:12:56:20 -0300] "GET /cormun/static/Shared/jqueryui/images/ui-icons_ebccce_256x240.png HTTP/1.1" 404 1089
190.95.15.9 - - [16/Apr/2025:12:56:20 -0300] "GET /cormun/static/Shared/jqueryui/images/ui-icons_82798d_256x240.png HTTP/1.1" 404 1089
190.95.15.9 - - [16/Apr/2025:12:56:20 -0300] "GET /cormun/static/Shared/jqueryui/images/ui-bg_flat_55_994d53_40x100.png HTTP/1.1" 404 1097
190.95.15.9 - - [16/Apr/2025:12:56:45 -0300] "GET /cormun/servlet/solicitudot?e373c1c49326c5d24c0b0bc72937f4744ba74a964bf6b488fbc46395f17e257a154e2534c61a85a2c4bcddd27b05ce83d707ba0d1a8a2c6e2576ac40dc1b431eb8c1e770b23cd0fee845fee3c28c25b66b1d5ec768741b1a637edac465efc4daa4b37fc9b5bd632a08f5a8bd9119036c,gx-no-cache=1744819132880 HTTP/1.1" 200 110
190.95.15.9 - - [16/Apr/2025:12:56:56 -0300] "GET /cormun/static/menuarrow.gif HTTP/1.1" 404 1015
179.57.78.71 - - [16/Apr/2025:12:56:58 -0300] "GET /cormun/servlet/hhome HTTP/1.1" 200 3319
179.57.78.71 - - [16/Apr/2025:12:56:58 -0300] "GET /cormun/servlet/hlogin HTTP/1.1" 200 1732
179.57.78.71 - - [16/Apr/2025:12:57:04 -0300] "POST /cormun/servlet/hlogin?97d26f5ddeea836ddc6fe433238f362a,gx-no-cache=1744819150832 HTTP/1.1" 200 90
179.57.78.71 - - [16/Apr/2025:12:57:04 -0300] "GET /cormun/servlet/hpexe_link HTTP/1.1" 200 948
179.57.78.71 - - [16/Apr/2025:12:57:04 -0300] "GET /cormun/servlet/hhome HTTP/1.1" 200 4240
179.57.78.71 - - [16/Apr/2025:12:57:08 -0300] "GET /cormun/servlet/trlicencias? HTTP/1.1" 200 12105
190.95.15.9 - - [16/Apr/2025:12:57:14 -0300] "GET /cormun/servlet/solicitudot?e373c1c49326c5d24c0b0bc72937f4749241d05132f65db8217474488262c39d1b632c75a387ad01b619e614f8a0d7b1,gx-no-cache=1744819161696 HTTP/1.1" 200 30
190.95.15.9 - - [16/Apr/2025:12:57:30 -0300] "POST /cormun/servlet/solicitudot?gx-no-cache=1744819178567 HTTP/1.1" 200 33
190.95.15.9 - - [16/Apr/2025:12:57:52 -0300] "GET /cormun/servlet/solicitudot?e373c1c49326c5d24c0b0bc72937f474e4c7e0ca1cce08a2e6f1f8b2e6c8e4d6b7544c927d1b31fb770f570bf265f052,gx-no-cache=1744819200090 HTTP/1.1" 200 30
190.95.15.9 - - [16/Apr/2025:12:57:52 -0300] "POST /cormun/servlet/solicitudot?gx-no-cache=1744819200127 HTTP/1.1" 200 33
190.95.15.9 - - [16/Apr/2025:12:57:52 -0300] "POST /cormun/servlet/solicitudot?38056d35784346e08a460d2587d9a66f,INS,0,0,false,,gx-no-cache=1744819200192 HTTP/1.1" 200 93
190.95.15.9 - - [16/Apr/2025:12:57:52 -0300] "GET /cormun/servlet/hpexe_return? HTTP/1.1" 200 1026
190.95.15.9 - - [16/Apr/2025:12:57:53 -0300] "GET /cormun/servlet/trsolicitudot?gx-no-cache=1744818876813 HTTP/1.1" 200 9598
190.95.15.9 - - [16/Apr/2025:12:58:05 -0300] "POST /cormun/servlet/trsolicitudot?38056d35784346e08a460d2587d9a66f,gx-no-cache=1744818876813,gx-no-cache=1744819212901 HTTP/1.1" 200 6393
190.95.15.15 - - [16/Apr/2025:12:58:11 -0300] "GET /cormun/servlet/trpermisosgoce? HTTP/1.1" 200 6033
190.95.15.15 - - [16/Apr/2025:12:58:11 -0300] "GET /cormun/servlet/hlogin HTTP/1.1" 200 1739
190.95.15.15 - - [16/Apr/2025:12:58:18 -0300] "POST /cormun/servlet/hlogin?41b074609abfd015c65352fc75acd347,gx-no-cache=1744819224704 HTTP/1.1" 200 90
190.95.15.15 - - [16/Apr/2025:12:58:18 -0300] "GET /cormun/servlet/hpexe_link HTTP/1.1" 200 956
190.95.15.15 - - [16/Apr/2025:12:58:19 -0300] "GET /cormun/servlet/trpermisosgoce HTTP/1.1" 200 9148
190.95.15.15 - - [16/Apr/2025:12:58:21 -0300] "GET /cormun/servlet/trpermisosadjuntos?12292755,20250416093904,P, HTTP/1.1" 200 6298
190.95.15.15 - - [16/Apr/2025:12:58:21 -0300] "GET /cormun/static/gxcfg.js?2020121641683 HTTP/1.1" 200 953
190.95.15.15 - - [16/Apr/2025:12:58:21 -0300] "GET /cormun/static/trpermisosadjuntos.js?2020121642996 HTTP/1.1" 200 20158
190.95.15.15 - - [16/Apr/2025:12:58:24 -0300] "GET /cormun/servlet/permisosadjuntos?INS,12292755,P,20250416093904,, HTTP/1.1" 200 5618
190.95.15.15 - - [16/Apr/2025:12:58:24 -0300] "GET /cormun/static/gxcfg.js?20201215134212 HTTP/1.1" 200 953
190.95.15.15 - - [16/Apr/2025:12:58:24 -0300] "GET /cormun/static/permisosadjuntos.js?20201215134285 HTTP/1.1" 200 8724
190.95.15.15 - - [16/Apr/2025:12:58:24 -0300] "GET /cormun/static/about:blank HTTP/1.1" 404 1011
190.95.15.9 - - [16/Apr/2025:12:58:30 -0300] "POST /cormun/servlet/trsolicitudot?38056d35784346e08a460d2587d9a66f,gx-no-cache=1744818876813,gx-no-cache=1744819238316 HTTP/1.1" 200 6700
190.95.15.9 - - [16/Apr/2025:12:58:37 -0300] "POST /cormun/servlet/trsolicitudot?38056d35784346e08a460d2587d9a66f,gx-no-cache=1744818876813,gx-no-cache=1744819245031 HTTP/1.1" 200 6677
190.95.15.15 - - [16/Apr/2025:12:58:38 -0300] "POST /cormun/servlet/permisosadjuntos?41b074609abfd015c65352fc75acd347,INS,12292755,P,20250416093904,, HTTP/1.1" 200 116
190.95.15.15 - - [16/Apr/2025:12:58:38 -0300] "GET /cormun/servlet/hpexe_return? HTTP/1.1" 200 1039
190.95.15.15 - - [16/Apr/2025:12:58:38 -0300] "GET /cormun/servlet/trpermisosadjuntos?12292755,20250416093904,P, HTTP/1.1" 200 6779
190.95.15.15 - - [16/Apr/2025:12:58:41 -0300] "GET /cormun/servlet/trpermisosgoce? HTTP/1.1" 200 9147
190.95.15.15 - - [16/Apr/2025:12:58:44 -0300] "GET /cormun/servlet/trpermisosadjuntos?18040996,20250416095607,P, HTTP/1.1" 200 6296
190.95.15.9 - - [16/Apr/2025:12:58:46 -0300] "POST /cormun/servlet/trsolicitudot?38056d35784346e08a460d2587d9a66f,gx-no-cache=1744818876813,gx-no-cache=1744819253754 HTTP/1.1" 200 6677
190.95.15.15 - - [16/Apr/2025:12:58:46 -0300] "GET /cormun/servlet/permisosadjuntos?INS,18040996,P,20250416095607,, HTTP/1.1" 200 5619
190.95.15.15 - - [16/Apr/2025:12:58:46 -0300] "GET /cormun/static/about:blank HTTP/1.1" 404 1011
190.95.15.9 - - [16/Apr/2025:12:58:47 -0300] "POST /cormun/servlet/trsolicitudot?38056d35784346e08a460d2587d9a66f,gx-no-cache=1744818876813,gx-no-cache=1744819255483 HTTP/1.1" 200 6677
190.95.15.9 - - [16/Apr/2025:12:58:49 -0300] "POST /cormun/servlet/trsolicitudot?38056d35784346e08a460d2587d9a66f,gx-no-cache=1744818876813,gx-no-cache=1744819257138 HTTP/1.1" 200 6677
190.95.15.9 - - [16/Apr/2025:12:58:50 -0300] "POST /cormun/servlet/trsolicitudot?38056d35784346e08a460d2587d9a66f,gx-no-cache=1744818876813,gx-no-cache=1744819258202 HTTP/1.1" 200 6677
190.95.15.15 - - [16/Apr/2025:12:58:55 -0300] "POST /cormun/servlet/permisosadjuntos?41b074609abfd015c65352fc75acd347,INS,18040996,P,20250416095607,, HTTP/1.1" 200 116
190.95.15.15 - - [16/Apr/2025:12:58:55 -0300] "GET /cormun/servlet/hpexe_return? HTTP/1.1" 200 1039
190.95.15.15 - - [16/Apr/2025:12:58:55 -0300] "GET /cormun/servlet/trpermisosadjuntos?18040996,20250416095607,P, HTTP/1.1" 200 6784
179.57.78.71 - - [16/Apr/2025:12:58:56 -0300] "GET /cormun/servlet/hlogin HTTP/1.1" 200 1722
190.95.15.9 - - [16/Apr/2025:12:58:57 -0300] "GET /cormun/servlet/vesolicitudot?2025,22441,, HTTP/1.1" 200 8656
190.95.15.9 - - [16/Apr/2025:12:58:57 -0300] "GET /cormun/pexe_scrolldiv.js HTTP/1.1" 404 1009
190.95.15.15 - - [16/Apr/2025:12:58:57 -0300] "GET /cormun/servlet/trpermisosgoce? HTTP/1.1" 200 9147
190.95.15.15 - - [16/Apr/2025:12:59:00 -0300] "GET /cormun/servlet/trpermisosadjuntos?17970245,20250415094722,P, HTTP/1.1" 200 6304
179.57.78.71 - - [16/Apr/2025:12:59:01 -0300] "POST /cormun/servlet/hlogin?e632a0b2b7da22d94a12614f8618494b,gx-no-cache=1744819267237 HTTP/1.1" 200 90
179.57.78.71 - - [16/Apr/2025:12:59:01 -0300] "GET /cormun/servlet/hpexe_link HTTP/1.1" 200 953
201.186.225.183 - - [16/Apr/2025:12:59:01 -0300] "GET /cormun/servlet/hlogin HTTP/1.1" 200 1722
201.186.225.183 - - [16/Apr/2025:12:59:01 -0300] "GET /cormun/static/gxtimezone.js?85251 HTTP/1.1" 200 5781
201.186.225.183 - - [16/Apr/2025:12:59:01 -0300] "GET /cormun/static/messages.spa.js?85251 HTTP/1.1" 200 30736
179.57.78.71 - - [16/Apr/2025:12:59:01 -0300] "GET /cormun/servlet/hhome HTTP/1.1" 200 4243
201.186.225.183 - - [16/Apr/2025:12:59:01 -0300] "GET /cormun/static/gxgral.js?85251 HTTP/1.1" 200 384558
201.186.225.183 - - [16/Apr/2025:12:59:01 -0300] "GET /cormun/static/Resources/indicator.gif HTTP/1.1" 200 1553
201.186.225.183 - - [16/Apr/2025:12:59:01 -0300] "GET /favicon.ico HTTP/1.1" 200 21630
190.95.15.15 - - [16/Apr/2025:12:59:02 -0300] "GET /cormun/servlet/permisosadjuntos?INS,17970245,P,20250415094722,, HTTP/1.1" 200 5623
190.95.15.15 - - [16/Apr/2025:12:59:02 -0300] "GET /cormun/static/about:blank HTTP/1.1" 404 1011
179.57.78.71 - - [16/Apr/2025:12:59:05 -0300] "GET /cormun/servlet/trlicencias? HTTP/1.1" 200 12107
201.186.225.183 - - [16/Apr/2025:12:59:06 -0300] "POST /cormun/servlet/hlogin?0c308cbfe022183fdd53642e828f317b,gx-no-cache=1744819272106 HTTP/1.1" 200 90
201.186.225.183 - - [16/Apr/2025:12:59:06 -0300] "GET /cormun/servlet/hpexe_link HTTP/1.1" 200 964
201.186.225.183 - - [16/Apr/2025:12:59:06 -0300] "GET /cormun/servlet/permisogoce?INS,0,,, HTTP/1.1" 200 6831
201.186.225.183 - - [16/Apr/2025:12:59:06 -0300] "GET /cormun/static/calendar.js?85251 HTTP/1.1" 200 26246
201.186.225.183 - - [16/Apr/2025:12:59:06 -0300] "GET /cormun/static/calendar-setup.js?85251 HTTP/1.1" 200 2588
201.186.225.183 - - [16/Apr/2025:12:59:06 -0300] "GET /cormun/static/calendar-es.js?85251 HTTP/1.1" 200 1901
201.186.225.183 - - [16/Apr/2025:12:59:06 -0300] "GET /cormun/static/RunJS/RunJS.js HTTP/1.1" 200 288
201.186.225.183 - - [16/Apr/2025:12:59:06 -0300] "GET /cormun/static/PXToolsJavascripts/pexe_autoreload.js HTTP/1.1" 200 1762
201.186.225.183 - - [16/Apr/2025:12:59:06 -0300] "GET /cormun/static/PXToolsJavascripts/pexe_cookies.js HTTP/1.1" 200 792
201.186.225.183 - - [16/Apr/2025:12:59:06 -0300] "GET /cormun/static/PXToolsJavascripts/pexe_windows.js HTTP/1.1" 200 15249
201.186.225.183 - - [16/Apr/2025:12:59:06 -0300] "GET /cormun/static/PXToolsJavascripts/pexe_grid.js HTTP/1.1" 200 7559
201.186.225.183 - - [16/Apr/2025:12:59:06 -0300] "GET /cormun/static/PXToolsJavascripts/pexe_link.js HTTP/1.1" 200 5671
201.186.225.183 - - [16/Apr/2025:12:59:06 -0300] "GET /cormun/static/PXToolsJavascripts/pexe_griddivfix.js HTTP/1.1" 200 6946
201.186.225.183 - - [16/Apr/2025:12:59:06 -0300] "GET /cormun/static/PXToolsJavascripts/pexe_menudivfix.js HTTP/1.1" 200 333
201.186.225.183 - - [16/Apr/2025:12:59:06 -0300] "GET /cormun/static/PXToolsJavascripts/pexe_menus.js HTTP/1.1" 200 1286
201.186.225.183 - - [16/Apr/2025:12:59:06 -0300] "GET /cormun/static/PXToolsJavascripts/pexe_layers.js HTTP/1.1" 200 4114
201.186.225.183 - - [16/Apr/2025:12:59:06 -0300] "GET /cormun/static/PXToolsJavascripts/pexe_oav.js HTTP/1.1" 200 645
201.186.225.183 - - [16/Apr/2025:12:59:06 -0300] "GET /cormun/static/PXToolsJavascripts/pexe_oavdivfix.js HTTP/1.1" 200 639
201.186.225.183 - - [16/Apr/2025:12:59:06 -0300] "GET /cormun/static/PXToolsJavascripts/pexe_picture.js HTTP/1.1" 200 689
201.186.225.183 - - [16/Apr/2025:12:59:06 -0300] "GET /cormun/static/PXToolsJavascripts/pexe_scrolldiv.js HTTP/1.1" 200 4138
201.186.225.183 - - [16/Apr/2025:12:59:06 -0300] "GET /cormun/static/PXToolsJavascripts/pexe_tabdivfix.js HTTP/1.1" 200 898
201.186.225.183 - - [16/Apr/2025:12:59:06 -0300] "GET /cormun/static/PXToolsJavascripts/pexe_tabs.js HTTP/1.1" 200 3748
201.186.225.183 - - [16/Apr/2025:12:59:06 -0300] "GET /cormun/static/PXToolsJavascripts/pexe_popup.js HTTP/1.1" 200 15149
201.186.225.183 - - [16/Apr/2025:12:59:06 -0300] "GET /cormun/static/PXToolsJavascripts/pexe_upload.js HTTP/1.1" 200 1423
201.186.225.183 - - [16/Apr/2025:12:59:06 -0300] "GET /cormun/static/PXToolsJavascripts/PXToolsJavascriptsRender.js HTTP/1.1" 200 367
201.186.225.183 - - [16/Apr/2025:12:59:06 -0300] "GET /cormun/static/Resources/CormunMP2.png HTTP/1.1" 200 6878
201.186.225.183 - - [16/Apr/2025:12:59:06 -0300] "GET /cormun/static/Resources/ImgHome.png HTTP/1.1" 200 1364
201.186.225.183 - - [16/Apr/2025:12:59:06 -0300] "GET /cormun/static/Resources/ImgLogin.png HTTP/1.1" 200 1432
201.186.225.183 - - [16/Apr/2025:12:59:06 -0300] "GET /cormun/static/Resources/Llave.png HTTP/1.1" 200 1395
201.186.225.183 - - [16/Apr/2025:12:59:06 -0300] "GET /cormun/static/Shared/ext/locale/ext-lang-en.js HTTP/1.1" 200 10940
201.186.225.183 - - [16/Apr/2025:12:59:06 -0300] "GET /cormun/static/hpexe_scripts.js?20201214471411 HTTP/1.1" 200 1544
201.186.225.183 - - [16/Apr/2025:12:59:06 -0300] "GET /cormun/static/hwchdr01.js?2022112219251119 HTTP/1.1" 200 996
201.186.225.183 - - [16/Apr/2025:12:59:06 -0300] "GET /cormun/static/hpexe_recentlink.js?20201214471090 HTTP/1.1" 200 2144
201.186.225.183 - - [16/Apr/2025:12:59:06 -0300] "GET /cormun/static/gxdec.js?85251 HTTP/1.1" 200 19579
201.186.225.183 - - [16/Apr/2025:12:59:06 -0300] "GET /cormun/static/gxui/gxui-all.js HTTP/1.1" 200 107772
201.186.225.183 - - [16/Apr/2025:12:59:06 -0300] "GET /cormun/static/hpexe_messagecontroller.js?202211298371222 HTTP/1.1" 200 870
201.186.225.183 - - [16/Apr/2025:12:59:06 -0300] "GET /cormun/static/hpexe_messagepopupcomponent.js?2020121447232 HTTP/1.1" 200 605
201.186.225.183 - - [16/Apr/2025:12:59:06 -0300] "GET /cormun/static/hpexe_messagegenexuscomponent.js?20221129836373 HTTP/1.1" 200 587
201.186.225.183 - - [16/Apr/2025:12:59:06 -0300] "GET /cormun/static/cmcontrolpreferences.js?20199141926336 HTTP/1.1" 200 1375
201.186.225.183 - - [16/Apr/2025:12:59:06 -0300] "GET /cormun/static/Resources/PXToolsDataTitle.png HTTP/1.1" 200 1173
201.186.225.183 - - [16/Apr/2025:12:59:06 -0300] "GET /cormun/static/SmoothNavMenu/resources/ddsmoothmenu.js HTTP/1.1" 200 12712
201.186.225.183 - - [16/Apr/2025:12:59:06 -0300] "GET /cormun/static/SmoothNavMenu/resources/SmoothNavMenuRender.js HTTP/1.1" 200 5951
201.186.225.183 - - [16/Apr/2025:12:59:06 -0300] "GET /cormun/static/Shared/jquery/jquery-1.4.2.min.js HTTP/1.1" 200 72174
201.186.225.183 - - [16/Apr/2025:12:59:06 -0300] "GET /cormun/static/scaMessage/js/jquery.pnotify.min.js HTTP/1.1" 200 13038
201.186.225.183 - - [16/Apr/2025:12:59:06 -0300] "GET /cormun/static/scaMessage/scaMessageRender.js HTTP/1.1" 200 11977
201.186.225.183 - - [16/Apr/2025:12:59:06 -0300] "GET /cormun/static/hmpwkw03.js?20221129844354 HTTP/1.1" 200 3971
201.186.225.183 - - [16/Apr/2025:12:59:06 -0300] "GET /cormun/static/Shared/jqueryui/jquery-ui.min.js HTTP/1.1" 200 240427
201.186.225.183 - - [16/Apr/2025:12:59:06 -0300] "GET /cormun/static/Shared/jquery/jquery-1.10.2.min.js HTTP/1.1" 200 273199
201.186.225.183 - - [16/Apr/2025:12:59:06 -0300] "GET /cormun/static/Shared/ext/ext-all.js HTTP/1.1" 200 1289687
201.186.225.183 - - [16/Apr/2025:12:59:07 -0300] "GET /cormun/static/SmoothNavMenu/resources/images/down.gif HTTP/1.1" 200 854
190.95.15.9 - - [16/Apr/2025:12:59:10 -0300] "GET /cormun/servlet/trsolicitudot? HTTP/1.1" 200 9593
190.95.15.15 - - [16/Apr/2025:12:59:11 -0300] "POST /cormun/servlet/permisosadjuntos?41b074609abfd015c65352fc75acd347,INS,17970245,P,20250415094722,, HTTP/1.1" 200 116
190.95.15.15 - - [16/Apr/2025:12:59:11 -0300] "GET /cormun/servlet/hpexe_return? HTTP/1.1" 200 1038
190.95.15.15 - - [16/Apr/2025:12:59:11 -0300] "GET /cormun/servlet/trpermisosadjuntos?17970245,20250415094722,P, HTTP/1.1" 200 6792
201.186.225.183 - - [16/Apr/2025:12:59:11 -0300] "GET /cormun/servlet/trpermisosgoce? HTTP/1.1" 200 18511
190.95.15.15 - - [16/Apr/2025:12:59:13 -0300] "GET /cormun/servlet/trpermisosgoce? HTTP/1.1" 200 9147
190.95.15.15 - - [16/Apr/2025:12:59:17 -0300] "POST /cormun/servlet/trpermisosgoce?41b074609abfd015c65352fc75acd347,,gx-no-cache=1744819282954 HTTP/1.1" 200 6351
190.95.15.9 - - [16/Apr/2025:12:59:17 -0300] "POST /cormun/servlet/trsolicitudot?38056d35784346e08a460d2587d9a66f,,gx-no-cache=1744819285158 HTTP/1.1" 200 6396
190.95.15.15 - - [16/Apr/2025:12:59:17 -0300] "GET /cormun/static/Shared/jqueryui/images/ui-bg_highlight-soft_100_c6c2c8_1x100.png HTTP/1.1" 404 1117
190.95.15.15 - - [16/Apr/2025:12:59:17 -0300] "GET /cormun/static/Shared/jqueryui/images/ui-icons_82798d_256x240.png HTTP/1.1" 404 1089
190.95.15.15 - - [16/Apr/2025:12:59:17 -0300] "GET /cormun/static/Shared/jqueryui/images/ui-bg_flat_55_fafafa_40x100.png HTTP/1.1" 404 1097
190.95.15.15 - - [16/Apr/2025:12:59:17 -0300] "GET /cormun/static/Shared/jqueryui/images/ui-icons_8d78a5_256x240.png HTTP/1.1" 404 1089
190.95.15.15 - - [16/Apr/2025:12:59:19 -0300] "POST /cormun/servlet/trpermisosgoce?41b074609abfd015c65352fc75acd347,,gx-no-cache=1744819284850 HTTP/1.1" 200 6347
190.95.15.9 - - [16/Apr/2025:12:59:19 -0300] "GET /cormun/servlet/solicitudot?INS,0,0,false, HTTP/1.1" 200 16242
190.95.15.15 - - [16/Apr/2025:12:59:21 -0300] "POST /cormun/servlet/trpermisosgoce?41b074609abfd015c65352fc75acd347,,gx-no-cache=1744819286738 HTTP/1.1" 200 6310
179.57.78.9 - - [16/Apr/2025:12:59:22 -0300] "GET /cormun/servlet/hlogin HTTP/1.1" 200 1712
190.95.15.9 - - [16/Apr/2025:12:59:28 -0300] "POST /cormun/servlet/solicitudot?gx-no-cache=1744819295969 HTTP/1.1" 200 4046
190.95.15.9 - - [16/Apr/2025:12:59:28 -0300] "POST /cormun/servlet/solicitudot?38056d35784346e08a460d2587d9a66f,INS,0,0,false,,gx-no-cache=1744819296131 HTTP/1.1" 200 12899
190.95.15.15 - - [16/Apr/2025:12:59:31 -0300] "GET /cormun/servlet/hlogin HTTP/1.1" 200 1739
179.57.78.9 - - [16/Apr/2025:12:59:32 -0300] "POST /cormun/servlet/hlogin?6e9bb1cb922dfc4271bd4ccc04bf1424,gx-no-cache=1744819298274 HTTP/1.1" 200 90
179.57.78.9 - - [16/Apr/2025:12:59:32 -0300] "GET /cormun/servlet/hpexe_link HTTP/1.1" 200 944
179.57.78.9 - - [16/Apr/2025:12:59:32 -0300] "GET /cormun/servlet/hhome HTTP/1.1" 200 4334
190.95.15.9 - - [16/Apr/2025:12:59:32 -0300] "GET /cormun/servlet/solicitudot?e373c1c49326c5d24c0b0bc72937f474ff13284a334371d2670e2aa76a598a05d60b4d04d1c6782f6a7519b7734ae3a3,gx-no-cache=1744819300378 HTTP/1.1" 200 30
179.57.78.55 - - [16/Apr/2025:12:59:33 -0300] "GET /cormun/servlet/trpermisosgoce? HTTP/1.1" 200 6030
179.57.78.55 - - [16/Apr/2025:12:59:34 -0300] "GET /cormun/servlet/hlogin HTTP/1.1" 200 1739
179.57.78.9 - - [16/Apr/2025:12:59:35 -0300] "GET /cormun/servlet/trlicencias? HTTP/1.1" 200 11185
179.57.78.55 - - [16/Apr/2025:12:59:37 -0300] "POST /cormun/servlet/hlogin?f43504c63769214e0454a04c327bff16,gx-no-cache=1744819302904 HTTP/1.1" 200 90
179.57.78.55 - - [16/Apr/2025:12:59:37 -0300] "GET /cormun/servlet/hpexe_link HTTP/1.1" 200 954
179.57.78.55 - - [16/Apr/2025:12:59:38 -0300] "GET /cormun/servlet/trpermisosgoce HTTP/1.1" 200 16723
190.95.15.15 - - [16/Apr/2025:12:59:39 -0300] "POST /cormun/servlet/hlogin?41b074609abfd015c65352fc75acd347,gx-no-cache=1744819305147 HTTP/1.1" 200 90
190.95.15.15 - - [16/Apr/2025:12:59:39 -0300] "GET /cormun/servlet/hpexe_link HTTP/1.1" 200 950
190.95.15.15 - - [16/Apr/2025:12:59:39 -0300] "GET /cormun/servlet/hhome HTTP/1.1" 200 4225
201.186.225.183 - - [16/Apr/2025:12:59:39 -0300] "GET /cormun/servlet/trpermisosgoce? HTTP/1.1" 200 18511
179.57.78.55 - - [16/Apr/2025:12:59:40 -0300] "GET /cormun/servlet/permisogoce?INS,0,,, HTTP/1.1" 200 6844
190.95.15.15 - - [16/Apr/2025:12:59:43 -0300] "GET /cormun/servlet/trautorizarpermisogoce? HTTP/1.1" 200 8420
190.95.15.15 - - [16/Apr/2025:12:59:43 -0300] "GET /cormun/static/gxcfg.js?2020121645532 HTTP/1.1" 200 953
190.95.15.15 - - [16/Apr/2025:12:59:43 -0300] "GET /cormun/static/trautorizarpermisogoce.js?2020121651492 HTTP/1.1" 200 34948
190.95.15.15 - - [16/Apr/2025:12:59:46 -0300] "POST /cormun/servlet/trautorizarpermisogoce?41b074609abfd015c65352fc75acd347,,gx-no-cache=1744819311597 HTTP/1.1" 200 5557
190.95.15.15 - - [16/Apr/2025:12:59:46 -0300] "POST /cormun/servlet/trautorizarpermisogoce?41b074609abfd015c65352fc75acd347,,gx-no-cache=1744819312397 HTTP/1.1" 200 5281
201.186.225.183 - - [16/Apr/2025:12:59:47 -0300] "GET /cormun/servlet/permisogoce?INS,0,,, HTTP/1.1" 200 6829
190.95.15.15 - - [16/Apr/2025:12:59:47 -0300] "POST /cormun/servlet/trautorizarpermisogoce?41b074609abfd015c65352fc75acd347,,gx-no-cache=1744819313092 HTTP/1.1" 200 4532
179.57.78.55 - - [16/Apr/2025:12:59:52 -0300] "GET /cormun/servlet/permisogoce?749be69583537ac5a73aee45813ebc2adc9b7f0ff214f43bd0afb6f87c9e1a3a51e4d4c800fbd9303a3871a543aa37215b4cac7ddd462a66cdd90b8efc650ebe,gx-no-cache=1744819317025 HTTP/1.1" 200 75
179.57.78.55 - - [16/Apr/2025:12:59:53 -0300] "GET /cormun/static/menuarrow.gif HTTP/1.1" 404 1015
201.186.225.183 - - [16/Apr/2025:12:59:57 -0300] "GET /cormun/servlet/permisogoce?dca31856082ddc1a75cfd663448ee1e1c1df63dd21c693d0569ce4f503ba70133380a9603ebb1f6ab919c160278b2ab08019395f6df8b9173018b048e4d5f28b,gx-no-cache=1744819323607 HTTP/1.1" 200 77
201.186.225.183 - - [16/Apr/2025:12:59:57 -0300] "GET /cormun/static/menuarrow.gif HTTP/1.1" 404 1015
190.95.15.15 - - [16/Apr/2025:13:00:00 -0300] "GET /cormun/servlet/hlogin HTTP/1.1" 200 1744
179.57.78.55 - - [16/Apr/2025:13:00:01 -0300] "GET /cormun/servlet/permisogoce?749be69583537ac5a73aee45813ebc2abbb880dfdaa51e699ad2bab2abde6fabe4dbe9fd9b916f6d4c40f2ac07f6ab3191755e8cfa3fdecb5b01ffa219f65528,gx-no-cache=1744819326955 HTTP/1.1" 200 129
179.57.78.55 - - [16/Apr/2025:13:00:01 -0300] "GET /cormun/static/Shared/jqueryui/images/ui-bg_highlight-soft_100_c6c2c8_1x100.png HTTP/1.1" 404 1117
179.57.78.55 - - [16/Apr/2025:13:00:01 -0300] "GET /cormun/static/Shared/jqueryui/images/ui-icons_82798d_256x240.png HTTP/1.1" 404 1089
179.57.78.55 - - [16/Apr/2025:13:00:01 -0300] "GET /cormun/static/Shared/jqueryui/images/ui-bg_flat_55_994d53_40x100.png HTTP/1.1" 404 1097
179.57.78.55 - - [16/Apr/2025:13:00:01 -0300] "GET /cormun/static/Shared/jqueryui/images/ui-icons_ebccce_256x240.png HTTP/1.1" 404 1089
179.57.78.9 - - [16/Apr/2025:13:00:02 -0300] "GET /cormun/servlet/hlogin HTTP/1.1" 200 1730
201.186.225.183 - - [16/Apr/2025:13:00:06 -0300] "GET /cormun/servlet/permisogoce?dca31856082ddc1a75cfd663448ee1e11ad4f1d8b7f24b740fb2bd0e87b9afde187b2237d9782f634c3d5b21f298f55f79eb6d473374af8abab93f8e98203cc8,gx-no-cache=1744819332756 HTTP/1.1" 200 47
190.95.15.15 - - [16/Apr/2025:13:00:07 -0300] "POST /cormun/servlet/hlogin?41b074609abfd015c65352fc75acd347,gx-no-cache=1744819333059 HTTP/1.1" 200 90
190.95.15.15 - - [16/Apr/2025:13:00:07 -0300] "GET /cormun/servlet/hpexe_link HTTP/1.1" 200 950
190.95.15.15 - - [16/Apr/2025:13:00:07 -0300] "GET /cormun/servlet/hhome HTTP/1.1" 200 3976
179.57.78.55 - - [16/Apr/2025:13:00:07 -0300] "GET /cormun/servlet/permisogoce?749be69583537ac5a73aee45813ebc2abbb880dfdaa51e699ad2bab2abde6fab7a2d5fc1d318a4d075c3a7f20ad8566191755e8cfa3fdecb5b01ffa219f65528,gx-no-cache=1744819332638 HTTP/1.1" 200 47
201.186.225.183 - - [16/Apr/2025:13:00:08 -0300] "POST /cormun/servlet/permisogoce?0c308cbfe022183fdd53642e828f317b,INS,0,,,,gx-no-cache=1744819333638 HTTP/1.1" 200 93
201.186.225.183 - - [16/Apr/2025:13:00:08 -0300] "GET /cormun/servlet/hpexe_return? HTTP/1.1" 200 1010
201.186.225.183 - - [16/Apr/2025:13:00:08 -0300] "GET /cormun/servlet/trpermisosgoce HTTP/1.1" 200 18564
190.95.15.15 - - [16/Apr/2025:13:00:09 -0300] "GET /cormun/servlet/trlicencias? HTTP/1.1" 200 13762
201.186.225.183 - - [16/Apr/2025:13:00:14 -0300] "GET /cormun/servlet/apermisogoceprn?13598462,P,20250416120204,PU HTTP/1.1" 200 1646
179.57.78.55 - - [16/Apr/2025:13:00:15 -0300] "POST /cormun/servlet/permisogoce?f43504c63769214e0454a04c327bff16,INS,0,,,,gx-no-cache=1744819340184 HTTP/1.1" 200 93
179.57.78.55 - - [16/Apr/2025:13:00:15 -0300] "GET /cormun/servlet/hpexe_return? HTTP/1.1" 200 1008
179.57.78.55 - - [16/Apr/2025:13:00:15 -0300] "GET /cormun/servlet/trpermisosgoce HTTP/1.1" 200 16977
179.57.78.55 - - [16/Apr/2025:13:00:18 -0300] "GET /cormun/servlet/apermisogoceprn?10481995,P,20250416120157,PU HTTP/1.1" 200 1650
201.186.225.183 - - [16/Apr/2025:13:00:46 -0300] "GET /cormun/servlet/permisogoce?INS,0,,, HTTP/1.1" 200 6829
190.95.15.9 - - [16/Apr/2025:13:00:49 -0300] "GET /cormun/servlet/prbanco?,MD,,gxPopupLevel%3D0%3B HTTP/1.1" 200 6635
190.95.15.9 - - [16/Apr/2025:13:00:52 -0300] "GET /cormun/servlet/solicitudot?e373c1c49326c5d24c0b0bc72937f474721628b08641a9fd400c0c952b44c9697b586431d6a72d68e80f2b4b26c20e002057c40085bb653006a9ad5d907ec5eb,gx-no-cache=1744819380236 HTTP/1.1" 200 30
190.95.15.9 - - [16/Apr/2025:13:00:54 -0300] "GET /cormun/servlet/solicitudot?e373c1c49326c5d24c0b0bc72937f4748ccca779fbd049a79141355ae6c63355,gx-no-cache=1744819381703 HTTP/1.1" 200 45
201.186.225.183 - - [16/Apr/2025:13:01:10 -0300] "GET /cormun/servlet/permisogoce?dca31856082ddc1a75cfd663448ee1e113d775b63d21dec681e8c0398fd994be3380a9603ebb1f6ab919c160278b2ab08019395f6df8b9173018b048e4d5f28b,gx-no-cache=1744819396235 HTTP/1.1" 200 78
201.186.225.183 - - [16/Apr/2025:13:01:15 -0300] "GET /cormun/servlet/permisogoce?dca31856082ddc1a75cfd663448ee1e1eaf575ea69c43b9288a1237aa38cb0fdcc90f6dd4fd03bc6a79abf726a366889fb300e23a1fd7ade071172ae912cb420,gx-no-cache=1744819401031 HTTP/1.1" 200 47
201.186.225.183 - - [16/Apr/2025:13:01:16 -0300] "POST /cormun/servlet/permisogoce?0c308cbfe022183fdd53642e828f317b,INS,0,,,,gx-no-cache=1744819401959 HTTP/1.1" 200 93
201.186.225.183 - - [16/Apr/2025:13:01:16 -0300] "GET /cormun/servlet/hpexe_return? HTTP/1.1" 200 1010
201.186.225.183 - - [16/Apr/2025:13:01:16 -0300] "GET /cormun/servlet/trpermisosgoce HTTP/1.1" 200 18579
201.186.225.183 - - [16/Apr/2025:13:01:19 -0300] "GET /cormun/servlet/apermisogoceprn?10637809,P,20250416120303,PU HTTP/1.1" 200 1649
201.186.225.183 - - [16/Apr/2025:13:03:01 -0300] "GET /cormun/servlet/permisogoce?INS,0,,, HTTP/1.1" 200 6830
201.186.225.183 - - [16/Apr/2025:13:03:06 -0300] "GET /cormun/servlet/permisogoce?dca31856082ddc1a75cfd663448ee1e15e330bfdab3e0b79d544020b47efaca73380a9603ebb1f6ab919c160278b2ab08019395f6df8b9173018b048e4d5f28b,gx-no-cache=1744819512473 HTTP/1.1" 200 80
201.186.225.183 - - [16/Apr/2025:13:03:11 -0300] "GET /cormun/servlet/permisogoce?dca31856082ddc1a75cfd663448ee1e116514e86f08ac947b876e3c7535e69f0650487d28515604fca74a3c744b702d2fb300e23a1fd7ade071172ae912cb420,gx-no-cache=1744819517810 HTTP/1.1" 200 47
201.186.225.183 - - [16/Apr/2025:13:03:13 -0300] "POST /cormun/servlet/permisogoce?0c308cbfe022183fdd53642e828f317b,INS,0,,,,gx-no-cache=1744819518670 HTTP/1.1" 200 93
201.186.225.183 - - [16/Apr/2025:13:03:13 -0300] "GET /cormun/servlet/hpexe_return? HTTP/1.1" 200 1010
201.186.225.183 - - [16/Apr/2025:13:03:13 -0300] "GET /cormun/servlet/trpermisosgoce HTTP/1.1" 200 18579
201.186.225.183 - - [16/Apr/2025:13:03:17 -0300] "GET /cormun/servlet/apermisogoceprn?16879501,P,20250416120518,PU HTTP/1.1" 200 1649
201.186.225.183 - - [16/Apr/2025:13:03:28 -0300] "GET /cormun/servlet/permisogoce?INS,0,,, HTTP/1.1" 200 6830
201.186.225.183 - - [16/Apr/2025:13:03:34 -0300] "GET /cormun/servlet/permisogoce?dca31856082ddc1a75cfd663448ee1e104794e6c5993d266415d5fa5c61bb1042900e934adc3600631869d430925fa7c929f36b5930b75383063c47ba52aceaa,gx-no-cache=1744819540681 HTTP/1.1" 200 87
201.186.225.183 - - [16/Apr/2025:13:03:39 -0300] "GET /cormun/servlet/permisogoce?dca31856082ddc1a75cfd663448ee1e18ea40a262d9c812f5bd6c01e14abfbe010cf11663c457ec76948c1297b541f5eccf36cd584a110573ed453903721a8c5,gx-no-cache=1744819545246 HTTP/1.1" 200 47
201.186.225.183 - - [16/Apr/2025:13:03:40 -0300] "POST /cormun/servlet/permisogoce?0c308cbfe022183fdd53642e828f317b,INS,0,,,,gx-no-cache=1744819546111 HTTP/1.1" 200 93
201.186.225.183 - - [16/Apr/2025:13:03:40 -0300] "GET /cormun/servlet/hpexe_return? HTTP/1.1" 200 1010
201.186.225.183 - - [16/Apr/2025:13:03:40 -0300] "GET /cormun/servlet/trpermisosgoce HTTP/1.1" 200 18546
201.186.225.183 - - [16/Apr/2025:13:03:45 -0300] "GET /cormun/servlet/apermisogoceprn?6152035,P,20250416120545,PU HTTP/1.1" 200 1647
10.40.40.2 - - [16/Apr/2025:13:04:21 -0300] "GET /cormun/servlet/trsolicitudgral? HTTP/1.1" 200 28857
10.40.40.2 - - [16/Apr/2025:13:04:29 -0300] "GET /cormun/servlet/vesolicitudgral?2025,22431,, HTTP/1.1" 200 8384
10.40.40.2 - - [16/Apr/2025:13:04:29 -0300] "GET /cormun/pexe_scrolldiv.js HTTP/1.1" 404 1009
190.95.15.9 - - [16/Apr/2025:13:05:47 -0300] "POST /cormun/servlet/solicitudot?gx-no-cache=1744819675459 HTTP/1.1" 200 297
190.95.15.9 - - [16/Apr/2025:13:05:47 -0300] "GET /cormun/servlet/solicitudot?e373c1c49326c5d24c0b0bc72937f474ff62c05695f5e994e14db7cfc6c96ad75ea5d81f5379421cecff2d32f5aa48ea1f429eab44fee089b033e7d69b85c531cc954337bf2cfb10b2e3de2c4ce93fdaf8fd05a7b349392654988a3c6b5ef9d03e2ba83abf02b167087e7987729f3aa3911d8c812a0a07fb4b10e9885bec7df77b25ba3d693d1ef224ed874b89cb0bc5b4546026e247597ec1c6c4ae5fb3a2d529f8044eaa044bf76c6579f1af74e832a56904d6c3ad8c72cfb26c0ccd6915ffea25fa74785d943c95e70b0a3484af7475da9b08d8a5727b268205099ae59d30251a59a2c82fa9236b180b34ddd31aaad2a3ed1dd8c697698d13a57df14f95f55be404eff8a770bd0b03ec0ef5714395ca23a01be71e2551fd90e2d94c86cf4c39f0e3a616d224696a08561539c577ada25502def09207b31f704cfabb18978eef2a732f96a2afa331f71b90353403740fcc5b1461d1c91ec4aa8376836e2f680ffa73333af996d9a8bfafff62c248782ab471da50fbd25340ec7fcc7ac5d9292b9be2ea32e123d9d6fb90ccaa960f58,gx-no-cache=1744819675510 HTTP/1.1" 200 30
190.95.15.9 - - [16/Apr/2025:13:05:51 -0300] "POST /cormun/servlet/solicitudot?gx-no-cache=1744819679214 HTTP/1.1" 200 30
190.95.15.9 - - [16/Apr/2025:13:05:53 -0300] "GET /cormun/servlet/prcontratosol?20371223,,,,,MD,,gxPopupLevel%3D0%3B HTTP/1.1" 200 7608
190.95.15.9 - - [16/Apr/2025:13:05:55 -0300] "POST /cormun/servlet/solicitudot?gx-no-cache=1744819683107 HTTP/1.1" 200 1480
190.95.15.9 - - [16/Apr/2025:13:05:55 -0300] "POST /cormun/servlet/solicitudot?gx-no-cache=1744819683153 HTTP/1.1" 200 38
190.95.15.9 - - [16/Apr/2025:13:05:55 -0300] "GET /cormun/servlet/solicitudot?e373c1c49326c5d24c0b0bc72937f4744ba74a964bf6b488fbc46395f17e257a154e2534c61a85a2c4bcddd27b05ce83d707ba0d1a8a2c6e2576ac40dc1b431eb8c1e770b23cd0fee845fee3c28c25b66b1d5ec768741b1a637edac465efc4daa4b37fc9b5bd632a08f5a8bd9119036c,gx-no-cache=1744819683396 HTTP/1.1" 200 110
190.95.15.9 - - [16/Apr/2025:13:05:55 -0300] "POST /cormun/servlet/solicitudot?gx-no-cache=1744819683433 HTTP/1.1" 200 97
190.95.15.9 - - [16/Apr/2025:13:05:55 -0300] "GET /cormun/servlet/solicitudot?e373c1c49326c5d24c0b0bc72937f474dd17e2e485e008a55d54a0e9d8c64d450295d8f8daa0f488a6c0e44319a6e4096e1ddf5a60648483063e3981137eee0614ece512397b1339a977b681a8793cfdc52cd0e47e81e7c093610e49c1f91a7f90ec269803215f58aa42329e645d92c8,gx-no-cache=1744819683469 HTTP/1.1" 200 29
190.95.15.9 - - [16/Apr/2025:13:05:55 -0300] "GET /cormun/servlet/solicitudot?e373c1c49326c5d24c0b0bc72937f47472bbe71272027efe6e32bcc53ba0c5ffb7544c927d1b31fb770f570bf265f052,gx-no-cache=1744819683492 HTTP/1.1" 200 134
190.95.15.9 - - [16/Apr/2025:13:05:55 -0300] "GET /cormun/static/Shared/jqueryui/images/ui-bg_highlight-soft_100_c6c2c8_1x100.png HTTP/1.1" 404 1117
190.95.15.9 - - [16/Apr/2025:13:05:55 -0300] "GET /cormun/static/Shared/jqueryui/images/ui-bg_flat_55_994d53_40x100.png HTTP/1.1" 404 1097
190.95.15.9 - - [16/Apr/2025:13:05:55 -0300] "GET /cormun/static/Shared/jqueryui/images/ui-icons_82798d_256x240.png HTTP/1.1" 404 1089
190.95.15.9 - - [16/Apr/2025:13:05:55 -0300] "GET /cormun/static/Shared/jqueryui/images/ui-icons_ebccce_256x240.png HTTP/1.1" 404 1089
201.186.225.183 - - [16/Apr/2025:13:06:11 -0300] "GET /cormun/servlet/trlicencias? HTTP/1.1" 200 14820
190.95.15.9 - - [16/Apr/2025:13:06:38 -0300] "GET /cormun/servlet/solicitudot?e373c1c49326c5d24c0b0bc72937f4744ba74a964bf6b488fbc46395f17e257a154e2534c61a85a2c4bcddd27b05ce83d707ba0d1a8a2c6e2576ac40dc1b431eb8c1e770b23cd0fee845fee3c28c25b66b1d5ec768741b1a637edac465efc4daa4b37fc9b5bd632a08f5a8bd9119036c,gx-no-cache=1744819725663 HTTP/1.1" 200 110
201.186.225.183 - - [16/Apr/2025:13:06:52 -0300] "GET /cormun/servlet/licenciaspermisos?INS,0,,, HTTP/1.1" 200 7576
201.186.225.183 - - [16/Apr/2025:13:06:57 -0300] "GET /cormun/servlet/trpermisosgoce? HTTP/1.1" 200 18529
201.186.225.183 - - [16/Apr/2025:13:06:59 -0300] "GET /cormun/servlet/permisogoce?INS,0,,, HTTP/1.1" 200 6830
190.95.15.9 - - [16/Apr/2025:13:07:00 -0300] "GET /cormun/static/menuarrow.gif HTTP/1.1" 404 1015
201.186.225.183 - - [16/Apr/2025:13:07:04 -0300] "GET /cormun/servlet/permisogoce?dca31856082ddc1a75cfd663448ee1e16d3593cb20f97c856f78e38034c9aa763380a9603ebb1f6ab919c160278b2ab08019395f6df8b9173018b048e4d5f28b,gx-no-cache=1744819750312 HTTP/1.1" 200 226
201.186.225.183 - - [16/Apr/2025:13:07:04 -0300] "GET /cormun/static/Shared/jqueryui/images/ui-bg_highlight-soft_100_c6c2c8_1x100.png HTTP/1.1" 404 1117
201.186.225.183 - - [16/Apr/2025:13:07:04 -0300] "GET /cormun/static/Shared/jqueryui/images/ui-icons_82798d_256x240.png HTTP/1.1" 404 1089
201.186.225.183 - - [16/Apr/2025:13:07:04 -0300] "GET /cormun/static/Shared/jqueryui/images/ui-icons_ebccce_256x240.png HTTP/1.1" 404 1089
201.186.225.183 - - [16/Apr/2025:13:07:04 -0300] "GET /cormun/static/Shared/jqueryui/images/ui-bg_flat_55_994d53_40x100.png HTTP/1.1" 404 1097
201.186.225.183 - - [16/Apr/2025:13:07:10 -0300] "GET /cormun/servlet/permisogoce?dca31856082ddc1a75cfd663448ee1e16d3593cb20f97c856f78e38034c9aa763380a9603ebb1f6ab919c160278b2ab08019395f6df8b9173018b048e4d5f28b,gx-no-cache=1744819756423 HTTP/1.1" 200 226
201.186.225.183 - - [16/Apr/2025:13:07:19 -0300] "GET /cormun/servlet/trpermisosgoce? HTTP/1.1" 200 18528
190.95.15.9 - - [16/Apr/2025:13:07:20 -0300] "GET /cormun/servlet/solicitudot?e373c1c49326c5d24c0b0bc72937f474e4c7e0ca1cce08a2e6f1f8b2e6c8e4d6b7544c927d1b31fb770f570bf265f052,gx-no-cache=1744819767831 HTTP/1.1" 200 30
190.95.15.9 - - [16/Apr/2025:13:07:20 -0300] "POST /cormun/servlet/solicitudot?gx-no-cache=1744819767865 HTTP/1.1" 200 33
201.186.225.183 - - [16/Apr/2025:13:07:21 -0300] "GET /cormun/servlet/permisogoce?INS,0,,, HTTP/1.1" 200 6830
201.186.225.183 - - [16/Apr/2025:13:07:26 -0300] "GET /cormun/servlet/permisogoce?dca31856082ddc1a75cfd663448ee1e19635c0b995465127ceeb23b077fd92d83380a9603ebb1f6ab919c160278b2ab08019395f6df8b9173018b048e4d5f28b,gx-no-cache=1744819772372 HTTP/1.1" 200 82
201.186.225.183 - - [16/Apr/2025:13:07:27 -0300] "GET /cormun/static/menuarrow.gif HTTP/1.1" 404 1015
190.95.15.9 - - [16/Apr/2025:13:07:28 -0300] "POST /cormun/servlet/solicitudot?38056d35784346e08a460d2587d9a66f,INS,0,0,false,,gx-no-cache=1744819776412 HTTP/1.1" 200 93
190.95.15.9 - - [16/Apr/2025:13:07:29 -0300] "GET /cormun/servlet/hpexe_return? HTTP/1.1" 200 1004
190.95.15.9 - - [16/Apr/2025:13:07:29 -0300] "GET /cormun/servlet/trsolicitudot? HTTP/1.1" 200 9702
201.186.225.183 - - [16/Apr/2025:13:07:31 -0300] "GET /cormun/servlet/permisogoce?dca31856082ddc1a75cfd663448ee1e145ea4ee00f3533467030c90223b89d5dd23447c5e77d746becea6f84ac94fabbfb300e23a1fd7ade071172ae912cb420,gx-no-cache=1744819777220 HTTP/1.1" 200 47
201.186.225.183 - - [16/Apr/2025:13:07:32 -0300] "POST /cormun/servlet/permisogoce?0c308cbfe022183fdd53642e828f317b,INS,0,,,,gx-no-cache=1744819778075 HTTP/1.1" 200 93
201.186.225.183 - - [16/Apr/2025:13:07:32 -0300] "GET /cormun/servlet/hpexe_return? HTTP/1.1" 200 1010
201.186.225.183 - - [16/Apr/2025:13:07:32 -0300] "GET /cormun/servlet/trpermisosgoce HTTP/1.1" 200 18538
201.186.225.183 - - [16/Apr/2025:13:07:35 -0300] "GET /cormun/servlet/apermisogoceprn?18143626,P,20250416120937,PU HTTP/1.1" 200 1656
190.95.15.9 - - [16/Apr/2025:13:07:42 -0300] "POST /cormun/servlet/trsolicitudot?38056d35784346e08a460d2587d9a66f,,gx-no-cache=1744819789838 HTTP/1.1" 200 112
190.95.15.9 - - [16/Apr/2025:13:07:42 -0300] "GET /cormun/servlet/solicitudot?UPD,2025,22446,false, HTTP/1.1" 200 16891
190.95.15.9 - - [16/Apr/2025:13:07:43 -0300] "POST /cormun/servlet/solicitudot?gx-no-cache=1744819791053 HTTP/1.1" 200 4129
190.95.15.9 - - [16/Apr/2025:13:07:43 -0300] "POST /cormun/servlet/solicitudot?38056d35784346e08a460d2587d9a66f,UPD,2025,22446,false,,gx-no-cache=1744819791206 HTTP/1.1" 200 13083
