190.95.67.91 - - [15/Apr/2025:11:15:11 -0300] "GET /cormun/servlet/hpexe_return? HTTP/1.1" 200 1009
190.95.67.91 - - [15/Apr/2025:11:15:12 -0300] "GET /cormun/servlet/trsolicitudot HTTP/1.1" 200 8750
185.91.127.81 - - [15/Apr/2025:11:15:23 -0300] "CONNECT pro.ip-api.com:443 HTTP/1.1" 400 -
201.186.225.185 - - [15/Apr/2025:11:15:55 -0300] "GET /cormun/servlet/solicitudot?e964ad1146ad17f155334cb7cb778c816f024540d53f279e0883ef92138983806053e208efba6e11dbba7715794301fe,gx-no-cache=1744726683123 HTTP/1.1" 200 30
190.95.67.91 - - [15/Apr/2025:11:16:00 -0300] "POST /cormun/servlet/trsolicitudot?14dd5909ffd9fb56a8e368487fde5dd0,gx-no-cache=1744726687717 HTTP/1.1" 200 107
190.95.67.91 - - [15/Apr/2025:11:16:00 -0300] "GET /cormun/servlet/trsolicitudadjuntos?2025,22437, HTTP/1.1" 200 6336
190.95.67.91 - - [15/Apr/2025:11:16:03 -0300] "GET /cormun/servlet/solicitudotadjuntos?INS,2025,22437,,1, HTTP/1.1" 200 6281
190.95.67.91 - - [15/Apr/2025:11:16:03 -0300] "GET /cormun/static/about:blank HTTP/1.1" 404 1011
190.95.67.91 - - [15/Apr/2025:11:16:04 -0300] "GET /cormun/servlet/solicitudotadjuntos?ac739202f7620c776a6035700809bfa90b366dff4f1b14c77fe53883c5c30514c3a8f48b9e0e589667a7639b977323a8,gx-no-cache=1744726691824 HTTP/1.1" 200 30
190.95.67.91 - - [15/Apr/2025:11:16:04 -0300] "POST /cormun/servlet/solicitudotadjuntos?14dd5909ffd9fb56a8e368487fde5dd0,INS,2025,22437,,1,,gx-no-cache=1744726691836 HTTP/1.1" 200 4189
190.95.67.91 - - [15/Apr/2025:11:16:14 -0300] "POST /cormun/servlet/solicitudotadjuntos?gx-no-cache=1744726701814 HTTP/1.1" 200 26
201.186.225.185 - - [15/Apr/2025:11:16:15 -0300] "GET /cormun/servlet/solicitudot?e964ad1146ad17f155334cb7cb778c811758f3e644938f4a2e20e76d2f7c8f1b286387eda0e3844b445817c9219035c6,gx-no-cache=1744726702804 HTTP/1.1" 200 134
201.186.225.185 - - [15/Apr/2025:11:16:15 -0300] "POST /cormun/servlet/solicitudot?gx-no-cache=1744726702831 HTTP/1.1" 200 30
201.186.225.185 - - [15/Apr/2025:11:16:15 -0300] "POST /cormun/servlet/solicitudot?9344e78a533fc834de34a0c2ccfe7127,INS,0,0,false,,gx-no-cache=1744726702854 HTTP/1.1" 200 13297
179.57.78.55 - - [15/Apr/2025:11:16:30 -0300] "GET /cormun/servlet/permisogoce?9d771e2e2298c758ef2cb7140a364d947a17969687e2860865c496aa2bfe33dc5557fab8436ea14b058c1348907fa4a3174ea289efb2be7657a290c23c2a7a00,gx-no-cache=1744726716122 HTTP/1.1" 200 180
179.57.78.55 - - [15/Apr/2025:11:16:30 -0300] "GET /cormun/static/Shared/jqueryui/images/ui-icons_82798d_256x240.png HTTP/1.1" 404 1089
179.57.78.55 - - [15/Apr/2025:11:16:30 -0300] "GET /cormun/static/Shared/jqueryui/images/ui-bg_flat_55_994d53_40x100.png HTTP/1.1" 404 1097
179.57.78.55 - - [15/Apr/2025:11:16:30 -0300] "GET /cormun/static/Shared/jqueryui/images/ui-bg_highlight-soft_100_c6c2c8_1x100.png HTTP/1.1" 404 1117
179.57.78.55 - - [15/Apr/2025:11:16:30 -0300] "GET /cormun/static/Shared/jqueryui/images/ui-icons_ebccce_256x240.png HTTP/1.1" 404 1089
201.186.225.185 - - [15/Apr/2025:11:16:31 -0300] "GET /cormun/servlet/solicitudot?e964ad1146ad17f155334cb7cb778c811758f3e644938f4a2e20e76d2f7c8f1b20d92b5ae7c9ef7088d01b683835d0f0,gx-no-cache=1744726719258 HTTP/1.1" 200 134
201.186.225.185 - - [15/Apr/2025:11:16:31 -0300] "POST /cormun/servlet/solicitudot?9344e78a533fc834de34a0c2ccfe7127,INS,0,0,false,,gx-no-cache=1744726719288 HTTP/1.1" 200 13349
190.95.67.91 - - [15/Apr/2025:11:16:35 -0300] "GET /cormun/servlet/solicitudotadjuntos?ac739202f7620c776a6035700809bfa9b073a36c44d884e2c7cc90af25ef91f7,gx-no-cache=1744726722730 HTTP/1.1" 200 30
190.95.67.91 - - [15/Apr/2025:11:16:35 -0300] "GET /cormun/servlet/solicitudotadjuntos?ac739202f7620c776a6035700809bfa9b073a36c44d884e2c7cc90af25ef91f7,gx-no-cache=1744726722749 HTTP/1.1" 200 30
201.186.225.185 - - [15/Apr/2025:11:16:40 -0300] "GET /cormun/servlet/solicitudot?e964ad1146ad17f155334cb7cb778c816f024540d53f279e0883ef921389838020d92b5ae7c9ef7088d01b683835d0f0,gx-no-cache=1744726727646 HTTP/1.1" 200 30
201.186.225.185 - - [15/Apr/2025:11:16:40 -0300] "POST /cormun/servlet/solicitudot?gx-no-cache=1744726727673 HTTP/1.1" 200 30
201.186.225.185 - - [15/Apr/2025:11:16:40 -0300] "POST /cormun/servlet/solicitudot?9344e78a533fc834de34a0c2ccfe7127,INS,0,0,false,,gx-no-cache=1744726727697 HTTP/1.1" 200 13372
179.57.78.55 - - [15/Apr/2025:11:16:47 -0300] "GET /cormun/servlet/permisogoce?9d771e2e2298c758ef2cb7140a364d947a17969687e2860865c496aa2bfe33dc5557fab8436ea14b058c1348907fa4a3174ea289efb2be7657a290c23c2a7a00,gx-no-cache=1744726735211 HTTP/1.1" 200 180
179.57.78.55 - - [15/Apr/2025:11:17:22 -0300] "GET /cormun/servlet/permisogoce?9d771e2e2298c758ef2cb7140a364d949a6133db1d195905f0f9421f3e7355c95557fab8436ea14b058c1348907fa4a3174ea289efb2be7657a290c23c2a7a00,gx-no-cache=1744726763560 HTTP/1.1" 200 76
179.57.78.55 - - [15/Apr/2025:11:17:29 -0300] "GET /cormun/servlet/permisogoce?9d771e2e2298c758ef2cb7140a364d940d52096dadf7a68391b1ce208d542f0afebdca067abea9c15cbdc14df53b8856064e7a3144f3f8fe854c01693cca634e,gx-no-cache=1744726776568 HTTP/1.1" 200 47
179.57.78.55 - - [15/Apr/2025:11:17:43 -0300] "POST /cormun/servlet/permisogoce?c000f815bdce06b945fc7d35763a73f3,INS,0,,,,gx-no-cache=1744726779465 HTTP/1.1" 200 93
179.57.78.55 - - [15/Apr/2025:11:17:43 -0300] "GET /cormun/servlet/hpexe_return? HTTP/1.1" 200 1033
179.57.78.55 - - [15/Apr/2025:11:17:44 -0300] "GET /cormun/servlet/trpermisosgoce?gx-no-cache=1744726377795 HTTP/1.1" 200 8296
179.57.78.55 - - [15/Apr/2025:11:17:58 -0300] "POST /cormun/servlet/trpermisosgoce?c000f815bdce06b945fc7d35763a73f3,gx-no-cache=1744726377795,gx-no-cache=1744726801754 HTTP/1.1" 200 15032
179.57.78.55 - - [15/Apr/2025:11:18:03 -0300] "GET /cormun/servlet/apermisogoceprn?19083979,P,20250415101630,PU HTTP/1.1" 200 1639
190.95.67.91 - - [15/Apr/2025:11:18:36 -0300] "POST /cormun/servlet/solicitudotadjuntos?14dd5909ffd9fb56a8e368487fde5dd0,INS,2025,22437,,1, HTTP/1.1" 200 116
190.95.67.91 - - [15/Apr/2025:11:18:36 -0300] "GET /cormun/servlet/hpexe_return? HTTP/1.1" 200 1027
190.95.67.91 - - [15/Apr/2025:11:18:37 -0300] "GET /cormun/servlet/trsolicitudadjuntos?2025,22437, HTTP/1.1" 200 9413
191.127.224.201 - - [15/Apr/2025:11:19:09 -0300] "GET /cormun/servlet/permisogoce?INS,0,,, HTTP/1.1" 200 6770
190.95.67.91 - - [15/Apr/2025:11:19:40 -0300] "GET /cormun/servlet/solicitudotadjuntos?INS,2025,22437,,1, HTTP/1.1" 200 6281
190.95.67.91 - - [15/Apr/2025:11:19:40 -0300] "GET /cormun/static/about:blank HTTP/1.1" 404 1011
190.95.67.91 - - [15/Apr/2025:11:19:40 -0300] "GET /cormun/servlet/solicitudotadjuntos?ac739202f7620c776a6035700809bfa90b366dff4f1b14c77fe53883c5c30514c3a8f48b9e0e589667a7639b977323a8,gx-no-cache=1744726908328 HTTP/1.1" 200 30
190.95.67.91 - - [15/Apr/2025:11:19:40 -0300] "POST /cormun/servlet/solicitudotadjuntos?14dd5909ffd9fb56a8e368487fde5dd0,INS,2025,22437,,1,,gx-no-cache=1744726908340 HTTP/1.1" 200 4189
190.95.67.91 - - [15/Apr/2025:11:19:42 -0300] "POST /cormun/servlet/solicitudotadjuntos?gx-no-cache=1744726909938 HTTP/1.1" 200 26
179.57.78.55 - - [15/Apr/2025:11:19:44 -0300] "POST /cormun/servlet/trpermisosgoce?c000f815bdce06b945fc7d35763a73f3,gx-no-cache=1744726377795,gx-no-cache=1744726911540 HTTP/1.1" 200 15032
179.57.78.55 - - [15/Apr/2025:11:19:47 -0300] "POST /cormun/servlet/trpermisosgoce?c000f815bdce06b945fc7d35763a73f3,gx-no-cache=1744726377795,gx-no-cache=1744726914306 HTTP/1.1" 200 104
179.57.78.55 - - [15/Apr/2025:11:19:47 -0300] "POST /cormun/servlet/trpermisosgoce?c000f815bdce06b945fc7d35763a73f3,gx-no-cache=1744726377795,gx-no-cache=1744726914481 HTTP/1.1" 200 15008
179.57.78.55 - - [15/Apr/2025:11:19:47 -0300] "GET /cormun/PermisosGoce-8012.xls HTTP/1.1" 200 14848
190.95.67.91 - - [15/Apr/2025:11:19:53 -0300] "POST /cormun/servlet/solicitudotadjuntos?gx-no-cache=1744726920738 HTTP/1.1" 200 26
190.95.67.91 - - [15/Apr/2025:11:20:45 -0300] "GET /cormun/servlet/solicitudotadjuntos?ac739202f7620c776a6035700809bfa9b073a36c44d884e2c7cc90af25ef91f7,gx-no-cache=1744726972810 HTTP/1.1" 200 30
190.95.67.91 - - [15/Apr/2025:11:20:45 -0300] "GET /cormun/servlet/solicitudotadjuntos?ac739202f7620c776a6035700809bfa9b073a36c44d884e2c7cc90af25ef91f7,gx-no-cache=1744726972847 HTTP/1.1" 200 30
190.95.67.91 - - [15/Apr/2025:11:20:46 -0300] "POST /cormun/servlet/solicitudotadjuntos?14dd5909ffd9fb56a8e368487fde5dd0,INS,2025,22437,,1, HTTP/1.1" 200 116
190.95.67.91 - - [15/Apr/2025:11:20:46 -0300] "GET /cormun/servlet/hpexe_return? HTTP/1.1" 200 1027
190.95.67.91 - - [15/Apr/2025:11:20:46 -0300] "GET /cormun/servlet/trsolicitudadjuntos?2025,22437, HTTP/1.1" 200 9691
190.95.67.91 - - [15/Apr/2025:11:20:49 -0300] "GET /cormun/servlet/solicitudotadjuntos?INS,2025,22437,,1, HTTP/1.1" 200 6281
190.95.67.91 - - [15/Apr/2025:11:20:49 -0300] "GET /cormun/static/about:blank HTTP/1.1" 404 1011
190.95.67.91 - - [15/Apr/2025:11:20:49 -0300] "GET /cormun/servlet/solicitudotadjuntos?ac739202f7620c776a6035700809bfa90b366dff4f1b14c77fe53883c5c30514c3a8f48b9e0e589667a7639b977323a8,gx-no-cache=1744726977235 HTTP/1.1" 200 30
190.95.67.91 - - [15/Apr/2025:11:20:49 -0300] "POST /cormun/servlet/solicitudotadjuntos?14dd5909ffd9fb56a8e368487fde5dd0,INS,2025,22437,,1,,gx-no-cache=1744726977296 HTTP/1.1" 200 4189
190.95.67.91 - - [15/Apr/2025:11:20:51 -0300] "POST /cormun/servlet/solicitudotadjuntos?gx-no-cache=1744726979546 HTTP/1.1" 200 26
190.95.67.91 - - [15/Apr/2025:11:20:57 -0300] "GET /cormun/servlet/solicitudotadjuntos?ac739202f7620c776a6035700809bfa9b073a36c44d884e2c7cc90af25ef91f7,gx-no-cache=1744726985186 HTTP/1.1" 200 30
190.95.67.91 - - [15/Apr/2025:11:20:57 -0300] "GET /cormun/servlet/solicitudotadjuntos?ac739202f7620c776a6035700809bfa9b073a36c44d884e2c7cc90af25ef91f7,gx-no-cache=1744726985198 HTTP/1.1" 200 30
190.95.67.91 - - [15/Apr/2025:11:21:00 -0300] "POST /cormun/servlet/solicitudotadjuntos?14dd5909ffd9fb56a8e368487fde5dd0,INS,2025,22437,,1, HTTP/1.1" 200 116
190.95.67.91 - - [15/Apr/2025:11:21:00 -0300] "GET /cormun/servlet/hpexe_return? HTTP/1.1" 200 1027
190.95.67.91 - - [15/Apr/2025:11:21:00 -0300] "GET /cormun/servlet/trsolicitudadjuntos?2025,22437, HTTP/1.1" 200 9966
190.95.67.91 - - [15/Apr/2025:11:21:02 -0300] "GET /cormun/servlet/solicitudotadjuntos?INS,2025,22437,,1, HTTP/1.1" 200 6281
190.95.67.91 - - [15/Apr/2025:11:21:02 -0300] "GET /cormun/static/about:blank HTTP/1.1" 404 1011
190.95.67.91 - - [15/Apr/2025:11:21:02 -0300] "GET /cormun/servlet/solicitudotadjuntos?ac739202f7620c776a6035700809bfa90b366dff4f1b14c77fe53883c5c30514c3a8f48b9e0e589667a7639b977323a8,gx-no-cache=1744726990373 HTTP/1.1" 200 30
190.95.67.91 - - [15/Apr/2025:11:21:02 -0300] "POST /cormun/servlet/solicitudotadjuntos?14dd5909ffd9fb56a8e368487fde5dd0,INS,2025,22437,,1,,gx-no-cache=1744726990401 HTTP/1.1" 200 4189
190.95.67.91 - - [15/Apr/2025:11:21:05 -0300] "POST /cormun/servlet/solicitudotadjuntos?gx-no-cache=1744726992586 HTTP/1.1" 200 26
190.95.67.91 - - [15/Apr/2025:11:21:08 -0300] "GET /cormun/servlet/solicitudotadjuntos?ac739202f7620c776a6035700809bfa9b073a36c44d884e2c7cc90af25ef91f7,gx-no-cache=1744726996486 HTTP/1.1" 200 30
190.95.67.91 - - [15/Apr/2025:11:21:08 -0300] "GET /cormun/servlet/solicitudotadjuntos?ac739202f7620c776a6035700809bfa9b073a36c44d884e2c7cc90af25ef91f7,gx-no-cache=1744726996502 HTTP/1.1" 200 30
190.95.67.91 - - [15/Apr/2025:11:21:09 -0300] "POST /cormun/servlet/solicitudotadjuntos?14dd5909ffd9fb56a8e368487fde5dd0,INS,2025,22437,,1, HTTP/1.1" 200 116
190.95.67.91 - - [15/Apr/2025:11:21:09 -0300] "GET /cormun/servlet/hpexe_return? HTTP/1.1" 200 1027
190.95.67.91 - - [15/Apr/2025:11:21:09 -0300] "GET /cormun/servlet/trsolicitudadjuntos?2025,22437, HTTP/1.1" 200 10232
190.95.67.91 - - [15/Apr/2025:11:21:11 -0300] "GET /cormun/servlet/solicitudotadjuntos?INS,2025,22437,,1, HTTP/1.1" 200 6281
190.95.67.91 - - [15/Apr/2025:11:21:11 -0300] "GET /cormun/static/about:blank HTTP/1.1" 404 1011
190.95.67.91 - - [15/Apr/2025:11:21:11 -0300] "GET /cormun/servlet/solicitudotadjuntos?ac739202f7620c776a6035700809bfa90b366dff4f1b14c77fe53883c5c30514c3a8f48b9e0e589667a7639b977323a8,gx-no-cache=1744726999330 HTTP/1.1" 200 30
190.95.67.91 - - [15/Apr/2025:11:21:11 -0300] "POST /cormun/servlet/solicitudotadjuntos?14dd5909ffd9fb56a8e368487fde5dd0,INS,2025,22437,,1,,gx-no-cache=1744726999347 HTTP/1.1" 200 4189
191.127.224.201 - - [15/Apr/2025:11:21:13 -0300] "GET /cormun/servlet/permisogoce?9b1a3ee91d9cd695814782786a8594122bede60ee720a7b97b7c859c4518b91f3c80613d21be469b8fbf29716a35b7732cbf9325afcae315b9158efa7ef9c5c0,gx-no-cache=1744726998819 HTTP/1.1" 200 79
190.95.67.91 - - [15/Apr/2025:11:21:13 -0300] "POST /cormun/servlet/solicitudotadjuntos?gx-no-cache=1744727001306 HTTP/1.1" 200 26
179.57.78.55 - - [15/Apr/2025:11:21:19 -0300] "GET /cormun/servlet/trlicencias? HTTP/1.1" 200 9365
179.57.78.55 - - [15/Apr/2025:11:21:19 -0300] "GET /cormun/servlet/trlicencias? HTTP/1.1" 200 9365
190.95.67.91 - - [15/Apr/2025:11:21:19 -0300] "GET /cormun/servlet/solicitudotadjuntos?ac739202f7620c776a6035700809bfa9b073a36c44d884e2c7cc90af25ef91f7,gx-no-cache=1744727006842 HTTP/1.1" 200 30
190.95.67.91 - - [15/Apr/2025:11:21:19 -0300] "GET /cormun/servlet/solicitudotadjuntos?ac739202f7620c776a6035700809bfa9b073a36c44d884e2c7cc90af25ef91f7,gx-no-cache=1744727006868 HTTP/1.1" 200 30
191.127.224.201 - - [15/Apr/2025:11:21:20 -0300] "GET /cormun/servlet/permisogoce?9b1a3ee91d9cd695814782786a8594129f5a74b30740ea13337cc4700772596703d4baa7ddfe906516a248d278d9664c80aea2405f989374443443383b3ff637,gx-no-cache=1744727007720 HTTP/1.1" 200 47
190.95.67.91 - - [15/Apr/2025:11:21:21 -0300] "POST /cormun/servlet/solicitudotadjuntos?14dd5909ffd9fb56a8e368487fde5dd0,INS,2025,22437,,1, HTTP/1.1" 200 116
190.95.67.91 - - [15/Apr/2025:11:21:21 -0300] "GET /cormun/servlet/hpexe_return? HTTP/1.1" 200 1027
190.95.67.91 - - [15/Apr/2025:11:21:21 -0300] "GET /cormun/servlet/trsolicitudadjuntos?2025,22437, HTTP/1.1" 200 10502
190.95.67.91 - - [15/Apr/2025:11:21:23 -0300] "GET /cormun/servlet/solicitudotadjuntos?INS,2025,22437,,1, HTTP/1.1" 200 6281
190.95.67.91 - - [15/Apr/2025:11:21:23 -0300] "GET /cormun/static/about:blank HTTP/1.1" 404 1011
190.95.67.91 - - [15/Apr/2025:11:21:23 -0300] "GET /cormun/servlet/solicitudotadjuntos?ac739202f7620c776a6035700809bfa90b366dff4f1b14c77fe53883c5c30514c3a8f48b9e0e589667a7639b977323a8,gx-no-cache=1744727011358 HTTP/1.1" 200 30
190.95.67.91 - - [15/Apr/2025:11:21:23 -0300] "POST /cormun/servlet/solicitudotadjuntos?14dd5909ffd9fb56a8e368487fde5dd0,INS,2025,22437,,1,,gx-no-cache=1744727011381 HTTP/1.1" 200 4189
191.127.224.201 - - [15/Apr/2025:11:21:29 -0300] "POST /cormun/servlet/permisogoce?5d5533220227f4645877ffd5882185e0,INS,0,,,,gx-no-cache=1744727011930 HTTP/1.1" 200 93
191.127.224.201 - - [15/Apr/2025:11:21:30 -0300] "GET /cormun/servlet/hpexe_return? HTTP/1.1" 200 1011
191.127.224.201 - - [15/Apr/2025:11:21:30 -0300] "GET /cormun/servlet/trpermisosgoce HTTP/1.1" 200 11721
190.95.67.91 - - [15/Apr/2025:11:21:30 -0300] "POST /cormun/servlet/solicitudotadjuntos?14dd5909ffd9fb56a8e368487fde5dd0,INS,2025,22437,,1,,gx-no-cache=1744727017867 HTTP/1.1" 200 93
190.95.67.91 - - [15/Apr/2025:11:21:30 -0300] "GET /cormun/servlet/hpexe_return? HTTP/1.1" 200 1027
190.95.67.91 - - [15/Apr/2025:11:21:30 -0300] "GET /cormun/servlet/trsolicitudadjuntos?2025,22437, HTTP/1.1" 200 10504
190.95.67.91 - - [15/Apr/2025:11:21:32 -0300] "GET /cormun/servlet/solicitudotadjuntos?INS,2025,22437,,2, HTTP/1.1" 200 6278
190.95.67.91 - - [15/Apr/2025:11:21:32 -0300] "GET /cormun/static/about:blank HTTP/1.1" 404 1011
190.95.67.91 - - [15/Apr/2025:11:21:33 -0300] "GET /cormun/servlet/solicitudotadjuntos?ac739202f7620c776a6035700809bfa90b366dff4f1b14c77fe53883c5c30514c3a8f48b9e0e589667a7639b977323a8,gx-no-cache=1744727020648 HTTP/1.1" 200 30
179.57.78.55 - - [15/Apr/2025:11:21:33 -0300] "POST /cormun/servlet/trlicencias?c000f815bdce06b945fc7d35763a73f3,,gx-no-cache=1744727020914 HTTP/1.1" 200 7030
191.127.224.201 - - [15/Apr/2025:11:21:34 -0300] "GET /cormun/servlet/apermisogoceprn?17134428,P,20250415102128,PU HTTP/1.1" 200 1652
190.95.67.91 - - [15/Apr/2025:11:21:35 -0300] "POST /cormun/servlet/solicitudotadjuntos?14dd5909ffd9fb56a8e368487fde5dd0,INS,2025,22437,,2,,gx-no-cache=1744727020676 HTTP/1.1" 200 4330
190.95.67.91 - - [15/Apr/2025:11:21:44 -0300] "POST /cormun/servlet/solicitudotadjuntos?gx-no-cache=1744727031978 HTTP/1.1" 200 26
190.95.2.163 - - [15/Apr/2025:11:21:46 -0300] "GET /cormun/servlet/trlicencias? HTTP/1.1" 200 6048
190.95.2.163 - - [15/Apr/2025:11:21:47 -0300] "GET /cormun/servlet/hlogin HTTP/1.1" 200 1738
190.95.67.91 - - [15/Apr/2025:11:21:49 -0300] "GET /cormun/servlet/solicitudotadjuntos?ac739202f7620c776a6035700809bfa9b073a36c44d884e2c7cc90af25ef91f7,gx-no-cache=1744727037242 HTTP/1.1" 200 30
190.95.67.91 - - [15/Apr/2025:11:21:49 -0300] "GET /cormun/servlet/solicitudotadjuntos?ac739202f7620c776a6035700809bfa9b073a36c44d884e2c7cc90af25ef91f7,gx-no-cache=1744727037265 HTTP/1.1" 200 30
190.95.67.91 - - [15/Apr/2025:11:21:54 -0300] "POST /cormun/servlet/solicitudotadjuntos?14dd5909ffd9fb56a8e368487fde5dd0,INS,2025,22437,,2, HTTP/1.1" 200 116
190.95.67.91 - - [15/Apr/2025:11:21:54 -0300] "GET /cormun/servlet/hpexe_return? HTTP/1.1" 200 1027
190.95.67.91 - - [15/Apr/2025:11:21:55 -0300] "GET /cormun/servlet/trsolicitudadjuntos?2025,22437, HTTP/1.1" 200 10695
190.95.67.91 - - [15/Apr/2025:11:22:07 -0300] "POST /cormun/servlet/trsolicitudadjuntos?14dd5909ffd9fb56a8e368487fde5dd0,2025,22437,,gx-no-cache=1744727055447 HTTP/1.1" 200 90
190.95.67.91 - - [15/Apr/2025:11:22:07 -0300] "GET /cormun/servlet/hpexe_link HTTP/1.1" 200 970
190.95.67.91 - - [15/Apr/2025:11:22:08 -0300] "GET /cormun/servlet/trsolicitudot HTTP/1.1" 200 8747
179.57.78.55 - - [15/Apr/2025:11:22:09 -0300] "POST /cormun/servlet/trlicencias?c000f815bdce06b945fc7d35763a73f3,,gx-no-cache=1744727055049 HTTP/1.1" 200 5931
190.95.67.91 - - [15/Apr/2025:11:22:14 -0300] "POST /cormun/servlet/trsolicitudot?14dd5909ffd9fb56a8e368487fde5dd0,gx-no-cache=1744727062069 HTTP/1.1" 200 107
190.95.67.91 - - [15/Apr/2025:11:22:14 -0300] "GET /cormun/servlet/trsolicitudadjuntos?2025,22437, HTTP/1.1" 200 10691
190.95.67.91 - - [15/Apr/2025:11:22:17 -0300] "POST /cormun/servlet/trsolicitudadjuntos?14dd5909ffd9fb56a8e368487fde5dd0,2025,22437,,gx-no-cache=1744727065003 HTTP/1.1" 200 90
190.95.67.91 - - [15/Apr/2025:11:22:17 -0300] "GET /cormun/servlet/hpexe_link HTTP/1.1" 200 970
190.95.67.91 - - [15/Apr/2025:11:22:17 -0300] "GET /cormun/servlet/trsolicitudot HTTP/1.1" 200 8747
190.95.67.91 - - [15/Apr/2025:11:22:22 -0300] "POST /cormun/servlet/trsolicitudot?14dd5909ffd9fb56a8e368487fde5dd0,gx-no-cache=1744727066596 HTTP/1.1" 200 4597
190.95.67.91 - - [15/Apr/2025:11:22:22 -0300] "GET /cormun/static/Shared/jqueryui/images/ui-icons_82798d_256x240.png HTTP/1.1" 404 1089
190.95.67.91 - - [15/Apr/2025:11:22:22 -0300] "GET /cormun/static/Shared/jqueryui/images/ui-bg_highlight-soft_100_c6c2c8_1x100.png HTTP/1.1" 404 1117
190.95.67.91 - - [15/Apr/2025:11:22:22 -0300] "GET /cormun/static/Shared/jqueryui/images/ui-icons_8d78a5_256x240.png HTTP/1.1" 404 1089
190.95.67.91 - - [15/Apr/2025:11:22:22 -0300] "GET /cormun/static/Shared/jqueryui/images/ui-bg_flat_55_fafafa_40x100.png HTTP/1.1" 404 1097
190.95.67.91 - - [15/Apr/2025:11:22:22 -0300] "POST /cormun/servlet/trsolicitudot?14dd5909ffd9fb56a8e368487fde5dd0,gx-no-cache=1744727070376 HTTP/1.1" 200 4349
190.95.67.91 - - [15/Apr/2025:11:22:34 -0300] "GET /cormun/servlet/trautorizarsolicitud? HTTP/1.1" 200 8766
122.189.107.214 - - [15/Apr/2025:11:22:46 -0300] "GET /identification.php HTTP/1.1" 404 997
122.189.107.214 - - [15/Apr/2025:11:22:46 -0300] "GET / HTTP/1.1" 200 11217
190.95.67.91 - - [15/Apr/2025:11:22:52 -0300] "POST /cormun/servlet/trautorizarsolicitud?14dd5909ffd9fb56a8e368487fde5dd0,,gx-no-cache=1744727098452 HTTP/1.1" 200 4792
190.95.67.91 - - [15/Apr/2025:11:22:52 -0300] "POST /cormun/servlet/trautorizarsolicitud?14dd5909ffd9fb56a8e368487fde5dd0,,gx-no-cache=1744727100306 HTTP/1.1" 200 4541
179.57.78.55 - - [15/Apr/2025:11:23:02 -0300] "GET /cormun/servlet/trpermisosgoce? HTTP/1.1" 200 17935
179.57.78.55 - - [15/Apr/2025:11:25:10 -0300] "POST /cormun/servlet/trpermisosgoce?c000f815bdce06b945fc7d35763a73f3,,gx-no-cache=1744727237900 HTTP/1.1" 200 15033
179.57.78.55 - - [15/Apr/2025:11:25:32 -0300] "POST /cormun/servlet/trpermisosgoce?c000f815bdce06b945fc7d35763a73f3,,gx-no-cache=1744727259474 HTTP/1.1" 200 5472
179.57.78.55 - - [15/Apr/2025:11:25:53 -0300] "POST /cormun/servlet/trpermisosgoce?c000f815bdce06b945fc7d35763a73f3,,gx-no-cache=1744727280472 HTTP/1.1" 200 15033
179.57.78.55 - - [15/Apr/2025:11:25:55 -0300] "POST /cormun/servlet/trpermisosgoce?c000f815bdce06b945fc7d35763a73f3,,gx-no-cache=1744727282282 HTTP/1.1" 200 104
179.57.78.55 - - [15/Apr/2025:11:25:55 -0300] "GET /cormun/PermisosGoce-5063.xls HTTP/1.1" 200 14848
179.57.78.55 - - [15/Apr/2025:11:26:37 -0300] "GET /cormun/servlet/hlogin HTTP/1.1" 200 1739
190.95.67.91 - - [15/Apr/2025:11:27:59 -0300] "GET /cormun/servlet/trlicencias? HTTP/1.1" 200 15137
179.57.78.55 - - [15/Apr/2025:11:28:09 -0300] "POST /cormun/servlet/hlogin?c000f815bdce06b945fc7d35763a73f3,gx-no-cache=1744727417129 HTTP/1.1" 200 90
179.57.78.55 - - [15/Apr/2025:11:28:09 -0300] "GET /cormun/servlet/hpexe_link HTTP/1.1" 200 951
179.57.78.55 - - [15/Apr/2025:11:28:09 -0300] "GET /cormun/servlet/hhome HTTP/1.1" 200 4258
179.57.78.55 - - [15/Apr/2025:11:28:10 -0300] "GET /cormun/static/SmoothNavMenu/resources/images/right.gif HTTP/1.1" 200 860
179.57.78.55 - - [15/Apr/2025:11:28:20 -0300] "GET /cormun/servlet/trautorizarsolicitud? HTTP/1.1" 200 7374
179.57.78.55 - - [15/Apr/2025:11:28:20 -0300] "GET /cormun/static/gxcfg.js?202211298474254 HTTP/1.1" 200 953
179.57.78.55 - - [15/Apr/2025:11:28:20 -0300] "GET /cormun/static/trautorizarsolicitud.js?202211298474588 HTTP/1.1" 200 53909
201.186.225.249 - - [15/Apr/2025:11:32:46 -0300] "GET /cormun/servlet/hlogin HTTP/1.1" 200 1721
201.186.225.249 - - [15/Apr/2025:11:32:46 -0300] "GET /cormun/servlet/hlogin HTTP/1.1" 200 1732
201.186.225.249 - - [15/Apr/2025:11:32:56 -0300] "POST /cormun/servlet/hlogin?bfec4265606f5c27b0edb84173a87a55,gx-no-cache=1744727703898 HTTP/1.1" 200 90
201.186.225.249 - - [15/Apr/2025:11:32:56 -0300] "GET /cormun/servlet/hpexe_link HTTP/1.1" 200 953
201.186.225.249 - - [15/Apr/2025:11:32:56 -0300] "GET /cormun/servlet/hhome HTTP/1.1" 200 4307
201.186.225.249 - - [15/Apr/2025:11:32:58 -0300] "GET /cormun/servlet/trlicencias? HTTP/1.1" 200 10293
190.95.67.91 - - [15/Apr/2025:11:36:55 -0300] "ÝÙ¾ç῏Ûß ½ºœ>ïi½ÅV±Ï[÷FXÉ¥~@ qùã=&dÅÐӄ٠<¬ ^ƒ%V 2¡C.ñê­sÇ JJÀ+À/À,À0̨̩ÀÀœ/5pêê3ï횚ìÀzÃk²¡¡@ĨkS,æ¹?ºˆR‡gï\CŠÓµ£6àfHy›['x”;w«54pãPðçÇȱ{¨ä Yެ±›æ´~§|½VGøt~s\Re:Ȣ• Èqyƒ ¥8å0+~ÌQG—R¹ÀÓÿü'­soŶËGsŽs2øG,¢|ƒ¤™$Ÿ±´™a+œ›3H9+mtŠ“Ô¡i¶…¦­Œ&ͼ#l¢äâYhÇ­î,½ÂÕ¡@«ªÊg?.0Éô\ÛœoC»{x»1/´v9<:DŽåyü`‘ìl¸Eü€póªÎˆƒ×©Çyzƒ Öm؜΂·„|bØ)R\†ƒ‡vYQt8{" 400 -
190.95.67.91 - - [15/Apr/2025:11:36:55 -0300] "ýù{ÿê½8êÑ]Uò>íëÑóð[᪣L€7ÃUmøX ÀKþá.@vPè-Òd)Åt7¿|ýU®ªìaŠm% À+À/À,À0̨̩ÀÀœ/5ŠŠþ úú ;ÞË¥{-h}Ù¥ýéÄâƒHÈV¼:;¨Ç´ÑYî\ÐN— •I ·êJõŸŠsÇÿ¥nBsCn½\˜Edc!™ ¶x‡pf™á9.}[X/”lëâu±Š [móåW4x÷0†çÐ}vJ†BÚl¤?mhêKaDeý”Â/Å;Œ#*I7̚Iº¿Oh–-{æ"ò,•²å'r´¯ÂV(§*Eè(mqmdÀGåªëQðØf7Âu" 400 -
190.95.67.91 - - [15/Apr/2025:11:36:59 -0300] "ýù0@Τ[ce:ûžw¶cq9a'žªµd”)º¦SÍÞS µ›@ÒÍ9J*Š ?BÎ'£¶shæböEë'ffmÆ êêÀ+À/À,À0̨̩ÀÀœ/5ÊÊ h2http/1.1 #ÿ" 505 -
190.95.67.91 - - [15/Apr/2025:11:36:59 -0300] "½¹Œ$X]µ:Hq·9®j¶oäeËÏ´Cøj>';R(Ñ» U^!R2rÎ܍ " 400 -
190.95.67.91 - - [15/Apr/2025:11:37:01 -0300] "½¹´b-ŽRœPöë뫇„;Ú5ù€°%ò©r«r˜ EÞ«ÿL¦š " 400 -
190.95.67.91 - - [15/Apr/2025:11:37:01 -0300] "½Cäۍ~ÊKгa4 ߎäÔ2Ý>Ä¥2¶ÝZÁ r^I°$TNq¿£ *¼²sHMüÐ V#'qúZ_¶§ êêÀ+À/À,À0̨̩ÀÀœ/5°êê3ïíjjìÀïÐʘLO¦µö£ºà[‰±¬!" 400 -
190.95.67.91 - - [15/Apr/2025:11:37:02 -0300] "Ù-ïæHŸë·ç@¥ñȳ6þªðcnB€n`ÇŽ Yr-šá¼°åé䶒ùVþž5+Î̛¨ jjÀ+À/À,À0̨̩ÀÀœ/5°ÊÊ h2http/1.1 -ÿDÍh2servicioos.cormun.cl+**þ , Œ…=‘Û‘4쁼†ß`ýfðßü¤|dqîÙª@[Jðt™{(¼~q”½s‰O/èdü­¢Ï»ðû¼Æ—³³"Z”q²Õ¾a»\š\ÖPø~Ü\i §‰Ì¸¤'l+’\Ÿ¹Ï¬tžb¨a®¤Ñ!Y²0ä)>Êì}@vtW<Ø+©Ø»ŒP;%ˆðy¾Ý~]" 400 -
190.95.67.91 - - [15/Apr/2025:11:37:02 -0300] "ýù(0`PÕ}ðïe_˜’b«=U¿ùƒXmX¸Úü®ÔL !½ù…]f§×û2#Zu°âØÿý´ª!âTïÚ·¶ ÊÊÀ+À/À,À0̨̩ÀÀœ/5ºº h2http/1.1þ" 400 -
190.95.67.91 - - [15/Apr/2025:11:37:03 -0300] "ýù™ªa­ÙH¢l`…ó€[ë_À44Uåۋ“&ÀÜ @ž¿Ï Lůóð?Ç[²¦³†Öˆ,£ÛN+h¬Ô Àpï À+À/À,À0̨̩ÀÀœ/5 DÍh2 ÿservicioos.cormun.clþ" 400 -
190.95.67.91 - - [15/Apr/2025:11:37:03 -0300] "ýùŽì£ËžØL!úo ÿ‡½_ëä7£¤’tЊuÓnÔ ž²<뮒Au`rFq°m0ü]FHMô Œ)?Ñ ººÀ+À/À,À0̨̩ÀÀœ/5JJ+ŠŠDÍh2þ" 400 -
190.95.67.91 - - [15/Apr/2025:11:37:05 -0300] "GET /cormun/servlet/hlogin HTTP/1.1" 200 1726
190.95.67.91 - - [15/Apr/2025:11:37:05 -0300] "GET /cormun/static/gxtimezone.js?85251 HTTP/1.1" 200 5781
190.95.67.91 - - [15/Apr/2025:11:37:05 -0300] "GET /cormun/static/gxcfg.js?2022112219184450 HTTP/1.1" 200 953
190.95.67.91 - - [15/Apr/2025:11:37:05 -0300] "GET /cormun/static/Resources/CormunLogin.png HTTP/1.1" 200 19132
190.95.67.91 - - [15/Apr/2025:11:37:05 -0300] "GET /cormun/static/messages.spa.js?85251 HTTP/1.1" 200 30736
190.95.67.91 - - [15/Apr/2025:11:37:05 -0300] "GET /cormun/static/hlogin.js?2022112219184458 HTTP/1.1" 200 2156
190.95.67.91 - - [15/Apr/2025:11:37:05 -0300] "GET /cormun/static/Resources/Spanish/PXTools.css?1759030 HTTP/1.1" 200 100853
190.95.67.91 - - [15/Apr/2025:11:37:05 -0300] "GET /cormun/static/gxgral.js?85251 HTTP/1.1" 200 384558
190.95.67.91 - - [15/Apr/2025:11:37:06 -0300] "GET /cormun/static/Resources/PXToolsLoginTop.png HTTP/1.1" 200 1337
190.95.67.91 - - [15/Apr/2025:11:37:06 -0300] "GET /cormun/static/Resources/PXToolsLoginBackground.png HTTP/1.1" 200 1164
190.95.67.91 - - [15/Apr/2025:11:37:06 -0300] "GET /cormun/static/Resources/PXToolsButtonLeft.png HTTP/1.1" 200 1310
190.95.67.91 - - [15/Apr/2025:11:37:06 -0300] "GET /cormun/static/Resources/PXToolsButtonRight.png HTTP/1.1" 200 1294
190.95.67.91 - - [15/Apr/2025:11:37:06 -0300] "GET /cormun/static/Resources/PXToolsButtonBackground.png HTTP/1.1" 200 1176
190.95.67.91 - - [15/Apr/2025:11:37:06 -0300] "GET /cormun/static/Resources/PXToolsLoginBottom.png HTTP/1.1" 200 1389
190.95.67.91 - - [15/Apr/2025:11:37:06 -0300] "GET /cormun/servlet/hlogin HTTP/1.1" 200 1737
190.95.67.91 - - [15/Apr/2025:11:37:06 -0300] "GET /cormun/static/Resources/indicator.gif HTTP/1.1" 200 1553
190.95.67.91 - - [15/Apr/2025:11:37:06 -0300] "GET /cormun/static/Resources/PXToolsButtonRight.png HTTP/1.1" 200 1294
190.95.67.91 - - [15/Apr/2025:11:37:06 -0300] "GET /favicon.ico HTTP/1.1" 200 21630
190.95.67.91 - - [15/Apr/2025:11:37:16 -0300] "POST /cormun/servlet/hlogin?9c0766a4967e0b6994b96dc4d650659c,gx-no-cache=1744727963732 HTTP/1.1" 200 450
190.95.67.91 - - [15/Apr/2025:11:37:23 -0300] "POST /cormun/servlet/hlogin?9c0766a4967e0b6994b96dc4d650659c,gx-no-cache=1744727970550 HTTP/1.1" 200 450
190.95.67.91 - - [15/Apr/2025:11:37:39 -0300] "POST /cormun/servlet/hlogin?9c0766a4967e0b6994b96dc4d650659c,gx-no-cache=1744727986712 HTTP/1.1" 200 450
190.95.67.91 - - [15/Apr/2025:11:37:42 -0300] "POST /cormun/servlet/hlogin?9c0766a4967e0b6994b96dc4d650659c,gx-no-cache=1744727989567 HTTP/1.1" 200 448
201.186.225.249 - - [15/Apr/2025:11:40:17 -0300] "GET /cormun/servlet/trsolicitudot? HTTP/1.1" 200 7517
201.186.225.249 - - [15/Apr/2025:11:40:18 -0300] "GET /cormun/static/menuarrow.gif HTTP/1.1" 404 1015
201.186.225.249 - - [15/Apr/2025:11:40:26 -0300] "POST /cormun/servlet/trsolicitudot?bfec4265606f5c27b0edb84173a87a55,,gx-no-cache=1744728153809 HTTP/1.1" 200 10403
190.95.67.91 - - [15/Apr/2025:11:40:28 -0300] "GET /cormun/servlet/hlogin HTTP/1.1" 200 1726
190.95.67.91 - - [15/Apr/2025:11:40:42 -0300] "POST /cormun/servlet/hlogin?9c0766a4967e0b6994b96dc4d650659c,gx-no-cache=1744728170103 HTTP/1.1" 200 432
122.189.107.214 - - [15/Apr/2025:11:41:56 -0300] "GET /console/users/details HTTP/1.1" 404 1003
190.95.1.185 - - [15/Apr/2025:11:43:08 -0300] "GET /cormun/servlet/trsolicitudot HTTP/1.1" 200 8365
190.95.1.185 - - [15/Apr/2025:11:43:08 -0300] "GET /cormun/servlet/hlogin HTTP/1.1" 200 1737
190.95.1.185 - - [15/Apr/2025:11:43:08 -0300] "GET /favicon.ico HTTP/1.1" 200 21630
190.95.1.185 - - [15/Apr/2025:11:43:11 -0300] "POST /cormun/servlet/hlogin?ee031a5f1530e2b810f0a12b07896326,gx-no-cache=1744728318582 HTTP/1.1" 200 90
190.95.1.185 - - [15/Apr/2025:11:43:11 -0300] "GET /cormun/servlet/hpexe_link HTTP/1.1" 200 956
190.95.1.185 - - [15/Apr/2025:11:43:11 -0300] "GET /cormun/servlet/trsolicitudot HTTP/1.1" 200 10295
190.95.67.91 - - [15/Apr/2025:11:43:25 -0300] "POST /cormun/servlet/trlicencias?14dd5909ffd9fb56a8e368487fde5dd0,,gx-no-cache=1744728332997 HTTP/1.1" 200 13119
122.189.107.214 - - [15/Apr/2025:11:43:39 -0300] "GET /index.php?s=/Admin/userlist HTTP/1.1" 404 979
190.95.1.185 - - [15/Apr/2025:11:44:03 -0300] "GET /cormun/servlet/solicitudot?INS,0,0,false, HTTP/1.1" 200 16484
190.95.1.185 - - [15/Apr/2025:11:44:11 -0300] "POST /cormun/servlet/solicitudot?gx-no-cache=1744728378838 HTTP/1.1" 200 4046
190.95.1.185 - - [15/Apr/2025:11:44:11 -0300] "POST /cormun/servlet/solicitudot?ee031a5f1530e2b810f0a12b07896326,INS,0,0,false,,gx-no-cache=1744728378956 HTTP/1.1" 200 12896
190.95.1.185 - - [15/Apr/2025:11:44:14 -0300] "GET /cormun/servlet/solicitudot?f7d548b41e89e9549f126cd70f4266ff8d4f512d3afca03ed948713d87fc7f8230b6f8d990fa6ccdef6b87c8d8fcced4,gx-no-cache=1744728381626 HTTP/1.1" 200 30
190.95.67.93 - - [15/Apr/2025:11:44:35 -0300] "GET /cormun/servlet/trpermisosgoce?gx-no-cache=1744720019990 HTTP/1.1" 200 6029
190.95.67.93 - - [15/Apr/2025:11:44:36 -0300] "GET /cormun/servlet/hlogin HTTP/1.1" 200 1757
190.95.67.93 - - [15/Apr/2025:11:44:36 -0300] "GET /cormun/servlet/trpermisosgoce?gx-no-cache=1744720019990 HTTP/1.1" 200 6046
190.95.67.93 - - [15/Apr/2025:11:44:39 -0300] "POST /cormun/servlet/hlogin?81cbf41f229e0d5ebbe5dd3d43a7ec77,gx-no-cache=1744728406972 HTTP/1.1" 200 90
190.95.67.93 - - [15/Apr/2025:11:44:39 -0300] "GET /cormun/servlet/hpexe_link HTTP/1.1" 200 974
190.95.67.93 - - [15/Apr/2025:11:44:39 -0300] "GET /cormun/servlet/trpermisosgoce?gx-no-cache=1744720019990 HTTP/1.1" 200 15342
190.95.67.93 - - [15/Apr/2025:11:44:53 -0300] "GET /cormun/servlet/trsolicitudot? HTTP/1.1" 200 9028
190.95.67.93 - - [15/Apr/2025:11:44:59 -0300] "GET /cormun/servlet/solicitudot?INS,0,0,false, HTTP/1.1" 200 16331
190.95.67.93 - - [15/Apr/2025:11:45:18 -0300] "GET /cormun/servlet/prfichaempleado?,MD,,gxPopupLevel%3D0%3B HTTP/1.1" 200 9370
190.95.67.93 - - [15/Apr/2025:11:45:26 -0300] "POST /cormun/servlet/prfichaempleado?81cbf41f229e0d5ebbe5dd3d43a7ec77,,MD,,gxPopupLevel%3D0%3B,gx-no-cache=1744728454197 HTTP/1.1" 200 4721
190.95.67.93 - - [15/Apr/2025:11:45:33 -0300] "POST /cormun/servlet/solicitudot?gx-no-cache=1744728461292 HTTP/1.1" 200 4046
190.95.67.93 - - [15/Apr/2025:11:45:34 -0300] "POST /cormun/servlet/solicitudot?81cbf41f229e0d5ebbe5dd3d43a7ec77,INS,0,0,false,,gx-no-cache=1744728461415 HTTP/1.1" 200 12893
190.95.67.93 - - [15/Apr/2025:11:45:40 -0300] "GET /cormun/servlet/solicitudot?2c75cd727e8da474cf97595fdbd04e939dd15a51e152ce2ebec1959a6ba51437dd1ee1454033998baf05fd86b305102d,gx-no-cache=1744728467829 HTTP/1.1" 200 30
122.189.107.214 - - [15/Apr/2025:11:45:56 -0300] "-" 400 -
190.95.1.185 - - [15/Apr/2025:11:46:00 -0300] "GET /cormun/servlet/solicitudot?f7d548b41e89e9549f126cd70f4266ff5b6ad5ccfc3adb390b8d24467e11a50feef7aa685f51e88b26f6228e45e5e8b81935dfebdd04a59735480e977e81c065,gx-no-cache=1744728488372 HTTP/1.1" 200 30
190.95.1.185 - - [15/Apr/2025:11:46:00 -0300] "GET /cormun/servlet/solicitudot?f7d548b41e89e9549f126cd70f4266ff53db9481b2aff665dfb8d54802259513,gx-no-cache=1744728488402 HTTP/1.1" 200 29
190.95.1.185 - - [15/Apr/2025:11:46:00 -0300] "POST /cormun/servlet/solicitudot?gx-no-cache=1744728488423 HTTP/1.1" 200 297
190.95.1.185 - - [15/Apr/2025:11:46:06 -0300] "POST /cormun/servlet/solicitudot?gx-no-cache=1744728493972 HTTP/1.1" 200 255
190.95.1.185 - - [15/Apr/2025:11:46:07 -0300] "GET /cormun/servlet/solicitudot?f7d548b41e89e9549f126cd70f4266fffe1352ee108e0ca5ef640abf51986e29207889d47791af9e920cf31012282bc399d92bf7ffc3a9b2a28cf7243385d1df771707c1065ea54c0dd0de8c8c6e76712d6fc408c11de859ca92c2c6ffec5522206d3576cf1a83bacd2cf2457387219c37edd83636cb801aa431cc65a05ce3602d02d5cc2baf901c728c9c34de374fc046afa62b20b4e85faf464b53ccafbef80e2010eca2be3214af2d5f7b186e6dcdf2c25336c08af70312b598db29682f743ad9d5ec23551ee9a9dc4b829eaab10a3de322bf5b0b4d03fa891066ab53104baa62577ca66a46d853ae78c6f50917357226f265a588acccf538c92e15d3a83270f9a42eb2fed8ea247a4ce8871389aec67d59664baf6885842fb8d2770c5c3756679bc784fb5a2cfb48747d17e7a941355d5ba6b6a318e21f0f2bde52f9bc70e26c70ec94c775d1d34227eca602e03dfbf41aef0578f151478dceb3dd6fa97c5f617971019d98692d4cbfaf9ae16c22fd832a7dbac835689c1e39f3d0106d5c,gx-no-cache=1744728495389 HTTP/1.1" 200 30
190.95.1.185 - - [15/Apr/2025:11:46:10 -0300] "POST /cormun/servlet/solicitudot?gx-no-cache=1744728498516 HTTP/1.1" 200 30
190.95.1.185 - - [15/Apr/2025:11:46:13 -0300] "GET /cormun/servlet/prcontratosol?20214887,,,,,MD,,gxPopupLevel%3D0%3B HTTP/1.1" 200 8258
179.57.78.55 - - [15/Apr/2025:11:46:41 -0300] "GET /cormun/servlet/hlogin HTTP/1.1" 200 1743
190.95.1.185 - - [15/Apr/2025:11:46:43 -0300] "POST /cormun/servlet/solicitudot?gx-no-cache=1744728531242 HTTP/1.1" 200 1481
190.95.1.185 - - [15/Apr/2025:11:46:43 -0300] "POST /cormun/servlet/solicitudot?gx-no-cache=1744728531286 HTTP/1.1" 200 38
190.95.1.185 - - [15/Apr/2025:11:46:43 -0300] "GET /cormun/servlet/solicitudot?f7d548b41e89e9549f126cd70f4266ffc7a076e8f18b76c365a709687c2fb4a95d33c399ae30fb4dc376c4e3079d998d7dfaa21c4d321b4be6d8ce665bdcc46ca759f8f2b89796828ed3b1f31750b4057a6f77b7253477c290848f2fbc0464feaf3128c5f76481b70c54a3fce0be25b5,gx-no-cache=1744728531310 HTTP/1.1" 200 110
190.95.1.185 - - [15/Apr/2025:11:46:43 -0300] "POST /cormun/servlet/solicitudot?gx-no-cache=1744728531331 HTTP/1.1" 200 110
190.95.1.185 - - [15/Apr/2025:11:46:43 -0300] "GET /cormun/servlet/solicitudot?f7d548b41e89e9549f126cd70f4266ff297745e40ea395fcffc5989ba701f777de5e3d1deb5ef752efcf48cb3246a087fa24277a43ff8896b3d50a1b1ff4d6c887bc5327312e9de68aa27ec861c393805e08a74ab44301ae38769e94af483b4031f175b6db0c4e7b35dc40dadd780564,gx-no-cache=1744728531361 HTTP/1.1" 200 29
190.95.1.185 - - [15/Apr/2025:11:46:43 -0300] "GET /cormun/servlet/solicitudot?f7d548b41e89e9549f126cd70f4266ff39ec6dbda958bbc3111215bec794a9f7a15390619d9356079c5622bb98a19e2a,gx-no-cache=1744728531381 HTTP/1.1" 200 134
190.95.1.185 - - [15/Apr/2025:11:46:43 -0300] "GET /cormun/static/Shared/jqueryui/images/ui-icons_82798d_256x240.png HTTP/1.1" 404 1089
190.95.1.185 - - [15/Apr/2025:11:46:43 -0300] "GET /cormun/static/Shared/jqueryui/images/ui-bg_flat_55_994d53_40x100.png HTTP/1.1" 404 1097
190.95.1.185 - - [15/Apr/2025:11:46:43 -0300] "GET /cormun/static/Shared/jqueryui/images/ui-bg_highlight-soft_100_c6c2c8_1x100.png HTTP/1.1" 404 1117
190.95.1.185 - - [15/Apr/2025:11:46:43 -0300] "GET /cormun/static/Shared/jqueryui/images/ui-icons_ebccce_256x240.png HTTP/1.1" 404 1089
179.57.78.55 - - [15/Apr/2025:11:46:46 -0300] "POST /cormun/servlet/hlogin?c000f815bdce06b945fc7d35763a73f3,gx-no-cache=1744728533462 HTTP/1.1" 200 90
179.57.78.55 - - [15/Apr/2025:11:46:46 -0300] "GET /cormun/servlet/hpexe_link HTTP/1.1" 200 951
179.57.78.55 - - [15/Apr/2025:11:46:46 -0300] "GET /cormun/servlet/hhome HTTP/1.1" 200 3979
179.57.78.55 - - [15/Apr/2025:11:46:51 -0300] "GET /cormun/servlet/trpermisosgoce? HTTP/1.1" 200 18080
179.57.78.55 - - [15/Apr/2025:11:46:53 -0300] "GET /cormun/servlet/permisogoce?INS,0,,, HTTP/1.1" 200 6840
190.95.1.185 - - [15/Apr/2025:11:46:55 -0300] "GET /cormun/servlet/solicitudot?f7d548b41e89e9549f126cd70f4266ffc7a076e8f18b76c365a709687c2fb4a95d33c399ae30fb4dc376c4e3079d998d7dfaa21c4d321b4be6d8ce665bdcc46ca759f8f2b89796828ed3b1f31750b4057a6f77b7253477c290848f2fbc0464feaf3128c5f76481b70c54a3fce0be25b5,gx-no-cache=1744728542711 HTTP/1.1" 200 110
190.95.1.185 - - [15/Apr/2025:11:47:10 -0300] "GET /cormun/static/menuarrow.gif HTTP/1.1" 404 1015
190.95.67.93 - - [15/Apr/2025:11:47:13 -0300] "GET /cormun/servlet/solicitudot?2c75cd727e8da474cf97595fdbd04e9320ee1e1cc75e4bed01a1d4e1f2b8ff49d0a021bcd027649c6e209429e7bf59b0dc802e4a940d83b561a406c261992e85,gx-no-cache=1744728560764 HTTP/1.1" 200 30
190.95.67.93 - - [15/Apr/2025:11:47:13 -0300] "GET /cormun/servlet/solicitudot?2c75cd727e8da474cf97595fdbd04e9302b873f14e53b6f5c67ea1cbae22e959,gx-no-cache=1744728560794 HTTP/1.1" 200 29
190.95.67.93 - - [15/Apr/2025:11:47:13 -0300] "POST /cormun/servlet/solicitudot?gx-no-cache=1744728560814 HTTP/1.1" 200 297
190.95.67.93 - - [15/Apr/2025:11:47:13 -0300] "GET /cormun/servlet/solicitudot?2c75cd727e8da474cf97595fdbd04e93ef0bd7056da9b8b8771960f3ecba5c275f83a01999d459a004b49f2a57acde9e274c0ac2e11a793e4bc4fd3a96b0d5a6a7346b3c1277452416d21b853e4147da4392792cdc7bc5b080a2ed5218b66299b79740bbedb404a2bc3ff5f85eda24445d2cc3a13c8ce6c80d9f27ec4398a23c1457d62cebfb465a9ce56e1051e2fd667da7e7059fbc1c80f3bdfb3c73392c03cd104f2af089a09d95747b083167187f5999788943ed0a1971218fd4f5d9c22763515db562a3dc0308b199db756a137f1d035c10ac643d5c44182b480c8769d739d3bc46a9b5fc29cad96aff9c5494a11fd89a3f8ead77ab3c1bfb4f6ab1143a665c62c9541612efbf96b771a23b46fdc770b7bed6eda0e0a1643a064eb5983daefe2298e7ee6c965e2ac79fa12bcf6956e66193bbe2d099e1659f668f0bc4a36e9655ce4823b424cc6e0cea85a8ea539107beb96bf0d103415e8901b164492b6f01a03667a3257f79718f976599cc4a69ed0d95c4e47b7e64bed3b83de1a1cd1d8a3823da245ac483a9edd31546115a,gx-no-cache=1744728560836 HTTP/1.1" 200 30
190.95.1.185 - - [15/Apr/2025:11:47:14 -0300] "GET /cormun/servlet/solicitudot?f7d548b41e89e9549f126cd70f4266ff68249b988ce9836b4abd6e92f777ffeba15390619d9356079c5622bb98a19e2a,gx-no-cache=1744728562460 HTTP/1.1" 200 30
190.95.1.185 - - [15/Apr/2025:11:47:14 -0300] "POST /cormun/servlet/solicitudot?gx-no-cache=1744728562486 HTTP/1.1" 200 33
190.95.67.93 - - [15/Apr/2025:11:47:15 -0300] "POST /cormun/servlet/solicitudot?gx-no-cache=1744728562509 HTTP/1.1" 200 30
190.95.1.185 - - [15/Apr/2025:11:47:34 -0300] "POST /cormun/servlet/solicitudot?ee031a5f1530e2b810f0a12b07896326,INS,0,0,false,,gx-no-cache=1744728576692 HTTP/1.1" 200 93
190.95.1.185 - - [15/Apr/2025:11:47:34 -0300] "GET /cormun/servlet/hpexe_return? HTTP/1.1" 200 1008
190.95.1.185 - - [15/Apr/2025:11:47:34 -0300] "GET /cormun/servlet/trsolicitudot HTTP/1.1" 200 10701
179.57.78.55 - - [15/Apr/2025:11:47:40 -0300] "GET /cormun/servlet/permisogoce?9d771e2e2298c758ef2cb7140a364d94ee43d997fba946bc9d1f40cc87b9447b5557fab8436ea14b058c1348907fa4a3174ea289efb2be7657a290c23c2a7a00,gx-no-cache=1744728587019 HTTP/1.1" 200 83
179.57.78.55 - - [15/Apr/2025:11:47:41 -0300] "GET /cormun/static/menuarrow.gif HTTP/1.1" 404 1015
179.57.78.55 - - [15/Apr/2025:11:47:45 -0300] "GET /cormun/servlet/permisogoce?9d771e2e2298c758ef2cb7140a364d94d4d44abc84b1dc4150c8bb70983646f375c46e2d11ffe3104c94354b52fda8d3064e7a3144f3f8fe854c01693cca634e,gx-no-cache=1744728593188 HTTP/1.1" 200 47
190.95.67.93 - - [15/Apr/2025:11:47:50 -0300] "GET /cormun/servlet/prfichaempleado?,MD,,gxPopupLevel%3D0%3B HTTP/1.1" 200 9370
179.57.78.55 - - [15/Apr/2025:11:47:55 -0300] "POST /cormun/servlet/permisogoce?c000f815bdce06b945fc7d35763a73f3,INS,0,,,,gx-no-cache=1744728594888 HTTP/1.1" 200 93
179.57.78.55 - - [15/Apr/2025:11:47:55 -0300] "GET /cormun/servlet/hpexe_return? HTTP/1.1" 200 1010
179.57.78.55 - - [15/Apr/2025:11:47:55 -0300] "GET /cormun/servlet/trpermisosgoce HTTP/1.1" 200 18336
190.95.67.93 - - [15/Apr/2025:11:48:00 -0300] "GET /cormun/servlet/prfichaempleado?,MD,,gxPopupLevel%3D0%3B HTTP/1.1" 200 9370
179.57.78.55 - - [15/Apr/2025:11:48:03 -0300] "GET /cormun/servlet/apermisogoceprn?18337350,P,20250415104912,PU HTTP/1.1" 200 1652
190.95.67.93 - - [15/Apr/2025:11:48:12 -0300] "POST /cormun/servlet/prfichaempleado?81cbf41f229e0d5ebbe5dd3d43a7ec77,,MD,,gxPopupLevel%3D0%3B,gx-no-cache=1744728619549 HTTP/1.1" 200 3172
190.95.67.93 - - [15/Apr/2025:11:48:28 -0300] "POST /cormun/servlet/prfichaempleado?81cbf41f229e0d5ebbe5dd3d43a7ec77,,MD,,gxPopupLevel%3D0%3B,gx-no-cache=1744728636196 HTTP/1.1" 200 4381
190.95.67.93 - - [15/Apr/2025:11:48:43 -0300] "POST /cormun/servlet/solicitudot?gx-no-cache=1744728648899 HTTP/1.1" 200 1478
190.95.67.93 - - [15/Apr/2025:11:48:45 -0300] "POST /cormun/servlet/solicitudot?gx-no-cache=1744728653355 HTTP/1.1" 200 117
190.95.67.93 - - [15/Apr/2025:11:48:45 -0300] "GET /cormun/static/Shared/jqueryui/images/ui-bg_highlight-soft_100_c6c2c8_1x100.png HTTP/1.1" 404 1117
190.95.67.93 - - [15/Apr/2025:11:48:45 -0300] "GET /cormun/static/Shared/jqueryui/images/ui-icons_82798d_256x240.png HTTP/1.1" 404 1089
190.95.67.93 - - [15/Apr/2025:11:48:45 -0300] "GET /cormun/static/Shared/jqueryui/images/ui-bg_flat_55_994d53_40x100.png HTTP/1.1" 404 1097
190.95.67.93 - - [15/Apr/2025:11:48:45 -0300] "GET /cormun/static/Shared/jqueryui/images/ui-icons_ebccce_256x240.png HTTP/1.1" 404 1089
190.95.67.93 - - [15/Apr/2025:11:48:49 -0300] "GET /cormun/servlet/prfichaempleado?,MD,,gxPopupLevel%3D0%3B HTTP/1.1" 200 9370
190.95.67.93 - - [15/Apr/2025:11:48:57 -0300] "POST /cormun/servlet/prfichaempleado?81cbf41f229e0d5ebbe5dd3d43a7ec77,,MD,,gxPopupLevel%3D0%3B,gx-no-cache=1744728664877 HTTP/1.1" 200 4381
190.95.67.93 - - [15/Apr/2025:11:49:07 -0300] "POST /cormun/servlet/prfichaempleado?81cbf41f229e0d5ebbe5dd3d43a7ec77,,MD,,gxPopupLevel%3D0%3B,gx-no-cache=1744728675011 HTTP/1.1" 200 3172
190.95.1.185 - - [15/Apr/2025:11:49:36 -0300] "POST /cormun/servlet/trsolicitudot?ee031a5f1530e2b810f0a12b07896326,gx-no-cache=1744728704420 HTTP/1.1" 200 113
190.95.1.185 - - [15/Apr/2025:11:49:37 -0300] "GET /cormun/servlet/solicitudot?UPD,2025,22438,false, HTTP/1.1" 200 17044
190.95.1.185 - - [15/Apr/2025:11:49:37 -0300] "POST /cormun/servlet/solicitudot?gx-no-cache=1744728705334 HTTP/1.1" 200 4102
190.95.1.185 - - [15/Apr/2025:11:49:37 -0300] "POST /cormun/servlet/solicitudot?ee031a5f1530e2b810f0a12b07896326,UPD,2025,22438,false,,gx-no-cache=1744728705444 HTTP/1.1" 200 13039
190.95.1.185 - - [15/Apr/2025:11:49:37 -0300] "GET /cormun/servlet/solicitudot?f7d548b41e89e9549f126cd70f4266ff8d4f512d3afca03ed948713d87fc7f82da92134377e2a17b9370b24d84a018fd,gx-no-cache=1744728705550 HTTP/1.1" 200 30
190.95.1.185 - - [15/Apr/2025:11:49:38 -0300] "GET /cormun/servlet/solicitudot?f7d548b41e89e9549f126cd70f4266ff5b6ad5ccfc3adb390b8d24467e11a50feef7aa685f51e88b26f6228e45e5e8b87c2293977adb416a0d22d789dd31ec4f,gx-no-cache=1744728705572 HTTP/1.1" 200 30
190.95.1.185 - - [15/Apr/2025:11:49:38 -0300] "GET /cormun/servlet/solicitudot?f7d548b41e89e9549f126cd70f4266ff53db9481b2aff665dfb8d54802259513,gx-no-cache=1744728705588 HTTP/1.1" 200 29
190.95.1.185 - - [15/Apr/2025:11:49:38 -0300] "POST /cormun/servlet/solicitudot?gx-no-cache=1744728705610 HTTP/1.1" 200 256
190.95.1.185 - - [15/Apr/2025:11:49:38 -0300] "GET /cormun/servlet/solicitudot?f7d548b41e89e9549f126cd70f4266fffe1352ee108e0ca5ef640abf51986e29207889d47791af9e920cf31012282bc399d92bf7ffc3a9b2a28cf7243385d1df771707c1065ea54c0dd0de8c8c6e76712d6fc408c11de859ca92c2c6ffec5522206d3576cf1a83bacd2cf2457387219c37edd83636cb801aa431cc65a05ce3602d02d5cc2baf901c728c9c34de374fc046afa62b20b4e85faf464b53ccafbef80e2010eca2be3214af2d5f7b186e6dcdf2c25336c08af70312b598db29682f743ad9d5ec23551ee9a9dc4b829eaab10a3de322bf5b0b4d03fa891066ab53104baa62577ca66a46d853ae78c6f50917357226f265a588acccf538c92e15d3a83270f9a42eb2fed8ea247a4ce8871389aec67d59664baf6885842fb8d2770c5c3756679bc784fb5a2cfb48747d17e7a941355d5ba6b6a318e21f0f2bde52f9bc70e26c70ec94c775d1d34227eca602e03dfbf41aef0578f151478dceb3dd6fa97c5f617971019d98692d4cbfaf9ae16c22c568f6c366fa0a18fe8b5ae3e750b363,gx-no-cache=1744728705632 HTTP/1.1" 200 30
190.95.1.185 - - [15/Apr/2025:11:49:38 -0300] "POST /cormun/servlet/solicitudot?gx-no-cache=1744728705651 HTTP/1.1" 200 30
190.95.1.185 - - [15/Apr/2025:11:49:38 -0300] "POST /cormun/servlet/solicitudot?gx-no-cache=1744728705671 HTTP/1.1" 200 1481
190.95.1.185 - - [15/Apr/2025:11:49:38 -0300] "POST /cormun/servlet/solicitudot?gx-no-cache=1744728705705 HTTP/1.1" 200 41
179.57.78.55 - - [15/Apr/2025:11:49:42 -0300] "GET /cormun/servlet/permisogoce?INS,0,,, HTTP/1.1" 200 6840
190.95.67.93 - - [15/Apr/2025:11:49:45 -0300] "GET /cormun/static/menuarrow.gif HTTP/1.1" 404 1015
190.95.1.185 - - [15/Apr/2025:11:49:53 -0300] "POST /cormun/servlet/solicitudot?gx-no-cache=1744728721033 HTTP/1.1" 200 30
190.95.1.185 - - [15/Apr/2025:11:49:53 -0300] "POST /cormun/servlet/solicitudot?gx-no-cache=1744728721054 HTTP/1.1" 200 1481
190.95.1.185 - - [15/Apr/2025:11:49:53 -0300] "POST /cormun/servlet/solicitudot?gx-no-cache=1744728721087 HTTP/1.1" 200 41
190.95.1.185 - - [15/Apr/2025:11:49:53 -0300] "GET /cormun/servlet/solicitudot?f7d548b41e89e9549f126cd70f4266ffc7a076e8f18b76c365a709687c2fb4a95d33c399ae30fb4dc376c4e3079d998d7dfaa21c4d321b4be6d8ce665bdcc46ca759f8f2b89796828ed3b1f31750b4057a6f77b7253477c290848f2fbc0464feaf3128c5f76481b70c54a3fce0be25b5,gx-no-cache=1744728721106 HTTP/1.1" 200 110
190.95.1.185 - - [15/Apr/2025:11:49:53 -0300] "POST /cormun/servlet/solicitudot?gx-no-cache=1744728721128 HTTP/1.1" 200 109
190.95.1.185 - - [15/Apr/2025:11:49:53 -0300] "GET /cormun/servlet/solicitudot?f7d548b41e89e9549f126cd70f4266ffa414ca595499c5229a0c2e06a939aa84b1619f73cffb8b30c815a2b33eb93548a327e61c41a5c9690b5849e7fa733ebef242a9efac0762a92892bb3db7c7d6de6e64536665602a30328c6788c2d4c897ce77e0ae6d49fabecbe52498547376c56375e80166f6dc71140b7cbeda0f4ae582b7d840d8da2631dbaaad90272172c85a2667ce4244d671d8d085c8ba7ac40e,gx-no-cache=1744728721156 HTTP/1.1" 200 29
190.95.1.185 - - [15/Apr/2025:11:49:53 -0300] "GET /cormun/servlet/solicitudot?f7d548b41e89e9549f126cd70f4266ff68249b988ce9836b4abd6e92f777ffeba15390619d9356079c5622bb98a19e2a,gx-no-cache=1744728721174 HTTP/1.1" 200 30
190.95.1.185 - - [15/Apr/2025:11:49:53 -0300] "POST /cormun/servlet/solicitudot?gx-no-cache=1744728721193 HTTP/1.1" 200 33
190.95.1.185 - - [15/Apr/2025:11:49:54 -0300] "POST /cormun/servlet/solicitudot?ee031a5f1530e2b810f0a12b07896326,UPD,2025,22438,false,,gx-no-cache=1744728721237 HTTP/1.1" 200 93
190.95.1.185 - - [15/Apr/2025:11:49:55 -0300] "GET /cormun/servlet/hpexe_return? HTTP/1.1" 200 1013
190.95.1.185 - - [15/Apr/2025:11:49:55 -0300] "GET /cormun/servlet/trsolicitudot HTTP/1.1" 200 10713
179.57.78.55 - - [15/Apr/2025:11:49:57 -0300] "GET /cormun/servlet/permisogoce?9d771e2e2298c758ef2cb7140a364d947a17969687e2860865c496aa2bfe33dc5557fab8436ea14b058c1348907fa4a3174ea289efb2be7657a290c23c2a7a00,gx-no-cache=1744728725050 HTTP/1.1" 200 180
179.57.78.55 - - [15/Apr/2025:11:49:57 -0300] "GET /cormun/static/Shared/jqueryui/images/ui-bg_highlight-soft_100_c6c2c8_1x100.png HTTP/1.1" 404 1117
179.57.78.55 - - [15/Apr/2025:11:49:57 -0300] "GET /cormun/static/Shared/jqueryui/images/ui-icons_ebccce_256x240.png HTTP/1.1" 404 1089
179.57.78.55 - - [15/Apr/2025:11:49:57 -0300] "GET /cormun/static/Shared/jqueryui/images/ui-bg_flat_55_994d53_40x100.png HTTP/1.1" 404 1097
179.57.78.55 - - [15/Apr/2025:11:49:57 -0300] "GET /cormun/static/Shared/jqueryui/images/ui-icons_82798d_256x240.png HTTP/1.1" 404 1089
190.95.67.93 - - [15/Apr/2025:11:49:58 -0300] "POST /cormun/servlet/solicitudot?gx-no-cache=1744728725475 HTTP/1.1" 200 118
190.95.67.93 - - [15/Apr/2025:11:50:22 -0300] "GET /cormun/servlet/hlogin HTTP/1.1" 200 1718
190.95.67.93 - - [15/Apr/2025:11:50:23 -0300] "GET /cormun/servlet/hlogin HTTP/1.1" 200 1718
190.95.67.93 - - [15/Apr/2025:11:50:26 -0300] "POST /cormun/servlet/hlogin?81cbf41f229e0d5ebbe5dd3d43a7ec77,gx-no-cache=1744728753810 HTTP/1.1" 200 90
190.95.67.93 - - [15/Apr/2025:11:50:26 -0300] "GET /cormun/servlet/hpexe_link HTTP/1.1" 200 960
190.95.67.93 - - [15/Apr/2025:11:50:26 -0300] "GET /cormun/servlet/prfichaempleado?,MD, HTTP/1.1" 200 9365
190.95.67.93 - - [15/Apr/2025:11:50:37 -0300] "GET /cormun/servlet/hlogin HTTP/1.1" 200 1718
190.95.67.93 - - [15/Apr/2025:11:50:40 -0300] "POST /cormun/servlet/hlogin?81cbf41f229e0d5ebbe5dd3d43a7ec77,gx-no-cache=1744728767826 HTTP/1.1" 200 90
190.95.67.93 - - [15/Apr/2025:11:50:40 -0300] "GET /cormun/servlet/hpexe_link HTTP/1.1" 200 960
190.95.67.93 - - [15/Apr/2025:11:50:41 -0300] "GET /cormun/servlet/prfichaempleado?,MD, HTTP/1.1" 200 9365
190.95.67.93 - - [15/Apr/2025:11:50:56 -0300] "POST /cormun/servlet/solicitudot?gx-no-cache=1744728784108 HTTP/1.1" 200 1561
190.95.67.93 - - [15/Apr/2025:11:51:25 -0300] "POST /cormun/servlet/solicitudot?gx-no-cache=1744728813083 HTTP/1.1" 200 1482
190.95.67.93 - - [15/Apr/2025:11:51:32 -0300] "POST /cormun/servlet/solicitudot?gx-no-cache=1744728819769 HTTP/1.1" 200 117
190.95.67.93 - - [15/Apr/2025:11:51:45 -0300] "GET /cormun/servlet/prlicenciaspermisos?13944228,L,,MD,,gxPopupLevel%3D0%3B HTTP/1.1" 200 6297
190.95.67.93 - - [15/Apr/2025:11:52:12 -0300] "POST /cormun/servlet/solicitudot?gx-no-cache=1744728859634 HTTP/1.1" 200 41
190.95.67.93 - - [15/Apr/2025:11:52:12 -0300] "GET /cormun/servlet/solicitudot?2c75cd727e8da474cf97595fdbd04e93f64f4f0b9d71bcd836e4f87ca866ca661ff4a7b5accee686781b6f774c9c52a061682b14a892b3ed59785631c6e765278af3fab056362fad44e45db05b9381e99a4179c94060056e7e62aeb55b46c5309041a0a7307ed5692bd6f54e8ceba70b,gx-no-cache=1744728859669 HTTP/1.1" 200 110
190.95.67.93 - - [15/Apr/2025:11:52:12 -0300] "POST /cormun/servlet/solicitudot?gx-no-cache=1744728859688 HTTP/1.1" 200 79
190.95.67.93 - - [15/Apr/2025:11:52:16 -0300] "GET /cormun/servlet/solicitudot?2c75cd727e8da474cf97595fdbd04e93d38b7af8635a6abc1538697b27ef05b8d6eba0371ae4c27f5810ec3709adfa326d34e2ddbacb5f2a507fe81fd0bd9a6d3ad3e8c6c204f9b3196ef58e7ed0cdaa2ee679440d5fabad4fe1942c9240b341150d9cf9a863f76335afc6bc3207ae4d,gx-no-cache=1744728864314 HTTP/1.1" 200 29
190.95.67.93 - - [15/Apr/2025:11:52:42 -0300] "GET /cormun/servlet/hlogin HTTP/1.1" 200 1718
190.95.67.93 - - [15/Apr/2025:11:52:45 -0300] "POST /cormun/servlet/hlogin?81cbf41f229e0d5ebbe5dd3d43a7ec77,gx-no-cache=1744728893209 HTTP/1.1" 200 90
190.95.67.93 - - [15/Apr/2025:11:52:45 -0300] "GET /cormun/servlet/hpexe_link HTTP/1.1" 200 971
190.95.67.93 - - [15/Apr/2025:11:52:45 -0300] "GET /cormun/servlet/prlicenciaspermisos?13944228,L,,MD, HTTP/1.1" 200 6292
190.95.67.93 - - [15/Apr/2025:11:52:51 -0300] "GET /cormun/servlet/hlogin HTTP/1.1" 200 1754
