200.126.116.145 - - [14/Apr/2025:15:41:01 -0300] "GET /cormun/servlet/solicitudotadjuntos?6cb080734210560a9d863ca93cc95d41a494790d203d99e02648935c5c2be9cb,gx-no-cache=1744656189541 HTTP/1.1" 200 30
200.126.116.145 - - [14/Apr/2025:15:41:01 -0300] "GET /cormun/servlet/solicitudotadjuntos?6cb080734210560a9d863ca93cc95d41a494790d203d99e02648935c5c2be9cb,gx-no-cache=1744656189554 HTTP/1.1" 200 30
200.126.116.145 - - [14/Apr/2025:15:41:01 -0300] "POST /cormun/servlet/solicitudotadjuntos?0251c3ea5d1d1d5150955240c5b49b43,INS,2025,22429,,1, HTTP/1.1" 200 116
200.126.116.145 - - [14/Apr/2025:15:41:01 -0300] "GET /cormun/servlet/hpexe_return? HTTP/1.1" 200 1031
200.126.116.145 - - [14/Apr/2025:15:41:01 -0300] "GET /cormun/servlet/trsolicitudadjuntos?2025,22429, HTTP/1.1" 200 10246
200.126.116.145 - - [14/Apr/2025:15:41:05 -0300] "GET /cormun/servlet/solicitudotadjuntos?INS,2025,22429,,1, HTTP/1.1" 200 6384
200.126.116.145 - - [14/Apr/2025:15:41:05 -0300] "GET /cormun/static/about:blank HTTP/1.1" 404 1011
200.126.116.145 - - [14/Apr/2025:15:41:06 -0300] "GET /cormun/servlet/solicitudotadjuntos?6cb080734210560a9d863ca93cc95d410a2e2416b47779ac59c4c275b8900dbeffb32e4ab92a468a796ee14998259236,gx-no-cache=1744656194374 HTTP/1.1" 200 30
200.126.116.145 - - [14/Apr/2025:15:41:06 -0300] "POST /cormun/servlet/solicitudotadjuntos?0251c3ea5d1d1d5150955240c5b49b43,INS,2025,22429,,1,,gx-no-cache=1744656194399 HTTP/1.1" 200 4154
200.126.116.145 - - [14/Apr/2025:15:41:09 -0300] "POST /cormun/servlet/solicitudotadjuntos?gx-no-cache=1744656197605 HTTP/1.1" 200 26
200.126.116.145 - - [14/Apr/2025:15:41:17 -0300] "GET /cormun/servlet/solicitudotadjuntos?6cb080734210560a9d863ca93cc95d41a494790d203d99e02648935c5c2be9cb,gx-no-cache=1744656205717 HTTP/1.1" 200 30
200.126.116.145 - - [14/Apr/2025:15:41:17 -0300] "GET /cormun/servlet/solicitudotadjuntos?6cb080734210560a9d863ca93cc95d41a494790d203d99e02648935c5c2be9cb,gx-no-cache=1744656205730 HTTP/1.1" 200 30
200.126.116.145 - - [14/Apr/2025:15:41:17 -0300] "POST /cormun/servlet/solicitudotadjuntos?0251c3ea5d1d1d5150955240c5b49b43,INS,2025,22429,,1, HTTP/1.1" 200 116
200.126.116.145 - - [14/Apr/2025:15:41:17 -0300] "GET /cormun/servlet/hpexe_return? HTTP/1.1" 200 1031
200.126.116.145 - - [14/Apr/2025:15:41:18 -0300] "GET /cormun/servlet/trsolicitudadjuntos?2025,22429, HTTP/1.1" 200 10512
200.126.116.145 - - [14/Apr/2025:15:41:20 -0300] "GET /cormun/servlet/solicitudotadjuntos?INS,2025,22429,,1, HTTP/1.1" 200 6384
200.126.116.145 - - [14/Apr/2025:15:41:20 -0300] "GET /cormun/static/about:blank HTTP/1.1" 404 1011
200.126.116.145 - - [14/Apr/2025:15:41:21 -0300] "GET /cormun/servlet/solicitudotadjuntos?6cb080734210560a9d863ca93cc95d410a2e2416b47779ac59c4c275b8900dbeffb32e4ab92a468a796ee14998259236,gx-no-cache=1744656209305 HTTP/1.1" 200 30
200.126.116.145 - - [14/Apr/2025:15:41:21 -0300] "POST /cormun/servlet/solicitudotadjuntos?0251c3ea5d1d1d5150955240c5b49b43,INS,2025,22429,,1,,gx-no-cache=1744656209329 HTTP/1.1" 200 4154
200.126.116.145 - - [14/Apr/2025:15:41:23 -0300] "POST /cormun/servlet/solicitudotadjuntos?gx-no-cache=1744656211981 HTTP/1.1" 200 26
200.126.116.145 - - [14/Apr/2025:15:41:30 -0300] "GET /cormun/servlet/solicitudotadjuntos?6cb080734210560a9d863ca93cc95d41a494790d203d99e02648935c5c2be9cb,gx-no-cache=1744656218981 HTTP/1.1" 200 30
200.126.116.145 - - [14/Apr/2025:15:41:30 -0300] "GET /cormun/servlet/solicitudotadjuntos?6cb080734210560a9d863ca93cc95d41a494790d203d99e02648935c5c2be9cb,gx-no-cache=1744656218994 HTTP/1.1" 200 30
200.126.116.145 - - [14/Apr/2025:15:41:31 -0300] "POST /cormun/servlet/solicitudotadjuntos?0251c3ea5d1d1d5150955240c5b49b43,INS,2025,22429,,1, HTTP/1.1" 200 116
200.126.116.145 - - [14/Apr/2025:15:41:31 -0300] "GET /cormun/servlet/hpexe_return? HTTP/1.1" 200 1031
200.126.116.145 - - [14/Apr/2025:15:41:31 -0300] "GET /cormun/servlet/trsolicitudadjuntos?2025,22429, HTTP/1.1" 200 10673
200.126.116.145 - - [14/Apr/2025:15:41:37 -0300] "GET /cormun/servlet/trsolicitudot? HTTP/1.1" 200 8836
200.126.116.145 - - [14/Apr/2025:15:41:53 -0300] "GET /cormun/servlet/solicitudot?INS,0,0,false, HTTP/1.1" 200 16325
179.57.78.55 - - [14/Apr/2025:15:42:14 -0300] "GET /cormun/servlet/trpermisosgoce? HTTP/1.1" 200 13393
179.57.78.55 - - [14/Apr/2025:15:42:30 -0300] "POST /cormun/servlet/trpermisosgoce?e20bce9d6a532ea72a7f03ca1ae08b4d,,gx-no-cache=1744656276539 HTTP/1.1" 200 104
179.57.78.55 - - [14/Apr/2025:15:42:30 -0300] "GET /cormun/PermisosGoce-5212.xls HTTP/1.1" 200 9728
200.126.116.145 - - [14/Apr/2025:15:42:45 -0300] "POST /cormun/servlet/solicitudot?gx-no-cache=1744656293760 HTTP/1.1" 200 4039
200.126.116.145 - - [14/Apr/2025:15:42:45 -0300] "POST /cormun/servlet/solicitudot?0251c3ea5d1d1d5150955240c5b49b43,INS,0,0,false,,gx-no-cache=1744656293880 HTTP/1.1" 200 12896
200.126.116.145 - - [14/Apr/2025:15:42:50 -0300] "GET /cormun/servlet/solicitudot?6cb080734210560a9d863ca93cc95d413dfc5111148aeaf06896333d74a3d2b6e3acf4ecc6495a335d1bfab2d88c72db,gx-no-cache=1744656298450 HTTP/1.1" 200 30
200.126.116.145 - - [14/Apr/2025:15:45:52 -0300] "GET /cormun/servlet/solicitudot?6cb080734210560a9d863ca93cc95d410b47df93e2973d5039992b8acf5abe3fade1c4a40c0287c8f29eb3f5bf486b159beed9b2259c22cd63237c14761c1f144fdf153b19969b30f3a18546f0b1660b,gx-no-cache=1744656480454 HTTP/1.1" 200 30
200.126.116.145 - - [14/Apr/2025:15:45:54 -0300] "GET /cormun/servlet/prbanco?,MD,,gxPopupLevel%3D0%3B HTTP/1.1" 200 6743
200.126.116.145 - - [14/Apr/2025:15:45:58 -0300] "GET /cormun/servlet/solicitudot?6cb080734210560a9d863ca93cc95d4172dd3c6b50395a15d20a467c9e1017ad,gx-no-cache=1744656486910 HTTP/1.1" 200 53
200.126.116.145 - - [14/Apr/2025:15:47:05 -0300] "POST /cormun/servlet/solicitudot?gx-no-cache=1744656553736 HTTP/1.1" 200 297
200.126.116.145 - - [14/Apr/2025:15:47:05 -0300] "GET /cormun/servlet/solicitudot?6cb080734210560a9d863ca93cc95d4163ce44736fe6d5e38675dd4dc9a18dced7127723b968d8d1e9ff504ecc122992faebb8681743cabf1b545fd6aa2f8071dfc7e9c01e0369bdd2bc0a54ee4082f55554960c6a283cda222d5575ac6a4f424a99b5baa2dbe868e97d6b5fff1d345d21a7574c1ee57eefacc2acb01644a2e94b5385a704611a7b3eaf92d7fef4cf977c857fbaf2cea15a05652794ecb85bdfb894a10354ca50678e045b911c55ad0f3695768dfa07f86750f2ec53479aaacdbf1aa8b409582ea7d094353250d556750e7d6c201d45907d58d73d276c1aa7518aa7ea105a8445b87dac85c2157087075b0de52aae15fd434424e070e441a06837b798333056fc16a0724aa8f7f91881d54d925fe46a9628876a27c2d4554167e857c76ea950a6c8281e4a506956a0d4679037464c8b92438ce109cd82e6e21c483b4b3a733bf6987b8508e44560d7b52375e4203e6d73c50a010950f79c5cff16da9ee1b034cd85f279aab9b20dbea478f0452bcc2e2217ab8490b9c79b1a86b01a4634ecde9393123cd43e5fad11eb,gx-no-cache=1744656553805 HTTP/1.1" 200 30
200.126.116.145 - - [14/Apr/2025:15:47:07 -0300] "POST /cormun/servlet/solicitudot?gx-no-cache=1744656555813 HTTP/1.1" 200 30
190.95.67.99 - - [14/Apr/2025:15:48:13 -0300] "GET /cormun/servlet/permisogoce?INS,0,,, HTTP/1.1" 200 7201
190.95.67.99 - - [14/Apr/2025:15:48:21 -0300] "GET /cormun/servlet/permisogoce?98c86da3847a6d32b45b02bd1694af5f624cbce7b9d923f243e2edbb0cbe9ee104fff017f4db7ffb9aa3a59c0b765eb9350e255673e1443232243cb46060d93b,gx-no-cache=1744656631251 HTTP/1.1" 200 82
190.95.67.99 - - [14/Apr/2025:15:48:33 -0300] "GET /cormun/servlet/permisogoce?98c86da3847a6d32b45b02bd1694af5ff0399153130abc08f2d8ea97e31ac2c9e9f8d94a59be81d9ee509247132a0812d1ec781a13deacf21d1a171f7c25bc8a,gx-no-cache=1744656643604 HTTP/1.1" 200 47
190.95.67.99 - - [14/Apr/2025:15:48:36 -0300] "POST /cormun/servlet/permisogoce?755fe51b2672f61e3c1f9e445a0865f7,INS,0,,,,gx-no-cache=1744656645724 HTTP/1.1" 200 93
190.95.67.99 - - [14/Apr/2025:15:48:36 -0300] "GET /cormun/servlet/hpexe_return? HTTP/1.1" 200 1012
190.95.67.99 - - [14/Apr/2025:15:48:36 -0300] "GET /cormun/servlet/trpermisosgoce HTTP/1.1" 200 15767
200.126.116.145 - - [14/Apr/2025:15:48:43 -0300] "POST /cormun/servlet/solicitudot?gx-no-cache=1744656651446 HTTP/1.1" 200 1483
200.126.116.145 - - [14/Apr/2025:15:48:49 -0300] "GET /cormun/servlet/prlicenciaspermisos?11276668,L,,MD,,gxPopupLevel%3D0%3B HTTP/1.1" 200 6344
200.126.116.145 - - [14/Apr/2025:15:48:50 -0300] "GET /cormun/static/gxcfg.js?2020121559567 HTTP/1.1" 200 953
200.126.116.145 - - [14/Apr/2025:15:48:50 -0300] "GET /cormun/static/prlicenciaspermisos.js?2020121559821 HTTP/1.1" 200 13379
200.126.116.145 - - [14/Apr/2025:15:48:59 -0300] "GET /cormun/servlet/prlicenciaspermisos?11276668,L,,MD,,gxPopupLevel%3D0%3B HTTP/1.1" 200 6344
190.95.67.99 - - [14/Apr/2025:15:49:12 -0300] "GET /cormun/servlet/apermisogoceprn?13720292,P,20250414145035,PU HTTP/1.1" 200 1654
200.126.116.145 - - [14/Apr/2025:15:49:14 -0300] "POST /cormun/servlet/solicitudot?gx-no-cache=1744656682945 HTTP/1.1" 200 41
190.95.67.93 - - [14/Apr/2025:15:51:00 -0300] "GET /cormun/servlet/trpermisosgoce? HTTP/1.1" 200 6036
190.95.67.93 - - [14/Apr/2025:15:51:00 -0300] "GET /cormun/servlet/hlogin HTTP/1.1" 200 1736
190.95.67.93 - - [14/Apr/2025:15:51:04 -0300] "POST /cormun/servlet/hlogin?79d76e405e189de6f0d29b75e61beaa5,gx-no-cache=1744656792890 HTTP/1.1" 200 90
190.95.67.93 - - [14/Apr/2025:15:51:04 -0300] "GET /cormun/servlet/hpexe_link HTTP/1.1" 200 954
190.95.67.93 - - [14/Apr/2025:15:51:04 -0300] "GET /cormun/servlet/trpermisosgoce HTTP/1.1" 200 15039
179.57.78.55 - - [14/Apr/2025:15:51:43 -0300] "POST /cormun/servlet/trpermisosgoce?e20bce9d6a532ea72a7f03ca1ae08b4d,,gx-no-cache=1744656829563 HTTP/1.1" 200 104
179.57.78.55 - - [14/Apr/2025:15:51:43 -0300] "POST /cormun/servlet/trpermisosgoce?e20bce9d6a532ea72a7f03ca1ae08b4d,,gx-no-cache=1744656829737 HTTP/1.1" 200 10472
179.57.78.55 - - [14/Apr/2025:15:51:43 -0300] "GET /cormun/PermisosGoce-1233.xls HTTP/1.1" 200 9728
179.57.78.55 - - [14/Apr/2025:15:51:54 -0300] "GET /cormun/servlet/apermisogoceprn?21248478,P,20250404092040,PU HTTP/1.1" 200 1659
190.95.67.93 - - [14/Apr/2025:15:52:24 -0300] "GET /cormun/servlet/permisogoce?INS,0,,, HTTP/1.1" 200 7228
190.95.67.93 - - [14/Apr/2025:15:53:51 -0300] "GET /cormun/servlet/prfichaempleado?,MD,,gxPopupLevel%3D0%3B HTTP/1.1" 200 9373
190.95.67.93 - - [14/Apr/2025:15:54:03 -0300] "GET /cormun/servlet/permisogoce?59db770d3db37ffaa6dfd3fe4b8aed0d03d229b604f46ad6d877a98647c9fc7cff0b04bf007f315275f4e81b604a7bdc9c5931959afc72d631f2d4a779241958,gx-no-cache=1744656972308 HTTP/1.1" 200 226
190.95.67.93 - - [14/Apr/2025:15:54:03 -0300] "GET /cormun/static/Shared/jqueryui/images/ui-icons_82798d_256x240.png HTTP/1.1" 404 1089
190.95.67.93 - - [14/Apr/2025:15:54:03 -0300] "GET /cormun/static/Shared/jqueryui/images/ui-bg_highlight-soft_100_c6c2c8_1x100.png HTTP/1.1" 404 1117
190.95.67.93 - - [14/Apr/2025:15:54:03 -0300] "GET /cormun/static/Shared/jqueryui/images/ui-icons_ebccce_256x240.png HTTP/1.1" 404 1089
190.95.67.93 - - [14/Apr/2025:15:54:03 -0300] "GET /cormun/static/Shared/jqueryui/images/ui-bg_flat_55_994d53_40x100.png HTTP/1.1" 404 1097
190.95.67.93 - - [14/Apr/2025:15:54:22 -0300] "GET /cormun/servlet/permisogoce?59db770d3db37ffaa6dfd3fe4b8aed0de681719d68eb486e9fbeace89825016d31b0dfd948322a542d007b3af7d8155fe6d3593ed63b092947bce2ffcbb21333,gx-no-cache=1744656990617 HTTP/1.1" 200 73
190.95.67.93 - - [14/Apr/2025:15:54:22 -0300] "GET /cormun/static/menuarrow.gif HTTP/1.1" 404 1015
190.95.67.93 - - [14/Apr/2025:15:54:29 -0300] "GET /cormun/servlet/permisogoce?59db770d3db37ffaa6dfd3fe4b8aed0d95c4e8b81c872e5f16e9fd889c048e1886070e7307e87e39b33dabfb0d718dd3e1b11eab4281b74fdfee1aa1af7d58a8,gx-no-cache=1744656997864 HTTP/1.1" 200 48
190.95.67.93 - - [14/Apr/2025:15:54:43 -0300] "POST /cormun/servlet/permisogoce?79d76e405e189de6f0d29b75e61beaa5,INS,0,,,,gx-no-cache=1744657011347 HTTP/1.1" 200 93
190.95.67.93 - - [14/Apr/2025:15:54:43 -0300] "GET /cormun/servlet/hpexe_return? HTTP/1.1" 200 1008
190.95.67.93 - - [14/Apr/2025:15:54:43 -0300] "GET /cormun/servlet/trpermisosgoce HTTP/1.1" 200 15231
190.95.67.93 - - [14/Apr/2025:15:54:49 -0300] "GET /cormun/servlet/apermisogoceprn?6601395,P,20250414145447,PU HTTP/1.1" 200 1651
200.126.116.145 - - [14/Apr/2025:15:56:31 -0300] "GET /cormun/servlet/solicitudot?6cb080734210560a9d863ca93cc95d41454cd5ba3fc045b436cf595a135f5f70d524fb4597d638cef23ea0e4195ce02df732a7dfcc8c40b9eb1339ce8714a772400fff92c8a3f53833a707cf0409bd03e4e86520d3b76da23271150bfe729dfdc5e58fc2a567888e68070a9ad8631914,gx-no-cache=1744657119221 HTTP/1.1" 200 110
200.126.116.145 - - [14/Apr/2025:15:56:31 -0300] "POST /cormun/servlet/solicitudot?gx-no-cache=1744657119264 HTTP/1.1" 200 64
200.126.116.145 - - [14/Apr/2025:15:56:35 -0300] "GET /cormun/servlet/solicitudot?6cb080734210560a9d863ca93cc95d4119f09b1fa0ef292b6fd752d80ae253843847a72931f60a95e5df6a281f508e04cae5fcf8afc204bf0e317745ff07b044a3fbef212d90b598131e6d91f1a09555f5a553b9c847b6dff39702029e29a94a76c7da2f5c42b859f87900e625b215ab,gx-no-cache=1744657123707 HTTP/1.1" 200 29
200.126.116.145 - - [14/Apr/2025:15:56:39 -0300] "GET /cormun/servlet/solicitudot?6cb080734210560a9d863ca93cc95d416cb999d8cc6a401d7e7ce11147706878bd22f23b16ef20889d3a663b58a2661a,gx-no-cache=1744657127631 HTTP/1.1" 200 30
200.126.116.145 - - [14/Apr/2025:15:56:39 -0300] "POST /cormun/servlet/solicitudot?gx-no-cache=1744657127658 HTTP/1.1" 200 34
200.126.116.145 - - [14/Apr/2025:15:57:02 -0300] "POST /cormun/servlet/solicitudot?0251c3ea5d1d1d5150955240c5b49b43,INS,0,0,false,,gx-no-cache=1744657150707 HTTP/1.1" 200 93
200.126.116.145 - - [14/Apr/2025:15:57:02 -0300] "GET /cormun/servlet/hpexe_return? HTTP/1.1" 200 1014
200.126.116.145 - - [14/Apr/2025:15:57:03 -0300] "GET /cormun/servlet/trsolicitudot HTTP/1.1" 200 9321
190.95.67.91 - - [14/Apr/2025:15:59:48 -0300] "POST /cormun/servlet/trlicencias?75e46597c3c78c697674c0da26f3b535,,gx-no-cache=1744657318759 HTTP/1.1" 440 972
190.95.67.91 - - [14/Apr/2025:15:59:50 -0300] "GET /cormun/servlet/trlicencias? HTTP/1.1" 200 6052
190.95.67.91 - - [14/Apr/2025:15:59:50 -0300] "GET /cormun/servlet/hlogin HTTP/1.1" 200 1739
190.95.67.91 - - [14/Apr/2025:15:59:58 -0300] "POST /cormun/servlet/hlogin?f8d24b467bb8759b4e1bf2383e29be8f,gx-no-cache=1744657328686 HTTP/1.1" 200 90
190.95.67.91 - - [14/Apr/2025:15:59:58 -0300] "GET /cormun/servlet/hpexe_link HTTP/1.1" 200 959
190.95.67.91 - - [14/Apr/2025:15:59:59 -0300] "GET /cormun/servlet/trlicencias HTTP/1.1" 200 14783
190.95.15.13 - - [14/Apr/2025:16:01:04 -0300] "POST /cormun/servlet/hlogin?4a1a023c67805d1d3214abc74c48d164,gx-no-cache=1744657388998 HTTP/1.1" 440 972
190.95.15.13 - - [14/Apr/2025:16:01:06 -0300] "GET /cormun/servlet/hlogin HTTP/1.1" 200 1732
190.95.15.13 - - [14/Apr/2025:16:01:13 -0300] "POST /cormun/servlet/hlogin?8fe34dcf84fac0c5aef95dab95776ca5,gx-no-cache=1744657400326 HTTP/1.1" 200 90
190.95.15.13 - - [14/Apr/2025:16:01:13 -0300] "GET /cormun/servlet/hpexe_link HTTP/1.1" 200 952
190.95.15.13 - - [14/Apr/2025:16:01:13 -0300] "GET /cormun/servlet/hhome HTTP/1.1" 200 3944
190.95.15.13 - - [14/Apr/2025:16:01:16 -0300] "GET /cormun/servlet/trlicencias? HTTP/1.1" 200 12885
179.57.78.55 - - [14/Apr/2025:16:01:42 -0300] "GET /cormun/servlet/apermisogoceprn?13782497,P,20250404131711,PU HTTP/1.1" 200 1649
179.57.78.55 - - [14/Apr/2025:16:02:10 -0300] "GET /cormun/servlet/permisogoce?UPD,8915413,P,20250401095234, HTTP/1.1" 200 6897
179.57.78.55 - - [14/Apr/2025:16:02:10 -0300] "GET /cormun/servlet/permisogoce?d36c1a9c004f4261a683d4debd8a6b9b95a63ed363cab29100202c011595e7d0cad1ea0058176f99d2255ccbb2b9577fe2cce950a245fe77c13d0ca894b42930,gx-no-cache=1744657457138 HTTP/1.1" 200 82
179.57.78.55 - - [14/Apr/2025:16:02:14 -0300] "GET /cormun/servlet/permisogoce?d36c1a9c004f4261a683d4debd8a6b9b7942ae17df3fb8fb3eaceb221aa1ea60a25cf2fa4d542460ad3a3fa1ce36b2feabd5f1d25bfd35edeafa8cfba852e68a,gx-no-cache=1744657460767 HTTP/1.1" 200 46
179.57.78.55 - - [14/Apr/2025:16:02:14 -0300] "POST /cormun/servlet/permisogoce?e20bce9d6a532ea72a7f03ca1ae08b4d,UPD,8915413,P,20250401095234,,gx-no-cache=1744657460796 HTTP/1.1" 200 93
179.57.78.55 - - [14/Apr/2025:16:02:14 -0300] "GET /cormun/servlet/hpexe_return? HTTP/1.1" 200 1027
179.57.78.55 - - [14/Apr/2025:16:02:15 -0300] "GET /cormun/servlet/trpermisosgoce? HTTP/1.1" 200 13395
179.57.78.55 - - [14/Apr/2025:16:02:18 -0300] "GET /cormun/servlet/apermisogoceprn?8915413,P,20250401095234,PU HTTP/1.1" 200 1644
200.126.116.145 - - [14/Apr/2025:16:03:42 -0300] "POST /cormun/servlet/trsolicitudot?0251c3ea5d1d1d5150955240c5b49b43,gx-no-cache=1744657550517 HTTP/1.1" 200 107
200.126.116.145 - - [14/Apr/2025:16:03:42 -0300] "GET /cormun/servlet/trsolicitudadjuntos?2025,22430, HTTP/1.1" 200 6442
200.126.116.145 - - [14/Apr/2025:16:03:44 -0300] "GET /cormun/servlet/solicitudotadjuntos?INS,2025,22430,,1, HTTP/1.1" 200 6384
200.126.116.145 - - [14/Apr/2025:16:03:44 -0300] "GET /cormun/static/about:blank HTTP/1.1" 404 1011
200.126.116.145 - - [14/Apr/2025:16:03:44 -0300] "GET /cormun/servlet/solicitudotadjuntos?6cb080734210560a9d863ca93cc95d4185f80444fbd4d9bbcd35ccfa775c4e25ffb32e4ab92a468a796ee14998259236,gx-no-cache=1744657552961 HTTP/1.1" 200 30
200.126.116.145 - - [14/Apr/2025:16:03:44 -0300] "POST /cormun/servlet/solicitudotadjuntos?0251c3ea5d1d1d5150955240c5b49b43,INS,2025,22430,,1,,gx-no-cache=1744657552978 HTTP/1.1" 200 4157
200.126.116.145 - - [14/Apr/2025:16:03:47 -0300] "POST /cormun/servlet/solicitudotadjuntos?gx-no-cache=1744657555246 HTTP/1.1" 200 26
200.126.116.145 - - [14/Apr/2025:16:03:59 -0300] "GET /cormun/servlet/solicitudotadjuntos?6cb080734210560a9d863ca93cc95d41a494790d203d99e02648935c5c2be9cb,gx-no-cache=1744657567393 HTTP/1.1" 200 30
200.126.116.145 - - [14/Apr/2025:16:03:59 -0300] "GET /cormun/servlet/solicitudotadjuntos?6cb080734210560a9d863ca93cc95d41a494790d203d99e02648935c5c2be9cb,gx-no-cache=1744657567404 HTTP/1.1" 200 30
200.126.116.145 - - [14/Apr/2025:16:03:59 -0300] "POST /cormun/servlet/solicitudotadjuntos?0251c3ea5d1d1d5150955240c5b49b43,INS,2025,22430,,1, HTTP/1.1" 200 116
200.126.116.145 - - [14/Apr/2025:16:03:59 -0300] "GET /cormun/servlet/hpexe_return? HTTP/1.1" 200 1031
200.126.116.145 - - [14/Apr/2025:16:03:59 -0300] "GET /cormun/servlet/trsolicitudadjuntos?2025,22430, HTTP/1.1" 200 9506
200.126.116.145 - - [14/Apr/2025:16:04:01 -0300] "GET /cormun/servlet/solicitudotadjuntos?INS,2025,22430,,1, HTTP/1.1" 200 6384
200.126.116.145 - - [14/Apr/2025:16:04:01 -0300] "GET /cormun/static/about:blank HTTP/1.1" 404 1011
200.126.116.145 - - [14/Apr/2025:16:04:02 -0300] "GET /cormun/servlet/solicitudotadjuntos?6cb080734210560a9d863ca93cc95d4185f80444fbd4d9bbcd35ccfa775c4e25ffb32e4ab92a468a796ee14998259236,gx-no-cache=1744657570322 HTTP/1.1" 200 30
200.126.116.145 - - [14/Apr/2025:16:04:02 -0300] "POST /cormun/servlet/solicitudotadjuntos?0251c3ea5d1d1d5150955240c5b49b43,INS,2025,22430,,1,,gx-no-cache=1744657570338 HTTP/1.1" 200 4157
179.57.78.55 - - [14/Apr/2025:16:04:04 -0300] "GET /cormun/servlet/permisogoce?INS,0,,, HTTP/1.1" 200 6844
200.126.116.145 - - [14/Apr/2025:16:04:05 -0300] "POST /cormun/servlet/solicitudotadjuntos?gx-no-cache=1744657573098 HTTP/1.1" 200 26
179.57.78.55 - - [14/Apr/2025:16:04:15 -0300] "GET /cormun/servlet/permisogoce?d36c1a9c004f4261a683d4debd8a6b9b57ced5f3861fb892235b7f60d886310882a7f482a25d9ad330d673ecd423756be10e02d71d0cfd3288bda619a572d63d,gx-no-cache=1744657581760 HTTP/1.1" 200 85
179.57.78.55 - - [14/Apr/2025:16:04:27 -0300] "GET /cormun/servlet/permisogoce?d36c1a9c004f4261a683d4debd8a6b9b99ad2bb07b6ba42cbf24ba00eb7077260cc7b592d9681649072c30d6fbbfe770c4124bb3b6f22c17a8b760de20488fd4,gx-no-cache=1744657594148 HTTP/1.1" 200 47
179.57.78.55 - - [14/Apr/2025:16:04:30 -0300] "POST /cormun/servlet/permisogoce?e20bce9d6a532ea72a7f03ca1ae08b4d,INS,0,,,,gx-no-cache=1744657596455 HTTP/1.1" 200 93
179.57.78.55 - - [14/Apr/2025:16:04:30 -0300] "GET /cormun/servlet/hpexe_return? HTTP/1.1" 200 1007
179.57.78.55 - - [14/Apr/2025:16:04:30 -0300] "GET /cormun/servlet/trpermisosgoce HTTP/1.1" 200 13582
200.126.116.145 - - [14/Apr/2025:16:04:32 -0300] "GET /cormun/servlet/solicitudotadjuntos?6cb080734210560a9d863ca93cc95d41a494790d203d99e02648935c5c2be9cb,gx-no-cache=1744657600849 HTTP/1.1" 200 30
200.126.116.145 - - [14/Apr/2025:16:04:32 -0300] "GET /cormun/servlet/solicitudotadjuntos?6cb080734210560a9d863ca93cc95d41a494790d203d99e02648935c5c2be9cb,gx-no-cache=1744657600866 HTTP/1.1" 200 30
200.126.116.145 - - [14/Apr/2025:16:04:32 -0300] "POST /cormun/servlet/solicitudotadjuntos?0251c3ea5d1d1d5150955240c5b49b43,INS,2025,22430,,1, HTTP/1.1" 200 116
200.126.116.145 - - [14/Apr/2025:16:04:32 -0300] "GET /cormun/servlet/hpexe_return? HTTP/1.1" 200 1031
200.126.116.145 - - [14/Apr/2025:16:04:33 -0300] "GET /cormun/servlet/trsolicitudadjuntos?2025,22430, HTTP/1.1" 200 9754
179.57.78.55 - - [14/Apr/2025:16:04:39 -0300] "GET /cormun/servlet/apermisogoceprn?21248478,P,20250414150626,PU HTTP/1.1" 200 1650
179.57.78.55 - - [14/Apr/2025:16:04:50 -0300] "GET /cormun/servlet/permisogoce?INS,0,,, HTTP/1.1" 200 6844
179.57.78.55 - - [14/Apr/2025:16:05:08 -0300] "GET /cormun/servlet/permisogoce?d36c1a9c004f4261a683d4debd8a6b9be80ab69dc69a7d54faa4e4cb0b905a1782a7f482a25d9ad330d673ecd423756be10e02d71d0cfd3288bda619a572d63d,gx-no-cache=1744657634880 HTTP/1.1" 200 77
179.57.78.55 - - [14/Apr/2025:16:05:20 -0300] "GET /cormun/servlet/permisogoce?d36c1a9c004f4261a683d4debd8a6b9bdd494ca3141360269b88c4478396aa2c9cacde67b21356011619a3a105a96a141e7929e9bd868c91a19bd16bf6770bb3,gx-no-cache=1744657646599 HTTP/1.1" 200 46
179.57.78.55 - - [14/Apr/2025:16:05:22 -0300] "POST /cormun/servlet/permisogoce?e20bce9d6a532ea72a7f03ca1ae08b4d,INS,0,,,,gx-no-cache=1744657648343 HTTP/1.1" 200 93
179.57.78.55 - - [14/Apr/2025:16:05:22 -0300] "GET /cormun/servlet/hpexe_return? HTTP/1.1" 200 1007
179.57.78.55 - - [14/Apr/2025:16:05:22 -0300] "GET /cormun/servlet/trpermisosgoce HTTP/1.1" 200 13826
179.57.78.55 - - [14/Apr/2025:16:05:25 -0300] "GET /cormun/servlet/apermisogoceprn?16110947,P,20250414150712,PU HTTP/1.1" 200 1646
179.57.78.55 - - [14/Apr/2025:16:05:32 -0300] "GET /cormun/servlet/permisogoce?INS,0,,, HTTP/1.1" 200 6844
179.57.78.55 - - [14/Apr/2025:16:05:43 -0300] "GET /cormun/servlet/permisogoce?d36c1a9c004f4261a683d4debd8a6b9bca762256482f6c1cde861683f133558bebdc43dc28f64478c1a2e0a253b1ebc5e7bd52b5b8c88e183478885bab3a1e3c,gx-no-cache=1744657669568 HTTP/1.1" 200 226
179.57.78.55 - - [14/Apr/2025:16:05:43 -0300] "GET /cormun/static/Shared/jqueryui/images/ui-bg_highlight-soft_100_c6c2c8_1x100.png HTTP/1.1" 404 1117
179.57.78.55 - - [14/Apr/2025:16:05:43 -0300] "GET /cormun/static/Shared/jqueryui/images/ui-bg_flat_55_994d53_40x100.png HTTP/1.1" 404 1097
179.57.78.55 - - [14/Apr/2025:16:05:43 -0300] "GET /cormun/static/Shared/jqueryui/images/ui-icons_82798d_256x240.png HTTP/1.1" 404 1089
179.57.78.55 - - [14/Apr/2025:16:05:43 -0300] "GET /cormun/static/Shared/jqueryui/images/ui-icons_ebccce_256x240.png HTTP/1.1" 404 1089
66.249.66.3 - - [14/Apr/2025:16:05:50 -0300] "GET /robots.txt HTTP/1.1" 404 981
66.249.66.1 - - [14/Apr/2025:16:05:50 -0300] "GET /cormun/servlet/hlogin HTTP/1.1" 200 1725
179.57.78.55 - - [14/Apr/2025:16:05:51 -0300] "GET /cormun/servlet/permisogoce?d36c1a9c004f4261a683d4debd8a6b9b741f647efd14729d4f0ff8b049c216b582a7f482a25d9ad330d673ecd423756be10e02d71d0cfd3288bda619a572d63d,gx-no-cache=1744657677687 HTTP/1.1" 200 80
179.57.78.55 - - [14/Apr/2025:16:06:01 -0300] "GET /cormun/servlet/permisogoce?d36c1a9c004f4261a683d4debd8a6b9ba30efe45b76d4b7657695183c3db7157c122725ec12b927fbb5d6c6c3d78da9bc4124bb3b6f22c17a8b760de20488fd4,gx-no-cache=1744657687688 HTTP/1.1" 200 47
179.57.78.55 - - [14/Apr/2025:16:06:03 -0300] "POST /cormun/servlet/permisogoce?e20bce9d6a532ea72a7f03ca1ae08b4d,INS,0,,,,gx-no-cache=1744657689136 HTTP/1.1" 200 93
179.57.78.55 - - [14/Apr/2025:16:06:03 -0300] "GET /cormun/servlet/hpexe_return? HTTP/1.1" 200 1007
179.57.78.55 - - [14/Apr/2025:16:06:03 -0300] "GET /cormun/servlet/trpermisosgoce HTTP/1.1" 200 13993
190.95.15.13 - - [14/Apr/2025:16:08:36 -0300] "GET /cormun/servlet/trpermisosgoce? HTTP/1.1" 200 14504
179.57.78.55 - - [14/Apr/2025:16:08:43 -0300] "GET /cormun/servlet/apermisogoceprn?13504206,P,20250414150755,PU HTTP/1.1" 200 1650
190.95.15.13 - - [14/Apr/2025:16:08:53 -0300] "GET /cormun/servlet/permisogoce?INS,0,,, HTTP/1.1" 200 6804
190.95.15.13 - - [14/Apr/2025:16:08:53 -0300] "GET /cormun/static/gxcfg.js?20201215124560 HTTP/1.1" 200 953
190.95.15.13 - - [14/Apr/2025:16:08:53 -0300] "GET /cormun/static/permisogoce.js?20201215124939 HTTP/1.1" 200 27790
179.57.78.55 - - [14/Apr/2025:16:08:57 -0300] "GET /cormun/servlet/permisogoce?INS,0,,, HTTP/1.1" 200 6843
190.95.15.13 - - [14/Apr/2025:16:09:04 -0300] "GET /cormun/servlet/permisogoce?a56c799698b755346d08289ecc69d177ec9f30327e6a798acc93eaefb6a6183577b072def9658e061b31c18c63bb2d01827923befc46567b1d53660281f4c55b,gx-no-cache=1744657872054 HTTP/1.1" 200 78
190.95.15.13 - - [14/Apr/2025:16:09:05 -0300] "GET /cormun/static/menuarrow.gif HTTP/1.1" 404 1015
190.95.15.13 - - [14/Apr/2025:16:09:11 -0300] "GET /cormun/servlet/permisogoce?a56c799698b755346d08289ecc69d177814994a77e4d11d8d756a744b504181cc249edad24afc42996165adee5abbc268102b875e1fffc85c44922966eb779b6,gx-no-cache=1744657878365 HTTP/1.1" 200 47
190.95.15.13 - - [14/Apr/2025:16:09:14 -0300] "POST /cormun/servlet/permisogoce?8fe34dcf84fac0c5aef95dab95776ca5,INS,0,,,,gx-no-cache=1744657881207 HTTP/1.1" 200 93
190.95.15.13 - - [14/Apr/2025:16:09:14 -0300] "GET /cormun/servlet/hpexe_return? HTTP/1.1" 200 1011
190.95.15.13 - - [14/Apr/2025:16:09:14 -0300] "GET /cormun/static/gxcfg.js?20221129846035 HTTP/1.1" 200 953
190.95.15.13 - - [14/Apr/2025:16:09:14 -0300] "GET /cormun/static/hpexe_return.js?20221129846037 HTTP/1.1" 200 1633
190.95.15.13 - - [14/Apr/2025:16:09:14 -0300] "GET /cormun/servlet/trpermisosgoce HTTP/1.1" 200 14727
179.57.78.55 - - [14/Apr/2025:16:09:23 -0300] "GET /cormun/servlet/permisogoce?d36c1a9c004f4261a683d4debd8a6b9b2185895827fe5eb0ffd6484d033a469182a7f482a25d9ad330d673ecd423756be10e02d71d0cfd3288bda619a572d63d,gx-no-cache=1744657890012 HTTP/1.1" 200 77
179.57.78.55 - - [14/Apr/2025:16:09:34 -0300] "GET /cormun/servlet/permisogoce?d36c1a9c004f4261a683d4debd8a6b9bcabf20d441502009829ea271a906a9892dcd0fe0ca2276edecbf8d2cd97ca5b41e7929e9bd868c91a19bd16bf6770bb3,gx-no-cache=1744657900555 HTTP/1.1" 200 47
179.57.78.55 - - [14/Apr/2025:16:09:36 -0300] "POST /cormun/servlet/permisogoce?e20bce9d6a532ea72a7f03ca1ae08b4d,INS,0,,,,gx-no-cache=1744657902671 HTTP/1.1" 200 93
179.57.78.55 - - [14/Apr/2025:16:09:36 -0300] "GET /cormun/servlet/hpexe_return? HTTP/1.1" 200 1007
179.57.78.55 - - [14/Apr/2025:16:09:37 -0300] "GET /cormun/servlet/trpermisosgoce HTTP/1.1" 200 14225
179.57.78.55 - - [14/Apr/2025:16:09:41 -0300] "GET /cormun/servlet/apermisogoceprn?18558123,P,20250414151119,PU HTTP/1.1" 200 1652
179.57.78.55 - - [14/Apr/2025:16:09:49 -0300] "GET /cormun/servlet/permisogoce?INS,0,,, HTTP/1.1" 200 6843
179.57.78.55 - - [14/Apr/2025:16:10:13 -0300] "GET /cormun/servlet/permisogoce?d36c1a9c004f4261a683d4debd8a6b9bf5c8af009e49d61f68999b7efbf0da88ebdc43dc28f64478c1a2e0a253b1ebc5e7bd52b5b8c88e183478885bab3a1e3c,gx-no-cache=1744657940073 HTTP/1.1" 200 82
179.57.78.55 - - [14/Apr/2025:16:10:25 -0300] "GET /cormun/servlet/permisogoce?d36c1a9c004f4261a683d4debd8a6b9bc46ffe1cdf50b2a8ae2056fb2613210d5305e429d79214311a78d7405c217a3bc67d6c33556efd6859565bdec88726d8,gx-no-cache=1744657951468 HTTP/1.1" 200 47
190.95.15.13 - - [14/Apr/2025:16:10:25 -0300] "GET /cormun/servlet/trlicencias? HTTP/1.1" 200 12884
179.57.78.55 - - [14/Apr/2025:16:10:27 -0300] "POST /cormun/servlet/permisogoce?e20bce9d6a532ea72a7f03ca1ae08b4d,INS,0,,,,gx-no-cache=1744657952999 HTTP/1.1" 200 93
179.57.78.55 - - [14/Apr/2025:16:10:27 -0300] "GET /cormun/servlet/hpexe_return? HTTP/1.1" 200 1007
179.57.78.55 - - [14/Apr/2025:16:10:27 -0300] "GET /cormun/servlet/trpermisosgoce HTTP/1.1" 200 14442
179.57.78.55 - - [14/Apr/2025:16:10:31 -0300] "GET /cormun/servlet/apermisogoceprn?9882379,P,20250414151211,PU HTTP/1.1" 200 1656
179.57.78.55 - - [14/Apr/2025:16:11:03 -0300] "GET /cormun/servlet/permisogoce?INS,0,,, HTTP/1.1" 200 6844
179.57.78.55 - - [14/Apr/2025:16:11:07 -0300] "GET /cormun/servlet/permisogoce?d36c1a9c004f4261a683d4debd8a6b9b7864a9c107da68ecefae14535eb173c182a7f482a25d9ad330d673ecd423756be10e02d71d0cfd3288bda619a572d63d,gx-no-cache=1744657993331 HTTP/1.1" 200 78
179.57.78.55 - - [14/Apr/2025:16:11:19 -0300] "GET /cormun/servlet/permisogoce?d36c1a9c004f4261a683d4debd8a6b9beacb9679f38bda6d039fd7c2ed48e8b87127d7116f5ccf97500a217a59394c0f1e7929e9bd868c91a19bd16bf6770bb3,gx-no-cache=1744658005635 HTTP/1.1" 200 47
179.57.78.55 - - [14/Apr/2025:16:11:21 -0300] "POST /cormun/servlet/permisogoce?e20bce9d6a532ea72a7f03ca1ae08b4d,INS,0,,,,gx-no-cache=1744658007487 HTTP/1.1" 200 93
179.57.78.55 - - [14/Apr/2025:16:11:21 -0300] "GET /cormun/servlet/hpexe_return? HTTP/1.1" 200 1007
179.57.78.55 - - [14/Apr/2025:16:11:21 -0300] "GET /cormun/servlet/trpermisosgoce HTTP/1.1" 200 14661
179.57.78.55 - - [14/Apr/2025:16:11:25 -0300] "GET /cormun/servlet/apermisogoceprn?17523103,P,20250414151325,PU HTTP/1.1" 200 1655
179.57.78.55 - - [14/Apr/2025:16:11:33 -0300] "GET /cormun/servlet/permisogoce?INS,0,,, HTTP/1.1" 200 6844
179.57.78.9 - - [14/Apr/2025:16:11:49 -0300] "GET /cormun/servlet/hlogin HTTP/1.1" 200 1725
179.57.78.55 - - [14/Apr/2025:16:11:50 -0300] "GET /cormun/servlet/permisogoce?d36c1a9c004f4261a683d4debd8a6b9b1cb67269fcef20c1f6dc216ff7361047ebdc43dc28f64478c1a2e0a253b1ebc5e7bd52b5b8c88e183478885bab3a1e3c,gx-no-cache=1744658036313 HTTP/1.1" 200 76
179.57.78.9 - - [14/Apr/2025:16:11:52 -0300] "POST /cormun/servlet/hlogin?f873bee6020670d4df9da7b9329ed3bd,gx-no-cache=1744658048880 HTTP/1.1" 200 90
179.57.78.9 - - [14/Apr/2025:16:11:52 -0300] "GET /cormun/servlet/hpexe_link HTTP/1.1" 200 952
179.57.78.9 - - [14/Apr/2025:16:11:52 -0300] "GET /cormun/servlet/hhome HTTP/1.1" 200 4344
179.57.78.9 - - [14/Apr/2025:16:11:54 -0300] "GET /cormun/servlet/trlicencias? HTTP/1.1" 200 10855
179.57.78.55 - - [14/Apr/2025:16:12:01 -0300] "GET /cormun/servlet/permisogoce?d36c1a9c004f4261a683d4debd8a6b9bdb6c1d0825737ac657c451aca30557a90269830e4780626f8a9b73ea6aa2aa99c67d6c33556efd6859565bdec88726d8,gx-no-cache=1744658047516 HTTP/1.1" 200 47
179.57.78.9 - - [14/Apr/2025:16:12:02 -0300] "GET /cormun/servlet/trcontratounov2? HTTP/1.1" 200 17878
179.57.78.9 - - [14/Apr/2025:16:12:02 -0300] "GET /cormun/static/gxcfg.js?2020121614367 HTTP/1.1" 200 953
179.57.78.9 - - [14/Apr/2025:16:12:02 -0300] "GET /cormun/static/Resources/PXToolsAddSelectedAction.png HTTP/1.1" 200 523
179.57.78.9 - - [14/Apr/2025:16:12:02 -0300] "GET /cormun/static/trcontratounov2.js?20201216143065 HTTP/1.1" 200 38486
179.57.78.55 - - [14/Apr/2025:16:12:03 -0300] "POST /cormun/servlet/permisogoce?e20bce9d6a532ea72a7f03ca1ae08b4d,INS,0,,,,gx-no-cache=1744658048903 HTTP/1.1" 200 93
179.57.78.55 - - [14/Apr/2025:16:12:03 -0300] "GET /cormun/servlet/hpexe_return? HTTP/1.1" 200 1007
179.57.78.55 - - [14/Apr/2025:16:12:03 -0300] "GET /cormun/servlet/trpermisosgoce HTTP/1.1" 200 14845
179.57.78.55 - - [14/Apr/2025:16:12:08 -0300] "GET /cormun/servlet/apermisogoceprn?8527596,P,20250414151355,PU HTTP/1.1" 200 1643
179.57.78.9 - - [14/Apr/2025:16:12:10 -0300] "POST /cormun/servlet/trcontratounov2?f873bee6020670d4df9da7b9329ed3bd,,gx-no-cache=1744658067195 HTTP/1.1" 200 16483
179.57.78.9 - - [14/Apr/2025:16:12:11 -0300] "GET /cormun/static/Resources/PXToolsGridPrevious.gif HTTP/1.1" 200 369
179.57.78.9 - - [14/Apr/2025:16:12:11 -0300] "GET /cormun/static/Resources/PXToolsGridFirst.gif HTTP/1.1" 200 379
179.57.78.55 - - [14/Apr/2025:16:12:17 -0300] "GET /cormun/servlet/permisogoce?INS,0,,, HTTP/1.1" 200 6843
179.57.78.9 - - [14/Apr/2025:16:12:27 -0300] "GET /cormun/servlet/trcargahoraria? HTTP/1.1" 200 6747
179.57.78.9 - - [14/Apr/2025:16:12:27 -0300] "GET /cormun/static/gxcfg.js?202012113392337 HTTP/1.1" 200 953
179.57.78.9 - - [14/Apr/2025:16:12:27 -0300] "GET /cormun/static/trcargahoraria.js?202012113392783 HTTP/1.1" 200 28768
179.57.78.55 - - [14/Apr/2025:16:12:36 -0300] "GET /cormun/servlet/permisogoce?d36c1a9c004f4261a683d4debd8a6b9b383ff45b6b4b0cf47d7d8be4fbb3e60bebdc43dc28f64478c1a2e0a253b1ebc5e7bd52b5b8c88e183478885bab3a1e3c,gx-no-cache=1744658082783 HTTP/1.1" 200 68
179.57.78.55 - - [14/Apr/2025:16:12:42 -0300] "GET /cormun/servlet/permisogoce?d36c1a9c004f4261a683d4debd8a6b9ba031ee8aeffe17527e8438bdcbce6290eb9599d3397083ab5aba78ef279080ddc67d6c33556efd6859565bdec88726d8,gx-no-cache=1744658089150 HTTP/1.1" 200 47
179.57.78.55 - - [14/Apr/2025:16:12:44 -0300] "POST /cormun/servlet/permisogoce?e20bce9d6a532ea72a7f03ca1ae08b4d,INS,0,,,,gx-no-cache=1744658090791 HTTP/1.1" 200 93
179.57.78.55 - - [14/Apr/2025:16:12:44 -0300] "GET /cormun/servlet/hpexe_return? HTTP/1.1" 200 1007
179.57.78.55 - - [14/Apr/2025:16:12:45 -0300] "GET /cormun/servlet/trpermisosgoce HTTP/1.1" 200 15052
179.57.78.55 - - [14/Apr/2025:16:12:48 -0300] "GET /cormun/servlet/apermisogoceprn?9055439,P,20250414151440,PU HTTP/1.1" 200 1637
179.57.78.55 - - [14/Apr/2025:16:12:55 -0300] "GET /cormun/servlet/permisogoce?INS,0,,, HTTP/1.1" 200 6843
179.57.78.55 - - [14/Apr/2025:16:13:14 -0300] "GET /cormun/servlet/permisogoce?d36c1a9c004f4261a683d4debd8a6b9b741f647efd14729d4f0ff8b049c216b582a7f482a25d9ad330d673ecd423756be10e02d71d0cfd3288bda619a572d63d,gx-no-cache=1744658120927 HTTP/1.1" 200 82
179.57.78.55 - - [14/Apr/2025:16:13:21 -0300] "GET /cormun/servlet/permisogoce?d36c1a9c004f4261a683d4debd8a6b9ba30efe45b76d4b7657695183c3db71571b21b3c9dbeb12da9df6218dec7e1783c4124bb3b6f22c17a8b760de20488fd4,gx-no-cache=1744658128207 HTTP/1.1" 200 48
179.57.78.55 - - [14/Apr/2025:16:13:23 -0300] "POST /cormun/servlet/permisogoce?e20bce9d6a532ea72a7f03ca1ae08b4d,INS,0,,,,gx-no-cache=1744658129871 HTTP/1.1" 200 93
179.57.78.55 - - [14/Apr/2025:16:13:23 -0300] "GET /cormun/servlet/hpexe_return? HTTP/1.1" 200 1007
179.57.78.55 - - [14/Apr/2025:16:13:24 -0300] "GET /cormun/servlet/trpermisosgoce HTTP/1.1" 200 15232
179.57.78.55 - - [14/Apr/2025:16:13:29 -0300] "GET /cormun/servlet/apermisogoceprn?13504206,P,20250414151517,PU HTTP/1.1" 200 1647
179.57.78.55 - - [14/Apr/2025:16:14:02 -0300] "GET /cormun/servlet/permisogoce?INS,0,,, HTTP/1.1" 200 6844
179.57.78.55 - - [14/Apr/2025:16:14:07 -0300] "GET /cormun/servlet/permisogoce?d36c1a9c004f4261a683d4debd8a6b9b12b667076cc095d98187eafd8bbe0db282a7f482a25d9ad330d673ecd423756be10e02d71d0cfd3288bda619a572d63d,gx-no-cache=1744658173602 HTTP/1.1" 200 85
179.57.78.55 - - [14/Apr/2025:16:14:17 -0300] "GET /cormun/servlet/permisogoce?d36c1a9c004f4261a683d4debd8a6b9b8c6f055842a10b1f17d9364db603b2b70d9dc344cabfcdd809d80a840de6c00f1e7929e9bd868c91a19bd16bf6770bb3,gx-no-cache=1744658184051 HTTP/1.1" 200 129
179.57.78.55 - - [14/Apr/2025:16:14:30 -0300] "GET /cormun/servlet/permisogoce?d36c1a9c004f4261a683d4debd8a6b9b8c6f055842a10b1f17d9364db603b2b7ba59659a6ec9be13a340c9ace3cf2f5fc4124bb3b6f22c17a8b760de20488fd4,gx-no-cache=1744658196590 HTTP/1.1" 200 47
179.57.78.55 - - [14/Apr/2025:16:14:34 -0300] "POST /cormun/servlet/permisogoce?e20bce9d6a532ea72a7f03ca1ae08b4d,INS,0,,,,gx-no-cache=1744658200840 HTTP/1.1" 200 93
179.57.78.55 - - [14/Apr/2025:16:14:34 -0300] "GET /cormun/servlet/hpexe_return? HTTP/1.1" 200 1007
179.57.78.55 - - [14/Apr/2025:16:14:35 -0300] "GET /cormun/servlet/trpermisosgoce HTTP/1.1" 200 15458
179.57.78.55 - - [14/Apr/2025:16:14:40 -0300] "GET /cormun/servlet/apermisogoceprn?13109954,P,20250414151625,PU HTTP/1.1" 200 1648
179.57.78.55 - - [14/Apr/2025:16:14:53 -0300] "GET /cormun/servlet/permisogoce?INS,0,,, HTTP/1.1" 200 6844
190.95.67.91 - - [14/Apr/2025:16:15:27 -0300] "POST /cormun/servlet/trlicencias?f8d24b467bb8759b4e1bf2383e29be8f,gx-no-cache=1744658257534 HTTP/1.1" 200 12625
190.95.67.91 - - [14/Apr/2025:16:15:30 -0300] "GET /cormun/servlet/trpermisosgoce? HTTP/1.1" 200 19178
190.95.67.91 - - [14/Apr/2025:16:15:34 -0300] "GET /cormun/servlet/permisogoce?INS,0,,, HTTP/1.1" 200 7121
179.57.78.55 - - [14/Apr/2025:16:15:39 -0300] "GET /cormun/servlet/permisogoce?d36c1a9c004f4261a683d4debd8a6b9ba232815d4bc2554d849e8bf9e0c4b7d082a7f482a25d9ad330d673ecd423756be10e02d71d0cfd3288bda619a572d63d,gx-no-cache=1744658265561 HTTP/1.1" 200 71
190.95.67.91 - - [14/Apr/2025:16:15:40 -0300] "GET /cormun/servlet/permisogoce?c2c7ad18db7ab626392da7a8ce30c15f3de35da1b258ea32201b829ab84697b412a2c6a440763b2b65325e1d598ca21a85ec93b904de023dd5d787fe111f9909,gx-no-cache=1744658270688 HTTP/1.1" 200 83
190.95.67.91 - - [14/Apr/2025:16:15:43 -0300] "GET /cormun/static/menuarrow.gif HTTP/1.1" 404 1015
179.57.78.55 - - [14/Apr/2025:16:15:50 -0300] "GET /cormun/servlet/permisogoce?d36c1a9c004f4261a683d4debd8a6b9b7d7ac66566b94b57bacb93a01318b9d1778c97ce9421f072d29fcba6ffb1b1121e7929e9bd868c91a19bd16bf6770bb3,gx-no-cache=1744658276413 HTTP/1.1" 200 47
190.95.67.91 - - [14/Apr/2025:16:15:53 -0300] "GET /cormun/servlet/permisogoce?c2c7ad18db7ab626392da7a8ce30c15fa372b3d9cf8c30d81cd27f8f14eb2a70c57eee4d027eb09267baad570c1e925fd66816a94e422b10bf4a0f52e8483040,gx-no-cache=1744658283141 HTTP/1.1" 200 47
179.57.78.55 - - [14/Apr/2025:16:16:12 -0300] "POST /cormun/servlet/permisogoce?e20bce9d6a532ea72a7f03ca1ae08b4d,INS,0,,,,gx-no-cache=1744658298791 HTTP/1.1" 200 93
179.57.78.55 - - [14/Apr/2025:16:16:13 -0300] "GET /cormun/servlet/hpexe_return? HTTP/1.1" 200 1007
179.57.78.55 - - [14/Apr/2025:16:16:13 -0300] "GET /cormun/servlet/trpermisosgoce HTTP/1.1" 200 15711
179.57.78.55 - - [14/Apr/2025:16:16:24 -0300] "GET /cormun/servlet/apermisogoceprn?16973496,P,20250414151716,PU HTTP/1.1" 200 1626
179.57.78.55 - - [14/Apr/2025:16:16:35 -0300] "GET /cormun/servlet/permisogoce?INS,0,,, HTTP/1.1" 200 6844
190.95.15.13 - - [14/Apr/2025:16:16:35 -0300] "GET /cormun/servlet/hlogin HTTP/1.1" 200 1738
190.95.15.13 - - [14/Apr/2025:16:17:02 -0300] "POST /cormun/servlet/hlogin?8fe34dcf84fac0c5aef95dab95776ca5,gx-no-cache=1744658349300 HTTP/1.1" 200 90
190.95.15.13 - - [14/Apr/2025:16:17:02 -0300] "GET /cormun/servlet/hpexe_link HTTP/1.1" 200 957
179.57.78.55 - - [14/Apr/2025:16:17:02 -0300] "GET /cormun/servlet/permisogoce?d36c1a9c004f4261a683d4debd8a6b9b12b667076cc095d98187eafd8bbe0db282a7f482a25d9ad330d673ecd423756be10e02d71d0cfd3288bda619a572d63d,gx-no-cache=1744658348506 HTTP/1.1" 200 88
190.95.15.13 - - [14/Apr/2025:16:17:02 -0300] "GET /cormun/servlet/trlicencias HTTP/1.1" 200 12885
190.95.15.13 - - [14/Apr/2025:16:17:06 -0300] "GET /cormun/servlet/trpermisosgoce? HTTP/1.1" 200 14719
179.57.78.55 - - [14/Apr/2025:16:17:18 -0300] "GET /cormun/servlet/permisogoce?d36c1a9c004f4261a683d4debd8a6b9b8c6f055842a10b1f17d9364db603b2b78c1f02ec762713db4605e375f4955b991e7929e9bd868c91a19bd16bf6770bb3,gx-no-cache=1744658364811 HTTP/1.1" 200 47
179.57.78.55 - - [14/Apr/2025:16:17:22 -0300] "POST /cormun/servlet/permisogoce?e20bce9d6a532ea72a7f03ca1ae08b4d,INS,0,,,,gx-no-cache=1744658368031 HTTP/1.1" 200 93
179.57.78.55 - - [14/Apr/2025:16:17:22 -0300] "GET /cormun/servlet/hpexe_return? HTTP/1.1" 200 1007
179.57.78.55 - - [14/Apr/2025:16:17:22 -0300] "GET /cormun/servlet/trpermisosgoce HTTP/1.1" 200 15878
179.57.78.55 - - [14/Apr/2025:16:17:29 -0300] "GET /cormun/servlet/apermisogoceprn?13109954,P,20250414151857,PU HTTP/1.1" 200 1660
200.126.117.15 - - [14/Apr/2025:16:18:10 -0300] "GET /cormun/servlet/hlogin HTTP/1.1" 200 1723
200.126.117.15 - - [14/Apr/2025:16:18:19 -0300] "POST /cormun/servlet/hlogin?3b393f6b1b84e00b08a5d0ea37e8b230,gx-no-cache=1744658428022 HTTP/1.1" 200 90
200.126.117.15 - - [14/Apr/2025:16:18:19 -0300] "GET /cormun/servlet/hpexe_link HTTP/1.1" 200 952
200.126.117.15 - - [14/Apr/2025:16:18:19 -0300] "GET /cormun/servlet/hhome HTTP/1.1" 200 4322
200.126.117.15 - - [14/Apr/2025:16:18:22 -0300] "GET /cormun/servlet/trlicencias? HTTP/1.1" 200 10997
201.186.225.193 - - [14/Apr/2025:16:18:51 -0300] "GET /cormun/servlet/hhome HTTP/1.1" 200 3320
201.186.225.193 - - [14/Apr/2025:16:18:51 -0300] "GET /cormun/servlet/hlogin HTTP/1.1" 200 1732
201.186.225.193 - - [14/Apr/2025:16:18:55 -0300] "POST /cormun/servlet/hlogin?3fae40367f54034b8094d2c086562469,gx-no-cache=1744658464114 HTTP/1.1" 200 90
201.186.225.193 - - [14/Apr/2025:16:18:55 -0300] "GET /cormun/servlet/hpexe_link HTTP/1.1" 200 949
201.186.225.193 - - [14/Apr/2025:16:18:55 -0300] "GET /cormun/servlet/hhome HTTP/1.1" 200 4292
201.186.225.193 - - [14/Apr/2025:16:19:01 -0300] "GET /cormun/servlet/trautorizarsolicitud? HTTP/1.1" 200 10173
201.186.225.193 - - [14/Apr/2025:16:19:01 -0300] "GET /cormun/static/gxcfg.js?202211298474254 HTTP/1.1" 200 953
201.186.225.193 - - [14/Apr/2025:16:19:01 -0300] "GET /cormun/static/trautorizarsolicitud.js?202211298474588 HTTP/1.1" 200 53909
201.186.225.193 - - [14/Apr/2025:16:19:01 -0300] "GET /cormun//static/Resources/PXToolsActionView.png HTTP/1.1" 200 398
201.186.225.193 - - [14/Apr/2025:16:19:01 -0300] "GET /cormun//static/Resources/PXToolsRemoveAllAction.png HTTP/1.1" 200 487
201.186.225.193 - - [14/Apr/2025:16:19:01 -0300] "GET /cormun//static/Resources/PXToolsGridDelete.png HTTP/1.1" 200 538
201.186.225.193 - - [14/Apr/2025:16:19:01 -0300] "GET /cormun//static/Resources/PXToolsGridUpdate.png HTTP/1.1" 200 470
190.95.67.91 - - [14/Apr/2025:16:19:15 -0300] "POST /cormun/servlet/permisogoce?f8d24b467bb8759b4e1bf2383e29be8f,INS,0,,,,gx-no-cache=1744658484583 HTTP/1.1" 200 93
190.95.67.91 - - [14/Apr/2025:16:19:15 -0300] "GET /cormun/servlet/hpexe_return? HTTP/1.1" 200 1012
190.95.67.91 - - [14/Apr/2025:16:19:15 -0300] "GET /cormun/servlet/trpermisosgoce HTTP/1.1" 200 19518
190.95.67.91 - - [14/Apr/2025:16:20:14 -0300] "GET /cormun/servlet/trpermisosadjuntos?10452710,20250414151756,P, HTTP/1.1" 200 6554
190.95.67.91 - - [14/Apr/2025:16:20:16 -0300] "GET /cormun/servlet/permisosadjuntos?INS,10452710,P,20250414151756,, HTTP/1.1" 200 5879
190.95.67.91 - - [14/Apr/2025:16:20:16 -0300] "GET /cormun/static/about:blank HTTP/1.1" 404 1011
190.95.67.91 - - [14/Apr/2025:16:20:37 -0300] "POST /cormun/servlet/permisosadjuntos?f8d24b467bb8759b4e1bf2383e29be8f,INS,10452710,P,20250414151756,, HTTP/1.1" 200 116
190.95.67.91 - - [14/Apr/2025:16:20:37 -0300] "GET /cormun/servlet/hpexe_return? HTTP/1.1" 200 1040
190.95.67.91 - - [14/Apr/2025:16:20:37 -0300] "GET /cormun/servlet/trpermisosadjuntos?10452710,20250414151756,P, HTTP/1.1" 200 7117
190.95.67.91 - - [14/Apr/2025:16:20:40 -0300] "POST /cormun/servlet/trpermisosadjuntos?f8d24b467bb8759b4e1bf2383e29be8f,10452710,20250414151756,P,,gx-no-cache=1744658569846 HTTP/1.1" 200 90
190.95.67.91 - - [14/Apr/2025:16:20:40 -0300] "GET /cormun/servlet/hpexe_link HTTP/1.1" 200 986
190.95.67.91 - - [14/Apr/2025:16:20:40 -0300] "GET /cormun/servlet/trpermisosgoce HTTP/1.1" 200 19511
190.95.67.91 - - [14/Apr/2025:16:20:42 -0300] "POST /cormun/servlet/trpermisosgoce?f8d24b467bb8759b4e1bf2383e29be8f,gx-no-cache=1744658572343 HTTP/1.1" 200 16774
190.95.67.91 - - [14/Apr/2025:16:20:42 -0300] "GET /cormun/static/Shared/jqueryui/images/ui-icons_82798d_256x240.png HTTP/1.1" 404 1089
190.95.67.91 - - [14/Apr/2025:16:20:42 -0300] "GET /cormun/static/Shared/jqueryui/images/ui-bg_highlight-soft_100_c6c2c8_1x100.png HTTP/1.1" 404 1117
190.95.67.91 - - [14/Apr/2025:16:20:42 -0300] "GET /cormun/static/Shared/jqueryui/images/ui-icons_8d78a5_256x240.png HTTP/1.1" 404 1089
190.95.67.91 - - [14/Apr/2025:16:20:42 -0300] "GET /cormun/static/Shared/jqueryui/images/ui-bg_flat_55_fafafa_40x100.png HTTP/1.1" 404 1097
68.69.184.218 - - [14/Apr/2025:16:21:03 -0300] "CONNECT www.google.com:443 HTTP/1.1" 400 -
190.95.67.91 - - [14/Apr/2025:16:21:21 -0300] "GET /cormun/servlet/permisogoce?INS,0,,, HTTP/1.1" 200 7120
190.95.67.91 - - [14/Apr/2025:16:21:27 -0300] "GET /cormun/servlet/permisogoce?c2c7ad18db7ab626392da7a8ce30c15f5ec451181622f547e8ea439a1a3be4f812a2c6a440763b2b65325e1d598ca21a85ec93b904de023dd5d787fe111f9909,gx-no-cache=1744658617112 HTTP/1.1" 200 85
190.95.67.91 - - [14/Apr/2025:16:21:34 -0300] "GET /cormun/servlet/permisogoce?c2c7ad18db7ab626392da7a8ce30c15f5ed39ecc7a6400cd1a12fcedade73c3208179bcd32ddd746118c6651550de418d66816a94e422b10bf4a0f52e8483040,gx-no-cache=1744658624269 HTTP/1.1" 200 48
190.95.67.91 - - [14/Apr/2025:16:21:44 -0300] "POST /cormun/servlet/permisogoce?f8d24b467bb8759b4e1bf2383e29be8f,INS,0,,,,gx-no-cache=1744658633843 HTTP/1.1" 200 93
190.95.67.91 - - [14/Apr/2025:16:21:44 -0300] "GET /cormun/servlet/hpexe_return? HTTP/1.1" 200 1034
190.95.67.91 - - [14/Apr/2025:16:21:44 -0300] "GET /cormun/servlet/trpermisosgoce?gx-no-cache=1744658572343 HTTP/1.1" 200 19397
190.95.67.91 - - [14/Apr/2025:16:21:48 -0300] "GET /cormun/servlet/trpermisosadjuntos?17137328,20250414152343,P, HTTP/1.1" 200 6577
190.95.67.91 - - [14/Apr/2025:16:21:49 -0300] "GET /cormun/servlet/permisosadjuntos?INS,17137328,P,20250414152343,, HTTP/1.1" 200 5877
190.95.67.91 - - [14/Apr/2025:16:21:49 -0300] "GET /cormun/static/about:blank HTTP/1.1" 404 1011
190.95.67.91 - - [14/Apr/2025:16:21:58 -0300] "POST /cormun/servlet/permisosadjuntos?f8d24b467bb8759b4e1bf2383e29be8f,INS,17137328,P,20250414152343,, HTTP/1.1" 200 116
190.95.67.91 - - [14/Apr/2025:16:21:59 -0300] "GET /cormun/servlet/hpexe_return? HTTP/1.1" 200 1040
190.95.67.91 - - [14/Apr/2025:16:21:59 -0300] "GET /cormun/servlet/trpermisosadjuntos?17137328,20250414152343,P, HTTP/1.1" 200 7071
190.95.67.91 - - [14/Apr/2025:16:22:01 -0300] "POST /cormun/servlet/trpermisosadjuntos?f8d24b467bb8759b4e1bf2383e29be8f,17137328,20250414152343,P,,gx-no-cache=1744658651309 HTTP/1.1" 200 90
190.95.67.91 - - [14/Apr/2025:16:22:01 -0300] "GET /cormun/servlet/hpexe_link HTTP/1.1" 200 1007
190.95.67.91 - - [14/Apr/2025:16:22:01 -0300] "GET /cormun/servlet/trpermisosgoce?gx-no-cache=1744658572343 HTTP/1.1" 200 19395
190.95.67.91 - - [14/Apr/2025:16:22:05 -0300] "POST /cormun/servlet/trpermisosgoce?f8d24b467bb8759b4e1bf2383e29be8f,gx-no-cache=1744658572343,gx-no-cache=1744658654743 HTTP/1.1" 200 16717
190.95.67.91 - - [14/Apr/2025:16:22:23 -0300] "GET /cormun/servlet/permisogoce?INS,0,,, HTTP/1.1" 200 7143
190.95.67.91 - - [14/Apr/2025:16:22:29 -0300] "GET /cormun/servlet/permisogoce?c2c7ad18db7ab626392da7a8ce30c15f0d9b8de8e6d2ba1b71f6df368b5db7c612a2c6a440763b2b65325e1d598ca21a85ec93b904de023dd5d787fe111f9909,gx-no-cache=1744658678903 HTTP/1.1" 200 71
190.95.67.91 - - [14/Apr/2025:16:22:34 -0300] "GET /cormun/servlet/permisogoce?c2c7ad18db7ab626392da7a8ce30c15f5be7b720a434cc4620b857ec518da9a527b0e9d7f9bfe74b53f6a230a1b8a86985bc605829ad5f17a7c28b9bde227e02,gx-no-cache=1744658684791 HTTP/1.1" 200 47
190.95.67.91 - - [14/Apr/2025:16:22:51 -0300] "POST /cormun/servlet/permisogoce?f8d24b467bb8759b4e1bf2383e29be8f,INS,0,,,,gx-no-cache=1744658700739 HTTP/1.1" 200 93
190.95.67.91 - - [14/Apr/2025:16:22:51 -0300] "GET /cormun/servlet/hpexe_return? HTTP/1.1" 200 1034
190.95.67.91 - - [14/Apr/2025:16:22:51 -0300] "GET /cormun/servlet/trpermisosgoce?gx-no-cache=1744658572343 HTTP/1.1" 200 19443
190.95.67.91 - - [14/Apr/2025:16:22:54 -0300] "POST /cormun/servlet/trpermisosgoce?f8d24b467bb8759b4e1bf2383e29be8f,gx-no-cache=1744658572343,gx-no-cache=1744658704159 HTTP/1.1" 200 16755
190.95.67.91 - - [14/Apr/2025:16:23:53 -0300] "POST /cormun/servlet/trpermisosgoce?f8d24b467bb8759b4e1bf2383e29be8f,gx-no-cache=1744658572343,gx-no-cache=1744658762734 HTTP/1.1" 200 16755
190.95.67.91 - - [14/Apr/2025:16:24:00 -0300] "GET /cormun/servlet/trpermisosadjuntos?19925768,20250414152445,P, HTTP/1.1" 200 6574
190.95.67.91 - - [14/Apr/2025:16:24:02 -0300] "GET /cormun/servlet/permisosadjuntos?INS,19925768,P,20250414152445,, HTTP/1.1" 200 5876
190.95.67.91 - - [14/Apr/2025:16:24:02 -0300] "GET /cormun/static/about:blank HTTP/1.1" 404 1011
190.95.67.91 - - [14/Apr/2025:16:24:08 -0300] "POST /cormun/servlet/permisosadjuntos?f8d24b467bb8759b4e1bf2383e29be8f,INS,19925768,P,20250414152445,, HTTP/1.1" 200 116
190.95.67.91 - - [14/Apr/2025:16:24:08 -0300] "GET /cormun/servlet/hpexe_return? HTTP/1.1" 200 1040
190.95.67.91 - - [14/Apr/2025:16:24:08 -0300] "GET /cormun/servlet/trpermisosadjuntos?19925768,20250414152445,P, HTTP/1.1" 200 7069
190.95.67.91 - - [14/Apr/2025:16:24:11 -0300] "POST /cormun/servlet/trpermisosadjuntos?f8d24b467bb8759b4e1bf2383e29be8f,19925768,20250414152445,P,,gx-no-cache=1744658780917 HTTP/1.1" 200 90
190.95.67.91 - - [14/Apr/2025:16:24:11 -0300] "GET /cormun/servlet/hpexe_link HTTP/1.1" 200 1008
190.95.67.91 - - [14/Apr/2025:16:24:11 -0300] "GET /cormun/servlet/trpermisosgoce?gx-no-cache=1744658572343 HTTP/1.1" 200 19406
190.95.67.91 - - [14/Apr/2025:16:24:14 -0300] "POST /cormun/servlet/trpermisosgoce?f8d24b467bb8759b4e1bf2383e29be8f,gx-no-cache=1744658572343,gx-no-cache=1744658784406 HTTP/1.1" 200 16738
190.95.67.91 - - [14/Apr/2025:16:26:45 -0300] "GET /cormun/servlet/permisogoce?INS,0,,, HTTP/1.1" 200 7143
190.95.67.91 - - [14/Apr/2025:16:26:52 -0300] "GET /cormun/servlet/permisogoce?c2c7ad18db7ab626392da7a8ce30c15f71e6b9438f068b0f27fea4b3d03eacc012a2c6a440763b2b65325e1d598ca21a85ec93b904de023dd5d787fe111f9909,gx-no-cache=1744658942432 HTTP/1.1" 200 77
190.95.67.91 - - [14/Apr/2025:16:27:00 -0300] "GET /cormun/servlet/permisogoce?c2c7ad18db7ab626392da7a8ce30c15f0cdb34d045387325dcff972ed62636bf250657145a92883475d7e91aa1e75ea785bc605829ad5f17a7c28b9bde227e02,gx-no-cache=1744658950783 HTTP/1.1" 200 47
190.95.67.91 - - [14/Apr/2025:16:27:11 -0300] "POST /cormun/servlet/permisogoce?f8d24b467bb8759b4e1bf2383e29be8f,INS,0,,,,gx-no-cache=1744658960611 HTTP/1.1" 200 93
190.95.67.91 - - [14/Apr/2025:16:27:11 -0300] "GET /cormun/servlet/hpexe_return? HTTP/1.1" 200 1034
190.95.67.91 - - [14/Apr/2025:16:27:11 -0300] "GET /cormun/servlet/trpermisosgoce?gx-no-cache=1744658572343 HTTP/1.1" 200 19441
190.95.67.91 - - [14/Apr/2025:16:27:13 -0300] "GET /cormun/servlet/trpermisosadjuntos?19017119,20250414152907,P, HTTP/1.1" 200 6575
190.95.67.91 - - [14/Apr/2025:16:27:14 -0300] "GET /cormun/servlet/permisosadjuntos?INS,19017119,P,20250414152907,, HTTP/1.1" 200 5872
190.95.67.91 - - [14/Apr/2025:16:27:14 -0300] "GET /cormun/static/about:blank HTTP/1.1" 404 1011
190.95.67.91 - - [14/Apr/2025:16:27:21 -0300] "POST /cormun/servlet/permisosadjuntos?f8d24b467bb8759b4e1bf2383e29be8f,INS,19017119,P,20250414152907,, HTTP/1.1" 200 116
