200.126.110.43 - - [07/Apr/2025:16:48:03 -0300] "GET /cormun/servlet/solicitudot?e2d656620e00ca3eea3380f0861801485f870feb7bcb9e9c1e984982d8fb6c8b61bee4d9586f0003cbe57848c53ce26a29734787680621191d8877f12817b2c6,gx-no-cache=1744055369529 HTTP/1.1" 200 30
200.126.110.43 - - [07/Apr/2025:16:48:03 -0300] "GET /cormun/servlet/solicitudot?e2d656620e00ca3eea3380f0861801489356963361bc6fdf24a575a105d1c5575c5d553c2265d7b9b13e3367994f92246f7fe433445596160bf4822c5c7b6a2b,gx-no-cache=1744055369550 HTTP/1.1" 200 53
200.126.110.43 - - [07/Apr/2025:16:48:03 -0300] "POST /cormun/servlet/solicitudot?gx-no-cache=1744055369569 HTTP/1.1" 200 254
200.126.110.43 - - [07/Apr/2025:16:48:03 -0300] "GET /cormun/servlet/solicitudot?e2d656620e00ca3eea3380f08618014819f6aaf6897c5952143814364cbd106655182d9d22e1d738a3261b08ea0bcec8c5335760a14094e9dd3a9ef25f95ff713782b02de595867df0b795bc16105a27a6c8ee6db3d54d92972be77b37ca2c3eeb3a6f0f4329a127e119078480bb4a8500f82d4f6985cea376b3cb0b27fd17370fe338cd5a52ee76c2dbee3a6c9065d5f2466083b664429cf79d8ac3af0c01accce084d9b9483600a96767566f3c6ff39cc6dff72b714572e8f3f1529bfdde111c2ae2a7c5a3ba7e5b795ceb58c9e578ef086c9554a80f2210df06645ca54cce3f9bd09a61f70ba9d58d1ddb761a45a4abafb32c123f869e96a2aa7e98d29cbde300bc7a5a3f8c243b8ce5fe34b46da13e6c42c1b392dc64d47da90e7a6476c2c265f5e254ebc87c5ef43c47ff9110d2a6443eccdc06a60dfbda573b194bfa35e79b91d0289d610f36ae158e66788455b929c6f56d3c6850b40cc01e042c9edd7c42a445b5c001d7ccc493befdb2a5a82d3e2bccc2edc326e93fb2ecd0a482a0,gx-no-cache=1744055369587 HTTP/1.1" 200 30
200.126.110.43 - - [07/Apr/2025:16:48:03 -0300] "POST /cormun/servlet/solicitudot?gx-no-cache=1744055369604 HTTP/1.1" 200 30
200.126.110.43 - - [07/Apr/2025:16:48:03 -0300] "POST /cormun/servlet/solicitudot?gx-no-cache=1744055369623 HTTP/1.1" 200 1481
200.126.110.43 - - [07/Apr/2025:16:48:03 -0300] "POST /cormun/servlet/solicitudot?gx-no-cache=1744055369648 HTTP/1.1" 200 41
200.126.110.43 - - [07/Apr/2025:16:48:13 -0300] "GET /cormun/servlet/solicitudot?e2d656620e00ca3eea3380f0861801480a91e97e902f3440240cf8da2cd02895de5af53c6010a4c4741e82074ea006e767a2d14768409efd9cea340102f3f5f180489b8361a09c0721fd33b8568d4991aae0a35c54e6d0cf7c68c9180b699585fe5d7af77931ab50cb188865b779ab63,gx-no-cache=1744055379305 HTTP/1.1" 200 110
200.126.110.43 - - [07/Apr/2025:16:48:13 -0300] "POST /cormun/servlet/solicitudot?gx-no-cache=1744055379326 HTTP/1.1" 200 67
200.126.110.43 - - [07/Apr/2025:16:48:13 -0300] "GET /cormun/servlet/solicitudot?e2d656620e00ca3eea3380f08618014850d837d8f68421aaaefe8afa9bcb5fcda273906c6d9c714cd4df2e06f6bea1a71079c1f5c6b1452dd0d8b47241310a96391d81dbfa79b9b4310a7bbb3df91dbccfe784636a8d073776981a442ef69cf8135a81102857fc0b4f683129d934865647a21e93d08bd68268be922d9e3b97011d9d10f828c12a1873255f4007b59d57c38240adf4f4c6cf85c762ce469f176f8946b0ae252c586168a5e719658ba827d659b6223664d9ed042b98d4ff7603533de1db16267d2ed2a03d268ae8fa199f,gx-no-cache=1744055379346 HTTP/1.1" 200 29
200.126.110.43 - - [07/Apr/2025:16:48:13 -0300] "GET /cormun/servlet/solicitudot?e2d656620e00ca3eea3380f086180148bec612679482ba4e5d229914aa44e51f1de675940561c2d0cc24ea444a2147c8,gx-no-cache=1744055379361 HTTP/1.1" 200 30
200.126.110.43 - - [07/Apr/2025:16:48:13 -0300] "POST /cormun/servlet/solicitudot?gx-no-cache=1744055379377 HTTP/1.1" 200 30
200.126.110.43 - - [07/Apr/2025:16:48:14 -0300] "POST /cormun/servlet/solicitudot?b1de0e6a5c4a94e98f76dd0a382a5a40,UPD,2025,22385,false,,gx-no-cache=1744055379395 HTTP/1.1" 200 93
200.126.110.43 - - [07/Apr/2025:16:48:14 -0300] "GET /cormun/servlet/hpexe_return? HTTP/1.1" 200 1014
200.126.110.43 - - [07/Apr/2025:16:48:14 -0300] "GET /cormun/servlet/trsolicitudot HTTP/1.1" 200 8570
200.126.110.43 - - [07/Apr/2025:16:48:14 -0300] "GET /cormun/servlet/trsolicitudot HTTP/1.1" 200 8566
200.126.110.43 - - [07/Apr/2025:16:48:20 -0300] "POST /cormun/servlet/trsolicitudot?b1de0e6a5c4a94e98f76dd0a382a5a40,gx-no-cache=1744055385683 HTTP/1.1" 200 107
200.126.110.43 - - [07/Apr/2025:16:48:20 -0300] "GET /cormun/servlet/trsolicitudadjuntos?2025,22385, HTTP/1.1" 200 6050
200.126.110.43 - - [07/Apr/2025:16:48:20 -0300] "GET /cormun/servlet/trsolicitudadjuntos?2025,22385, HTTP/1.1" 200 6050
200.126.116.145 - - [07/Apr/2025:16:48:28 -0300] "POST /cormun/servlet/solicitudot?gx-no-cache=1744055394045 HTTP/1.1" 200 4039
200.126.116.145 - - [07/Apr/2025:16:48:28 -0300] "POST /cormun/servlet/solicitudot?38e861002fcdef74e79e26f2b9549026,INS,0,0,false,,gx-no-cache=1744055394175 HTTP/1.1" 200 12891
200.126.110.43 - - [07/Apr/2025:16:48:32 -0300] "POST /cormun/servlet/acontrolpreferencessavestate?None,CA-1,true HTTP/1.1" 200 35
200.126.116.145 - - [07/Apr/2025:16:48:33 -0300] "GET /cormun/servlet/solicitudot?89ca68f84a2d5f45a0bf48983005dbf8b776d946d9ce4794e5a5e8258992083732efe1338070c9a01969e492ea16b7b4,gx-no-cache=1744055399585 HTTP/1.1" 200 30
200.126.110.43 - - [07/Apr/2025:16:48:35 -0300] "POST /cormun/servlet/acontrolpreferencessavestate?None,CA-1,true HTTP/1.1" 200 35
200.126.110.43 - - [07/Apr/2025:16:48:40 -0300] "GET /cormun/servlet/solicitudotadjuntos?INS,2025,22385,,1, HTTP/1.1" 200 5992
200.126.110.43 - - [07/Apr/2025:16:48:41 -0300] "GET /cormun/static/about:blank HTTP/1.1" 404 1011
200.126.110.43 - - [07/Apr/2025:16:48:41 -0300] "GET /cormun/servlet/solicitudotadjuntos?INS,2025,22385,,1, HTTP/1.1" 200 5986
200.126.110.43 - - [07/Apr/2025:16:48:41 -0300] "GET /cormun/servlet/solicitudotadjuntos?e2d656620e00ca3eea3380f0861801480783235868686d2d3ed8a70f59dc553728e5546bfed97f521c08e0f3a31fe7bd,gx-no-cache=1744055407325 HTTP/1.1" 200 30
200.126.110.43 - - [07/Apr/2025:16:48:41 -0300] "POST /cormun/servlet/solicitudotadjuntos?b1de0e6a5c4a94e98f76dd0a382a5a40,INS,2025,22385,,1,,gx-no-cache=1744055407341 HTTP/1.1" 200 3899
200.126.110.43 - - [07/Apr/2025:16:48:46 -0300] "POST /cormun/servlet/solicitudotadjuntos?gx-no-cache=1744055411908 HTTP/1.1" 200 26
201.186.226.3 - - [07/Apr/2025:16:49:34 -0300] "GET /cormun/servlet/hlogin HTTP/1.1" 200 1719
201.186.225.189 - - [07/Apr/2025:16:49:45 -0300] "GET /cormun/servlet/solicitudot?9e8e7a6bfc1940e11b377476aca8843c7abb1961e19edd1b6a76dd8ea0c40398c5ce7447487ad2664b4582c85c382b61e1fd0e89dbfac68c59add06a1cf07ccb0aa6db44e1ef3c6c4e628cdc3ddc6a3ebf8408b83cec9c00f0b474fecc82e36c64be2f8bbbe528bd4cd1bbe5d6b648af31191e1b12e53987f31e49d300251fb343f4a6da8983d66d5a3680c067c039ddbe0d47b85b380db3a0d60845d96b2f6f9d18bfbf50386a107172dbbd15f950384a9d878c945e9d26f19b69cfcded90a76e988dac1c3e174facaf1b5f110a9e09f78bb968ae226005ce35fdc621f6b76f5c6e5f2baf950682baffd82f0d9765e0950b93494b4ec4841626c6a4d0838d908655ca118a1539495c515ef3e7da36763fa09fe092f9ab3b55249bfdd9ef804b0c5b323f6b96309485dcd90af877fdabec192c966570eab257a5788ff708979e8a40f0936a28fdeb1a839d36f950e62f,gx-no-cache=1744055471559 HTTP/1.1" 200 240
190.95.67.91 - - [07/Apr/2025:16:49:47 -0300] "POST /cormun/servlet/trlicencias?8be336c170e143f9aaf02dfef0ddf58f,gx-no-cache=1744055473644 HTTP/1.1" 440 972
201.186.226.3 - - [07/Apr/2025:16:49:47 -0300] "POST /cormun/servlet/hlogin?ef07b68d1d63d5565de404cc0aa49958,gx-no-cache=1744055473049 HTTP/1.1" 200 90
201.186.226.3 - - [07/Apr/2025:16:49:47 -0300] "GET /cormun/servlet/hpexe_link HTTP/1.1" 200 949
201.186.226.3 - - [07/Apr/2025:16:49:48 -0300] "GET /cormun/servlet/hhome HTTP/1.1" 200 3907
201.186.225.189 - - [07/Apr/2025:16:49:49 -0300] "GET /cormun/servlet/solicitudot?9e8e7a6bfc1940e11b377476aca8843cd30489907139d87bbd1e356b3321c08e0fe0df6c5f9367ae224a48cdf96aae71619cf875eb801a28dcf163d4c63f6b74a5cdd7d9b66d03630d3ee5967949be433358bb66ef8fb9865e6824d139772a631b5dd05900f8b5eb8f4ead6af4d9d4fef6cdfaa738ca4f91912923a69c5b6d65d5bb66d3c3a0ecf5721b2bb83927ec0346580ac62bfd36ca52921825c0991da112709223b8176a062c9d0865d88d667fa031ba919e7fc91b7e5864e40b9db17a9209060a6b6dcdc491cb993bfcc7bec0062f3e02f6c9851ba9b43ea31adfcf49b466d4a38d7569241072dc68e43582b106cc35ccc29b9e5c9a2c787ab710b9e0666ee22e5c79e1c5a3a0c2aceb7c2998ee2c35642e1ea7be82834fcd3fd5b90a0e15fd1384f63e9444bcf4dec6e9922f74077a842a6f3ae81be6d031632b12e6168b2ad9ab1815ad156462e5710f6e5ef585eff6a8a3c2acb7934e0e4957bf89448cb650b7feb1928f130247f499fae879781bfc7ebf9793160ad86f00c4f34c,gx-no-cache=1744055475218 HTTP/1.1" 200 30
201.186.225.189 - - [07/Apr/2025:16:49:53 -0300] "POST /cormun/servlet/solicitudot?gx-no-cache=1744055479398 HTTP/1.1" 200 30
201.186.226.3 - - [07/Apr/2025:16:49:57 -0300] "GET /cormun/servlet/trpermisosgoce? HTTP/1.1" 200 9773
201.186.226.3 - - [07/Apr/2025:16:50:07 -0300] "GET /cormun/servlet/permisogoce?INS,0,,, HTTP/1.1" 200 6771
190.95.67.91 - - [07/Apr/2025:16:50:07 -0300] "GET /cormun/servlet/hlogin HTTP/1.1" 200 1711
201.186.226.3 - - [07/Apr/2025:16:50:08 -0300] "GET /cormun/static/gxcfg.js?20201215124560 HTTP/1.1" 200 953
201.186.226.3 - - [07/Apr/2025:16:50:08 -0300] "GET /cormun/static/Resources/prompt.gif HTTP/1.1" 200 902
201.186.226.3 - - [07/Apr/2025:16:50:08 -0300] "GET /cormun/static/permisogoce.js?20201215124939 HTTP/1.1" 200 27790
190.95.67.91 - - [07/Apr/2025:16:50:20 -0300] "POST /cormun/servlet/hlogin?8e3cb12a609bb940663ec1d9d58c513d,gx-no-cache=1744055506294 HTTP/1.1" 200 90
190.95.67.91 - - [07/Apr/2025:16:50:20 -0300] "GET /cormun/servlet/hpexe_link HTTP/1.1" 200 944
190.95.67.91 - - [07/Apr/2025:16:50:20 -0300] "GET /cormun/servlet/hhome HTTP/1.1" 200 4223
190.95.67.91 - - [07/Apr/2025:16:50:20 -0300] "GET /cormun/static/gxcfg.js?20201215495537 HTTP/1.1" 200 953
190.95.67.91 - - [07/Apr/2025:16:50:21 -0300] "GET /cormun/static/hhome.js?20201215495544 HTTP/1.1" 200 777
190.95.67.91 - - [07/Apr/2025:16:50:23 -0300] "GET /cormun/servlet/trlicencias? HTTP/1.1" 200 13446
201.186.226.3 - - [07/Apr/2025:16:50:30 -0300] "GET /cormun/servlet/permisogoce?370357fa93c92d8f4df921fc5b89d62228e33064e50a7ae09f59c103b69e4982e1ab293631453a64a4341b05e7eb6ab3947f37f8021e72875cacec9b89e3007f,gx-no-cache=1744055516304 HTTP/1.1" 200 75
201.186.226.3 - - [07/Apr/2025:16:50:34 -0300] "GET /cormun/static/menuarrow.gif HTTP/1.1" 404 1015
201.186.226.3 - - [07/Apr/2025:16:50:41 -0300] "GET /cormun/servlet/permisogoce?370357fa93c92d8f4df921fc5b89d6229851c7edc917ae1b627aa4d66684094452efa9b1affa56c33f1b61703b4497345ff6468e95f4a59cbf6d292a603ac205,gx-no-cache=1744055526910 HTTP/1.1" 200 46
201.186.226.3 - - [07/Apr/2025:16:50:49 -0300] "POST /cormun/servlet/permisogoce?ef07b68d1d63d5565de404cc0aa49958,INS,0,,,,gx-no-cache=1744055533808 HTTP/1.1" 200 93
201.186.226.3 - - [07/Apr/2025:16:50:49 -0300] "GET /cormun/servlet/hpexe_return? HTTP/1.1" 200 1007
201.186.226.3 - - [07/Apr/2025:16:50:49 -0300] "GET /cormun/static/gxcfg.js?20221129846035 HTTP/1.1" 200 953
201.186.226.3 - - [07/Apr/2025:16:50:49 -0300] "GET /cormun/static/hpexe_return.js?20221129846037 HTTP/1.1" 200 1633
201.186.226.3 - - [07/Apr/2025:16:50:49 -0300] "GET /cormun/servlet/trpermisosgoce HTTP/1.1" 200 10051
201.186.226.3 - - [07/Apr/2025:16:50:49 -0300] "GET /cormun//static/Resources/PXToolsGridUpdate.png HTTP/1.1" 200 470
201.186.226.3 - - [07/Apr/2025:16:50:54 -0300] "GET /cormun/servlet/apermisogoceprn?7723184,P,20250407155144,PU HTTP/1.1" 200 1643
201.186.225.189 - - [07/Apr/2025:16:51:33 -0300] "POST /cormun/servlet/solicitudot?gx-no-cache=1744055579461 HTTP/1.1" 200 1482
201.186.225.189 - - [07/Apr/2025:16:51:33 -0300] "GET /cormun/static/menuarrow.gif HTTP/1.1" 404 1015
190.95.67.91 - - [07/Apr/2025:16:51:43 -0300] "GET /cormun/servlet/licenciaspermisos?DSP,17526557,L,20250331000000, HTTP/1.1" 200 7359
190.95.67.91 - - [07/Apr/2025:16:51:43 -0300] "GET /cormun/static/gxcfg.js?202012153173 HTTP/1.1" 200 953
190.95.67.91 - - [07/Apr/2025:16:51:43 -0300] "GET /cormun/static/licenciaspermisos.js?2020121532136 HTTP/1.1" 200 38753
200.126.110.43 - - [07/Apr/2025:16:51:44 -0300] "POST /cormun/servlet/solicitudotadjuntos?gx-no-cache=1744055590007 HTTP/1.1" 200 26
190.95.67.91 - - [07/Apr/2025:16:51:47 -0300] "POST /cormun/servlet/licenciaspermisos?8e3cb12a609bb940663ec1d9d58c513d,DSP,17526557,L,20250331000000,,gx-no-cache=1744055593592 HTTP/1.1" 200 93
190.95.67.91 - - [07/Apr/2025:16:51:47 -0300] "GET /cormun/servlet/hpexe_return? HTTP/1.1" 200 1020
190.95.67.91 - - [07/Apr/2025:16:51:47 -0300] "GET /cormun/servlet/trlicencias HTTP/1.1" 200 13448
201.186.225.189 - - [07/Apr/2025:16:51:58 -0300] "POST /cormun/servlet/solicitudot?gx-no-cache=1744055603902 HTTP/1.1" 200 41
190.95.67.91 - - [07/Apr/2025:16:52:02 -0300] "GET /cormun/servlet/licenciaspermisos?DSP,15731116,L,20250324000000, HTTP/1.1" 200 7327
190.95.67.91 - - [07/Apr/2025:16:52:07 -0300] "POST /cormun/servlet/licenciaspermisos?8e3cb12a609bb940663ec1d9d58c513d,DSP,15731116,L,20250324000000,,gx-no-cache=1744055613336 HTTP/1.1" 200 93
190.95.67.91 - - [07/Apr/2025:16:52:07 -0300] "GET /cormun/servlet/hpexe_return? HTTP/1.1" 200 1021
190.95.67.91 - - [07/Apr/2025:16:52:07 -0300] "GET /cormun/servlet/trlicencias HTTP/1.1" 200 13448
190.95.67.91 - - [07/Apr/2025:16:52:15 -0300] "GET /cormun/servlet/licenciaspermisos?DSP,11553313,L,20250319000000, HTTP/1.1" 200 7316
190.95.67.91 - - [07/Apr/2025:16:52:21 -0300] "POST /cormun/servlet/licenciaspermisos?8e3cb12a609bb940663ec1d9d58c513d,DSP,11553313,L,20250319000000,,gx-no-cache=1744055627456 HTTP/1.1" 200 93
190.95.67.91 - - [07/Apr/2025:16:52:21 -0300] "GET /cormun/servlet/hpexe_return? HTTP/1.1" 200 1021
190.95.67.91 - - [07/Apr/2025:16:52:21 -0300] "GET /cormun/servlet/trlicencias HTTP/1.1" 200 13448
190.95.67.91 - - [07/Apr/2025:16:52:29 -0300] "GET /cormun/servlet/licenciaspermisos?DSP,12292297,L,20250317000000, HTTP/1.1" 200 7331
201.186.226.3 - - [07/Apr/2025:16:52:44 -0300] "GET /cormun/servlet/hlogin HTTP/1.1" 200 1737
190.95.67.91 - - [07/Apr/2025:16:52:47 -0300] "POST /cormun/servlet/licenciaspermisos?8e3cb12a609bb940663ec1d9d58c513d,DSP,12292297,L,20250317000000,,gx-no-cache=1744055653632 HTTP/1.1" 200 93
190.95.67.91 - - [07/Apr/2025:16:52:47 -0300] "GET /cormun/servlet/hpexe_return? HTTP/1.1" 200 1020
190.95.67.91 - - [07/Apr/2025:16:52:47 -0300] "GET /cormun/servlet/trlicencias HTTP/1.1" 200 13448
200.126.110.43 - - [07/Apr/2025:16:52:51 -0300] "GET /cormun/servlet/solicitudotadjuntos?e2d656620e00ca3eea3380f0861801485ad69d375bce340b935aa63dfde983ef,gx-no-cache=1744055656727 HTTP/1.1" 200 30
200.126.110.43 - - [07/Apr/2025:16:52:51 -0300] "GET /cormun/servlet/solicitudotadjuntos?e2d656620e00ca3eea3380f0861801485ad69d375bce340b935aa63dfde983ef,gx-no-cache=1744055656746 HTTP/1.1" 200 30
200.126.110.43 - - [07/Apr/2025:16:52:51 -0300] "POST /cormun/servlet/solicitudotadjuntos?b1de0e6a5c4a94e98f76dd0a382a5a40,INS,2025,22385,,1, HTTP/1.1" 200 116
200.126.110.43 - - [07/Apr/2025:16:52:51 -0300] "GET /cormun/servlet/hpexe_return? HTTP/1.1" 200 1026
200.126.110.43 - - [07/Apr/2025:16:52:51 -0300] "GET /cormun/servlet/trsolicitudadjuntos?2025,22385, HTTP/1.1" 200 9138
200.126.110.43 - - [07/Apr/2025:16:52:51 -0300] "GET /cormun/servlet/trsolicitudadjuntos?2025,22385, HTTP/1.1" 200 9132
200.126.110.43 - - [07/Apr/2025:16:53:10 -0300] "GET /cormun/servlet/solicitudotadjuntos?INS,2025,22385,,1, HTTP/1.1" 200 5991
200.126.110.43 - - [07/Apr/2025:16:53:10 -0300] "GET /cormun/static/about:blank HTTP/1.1" 404 1011
200.126.110.43 - - [07/Apr/2025:16:53:10 -0300] "GET /cormun/servlet/solicitudotadjuntos?INS,2025,22385,,1, HTTP/1.1" 200 5985
200.126.110.43 - - [07/Apr/2025:16:53:11 -0300] "GET /cormun/servlet/solicitudotadjuntos?e2d656620e00ca3eea3380f0861801480783235868686d2d3ed8a70f59dc553728e5546bfed97f521c08e0f3a31fe7bd,gx-no-cache=1744055676975 HTTP/1.1" 200 30
200.126.110.43 - - [07/Apr/2025:16:53:11 -0300] "POST /cormun/servlet/solicitudotadjuntos?b1de0e6a5c4a94e98f76dd0a382a5a40,INS,2025,22385,,1,,gx-no-cache=1744055676987 HTTP/1.1" 200 3898
200.126.110.43 - - [07/Apr/2025:16:53:24 -0300] "POST /cormun/servlet/solicitudotadjuntos?gx-no-cache=1744055690113 HTTP/1.1" 200 26
201.186.225.189 - - [07/Apr/2025:16:53:32 -0300] "GET /cormun/servlet/solicitudot?9e8e7a6bfc1940e11b377476aca8843c101e647b8d4d5681fb930d6ec051480ac18ae35915f03edf048882d94d6992a6b66451ae1bf3469097f84e8c99085c7e9f7aa0ebcddd06f5a297e9d9c204a6cc006ad25c137601bc45768792a2d8671dff88cf001db0bfcd9c4c317346db91f4,gx-no-cache=1744055698546 HTTP/1.1" 200 110
201.186.225.189 - - [07/Apr/2025:16:53:32 -0300] "POST /cormun/servlet/solicitudot?gx-no-cache=1744055698578 HTTP/1.1" 200 79
200.126.110.43 - - [07/Apr/2025:16:53:47 -0300] "GET /cormun/servlet/solicitudotadjuntos?e2d656620e00ca3eea3380f0861801485ad69d375bce340b935aa63dfde983ef,gx-no-cache=1744055713167 HTTP/1.1" 200 30
200.126.110.43 - - [07/Apr/2025:16:53:47 -0300] "GET /cormun/servlet/solicitudotadjuntos?e2d656620e00ca3eea3380f0861801485ad69d375bce340b935aa63dfde983ef,gx-no-cache=1744055713188 HTTP/1.1" 200 30
200.126.110.43 - - [07/Apr/2025:16:53:47 -0300] "POST /cormun/servlet/solicitudotadjuntos?b1de0e6a5c4a94e98f76dd0a382a5a40,INS,2025,22385,,1, HTTP/1.1" 200 116
200.126.110.43 - - [07/Apr/2025:16:53:47 -0300] "GET /cormun/servlet/hpexe_return? HTTP/1.1" 200 1026
200.126.110.43 - - [07/Apr/2025:16:53:48 -0300] "GET /cormun/servlet/trsolicitudadjuntos?2025,22385, HTTP/1.1" 200 9377
200.126.110.43 - - [07/Apr/2025:16:53:48 -0300] "GET /cormun/servlet/trsolicitudadjuntos?2025,22385, HTTP/1.1" 200 9378
200.126.110.43 - - [07/Apr/2025:16:53:58 -0300] "GET /cormun/servlet/solicitudotadjuntos?INS,2025,22385,,1, HTTP/1.1" 200 5991
200.126.110.43 - - [07/Apr/2025:16:53:58 -0300] "GET /cormun/static/about:blank HTTP/1.1" 404 1011
200.126.110.43 - - [07/Apr/2025:16:53:58 -0300] "GET /cormun/servlet/solicitudotadjuntos?INS,2025,22385,,1, HTTP/1.1" 200 5985
200.126.110.43 - - [07/Apr/2025:16:53:58 -0300] "GET /cormun/servlet/solicitudotadjuntos?e2d656620e00ca3eea3380f0861801480783235868686d2d3ed8a70f59dc553728e5546bfed97f521c08e0f3a31fe7bd,gx-no-cache=1744055724447 HTTP/1.1" 200 30
200.126.110.43 - - [07/Apr/2025:16:53:58 -0300] "POST /cormun/servlet/solicitudotadjuntos?b1de0e6a5c4a94e98f76dd0a382a5a40,INS,2025,22385,,1,,gx-no-cache=1744055724467 HTTP/1.1" 200 3898
190.95.15.17 - - [07/Apr/2025:16:54:02 -0300] "GET /cormun/servlet/hlogin HTTP/1.1" 200 1720
200.126.110.43 - - [07/Apr/2025:16:54:04 -0300] "POST /cormun/servlet/solicitudotadjuntos?gx-no-cache=1744055729699 HTTP/1.1" 200 26
190.95.15.17 - - [07/Apr/2025:16:54:06 -0300] "POST /cormun/servlet/hlogin?6fb868ca981b6907a6ff9c5883596e04,gx-no-cache=1744056081032 HTTP/1.1" 200 90
190.95.15.17 - - [07/Apr/2025:16:54:06 -0300] "GET /cormun/servlet/hpexe_link HTTP/1.1" 200 957
190.95.15.17 - - [07/Apr/2025:16:54:06 -0300] "GET /cormun/servlet/trpermisosgoce HTTP/1.1" 200 10352
190.95.15.17 - - [07/Apr/2025:16:54:06 -0300] "GET /cormun/static/gxcfg.js?2020121631564 HTTP/1.1" 200 953
190.95.15.17 - - [07/Apr/2025:16:54:06 -0300] "GET /cormun/static/trpermisosgoce.js?2020121633681 HTTP/1.1" 200 35904
190.95.15.17 - - [07/Apr/2025:16:54:10 -0300] "GET /cormun/servlet/trlicencias? HTTP/1.1" 200 11329
200.126.110.43 - - [07/Apr/2025:16:54:13 -0300] "GET /cormun/servlet/solicitudotadjuntos?e2d656620e00ca3eea3380f0861801485ad69d375bce340b935aa63dfde983ef,gx-no-cache=1744055739288 HTTP/1.1" 200 30
200.126.110.43 - - [07/Apr/2025:16:54:13 -0300] "GET /cormun/servlet/solicitudotadjuntos?e2d656620e00ca3eea3380f0861801485ad69d375bce340b935aa63dfde983ef,gx-no-cache=1744055739306 HTTP/1.1" 200 30
200.126.110.43 - - [07/Apr/2025:16:54:14 -0300] "POST /cormun/servlet/solicitudotadjuntos?b1de0e6a5c4a94e98f76dd0a382a5a40,INS,2025,22385,,1, HTTP/1.1" 200 116
200.126.110.43 - - [07/Apr/2025:16:54:14 -0300] "GET /cormun/servlet/hpexe_return? HTTP/1.1" 200 1026
200.126.110.43 - - [07/Apr/2025:16:54:14 -0300] "GET /cormun/servlet/trsolicitudadjuntos?2025,22385, HTTP/1.1" 200 9611
200.126.110.43 - - [07/Apr/2025:16:54:14 -0300] "GET /cormun/servlet/trsolicitudadjuntos?2025,22385, HTTP/1.1" 200 9609
200.126.110.43 - - [07/Apr/2025:16:54:19 -0300] "GET /cormun/servlet/solicitudotadjuntos?INS,2025,22385,,1, HTTP/1.1" 200 5991
200.126.110.43 - - [07/Apr/2025:16:54:20 -0300] "GET /cormun/static/about:blank HTTP/1.1" 404 1011
200.126.110.43 - - [07/Apr/2025:16:54:20 -0300] "GET /cormun/servlet/solicitudotadjuntos?INS,2025,22385,,1, HTTP/1.1" 200 5985
200.126.110.43 - - [07/Apr/2025:16:54:20 -0300] "GET /cormun/servlet/solicitudotadjuntos?e2d656620e00ca3eea3380f0861801480783235868686d2d3ed8a70f59dc553728e5546bfed97f521c08e0f3a31fe7bd,gx-no-cache=1744055746246 HTTP/1.1" 200 30
200.126.110.43 - - [07/Apr/2025:16:54:20 -0300] "POST /cormun/servlet/solicitudotadjuntos?b1de0e6a5c4a94e98f76dd0a382a5a40,INS,2025,22385,,1,,gx-no-cache=1744055746262 HTTP/1.1" 200 3898
190.95.15.17 - - [07/Apr/2025:16:54:24 -0300] "GET /cormun/servlet/alicenciaprn?15994505,L,20250407000000,PU HTTP/1.1" 200 1540
200.126.110.43 - - [07/Apr/2025:16:54:24 -0300] "POST /cormun/servlet/solicitudotadjuntos?gx-no-cache=1744055750656 HTTP/1.1" 200 26
200.126.110.43 - - [07/Apr/2025:16:54:39 -0300] "GET /cormun/servlet/solicitudotadjuntos?e2d656620e00ca3eea3380f0861801485ad69d375bce340b935aa63dfde983ef,gx-no-cache=1744055764888 HTTP/1.1" 200 30
200.126.110.43 - - [07/Apr/2025:16:54:39 -0300] "GET /cormun/servlet/solicitudotadjuntos?e2d656620e00ca3eea3380f0861801485ad69d375bce340b935aa63dfde983ef,gx-no-cache=1744055764899 HTTP/1.1" 200 30
200.126.110.43 - - [07/Apr/2025:16:54:39 -0300] "POST /cormun/servlet/solicitudotadjuntos?b1de0e6a5c4a94e98f76dd0a382a5a40,INS,2025,22385,,1, HTTP/1.1" 200 116
200.126.110.43 - - [07/Apr/2025:16:54:39 -0300] "GET /cormun/servlet/hpexe_return? HTTP/1.1" 200 1026
200.126.110.43 - - [07/Apr/2025:16:54:39 -0300] "GET /cormun/servlet/trsolicitudadjuntos?2025,22385, HTTP/1.1" 200 9923
200.126.110.43 - - [07/Apr/2025:16:54:39 -0300] "GET /cormun/servlet/trsolicitudadjuntos?2025,22385, HTTP/1.1" 200 9921
200.126.110.43 - - [07/Apr/2025:16:54:47 -0300] "GET /cormun/servlet/solicitudotadjuntos?INS,2025,22385,,1, HTTP/1.1" 200 5992
200.126.110.43 - - [07/Apr/2025:16:54:47 -0300] "GET /cormun/static/about:blank HTTP/1.1" 404 1011
200.126.110.43 - - [07/Apr/2025:16:54:47 -0300] "GET /cormun/servlet/solicitudotadjuntos?INS,2025,22385,,1, HTTP/1.1" 200 5986
200.126.110.43 - - [07/Apr/2025:16:54:48 -0300] "GET /cormun/servlet/solicitudotadjuntos?e2d656620e00ca3eea3380f0861801480783235868686d2d3ed8a70f59dc553728e5546bfed97f521c08e0f3a31fe7bd,gx-no-cache=1744055774086 HTTP/1.1" 200 30
200.126.110.43 - - [07/Apr/2025:16:54:48 -0300] "POST /cormun/servlet/solicitudotadjuntos?b1de0e6a5c4a94e98f76dd0a382a5a40,INS,2025,22385,,1,,gx-no-cache=1744055774102 HTTP/1.1" 200 3899
200.126.110.43 - - [07/Apr/2025:16:54:51 -0300] "POST /cormun/servlet/solicitudotadjuntos?gx-no-cache=1744055777423 HTTP/1.1" 200 26
201.186.225.189 - - [07/Apr/2025:16:54:59 -0300] "GET /cormun/servlet/solicitudot?9e8e7a6bfc1940e11b377476aca8843cc800dc7dd4a58ca1afddbd4e7262f5d5950b93494b4ec4841626c6a4d0838d908655ca118a1539495c515ef3e7da367696ba2aba4f4172e7b8dbcc36dae7d345,gx-no-cache=1744055785037 HTTP/1.1" 200 29
201.186.225.189 - - [07/Apr/2025:16:55:03 -0300] "GET /cormun/servlet/solicitudot?9e8e7a6bfc1940e11b377476aca8843cac7b759a921817a89428389a84346a35fac099ef3f9be6e55f7734ff4b2f8072,gx-no-cache=1744055789045 HTTP/1.1" 200 30
201.186.225.189 - - [07/Apr/2025:16:55:03 -0300] "POST /cormun/servlet/solicitudot?gx-no-cache=1744055789066 HTTP/1.1" 200 34
201.186.225.189 - - [07/Apr/2025:16:55:03 -0300] "POST /cormun/servlet/solicitudot?7266a36e9e43a0d02cbba3d94bab406d,INS,0,0,false,,gx-no-cache=1744055789089 HTTP/1.1" 200 13238
200.126.110.43 - - [07/Apr/2025:16:55:09 -0300] "GET /cormun/servlet/solicitudotadjuntos?e2d656620e00ca3eea3380f0861801485ad69d375bce340b935aa63dfde983ef,gx-no-cache=1744055795439 HTTP/1.1" 200 30
200.126.110.43 - - [07/Apr/2025:16:55:09 -0300] "GET /cormun/servlet/solicitudotadjuntos?e2d656620e00ca3eea3380f0861801485ad69d375bce340b935aa63dfde983ef,gx-no-cache=1744055795450 HTTP/1.1" 200 30
200.126.110.43 - - [07/Apr/2025:16:55:10 -0300] "POST /cormun/servlet/solicitudotadjuntos?b1de0e6a5c4a94e98f76dd0a382a5a40,INS,2025,22385,,1, HTTP/1.1" 200 116
200.126.110.43 - - [07/Apr/2025:16:55:10 -0300] "GET /cormun/servlet/hpexe_return? HTTP/1.1" 200 1026
200.126.110.43 - - [07/Apr/2025:16:55:10 -0300] "GET /cormun/servlet/trsolicitudadjuntos?2025,22385, HTTP/1.1" 200 10202
200.126.110.43 - - [07/Apr/2025:16:55:10 -0300] "GET /cormun/servlet/trsolicitudadjuntos?2025,22385, HTTP/1.1" 200 10199
190.95.15.17 - - [07/Apr/2025:16:55:35 -0300] "GET /cormun/servlet/trcargahoraria? HTTP/1.1" 200 6781
190.95.15.17 - - [07/Apr/2025:16:55:35 -0300] "GET /cormun/static/gxcfg.js?202012113392337 HTTP/1.1" 200 953
190.95.15.17 - - [07/Apr/2025:16:55:35 -0300] "GET /cormun/static/trcargahoraria.js?202012113392783 HTTP/1.1" 200 28768
190.95.15.17 - - [07/Apr/2025:16:55:42 -0300] "POST /cormun/servlet/trcargahoraria?6fb868ca981b6907a6ff9c5883596e04,,gx-no-cache=1744056176993 HTTP/1.1" 200 4146
190.95.15.17 - - [07/Apr/2025:16:55:43 -0300] "POST /cormun/servlet/trcargahoraria?6fb868ca981b6907a6ff9c5883596e04,,gx-no-cache=1744056178567 HTTP/1.1" 200 4146
190.95.15.17 - - [07/Apr/2025:16:55:46 -0300] "GET /cormun/servlet/trcontratounov2? HTTP/1.1" 200 18083
190.95.15.17 - - [07/Apr/2025:16:55:47 -0300] "GET /cormun/static/gxcfg.js?2020121614367 HTTP/1.1" 200 953
190.95.15.17 - - [07/Apr/2025:16:55:47 -0300] "GET /cormun/static/Resources/PXToolsAddSelectedAction.png HTTP/1.1" 200 523
190.95.15.17 - - [07/Apr/2025:16:55:47 -0300] "GET /cormun/static/trcontratounov2.js?20201216143065 HTTP/1.1" 200 38486
200.126.116.145 - - [07/Apr/2025:16:56:29 -0300] "GET /cormun/servlet/prbanco?,MD,,gxPopupLevel%3D0%3B HTTP/1.1" 200 6740
200.126.116.145 - - [07/Apr/2025:16:56:31 -0300] "GET /cormun/servlet/solicitudot?89ca68f84a2d5f45a0bf48983005dbf8e1e33264682b9250ec4cf89c8a6c947eef0bf014ea50ba68ae7d68afa96605224f7e259cafb911ba8dcf33d07491c73d,gx-no-cache=1744055877648 HTTP/1.1" 200 30
200.126.116.145 - - [07/Apr/2025:16:56:33 -0300] "GET /cormun/servlet/solicitudot?89ca68f84a2d5f45a0bf48983005dbf8d422a26848ceed61a0d603b073b6da3a,gx-no-cache=1744055879609 HTTP/1.1" 200 53
200.126.116.145 - - [07/Apr/2025:16:56:47 -0300] "POST /cormun/servlet/solicitudot?gx-no-cache=1744055893371 HTTP/1.1" 200 297
200.126.116.145 - - [07/Apr/2025:16:56:47 -0300] "GET /cormun/servlet/solicitudot?89ca68f84a2d5f45a0bf48983005dbf86db7cad3043176f318a4fce791dc19972955976daa1c8943b56f49ca003dbb9b3eb606e30c5937b055b796545a4021dbcd81c774ccba61a66d71a901e8ffe764668f8a313de5c731290444195b13b7a113341f20253d017c8d81f3414ae3e8a21a84814acffd26665ffc6bb4749802b7e7d6ee98578f5ea54124099072ee524995a44b792a0c26bae47c2b7360518c1d94d9d93e7946a6c7ed55f5f370bab3db724006d5a100c94b11f314bda00fa99bd005bb3cf7c34ba5909f899ca2a4f1c449a5c3d571b08fdb98d115cfd6dd39e1c1369324c95a935550c5e4536555caeee3ed623e589a1f266996546fa6a387c455122b0db221d2502db56ba2916bc07097e660425e31c22cf83b094ccdd72669980b5426271809062bdb5f8a10887e8c7f47f3c685b7135701ab602f2c417fea0418577c2479e262a1eeac9eb6253ccd4199babdc201a0f949d3c67e29fb087c747796204fa17a6a2fb1712d5738587eb12efb5f7736a978399d9e387aadeeb3835303234ae8a07e2ec73049c6ec16aa,gx-no-cache=1744055893397 HTTP/1.1" 200 30
200.126.116.145 - - [07/Apr/2025:16:56:49 -0300] "POST /cormun/servlet/solicitudot?gx-no-cache=1744055895320 HTTP/1.1" 200 30
200.126.116.145 - - [07/Apr/2025:16:56:51 -0300] "POST /cormun/servlet/solicitudot?gx-no-cache=1744055897035 HTTP/1.1" 200 1479
200.126.116.145 - - [07/Apr/2025:16:56:51 -0300] "POST /cormun/servlet/solicitudot?gx-no-cache=1744055897074 HTTP/1.1" 200 38
190.95.15.31 - - [07/Apr/2025:16:57:24 -0300] "GET /cormun/servlet/trlicencias? HTTP/1.1" 200 6048
190.95.15.31 - - [07/Apr/2025:16:57:24 -0300] "GET /cormun/servlet/hlogin HTTP/1.1" 200 1739
190.95.15.31 - - [07/Apr/2025:16:57:28 -0300] "POST /cormun/servlet/hlogin?59ec848dd18243a38086ee9622941a23,gx-no-cache=1744055933546 HTTP/1.1" 200 90
190.95.15.31 - - [07/Apr/2025:16:57:28 -0300] "GET /cormun/servlet/hpexe_link HTTP/1.1" 200 956
190.95.15.31 - - [07/Apr/2025:16:57:28 -0300] "GET /cormun/servlet/trlicencias HTTP/1.1" 200 11227
200.126.116.145 - - [07/Apr/2025:16:57:34 -0300] "GET /cormun/servlet/solicitudot?89ca68f84a2d5f45a0bf48983005dbf859bb2490dd4d5bd721426d01f6a6f714c5350ac76002b037bc22f09f5ba53dcc1ea68907a9aab7012610c25b7ee34193f792f68b8dbd97c1e6116bed5ff97b97e4f4abf380575e741ea0fb607bf66ea018e9fa9affd46f41d4c90537f4f994f6,gx-no-cache=1744055939938 HTTP/1.1" 200 110
200.126.116.145 - - [07/Apr/2025:16:57:58 -0300] "POST /cormun/servlet/solicitudot?gx-no-cache=1744055964665 HTTP/1.1" 200 83
200.126.116.145 - - [07/Apr/2025:16:58:09 -0300] "GET /cormun/servlet/solicitudot?89ca68f84a2d5f45a0bf48983005dbf856889220906ce93da2fd74241b165ba1fa802ce7c4a859154a0f6730de15612b2d721fa7e9bc92d1e98f0d5f2d6b9077d35fe5a4a5825e714fb195a7e93beaf7ba061ba9a625fcaede93af3c343ad2f1c13477ac28da5fca88519438aa64ad1e,gx-no-cache=1744055975303 HTTP/1.1" 200 29
200.126.116.145 - - [07/Apr/2025:16:58:09 -0300] "GET /cormun/static/menuarrow.gif HTTP/1.1" 404 1015
200.126.116.145 - - [07/Apr/2025:16:58:15 -0300] "GET /cormun/servlet/solicitudot?89ca68f84a2d5f45a0bf48983005dbf8f7d5c7f230f539faace3c3c61f8ae31269fa9f84b9baa1d140a50cd6c4e1a853,gx-no-cache=1744055980926 HTTP/1.1" 200 30
200.126.116.145 - - [07/Apr/2025:16:58:22 -0300] "POST /cormun/servlet/solicitudot?gx-no-cache=1744055988378 HTTP/1.1" 200 30
200.126.116.145 - - [07/Apr/2025:16:58:44 -0300] "POST /cormun/servlet/solicitudot?38e861002fcdef74e79e26f2b9549026,INS,0,0,false,,gx-no-cache=1744056008897 HTTP/1.1" 200 93
200.126.116.145 - - [07/Apr/2025:16:58:44 -0300] "GET /cormun/servlet/hpexe_return? HTTP/1.1" 200 1010
200.126.116.145 - - [07/Apr/2025:16:58:44 -0300] "GET /cormun/servlet/trsolicitudot HTTP/1.1" 200 8940
200.126.116.145 - - [07/Apr/2025:16:58:51 -0300] "POST /cormun/servlet/trsolicitudot?38e861002fcdef74e79e26f2b9549026,gx-no-cache=1744056017322 HTTP/1.1" 200 107
200.126.116.145 - - [07/Apr/2025:16:58:51 -0300] "GET /cormun/servlet/trsolicitudadjuntos?2025,22393, HTTP/1.1" 200 6435
200.126.116.145 - - [07/Apr/2025:16:58:53 -0300] "GET /cormun/servlet/solicitudotadjuntos?INS,2025,22393,,1, HTTP/1.1" 200 6376
200.126.116.145 - - [07/Apr/2025:16:58:53 -0300] "GET /cormun/static/about:blank HTTP/1.1" 404 1011
200.126.116.145 - - [07/Apr/2025:16:58:54 -0300] "GET /cormun/servlet/solicitudotadjuntos?89ca68f84a2d5f45a0bf48983005dbf85368e3282d3fd57af5527f753136a0f92c39eac024bd3477e6364f223c14c73b,gx-no-cache=1744056019916 HTTP/1.1" 200 30
200.126.116.145 - - [07/Apr/2025:16:58:54 -0300] "POST /cormun/servlet/solicitudotadjuntos?38e861002fcdef74e79e26f2b9549026,INS,2025,22393,,1,,gx-no-cache=1744056019936 HTTP/1.1" 200 4148
200.126.116.145 - - [07/Apr/2025:16:58:56 -0300] "POST /cormun/servlet/solicitudotadjuntos?gx-no-cache=1744056021849 HTTP/1.1" 200 26
190.95.67.99 - - [07/Apr/2025:16:58:56 -0300] "GET /cormun/servlet/trcontratosolicitud? HTTP/1.1" 200 14746
200.126.116.145 - - [07/Apr/2025:16:59:16 -0300] "GET /cormun/servlet/solicitudotadjuntos?89ca68f84a2d5f45a0bf48983005dbf8f8d19f8f646678cedacb2f1161c498ab,gx-no-cache=1744056041871 HTTP/1.1" 200 30
200.126.116.145 - - [07/Apr/2025:16:59:16 -0300] "GET /cormun/servlet/solicitudotadjuntos?89ca68f84a2d5f45a0bf48983005dbf8f8d19f8f646678cedacb2f1161c498ab,gx-no-cache=1744056041881 HTTP/1.1" 200 30
200.126.116.145 - - [07/Apr/2025:16:59:16 -0300] "POST /cormun/servlet/solicitudotadjuntos?38e861002fcdef74e79e26f2b9549026,INS,2025,22393,,1, HTTP/1.1" 200 116
200.126.116.145 - - [07/Apr/2025:16:59:16 -0300] "GET /cormun/servlet/hpexe_return? HTTP/1.1" 200 1028
200.126.116.145 - - [07/Apr/2025:16:59:16 -0300] "GET /cormun/servlet/trsolicitudadjuntos?2025,22393, HTTP/1.1" 200 9498
200.126.116.145 - - [07/Apr/2025:16:59:18 -0300] "GET /cormun/servlet/solicitudotadjuntos?INS,2025,22393,,1, HTTP/1.1" 200 6376
200.126.116.145 - - [07/Apr/2025:16:59:18 -0300] "GET /cormun/static/about:blank HTTP/1.1" 404 1011
200.126.116.145 - - [07/Apr/2025:16:59:19 -0300] "GET /cormun/servlet/solicitudotadjuntos?89ca68f84a2d5f45a0bf48983005dbf85368e3282d3fd57af5527f753136a0f92c39eac024bd3477e6364f223c14c73b,gx-no-cache=1744056045138 HTTP/1.1" 200 30
200.126.116.145 - - [07/Apr/2025:16:59:19 -0300] "POST /cormun/servlet/solicitudotadjuntos?38e861002fcdef74e79e26f2b9549026,INS,2025,22393,,1,,gx-no-cache=1744056045162 HTTP/1.1" 200 4148
200.126.116.145 - - [07/Apr/2025:16:59:22 -0300] "POST /cormun/servlet/solicitudotadjuntos?gx-no-cache=1744056047903 HTTP/1.1" 200 26
200.126.116.145 - - [07/Apr/2025:16:59:29 -0300] "GET /cormun/servlet/solicitudotadjuntos?89ca68f84a2d5f45a0bf48983005dbf8f8d19f8f646678cedacb2f1161c498ab,gx-no-cache=1744056055733 HTTP/1.1" 200 30
200.126.116.145 - - [07/Apr/2025:16:59:30 -0300] "GET /cormun/servlet/solicitudotadjuntos?89ca68f84a2d5f45a0bf48983005dbf8f8d19f8f646678cedacb2f1161c498ab,gx-no-cache=1744056055743 HTTP/1.1" 200 30
200.126.116.145 - - [07/Apr/2025:16:59:30 -0300] "POST /cormun/servlet/solicitudotadjuntos?38e861002fcdef74e79e26f2b9549026,INS,2025,22393,,1, HTTP/1.1" 200 116
200.126.116.145 - - [07/Apr/2025:16:59:30 -0300] "GET /cormun/servlet/hpexe_return? HTTP/1.1" 200 1028
200.126.116.145 - - [07/Apr/2025:16:59:30 -0300] "GET /cormun/servlet/trsolicitudadjuntos?2025,22393, HTTP/1.1" 200 9747
200.126.116.145 - - [07/Apr/2025:16:59:33 -0300] "GET /cormun/servlet/solicitudotadjuntos?INS,2025,22393,,1, HTTP/1.1" 200 6376
200.126.116.145 - - [07/Apr/2025:16:59:33 -0300] "GET /cormun/static/about:blank HTTP/1.1" 404 1011
200.126.116.145 - - [07/Apr/2025:16:59:33 -0300] "GET /cormun/servlet/solicitudotadjuntos?89ca68f84a2d5f45a0bf48983005dbf85368e3282d3fd57af5527f753136a0f92c39eac024bd3477e6364f223c14c73b,gx-no-cache=1744056059505 HTTP/1.1" 200 30
200.126.116.145 - - [07/Apr/2025:16:59:33 -0300] "POST /cormun/servlet/solicitudotadjuntos?38e861002fcdef74e79e26f2b9549026,INS,2025,22393,,1,,gx-no-cache=1744056059528 HTTP/1.1" 200 4150
200.126.116.145 - - [07/Apr/2025:16:59:36 -0300] "POST /cormun/servlet/solicitudotadjuntos?gx-no-cache=1744056062095 HTTP/1.1" 200 26
200.126.116.145 - - [07/Apr/2025:16:59:41 -0300] "GET /cormun/servlet/solicitudotadjuntos?89ca68f84a2d5f45a0bf48983005dbf8f8d19f8f646678cedacb2f1161c498ab,gx-no-cache=1744056067727 HTTP/1.1" 200 30
200.126.116.145 - - [07/Apr/2025:16:59:41 -0300] "GET /cormun/servlet/solicitudotadjuntos?89ca68f84a2d5f45a0bf48983005dbf8f8d19f8f646678cedacb2f1161c498ab,gx-no-cache=1744056067737 HTTP/1.1" 200 30
200.126.116.145 - - [07/Apr/2025:16:59:42 -0300] "POST /cormun/servlet/solicitudotadjuntos?38e861002fcdef74e79e26f2b9549026,INS,2025,22393,,1, HTTP/1.1" 200 116
200.126.116.145 - - [07/Apr/2025:16:59:42 -0300] "GET /cormun/servlet/hpexe_return? HTTP/1.1" 200 1028
200.126.116.145 - - [07/Apr/2025:16:59:42 -0300] "GET /cormun/servlet/trsolicitudadjuntos?2025,22393, HTTP/1.1" 200 9993
200.126.116.145 - - [07/Apr/2025:16:59:45 -0300] "GET /cormun/servlet/solicitudotadjuntos?INS,2025,22393,,1, HTTP/1.1" 200 6376
200.126.116.145 - - [07/Apr/2025:16:59:45 -0300] "GET /cormun/static/about:blank HTTP/1.1" 404 1011
200.126.116.145 - - [07/Apr/2025:16:59:45 -0300] "GET /cormun/servlet/solicitudotadjuntos?89ca68f84a2d5f45a0bf48983005dbf85368e3282d3fd57af5527f753136a0f92c39eac024bd3477e6364f223c14c73b,gx-no-cache=1744056071379 HTTP/1.1" 200 30
200.126.116.145 - - [07/Apr/2025:16:59:45 -0300] "POST /cormun/servlet/solicitudotadjuntos?38e861002fcdef74e79e26f2b9549026,INS,2025,22393,,1,,gx-no-cache=1744056071403 HTTP/1.1" 200 4150
200.126.116.145 - - [07/Apr/2025:16:59:48 -0300] "POST /cormun/servlet/solicitudotadjuntos?gx-no-cache=1744056074303 HTTP/1.1" 200 26
200.126.116.145 - - [07/Apr/2025:16:59:54 -0300] "GET /cormun/servlet/solicitudotadjuntos?89ca68f84a2d5f45a0bf48983005dbf8f8d19f8f646678cedacb2f1161c498ab,gx-no-cache=1744056080086 HTTP/1.1" 200 30
200.126.116.145 - - [07/Apr/2025:16:59:54 -0300] "GET /cormun/servlet/solicitudotadjuntos?89ca68f84a2d5f45a0bf48983005dbf8f8d19f8f646678cedacb2f1161c498ab,gx-no-cache=1744056080096 HTTP/1.1" 200 30
200.126.116.145 - - [07/Apr/2025:16:59:54 -0300] "POST /cormun/servlet/solicitudotadjuntos?38e861002fcdef74e79e26f2b9549026,INS,2025,22393,,1, HTTP/1.1" 200 116
200.126.116.145 - - [07/Apr/2025:16:59:54 -0300] "GET /cormun/servlet/hpexe_return? HTTP/1.1" 200 1028
200.126.116.145 - - [07/Apr/2025:16:59:54 -0300] "GET /cormun/servlet/trsolicitudadjuntos?2025,22393, HTTP/1.1" 200 10229
200.126.116.145 - - [07/Apr/2025:16:59:57 -0300] "GET /cormun/servlet/solicitudotadjuntos?INS,2025,22393,,1, HTTP/1.1" 200 6376
200.126.116.145 - - [07/Apr/2025:16:59:57 -0300] "GET /cormun/static/about:blank HTTP/1.1" 404 1011
200.126.116.145 - - [07/Apr/2025:16:59:58 -0300] "GET /cormun/servlet/solicitudotadjuntos?89ca68f84a2d5f45a0bf48983005dbf85368e3282d3fd57af5527f753136a0f92c39eac024bd3477e6364f223c14c73b,gx-no-cache=1744056083810 HTTP/1.1" 200 30
200.126.116.145 - - [07/Apr/2025:16:59:58 -0300] "POST /cormun/servlet/solicitudotadjuntos?38e861002fcdef74e79e26f2b9549026,INS,2025,22393,,1,,gx-no-cache=1744056083833 HTTP/1.1" 200 4150
200.126.116.145 - - [07/Apr/2025:17:00:00 -0300] "POST /cormun/servlet/solicitudotadjuntos?gx-no-cache=1744056086647 HTTP/1.1" 200 26
200.126.116.145 - - [07/Apr/2025:17:00:06 -0300] "GET /cormun/servlet/solicitudotadjuntos?89ca68f84a2d5f45a0bf48983005dbf8f8d19f8f646678cedacb2f1161c498ab,gx-no-cache=1744056092430 HTTP/1.1" 200 30
200.126.116.145 - - [07/Apr/2025:17:00:06 -0300] "GET /cormun/servlet/solicitudotadjuntos?89ca68f84a2d5f45a0bf48983005dbf8f8d19f8f646678cedacb2f1161c498ab,gx-no-cache=1744056092441 HTTP/1.1" 200 30
200.126.116.145 - - [07/Apr/2025:17:00:06 -0300] "POST /cormun/servlet/solicitudotadjuntos?38e861002fcdef74e79e26f2b9549026,INS,2025,22393,,1, HTTP/1.1" 200 116
200.126.116.145 - - [07/Apr/2025:17:00:06 -0300] "GET /cormun/servlet/hpexe_return? HTTP/1.1" 200 1028
200.126.116.145 - - [07/Apr/2025:17:00:06 -0300] "GET /cormun/servlet/trsolicitudadjuntos?2025,22393, HTTP/1.1" 200 10499
200.126.116.145 - - [07/Apr/2025:17:00:09 -0300] "GET /cormun/servlet/solicitudotadjuntos?INS,2025,22393,,1, HTTP/1.1" 200 6376
200.126.116.145 - - [07/Apr/2025:17:00:09 -0300] "GET /cormun/static/about:blank HTTP/1.1" 404 1011
200.126.116.145 - - [07/Apr/2025:17:00:10 -0300] "GET /cormun/servlet/solicitudotadjuntos?89ca68f84a2d5f45a0bf48983005dbf85368e3282d3fd57af5527f753136a0f92c39eac024bd3477e6364f223c14c73b,gx-no-cache=1744056095892 HTTP/1.1" 200 30
200.126.116.145 - - [07/Apr/2025:17:00:10 -0300] "POST /cormun/servlet/solicitudotadjuntos?38e861002fcdef74e79e26f2b9549026,INS,2025,22393,,1,,gx-no-cache=1744056095915 HTTP/1.1" 200 4150
200.126.116.145 - - [07/Apr/2025:17:00:13 -0300] "POST /cormun/servlet/solicitudotadjuntos?gx-no-cache=1744056099503 HTTP/1.1" 200 26
200.126.110.43 - - [07/Apr/2025:17:01:14 -0300] "GET /cormun/servlet/trsolicitudot? HTTP/1.1" 200 8573
200.126.110.43 - - [07/Apr/2025:17:01:14 -0300] "GET /cormun/servlet/trsolicitudot? HTTP/1.1" 200 8566
200.126.116.145 - - [07/Apr/2025:17:01:27 -0300] "GET /cormun/servlet/solicitudotadjuntos?89ca68f84a2d5f45a0bf48983005dbf8f8d19f8f646678cedacb2f1161c498ab,gx-no-cache=1744056173430 HTTP/1.1" 200 30
200.126.116.145 - - [07/Apr/2025:17:01:27 -0300] "GET /cormun/servlet/solicitudotadjuntos?89ca68f84a2d5f45a0bf48983005dbf8f8d19f8f646678cedacb2f1161c498ab,gx-no-cache=1744056173446 HTTP/1.1" 200 30
200.126.116.145 - - [07/Apr/2025:17:01:27 -0300] "POST /cormun/servlet/solicitudotadjuntos?38e861002fcdef74e79e26f2b9549026,INS,2025,22393,,1, HTTP/1.1" 200 116
200.126.116.145 - - [07/Apr/2025:17:01:27 -0300] "GET /cormun/servlet/hpexe_return? HTTP/1.1" 200 1028
200.126.116.145 - - [07/Apr/2025:17:01:27 -0300] "GET /cormun/servlet/trsolicitudadjuntos?2025,22393, HTTP/1.1" 200 10704
200.126.116.145 - - [07/Apr/2025:17:01:31 -0300] "GET /cormun/servlet/trsolicitudot? HTTP/1.1" 200 8943
190.95.67.97 - - [07/Apr/2025:17:01:35 -0300] "GET /cormun/servlet/trpermisosadjuntos?13503222,20250401115246,P, HTTP/1.1" 200 6184
190.95.67.97 - - [07/Apr/2025:17:01:35 -0300] "GET /cormun/static/gxcfg.js?2020121641683 HTTP/1.1" 200 953
190.95.67.97 - - [07/Apr/2025:17:01:35 -0300] "GET /cormun/static/trpermisosadjuntos.js?2020121642996 HTTP/1.1" 200 20158
190.95.67.97 - - [07/Apr/2025:17:01:37 -0300] "GET /cormun/servlet/permisosadjuntos?INS,13503222,P,20250401115246,, HTTP/1.1" 200 5506
190.95.67.97 - - [07/Apr/2025:17:01:37 -0300] "GET /cormun/static/gxcfg.js?20201215134212 HTTP/1.1" 200 953
190.95.67.97 - - [07/Apr/2025:17:01:37 -0300] "GET /cormun/static/permisosadjuntos.js?20201215134285 HTTP/1.1" 200 8724
190.95.67.97 - - [07/Apr/2025:17:01:37 -0300] "GET /cormun/static/about:blank HTTP/1.1" 404 1011
200.126.116.145 - - [07/Apr/2025:17:02:01 -0300] "POST /cormun/servlet/trsolicitudot?38e861002fcdef74e79e26f2b9549026,,gx-no-cache=1744056207209 HTTP/1.1" 200 4872
200.126.116.145 - - [07/Apr/2025:17:02:01 -0300] "GET /cormun/static/Shared/jqueryui/images/ui-bg_highlight-soft_100_c6c2c8_1x100.png HTTP/1.1" 404 1117
200.126.116.145 - - [07/Apr/2025:17:02:01 -0300] "GET /cormun/static/Shared/jqueryui/images/ui-icons_82798d_256x240.png HTTP/1.1" 404 1089
200.126.116.145 - - [07/Apr/2025:17:02:01 -0300] "GET /cormun/static/Shared/jqueryui/images/ui-bg_flat_55_fafafa_40x100.png HTTP/1.1" 404 1097
200.126.116.145 - - [07/Apr/2025:17:02:01 -0300] "GET /cormun/static/Shared/jqueryui/images/ui-icons_8d78a5_256x240.png HTTP/1.1" 404 1089
200.126.116.145 - - [07/Apr/2025:17:02:01 -0300] "POST /cormun/servlet/trsolicitudot?38e861002fcdef74e79e26f2b9549026,,gx-no-cache=1744056207394 HTTP/1.1" 200 4621
200.126.110.43 - - [07/Apr/2025:17:02:33 -0300] "GET /cormun/static/menuarrow.gif HTTP/1.1" 404 1015
200.126.110.43 - - [07/Apr/2025:17:04:10 -0300] "GET /cormun/servlet/solicitudot?INS,0,0,false, HTTP/1.1" 200 15933
200.126.110.43 - - [07/Apr/2025:17:04:11 -0300] "GET /cormun/servlet/solicitudot?INS,0,0,false, HTTP/1.1" 200 15941
200.126.110.43 - - [07/Apr/2025:17:04:49 -0300] "POST /cormun/servlet/solicitudot?gx-no-cache=1744056374609 HTTP/1.1" 200 4139
200.126.110.43 - - [07/Apr/2025:17:04:49 -0300] "POST /cormun/servlet/solicitudot?b1de0e6a5c4a94e98f76dd0a382a5a40,INS,0,0,false,,gx-no-cache=1744056374754 HTTP/1.1" 200 12727
200.126.110.43 - - [07/Apr/2025:17:04:53 -0300] "GET /cormun/servlet/solicitudot?e2d656620e00ca3eea3380f0861801488487b3e41edc5355478a015ce2fe1e82d7e47056a5cc851878c2d4794528ac17,gx-no-cache=1744056378815 HTTP/1.1" 200 30
190.95.15.17 - - [07/Apr/2025:17:06:30 -0300] "GET /cormun/servlet/trcontratosolicitud? HTTP/1.1" 200 14968
190.95.15.17 - - [07/Apr/2025:17:06:30 -0300] "GET /cormun/static/gxcfg.js?202211298514361 HTTP/1.1" 200 953
190.95.15.17 - - [07/Apr/2025:17:06:30 -0300] "GET /cormun/static/trcontratosolicitud.js?202211298514531 HTTP/1.1" 200 28237
190.95.15.17 - - [07/Apr/2025:17:06:31 -0300] "GET /cormun//static/Resources/PXToolsGridNew.png HTTP/1.1" 200 427
200.126.116.145 - - [07/Apr/2025:17:06:51 -0300] "GET /cormun/servlet/trautorizarsolicitud? HTTP/1.1" 200 8836
190.95.15.17 - - [07/Apr/2025:17:07:44 -0300] "GET /cormun/servlet/trcontratosolicitud? HTTP/1.1" 200 14960
190.95.15.17 - - [07/Apr/2025:17:08:23 -0300] "GET /cormun/servlet/trreportecargahoraria? HTTP/1.1" 200 6965
190.95.15.17 - - [07/Apr/2025:17:08:24 -0300] "GET /cormun/static/gxcfg.js?202211298504121 HTTP/1.1" 200 953
190.95.15.17 - - [07/Apr/2025:17:08:24 -0300] "GET /cormun/static/trreportecargahoraria.js?20221129850435 HTTP/1.1" 200 29376
190.95.15.17 - - [07/Apr/2025:17:08:27 -0300] "GET /cormun/servlet/trcargahoraria? HTTP/1.1" 200 6789
190.95.15.17 - - [07/Apr/2025:17:08:31 -0300] "GET /cormun/servlet/trcontratounov2? HTTP/1.1" 200 18085
200.126.116.145 - - [07/Apr/2025:17:09:15 -0300] "POST /cormun/servlet/trautorizarsolicitud?38e861002fcdef74e79e26f2b9549026,,gx-no-cache=1744056640985 HTTP/1.1" 200 4791
200.126.116.145 - - [07/Apr/2025:17:09:15 -0300] "POST /cormun/servlet/trautorizarsolicitud?38e861002fcdef74e79e26f2b9549026,,gx-no-cache=1744056641104 HTTP/1.1" 200 4541
190.95.15.17 - - [07/Apr/2025:17:09:31 -0300] "GET /cormun/servlet/trreportecargahoraria? HTTP/1.1" 200 6968
200.126.116.145 - - [07/Apr/2025:17:09:31 -0300] "GET /cormun/servlet/trlicencias? HTTP/1.1" 200 16509
190.95.15.17 - - [07/Apr/2025:17:09:36 -0300] "GET /cormun/servlet/trcontratoobservaciondir? HTTP/1.1" 200 7630
190.95.15.17 - - [07/Apr/2025:17:09:36 -0300] "GET /cormun/static/gxcfg.js?20221129848537 HTTP/1.1" 200 953
190.95.15.17 - - [07/Apr/2025:17:09:36 -0300] "GET /cormun/static/trcontratoobservaciondir.js?20221129848696 HTTP/1.1" 200 27185
200.126.116.145 - - [07/Apr/2025:17:09:40 -0300] "GET /cormun/servlet/trpermisosgoce? HTTP/1.1" 200 10279
200.126.116.145 - - [07/Apr/2025:17:09:44 -0300] "GET /cormun/servlet/trpermisosadjuntos?20086578,20250402135215,P, HTTP/1.1" 200 7146
200.126.116.145 - - [07/Apr/2025:17:09:47 -0300] "GET /cormun/servlet/permisosadjuntos?INS,20086578,P,20250402135215,, HTTP/1.1" 200 5966
200.126.116.145 - - [07/Apr/2025:17:09:47 -0300] "GET /cormun/static/about:blank HTTP/1.1" 404 1011
200.126.116.145 - - [07/Apr/2025:17:10:02 -0300] "POST /cormun/servlet/permisosadjuntos?38e861002fcdef74e79e26f2b9549026,INS,20086578,P,20250402135215,, HTTP/1.1" 200 116
200.126.116.145 - - [07/Apr/2025:17:10:02 -0300] "GET /cormun/servlet/hpexe_return? HTTP/1.1" 200 1039
200.126.116.145 - - [07/Apr/2025:17:10:02 -0300] "GET /cormun/servlet/trpermisosadjuntos?20086578,20250402135215,P, HTTP/1.1" 200 7259
200.126.116.145 - - [07/Apr/2025:17:10:08 -0300] "GET /cormun/servlet/permisosadjuntos?DLT,20086578,P,20250402135215,20250407161125, HTTP/1.1" 200 5998
200.126.116.145 - - [07/Apr/2025:17:10:08 -0300] "GET /cormun/PublicTempStorage/permiso_ruth_fuentes178969.pdf HTTP/1.1" 200 141404
200.126.116.145 - - [07/Apr/2025:17:10:10 -0300] "POST /cormun/servlet/permisosadjuntos?38e861002fcdef74e79e26f2b9549026,DLT,20086578,P,20250402135215,20250407161125,,gx-no-cache=1744056695910 HTTP/1.1" 200 93
200.126.116.145 - - [07/Apr/2025:17:10:10 -0300] "GET /cormun/servlet/hpexe_return? HTTP/1.1" 200 1046
200.126.116.145 - - [07/Apr/2025:17:10:10 -0300] "GET /cormun/servlet/trpermisosadjuntos?20086578,20250402135215,P, HTTP/1.1" 200 7149
200.126.116.145 - - [07/Apr/2025:17:10:15 -0300] "GET /cormun/servlet/trpermisosgoce? HTTP/1.1" 200 10280
200.126.116.145 - - [07/Apr/2025:17:10:19 -0300] "POST /cormun/servlet/trpermisosgoce?38e861002fcdef74e79e26f2b9549026,,gx-no-cache=1744056704655 HTTP/1.1" 200 7553
200.126.116.145 - - [07/Apr/2025:17:10:22 -0300] "GET /cormun/servlet/trpermisosadjuntos?18375214,20250402135622,P, HTTP/1.1" 200 6650
200.126.116.145 - - [07/Apr/2025:17:10:23 -0300] "GET /cormun/servlet/permisosadjuntos?INS,18375214,P,20250402135622,, HTTP/1.1" 200 5979
200.126.116.145 - - [07/Apr/2025:17:10:23 -0300] "GET /cormun/static/about:blank HTTP/1.1" 404 1011
200.126.116.145 - - [07/Apr/2025:17:10:31 -0300] "POST /cormun/servlet/permisosadjuntos?38e861002fcdef74e79e26f2b9549026,INS,18375214,P,20250402135622,, HTTP/1.1" 200 116
200.126.116.145 - - [07/Apr/2025:17:10:31 -0300] "GET /cormun/servlet/hpexe_return? HTTP/1.1" 200 1040
200.126.116.145 - - [07/Apr/2025:17:10:31 -0300] "GET /cormun/servlet/trpermisosadjuntos?18375214,20250402135622,P, HTTP/1.1" 200 7202
190.95.15.17 - - [07/Apr/2025:17:12:18 -0300] "GET /cormun/servlet/trbonoreemplazoaut? HTTP/1.1" 500 10
190.95.15.17 - - [07/Apr/2025:17:12:19 -0300] "GET /cormun/servlet/trbonoreemplazoaut? HTTP/1.1" 500 10
200.126.110.43 - - [07/Apr/2025:17:13:56 -0300] "GET /cormun/servlet/solicitudot?e2d656620e00ca3eea3380f086180148959b3ef700d16941c04d7309e99da9b0,gx-no-cache=1744056922544 HTTP/1.1" 200 103
200.126.110.43 - - [07/Apr/2025:17:13:56 -0300] "GET /cormun/static/Shared/jqueryui/images/ui-bg_highlight-soft_100_c6c2c8_1x100.png HTTP/1.1" 404 1117
200.126.110.43 - - [07/Apr/2025:17:13:56 -0300] "GET /cormun/static/Shared/jqueryui/images/ui-icons_82798d_256x240.png HTTP/1.1" 404 1089
200.126.110.43 - - [07/Apr/2025:17:13:56 -0300] "GET /cormun/static/Shared/jqueryui/images/ui-bg_flat_55_994d53_40x100.png HTTP/1.1" 404 1097
200.126.110.43 - - [07/Apr/2025:17:13:56 -0300] "GET /cormun/static/Shared/jqueryui/images/ui-icons_ebccce_256x240.png HTTP/1.1" 404 1089
200.126.110.43 - - [07/Apr/2025:17:13:57 -0300] "GET /cormun/servlet/solicitudot?e2d656620e00ca3eea3380f086180148243e022bb23ace7c016c316f91843d5a,gx-no-cache=1744056922770 HTTP/1.1" 200 53
200.126.110.43 - - [07/Apr/2025:17:13:57 -0300] "POST /cormun/servlet/solicitudot?gx-no-cache=1744056922796 HTTP/1.1" 200 255
200.126.110.43 - - [07/Apr/2025:17:13:57 -0300] "GET /cormun/servlet/solicitudot?e2d656620e00ca3eea3380f08618014819f6aaf6897c5952143814364cbd106655182d9d22e1d738a3261b08ea0bcec8c5335760a14094e9dd3a9ef25f95ff713782b02de595867df0b795bc16105a27a6c8ee6db3d54d92972be77b37ca2c3eeb3a6f0f4329a127e119078480bb4a8500f82d4f6985cea376b3cb0b27fd17370fe338cd5a52ee76c2dbee3a6c9065d5f2466083b664429cf79d8ac3af0c01accce084d9b9483600a96767566f3c6ff39cc6dff72b714572e8f3f1529bfdde111c2ae2a7c5a3ba7e5b795ceb58c9e578ef086c9554a80f2210df06645ca54cce3f9bd09a61f70ba9d58d1ddb761a45a4abafb32c123f869e96a2aa7e98d29cbde300bc7a5a3f8c243b8ce5fe34b46da13e6c42c1b392dc64d47da90e7a6476c2c265f5e254ebc87c5ef43c47ff9110d2a6443eccdc06a60dfbda573b194bfa35e79b91d0289d610f36ae158e66788455b929c6f56d3c6850b40cc01e042c9edd7c42a445b5c001d7ccc493befdb2a5a8039d1c563cf538111c117537786465b5,gx-no-cache=1744056922829 HTTP/1.1" 200 30
200.126.110.43 - - [07/Apr/2025:17:13:57 -0300] "POST /cormun/servlet/solicitudot?gx-no-cache=1744056922852 HTTP/1.1" 200 30
200.126.110.43 - - [07/Apr/2025:17:13:57 -0300] "POST /cormun/servlet/solicitudot?gx-no-cache=1744056922888 HTTP/1.1" 200 1481
200.126.110.43 - - [07/Apr/2025:17:13:57 -0300] "POST /cormun/servlet/solicitudot?gx-no-cache=1744056922919 HTTP/1.1" 200 38
200.126.110.43 - - [07/Apr/2025:17:13:57 -0300] "GET /cormun/servlet/solicitudot?e2d656620e00ca3eea3380f0861801480a91e97e902f3440240cf8da2cd02895de5af53c6010a4c4741e82074ea006e767a2d14768409efd9cea340102f3f5f180489b8361a09c0721fd33b8568d4991aae0a35c54e6d0cf7c68c9180b699585fe5d7af77931ab50cb188865b779ab63,gx-no-cache=1744056922943 HTTP/1.1" 200 110
200.126.110.43 - - [07/Apr/2025:17:13:57 -0300] "POST /cormun/servlet/solicitudot?gx-no-cache=1744056922971 HTTP/1.1" 200 97
