201.186.225.183 - - [27/Mar/2025:08:16:23 -0300] "GET /cormun/servlet/solicitudot?45c55bd167b3729e620404f3043eaf79b58ce63974d52325779351d387967773e6fa85309d375edd2586c40e4773fd760e6afe7f2bde1a95978fd08a32687e3dc871f650e9863309c80a054ce43cad802205ec9b71816fc5ea3aa023fdb61e4ec3e7ba79f5bbfdefabe74c89ec322a6ddb43cfaa538fb5e10983f1a8a29aaed048ccabaefccff2b0d7963bacb763e095a877408fde14be2e45dcc7e582c0676cce9f7125ee873b7f7eeca5429fe2be3fa731f2e9daedd5396319e2961b04d7ae9496cfc1738e4d3af7606e7e2d860bff949f16bae79de95fb6c2786721d7a2c46cefc7df89a6b4cee87b44882ded1517498d73e6b8a3ac6c205d131f94481dc96f41601003ea8f175b5de32f344f344d9a5193bca24aba7df7634f8c02b46a55f4d816087154ccbd7701a87f0fcac18a778d9511945550a560229c5b13be2417c4201484990b9710291900c7f24ded92bfabc00fc375c31e346c307c513986bf69454328034eecd74341d461d61ddc02b000a5dbc8aed01aee9ab4ce6b5e4dad,gx-no-cache=1743074285019 HTTP/1.1" 200 30
201.186.225.183 - - [27/Mar/2025:08:16:24 -0300] "POST /cormun/servlet/solicitudot?gx-no-cache=1743074286586 HTTP/1.1" 200 30
201.186.225.183 - - [27/Mar/2025:08:16:26 -0300] "POST /cormun/servlet/solicitudot?gx-no-cache=1743074288059 HTTP/1.1" 200 1481
201.186.225.183 - - [27/Mar/2025:08:16:26 -0300] "POST /cormun/servlet/solicitudot?gx-no-cache=1743074288094 HTTP/1.1" 200 38
179.57.78.55 - - [27/Mar/2025:08:16:29 -0300] "POST /cormun/servlet/trsolicitudot?27311be4aa7513c930c3beb0e8b0d2f6,,gx-no-cache=1743074290451 HTTP/1.1" 200 5815
179.57.78.55 - - [27/Mar/2025:08:16:29 -0300] "GET /cormun/static/Shared/jqueryui/images/ui-bg_flat_55_fafafa_40x100.png HTTP/1.1" 404 1097
179.57.78.55 - - [27/Mar/2025:08:16:29 -0300] "GET /cormun/static/Shared/jqueryui/images/ui-icons_8d78a5_256x240.png HTTP/1.1" 404 1089
179.57.78.55 - - [27/Mar/2025:08:16:29 -0300] "POST /cormun/servlet/trsolicitudot?27311be4aa7513c930c3beb0e8b0d2f6,,gx-no-cache=1743074290598 HTTP/1.1" 200 5760
179.57.78.55 - - [27/Mar/2025:08:16:31 -0300] "POST /cormun/servlet/trsolicitudot?27311be4aa7513c930c3beb0e8b0d2f6,,gx-no-cache=1743074292384 HTTP/1.1" 200 4598
179.57.78.55 - - [27/Mar/2025:08:16:31 -0300] "POST /cormun/servlet/trsolicitudot?27311be4aa7513c930c3beb0e8b0d2f6,,gx-no-cache=1743074292503 HTTP/1.1" 200 4348
201.186.225.183 - - [27/Mar/2025:08:16:35 -0300] "GET /cormun/servlet/solicitudot?45c55bd167b3729e620404f3043eaf7944d8698e4e3ea2a7d1f5069a0cf1cf829ee7eec70d43632557f2a13b4eaaadda648600b012c0e3cc430dfa2d062a4b155a2cd74a0926a7a19ea5adefb0b7850c7275f45118236a439f66d2bcd56c2e8e3e0a11c9b992ba552b8e7db583b1a269,gx-no-cache=1743074297747 HTTP/1.1" 200 110
179.57.78.9 - - [27/Mar/2025:08:16:38 -0300] "GET /cormun/servlet/hhome HTTP/1.1" 200 4332
201.186.225.183 - - [27/Mar/2025:08:16:39 -0300] "POST /cormun/servlet/solicitudot?gx-no-cache=1743074301483 HTTP/1.1" 200 97
190.95.67.99 - - [27/Mar/2025:08:16:39 -0300] "GET /cormun/servlet/trlicencias? HTTP/1.1" 200 10500
179.57.78.55 - - [27/Mar/2025:08:16:42 -0300] "GET /cormun/servlet/hlogin HTTP/1.1" 200 1738
179.57.78.71 - - [27/Mar/2025:08:16:42 -0300] "GET /cormun/servlet/hlogin HTTP/1.1" 200 1711
179.57.78.9 - - [27/Mar/2025:08:16:43 -0300] "GET /cormun/servlet/trlicencias? HTTP/1.1" 200 10859
201.186.225.183 - - [27/Mar/2025:08:16:44 -0300] "GET /cormun/servlet/solicitudot?45c55bd167b3729e620404f3043eaf79fb4e2d5b95e7acdc0f35310a24ecacee798c78ef144f06a4aec200314703f5c5a58a9b3536cabc11681ac4fad94b05d7f46840e593e2f6a945f4415f1f285382f9591179b7d4954d01af2fc2c5d76cdad89bb6824e152b78d6f29b9529a7c5c2,gx-no-cache=1743074306339 HTTP/1.1" 200 29
201.186.225.183 - - [27/Mar/2025:08:16:44 -0300] "GET /cormun/static/menuarrow.gif HTTP/1.1" 404 1015
201.186.225.183 - - [27/Mar/2025:08:16:47 -0300] "GET /cormun/servlet/solicitudot?45c55bd167b3729e620404f3043eaf7968f23c8ef7e78db74bdf13151a7a69f1cce3f6ec5d8cfdf53bd45fc8365b14c5,gx-no-cache=1743074309116 HTTP/1.1" 200 30
179.57.78.71 - - [27/Mar/2025:08:16:48 -0300] "POST /cormun/servlet/hlogin?04786b93c09b5dc929c70adf57651d46,gx-no-cache=1743074310065 HTTP/1.1" 200 90
179.57.78.71 - - [27/Mar/2025:08:16:48 -0300] "GET /cormun/servlet/hpexe_link HTTP/1.1" 200 942
179.57.78.71 - - [27/Mar/2025:08:16:48 -0300] "GET /cormun/servlet/hhome HTTP/1.1" 200 4200
179.57.78.55 - - [27/Mar/2025:08:16:49 -0300] "POST /cormun/servlet/hlogin?27311be4aa7513c930c3beb0e8b0d2f6,gx-no-cache=1743074310800 HTTP/1.1" 200 90
179.57.78.55 - - [27/Mar/2025:08:16:49 -0300] "GET /cormun/servlet/hpexe_link HTTP/1.1" 200 949
179.57.78.55 - - [27/Mar/2025:08:16:49 -0300] "GET /cormun/servlet/hhome HTTP/1.1" 200 4256
201.186.225.183 - - [27/Mar/2025:08:16:51 -0300] "POST /cormun/servlet/solicitudot?gx-no-cache=1743074313046 HTTP/1.1" 200 30
179.57.78.71 - - [27/Mar/2025:08:16:52 -0300] "GET /cormun/servlet/trlicencias? HTTP/1.1" 200 10751
179.57.78.55 - - [27/Mar/2025:08:16:54 -0300] "GET /cormun/servlet/trautorizarsolicitud? HTTP/1.1" 200 9089
179.57.78.55 - - [27/Mar/2025:08:17:14 -0300] "POST /cormun/servlet/trautorizarsolicitud?27311be4aa7513c930c3beb0e8b0d2f6,,gx-no-cache=1743074335418 HTTP/1.1" 200 6001
179.57.78.55 - - [27/Mar/2025:08:17:14 -0300] "POST /cormun/servlet/trautorizarsolicitud?27311be4aa7513c930c3beb0e8b0d2f6,,gx-no-cache=1743074335573 HTTP/1.1" 200 5948
179.57.78.55 - - [27/Mar/2025:08:17:15 -0300] "POST /cormun/servlet/trautorizarsolicitud?27311be4aa7513c930c3beb0e8b0d2f6,,gx-no-cache=1743074336528 HTTP/1.1" 200 4782
179.57.78.55 - - [27/Mar/2025:08:17:15 -0300] "POST /cormun/servlet/trautorizarsolicitud?27311be4aa7513c930c3beb0e8b0d2f6,,gx-no-cache=1743074336671 HTTP/1.1" 200 4532
179.57.78.55 - - [27/Mar/2025:08:17:17 -0300] "GET /cormun/static/Shared/jqueryui/images/ui-bg_highlight-soft_100_eae6ea_1x100.png HTTP/1.1" 404 1117
201.186.225.183 - - [27/Mar/2025:08:17:23 -0300] "POST /cormun/servlet/solicitudot?846eb46a1aa8d6f0f4a6f871a825792f,INS,0,0,false,,gx-no-cache=1743074345355 HTTP/1.1" 200 93
201.186.225.183 - - [27/Mar/2025:08:17:23 -0300] "GET /cormun/servlet/hpexe_return? HTTP/1.1" 200 1007
201.186.225.183 - - [27/Mar/2025:08:17:23 -0300] "GET /cormun/servlet/trsolicitudot HTTP/1.1" 200 8476
201.186.225.183 - - [27/Mar/2025:08:17:37 -0300] "POST /cormun/servlet/trsolicitudot?846eb46a1aa8d6f0f4a6f871a825792f,gx-no-cache=1743074359213 HTTP/1.1" 200 107
201.186.225.183 - - [27/Mar/2025:08:17:37 -0300] "GET /cormun/servlet/trsolicitudadjuntos?2025,22286, HTTP/1.1" 200 6071
201.186.225.183 - - [27/Mar/2025:08:17:37 -0300] "GET /cormun/static/gxcfg.js?20201215574222 HTTP/1.1" 200 953
201.186.225.183 - - [27/Mar/2025:08:17:37 -0300] "GET /cormun/static/Resources/PXToolsGridNew.png HTTP/1.1" 200 427
201.186.225.183 - - [27/Mar/2025:08:17:37 -0300] "GET /cormun/static/trsolicitudadjuntos.js?20201215574932 HTTP/1.1" 200 17921
201.186.225.183 - - [27/Mar/2025:08:17:39 -0300] "GET /cormun/servlet/solicitudotadjuntos?INS,2025,22286,,1, HTTP/1.1" 200 6015
201.186.225.183 - - [27/Mar/2025:08:17:39 -0300] "GET /cormun/static/gxcfg.js?202211298385187 HTTP/1.1" 200 953
201.186.225.183 - - [27/Mar/2025:08:17:39 -0300] "GET /cormun/static/solicitudotadjuntos.js?202211298385196 HTTP/1.1" 200 11771
201.186.225.183 - - [27/Mar/2025:08:17:39 -0300] "GET /cormun/static/about:blank HTTP/1.1" 404 1011
201.186.225.183 - - [27/Mar/2025:08:17:39 -0300] "GET /cormun/servlet/solicitudotadjuntos?45c55bd167b3729e620404f3043eaf79c0dc1a9300dafce796f7e4b7d2b58a5e60b8a14aea71240152362cab80c6f754,gx-no-cache=1743074361762 HTTP/1.1" 200 30
201.186.225.183 - - [27/Mar/2025:08:17:39 -0300] "POST /cormun/servlet/solicitudotadjuntos?846eb46a1aa8d6f0f4a6f871a825792f,INS,2025,22286,,1,,gx-no-cache=1743074361776 HTTP/1.1" 200 3896
201.186.225.183 - - [27/Mar/2025:08:17:41 -0300] "POST /cormun/servlet/solicitudotadjuntos?gx-no-cache=1743074363039 HTTP/1.1" 200 26
190.95.67.99 - - [27/Mar/2025:08:17:44 -0300] "GET /cormun/servlet/trpermisosgoce? HTTP/1.1" 200 11573
201.186.225.183 - - [27/Mar/2025:08:17:48 -0300] "GET /cormun/servlet/solicitudotadjuntos?45c55bd167b3729e620404f3043eaf79efd0bc84e5e488b0090161127583a7e4,gx-no-cache=1743074370041 HTTP/1.1" 200 30
201.186.225.183 - - [27/Mar/2025:08:17:48 -0300] "GET /cormun/servlet/solicitudotadjuntos?45c55bd167b3729e620404f3043eaf79efd0bc84e5e488b0090161127583a7e4,gx-no-cache=1743074370053 HTTP/1.1" 200 30
201.186.225.183 - - [27/Mar/2025:08:17:48 -0300] "POST /cormun/servlet/solicitudotadjuntos?846eb46a1aa8d6f0f4a6f871a825792f,INS,2025,22286,,1, HTTP/1.1" 200 6078
201.186.225.183 - - [27/Mar/2025:08:17:48 -0300] "GET /cormun/static/Shared/jqueryui/images/ui-bg_highlight-soft_100_c6c2c8_1x100.png HTTP/1.1" 404 1117
201.186.225.183 - - [27/Mar/2025:08:17:48 -0300] "GET /cormun/static/Shared/jqueryui/images/ui-icons_82798d_256x240.png HTTP/1.1" 404 1089
201.186.225.183 - - [27/Mar/2025:08:17:48 -0300] "GET /cormun/static/Shared/jqueryui/images/ui-bg_flat_55_994d53_40x100.png HTTP/1.1" 404 1097
201.186.225.183 - - [27/Mar/2025:08:17:48 -0300] "GET /cormun/static/Shared/jqueryui/images/ui-icons_ebccce_256x240.png HTTP/1.1" 404 1089
201.186.225.183 - - [27/Mar/2025:08:17:48 -0300] "GET /cormun/PrivateTempStorage/upload_00009503.jpeg HTTP/1.1" 200 87382
201.186.225.183 - - [27/Mar/2025:08:19:16 -0300] "POST /cormun/servlet/solicitudotadjuntos?846eb46a1aa8d6f0f4a6f871a825792f,INS,2025,22286,,1, HTTP/1.1" 200 116
201.186.225.183 - - [27/Mar/2025:08:19:16 -0300] "GET /cormun/servlet/hpexe_return? HTTP/1.1" 200 1024
201.186.225.183 - - [27/Mar/2025:08:19:17 -0300] "GET /cormun/servlet/trsolicitudadjuntos?2025,22286, HTTP/1.1" 200 6075
201.186.225.183 - - [27/Mar/2025:08:19:18 -0300] "GET /cormun/servlet/solicitudotadjuntos?INS,2025,22286,,1, HTTP/1.1" 200 6016
201.186.225.183 - - [27/Mar/2025:08:19:18 -0300] "GET /cormun/static/about:blank HTTP/1.1" 404 1011
201.186.225.183 - - [27/Mar/2025:08:19:19 -0300] "GET /cormun/servlet/solicitudotadjuntos?45c55bd167b3729e620404f3043eaf79c0dc1a9300dafce796f7e4b7d2b58a5e60b8a14aea71240152362cab80c6f754,gx-no-cache=1743074461239 HTTP/1.1" 200 30
201.186.225.183 - - [27/Mar/2025:08:19:19 -0300] "POST /cormun/servlet/solicitudotadjuntos?846eb46a1aa8d6f0f4a6f871a825792f,INS,2025,22286,,1,,gx-no-cache=1743074461254 HTTP/1.1" 200 3895
201.186.225.183 - - [27/Mar/2025:08:19:20 -0300] "POST /cormun/servlet/solicitudotadjuntos?gx-no-cache=1743074462463 HTTP/1.1" 200 26
201.186.225.183 - - [27/Mar/2025:08:19:25 -0300] "GET /cormun/servlet/solicitudotadjuntos?45c55bd167b3729e620404f3043eaf79efd0bc84e5e488b0090161127583a7e4,gx-no-cache=1743074467813 HTTP/1.1" 200 30
201.186.225.183 - - [27/Mar/2025:08:19:25 -0300] "GET /cormun/servlet/solicitudotadjuntos?45c55bd167b3729e620404f3043eaf79efd0bc84e5e488b0090161127583a7e4,gx-no-cache=1743074467823 HTTP/1.1" 200 30
201.186.225.183 - - [27/Mar/2025:08:19:25 -0300] "POST /cormun/servlet/solicitudotadjuntos?846eb46a1aa8d6f0f4a6f871a825792f,INS,2025,22286,,1, HTTP/1.1" 200 116
201.186.225.183 - - [27/Mar/2025:08:19:25 -0300] "GET /cormun/servlet/hpexe_return? HTTP/1.1" 200 1024
201.186.225.183 - - [27/Mar/2025:08:19:26 -0300] "GET /cormun/servlet/trsolicitudadjuntos?2025,22286, HTTP/1.1" 200 9067
201.186.225.183 - - [27/Mar/2025:08:19:27 -0300] "GET /cormun/servlet/solicitudotadjuntos?INS,2025,22286,,1, HTTP/1.1" 200 6016
201.186.225.183 - - [27/Mar/2025:08:19:27 -0300] "GET /cormun/static/about:blank HTTP/1.1" 404 1011
201.186.225.183 - - [27/Mar/2025:08:19:28 -0300] "GET /cormun/servlet/solicitudotadjuntos?45c55bd167b3729e620404f3043eaf79c0dc1a9300dafce796f7e4b7d2b58a5e60b8a14aea71240152362cab80c6f754,gx-no-cache=1743074470377 HTTP/1.1" 200 30
201.186.225.183 - - [27/Mar/2025:08:19:28 -0300] "POST /cormun/servlet/solicitudotadjuntos?846eb46a1aa8d6f0f4a6f871a825792f,INS,2025,22286,,1,,gx-no-cache=1743074470390 HTTP/1.1" 200 3895
201.186.225.183 - - [27/Mar/2025:08:19:30 -0300] "POST /cormun/servlet/solicitudotadjuntos?gx-no-cache=1743074472037 HTTP/1.1" 200 26
201.186.225.183 - - [27/Mar/2025:08:19:35 -0300] "GET /cormun/servlet/solicitudotadjuntos?45c55bd167b3729e620404f3043eaf79efd0bc84e5e488b0090161127583a7e4,gx-no-cache=1743074477465 HTTP/1.1" 200 30
201.186.225.183 - - [27/Mar/2025:08:19:35 -0300] "GET /cormun/servlet/solicitudotadjuntos?45c55bd167b3729e620404f3043eaf79efd0bc84e5e488b0090161127583a7e4,gx-no-cache=1743074477478 HTTP/1.1" 200 30
201.186.225.183 - - [27/Mar/2025:08:19:35 -0300] "POST /cormun/servlet/solicitudotadjuntos?846eb46a1aa8d6f0f4a6f871a825792f,INS,2025,22286,,1, HTTP/1.1" 200 116
201.186.225.183 - - [27/Mar/2025:08:19:35 -0300] "GET /cormun/servlet/hpexe_return? HTTP/1.1" 200 1024
201.186.225.183 - - [27/Mar/2025:08:19:35 -0300] "GET /cormun/servlet/trsolicitudadjuntos?2025,22286, HTTP/1.1" 200 9312
201.186.225.183 - - [27/Mar/2025:08:19:37 -0300] "GET /cormun/servlet/solicitudotadjuntos?INS,2025,22286,,1, HTTP/1.1" 200 6016
201.186.225.183 - - [27/Mar/2025:08:19:37 -0300] "GET /cormun/static/about:blank HTTP/1.1" 404 1011
201.186.225.183 - - [27/Mar/2025:08:19:38 -0300] "GET /cormun/servlet/solicitudotadjuntos?45c55bd167b3729e620404f3043eaf79c0dc1a9300dafce796f7e4b7d2b58a5e60b8a14aea71240152362cab80c6f754,gx-no-cache=1743074480238 HTTP/1.1" 200 30
201.186.225.183 - - [27/Mar/2025:08:19:38 -0300] "POST /cormun/servlet/solicitudotadjuntos?846eb46a1aa8d6f0f4a6f871a825792f,INS,2025,22286,,1,,gx-no-cache=1743074480261 HTTP/1.1" 200 3895
201.186.225.183 - - [27/Mar/2025:08:19:40 -0300] "POST /cormun/servlet/solicitudotadjuntos?gx-no-cache=1743074482317 HTTP/1.1" 200 26
201.186.225.183 - - [27/Mar/2025:08:19:45 -0300] "GET /cormun/servlet/solicitudotadjuntos?45c55bd167b3729e620404f3043eaf79efd0bc84e5e488b0090161127583a7e4,gx-no-cache=1743074487757 HTTP/1.1" 200 30
201.186.225.183 - - [27/Mar/2025:08:19:45 -0300] "GET /cormun/servlet/solicitudotadjuntos?45c55bd167b3729e620404f3043eaf79efd0bc84e5e488b0090161127583a7e4,gx-no-cache=1743074487769 HTTP/1.1" 200 30
201.186.225.183 - - [27/Mar/2025:08:19:45 -0300] "POST /cormun/servlet/solicitudotadjuntos?846eb46a1aa8d6f0f4a6f871a825792f,INS,2025,22286,,1, HTTP/1.1" 200 116
201.186.225.183 - - [27/Mar/2025:08:19:45 -0300] "GET /cormun/servlet/hpexe_return? HTTP/1.1" 200 1024
201.186.225.183 - - [27/Mar/2025:08:19:46 -0300] "GET /cormun/servlet/trsolicitudadjuntos?2025,22286, HTTP/1.1" 200 9533
201.186.225.183 - - [27/Mar/2025:08:19:47 -0300] "GET /cormun/servlet/solicitudotadjuntos?INS,2025,22286,,1, HTTP/1.1" 200 6016
201.186.225.183 - - [27/Mar/2025:08:19:47 -0300] "GET /cormun/static/about:blank HTTP/1.1" 404 1011
201.186.225.183 - - [27/Mar/2025:08:19:48 -0300] "GET /cormun/servlet/solicitudotadjuntos?45c55bd167b3729e620404f3043eaf79c0dc1a9300dafce796f7e4b7d2b58a5e60b8a14aea71240152362cab80c6f754,gx-no-cache=1743074490343 HTTP/1.1" 200 30
201.186.225.183 - - [27/Mar/2025:08:19:48 -0300] "POST /cormun/servlet/solicitudotadjuntos?846eb46a1aa8d6f0f4a6f871a825792f,INS,2025,22286,,1,,gx-no-cache=1743074490365 HTTP/1.1" 200 3895
201.186.225.183 - - [27/Mar/2025:08:19:50 -0300] "POST /cormun/servlet/solicitudotadjuntos?gx-no-cache=1743074492133 HTTP/1.1" 200 26
201.186.225.183 - - [27/Mar/2025:08:19:55 -0300] "GET /cormun/servlet/solicitudotadjuntos?45c55bd167b3729e620404f3043eaf79efd0bc84e5e488b0090161127583a7e4,gx-no-cache=1743074497757 HTTP/1.1" 200 30
201.186.225.183 - - [27/Mar/2025:08:19:55 -0300] "GET /cormun/servlet/solicitudotadjuntos?45c55bd167b3729e620404f3043eaf79efd0bc84e5e488b0090161127583a7e4,gx-no-cache=1743074497771 HTTP/1.1" 200 30
201.186.225.183 - - [27/Mar/2025:08:19:55 -0300] "POST /cormun/servlet/solicitudotadjuntos?846eb46a1aa8d6f0f4a6f871a825792f,INS,2025,22286,,1, HTTP/1.1" 200 116
201.186.225.183 - - [27/Mar/2025:08:19:55 -0300] "GET /cormun/servlet/hpexe_return? HTTP/1.1" 200 1024
201.186.225.183 - - [27/Mar/2025:08:19:56 -0300] "GET /cormun/servlet/trsolicitudadjuntos?2025,22286, HTTP/1.1" 200 9822
201.186.225.183 - - [27/Mar/2025:08:19:57 -0300] "GET /cormun/servlet/solicitudotadjuntos?INS,2025,22286,,1, HTTP/1.1" 200 6016
201.186.225.183 - - [27/Mar/2025:08:19:57 -0300] "GET /cormun/static/about:blank HTTP/1.1" 404 1011
201.186.225.183 - - [27/Mar/2025:08:19:58 -0300] "GET /cormun/servlet/solicitudotadjuntos?45c55bd167b3729e620404f3043eaf79c0dc1a9300dafce796f7e4b7d2b58a5e60b8a14aea71240152362cab80c6f754,gx-no-cache=1743074500433 HTTP/1.1" 200 30
201.186.225.183 - - [27/Mar/2025:08:19:58 -0300] "POST /cormun/servlet/solicitudotadjuntos?846eb46a1aa8d6f0f4a6f871a825792f,INS,2025,22286,,1,,gx-no-cache=1743074500446 HTTP/1.1" 200 3896
201.186.225.183 - - [27/Mar/2025:08:20:00 -0300] "POST /cormun/servlet/solicitudotadjuntos?gx-no-cache=1743074502129 HTTP/1.1" 200 26
201.186.225.183 - - [27/Mar/2025:08:20:05 -0300] "GET /cormun/servlet/solicitudotadjuntos?45c55bd167b3729e620404f3043eaf79efd0bc84e5e488b0090161127583a7e4,gx-no-cache=1743074507253 HTTP/1.1" 200 30
201.186.225.183 - - [27/Mar/2025:08:20:05 -0300] "GET /cormun/servlet/solicitudotadjuntos?45c55bd167b3729e620404f3043eaf79efd0bc84e5e488b0090161127583a7e4,gx-no-cache=1743074507265 HTTP/1.1" 200 30
201.186.225.183 - - [27/Mar/2025:08:20:05 -0300] "POST /cormun/servlet/solicitudotadjuntos?846eb46a1aa8d6f0f4a6f871a825792f,INS,2025,22286,,1, HTTP/1.1" 200 116
201.186.225.183 - - [27/Mar/2025:08:20:05 -0300] "GET /cormun/servlet/hpexe_return? HTTP/1.1" 200 1024
201.186.225.183 - - [27/Mar/2025:08:20:05 -0300] "GET /cormun/servlet/trsolicitudadjuntos?2025,22286, HTTP/1.1" 200 10102
201.186.225.183 - - [27/Mar/2025:08:20:07 -0300] "GET /cormun/servlet/solicitudotadjuntos?INS,2025,22286,,1, HTTP/1.1" 200 6016
201.186.225.183 - - [27/Mar/2025:08:20:07 -0300] "GET /cormun/static/about:blank HTTP/1.1" 404 1011
201.186.225.183 - - [27/Mar/2025:08:20:08 -0300] "GET /cormun/servlet/solicitudotadjuntos?45c55bd167b3729e620404f3043eaf79c0dc1a9300dafce796f7e4b7d2b58a5e60b8a14aea71240152362cab80c6f754,gx-no-cache=1743074509989 HTTP/1.1" 200 30
201.186.225.183 - - [27/Mar/2025:08:20:08 -0300] "POST /cormun/servlet/solicitudotadjuntos?846eb46a1aa8d6f0f4a6f871a825792f,INS,2025,22286,,1,,gx-no-cache=1743074510010 HTTP/1.1" 200 3896
201.186.225.183 - - [27/Mar/2025:08:20:09 -0300] "POST /cormun/servlet/solicitudotadjuntos?gx-no-cache=1743074511573 HTTP/1.1" 200 26
201.186.225.183 - - [27/Mar/2025:08:20:16 -0300] "GET /cormun/servlet/solicitudotadjuntos?45c55bd167b3729e620404f3043eaf79efd0bc84e5e488b0090161127583a7e4,gx-no-cache=1743074518533 HTTP/1.1" 200 30
201.186.225.183 - - [27/Mar/2025:08:20:16 -0300] "GET /cormun/servlet/solicitudotadjuntos?45c55bd167b3729e620404f3043eaf79efd0bc84e5e488b0090161127583a7e4,gx-no-cache=1743074518543 HTTP/1.1" 200 30
201.186.225.183 - - [27/Mar/2025:08:20:19 -0300] "POST /cormun/servlet/solicitudotadjuntos?846eb46a1aa8d6f0f4a6f871a825792f,INS,2025,22286,,1, HTTP/1.1" 200 116
201.186.225.183 - - [27/Mar/2025:08:20:19 -0300] "GET /cormun/servlet/hpexe_return? HTTP/1.1" 200 1024
201.186.225.183 - - [27/Mar/2025:08:20:19 -0300] "GET /cormun/servlet/trsolicitudadjuntos?2025,22286, HTTP/1.1" 200 10277
201.186.225.183 - - [27/Mar/2025:08:20:23 -0300] "GET /cormun/servlet/trsolicitudot? HTTP/1.1" 200 8479
201.186.225.183 - - [27/Mar/2025:08:20:52 -0300] "POST /cormun/servlet/trsolicitudot?846eb46a1aa8d6f0f4a6f871a825792f,,gx-no-cache=1743074554304 HTTP/1.1" 200 4315
201.186.225.183 - - [27/Mar/2025:08:20:52 -0300] "GET /cormun/static/Shared/jqueryui/images/ui-bg_flat_55_fafafa_40x100.png HTTP/1.1" 404 1097
201.186.225.183 - - [27/Mar/2025:08:20:52 -0300] "GET /cormun/static/Shared/jqueryui/images/ui-icons_8d78a5_256x240.png HTTP/1.1" 404 1089
201.186.225.183 - - [27/Mar/2025:08:20:52 -0300] "POST /cormun/servlet/trsolicitudot?846eb46a1aa8d6f0f4a6f871a825792f,,gx-no-cache=1743074554452 HTTP/1.1" 200 4076
201.186.225.183 - - [27/Mar/2025:08:21:39 -0300] "GET /cormun/servlet/solicitudot?INS,0,0,false, HTTP/1.1" 200 15964
190.95.15.27 - - [27/Mar/2025:08:21:39 -0300] "GET /cormun/servlet/trfichaempleado? HTTP/1.1" 200 11647
201.186.225.183 - - [27/Mar/2025:08:21:51 -0300] "POST /cormun/servlet/solicitudot?gx-no-cache=1743074613897 HTTP/1.1" 200 4039
201.186.225.183 - - [27/Mar/2025:08:21:52 -0300] "POST /cormun/servlet/solicitudot?846eb46a1aa8d6f0f4a6f871a825792f,INS,0,0,false,,gx-no-cache=1743074614004 HTTP/1.1" 200 12612
201.186.225.183 - - [27/Mar/2025:08:21:52 -0300] "GET /cormun/servlet/solicitudot?45c55bd167b3729e620404f3043eaf79753b3d791846d2733c5fbe1d6eaf197077085151ab6de08cffac2e125e916282,gx-no-cache=1743074614638 HTTP/1.1" 200 30
201.186.225.183 - - [27/Mar/2025:08:24:52 -0300] "GET /cormun/servlet/prbanco?,MD,,gxPopupLevel%3D0%3B HTTP/1.1" 200 6626
201.186.225.183 - - [27/Mar/2025:08:24:55 -0300] "GET /cormun/servlet/solicitudot?45c55bd167b3729e620404f3043eaf795eb39873d2829db1189f2ef478906d8c2d817c8758bc44bd8c30de99cc7561be16462179b6ebaf7d6a848175f8f52d60,gx-no-cache=1743074797192 HTTP/1.1" 200 30
201.186.225.183 - - [27/Mar/2025:08:24:56 -0300] "GET /cormun/servlet/solicitudot?45c55bd167b3729e620404f3043eaf79c0ae56d01576992104f00a1269aaa5c2,gx-no-cache=1743074798331 HTTP/1.1" 200 60
201.186.225.183 - - [27/Mar/2025:08:25:38 -0300] "POST /cormun/servlet/solicitudot?gx-no-cache=1743074840618 HTTP/1.1" 200 255
201.186.225.183 - - [27/Mar/2025:08:25:40 -0300] "GET /cormun/servlet/solicitudot?45c55bd167b3729e620404f3043eaf79b58ce63974d52325779351d387967773e6fa85309d375edd2586c40e4773fd760e6afe7f2bde1a95978fd08a32687e3dc871f650e9863309c80a054ce43cad802205ec9b71816fc5ea3aa023fdb61e4ec3e7ba79f5bbfdefabe74c89ec322a6ddb43cfaa538fb5e10983f1a8a29aaed048ccabaefccff2b0d7963bacb763e095a877408fde14be2e45dcc7e582c0676cce9f7125ee873b7f7eeca5429fe2be3fa731f2e9daedd5396319e2961b04d7ae9496cfc1738e4d3af7606e7e2d860bff949f16bae79de95fb6c2786721d7a2c46cefc7df89a6b4cee87b44882ded1517498d73e6b8a3ac6c205d131f94481dc96f41601003ea8f175b5de32f344f344d9a5193bca24aba7df7634f8c02b46a55f4d816087154ccbd7701a87f0fcac18a778d9511945550a560229c5b13be2417c4201484990b9710291900c7f24ded92bfabc00fc375c31e346c307c513986bf69454328034eecd74341d461d61ddc02b000a5dbc8aed01aee9ab4ce6b5e4dad,gx-no-cache=1743074842634 HTTP/1.1" 200 30
201.186.225.183 - - [27/Mar/2025:08:25:43 -0300] "POST /cormun/servlet/solicitudot?gx-no-cache=1743074845586 HTTP/1.1" 200 30
201.186.225.183 - - [27/Mar/2025:08:25:45 -0300] "POST /cormun/servlet/solicitudot?gx-no-cache=1743074847585 HTTP/1.1" 200 1479
201.186.225.183 - - [27/Mar/2025:08:25:45 -0300] "POST /cormun/servlet/solicitudot?gx-no-cache=1743074847619 HTTP/1.1" 200 38
201.186.225.183 - - [27/Mar/2025:08:26:06 -0300] "GET /cormun/servlet/solicitudot?45c55bd167b3729e620404f3043eaf7944d8698e4e3ea2a7d1f5069a0cf1cf829ee7eec70d43632557f2a13b4eaaadda648600b012c0e3cc430dfa2d062a4b155a2cd74a0926a7a19ea5adefb0b7850c7275f45118236a439f66d2bcd56c2e8e3e0a11c9b992ba552b8e7db583b1a269,gx-no-cache=1743074868028 HTTP/1.1" 200 110
201.186.225.183 - - [27/Mar/2025:08:26:56 -0300] "POST /cormun/servlet/solicitudot?gx-no-cache=1743074918827 HTTP/1.1" 200 97
190.95.2.163 - - [27/Mar/2025:08:27:52 -0300] "GET /cormun/servlet/trlicencias? HTTP/1.1" 200 9185
10.40.40.2 - - [27/Mar/2025:08:28:00 -0300] "GET /cormun/servlet/hlogin HTTP/1.1" 200 1724
10.40.40.2 - - [27/Mar/2025:08:28:03 -0300] "POST /cormun/servlet/hlogin?222f884b9663c41add4ae0a5ffb879ed,gx-no-cache=1743075007775 HTTP/1.1" 200 90
10.40.40.2 - - [27/Mar/2025:08:28:03 -0300] "GET /cormun/servlet/hpexe_link HTTP/1.1" 200 953
10.40.40.2 - - [27/Mar/2025:08:28:03 -0300] "GET /cormun/servlet/hhome HTTP/1.1" 200 3822
10.40.40.2 - - [27/Mar/2025:08:28:11 -0300] "GET /cormun/servlet/trsolicitudgral? HTTP/1.1" 200 18424
179.57.78.55 - - [27/Mar/2025:08:28:46 -0300] "POST /cormun/servlet/trautorizarsolicitud?27311be4aa7513c930c3beb0e8b0d2f6,,gx-no-cache=1743075027944 HTTP/1.1" 200 4550
179.57.78.55 - - [27/Mar/2025:08:28:47 -0300] "GET /cormun/servlet/trvisualizadoreventos? HTTP/1.1" 200 7033
179.57.78.55 - - [27/Mar/2025:08:28:47 -0300] "GET /cormun/static/gxcfg.js?202211298474834 HTTP/1.1" 200 953
179.57.78.55 - - [27/Mar/2025:08:28:47 -0300] "GET /cormun/static/Resources/PXToolsActionPrint.png HTTP/1.1" 200 404
179.57.78.55 - - [27/Mar/2025:08:28:47 -0300] "GET /cormun/static/trvisualizadoreventos.js?202211298474971 HTTP/1.1" 200 19318
179.57.78.55 - - [27/Mar/2025:08:28:49 -0300] "POST /cormun/servlet/trvisualizadoreventos?27311be4aa7513c930c3beb0e8b0d2f6,,gx-no-cache=1743075030682 HTTP/1.1" 200 4284
179.57.78.55 - - [27/Mar/2025:08:28:53 -0300] "GET /cormun/static/menuarrow.gif HTTP/1.1" 404 1015
179.57.78.55 - - [27/Mar/2025:08:28:56 -0300] "POST /cormun/servlet/trvisualizadoreventos?27311be4aa7513c930c3beb0e8b0d2f6,,gx-no-cache=1743075037713 HTTP/1.1" 200 5385
190.95.15.15 - - [27/Mar/2025:08:29:02 -0300] "GET /cormun/servlet/trlicencias? HTTP/1.1" 200 12533
10.40.40.2 - - [27/Mar/2025:08:29:03 -0300] "POST /cormun/servlet/trsolicitudgral?222f884b9663c41add4ae0a5ffb879ed,,gx-no-cache=1743075066784 HTTP/1.1" 200 26166
10.40.40.2 - - [27/Mar/2025:08:29:08 -0300] "POST /cormun/servlet/trsolicitudgral?222f884b9663c41add4ae0a5ffb879ed,,gx-no-cache=1743075072602 HTTP/1.1" 200 7093
201.186.225.183 - - [27/Mar/2025:08:29:11 -0300] "GET /cormun/servlet/solicitudot?45c55bd167b3729e620404f3043eaf79fb4e2d5b95e7acdc0f35310a24ecacee798c78ef144f06a4aec200314703f5c5a58a9b3536cabc11681ac4fad94b05d7f46840e593e2f6a945f4415f1f285382f9591179b7d4954d01af2fc2c5d76cdad89bb6824e152b78d6f29b9529a7c5c2,gx-no-cache=1743075053805 HTTP/1.1" 200 29
201.186.225.183 - - [27/Mar/2025:08:29:14 -0300] "GET /cormun/servlet/solicitudot?45c55bd167b3729e620404f3043eaf7968f23c8ef7e78db74bdf13151a7a69f1a4e8f0f06ff52ecf11022b6b9ac33b21,gx-no-cache=1743075056080 HTTP/1.1" 200 30
10.40.40.2 - - [27/Mar/2025:08:29:16 -0300] "POST /cormun/servlet/trsolicitudgral?222f884b9663c41add4ae0a5ffb879ed,,gx-no-cache=1743075080575 HTTP/1.1" 200 15318
201.186.225.183 - - [27/Mar/2025:08:29:18 -0300] "POST /cormun/servlet/solicitudot?gx-no-cache=1743075060436 HTTP/1.1" 200 30
201.186.225.183 - - [27/Mar/2025:08:29:36 -0300] "POST /cormun/servlet/solicitudot?846eb46a1aa8d6f0f4a6f871a825792f,INS,0,0,false,,gx-no-cache=1743075078715 HTTP/1.1" 200 93
201.186.225.183 - - [27/Mar/2025:08:29:37 -0300] "GET /cormun/servlet/hpexe_return? HTTP/1.1" 200 1007
201.186.225.183 - - [27/Mar/2025:08:29:37 -0300] "GET /cormun/servlet/trsolicitudot? HTTP/1.1" 200 8472
201.186.225.183 - - [27/Mar/2025:08:30:07 -0300] "POST /cormun/servlet/trsolicitudot?846eb46a1aa8d6f0f4a6f871a825792f,,gx-no-cache=1743075109516 HTTP/1.1" 200 107
201.186.225.183 - - [27/Mar/2025:08:30:07 -0300] "GET /cormun/servlet/trsolicitudadjuntos?2025,22287, HTTP/1.1" 200 6071
201.186.225.183 - - [27/Mar/2025:08:30:09 -0300] "GET /cormun/servlet/solicitudotadjuntos?INS,2025,22287,,1, HTTP/1.1" 200 6015
201.186.225.183 - - [27/Mar/2025:08:30:09 -0300] "GET /cormun/static/about:blank HTTP/1.1" 404 1011
201.186.225.183 - - [27/Mar/2025:08:30:09 -0300] "GET /cormun/servlet/solicitudotadjuntos?45c55bd167b3729e620404f3043eaf792767d1e4cd5c7d706d5bbba75ace890360b8a14aea71240152362cab80c6f754,gx-no-cache=1743075111951 HTTP/1.1" 200 30
201.186.225.183 - - [27/Mar/2025:08:30:10 -0300] "POST /cormun/servlet/solicitudotadjuntos?846eb46a1aa8d6f0f4a6f871a825792f,INS,2025,22287,,1,,gx-no-cache=1743075111980 HTTP/1.1" 200 3895
201.186.225.183 - - [27/Mar/2025:08:30:11 -0300] "POST /cormun/servlet/solicitudotadjuntos?gx-no-cache=1743075113119 HTTP/1.1" 200 26
201.186.225.183 - - [27/Mar/2025:08:30:25 -0300] "GET /cormun/servlet/solicitudotadjuntos?45c55bd167b3729e620404f3043eaf79efd0bc84e5e488b0090161127583a7e4,gx-no-cache=1743075127349 HTTP/1.1" 200 30
201.186.225.183 - - [27/Mar/2025:08:30:25 -0300] "GET /cormun/servlet/solicitudotadjuntos?45c55bd167b3729e620404f3043eaf79efd0bc84e5e488b0090161127583a7e4,gx-no-cache=1743075127367 HTTP/1.1" 200 30
201.186.225.183 - - [27/Mar/2025:08:30:25 -0300] "POST /cormun/servlet/solicitudotadjuntos?846eb46a1aa8d6f0f4a6f871a825792f,INS,2025,22287,,1, HTTP/1.1" 200 116
201.186.225.183 - - [27/Mar/2025:08:30:25 -0300] "GET /cormun/servlet/hpexe_return? HTTP/1.1" 200 1025
201.186.225.183 - - [27/Mar/2025:08:30:25 -0300] "GET /cormun/servlet/trsolicitudadjuntos?2025,22287, HTTP/1.1" 200 9161
201.186.225.183 - - [27/Mar/2025:08:30:27 -0300] "GET /cormun/servlet/solicitudotadjuntos?INS,2025,22287,,1, HTTP/1.1" 200 6015
201.186.225.183 - - [27/Mar/2025:08:30:27 -0300] "GET /cormun/static/about:blank HTTP/1.1" 404 1011
201.186.225.183 - - [27/Mar/2025:08:30:27 -0300] "GET /cormun/servlet/solicitudotadjuntos?45c55bd167b3729e620404f3043eaf792767d1e4cd5c7d706d5bbba75ace890360b8a14aea71240152362cab80c6f754,gx-no-cache=1743075129950 HTTP/1.1" 200 30
201.186.225.183 - - [27/Mar/2025:08:30:28 -0300] "POST /cormun/servlet/solicitudotadjuntos?846eb46a1aa8d6f0f4a6f871a825792f,INS,2025,22287,,1,,gx-no-cache=1743075129974 HTTP/1.1" 200 3895
201.186.225.183 - - [27/Mar/2025:08:30:29 -0300] "POST /cormun/servlet/solicitudotadjuntos?gx-no-cache=1743075131413 HTTP/1.1" 200 26
10.40.40.2 - - [27/Mar/2025:08:30:30 -0300] "GET /cormun/servlet/hlogin HTTP/1.1" 200 1725
10.40.40.2 - - [27/Mar/2025:08:30:36 -0300] "POST /cormun/servlet/hlogin?0638c596376987b11410e7e20aecd805,gx-no-cache=1743075402120 HTTP/1.1" 200 90
10.40.40.2 - - [27/Mar/2025:08:30:36 -0300] "GET /cormun/servlet/hpexe_link HTTP/1.1" 200 954
10.40.40.2 - - [27/Mar/2025:08:30:36 -0300] "GET /cormun/servlet/hhome HTTP/1.1" 200 3826
201.186.225.183 - - [27/Mar/2025:08:30:39 -0300] "GET /cormun/servlet/solicitudotadjuntos?45c55bd167b3729e620404f3043eaf79efd0bc84e5e488b0090161127583a7e4,gx-no-cache=1743075140997 HTTP/1.1" 200 30
201.186.225.183 - - [27/Mar/2025:08:30:39 -0300] "GET /cormun/servlet/solicitudotadjuntos?45c55bd167b3729e620404f3043eaf79efd0bc84e5e488b0090161127583a7e4,gx-no-cache=1743075141009 HTTP/1.1" 200 30
201.186.225.183 - - [27/Mar/2025:08:30:39 -0300] "POST /cormun/servlet/solicitudotadjuntos?846eb46a1aa8d6f0f4a6f871a825792f,INS,2025,22287,,1, HTTP/1.1" 200 116
201.186.225.183 - - [27/Mar/2025:08:30:39 -0300] "GET /cormun/servlet/hpexe_return? HTTP/1.1" 200 1025
201.186.225.183 - - [27/Mar/2025:08:30:39 -0300] "GET /cormun/servlet/trsolicitudadjuntos?2025,22287, HTTP/1.1" 200 9397
10.40.40.2 - - [27/Mar/2025:08:30:40 -0300] "GET /cormun/servlet/trsolicitudgral? HTTP/1.1" 200 18428
201.186.225.183 - - [27/Mar/2025:08:30:42 -0300] "GET /cormun/servlet/solicitudotadjuntos?INS,2025,22287,,1, HTTP/1.1" 200 6015
201.186.225.183 - - [27/Mar/2025:08:30:42 -0300] "GET /cormun/static/about:blank HTTP/1.1" 404 1011
201.186.225.183 - - [27/Mar/2025:08:30:42 -0300] "GET /cormun/servlet/solicitudotadjuntos?45c55bd167b3729e620404f3043eaf792767d1e4cd5c7d706d5bbba75ace890360b8a14aea71240152362cab80c6f754,gx-no-cache=1743075144914 HTTP/1.1" 200 30
201.186.225.183 - - [27/Mar/2025:08:30:42 -0300] "POST /cormun/servlet/solicitudotadjuntos?846eb46a1aa8d6f0f4a6f871a825792f,INS,2025,22287,,1,,gx-no-cache=1743075144941 HTTP/1.1" 200 3895
201.186.225.183 - - [27/Mar/2025:08:30:45 -0300] "POST /cormun/servlet/solicitudotadjuntos?gx-no-cache=1743075147233 HTTP/1.1" 200 26
10.40.40.2 - - [27/Mar/2025:08:30:56 -0300] "GET /cormun/servlet/vesolicitudgral?2025,22283,, HTTP/1.1" 200 8361
10.40.40.2 - - [27/Mar/2025:08:30:56 -0300] "GET /cormun/pexe_scrolldiv.js HTTP/1.1" 404 1009
201.186.225.183 - - [27/Mar/2025:08:30:59 -0300] "GET /cormun/servlet/solicitudotadjuntos?45c55bd167b3729e620404f3043eaf79efd0bc84e5e488b0090161127583a7e4,gx-no-cache=1743075160989 HTTP/1.1" 200 30
201.186.225.183 - - [27/Mar/2025:08:30:59 -0300] "GET /cormun/servlet/solicitudotadjuntos?45c55bd167b3729e620404f3043eaf79efd0bc84e5e488b0090161127583a7e4,gx-no-cache=1743075161005 HTTP/1.1" 200 30
201.186.225.183 - - [27/Mar/2025:08:30:59 -0300] "POST /cormun/servlet/solicitudotadjuntos?846eb46a1aa8d6f0f4a6f871a825792f,INS,2025,22287,,1, HTTP/1.1" 200 116
201.186.225.183 - - [27/Mar/2025:08:30:59 -0300] "GET /cormun/servlet/hpexe_return? HTTP/1.1" 200 1025
201.186.225.183 - - [27/Mar/2025:08:30:59 -0300] "GET /cormun/servlet/trsolicitudadjuntos?2025,22287, HTTP/1.1" 200 9603
201.186.225.183 - - [27/Mar/2025:08:31:02 -0300] "GET /cormun/PublicTempStorage/ca2114087380254508831.pdf HTTP/1.1" 200 25625
201.186.225.183 - - [27/Mar/2025:08:31:20 -0300] "GET /cormun/servlet/hlogin HTTP/1.1" 200 1719
10.40.40.2 - - [27/Mar/2025:08:31:29 -0300] "GET /cormun/servlet/trsolicitudgral? HTTP/1.1" 200 18429
201.186.225.183 - - [27/Mar/2025:08:31:29 -0300] "POST /cormun/servlet/hlogin?846eb46a1aa8d6f0f4a6f871a825792f,gx-no-cache=1743075191925 HTTP/1.1" 200 90
201.186.225.183 - - [27/Mar/2025:08:31:29 -0300] "GET /cormun/servlet/hpexe_link HTTP/1.1" 200 968
201.186.225.183 - - [27/Mar/2025:08:31:30 -0300] "GET /cormun/servlet/trsolicitudadjuntos?2025,22287, HTTP/1.1" 200 9603
10.40.40.2 - - [27/Mar/2025:08:31:34 -0300] "POST /cormun/servlet/trsolicitudgral?0638c596376987b11410e7e20aecd805,,gx-no-cache=1743075460097 HTTP/1.1" 200 5267
201.186.225.183 - - [27/Mar/2025:08:31:35 -0300] "GET /cormun/PublicTempStorage/ca2114087380259804774.pdf HTTP/1.1" 200 25625
201.186.225.183 - - [27/Mar/2025:08:31:37 -0300] "GET /cormun/servlet/trsolicitudadjuntos?2025,22287, HTTP/1.1" 200 9602
10.40.40.2 - - [27/Mar/2025:08:31:37 -0300] "POST /cormun/servlet/trsolicitudgral?0638c596376987b11410e7e20aecd805,,gx-no-cache=1743075463792 HTTP/1.1" 200 6673
201.186.225.183 - - [27/Mar/2025:08:31:39 -0300] "GET /cormun/servlet/solicitudotadjuntos?DLT,2025,22287,CERTIF4,0, HTTP/1.1" 200 5984
201.186.225.183 - - [27/Mar/2025:08:31:39 -0300] "GET /cormun/PublicTempStorage/ca2114087380257102397.pdf HTTP/1.1" 200 25625
201.186.225.183 - - [27/Mar/2025:08:31:39 -0300] "GET /cormun/static/Shared/jqueryui/images/ui-bg_highlight-soft_100_c6c2c8_1x100.png HTTP/1.1" 404 1117
201.186.225.183 - - [27/Mar/2025:08:31:39 -0300] "GET /cormun/static/Shared/jqueryui/images/ui-icons_82798d_256x240.png HTTP/1.1" 404 1089
201.186.225.183 - - [27/Mar/2025:08:31:39 -0300] "GET /cormun/static/Shared/jqueryui/images/ui-bg_flat_55_fafafa_40x100.png HTTP/1.1" 404 1097
201.186.225.183 - - [27/Mar/2025:08:31:39 -0300] "GET /cormun/static/Shared/jqueryui/images/ui-icons_8d78a5_256x240.png HTTP/1.1" 404 1089
201.186.225.183 - - [27/Mar/2025:08:31:40 -0300] "POST /cormun/servlet/solicitudotadjuntos?846eb46a1aa8d6f0f4a6f871a825792f,DLT,2025,22287,CERTIF4,0,,gx-no-cache=1743075202935 HTTP/1.1" 200 93
201.186.225.183 - - [27/Mar/2025:08:31:41 -0300] "GET /cormun/servlet/hpexe_return? HTTP/1.1" 200 1031
201.186.225.183 - - [27/Mar/2025:08:31:41 -0300] "GET /cormun/servlet/trsolicitudadjuntos?2025,22287, HTTP/1.1" 200 9396
201.186.225.183 - - [27/Mar/2025:08:31:43 -0300] "GET /cormun/servlet/solicitudotadjuntos?INS,2025,22287,,1, HTTP/1.1" 200 6015
201.186.225.183 - - [27/Mar/2025:08:31:43 -0300] "GET /cormun/static/about:blank HTTP/1.1" 404 1011
201.186.225.183 - - [27/Mar/2025:08:31:43 -0300] "GET /cormun/servlet/solicitudotadjuntos?45c55bd167b3729e620404f3043eaf792767d1e4cd5c7d706d5bbba75ace890360b8a14aea71240152362cab80c6f754,gx-no-cache=1743075205847 HTTP/1.1" 200 30
201.186.225.183 - - [27/Mar/2025:08:31:44 -0300] "POST /cormun/servlet/solicitudotadjuntos?846eb46a1aa8d6f0f4a6f871a825792f,INS,2025,22287,,1,,gx-no-cache=1743075205922 HTTP/1.1" 200 3895
201.186.225.183 - - [27/Mar/2025:08:31:45 -0300] "POST /cormun/servlet/solicitudotadjuntos?gx-no-cache=1743075207901 HTTP/1.1" 200 26
201.186.225.183 - - [27/Mar/2025:08:31:56 -0300] "GET /cormun/servlet/solicitudotadjuntos?45c55bd167b3729e620404f3043eaf79efd0bc84e5e488b0090161127583a7e4,gx-no-cache=1743075218225 HTTP/1.1" 200 30
201.186.225.183 - - [27/Mar/2025:08:31:56 -0300] "GET /cormun/servlet/solicitudotadjuntos?45c55bd167b3729e620404f3043eaf79efd0bc84e5e488b0090161127583a7e4,gx-no-cache=1743075218237 HTTP/1.1" 200 30
201.186.225.183 - - [27/Mar/2025:08:31:56 -0300] "POST /cormun/servlet/solicitudotadjuntos?846eb46a1aa8d6f0f4a6f871a825792f,INS,2025,22287,,1, HTTP/1.1" 200 116
201.186.225.183 - - [27/Mar/2025:08:31:56 -0300] "GET /cormun/servlet/hpexe_return? HTTP/1.1" 200 1025
201.186.225.183 - - [27/Mar/2025:08:31:56 -0300] "GET /cormun/servlet/trsolicitudadjuntos?2025,22287, HTTP/1.1" 200 9623
10.40.40.2 - - [27/Mar/2025:08:32:48 -0300] "POST /cormun/servlet/trsolicitudgral?0638c596376987b11410e7e20aecd805,,gx-no-cache=1743075534673 HTTP/1.1" 200 6654
10.40.40.2 - - [27/Mar/2025:08:32:50 -0300] "GET /cormun/servlet/vesolicitudgral?2025,22048,, HTTP/1.1" 200 8443
10.40.40.2 - - [27/Mar/2025:08:32:50 -0300] "GET /cormun/pexe_scrolldiv.js HTTP/1.1" 404 1009
10.40.40.2 - - [27/Mar/2025:08:32:53 -0300] "GET /cormun/servlet/vesolicitudgral?2025,22048,,SolicitudOTAdjuntos HTTP/1.1" 200 10725
10.40.40.2 - - [27/Mar/2025:08:32:54 -0300] "GET /cormun/pexe_scrolldiv.js HTTP/1.1" 404 1009
10.40.40.2 - - [27/Mar/2025:08:32:55 -0300] "POST /cormun/servlet/acontrolpreferencessavestate?None,RRHH+DANIELA,true HTTP/1.1" 200 35
10.40.40.2 - - [27/Mar/2025:08:33:17 -0300] "GET /cormun/servlet/trsolicitudgral? HTTP/1.1" 200 9727
201.186.225.183 - - [27/Mar/2025:08:33:23 -0300] "GET /cormun/servlet/solicitudotadjuntos?INS,2025,22287,,1, HTTP/1.1" 200 6015
201.186.225.183 - - [27/Mar/2025:08:33:23 -0300] "GET /cormun/static/about:blank HTTP/1.1" 404 1011
10.40.40.2 - - [27/Mar/2025:08:33:23 -0300] "POST /cormun/servlet/trsolicitudgral?0638c596376987b11410e7e20aecd805,,gx-no-cache=1743075569529 HTTP/1.1" 200 15339
201.186.225.183 - - [27/Mar/2025:08:33:23 -0300] "GET /cormun/servlet/solicitudotadjuntos?45c55bd167b3729e620404f3043eaf792767d1e4cd5c7d706d5bbba75ace890360b8a14aea71240152362cab80c6f754,gx-no-cache=1743075305668 HTTP/1.1" 200 30
201.186.225.183 - - [27/Mar/2025:08:33:23 -0300] "POST /cormun/servlet/solicitudotadjuntos?846eb46a1aa8d6f0f4a6f871a825792f,INS,2025,22287,,1,,gx-no-cache=1743075305690 HTTP/1.1" 200 3894
201.186.225.183 - - [27/Mar/2025:08:33:25 -0300] "POST /cormun/servlet/solicitudotadjuntos?gx-no-cache=1743075307757 HTTP/1.1" 200 26
10.40.40.2 - - [27/Mar/2025:08:33:25 -0300] "GET /cormun/servlet/vesolicitudgral?2025,22283,, HTTP/1.1" 200 8361
10.40.40.2 - - [27/Mar/2025:08:33:26 -0300] "GET /cormun/pexe_scrolldiv.js HTTP/1.1" 404 1009
201.186.225.183 - - [27/Mar/2025:08:33:34 -0300] "GET /cormun/servlet/solicitudotadjuntos?45c55bd167b3729e620404f3043eaf79efd0bc84e5e488b0090161127583a7e4,gx-no-cache=1743075316581 HTTP/1.1" 200 30
201.186.225.183 - - [27/Mar/2025:08:33:34 -0300] "GET /cormun/servlet/solicitudotadjuntos?45c55bd167b3729e620404f3043eaf79efd0bc84e5e488b0090161127583a7e4,gx-no-cache=1743075316592 HTTP/1.1" 200 30
201.186.225.183 - - [27/Mar/2025:08:33:34 -0300] "POST /cormun/servlet/solicitudotadjuntos?846eb46a1aa8d6f0f4a6f871a825792f,INS,2025,22287,,1, HTTP/1.1" 200 116
201.186.225.183 - - [27/Mar/2025:08:33:34 -0300] "GET /cormun/servlet/hpexe_return? HTTP/1.1" 200 1025
201.186.225.183 - - [27/Mar/2025:08:33:34 -0300] "GET /cormun/servlet/trsolicitudadjuntos?2025,22287, HTTP/1.1" 200 9933
201.186.225.183 - - [27/Mar/2025:08:33:37 -0300] "GET /cormun/servlet/solicitudotadjuntos?INS,2025,22287,,1, HTTP/1.1" 200 6015
201.186.225.183 - - [27/Mar/2025:08:33:37 -0300] "GET /cormun/static/about:blank HTTP/1.1" 404 1011
201.186.225.183 - - [27/Mar/2025:08:33:38 -0300] "GET /cormun/servlet/solicitudotadjuntos?45c55bd167b3729e620404f3043eaf792767d1e4cd5c7d706d5bbba75ace890360b8a14aea71240152362cab80c6f754,gx-no-cache=1743075320097 HTTP/1.1" 200 30
201.186.225.183 - - [27/Mar/2025:08:33:38 -0300] "POST /cormun/servlet/solicitudotadjuntos?846eb46a1aa8d6f0f4a6f871a825792f,INS,2025,22287,,1,,gx-no-cache=1743075320111 HTTP/1.1" 200 3894
154.81.156.35 - - [27/Mar/2025:08:33:39 -0300] "GET / HTTP/1.1" 200 11217
201.186.225.183 - - [27/Mar/2025:08:33:39 -0300] "POST /cormun/servlet/solicitudotadjuntos?gx-no-cache=1743075321917 HTTP/1.1" 200 26
201.186.225.183 - - [27/Mar/2025:08:33:48 -0300] "GET /cormun/servlet/solicitudotadjuntos?45c55bd167b3729e620404f3043eaf79efd0bc84e5e488b0090161127583a7e4,gx-no-cache=1743075330573 HTTP/1.1" 200 30
201.186.225.183 - - [27/Mar/2025:08:33:48 -0300] "GET /cormun/servlet/solicitudotadjuntos?45c55bd167b3729e620404f3043eaf79efd0bc84e5e488b0090161127583a7e4,gx-no-cache=1743075330594 HTTP/1.1" 200 30
201.186.225.183 - - [27/Mar/2025:08:33:48 -0300] "POST /cormun/servlet/solicitudotadjuntos?846eb46a1aa8d6f0f4a6f871a825792f,INS,2025,22287,,1, HTTP/1.1" 200 116
201.186.225.183 - - [27/Mar/2025:08:33:48 -0300] "GET /cormun/servlet/hpexe_return? HTTP/1.1" 200 1025
201.186.225.183 - - [27/Mar/2025:08:33:48 -0300] "GET /cormun/servlet/trsolicitudadjuntos?2025,22287, HTTP/1.1" 200 10302
201.186.225.183 - - [27/Mar/2025:08:33:50 -0300] "GET /cormun/servlet/solicitudotadjuntos?INS,2025,22287,,1, HTTP/1.1" 200 6015
201.186.225.183 - - [27/Mar/2025:08:33:50 -0300] "GET /cormun/static/about:blank HTTP/1.1" 404 1011
201.186.225.183 - - [27/Mar/2025:08:33:51 -0300] "GET /cormun/servlet/solicitudotadjuntos?45c55bd167b3729e620404f3043eaf792767d1e4cd5c7d706d5bbba75ace890360b8a14aea71240152362cab80c6f754,gx-no-cache=1743075333500 HTTP/1.1" 200 30
201.186.225.183 - - [27/Mar/2025:08:33:51 -0300] "POST /cormun/servlet/solicitudotadjuntos?846eb46a1aa8d6f0f4a6f871a825792f,INS,2025,22287,,1,,gx-no-cache=1743075333517 HTTP/1.1" 200 3894
190.95.15.27 - - [27/Mar/2025:08:33:51 -0300] "POST /cormun/servlet/trfichaempleado?927a524d02afd160db2c08abb68d0730,,gx-no-cache=1743075331885 HTTP/1.1" 200 4282
201.186.225.183 - - [27/Mar/2025:08:33:52 -0300] "POST /cormun/servlet/solicitudotadjuntos?gx-no-cache=1743075334885 HTTP/1.1" 200 26
190.95.15.27 - - [27/Mar/2025:08:34:01 -0300] "POST /cormun/servlet/trfichaempleado?927a524d02afd160db2c08abb68d0730,,gx-no-cache=1743075342903 HTTP/1.1" 200 4197
190.95.15.27 - - [27/Mar/2025:08:34:02 -0300] "POST /cormun/servlet/trfichaempleado?927a524d02afd160db2c08abb68d0730,,gx-no-cache=1743075344003 HTTP/1.1" 200 4195
10.40.40.2 - - [27/Mar/2025:08:34:19 -0300] "POST /cormun/servlet/vesolicitudgral?0638c596376987b11410e7e20aecd805,2025,22283,,,gx-no-cache=1743075625163 HTTP/1.1" 200 12323
10.40.40.2 - - [27/Mar/2025:08:34:19 -0300] "GET /cormun/static/Shared/jqueryui/images/ui-bg_highlight-soft_100_c6c2c8_1x100.png HTTP/1.1" 404 1117
10.40.40.2 - - [27/Mar/2025:08:34:19 -0300] "GET /cormun/static/Shared/jqueryui/images/ui-icons_82798d_256x240.png HTTP/1.1" 404 1089
10.40.40.2 - - [27/Mar/2025:08:34:19 -0300] "GET /cormun/static/Shared/jqueryui/images/ui-bg_flat_55_fafafa_40x100.png HTTP/1.1" 404 1097
10.40.40.2 - - [27/Mar/2025:08:34:19 -0300] "GET /cormun/static/Shared/jqueryui/images/ui-icons_8d78a5_256x240.png HTTP/1.1" 404 1089
10.40.40.2 - - [27/Mar/2025:08:34:19 -0300] "POST /cormun/servlet/vesolicitudgral?0638c596376987b11410e7e20aecd805,2025,22283,,,gx-no-cache=1743075625381 HTTP/1.1" 200 12254
10.40.40.2 - - [27/Mar/2025:08:34:27 -0300] "GET /cormun/servlet/trautorizarot? HTTP/1.1" 200 9537
10.40.40.2 - - [27/Mar/2025:08:34:30 -0300] "POST /cormun/servlet/trautorizarot?0638c596376987b11410e7e20aecd805,,gx-no-cache=1743075636347 HTTP/1.1" 200 5331
10.40.40.2 - - [27/Mar/2025:08:34:32 -0300] "GET /cormun/servlet/trsolicitudgral? HTTP/1.1" 200 18051
10.40.40.2 - - [27/Mar/2025:08:34:45 -0300] "POST /cormun/servlet/trsolicitudgral?0638c596376987b11410e7e20aecd805,,gx-no-cache=1743075651563 HTTP/1.1" 200 6613
10.40.40.2 - - [27/Mar/2025:08:34:47 -0300] "GET /cormun/servlet/vesolicitudgral?2025,22283,, HTTP/1.1" 200 8364
10.40.40.2 - - [27/Mar/2025:08:34:47 -0300] "GET /cormun/pexe_scrolldiv.js HTTP/1.1" 404 1009
201.186.225.183 - - [27/Mar/2025:08:34:54 -0300] "GET /cormun/servlet/solicitudotadjuntos?45c55bd167b3729e620404f3043eaf79efd0bc84e5e488b0090161127583a7e4,gx-no-cache=1743075396013 HTTP/1.1" 200 30
201.186.225.183 - - [27/Mar/2025:08:34:54 -0300] "GET /cormun/servlet/solicitudotadjuntos?45c55bd167b3729e620404f3043eaf79efd0bc84e5e488b0090161127583a7e4,gx-no-cache=1743075396047 HTTP/1.1" 200 30
201.186.225.183 - - [27/Mar/2025:08:34:54 -0300] "POST /cormun/servlet/solicitudotadjuntos?846eb46a1aa8d6f0f4a6f871a825792f,INS,2025,22287,,1, HTTP/1.1" 200 116
201.186.225.183 - - [27/Mar/2025:08:34:54 -0300] "GET /cormun/servlet/hpexe_return? HTTP/1.1" 200 1025
201.186.225.183 - - [27/Mar/2025:08:34:54 -0300] "GET /cormun/servlet/trsolicitudadjuntos?2025,22287, HTTP/1.1" 200 10464
201.186.225.183 - - [27/Mar/2025:08:34:57 -0300] "GET /cormun/servlet/trsolicitudot? HTTP/1.1" 200 8475
201.186.225.183 - - [27/Mar/2025:08:35:00 -0300] "POST /cormun/servlet/trsolicitudot?846eb46a1aa8d6f0f4a6f871a825792f,,gx-no-cache=1743075401943 HTTP/1.1" 200 4318
201.186.225.183 - - [27/Mar/2025:08:35:00 -0300] "POST /cormun/servlet/trsolicitudot?846eb46a1aa8d6f0f4a6f871a825792f,,gx-no-cache=1743075402077 HTTP/1.1" 200 4076
10.40.40.2 - - [27/Mar/2025:08:35:04 -0300] "GET /cormun/servlet/vesolicitudgral?2025,22283,,SolicitudOTAdjuntos HTTP/1.1" 200 11215
10.40.40.2 - - [27/Mar/2025:08:35:04 -0300] "GET /cormun/pexe_scrolldiv.js HTTP/1.1" 404 1009
10.40.40.2 - - [27/Mar/2025:08:35:05 -0300] "POST /cormun/servlet/acontrolpreferencessavestate?None,RRHH+DANIELA,true HTTP/1.1" 200 35
201.186.225.183 - - [27/Mar/2025:08:35:06 -0300] "GET /cormun/servlet/trlicencias? HTTP/1.1" 200 11810
201.186.225.183 - - [27/Mar/2025:08:35:07 -0300] "GET /cormun/servlet/hlogin HTTP/1.1" 200 1735
10.40.40.2 - - [27/Mar/2025:08:35:08 -0300] "GET /cormun/PublicTempStorage/cedula_de_identidad_de_perla9912222.pdf HTTP/1.1" 200 8333323
201.186.225.183 - - [27/Mar/2025:08:35:19 -0300] "POST /cormun/servlet/hlogin?846eb46a1aa8d6f0f4a6f871a825792f,gx-no-cache=1743075421269 HTTP/1.1" 200 90
201.186.225.183 - - [27/Mar/2025:08:35:19 -0300] "GET /cormun/servlet/hpexe_link HTTP/1.1" 200 949
201.186.225.183 - - [27/Mar/2025:08:35:19 -0300] "GET /cormun/servlet/hhome HTTP/1.1" 200 4336
10.40.40.2 - - [27/Mar/2025:08:35:27 -0300] "GET /cormun/servlet/vesolicitudgral?2025,22283,,SolicitudOTAdjuntos HTTP/1.1" 200 11214
10.40.40.2 - - [27/Mar/2025:08:35:28 -0300] "POST /cormun/servlet/acontrolpreferencessavestate?None,RRHH+DANIELA,true HTTP/1.1" 200 35
201.186.225.183 - - [27/Mar/2025:08:35:29 -0300] "GET /cormun/servlet/trautorizarsolicitud? HTTP/1.1" 200 9253
10.40.40.2 - - [27/Mar/2025:08:35:30 -0300] "GET /cormun/PublicTempStorage/cv_perla_gajardo_2025_%282%296097617.pdf HTTP/1.1" 200 175760
201.186.225.183 - - [27/Mar/2025:08:35:33 -0300] "GET /cormun/servlet/veautorizarsolicitud?2025,22286,, HTTP/1.1" 200 8691
201.186.225.183 - - [27/Mar/2025:08:35:33 -0300] "GET /cormun/pexe_scrolldiv.js HTTP/1.1" 404 1009
201.186.225.183 - - [27/Mar/2025:08:35:33 -0300] "GET /cormun/static/gxcfg.js?202211298474783 HTTP/1.1" 200 953
201.186.225.183 - - [27/Mar/2025:08:35:33 -0300] "GET /cormun/static/veautorizarsolicitud.js?202211298474813 HTTP/1.1" 200 6140
201.186.225.183 - - [27/Mar/2025:08:35:33 -0300] "GET /cormun/static/tbautorizarsolicitud01.js?20221129837213 HTTP/1.1" 200 30580
201.186.225.183 - - [27/Mar/2025:08:35:38 -0300] "POST /cormun/servlet/veautorizarsolicitud?846eb46a1aa8d6f0f4a6f871a825792f,2025,22286,,,gx-no-cache=1743075440447 HTTP/1.1" 200 93
201.186.225.183 - - [27/Mar/2025:08:35:38 -0300] "GET /cormun/servlet/hpexe_return? HTTP/1.1" 200 1015
201.186.225.183 - - [27/Mar/2025:08:35:38 -0300] "GET /cormun/servlet/trautorizarsolicitud HTTP/1.1" 200 9255
10.40.40.2 - - [27/Mar/2025:08:35:39 -0300] "GET /cormun/servlet/vesolicitudgral?2025,22283,,SolicitudOTAdjuntos HTTP/1.1" 200 11214
10.40.40.2 - - [27/Mar/2025:08:35:40 -0300] "POST /cormun/servlet/acontrolpreferencessavestate?None,RRHH+DANIELA,true HTTP/1.1" 200 35
190.95.67.99 - - [27/Mar/2025:08:35:41 -0300] "GET /cormun/servlet/permisogoce?INS,0,,, HTTP/1.1" 200 7204
190.95.67.99 - - [27/Mar/2025:08:35:42 -0300] "GET /cormun/servlet/permisogoce?INS,0,,, HTTP/1.1" 200 7204
10.40.40.2 - - [27/Mar/2025:08:35:42 -0300] "GET /cormun/PublicTempStorage/certificado_titulo_perla4888388.pdf HTTP/1.1" 200 34311
201.186.225.183 - - [27/Mar/2025:08:35:43 -0300] "GET /cormun/servlet/veautorizarsolicitud?2025,22287,, HTTP/1.1" 200 8728
201.186.225.183 - - [27/Mar/2025:08:35:43 -0300] "GET /cormun/pexe_scrolldiv.js HTTP/1.1" 404 1009
201.186.225.183 - - [27/Mar/2025:08:35:45 -0300] "POST /cormun/servlet/veautorizarsolicitud?846eb46a1aa8d6f0f4a6f871a825792f,2025,22287,,,gx-no-cache=1743075447036 HTTP/1.1" 200 93
201.186.225.183 - - [27/Mar/2025:08:35:45 -0300] "GET /cormun/servlet/hpexe_return? HTTP/1.1" 200 1015
201.186.225.183 - - [27/Mar/2025:08:35:45 -0300] "GET /cormun/servlet/trautorizarsolicitud HTTP/1.1" 200 9255
201.186.225.183 - - [27/Mar/2025:08:35:47 -0300] "POST /cormun/servlet/trautorizarsolicitud?846eb46a1aa8d6f0f4a6f871a825792f,gx-no-cache=1743075449181 HTTP/1.1" 200 5999
201.186.225.183 - - [27/Mar/2025:08:35:47 -0300] "POST /cormun/servlet/trautorizarsolicitud?846eb46a1aa8d6f0f4a6f871a825792f,gx-no-cache=1743075449323 HTTP/1.1" 200 5945
201.186.225.183 - - [27/Mar/2025:08:35:48 -0300] "POST /cormun/servlet/trautorizarsolicitud?846eb46a1aa8d6f0f4a6f871a825792f,gx-no-cache=1743075450309 HTTP/1.1" 200 4773
201.186.225.183 - - [27/Mar/2025:08:35:48 -0300] "POST /cormun/servlet/trautorizarsolicitud?846eb46a1aa8d6f0f4a6f871a825792f,gx-no-cache=1743075450467 HTTP/1.1" 200 4531
10.40.40.2 - - [27/Mar/2025:08:35:49 -0300] "GET /cormun/servlet/vesolicitudgral?2025,22283,,SolicitudOTAdjuntos HTTP/1.1" 200 11214
10.40.40.2 - - [27/Mar/2025:08:35:50 -0300] "POST /cormun/servlet/acontrolpreferencessavestate?None,RRHH+DANIELA,true HTTP/1.1" 200 35
201.186.225.187 - - [27/Mar/2025:08:36:04 -0300] "POST /cormun/servlet/trlicencias?ad710e62601628912ac08c48b80e74ee,,gx-no-cache=1743078993031 HTTP/1.1" 440 972
201.186.225.187 - - [27/Mar/2025:08:36:10 -0300] "GET /cormun/servlet/trlicencias? HTTP/1.1" 200 6041
201.186.225.187 - - [27/Mar/2025:08:36:10 -0300] "GET /cormun/servlet/hlogin HTTP/1.1" 200 1731
10.40.40.2 - - [27/Mar/2025:08:36:16 -0300] "GET /cormun/PublicTempStorage/afp_perla8133896.pdf HTTP/1.1" 200 25646
190.95.67.99 - - [27/Mar/2025:08:36:33 -0300] "GET /cormun/servlet/permisogoce?2017616fda2dc96a80cfe09bbea160eef94212e4fdc490ae2a2f443000f787a999d39f8fd019c8ed73426cadd8c7c4086031d44728390264fdb72036e72cb50b,gx-no-cache=1743075496102 HTTP/1.1" 200 84
10.40.40.2 - - [27/Mar/2025:08:36:41 -0300] "GET /cormun/servlet/vesolicitudgral?2025,22283,,SolicitudOTAdjuntos HTTP/1.1" 200 11213
