191.126.44.156 - - [27/Mar/2025:11:22:48 -0300] "GET /cormun/static/Shared/jqueryui/images/ui-icons_82798d_256x240.png HTTP/1.1" 404 1089
191.126.44.156 - - [27/Mar/2025:11:22:48 -0300] "GET /cormun/static/Shared/jqueryui/images/ui-bg_flat_55_994d53_40x100.png HTTP/1.1" 404 1097
191.126.44.156 - - [27/Mar/2025:11:22:48 -0300] "GET /cormun/static/Shared/jqueryui/images/ui-icons_ebccce_256x240.png HTTP/1.1" 404 1089
10.40.40.2 - - [27/Mar/2025:11:23:03 -0300] "GET /cormun/servlet/trsolicitudgral HTTP/1.1" 500 10
191.126.44.156 - - [27/Mar/2025:11:23:20 -0300] "POST /cormun/servlet/solicitudot?gx-no-cache=1743085502461 HTTP/1.1" 200 1484
191.126.44.156 - - [27/Mar/2025:11:23:20 -0300] "GET /cormun/static/menuarrow.gif HTTP/1.1" 404 1015
191.126.44.156 - - [27/Mar/2025:11:23:21 -0300] "POST /cormun/servlet/solicitudot?gx-no-cache=1743085504187 HTTP/1.1" 200 30
191.126.44.156 - - [27/Mar/2025:11:23:22 -0300] "POST /cormun/servlet/solicitudot?gx-no-cache=1743085504265 HTTP/1.1" 200 1484
191.126.44.156 - - [27/Mar/2025:11:23:24 -0300] "POST /cormun/servlet/solicitudot?gx-no-cache=1743085506798 HTTP/1.1" 200 41
10.40.40.2 - - [27/Mar/2025:11:23:33 -0300] "GET /cormun/servlet/trsolicitudgral HTTP/1.1" 500 10
10.40.40.2 - - [27/Mar/2025:11:25:01 -0300] "GET /cormun/servlet/hlogin HTTP/1.1" 200 1723
10.40.40.2 - - [27/Mar/2025:11:25:01 -0300] "GET /cormun/static/gxtimezone.js?85251 HTTP/1.1" 200 5781
10.40.40.2 - - [27/Mar/2025:11:25:01 -0300] "GET /cormun/static/gxcfg.js?2022112219184450 HTTP/1.1" 200 953
10.40.40.2 - - [27/Mar/2025:11:25:01 -0300] "GET /cormun/static/Resources/CormunLogin.png HTTP/1.1" 200 19132
10.40.40.2 - - [27/Mar/2025:11:25:01 -0300] "GET /cormun/static/messages.spa.js?85251 HTTP/1.1" 200 30736
10.40.40.2 - - [27/Mar/2025:11:25:01 -0300] "GET /cormun/static/Resources/Spanish/PXTools.css?1759030 HTTP/1.1" 200 100853
10.40.40.2 - - [27/Mar/2025:11:25:01 -0300] "GET /cormun/static/hlogin.js?2022112219184458 HTTP/1.1" 200 2156
10.40.40.2 - - [27/Mar/2025:11:25:02 -0300] "GET /cormun/static/gxgral.js?85251 HTTP/1.1" 200 384558
10.40.40.2 - - [27/Mar/2025:11:25:02 -0300] "GET /cormun/static/Resources/PXToolsLoginBackground.png HTTP/1.1" 200 1164
10.40.40.2 - - [27/Mar/2025:11:25:02 -0300] "GET /cormun/static/Resources/PXToolsLoginTop.png HTTP/1.1" 200 1337
10.40.40.2 - - [27/Mar/2025:11:25:02 -0300] "GET /cormun/static/Resources/PXToolsButtonRight.png HTTP/1.1" 200 1294
10.40.40.2 - - [27/Mar/2025:11:25:02 -0300] "GET /cormun/static/Resources/PXToolsButtonBackground.png HTTP/1.1" 200 1176
10.40.40.2 - - [27/Mar/2025:11:25:02 -0300] "GET /cormun/static/Resources/PXToolsButtonLeft.png HTTP/1.1" 200 1310
10.40.40.2 - - [27/Mar/2025:11:25:02 -0300] "GET /cormun/static/Resources/PXToolsLoginBottom.png HTTP/1.1" 200 1389
10.40.40.2 - - [27/Mar/2025:11:25:02 -0300] "GET /cormun/static/Resources/indicator.gif HTTP/1.1" 200 1553
10.40.40.2 - - [27/Mar/2025:11:25:06 -0300] "POST /cormun/servlet/hlogin?98e251581e249a2ee26507ed4f3e8268,gx-no-cache=1743085872428 HTTP/1.1" 200 90
10.40.40.2 - - [27/Mar/2025:11:25:06 -0300] "GET /cormun/servlet/hpexe_link HTTP/1.1" 200 952
10.40.40.2 - - [27/Mar/2025:11:25:07 -0300] "GET /cormun/static/hpexe_link.js?20221129847423 HTTP/1.1" 200 625
10.40.40.2 - - [27/Mar/2025:11:25:07 -0300] "GET /cormun/static/gxcfg.js?20221129847421 HTTP/1.1" 200 953
10.40.40.2 - - [27/Mar/2025:11:25:07 -0300] "GET /cormun/static/Resources/Spanish/PXTools.css?8354383 HTTP/1.1" 200 100853
10.40.40.2 - - [27/Mar/2025:11:25:07 -0300] "GET /cormun/servlet/hhome HTTP/1.1" 200 3823
10.40.40.2 - - [27/Mar/2025:11:25:07 -0300] "GET /cormun/static/SmoothNavMenu/resources/ddsmoothmenu-v.css?1112540 HTTP/1.1" 200 1188
10.40.40.2 - - [27/Mar/2025:11:25:07 -0300] "GET /cormun/static/SmoothNavMenu/resources/ddsmoothmenu.css?1112540 HTTP/1.1" 200 2223
10.40.40.2 - - [27/Mar/2025:11:25:07 -0300] "GET /cormun/static/Shared/jqueryui/jquery-ui.min.css?1345370 HTTP/1.1" 200 30288
10.40.40.2 - - [27/Mar/2025:11:25:07 -0300] "GET /cormun/static/gxcfg.js?20201215495537 HTTP/1.1" 200 953
10.40.40.2 - - [27/Mar/2025:11:25:07 -0300] "GET /cormun/static/scaMessage/css/jquery.pnotify.default.css?1816380 HTTP/1.1" 200 1707
10.40.40.2 - - [27/Mar/2025:11:25:07 -0300] "GET /cormun/static/Resources/Spanish/PXTools.css?14345360 HTTP/1.1" 200 100853
10.40.40.2 - - [27/Mar/2025:11:25:07 -0300] "GET /cormun/static/PXToolsJavascripts/pexe_autoreload.js HTTP/1.1" 200 1762
10.40.40.2 - - [27/Mar/2025:11:25:07 -0300] "GET /cormun/static/PXToolsJavascripts/pexe_cookies.js HTTP/1.1" 200 792
10.40.40.2 - - [27/Mar/2025:11:25:07 -0300] "GET /cormun/static/PXToolsJavascripts/pexe_windows.js HTTP/1.1" 200 15249
10.40.40.2 - - [27/Mar/2025:11:25:07 -0300] "GET /cormun/static/PXToolsJavascripts/pexe_grid.js HTTP/1.1" 200 7559
10.40.40.2 - - [27/Mar/2025:11:25:07 -0300] "GET /cormun/static/PXToolsJavascripts/pexe_griddivfix.js HTTP/1.1" 200 6946
10.40.40.2 - - [27/Mar/2025:11:25:07 -0300] "GET /cormun/static/PXToolsJavascripts/pexe_menudivfix.js HTTP/1.1" 200 333
10.40.40.2 - - [27/Mar/2025:11:25:07 -0300] "GET /cormun/static/PXToolsJavascripts/pexe_link.js HTTP/1.1" 200 5671
10.40.40.2 - - [27/Mar/2025:11:25:07 -0300] "GET /cormun/static/PXToolsJavascripts/pexe_menus.js HTTP/1.1" 200 1286
10.40.40.2 - - [27/Mar/2025:11:25:07 -0300] "GET /cormun/static/PXToolsJavascripts/pexe_layers.js HTTP/1.1" 200 4114
10.40.40.2 - - [27/Mar/2025:11:25:07 -0300] "GET /cormun/static/PXToolsJavascripts/pexe_oav.js HTTP/1.1" 200 645
10.40.40.2 - - [27/Mar/2025:11:25:07 -0300] "GET /cormun/static/PXToolsJavascripts/pexe_oavdivfix.js HTTP/1.1" 200 639
10.40.40.2 - - [27/Mar/2025:11:25:07 -0300] "GET /cormun/static/PXToolsJavascripts/pexe_popup.js HTTP/1.1" 200 15149
10.40.40.2 - - [27/Mar/2025:11:25:07 -0300] "GET /cormun/static/PXToolsJavascripts/pexe_picture.js HTTP/1.1" 200 689
10.40.40.2 - - [27/Mar/2025:11:25:07 -0300] "GET /cormun/static/PXToolsJavascripts/pexe_scrolldiv.js HTTP/1.1" 200 4138
10.40.40.2 - - [27/Mar/2025:11:25:07 -0300] "GET /cormun/static/PXToolsJavascripts/pexe_tabdivfix.js HTTP/1.1" 200 898
10.40.40.2 - - [27/Mar/2025:11:25:07 -0300] "GET /cormun/static/PXToolsJavascripts/pexe_tabs.js HTTP/1.1" 200 3748
10.40.40.2 - - [27/Mar/2025:11:25:07 -0300] "GET /cormun/static/PXToolsJavascripts/pexe_upload.js HTTP/1.1" 200 1423
10.40.40.2 - - [27/Mar/2025:11:25:07 -0300] "GET /cormun/static/PXToolsJavascripts/PXToolsJavascriptsRender.js HTTP/1.1" 200 367
10.40.40.2 - - [27/Mar/2025:11:25:07 -0300] "GET /cormun/static/Resources/CormunMP2.png HTTP/1.1" 200 6878
10.40.40.2 - - [27/Mar/2025:11:25:07 -0300] "GET /cormun/static/Resources/ImgHome.png HTTP/1.1" 200 1364
10.40.40.2 - - [27/Mar/2025:11:25:07 -0300] "GET /cormun/static/Resources/ImgLogin.png HTTP/1.1" 200 1432
10.40.40.2 - - [27/Mar/2025:11:25:07 -0300] "GET /cormun/static/Resources/Llave.png HTTP/1.1" 200 1395
10.40.40.2 - - [27/Mar/2025:11:25:07 -0300] "GET /cormun/static/RunJS/RunJS.js HTTP/1.1" 200 288
10.40.40.2 - - [27/Mar/2025:11:25:07 -0300] "GET /cormun/static/Shared/ext/locale/ext-lang-en.js HTTP/1.1" 200 10940
10.40.40.2 - - [27/Mar/2025:11:25:07 -0300] "GET /cormun/static/hhome.js?20201215495544 HTTP/1.1" 200 777
10.40.40.2 - - [27/Mar/2025:11:25:07 -0300] "GET /cormun/static/hwchdr01.js?2022112219251119 HTTP/1.1" 200 996
10.40.40.2 - - [27/Mar/2025:11:25:07 -0300] "GET /cormun/static/hpexe_recentlink.js?20201214471090 HTTP/1.1" 200 2144
10.40.40.2 - - [27/Mar/2025:11:25:07 -0300] "GET /cormun/static/Resources/PXToolsDataTitle.png HTTP/1.1" 200 1173
10.40.40.2 - - [27/Mar/2025:11:25:07 -0300] "GET /cormun/static/gxui/gxui-all.js HTTP/1.1" 200 107772
10.40.40.2 - - [27/Mar/2025:11:25:07 -0300] "GET /cormun/static/hpexe_scripts.js?20201214471411 HTTP/1.1" 200 1544
10.40.40.2 - - [27/Mar/2025:11:25:07 -0300] "GET /cormun/static/hpexe_messagecontroller.js?202211298371222 HTTP/1.1" 200 870
10.40.40.2 - - [27/Mar/2025:11:25:07 -0300] "GET /cormun/static/hpexe_messagepopupcomponent.js?2020121447232 HTTP/1.1" 200 605
10.40.40.2 - - [27/Mar/2025:11:25:07 -0300] "GET /cormun/static/hpexe_messagegenexuscomponent.js?20221129836373 HTTP/1.1" 200 587
10.40.40.2 - - [27/Mar/2025:11:25:07 -0300] "GET /cormun/static/cmcontrolpreferences.js?20199141926336 HTTP/1.1" 200 1375
10.40.40.2 - - [27/Mar/2025:11:25:07 -0300] "GET /cormun/static/SmoothNavMenu/resources/ddsmoothmenu.js HTTP/1.1" 200 12712
10.40.40.2 - - [27/Mar/2025:11:25:07 -0300] "GET /cormun/static/SmoothNavMenu/resources/SmoothNavMenuRender.js HTTP/1.1" 200 5951
10.40.40.2 - - [27/Mar/2025:11:25:07 -0300] "GET /cormun/static/scaMessage/js/jquery.pnotify.min.js HTTP/1.1" 200 13038
10.40.40.2 - - [27/Mar/2025:11:25:07 -0300] "GET /cormun/static/scaMessage/scaMessageRender.js HTTP/1.1" 200 11977
10.40.40.2 - - [27/Mar/2025:11:25:07 -0300] "GET /cormun/static/hmpwkw03.js?20221129844354 HTTP/1.1" 200 3971
10.40.40.2 - - [27/Mar/2025:11:25:07 -0300] "GET /cormun/static/Shared/jquery/jquery-1.4.2.min.js HTTP/1.1" 200 72174
10.40.40.2 - - [27/Mar/2025:11:25:07 -0300] "GET /cormun/static/Shared/jqueryui/jquery-ui.min.js HTTP/1.1" 200 240427
10.40.40.2 - - [27/Mar/2025:11:25:08 -0300] "GET /cormun/static/Shared/ext/ext-all.js HTTP/1.1" 200 1289687
10.40.40.2 - - [27/Mar/2025:11:25:08 -0300] "GET /cormun/static/Shared/jquery/jquery-1.10.2.min.js HTTP/1.1" 200 273199
10.40.40.2 - - [27/Mar/2025:11:25:08 -0300] "GET /cormun/static/SmoothNavMenu/resources/images/down.gif HTTP/1.1" 200 854
190.95.15.31 - - [27/Mar/2025:11:26:00 -0300] "GET /cormun/servlet/hlogin HTTP/1.1" 200 1725
190.95.15.31 - - [27/Mar/2025:11:26:05 -0300] "POST /cormun/servlet/hlogin?1d6be33f1a9623d6c5afd0e09aece39c,gx-no-cache=1743085666434 HTTP/1.1" 200 90
190.95.15.31 - - [27/Mar/2025:11:26:05 -0300] "GET /cormun/servlet/hpexe_link HTTP/1.1" 200 955
190.95.15.31 - - [27/Mar/2025:11:26:05 -0300] "GET /cormun/servlet/hhome HTTP/1.1" 200 4355
190.95.15.31 - - [27/Mar/2025:11:26:09 -0300] "GET /cormun/servlet/trlicencias? HTTP/1.1" 200 11692
191.126.44.156 - - [27/Mar/2025:11:27:41 -0300] "POST /cormun/servlet/solicitudot?gx-no-cache=1743085763416 HTTP/1.1" 200 1483
191.126.44.156 - - [27/Mar/2025:11:29:21 -0300] "POST /cormun/servlet/solicitudot?gx-no-cache=1743085863675 HTTP/1.1" 200 41
191.126.44.156 - - [27/Mar/2025:11:30:44 -0300] "GET /cormun/servlet/solicitudot?f3945f3ac2b1b5e0dfd1c36db2dd6b2f906036adc8f1aa735cdb005a260d7d078139ff8a54a44627dec2e2990e27122b37ccd0ed9ce3633aaafe62403328e6bea79c6501fb95bdcc135a282300e29805626b3a050ea5ad6c122ece3a9e94c1850cf527c87d093271bca9f9d7edbd63d6,gx-no-cache=1743085946445 HTTP/1.1" 200 110
191.126.44.156 - - [27/Mar/2025:11:30:44 -0300] "POST /cormun/servlet/solicitudot?gx-no-cache=1743085946542 HTTP/1.1" 200 83
191.126.44.156 - - [27/Mar/2025:11:30:50 -0300] "GET /cormun/servlet/solicitudot?f3945f3ac2b1b5e0dfd1c36db2dd6b2ffa8f0e91d4440dab1d1d4b7a3424cc6871fa98595cfd8834d2d45e6226e9891899ce75b001e2d9e171530964fe649e6394f559559af3d3bf9d1db7ec11fdf6da76fbd82d2e3b335fe9b3989241c914c3cc311ae3164aa93e96e85f4504343863,gx-no-cache=1743085952333 HTTP/1.1" 200 29
200.126.116.145 - - [27/Mar/2025:11:30:57 -0300] "GET /cormun/servlet/trsolicitudot? HTTP/1.1" 200 7536
191.126.44.156 - - [27/Mar/2025:11:30:58 -0300] "GET /cormun/servlet/solicitudot?f3945f3ac2b1b5e0dfd1c36db2dd6b2f619ceb16d28d85782ec217baf19f9d7fe2fb9fa936709bf71dedcd027ed2ef4f,gx-no-cache=1743085960764 HTTP/1.1" 200 30
191.126.44.156 - - [27/Mar/2025:11:30:58 -0300] "POST /cormun/servlet/solicitudot?gx-no-cache=1743085960822 HTTP/1.1" 200 120
191.126.44.156 - - [27/Mar/2025:11:30:58 -0300] "POST /cormun/servlet/solicitudot?d514b61861864baa21be1bea2768ccb0,INS,0,0,false,,gx-no-cache=1743085960931 HTTP/1.1" 200 13061
200.126.116.145 - - [27/Mar/2025:11:31:01 -0300] "GET /cormun/servlet/solicitudot?INS,0,0,false, HTTP/1.1" 200 16318
191.126.44.156 - - [27/Mar/2025:11:31:11 -0300] "POST /cormun/servlet/solicitudot?gx-no-cache=1743085974278 HTTP/1.1" 200 34
191.126.44.156 - - [27/Mar/2025:11:31:12 -0300] "POST /cormun/servlet/solicitudot?d514b61861864baa21be1bea2768ccb0,INS,0,0,false,,gx-no-cache=1743085974364 HTTP/1.1" 200 93
191.126.44.156 - - [27/Mar/2025:11:31:12 -0300] "GET /cormun/servlet/hpexe_return? HTTP/1.1" 200 1010
191.126.44.156 - - [27/Mar/2025:11:31:12 -0300] "GET /cormun/servlet/trsolicitudot HTTP/1.1" 200 8421
190.95.67.93 - - [27/Mar/2025:11:31:19 -0300] "GET /cormun/servlet/trpermisosgoce? HTTP/1.1" 200 6025
190.95.67.93 - - [27/Mar/2025:11:31:20 -0300] "GET /cormun/servlet/hlogin HTTP/1.1" 200 1730
190.95.67.93 - - [27/Mar/2025:11:31:23 -0300] "POST /cormun/servlet/hlogin?be52414dc156dedfce8aa068f99ee06d,gx-no-cache=1743085984193 HTTP/1.1" 200 90
190.95.67.93 - - [27/Mar/2025:11:31:23 -0300] "GET /cormun/servlet/hpexe_link HTTP/1.1" 200 947
190.95.67.93 - - [27/Mar/2025:11:31:23 -0300] "GET /cormun/servlet/trpermisosgoce HTTP/1.1" 200 11666
190.95.67.93 - - [27/Mar/2025:11:31:25 -0300] "GET /cormun/servlet/trlicencias? HTTP/1.1" 200 12694
200.126.116.145 - - [27/Mar/2025:11:31:34 -0300] "POST /cormun/servlet/solicitudot?gx-no-cache=1743085995525 HTTP/1.1" 200 4190
200.126.116.145 - - [27/Mar/2025:11:31:34 -0300] "POST /cormun/servlet/solicitudot?729cd6f7e22a8690a151eee2433a2519,INS,0,0,false,,gx-no-cache=1743085995663 HTTP/1.1" 200 13048
190.95.67.93 - - [27/Mar/2025:11:31:41 -0300] "GET /cormun/servlet/trlicencias? HTTP/1.1" 200 12692
200.126.116.145 - - [27/Mar/2025:11:31:50 -0300] "GET /cormun/servlet/solicitudot?0633f9b91fe5b607a6753047647ecc4b3792a35b0fd118ce7bd83e7ea5c4fbaff5dd5f499123378d898f20f69c461629,gx-no-cache=1743086011947 HTTP/1.1" 200 30
200.126.116.145 - - [27/Mar/2025:11:31:50 -0300] "GET /cormun/servlet/solicitudot?0633f9b91fe5b607a6753047647ecc4bf195a84c32e74cb01cc45e3a5851cabbb90c439566a27eef9060d4342f537755f4ce889b6069aa2208ff67306e8e1b8e0081a39e5d79bb76faa81aeb41fe34b7,gx-no-cache=1743086011992 HTTP/1.1" 200 30
200.126.116.145 - - [27/Mar/2025:11:31:50 -0300] "GET /cormun/servlet/solicitudot?0633f9b91fe5b607a6753047647ecc4b6f5d3801ddb8ead918c6f29517e1ccf4,gx-no-cache=1743086012011 HTTP/1.1" 200 53
200.126.116.145 - - [27/Mar/2025:11:31:50 -0300] "POST /cormun/servlet/solicitudot?gx-no-cache=1743086012033 HTTP/1.1" 200 255
200.126.116.145 - - [27/Mar/2025:11:31:51 -0300] "GET /cormun/servlet/solicitudot?0633f9b91fe5b607a6753047647ecc4bee76b55c1fbe8fdab019ef79015a1f87d3a4ba2333aeaab35de631e182a5a5bf938da945f205aca8cfc1c669c46924cbb04be6f7ea2cea702130a4ab870e95033006db3dd8b456e861f589d300939eba46b766410462c945c95b07924713f91ee26264737c8725e2aa455ef71633409cb01b0848229f295f45b7c82fbbe127c8a07a46065a6f625ab27f092c56c29038851cf2f0e7370c842ca9c2551174d0cbd89e56a0e35cb1049359e089a3c03eca433d2aa9c7a66197052cb922bc621915ae57084f65ed76bf0bf4b3c5881886c7c219bd34ccb52d874dcd422a285d05dc61c77a95ee5b010d8b8a6999fbe6ee5956e98f9f08ab3a385babde36d15ad11e9da9ca6ed672b7bec0dcae4f0c951f8270eeac4dbcea73bdd0ddcf4dd9946b9237168eb04c18f97de06bc41b45eb2f251429a9e32df1f4bb3d80b8ab28ef61f4ebb8d2123827be303767ff3b8eafddfa91b07a10359815d1d1e5849c1ae09b47d341190272d7e0b3e81e9670c6a4e628,gx-no-cache=1743086012057 HTTP/1.1" 200 30
200.126.116.145 - - [27/Mar/2025:11:31:52 -0300] "POST /cormun/servlet/solicitudot?gx-no-cache=1743086013645 HTTP/1.1" 200 30
200.126.116.145 - - [27/Mar/2025:11:31:55 -0300] "GET /cormun/servlet/prcontratosol?15738078,,,,,MD,,gxPopupLevel%3D0%3B HTTP/1.1" 200 9029
200.126.116.145 - - [27/Mar/2025:11:31:55 -0300] "GET /cormun/static/gxcfg.js?202211298464198 HTTP/1.1" 200 953
200.126.116.145 - - [27/Mar/2025:11:31:55 -0300] "GET /cormun/static/prcontratosol.js?202211298464288 HTTP/1.1" 200 15806
200.126.116.145 - - [27/Mar/2025:11:31:58 -0300] "POST /cormun/servlet/solicitudot?gx-no-cache=1743086019825 HTTP/1.1" 200 1481
200.126.116.145 - - [27/Mar/2025:11:31:58 -0300] "POST /cormun/servlet/solicitudot?gx-no-cache=1743086019850 HTTP/1.1" 200 38
200.126.116.145 - - [27/Mar/2025:11:31:58 -0300] "GET /cormun/servlet/solicitudot?0633f9b91fe5b607a6753047647ecc4bcb6895128987fddefc2d419a684d1c6069eed8db148df1e62881afc880b6498069c0b99bc23af780eaa01b19447e87070a7f64f1c3e27a5874d1bbbfcd921fc6a629464c151341903b9d6b9c5d691588691b98292aafb5ea7f3f26a545879ec2,gx-no-cache=1743086019870 HTTP/1.1" 200 110
200.126.116.145 - - [27/Mar/2025:11:31:58 -0300] "POST /cormun/servlet/solicitudot?gx-no-cache=1743086019898 HTTP/1.1" 200 110
200.126.116.145 - - [27/Mar/2025:11:31:58 -0300] "GET /cormun/servlet/solicitudot?0633f9b91fe5b607a6753047647ecc4b9658bc8e53abd8427e05d7202bdcededa214e9b5f1bc3dffa897eafdbf6e5034d2e8bf069c10863150197f5701cf0b9edd00248ec8da148b15c32983079dfa45935730363cb47f6f313c697933c4d39013ef6f6ae08ff74f6f017371bf1bf9b82f00e2121607586c335a0509deea06368abb2be3a4aeee587849e23ee9a5292a919a6dc316ba23b96455ae9358119712,gx-no-cache=1743086019919 HTTP/1.1" 200 29
200.126.116.145 - - [27/Mar/2025:11:31:58 -0300] "GET /cormun/servlet/solicitudot?0633f9b91fe5b607a6753047647ecc4b150d21c2866b15e39ebd7a3c97ec5e30cddf0052737d803cd8a37349c95ba43a,gx-no-cache=1743086019934 HTTP/1.1" 200 30
190.95.67.91 - - [27/Mar/2025:11:32:36 -0300] "GET /cormun/servlet/trlicencias? HTTP/1.1" 200 6047
190.95.67.91 - - [27/Mar/2025:11:32:37 -0300] "GET /cormun/servlet/hlogin HTTP/1.1" 200 1737
190.95.67.91 - - [27/Mar/2025:11:32:37 -0300] "GET /cormun/servlet/trlicencias? HTTP/1.1" 200 6047
190.95.67.91 - - [27/Mar/2025:11:32:45 -0300] "POST /cormun/servlet/hlogin?df356673d2499cb970d41f6556a7365d,gx-no-cache=1743086066800 HTTP/1.1" 200 90
190.95.67.91 - - [27/Mar/2025:11:32:45 -0300] "GET /cormun/servlet/hpexe_link HTTP/1.1" 200 953
190.95.67.91 - - [27/Mar/2025:11:32:46 -0300] "GET /cormun/servlet/trlicencias HTTP/1.1" 200 13548
10.40.40.2 - - [27/Mar/2025:11:33:11 -0300] "GET /cormun/servlet/trsolicitudgral? HTTP/1.1" 200 14996
10.40.40.2 - - [27/Mar/2025:11:33:11 -0300] "GET /cormun/static/gxui/gxui-all.css?110300 HTTP/1.1" 200 2179
10.40.40.2 - - [27/Mar/2025:11:33:11 -0300] "GET /cormun/static/calendar-system.css?75620 HTTP/1.1" 200 5572
10.40.40.2 - - [27/Mar/2025:11:33:11 -0300] "GET /cormun/static/gxcfg.js?20191021621534 HTTP/1.1" 200 953
10.40.40.2 - - [27/Mar/2025:11:33:11 -0300] "GET /cormun/static/calendar-setup.js?85251 HTTP/1.1" 200 2588
10.40.40.2 - - [27/Mar/2025:11:33:11 -0300] "GET /cormun/static/calendar-es.js?85251 HTTP/1.1" 200 1901
10.40.40.2 - - [27/Mar/2025:11:33:11 -0300] "GET /cormun/static/calendar.js?85251 HTTP/1.1" 200 26246
10.40.40.2 - - [27/Mar/2025:11:33:11 -0300] "GET /cormun/static/Resources/PXTools/calendar.png HTTP/1.1" 200 1306
10.40.40.2 - - [27/Mar/2025:11:33:11 -0300] "GET /cormun/static/gxdec.js?85251 HTTP/1.1" 200 19579
10.40.40.2 - - [27/Mar/2025:11:33:11 -0300] "GET /cormun/static/Resources/Spanish/PXTools.css?2294816 HTTP/1.1" 200 100853
10.40.40.2 - - [27/Mar/2025:11:33:11 -0300] "GET /cormun/static/trsolicitudgral.js?20191021621224 HTTP/1.1" 200 55166
10.40.40.2 - - [27/Mar/2025:11:33:11 -0300] "GET /cormun/static/Resources/PXToolsDataSearch.png HTTP/1.1" 200 435
10.40.40.2 - - [27/Mar/2025:11:33:11 -0300] "GET /cormun/static/Resources/PXToolsGridFirstDisabled.gif HTTP/1.1" 200 100
10.40.40.2 - - [27/Mar/2025:11:33:11 -0300] "GET /cormun/static/Shared/ext/resources/css/ext-all.css?205870 HTTP/1.1" 200 416045
10.40.40.2 - - [27/Mar/2025:11:33:11 -0300] "GET /cormun/static/Resources/PXToolsGridPreviousDisabled.gif HTTP/1.1" 200 90
10.40.40.2 - - [27/Mar/2025:11:33:11 -0300] "GET /cormun/static/Resources/PXToolsGridNextDisabled.gif HTTP/1.1" 200 90
10.40.40.2 - - [27/Mar/2025:11:33:11 -0300] "GET /cormun/static/Resources/PXToolsGridLastDisabled.gif HTTP/1.1" 200 98
10.40.40.2 - - [27/Mar/2025:11:33:11 -0300] "GET /cormun/static/Resources/PXToolsAddAllStandardAction.png HTTP/1.1" 200 628
10.40.40.2 - - [27/Mar/2025:11:33:11 -0300] "GET /cormun/static/Resources/PXToolsGridPage.gif HTTP/1.1" 200 725
10.40.40.2 - - [27/Mar/2025:11:33:11 -0300] "GET /cormun/static/Resources/PXToolsRemoveAllStandardAction.png HTTP/1.1" 200 495
10.40.40.2 - - [27/Mar/2025:11:33:11 -0300] "GET /cormun/static/Resources/PXToolsActionExcel.png HTTP/1.1" 200 727
10.40.40.2 - - [27/Mar/2025:11:33:11 -0300] "GET /cormun/static/Resources/asc.gif HTTP/1.1" 200 67
10.40.40.2 - - [27/Mar/2025:11:33:11 -0300] "GET /cormun/static/Resources/desc.gif HTTP/1.1" 200 65
10.40.40.2 - - [27/Mar/2025:11:33:11 -0300] "GET /cormun//static/Resources/PXToolsGridUpdate.png HTTP/1.1" 200 470
10.40.40.2 - - [27/Mar/2025:11:33:11 -0300] "GET /cormun//static/Resources/PXToolsGridDelete.png HTTP/1.1" 200 538
10.40.40.2 - - [27/Mar/2025:11:33:11 -0300] "GET /cormun/static/Shared/ext/resources/themes/images/default/panel/bg-headersPanel.png HTTP/1.1" 200 255
10.40.40.2 - - [27/Mar/2025:11:33:11 -0300] "GET /cormun/static/Shared/ext/resources/themes/images/default/tools/tool-sprites.gif HTTP/1.1" 200 5434
10.40.40.2 - - [27/Mar/2025:11:33:11 -0300] "GET /cormun/servlet/trsolicitudgral? HTTP/1.1" 200 14993
190.95.67.91 - - [27/Mar/2025:11:33:14 -0300] "GET /cormun/servlet/trpermisosgoce? HTTP/1.1" 200 14848
190.95.67.91 - - [27/Mar/2025:11:33:19 -0300] "GET /cormun/servlet/permisogoce?INS,0,,, HTTP/1.1" 200 7110
191.126.44.156 - - [27/Mar/2025:11:33:21 -0300] "POST /cormun/servlet/trsolicitudot?d514b61861864baa21be1bea2768ccb0,gx-no-cache=1743086103590 HTTP/1.1" 200 107
191.126.44.156 - - [27/Mar/2025:11:33:21 -0300] "GET /cormun/servlet/trsolicitudadjuntos?2025,22296, HTTP/1.1" 200 6023
191.126.44.156 - - [27/Mar/2025:11:33:24 -0300] "GET /cormun/servlet/solicitudotadjuntos?INS,2025,22296,,1, HTTP/1.1" 200 5965
191.126.44.156 - - [27/Mar/2025:11:33:24 -0300] "GET /cormun/static/about:blank HTTP/1.1" 404 1011
191.126.44.156 - - [27/Mar/2025:11:33:25 -0300] "GET /cormun/servlet/solicitudotadjuntos?f3945f3ac2b1b5e0dfd1c36db2dd6b2f0482b22d31e718c7638c570222c06dd7265fabc03eae0fe4c182b5724738bbd7,gx-no-cache=1743086107554 HTTP/1.1" 200 30
191.126.44.156 - - [27/Mar/2025:11:33:25 -0300] "POST /cormun/servlet/solicitudotadjuntos?d514b61861864baa21be1bea2768ccb0,INS,2025,22296,,1,,gx-no-cache=1743086107636 HTTP/1.1" 200 3870
191.126.44.156 - - [27/Mar/2025:11:33:48 -0300] "POST /cormun/servlet/solicitudotadjuntos?gx-no-cache=1743086130555 HTTP/1.1" 200 26
200.126.116.145 - - [27/Mar/2025:11:33:48 -0300] "GET /cormun/static/menuarrow.gif HTTP/1.1" 404 1015
200.126.116.145 - - [27/Mar/2025:11:33:59 -0300] "GET /cormun/servlet/solicitudot?0633f9b91fe5b607a6753047647ecc4b150d21c2866b15e39ebd7a3c97ec5e308f6f9d5ef80334aadfd198f6a203a699,gx-no-cache=1743086140386 HTTP/1.1" 200 30
200.126.116.145 - - [27/Mar/2025:11:33:59 -0300] "POST /cormun/servlet/solicitudot?gx-no-cache=1743086140409 HTTP/1.1" 200 33
200.126.116.145 - - [27/Mar/2025:11:34:11 -0300] "POST /cormun/servlet/solicitudot?729cd6f7e22a8690a151eee2433a2519,INS,0,0,false,,gx-no-cache=1743086152206 HTTP/1.1" 200 93
200.126.116.145 - - [27/Mar/2025:11:34:11 -0300] "GET /cormun/servlet/hpexe_return? HTTP/1.1" 200 1007
200.126.116.145 - - [27/Mar/2025:11:34:11 -0300] "GET /cormun/servlet/trsolicitudot HTTP/1.1" 200 8975
185.191.127.222 - - [27/Mar/2025:11:34:40 -0300] "GET / HTTP/1.1" 200 11217
190.95.67.91 - - [27/Mar/2025:11:34:59 -0300] "GET /cormun/servlet/permisogoce?cffe7f1cde67a09b708d1f2afce3f3bae642b6377f151421bb36e4b0efd5fe4c03a572cee11ab34a32c1d1a91ba2658366948ecf270ccd64b3f2155f291c67a6,gx-no-cache=1743086200410 HTTP/1.1" 200 77
190.95.67.91 - - [27/Mar/2025:11:35:02 -0300] "GET /cormun/static/menuarrow.gif HTTP/1.1" 404 1015
190.95.67.91 - - [27/Mar/2025:11:35:12 -0300] "GET /cormun/servlet/permisogoce?cffe7f1cde67a09b708d1f2afce3f3baf0b8262c5a3415d07930729fe397b7bb8d506c6764d02fbb0375952fdd0846bff63f21bf312d1d8de4ac524c305ab2b8,gx-no-cache=1743086213232 HTTP/1.1" 200 47
179.57.78.55 - - [27/Mar/2025:11:35:15 -0300] "GET /cormun/servlet/trlicencias? HTTP/1.1" 200 6055
179.57.78.55 - - [27/Mar/2025:11:35:15 -0300] "GET /cormun/servlet/hlogin HTTP/1.1" 200 1734
148.222.218.189 - - [27/Mar/2025:11:35:16 -0300] "GET /cormun/servlet/hlogin HTTP/1.1" 200 1720
148.222.218.189 - - [27/Mar/2025:11:35:19 -0300] "POST /cormun/servlet/hlogin?69f92e4b7588e4337a36a3cb37c03915,gx-no-cache=1743086221327 HTTP/1.1" 200 90
148.222.218.189 - - [27/Mar/2025:11:35:19 -0300] "GET /cormun/servlet/hpexe_link HTTP/1.1" 200 957
148.222.218.189 - - [27/Mar/2025:11:35:20 -0300] "GET /cormun/servlet/trlicencias HTTP/1.1" 200 7287
179.57.78.55 - - [27/Mar/2025:11:35:20 -0300] "POST /cormun/servlet/hlogin?3fa5c41fd2919525b752a0d00914e6cb,gx-no-cache=1743086221527 HTTP/1.1" 200 90
179.57.78.55 - - [27/Mar/2025:11:35:20 -0300] "GET /cormun/servlet/hpexe_link HTTP/1.1" 200 954
179.57.78.55 - - [27/Mar/2025:11:35:20 -0300] "GET /cormun/servlet/trlicencias HTTP/1.1" 200 8993
148.222.218.189 - - [27/Mar/2025:11:35:23 -0300] "POST /cormun/servlet/trlicencias?69f92e4b7588e4337a36a3cb37c03915,gx-no-cache=1743086224809 HTTP/1.1" 200 4436
148.222.218.189 - - [27/Mar/2025:11:35:24 -0300] "POST /cormun/servlet/trlicencias?69f92e4b7588e4337a36a3cb37c03915,gx-no-cache=1743086225422 HTTP/1.1" 200 4438
190.95.67.91 - - [27/Mar/2025:11:35:26 -0300] "POST /cormun/servlet/permisogoce?df356673d2499cb970d41f6556a7365d,INS,0,,,,gx-no-cache=1743086227434 HTTP/1.1" 200 93
190.95.67.91 - - [27/Mar/2025:11:35:26 -0300] "GET /cormun/servlet/hpexe_return? HTTP/1.1" 200 1007
190.95.67.91 - - [27/Mar/2025:11:35:27 -0300] "GET /cormun/servlet/trpermisosgoce HTTP/1.1" 200 15163
190.95.67.91 - - [27/Mar/2025:11:35:30 -0300] "GET /cormun/servlet/trpermisosadjuntos?19265848,20250327113523,P, HTTP/1.1" 200 6541
190.95.67.91 - - [27/Mar/2025:11:35:32 -0300] "GET /cormun/servlet/permisosadjuntos?INS,19265848,P,20250327113523,, HTTP/1.1" 200 5864
190.95.67.91 - - [27/Mar/2025:11:35:32 -0300] "GET /cormun/static/about:blank HTTP/1.1" 404 1011
190.95.67.91 - - [27/Mar/2025:11:35:42 -0300] "POST /cormun/servlet/permisosadjuntos?df356673d2499cb970d41f6556a7365d,INS,19265848,P,20250327113523,, HTTP/1.1" 200 116
190.95.67.91 - - [27/Mar/2025:11:35:42 -0300] "GET /cormun/servlet/hpexe_return? HTTP/1.1" 200 1036
190.95.67.91 - - [27/Mar/2025:11:35:42 -0300] "GET /cormun/servlet/trpermisosadjuntos?19265848,20250327113523,P, HTTP/1.1" 200 7057
190.95.67.91 - - [27/Mar/2025:11:35:45 -0300] "POST /cormun/servlet/trpermisosadjuntos?df356673d2499cb970d41f6556a7365d,19265848,20250327113523,P,,gx-no-cache=1743086246193 HTTP/1.1" 200 90
190.95.67.91 - - [27/Mar/2025:11:35:45 -0300] "GET /cormun/servlet/hpexe_link HTTP/1.1" 200 981
190.95.67.91 - - [27/Mar/2025:11:35:45 -0300] "GET /cormun/servlet/trpermisosgoce HTTP/1.1" 200 15149
190.95.67.91 - - [27/Mar/2025:11:35:48 -0300] "POST /cormun/servlet/trpermisosgoce?df356673d2499cb970d41f6556a7365d,gx-no-cache=1743086248835 HTTP/1.1" 200 12491
190.95.67.91 - - [27/Mar/2025:11:35:48 -0300] "GET /cormun/static/Shared/jqueryui/images/ui-bg_highlight-soft_100_c6c2c8_1x100.png HTTP/1.1" 404 1117
190.95.67.91 - - [27/Mar/2025:11:35:48 -0300] "GET /cormun/static/Shared/jqueryui/images/ui-icons_82798d_256x240.png HTTP/1.1" 404 1089
190.95.67.91 - - [27/Mar/2025:11:35:48 -0300] "GET /cormun/static/Shared/jqueryui/images/ui-bg_flat_55_fafafa_40x100.png HTTP/1.1" 404 1097
190.95.67.91 - - [27/Mar/2025:11:35:48 -0300] "GET /cormun/static/Shared/jqueryui/images/ui-icons_8d78a5_256x240.png HTTP/1.1" 404 1089
200.126.116.145 - - [27/Mar/2025:11:35:48 -0300] "GET /cormun/servlet/solicitudot?INS,0,0,false, HTTP/1.1" 200 16319
190.95.67.91 - - [27/Mar/2025:11:36:00 -0300] "GET /cormun/servlet/permisogoce?INS,0,,, HTTP/1.1" 200 7111
190.95.67.91 - - [27/Mar/2025:11:36:09 -0300] "GET /cormun/servlet/permisogoce?cffe7f1cde67a09b708d1f2afce3f3badbdff585b461b8643ccfc314df6b3132e3f38ec77cc92a07b454e33a1b98e97ef0e1da5dff24dbbb238eebc477c10036,gx-no-cache=1743086269908 HTTP/1.1" 200 81
200.126.116.145 - - [27/Mar/2025:11:36:09 -0300] "POST /cormun/servlet/solicitudot?gx-no-cache=1743086270424 HTTP/1.1" 200 4190
200.126.116.145 - - [27/Mar/2025:11:36:09 -0300] "POST /cormun/servlet/solicitudot?729cd6f7e22a8690a151eee2433a2519,INS,0,0,false,,gx-no-cache=1743086270569 HTTP/1.1" 200 13047
200.126.116.145 - - [27/Mar/2025:11:36:12 -0300] "GET /cormun/servlet/solicitudot?0633f9b91fe5b607a6753047647ecc4b3792a35b0fd118ce7bd83e7ea5c4fbaff5dd5f499123378d898f20f69c461629,gx-no-cache=1743086273611 HTTP/1.1" 200 30
200.126.116.145 - - [27/Mar/2025:11:36:12 -0300] "GET /cormun/servlet/solicitudot?0633f9b91fe5b607a6753047647ecc4bf195a84c32e74cb01cc45e3a5851cabbb90c439566a27eef9060d4342f537755f4ce889b6069aa2208ff67306e8e1b8e0081a39e5d79bb76faa81aeb41fe34b7,gx-no-cache=1743086273649 HTTP/1.1" 200 30
200.126.116.145 - - [27/Mar/2025:11:36:12 -0300] "GET /cormun/servlet/solicitudot?0633f9b91fe5b607a6753047647ecc4b6f5d3801ddb8ead918c6f29517e1ccf4,gx-no-cache=1743086273668 HTTP/1.1" 200 53
200.126.116.145 - - [27/Mar/2025:11:36:12 -0300] "POST /cormun/servlet/solicitudot?gx-no-cache=1743086273691 HTTP/1.1" 200 255
200.126.116.145 - - [27/Mar/2025:11:36:12 -0300] "GET /cormun/servlet/solicitudot?0633f9b91fe5b607a6753047647ecc4bee76b55c1fbe8fdab019ef79015a1f87d3a4ba2333aeaab35de631e182a5a5bf938da945f205aca8cfc1c669c46924cbb04be6f7ea2cea702130a4ab870e95033006db3dd8b456e861f589d300939eba46b766410462c945c95b07924713f91ee26264737c8725e2aa455ef71633409cb01b0848229f295f45b7c82fbbe127c8a07a46065a6f625ab27f092c56c29038851cf2f0e7370c842ca9c2551174d0cbd89e56a0e35cb1049359e089a3c03eca433d2aa9c7a66197052cb922bc621915ae57084f65ed76bf0bf4b3c5881886c7c219bd34ccb52d874dcd422a285d05dc61c77a95ee5b010d8b8a6999fbe6ee5956e98f9f08ab3a385babde36d15ad11e9da9ca6ed672b7bec0dcae4f0c951f8270eeac4dbcea73bdd0ddcf4dd9946b9237168eb04c18f97de06bc41b45eb2f251429a9e32df1f4bb3d80b8ab28ef61f4ebb8d2123827be303767ff3b8eafddfa91b07a10359815d1d1e5849c1ae09b47d341190272d7e0b3e81e9670c6a4e628,gx-no-cache=1743086273714 HTTP/1.1" 200 30
200.126.116.145 - - [27/Mar/2025:11:36:14 -0300] "POST /cormun/servlet/solicitudot?gx-no-cache=1743086276037 HTTP/1.1" 200 30
200.126.116.145 - - [27/Mar/2025:11:36:17 -0300] "GET /cormun/servlet/prcontratosol?15738078,,,,,MD,,gxPopupLevel%3D0%3B HTTP/1.1" 200 9029
200.126.116.145 - - [27/Mar/2025:11:36:19 -0300] "POST /cormun/servlet/solicitudot?gx-no-cache=1743086280707 HTTP/1.1" 200 1481
200.126.116.145 - - [27/Mar/2025:11:36:19 -0300] "POST /cormun/servlet/solicitudot?gx-no-cache=1743086280734 HTTP/1.1" 200 38
200.126.116.145 - - [27/Mar/2025:11:36:19 -0300] "GET /cormun/servlet/solicitudot?0633f9b91fe5b607a6753047647ecc4bcb6895128987fddefc2d419a684d1c6069eed8db148df1e62881afc880b6498069c0b99bc23af780eaa01b19447e87070a7f64f1c3e27a5874d1bbbfcd921fc6a629464c151341903b9d6b9c5d691588691b98292aafb5ea7f3f26a545879ec2,gx-no-cache=1743086280750 HTTP/1.1" 200 110
200.126.116.145 - - [27/Mar/2025:11:36:19 -0300] "POST /cormun/servlet/solicitudot?gx-no-cache=1743086280777 HTTP/1.1" 200 110
200.126.116.145 - - [27/Mar/2025:11:36:19 -0300] "GET /cormun/servlet/solicitudot?0633f9b91fe5b607a6753047647ecc4b9658bc8e53abd8427e05d7202bdcededa214e9b5f1bc3dffa897eafdbf6e5034d2e8bf069c10863150197f5701cf0b9edd00248ec8da148b15c32983079dfa45935730363cb47f6f313c697933c4d39013ef6f6ae08ff74f6f017371bf1bf9b82f00e2121607586c335a0509deea06368abb2be3a4aeee587849e23ee9a5292a919a6dc316ba23b96455ae9358119712,gx-no-cache=1743086280798 HTTP/1.1" 200 29
200.126.116.145 - - [27/Mar/2025:11:36:19 -0300] "GET /cormun/servlet/solicitudot?0633f9b91fe5b607a6753047647ecc4b150d21c2866b15e39ebd7a3c97ec5e30cddf0052737d803cd8a37349c95ba43a,gx-no-cache=1743086280815 HTTP/1.1" 200 30
200.126.116.145 - - [27/Mar/2025:11:36:27 -0300] "GET /cormun/static/menuarrow.gif HTTP/1.1" 404 1015
190.95.67.91 - - [27/Mar/2025:11:36:27 -0300] "GET /cormun/servlet/permisogoce?cffe7f1cde67a09b708d1f2afce3f3bafd1643f555b9a58072be805f56191aa8c4cc15a970f8b02fdcf92565b63ca585893a61606ac0adc8b94c02a46a512eb1,gx-no-cache=1743086288544 HTTP/1.1" 200 47
191.126.44.156 - - [27/Mar/2025:11:36:30 -0300] "GET /cormun/servlet/hlogin HTTP/1.1" 200 1727
191.126.44.156 - - [27/Mar/2025:11:36:32 -0300] "POST /cormun/servlet/hlogin?3b53dfd73ed9ed8206a856f252e47c53,gx-no-cache=1743086295081 HTTP/1.1" 200 90
191.126.44.156 - - [27/Mar/2025:11:36:32 -0300] "GET /cormun/servlet/hpexe_link HTTP/1.1" 200 955
200.126.116.145 - - [27/Mar/2025:11:36:33 -0300] "GET /cormun/servlet/solicitudot?0633f9b91fe5b607a6753047647ecc4b8fa5fec1e3c90f003d9b41ca8fba94848f6f9d5ef80334aadfd198f6a203a699,gx-no-cache=1743086294146 HTTP/1.1" 200 30
191.126.44.156 - - [27/Mar/2025:11:36:33 -0300] "GET /cormun/servlet/hhome HTTP/1.1" 200 3910
200.126.116.145 - - [27/Mar/2025:11:36:33 -0300] "POST /cormun/servlet/solicitudot?gx-no-cache=1743086294175 HTTP/1.1" 200 33
191.126.44.156 - - [27/Mar/2025:11:36:36 -0300] "GET /cormun/servlet/trlicencias? HTTP/1.1" 200 9565
190.95.67.91 - - [27/Mar/2025:11:36:40 -0300] "POST /cormun/servlet/permisogoce?df356673d2499cb970d41f6556a7365d,INS,0,,,,gx-no-cache=1743086300815 HTTP/1.1" 200 93
190.95.67.91 - - [27/Mar/2025:11:36:40 -0300] "GET /cormun/servlet/hpexe_return? HTTP/1.1" 200 1029
190.95.67.91 - - [27/Mar/2025:11:36:40 -0300] "GET /cormun/servlet/trpermisosgoce?gx-no-cache=1743086248835 HTTP/1.1" 200 15387
191.126.44.156 - - [27/Mar/2025:11:36:41 -0300] "GET /cormun/servlet/trsolicitudot? HTTP/1.1" 200 8541
200.126.116.145 - - [27/Mar/2025:11:36:42 -0300] "POST /cormun/servlet/solicitudot?729cd6f7e22a8690a151eee2433a2519,INS,0,0,false,,gx-no-cache=1743086303845 HTTP/1.1" 200 93
200.126.116.145 - - [27/Mar/2025:11:36:43 -0300] "GET /cormun/servlet/hpexe_return? HTTP/1.1" 200 1007
200.126.116.145 - - [27/Mar/2025:11:36:43 -0300] "GET /cormun/servlet/trsolicitudot HTTP/1.1" 200 9269
190.95.67.91 - - [27/Mar/2025:11:36:43 -0300] "GET /cormun/servlet/trpermisosadjuntos?9756929,20250327113804,P, HTTP/1.1" 200 6570
191.126.44.156 - - [27/Mar/2025:11:36:43 -0300] "POST /cormun/servlet/trsolicitudot?3b53dfd73ed9ed8206a856f252e47c53,,gx-no-cache=1743086306013 HTTP/1.1" 200 107
191.126.44.156 - - [27/Mar/2025:11:36:43 -0300] "GET /cormun/servlet/trsolicitudadjuntos?2025,22296, HTTP/1.1" 200 6026
190.95.67.91 - - [27/Mar/2025:11:36:45 -0300] "GET /cormun/servlet/permisosadjuntos?INS,9756929,P,20250327113804,, HTTP/1.1" 200 5869
190.95.67.91 - - [27/Mar/2025:11:36:45 -0300] "GET /cormun/static/about:blank HTTP/1.1" 404 1011
191.126.44.156 - - [27/Mar/2025:11:36:46 -0300] "GET /cormun/servlet/solicitudotadjuntos?INS,2025,22296,,1, HTTP/1.1" 200 5967
191.126.44.156 - - [27/Mar/2025:11:36:47 -0300] "GET /cormun/static/about:blank HTTP/1.1" 404 1011
191.126.44.156 - - [27/Mar/2025:11:36:47 -0300] "GET /cormun/servlet/solicitudotadjuntos?96059f70efbd9db8bf83662a0839c044a060c7bab6fc5138dc3493a64b16ccc8ca256e89f75f01f723bce023b828fd0c,gx-no-cache=1743086309858 HTTP/1.1" 200 30
191.126.44.156 - - [27/Mar/2025:11:36:47 -0300] "POST /cormun/servlet/solicitudotadjuntos?3b53dfd73ed9ed8206a856f252e47c53,INS,2025,22296,,1,,gx-no-cache=1743086309932 HTTP/1.1" 200 3874
191.126.44.156 - - [27/Mar/2025:11:36:50 -0300] "POST /cormun/servlet/solicitudotadjuntos?gx-no-cache=1743086313218 HTTP/1.1" 200 26
190.95.67.91 - - [27/Mar/2025:11:36:51 -0300] "POST /cormun/servlet/permisosadjuntos?df356673d2499cb970d41f6556a7365d,INS,9756929,P,20250327113804,, HTTP/1.1" 200 116
190.95.67.91 - - [27/Mar/2025:11:36:51 -0300] "GET /cormun/servlet/hpexe_return? HTTP/1.1" 200 1035
190.95.67.91 - - [27/Mar/2025:11:36:51 -0300] "GET /cormun/servlet/trpermisosadjuntos?9756929,20250327113804,P, HTTP/1.1" 200 7081
190.95.67.91 - - [27/Mar/2025:11:36:53 -0300] "POST /cormun/servlet/trpermisosadjuntos?df356673d2499cb970d41f6556a7365d,9756929,20250327113804,P,,gx-no-cache=1743086314457 HTTP/1.1" 200 90
190.95.67.91 - - [27/Mar/2025:11:36:53 -0300] "GET /cormun/servlet/hpexe_link HTTP/1.1" 200 1002
190.95.67.91 - - [27/Mar/2025:11:36:53 -0300] "GET /cormun/servlet/trpermisosgoce?gx-no-cache=1743086248835 HTTP/1.1" 200 15377
190.95.67.91 - - [27/Mar/2025:11:36:56 -0300] "POST /cormun/servlet/trpermisosgoce?df356673d2499cb970d41f6556a7365d,gx-no-cache=1743086248835,gx-no-cache=1743086316754 HTTP/1.1" 200 12690
191.126.44.156 - - [27/Mar/2025:11:36:58 -0300] "GET /cormun/servlet/solicitudotadjuntos?96059f70efbd9db8bf83662a0839c0444735be048de18d211570a2b8967e26be,gx-no-cache=1743086320482 HTTP/1.1" 200 30
191.126.44.156 - - [27/Mar/2025:11:36:58 -0300] "GET /cormun/servlet/solicitudotadjuntos?96059f70efbd9db8bf83662a0839c0444735be048de18d211570a2b8967e26be,gx-no-cache=1743086320582 HTTP/1.1" 200 30
191.126.44.156 - - [27/Mar/2025:11:36:58 -0300] "POST /cormun/servlet/solicitudotadjuntos?3b53dfd73ed9ed8206a856f252e47c53,INS,2025,22296,,1, HTTP/1.1" 200 116
191.126.44.156 - - [27/Mar/2025:11:36:59 -0300] "GET /cormun/servlet/hpexe_return? HTTP/1.1" 200 1030
191.126.44.156 - - [27/Mar/2025:11:36:59 -0300] "GET /cormun/servlet/trsolicitudadjuntos?2025,22296, HTTP/1.1" 200 9024
191.126.44.156 - - [27/Mar/2025:11:37:01 -0300] "GET /cormun/servlet/solicitudotadjuntos?INS,2025,22296,,1, HTTP/1.1" 200 5967
191.126.44.156 - - [27/Mar/2025:11:37:01 -0300] "GET /cormun/static/about:blank HTTP/1.1" 404 1011
191.126.44.156 - - [27/Mar/2025:11:37:01 -0300] "GET /cormun/servlet/solicitudotadjuntos?96059f70efbd9db8bf83662a0839c044a060c7bab6fc5138dc3493a64b16ccc8ca256e89f75f01f723bce023b828fd0c,gx-no-cache=1743086324314 HTTP/1.1" 200 30
191.126.44.156 - - [27/Mar/2025:11:37:02 -0300] "POST /cormun/servlet/solicitudotadjuntos?3b53dfd73ed9ed8206a856f252e47c53,INS,2025,22296,,1,,gx-no-cache=1743086324368 HTTP/1.1" 200 3875
200.126.116.145 - - [27/Mar/2025:11:37:02 -0300] "GET /cormun/servlet/solicitudot?INS,0,0,false, HTTP/1.1" 200 16319
191.126.44.156 - - [27/Mar/2025:11:37:03 -0300] "POST /cormun/servlet/solicitudotadjuntos?gx-no-cache=1743086326275 HTTP/1.1" 200 26
190.95.67.97 - - [27/Mar/2025:11:37:08 -0300] "GET /cormun/servlet/trlicencias? HTTP/1.1" 200 6061
190.95.67.97 - - [27/Mar/2025:11:37:08 -0300] "GET /cormun/servlet/hlogin HTTP/1.1" 200 1744
200.126.116.145 - - [27/Mar/2025:11:37:11 -0300] "POST /cormun/servlet/solicitudot?gx-no-cache=1743086332491 HTTP/1.1" 200 4046
200.126.116.145 - - [27/Mar/2025:11:37:11 -0300] "POST /cormun/servlet/solicitudot?729cd6f7e22a8690a151eee2433a2519,INS,0,0,false,,gx-no-cache=1743086332574 HTTP/1.1" 200 12892
191.126.44.156 - - [27/Mar/2025:11:37:16 -0300] "GET /cormun/servlet/solicitudotadjuntos?96059f70efbd9db8bf83662a0839c0444735be048de18d211570a2b8967e26be,gx-no-cache=1743086338707 HTTP/1.1" 200 30
191.126.44.156 - - [27/Mar/2025:11:37:16 -0300] "GET /cormun/servlet/solicitudotadjuntos?96059f70efbd9db8bf83662a0839c0444735be048de18d211570a2b8967e26be,gx-no-cache=1743086338773 HTTP/1.1" 200 30
191.126.44.156 - - [27/Mar/2025:11:37:16 -0300] "POST /cormun/servlet/solicitudotadjuntos?3b53dfd73ed9ed8206a856f252e47c53,INS,2025,22296,,1, HTTP/1.1" 200 116
191.126.44.156 - - [27/Mar/2025:11:37:16 -0300] "GET /cormun/servlet/hpexe_return? HTTP/1.1" 200 1030
191.126.44.156 - - [27/Mar/2025:11:37:16 -0300] "GET /cormun/servlet/trsolicitudadjuntos?2025,22296, HTTP/1.1" 200 9266
190.95.67.91 - - [27/Mar/2025:11:37:19 -0300] "GET /cormun/servlet/permisogoce?INS,0,,, HTTP/1.1" 200 7134
191.126.44.156 - - [27/Mar/2025:11:37:19 -0300] "GET /cormun/servlet/solicitudotadjuntos?INS,2025,22296,,1, HTTP/1.1" 200 5967
191.126.44.156 - - [27/Mar/2025:11:37:19 -0300] "GET /cormun/static/about:blank HTTP/1.1" 404 1011
191.126.44.156 - - [27/Mar/2025:11:37:20 -0300] "GET /cormun/servlet/solicitudotadjuntos?96059f70efbd9db8bf83662a0839c044a060c7bab6fc5138dc3493a64b16ccc8ca256e89f75f01f723bce023b828fd0c,gx-no-cache=1743086342483 HTTP/1.1" 200 30
191.126.44.156 - - [27/Mar/2025:11:37:20 -0300] "POST /cormun/servlet/solicitudotadjuntos?3b53dfd73ed9ed8206a856f252e47c53,INS,2025,22296,,1,,gx-no-cache=1743086342558 HTTP/1.1" 200 3875
191.126.44.156 - - [27/Mar/2025:11:37:22 -0300] "POST /cormun/servlet/solicitudotadjuntos?gx-no-cache=1743086344603 HTTP/1.1" 200 26
190.95.67.91 - - [27/Mar/2025:11:37:24 -0300] "GET /cormun/servlet/permisogoce?cffe7f1cde67a09b708d1f2afce3f3ba8603bc7aa79076f45ad7614ada500c72e3f38ec77cc92a07b454e33a1b98e97ef0e1da5dff24dbbb238eebc477c10036,gx-no-cache=1743086345890 HTTP/1.1" 200 76
191.126.44.156 - - [27/Mar/2025:11:37:28 -0300] "GET /cormun/servlet/solicitudotadjuntos?96059f70efbd9db8bf83662a0839c0444735be048de18d211570a2b8967e26be,gx-no-cache=1743086350995 HTTP/1.1" 200 30
191.126.44.156 - - [27/Mar/2025:11:37:28 -0300] "GET /cormun/servlet/solicitudotadjuntos?96059f70efbd9db8bf83662a0839c0444735be048de18d211570a2b8967e26be,gx-no-cache=1743086351065 HTTP/1.1" 200 30
191.126.44.156 - - [27/Mar/2025:11:37:28 -0300] "POST /cormun/servlet/solicitudotadjuntos?3b53dfd73ed9ed8206a856f252e47c53,INS,2025,22296,,1, HTTP/1.1" 200 116
191.126.44.156 - - [27/Mar/2025:11:37:28 -0300] "GET /cormun/servlet/hpexe_return? HTTP/1.1" 200 1030
191.126.44.156 - - [27/Mar/2025:11:37:29 -0300] "GET /cormun/servlet/trsolicitudadjuntos?2025,22296, HTTP/1.1" 200 9466
191.126.44.156 - - [27/Mar/2025:11:37:31 -0300] "GET /cormun/servlet/solicitudotadjuntos?INS,2025,22296,,1, HTTP/1.1" 200 5967
191.126.44.156 - - [27/Mar/2025:11:37:31 -0300] "GET /cormun/static/about:blank HTTP/1.1" 404 1011
191.126.44.156 - - [27/Mar/2025:11:37:32 -0300] "GET /cormun/servlet/solicitudotadjuntos?96059f70efbd9db8bf83662a0839c044a060c7bab6fc5138dc3493a64b16ccc8ca256e89f75f01f723bce023b828fd0c,gx-no-cache=1743086354443 HTTP/1.1" 200 30
191.126.44.156 - - [27/Mar/2025:11:37:32 -0300] "POST /cormun/servlet/solicitudotadjuntos?3b53dfd73ed9ed8206a856f252e47c53,INS,2025,22296,,1,,gx-no-cache=1743086354492 HTTP/1.1" 200 3875
190.95.67.91 - - [27/Mar/2025:11:37:32 -0300] "GET /cormun/servlet/permisogoce?cffe7f1cde67a09b708d1f2afce3f3bad20c80fb40e46d32cce6b2d463204f035ab8745e550c81a655e0b3694566be2c893a61606ac0adc8b94c02a46a512eb1,gx-no-cache=1743086353600 HTTP/1.1" 200 48
191.126.44.156 - - [27/Mar/2025:11:37:35 -0300] "POST /cormun/servlet/solicitudotadjuntos?gx-no-cache=1743086358235 HTTP/1.1" 200 26
191.126.44.156 - - [27/Mar/2025:11:37:41 -0300] "GET /cormun/servlet/solicitudotadjuntos?96059f70efbd9db8bf83662a0839c0444735be048de18d211570a2b8967e26be,gx-no-cache=1743086364100 HTTP/1.1" 200 30
191.126.44.156 - - [27/Mar/2025:11:37:41 -0300] "GET /cormun/servlet/solicitudotadjuntos?96059f70efbd9db8bf83662a0839c0444735be048de18d211570a2b8967e26be,gx-no-cache=1743086364159 HTTP/1.1" 200 30
191.126.44.156 - - [27/Mar/2025:11:37:42 -0300] "POST /cormun/servlet/solicitudotadjuntos?3b53dfd73ed9ed8206a856f252e47c53,INS,2025,22296,,1, HTTP/1.1" 200 116
191.126.44.156 - - [27/Mar/2025:11:37:42 -0300] "GET /cormun/servlet/hpexe_return? HTTP/1.1" 200 1030
191.126.44.156 - - [27/Mar/2025:11:37:42 -0300] "GET /cormun/servlet/trsolicitudadjuntos?2025,22296, HTTP/1.1" 200 9742
190.95.67.91 - - [27/Mar/2025:11:37:43 -0300] "POST /cormun/servlet/permisogoce?df356673d2499cb970d41f6556a7365d,INS,0,,,,gx-no-cache=1743086364047 HTTP/1.1" 200 93
190.95.67.91 - - [27/Mar/2025:11:37:43 -0300] "GET /cormun/servlet/hpexe_return? HTTP/1.1" 200 1029
190.95.67.91 - - [27/Mar/2025:11:37:43 -0300] "GET /cormun/servlet/trpermisosgoce?gx-no-cache=1743086248835 HTTP/1.1" 200 15556
191.126.44.156 - - [27/Mar/2025:11:37:44 -0300] "GET /cormun/servlet/solicitudotadjuntos?INS,2025,22296,,1, HTTP/1.1" 200 5967
191.126.44.156 - - [27/Mar/2025:11:37:44 -0300] "GET /cormun/static/about:blank HTTP/1.1" 404 1011
191.126.44.156 - - [27/Mar/2025:11:37:44 -0300] "GET /cormun/servlet/solicitudotadjuntos?96059f70efbd9db8bf83662a0839c044a060c7bab6fc5138dc3493a64b16ccc8ca256e89f75f01f723bce023b828fd0c,gx-no-cache=1743086367256 HTTP/1.1" 200 30
191.126.44.156 - - [27/Mar/2025:11:37:45 -0300] "POST /cormun/servlet/solicitudotadjuntos?3b53dfd73ed9ed8206a856f252e47c53,INS,2025,22296,,1,,gx-no-cache=1743086367315 HTTP/1.1" 200 3875
190.95.67.91 - - [27/Mar/2025:11:37:45 -0300] "GET /cormun/servlet/trpermisosadjuntos?9330246,20250327113923,P, HTTP/1.1" 200 6562
190.95.67.91 - - [27/Mar/2025:11:37:47 -0300] "GET /cormun/servlet/permisosadjuntos?INS,9330246,P,20250327113923,, HTTP/1.1" 200 5859
190.95.67.91 - - [27/Mar/2025:11:37:47 -0300] "GET /cormun/static/about:blank HTTP/1.1" 404 1011
191.126.44.156 - - [27/Mar/2025:11:37:47 -0300] "POST /cormun/servlet/solicitudotadjuntos?gx-no-cache=1743086369988 HTTP/1.1" 200 26
191.126.44.156 - - [27/Mar/2025:11:37:51 -0300] "GET /cormun/servlet/solicitudotadjuntos?96059f70efbd9db8bf83662a0839c0444735be048de18d211570a2b8967e26be,gx-no-cache=1743086374259 HTTP/1.1" 200 30
191.126.44.156 - - [27/Mar/2025:11:37:51 -0300] "GET /cormun/servlet/solicitudotadjuntos?96059f70efbd9db8bf83662a0839c0444735be048de18d211570a2b8967e26be,gx-no-cache=1743086374319 HTTP/1.1" 200 30
191.126.44.156 - - [27/Mar/2025:11:37:52 -0300] "POST /cormun/servlet/solicitudotadjuntos?3b53dfd73ed9ed8206a856f252e47c53,INS,2025,22296,,1, HTTP/1.1" 200 116
191.126.44.156 - - [27/Mar/2025:11:37:52 -0300] "GET /cormun/servlet/hpexe_return? HTTP/1.1" 200 1030
191.126.44.156 - - [27/Mar/2025:11:37:52 -0300] "GET /cormun/servlet/trsolicitudadjuntos?2025,22296, HTTP/1.1" 200 10000
191.126.44.156 - - [27/Mar/2025:11:37:55 -0300] "GET /cormun/servlet/solicitudotadjuntos?INS,2025,22296,,1, HTTP/1.1" 200 5967
191.126.44.156 - - [27/Mar/2025:11:37:55 -0300] "GET /cormun/static/about:blank HTTP/1.1" 404 1011
191.126.44.156 - - [27/Mar/2025:11:37:55 -0300] "GET /cormun/servlet/solicitudotadjuntos?96059f70efbd9db8bf83662a0839c044a060c7bab6fc5138dc3493a64b16ccc8ca256e89f75f01f723bce023b828fd0c,gx-no-cache=1743086378240 HTTP/1.1" 200 30
191.126.44.156 - - [27/Mar/2025:11:37:56 -0300] "POST /cormun/servlet/solicitudotadjuntos?3b53dfd73ed9ed8206a856f252e47c53,INS,2025,22296,,1,,gx-no-cache=1743086378294 HTTP/1.1" 200 3875
190.95.67.91 - - [27/Mar/2025:11:37:58 -0300] "POST /cormun/servlet/permisosadjuntos?df356673d2499cb970d41f6556a7365d,INS,9330246,P,20250327113923,, HTTP/1.1" 200 116
190.95.67.91 - - [27/Mar/2025:11:37:58 -0300] "GET /cormun/servlet/hpexe_return? HTTP/1.1" 200 1035
190.95.67.91 - - [27/Mar/2025:11:37:58 -0300] "GET /cormun/servlet/trpermisosadjuntos?9330246,20250327113923,P, HTTP/1.1" 200 7067
191.126.44.156 - - [27/Mar/2025:11:37:58 -0300] "POST /cormun/servlet/solicitudotadjuntos?gx-no-cache=1743086380797 HTTP/1.1" 200 26
190.95.67.91 - - [27/Mar/2025:11:38:00 -0300] "POST /cormun/servlet/trpermisosadjuntos?df356673d2499cb970d41f6556a7365d,9330246,20250327113923,P,,gx-no-cache=1743086381729 HTTP/1.1" 200 90
190.95.67.91 - - [27/Mar/2025:11:38:01 -0300] "GET /cormun/servlet/hpexe_link HTTP/1.1" 200 1002
190.95.67.91 - - [27/Mar/2025:11:38:01 -0300] "GET /cormun/servlet/trpermisosgoce?gx-no-cache=1743086248835 HTTP/1.1" 200 15556
190.95.67.91 - - [27/Mar/2025:11:38:03 -0300] "POST /cormun/servlet/trpermisosgoce?df356673d2499cb970d41f6556a7365d,gx-no-cache=1743086248835,gx-no-cache=1743086384026 HTTP/1.1" 200 12861
191.126.44.156 - - [27/Mar/2025:11:38:04 -0300] "GET /cormun/servlet/solicitudotadjuntos?96059f70efbd9db8bf83662a0839c0444735be048de18d211570a2b8967e26be,gx-no-cache=1743086386612 HTTP/1.1" 200 30
191.126.44.156 - - [27/Mar/2025:11:38:04 -0300] "GET /cormun/servlet/solicitudotadjuntos?96059f70efbd9db8bf83662a0839c0444735be048de18d211570a2b8967e26be,gx-no-cache=1743086386673 HTTP/1.1" 200 30
191.126.44.156 - - [27/Mar/2025:11:38:04 -0300] "POST /cormun/servlet/solicitudotadjuntos?3b53dfd73ed9ed8206a856f252e47c53,INS,2025,22296,,1, HTTP/1.1" 200 116
191.126.44.156 - - [27/Mar/2025:11:38:04 -0300] "GET /cormun/servlet/hpexe_return? HTTP/1.1" 200 1030
191.126.44.156 - - [27/Mar/2025:11:38:04 -0300] "GET /cormun/servlet/trsolicitudadjuntos?2025,22296, HTTP/1.1" 200 10223
191.126.44.156 - - [27/Mar/2025:11:38:08 -0300] "GET /cormun/servlet/trsolicitudot? HTTP/1.1" 200 8548
191.126.44.156 - - [27/Mar/2025:11:38:12 -0300] "POST /cormun/servlet/trsolicitudot?3b53dfd73ed9ed8206a856f252e47c53,,gx-no-cache=1743086394344 HTTP/1.1" 200 4598
191.126.44.156 - - [27/Mar/2025:11:38:12 -0300] "GET /cormun/static/Shared/jqueryui/images/ui-icons_82798d_256x240.png HTTP/1.1" 404 1089
191.126.44.156 - - [27/Mar/2025:11:38:12 -0300] "GET /cormun/static/Shared/jqueryui/images/ui-bg_highlight-soft_100_c6c2c8_1x100.png HTTP/1.1" 404 1117
191.126.44.156 - - [27/Mar/2025:11:38:12 -0300] "GET /cormun/static/Shared/jqueryui/images/ui-bg_flat_55_fafafa_40x100.png HTTP/1.1" 404 1097
191.126.44.156 - - [27/Mar/2025:11:38:12 -0300] "GET /cormun/static/Shared/jqueryui/images/ui-icons_8d78a5_256x240.png HTTP/1.1" 404 1089
191.126.44.156 - - [27/Mar/2025:11:38:12 -0300] "POST /cormun/servlet/trsolicitudot?3b53dfd73ed9ed8206a856f252e47c53,,gx-no-cache=1743086394512 HTTP/1.1" 200 4344
200.126.116.145 - - [27/Mar/2025:11:38:21 -0300] "GET /cormun/servlet/solicitudot?0633f9b91fe5b607a6753047647ecc4b91607a431cf33f6210c6758015cbe22ff5dd5f499123378d898f20f69c461629,gx-no-cache=1743086402190 HTTP/1.1" 200 30
200.126.116.145 - - [27/Mar/2025:11:39:56 -0300] "GET /cormun/servlet/prbanco?,MD,,gxPopupLevel%3D0%3B HTTP/1.1" 200 6736
200.126.116.145 - - [27/Mar/2025:11:39:59 -0300] "GET /cormun/servlet/solicitudot?0633f9b91fe5b607a6753047647ecc4b4f7ecb940db9a391eb8134947b9a674efef8af1fd07f826f47ab6b4fb23f94cdf326c1181ec0aba8d0fa099a9ffb4e5df7eef81aa5f651e8127c6e8f4ddad0a4,gx-no-cache=1743086500381 HTTP/1.1" 200 30
200.126.116.145 - - [27/Mar/2025:11:40:01 -0300] "GET /cormun/servlet/solicitudot?0633f9b91fe5b607a6753047647ecc4b6f5d3801ddb8ead918c6f29517e1ccf4,gx-no-cache=1743086502632 HTTP/1.1" 200 53
154.81.156.34 - - [27/Mar/2025:11:40:25 -0300] "GET / HTTP/1.1" 200 11217
200.126.116.145 - - [27/Mar/2025:11:40:29 -0300] "POST /cormun/servlet/solicitudot?gx-no-cache=1743086530669 HTTP/1.1" 200 297
