192.168.2.144 - - [25/Mar/2025:17:00:51 -0300] "POST /cormun/servlet/trautorizarot?f27d67799fcbcfb2fb1f7ad9f8b74cd6,,gx-no-cache=1742932979433 HTTP/1.1" 200 5366
201.186.225.183 - - [25/Mar/2025:17:00:52 -0300] "GET /cormun/servlet/solicitudot?91b0994eed22982f411c1aa1316cfa3f1c064c29b5b37ad548f9904694c00762f6ae5f3a18295143591e10739195243457a2ce2e2fe62b078409e563866f0dfa009f80a10c19730ff8a7bbccbe4663c666989f518d46e1a34aadbdc0ead3ada9f350ba4a431ff0fb377a8bcc68a06262,gx-no-cache=1742932957375 HTTP/1.1" 200 110
201.186.225.183 - - [25/Mar/2025:17:00:52 -0300] "POST /cormun/servlet/solicitudot?gx-no-cache=1742932957398 HTTP/1.1" 200 97
201.186.225.183 - - [25/Mar/2025:17:00:55 -0300] "GET /cormun/servlet/solicitudot?91b0994eed22982f411c1aa1316cfa3f74d2b33864c9be879ce8c319ac7f7078beaf541b3c8f37cf97df86fd640502ca14851abcd0e365f95396af69489aa64d494f61356bb5b8c8bc8998ac64f009ebfba7e909f70061b25dfd6ef6071780d6a0819fcef5707c27a62ea0e3593b334f,gx-no-cache=1742932960057 HTTP/1.1" 200 29
201.186.225.183 - - [25/Mar/2025:17:00:55 -0300] "GET /cormun/static/menuarrow.gif HTTP/1.1" 404 1015
201.186.225.183 - - [25/Mar/2025:17:00:58 -0300] "GET /cormun/servlet/solicitudot?91b0994eed22982f411c1aa1316cfa3f2ff1978d1a4162509ed21fd655d763cb34e0f8a684d40533fe34e674aa717977,gx-no-cache=1742932962879 HTTP/1.1" 200 30
201.186.225.183 - - [25/Mar/2025:17:00:58 -0300] "POST /cormun/servlet/solicitudot?gx-no-cache=1742932962902 HTTP/1.1" 200 34
192.168.2.144 - - [25/Mar/2025:17:01:05 -0300] "GET /cormun/servlet/trsolicitudgral? HTTP/1.1" 200 9712
192.168.2.144 - - [25/Mar/2025:17:01:07 -0300] "GET /cormun/servlet/vesolicitudgral?2025,22194,, HTTP/1.1" 200 8416
192.168.2.144 - - [25/Mar/2025:17:01:07 -0300] "GET /cormun/pexe_scrolldiv.js HTTP/1.1" 404 1009
192.168.2.144 - - [25/Mar/2025:17:01:09 -0300] "GET /cormun/servlet/vesolicitudgral?2025,22194,,SolicitudOTAdjuntos HTTP/1.1" 200 11089
192.168.2.144 - - [25/Mar/2025:17:01:09 -0300] "GET /cormun/pexe_scrolldiv.js HTTP/1.1" 404 1009
192.168.2.144 - - [25/Mar/2025:17:01:10 -0300] "POST /cormun/servlet/acontrolpreferencessavestate?None,RRHH+DANIELA,true HTTP/1.1" 200 35
192.168.2.144 - - [25/Mar/2025:17:01:13 -0300] "GET /cormun/PublicTempStorage/carnet4987732.pdf HTTP/1.1" 200 143259
201.186.225.183 - - [25/Mar/2025:17:01:18 -0300] "POST /cormun/servlet/solicitudot?7e1588128ad357b94b3b9a44c82f9976,INS,0,0,false,,gx-no-cache=1742932982610 HTTP/1.1" 200 93
201.186.225.183 - - [25/Mar/2025:17:01:18 -0300] "GET /cormun/servlet/hpexe_return? HTTP/1.1" 200 1004
201.186.225.183 - - [25/Mar/2025:17:01:19 -0300] "GET /cormun/servlet/trsolicitudot HTTP/1.1" 200 8492
201.186.225.183 - - [25/Mar/2025:17:01:24 -0300] "POST /cormun/servlet/trsolicitudot?7e1588128ad357b94b3b9a44c82f9976,gx-no-cache=1742932989427 HTTP/1.1" 200 11604
201.186.225.183 - - [25/Mar/2025:17:01:27 -0300] "GET /cormun/servlet/vesolicitudot?2025,22036,, HTTP/1.1" 200 8360
201.186.225.183 - - [25/Mar/2025:17:01:27 -0300] "GET /cormun/pexe_scrolldiv.js HTTP/1.1" 404 1009
192.168.2.144 - - [25/Mar/2025:17:01:41 -0300] "GET /cormun/servlet/vesolicitudgral?2025,22194,,SolicitudOTAdjuntos HTTP/1.1" 200 11086
192.168.2.144 - - [25/Mar/2025:17:01:42 -0300] "POST /cormun/servlet/acontrolpreferencessavestate?None,RRHH+DANIELA,true HTTP/1.1" 200 35
192.168.2.144 - - [25/Mar/2025:17:01:44 -0300] "GET /cormun/PublicTempStorage/afp5119400.pdf HTTP/1.1" 200 175657
201.186.225.183 - - [25/Mar/2025:17:01:44 -0300] "GET /cormun/servlet/trsolicitudot? HTTP/1.1" 200 14482
192.168.2.144 - - [25/Mar/2025:17:01:47 -0300] "GET /cormun/servlet/vesolicitudgral?2025,22194,,SolicitudOTAdjuntos HTTP/1.1" 200 11089
192.168.2.144 - - [25/Mar/2025:17:01:48 -0300] "POST /cormun/servlet/acontrolpreferencessavestate?None,RRHH+DANIELA,true HTTP/1.1" 200 35
201.186.225.183 - - [25/Mar/2025:17:01:48 -0300] "POST /cormun/servlet/trsolicitudot?7e1588128ad357b94b3b9a44c82f9976,,gx-no-cache=1742933013603 HTTP/1.1" 200 112
201.186.225.183 - - [25/Mar/2025:17:01:48 -0300] "GET /cormun/servlet/solicitudot?UPD,2025,22254,false, HTTP/1.1" 200 16556
201.186.225.183 - - [25/Mar/2025:17:01:49 -0300] "POST /cormun/servlet/solicitudot?gx-no-cache=1742933014414 HTTP/1.1" 200 4130
201.186.225.183 - - [25/Mar/2025:17:01:49 -0300] "POST /cormun/servlet/solicitudot?7e1588128ad357b94b3b9a44c82f9976,UPD,2025,22254,false,,gx-no-cache=1742933014517 HTTP/1.1" 200 12756
201.186.225.183 - - [25/Mar/2025:17:01:49 -0300] "GET /cormun/servlet/solicitudot?91b0994eed22982f411c1aa1316cfa3f147ff7d4d80c53d886e27e9c922245db37705b11b7fb5fcb836cb44a5124cbad,gx-no-cache=1742933014623 HTTP/1.1" 200 30
201.186.225.183 - - [25/Mar/2025:17:01:49 -0300] "GET /cormun/servlet/solicitudot?91b0994eed22982f411c1aa1316cfa3f6dcad5e3c3df1b30e73e3b0478aa263f481206d05144cad9a7aee75c280d4223f407c8a5036f48dd43ba368af7904dea,gx-no-cache=1742933014640 HTTP/1.1" 200 30
201.186.225.183 - - [25/Mar/2025:17:01:49 -0300] "GET /cormun/servlet/solicitudot?91b0994eed22982f411c1aa1316cfa3fbd9f6e0533e2482b5fe1ca7449b05354895010b401bc17c2ca40ac0c34d145a1ed7d61dc9c2d13c5071019a4441ea230,gx-no-cache=1742933014656 HTTP/1.1" 200 53
201.186.225.183 - - [25/Mar/2025:17:01:49 -0300] "POST /cormun/servlet/solicitudot?gx-no-cache=1742933014674 HTTP/1.1" 200 238
201.186.225.183 - - [25/Mar/2025:17:01:49 -0300] "GET /cormun/servlet/solicitudot?91b0994eed22982f411c1aa1316cfa3f7b04d9a3ff11b2e353f08ad41cfb426575dcf99c7d72c62ef4dd4899216bca9f9616de974b6d32246cf354b0c6b6b14455341c4faed421b21edf882b7fa199da4455af4eb91f6500a5d3f152f4e0fe0ffdecd5d28f7e9db931edc6151bd9c032178af97f652696c4a22e9670a305b40b2bb30d2095af1db0436694f78870aae2a563559c20e34b361261e2ba92d336c8f9206dcbb53511683f010064a9a8908ae485e14ae961afa9de5fbe88b0cf6a0f862a7d115ca1d128f66a2c3b5f5b4885a0e1c788c6c23e941b0a3e9cba68ffef4c1b9f6ddc82600d0b3ea286141b1e5cc94cfaa8ea72264b2c243555bc4d6679d3d4ffac01fa726bffcf5570880462524fd4405a0808b0acb25df076482259903513ad43f17372f2ba408fdde953026d7e047d9a44086f1762c64cce79edfa8760ef60f6405ccb5712001492d11bc3dcc42e4969def14e714fe2805dd2808ddbde2564d75f14724d9caecf7c86afcd1fa1687f8ec8845964b85db9ed08933a0c,gx-no-cache=1742933014695 HTTP/1.1" 200 30
201.186.225.183 - - [25/Mar/2025:17:01:49 -0300] "POST /cormun/servlet/solicitudot?gx-no-cache=1742933014714 HTTP/1.1" 200 30
201.186.225.183 - - [25/Mar/2025:17:01:50 -0300] "POST /cormun/servlet/solicitudot?gx-no-cache=1742933014739 HTTP/1.1" 200 1483
201.186.225.183 - - [25/Mar/2025:17:01:50 -0300] "POST /cormun/servlet/solicitudot?gx-no-cache=1742933014818 HTTP/1.1" 200 41
201.186.225.183 - - [25/Mar/2025:17:01:52 -0300] "GET /cormun/servlet/prbanco?,MD,,gxPopupLevel%3D0%3B HTTP/1.1" 200 6630
201.186.225.183 - - [25/Mar/2025:17:01:57 -0300] "GET /cormun/servlet/solicitudot?91b0994eed22982f411c1aa1316cfa3f7ae0eeeaff5300cfe21b72041edd9d79895010b401bc17c2ca40ac0c34d145a1ed7d61dc9c2d13c5071019a4441ea230,gx-no-cache=1742933022360 HTTP/1.1" 200 70
201.186.225.183 - - [25/Mar/2025:17:02:03 -0300] "POST /cormun/servlet/solicitudot?gx-no-cache=1742933027913 HTTP/1.1" 200 30
201.186.225.183 - - [25/Mar/2025:17:02:03 -0300] "POST /cormun/servlet/solicitudot?gx-no-cache=1742933027934 HTTP/1.1" 200 1483
201.186.225.183 - - [25/Mar/2025:17:02:03 -0300] "POST /cormun/servlet/solicitudot?gx-no-cache=1742933028006 HTTP/1.1" 200 41
201.186.225.183 - - [25/Mar/2025:17:02:03 -0300] "GET /cormun/servlet/solicitudot?91b0994eed22982f411c1aa1316cfa3f1c064c29b5b37ad548f9904694c00762f6ae5f3a18295143591e10739195243457a2ce2e2fe62b078409e563866f0dfa009f80a10c19730ff8a7bbccbe4663c666989f518d46e1a34aadbdc0ead3ada9f350ba4a431ff0fb377a8bcc68a06262,gx-no-cache=1742933028023 HTTP/1.1" 200 110
201.186.225.183 - - [25/Mar/2025:17:02:03 -0300] "POST /cormun/servlet/solicitudot?gx-no-cache=1742933028041 HTTP/1.1" 200 67
201.186.225.183 - - [25/Mar/2025:17:02:03 -0300] "GET /cormun/servlet/solicitudot?91b0994eed22982f411c1aa1316cfa3f51d97b83bff9babb78f6b0ba63c4f09168a948fe65aab1f76fe574720c10b7a3a4f1c896171f49302fbb3736583a915d39b27d69be0bc3f24955ed38bc6e5cf18bba72b83dad017e932215e96113ac4fd20c1f3a070f1858ef47159f04b170a8,gx-no-cache=1742933028071 HTTP/1.1" 200 29
201.186.225.183 - - [25/Mar/2025:17:02:03 -0300] "GET /cormun/servlet/solicitudot?91b0994eed22982f411c1aa1316cfa3f2ff1978d1a4162509ed21fd655d763cb34e0f8a684d40533fe34e674aa717977,gx-no-cache=1742933028091 HTTP/1.1" 200 30
201.186.225.183 - - [25/Mar/2025:17:02:03 -0300] "POST /cormun/servlet/solicitudot?gx-no-cache=1742933028114 HTTP/1.1" 200 34
201.186.225.183 - - [25/Mar/2025:17:02:03 -0300] "POST /cormun/servlet/solicitudot?7e1588128ad357b94b3b9a44c82f9976,UPD,2025,22254,false,,gx-no-cache=1742933028132 HTTP/1.1" 200 93
201.186.225.183 - - [25/Mar/2025:17:02:03 -0300] "GET /cormun/servlet/hpexe_return? HTTP/1.1" 200 1009
201.186.225.183 - - [25/Mar/2025:17:02:03 -0300] "GET /cormun/servlet/trsolicitudot HTTP/1.1" 200 14481
201.186.225.183 - - [25/Mar/2025:17:02:07 -0300] "GET /cormun/servlet/treventos?2025,22254, HTTP/1.1" 200 6034
201.186.225.183 - - [25/Mar/2025:17:02:07 -0300] "GET /cormun/static/gxcfg.js?20201215584657 HTTP/1.1" 200 953
201.186.225.183 - - [25/Mar/2025:17:02:07 -0300] "GET /cormun/static/treventos.js?2020121558506 HTTP/1.1" 200 16063
201.186.225.183 - - [25/Mar/2025:17:02:12 -0300] "GET /cormun/servlet/trsolicitudot? HTTP/1.1" 200 14477
201.186.225.183 - - [25/Mar/2025:17:02:20 -0300] "POST /cormun/servlet/trsolicitudot?7e1588128ad357b94b3b9a44c82f9976,,gx-no-cache=1742933045540 HTTP/1.1" 200 11635
201.186.225.183 - - [25/Mar/2025:17:02:21 -0300] "GET /cormun/static/Shared/jqueryui/images/ui-icons_82798d_256x240.png HTTP/1.1" 404 1089
201.186.225.183 - - [25/Mar/2025:17:02:21 -0300] "GET /cormun/static/Shared/jqueryui/images/ui-bg_highlight-soft_100_c6c2c8_1x100.png HTTP/1.1" 404 1117
201.186.225.183 - - [25/Mar/2025:17:02:21 -0300] "GET /cormun/static/Shared/jqueryui/images/ui-bg_flat_55_fafafa_40x100.png HTTP/1.1" 404 1097
201.186.225.183 - - [25/Mar/2025:17:02:21 -0300] "GET /cormun/static/Shared/jqueryui/images/ui-icons_8d78a5_256x240.png HTTP/1.1" 404 1089
201.186.225.183 - - [25/Mar/2025:17:02:21 -0300] "POST /cormun/servlet/trsolicitudot?7e1588128ad357b94b3b9a44c82f9976,,gx-no-cache=1742933045806 HTTP/1.1" 200 11576
201.186.225.183 - - [25/Mar/2025:17:02:23 -0300] "GET /cormun/servlet/trsolicitudot? HTTP/1.1" 200 14476
201.186.225.183 - - [25/Mar/2025:17:02:24 -0300] "GET /cormun/servlet/hlogin HTTP/1.1" 200 1734
201.186.225.183 - - [25/Mar/2025:17:02:31 -0300] "POST /cormun/servlet/hlogin?7e1588128ad357b94b3b9a44c82f9976,gx-no-cache=1742933056165 HTTP/1.1" 200 90
201.186.225.183 - - [25/Mar/2025:17:02:31 -0300] "GET /cormun/servlet/hpexe_link HTTP/1.1" 200 947
201.186.225.183 - - [25/Mar/2025:17:02:31 -0300] "GET /cormun/servlet/hhome HTTP/1.1" 200 4337
201.186.225.183 - - [25/Mar/2025:17:02:33 -0300] "GET /cormun/servlet/trautorizarsolicitud? HTTP/1.1" 200 8870
201.186.225.183 - - [25/Mar/2025:17:02:39 -0300] "POST /cormun/servlet/trautorizarsolicitud?7e1588128ad357b94b3b9a44c82f9976,,gx-no-cache=1742933064195 HTTP/1.1" 200 4794
201.186.225.183 - - [25/Mar/2025:17:02:39 -0300] "POST /cormun/servlet/trautorizarsolicitud?7e1588128ad357b94b3b9a44c82f9976,,gx-no-cache=1742933064302 HTTP/1.1" 200 4526
201.186.225.183 - - [25/Mar/2025:17:02:48 -0300] "GET /cormun/servlet/trlicencias? HTTP/1.1" 200 12150
201.186.225.183 - - [25/Mar/2025:17:02:52 -0300] "GET /cormun/servlet/hlogin HTTP/1.1" 200 1732
10.40.40.2 - - [25/Mar/2025:17:03:56 -0300] "GET /cormun/servlet/vesolicitudgral?2025,22131,, HTTP/1.1" 200 8408
10.40.40.2 - - [25/Mar/2025:17:03:56 -0300] "GET /cormun/pexe_scrolldiv.js HTTP/1.1" 404 1009
192.168.2.144 - - [25/Mar/2025:17:04:47 -0300] "GET /cormun/servlet/trsolicitudgral? HTTP/1.1" 200 8331
179.57.78.55 - - [25/Mar/2025:17:04:51 -0300] "GET /cormun/servlet/trlicencias? HTTP/1.1" 200 6051
179.57.78.55 - - [25/Mar/2025:17:04:51 -0300] "GET /cormun/servlet/hlogin HTTP/1.1" 200 1741
192.168.2.144 - - [25/Mar/2025:17:04:51 -0300] "POST /cormun/servlet/trsolicitudgral?f27d67799fcbcfb2fb1f7ad9f8b74cd6,,gx-no-cache=1742933219806 HTTP/1.1" 200 6955
179.57.78.55 - - [25/Mar/2025:17:04:58 -0300] "POST /cormun/servlet/hlogin?32ef8bd98035995a64d5c39e5b688bf6,gx-no-cache=1742933200441 HTTP/1.1" 200 90
179.57.78.55 - - [25/Mar/2025:17:04:58 -0300] "GET /cormun/servlet/hpexe_link HTTP/1.1" 200 961
179.57.78.55 - - [25/Mar/2025:17:04:58 -0300] "GET /cormun/servlet/trlicencias HTTP/1.1" 200 8995
192.168.2.144 - - [25/Mar/2025:17:07:24 -0300] "POST /cormun/servlet/trsolicitudgral?f27d67799fcbcfb2fb1f7ad9f8b74cd6,,gx-no-cache=1742933372318 HTTP/1.1" 200 5488
192.168.2.144 - - [25/Mar/2025:17:07:24 -0300] "GET /cormun/static/Shared/jqueryui/images/ui-bg_highlight-soft_100_c6c2c8_1x100.png HTTP/1.1" 404 1117
192.168.2.144 - - [25/Mar/2025:17:07:24 -0300] "GET /cormun/static/Shared/jqueryui/images/ui-icons_82798d_256x240.png HTTP/1.1" 404 1089
192.168.2.144 - - [25/Mar/2025:17:07:24 -0300] "GET /cormun/static/Shared/jqueryui/images/ui-bg_flat_55_fafafa_40x100.png HTTP/1.1" 404 1097
192.168.2.144 - - [25/Mar/2025:17:07:24 -0300] "GET /cormun/static/Shared/jqueryui/images/ui-icons_8d78a5_256x240.png HTTP/1.1" 404 1089
192.168.2.144 - - [25/Mar/2025:17:07:26 -0300] "GET /cormun/servlet/trautorizarot? HTTP/1.1" 200 9836
192.168.2.144 - - [25/Mar/2025:17:07:29 -0300] "POST /cormun/servlet/trautorizarot?f27d67799fcbcfb2fb1f7ad9f8b74cd6,,gx-no-cache=1742933377767 HTTP/1.1" 200 5332
192.168.2.144 - - [25/Mar/2025:17:07:31 -0300] "GET /cormun/servlet/trsolicitudgral? HTTP/1.1" 200 8314
192.168.2.144 - - [25/Mar/2025:17:07:34 -0300] "POST /cormun/servlet/trsolicitudgral?f27d67799fcbcfb2fb1f7ad9f8b74cd6,,gx-no-cache=1742933382741 HTTP/1.1" 200 6940
192.168.2.144 - - [25/Mar/2025:17:07:36 -0300] "GET /cormun/servlet/vesolicitudgral?2025,22012,, HTTP/1.1" 200 8380
192.168.2.144 - - [25/Mar/2025:17:07:36 -0300] "GET /cormun/pexe_scrolldiv.js HTTP/1.1" 404 1009
192.168.2.144 - - [25/Mar/2025:17:07:38 -0300] "GET /cormun/servlet/vesolicitudgral?2025,22012,,SolicitudOTAdjuntos HTTP/1.1" 200 7074
192.168.2.144 - - [25/Mar/2025:17:07:38 -0300] "GET /cormun/pexe_scrolldiv.js HTTP/1.1" 404 1009
192.168.2.144 - - [25/Mar/2025:17:07:39 -0300] "POST /cormun/servlet/acontrolpreferencessavestate?None,RRHH+DANIELA,true HTTP/1.1" 200 35
192.168.2.144 - - [25/Mar/2025:17:07:40 -0300] "GET /cormun/servlet/vesolicitudgral?2025,22012,, HTTP/1.1" 200 8380
10.40.40.2 - - [25/Mar/2025:17:12:15 -0300] "POST /cormun/servlet/vesolicitudgral?7ca83e397151e98821104346b6ac9d61,2025,22131,,,gx-no-cache=1742933901189 HTTP/1.1" 200 12367
10.40.40.2 - - [25/Mar/2025:17:12:15 -0300] "POST /cormun/servlet/vesolicitudgral?7ca83e397151e98821104346b6ac9d61,2025,22131,,,gx-no-cache=1742933901345 HTTP/1.1" 200 12302
10.40.40.2 - - [25/Mar/2025:17:12:18 -0300] "GET /cormun/servlet/trsolicitudgral? HTTP/1.1" 200 10845
10.40.40.2 - - [25/Mar/2025:17:12:25 -0300] "GET /cormun/servlet/trautorizarot? HTTP/1.1" 200 9556
10.40.40.2 - - [25/Mar/2025:17:12:28 -0300] "POST /cormun/servlet/trautorizarot?7ca83e397151e98821104346b6ac9d61,,gx-no-cache=1742933913930 HTTP/1.1" 200 5331
10.40.40.2 - - [25/Mar/2025:17:12:38 -0300] "GET /cormun/servlet/trsolicitudgral? HTTP/1.1" 200 10842
10.40.40.2 - - [25/Mar/2025:17:12:41 -0300] "POST /cormun/servlet/trsolicitudgral?7ca83e397151e98821104346b6ac9d61,,gx-no-cache=1742933926691 HTTP/1.1" 200 9712
10.40.40.2 - - [25/Mar/2025:17:12:44 -0300] "GET /cormun/servlet/vesolicitudgral?2025,22131,, HTTP/1.1" 200 8411
10.40.40.2 - - [25/Mar/2025:17:12:44 -0300] "GET /cormun/pexe_scrolldiv.js HTTP/1.1" 404 1009
190.95.67.93 - - [25/Mar/2025:17:12:44 -0300] "GET /cormun/servlet/hlogin HTTP/1.1" 200 1718
190.95.67.93 - - [25/Mar/2025:17:12:48 -0300] "POST /cormun/servlet/hlogin?cb9385538c1b3a01044f6d01ee226d83,gx-no-cache=1742933671689 HTTP/1.1" 200 90
190.95.67.93 - - [25/Mar/2025:17:12:48 -0300] "GET /cormun/servlet/hpexe_link HTTP/1.1" 200 951
190.95.67.93 - - [25/Mar/2025:17:12:48 -0300] "GET /cormun/servlet/hhome HTTP/1.1" 200 4338
10.40.40.2 - - [25/Mar/2025:17:12:54 -0300] "GET /cormun/servlet/vesolicitudgral?2025,22131,,SolicitudOTAdjuntos HTTP/1.1" 200 11171
10.40.40.2 - - [25/Mar/2025:17:12:54 -0300] "GET /cormun/pexe_scrolldiv.js HTTP/1.1" 404 1009
10.40.40.2 - - [25/Mar/2025:17:12:55 -0300] "POST /cormun/servlet/acontrolpreferencessavestate?None,RRHH+DANIELA,true HTTP/1.1" 200 35
10.40.40.2 - - [25/Mar/2025:17:12:56 -0300] "GET /cormun/PublicTempStorage/fotocopia_karina_sotelo311615.pdf HTTP/1.1" 200 164218
190.95.67.93 - - [25/Mar/2025:17:12:56 -0300] "GET /cormun/servlet/trpermisosgoce? HTTP/1.1" 200 8917
190.95.67.93 - - [25/Mar/2025:17:13:10 -0300] "GET /cormun/servlet/apermisogoceprn?19526595,P,20250325102227,PU HTTP/1.1" 200 1655
10.40.40.2 - - [25/Mar/2025:17:13:15 -0300] "GET /cormun/servlet/vesolicitudgral?2025,22131,,SolicitudOTAdjuntos HTTP/1.1" 200 11174
10.40.40.2 - - [25/Mar/2025:17:13:16 -0300] "POST /cormun/servlet/acontrolpreferencessavestate?None,RRHH+DANIELA,true HTTP/1.1" 200 35
10.40.40.2 - - [25/Mar/2025:17:13:17 -0300] "GET /cormun/PublicTempStorage/cv__karina_sotelo_2024_%281%293263234.pdf HTTP/1.1" 200 201820
10.40.40.2 - - [25/Mar/2025:17:13:33 -0300] "GET /cormun/servlet/vesolicitudgral?2025,22131,,SolicitudOTAdjuntos HTTP/1.1" 200 11173
10.40.40.2 - - [25/Mar/2025:17:13:35 -0300] "POST /cormun/servlet/acontrolpreferencessavestate?None,RRHH+DANIELA,true HTTP/1.1" 200 35
10.40.40.2 - - [25/Mar/2025:17:13:36 -0300] "GET /cormun/PublicTempStorage/afiliacion_cuprum1716345.pdf HTTP/1.1" 200 124006
10.40.40.2 - - [25/Mar/2025:17:14:09 -0300] "GET /cormun/servlet/vesolicitudgral?2025,22131,,SolicitudOTAdjuntos HTTP/1.1" 200 11176
10.40.40.2 - - [25/Mar/2025:17:14:10 -0300] "POST /cormun/servlet/acontrolpreferencessavestate?None,RRHH+DANIELA,true HTTP/1.1" 200 35
10.40.40.2 - - [25/Mar/2025:17:14:10 -0300] "GET /cormun/PublicTempStorage/isapre_karina_sotelo5874344.pdf HTTP/1.1" 200 60796
10.40.40.2 - - [25/Mar/2025:17:14:45 -0300] "GET /cormun/servlet/vesolicitudgral?2025,22131,,SolicitudOTAdjuntos HTTP/1.1" 200 11175
10.40.40.2 - - [25/Mar/2025:17:14:46 -0300] "POST /cormun/servlet/acontrolpreferencessavestate?None,RRHH+DANIELA,true HTTP/1.1" 200 35
10.40.40.2 - - [25/Mar/2025:17:14:47 -0300] "GET /cormun/servlet/vesolicitudgral?2025,22131,,General HTTP/1.1" 200 8413
10.40.40.2 - - [25/Mar/2025:17:14:47 -0300] "GET /cormun/pexe_scrolldiv.js HTTP/1.1" 404 1009
10.40.40.2 - - [25/Mar/2025:17:19:14 -0300] "GET /cormun/servlet/trsolicitudgral? HTTP/1.1" 200 12773
10.40.40.2 - - [25/Mar/2025:17:19:17 -0300] "POST /cormun/servlet/trsolicitudgral?7ca83e397151e98821104346b6ac9d61,,gx-no-cache=1742934322884 HTTP/1.1" 200 7787
10.40.40.2 - - [25/Mar/2025:17:19:26 -0300] "POST /cormun/servlet/trsolicitudgral?7ca83e397151e98821104346b6ac9d61,,gx-no-cache=1742934331433 HTTP/1.1" 200 5265
192.168.2.144 - - [25/Mar/2025:17:20:24 -0300] "GET /cormun/servlet/trsolicitudgral? HTTP/1.1" 200 8325
10.40.40.2 - - [25/Mar/2025:17:20:25 -0300] "POST /cormun/servlet/trsolicitudgral?7ca83e397151e98821104346b6ac9d61,,gx-no-cache=1742934391377 HTTP/1.1" 200 5266
192.168.2.144 - - [25/Mar/2025:17:20:26 -0300] "POST /cormun/servlet/trsolicitudgral?f27d67799fcbcfb2fb1f7ad9f8b74cd6,,gx-no-cache=1742934154695 HTTP/1.1" 200 5261
10.40.40.2 - - [25/Mar/2025:17:20:29 -0300] "POST /cormun/servlet/trsolicitudgral?7ca83e397151e98821104346b6ac9d61,,gx-no-cache=1742934394545 HTTP/1.1" 200 5267
192.168.2.144 - - [25/Mar/2025:17:20:30 -0300] "POST /cormun/servlet/trsolicitudgral?f27d67799fcbcfb2fb1f7ad9f8b74cd6,,gx-no-cache=1742934158880 HTTP/1.1" 200 5260
10.40.40.2 - - [25/Mar/2025:17:20:32 -0300] "POST /cormun/servlet/trsolicitudgral?7ca83e397151e98821104346b6ac9d61,,gx-no-cache=1742934397769 HTTP/1.1" 200 7055
192.168.2.144 - - [25/Mar/2025:17:20:34 -0300] "POST /cormun/servlet/trsolicitudgral?f27d67799fcbcfb2fb1f7ad9f8b74cd6,,gx-no-cache=1742934162256 HTTP/1.1" 200 5262
192.168.2.144 - - [25/Mar/2025:17:20:38 -0300] "POST /cormun/servlet/trsolicitudgral?f27d67799fcbcfb2fb1f7ad9f8b74cd6,,gx-no-cache=1742934166471 HTTP/1.1" 200 5263
192.168.2.144 - - [25/Mar/2025:17:20:38 -0300] "POST /cormun/servlet/trsolicitudgral?f27d67799fcbcfb2fb1f7ad9f8b74cd6,,gx-no-cache=1742934166935 HTTP/1.1" 200 5263
192.168.2.144 - - [25/Mar/2025:17:20:45 -0300] "POST /cormun/servlet/trsolicitudgral?f27d67799fcbcfb2fb1f7ad9f8b74cd6,,gx-no-cache=1742934173767 HTTP/1.1" 200 5260
192.168.2.144 - - [25/Mar/2025:17:20:49 -0300] "POST /cormun/servlet/trsolicitudgral?f27d67799fcbcfb2fb1f7ad9f8b74cd6,,gx-no-cache=1742934177936 HTTP/1.1" 200 5262
192.168.2.144 - - [25/Mar/2025:17:20:55 -0300] "POST /cormun/servlet/trsolicitudgral?f27d67799fcbcfb2fb1f7ad9f8b74cd6,,gx-no-cache=1742934183767 HTTP/1.1" 200 5262
10.40.40.2 - - [25/Mar/2025:17:20:57 -0300] "POST /cormun/servlet/trsolicitudgral?7ca83e397151e98821104346b6ac9d61,,gx-no-cache=1742934422489 HTTP/1.1" 200 7055
192.168.2.144 - - [25/Mar/2025:17:21:00 -0300] "POST /cormun/servlet/trsolicitudgral?f27d67799fcbcfb2fb1f7ad9f8b74cd6,,gx-no-cache=1742934188711 HTTP/1.1" 200 5262
10.40.40.2 - - [25/Mar/2025:17:21:01 -0300] "POST /cormun/servlet/trsolicitudgral?7ca83e397151e98821104346b6ac9d61,,gx-no-cache=1742934426609 HTTP/1.1" 200 7934
192.168.2.144 - - [25/Mar/2025:17:21:06 -0300] "POST /cormun/servlet/trsolicitudgral?f27d67799fcbcfb2fb1f7ad9f8b74cd6,,gx-no-cache=1742934194607 HTTP/1.1" 200 5258
192.168.2.144 - - [25/Mar/2025:17:21:12 -0300] "POST /cormun/servlet/trsolicitudgral?f27d67799fcbcfb2fb1f7ad9f8b74cd6,,gx-no-cache=1742934200359 HTTP/1.1" 200 5261
192.168.2.144 - - [25/Mar/2025:17:21:16 -0300] "POST /cormun/servlet/trsolicitudgral?f27d67799fcbcfb2fb1f7ad9f8b74cd6,,gx-no-cache=1742934204639 HTTP/1.1" 200 5261
192.168.2.144 - - [25/Mar/2025:17:21:16 -0300] "POST /cormun/servlet/trsolicitudgral?f27d67799fcbcfb2fb1f7ad9f8b74cd6,,gx-no-cache=1742934205095 HTTP/1.1" 200 5261
192.168.2.144 - - [25/Mar/2025:17:21:20 -0300] "POST /cormun/servlet/trsolicitudgral?f27d67799fcbcfb2fb1f7ad9f8b74cd6,,gx-no-cache=1742934208454 HTTP/1.1" 200 7148
192.168.2.144 - - [25/Mar/2025:17:21:24 -0300] "POST /cormun/servlet/trsolicitudgral?f27d67799fcbcfb2fb1f7ad9f8b74cd6,,gx-no-cache=1742934212918 HTTP/1.1" 200 7171
192.168.2.144 - - [25/Mar/2025:17:21:28 -0300] "POST /cormun/servlet/trsolicitudgral?f27d67799fcbcfb2fb1f7ad9f8b74cd6,,gx-no-cache=1742934216911 HTTP/1.1" 200 5259
192.168.2.144 - - [25/Mar/2025:17:21:44 -0300] "POST /cormun/servlet/trsolicitudgral?f27d67799fcbcfb2fb1f7ad9f8b74cd6,,gx-no-cache=1742934232806 HTTP/1.1" 200 7929
10.40.40.2 - - [25/Mar/2025:17:22:43 -0300] "POST /cormun/servlet/trsolicitudgral?7ca83e397151e98821104346b6ac9d61,,gx-no-cache=1742934528465 HTTP/1.1" 200 5266
10.40.40.2 - - [25/Mar/2025:17:22:56 -0300] "POST /cormun/servlet/trsolicitudgral?7ca83e397151e98821104346b6ac9d61,,gx-no-cache=1742934541913 HTTP/1.1" 200 7934
10.40.40.2 - - [25/Mar/2025:17:23:17 -0300] "POST /cormun/servlet/trsolicitudgral?7ca83e397151e98821104346b6ac9d61,,gx-no-cache=1742934562410 HTTP/1.1" 200 5266
10.40.40.2 - - [25/Mar/2025:17:23:21 -0300] "POST /cormun/servlet/trsolicitudgral?7ca83e397151e98821104346b6ac9d61,,gx-no-cache=1742934567281 HTTP/1.1" 200 5266
10.40.40.2 - - [25/Mar/2025:17:23:25 -0300] "GET /cormun/servlet/hlogin HTTP/1.1" 200 1724
10.40.40.2 - - [25/Mar/2025:17:23:27 -0300] "POST /cormun/servlet/hlogin?4f2a96fee7dc4c55e64f1b7ef2a2d459,gx-no-cache=1742934335357 HTTP/1.1" 200 90
10.40.40.2 - - [25/Mar/2025:17:23:27 -0300] "GET /cormun/servlet/hpexe_link HTTP/1.1" 200 955
10.40.40.2 - - [25/Mar/2025:17:23:27 -0300] "GET /cormun/servlet/hhome HTTP/1.1" 200 3825
10.40.40.2 - - [25/Mar/2025:17:23:29 -0300] "GET /cormun/servlet/trsolicitudgral? HTTP/1.1" 200 28831
10.40.40.2 - - [25/Mar/2025:17:23:34 -0300] "POST /cormun/servlet/trsolicitudgral?4f2a96fee7dc4c55e64f1b7ef2a2d459,,gx-no-cache=1742934342929 HTTP/1.1" 200 7046
10.40.40.2 - - [25/Mar/2025:17:24:37 -0300] "POST /cormun/servlet/trsolicitudgral?7ca83e397151e98821104346b6ac9d61,,gx-no-cache=1742934642721 HTTP/1.1" 200 5268
10.40.40.2 - - [25/Mar/2025:17:24:40 -0300] "POST /cormun/servlet/trsolicitudgral?7ca83e397151e98821104346b6ac9d61,,gx-no-cache=1742934645601 HTTP/1.1" 200 5266
10.40.40.2 - - [25/Mar/2025:17:24:45 -0300] "POST /cormun/servlet/trsolicitudgral?7ca83e397151e98821104346b6ac9d61,,gx-no-cache=1742934651064 HTTP/1.1" 200 5266
10.40.40.2 - - [25/Mar/2025:17:24:50 -0300] "POST /cormun/servlet/trsolicitudgral?7ca83e397151e98821104346b6ac9d61,,gx-no-cache=1742934655761 HTTP/1.1" 200 5269
10.40.40.2 - - [25/Mar/2025:17:24:53 -0300] "POST /cormun/servlet/trsolicitudgral?7ca83e397151e98821104346b6ac9d61,,gx-no-cache=1742934658849 HTTP/1.1" 200 5267
10.40.40.2 - - [25/Mar/2025:17:24:57 -0300] "POST /cormun/servlet/trsolicitudgral?7ca83e397151e98821104346b6ac9d61,,gx-no-cache=1742934662872 HTTP/1.1" 200 7177
10.40.40.2 - - [25/Mar/2025:17:25:09 -0300] "POST /cormun/servlet/trsolicitudgral?7ca83e397151e98821104346b6ac9d61,,gx-no-cache=1742934675041 HTTP/1.1" 200 5266
10.40.40.2 - - [25/Mar/2025:17:25:14 -0300] "POST /cormun/servlet/trsolicitudgral?7ca83e397151e98821104346b6ac9d61,,gx-no-cache=1742934680225 HTTP/1.1" 200 7556
10.40.40.2 - - [25/Mar/2025:17:25:24 -0300] "GET /cormun/servlet/vesolicitudgral?2025,22152,, HTTP/1.1" 200 8419
10.40.40.2 - - [25/Mar/2025:17:25:24 -0300] "GET /cormun/pexe_scrolldiv.js HTTP/1.1" 404 1009
10.40.40.2 - - [25/Mar/2025:17:25:55 -0300] "GET /cormun/servlet/trsolicitudgral? HTTP/1.1" 200 10611
10.40.40.2 - - [25/Mar/2025:17:26:01 -0300] "POST /cormun/servlet/trsolicitudgral?4f2a96fee7dc4c55e64f1b7ef2a2d459,,gx-no-cache=1742934490132 HTTP/1.1" 200 7928
10.40.40.2 - - [25/Mar/2025:17:26:04 -0300] "POST /cormun/servlet/trsolicitudgral?4f2a96fee7dc4c55e64f1b7ef2a2d459,,gx-no-cache=1742934492588 HTTP/1.1" 200 5253
10.40.40.2 - - [25/Mar/2025:17:26:06 -0300] "POST /cormun/servlet/trsolicitudgral?4f2a96fee7dc4c55e64f1b7ef2a2d459,,gx-no-cache=1742934495107 HTTP/1.1" 200 5254
10.40.40.2 - - [25/Mar/2025:17:26:10 -0300] "POST /cormun/servlet/trsolicitudgral?4f2a96fee7dc4c55e64f1b7ef2a2d459,,gx-no-cache=1742934498482 HTTP/1.1" 200 5253
10.40.40.2 - - [25/Mar/2025:17:26:12 -0300] "POST /cormun/servlet/trsolicitudgral?7ca83e397151e98821104346b6ac9d61,,gx-no-cache=1742934738154 HTTP/1.1" 200 5264
10.40.40.2 - - [25/Mar/2025:17:26:13 -0300] "POST /cormun/servlet/trsolicitudgral?4f2a96fee7dc4c55e64f1b7ef2a2d459,,gx-no-cache=1742934501851 HTTP/1.1" 200 5253
10.40.40.2 - - [25/Mar/2025:17:26:16 -0300] "POST /cormun/servlet/trsolicitudgral?4f2a96fee7dc4c55e64f1b7ef2a2d459,,gx-no-cache=1742934504522 HTTP/1.1" 200 5255
10.40.40.2 - - [25/Mar/2025:17:26:16 -0300] "POST /cormun/servlet/trsolicitudgral?7ca83e397151e98821104346b6ac9d61,,gx-no-cache=1742934741719 HTTP/1.1" 200 7585
10.40.40.2 - - [25/Mar/2025:17:26:18 -0300] "POST /cormun/servlet/trsolicitudgral?4f2a96fee7dc4c55e64f1b7ef2a2d459,,gx-no-cache=1742934507211 HTTP/1.1" 200 5253
10.40.40.2 - - [25/Mar/2025:17:26:21 -0300] "POST /cormun/servlet/trsolicitudgral?4f2a96fee7dc4c55e64f1b7ef2a2d459,,gx-no-cache=1742934509331 HTTP/1.1" 200 5253
10.40.40.2 - - [25/Mar/2025:17:26:23 -0300] "POST /cormun/servlet/trsolicitudgral?4f2a96fee7dc4c55e64f1b7ef2a2d459,,gx-no-cache=1742934512170 HTTP/1.1" 200 5254
10.40.40.2 - - [25/Mar/2025:17:26:24 -0300] "GET /cormun/servlet/vesolicitudgral?2025,21947,, HTTP/1.1" 200 8362
10.40.40.2 - - [25/Mar/2025:17:26:24 -0300] "GET /cormun/pexe_scrolldiv.js HTTP/1.1" 404 1009
10.40.40.2 - - [25/Mar/2025:17:26:40 -0300] "POST /cormun/servlet/trsolicitudgral?4f2a96fee7dc4c55e64f1b7ef2a2d459,,gx-no-cache=1742934528386 HTTP/1.1" 200 7166
10.40.40.2 - - [25/Mar/2025:17:29:04 -0300] "POST /cormun/servlet/trsolicitudgral?4f2a96fee7dc4c55e64f1b7ef2a2d459,,gx-no-cache=1742934672140 HTTP/1.1" 200 6692
10.40.40.2 - - [25/Mar/2025:17:29:04 -0300] "GET /cormun/static/Shared/jqueryui/images/ui-icons_82798d_256x240.png HTTP/1.1" 404 1089
10.40.40.2 - - [25/Mar/2025:17:29:04 -0300] "GET /cormun/static/Shared/jqueryui/images/ui-bg_highlight-soft_100_c6c2c8_1x100.png HTTP/1.1" 404 1117
10.40.40.2 - - [25/Mar/2025:17:29:04 -0300] "GET /cormun/static/Shared/jqueryui/images/ui-icons_8d78a5_256x240.png HTTP/1.1" 404 1089
10.40.40.2 - - [25/Mar/2025:17:29:04 -0300] "GET /cormun/static/Shared/jqueryui/images/ui-bg_flat_55_fafafa_40x100.png HTTP/1.1" 404 1097
10.40.40.2 - - [25/Mar/2025:17:29:38 -0300] "POST /cormun/servlet/trsolicitudgral?4f2a96fee7dc4c55e64f1b7ef2a2d459,,gx-no-cache=1742934706467 HTTP/1.1" 200 5471
10.40.40.2 - - [25/Mar/2025:17:29:41 -0300] "GET /cormun/servlet/trsolicitudgral? HTTP/1.1" 200 8325
10.40.40.2 - - [25/Mar/2025:17:29:42 -0300] "GET /cormun/servlet/trautorizarot? HTTP/1.1" 200 10064
10.40.40.2 - - [25/Mar/2025:17:29:45 -0300] "POST /cormun/servlet/trautorizarot?4f2a96fee7dc4c55e64f1b7ef2a2d459,,gx-no-cache=1742934714018 HTTP/1.1" 200 5341
10.40.40.2 - - [25/Mar/2025:17:30:00 -0300] "GET /cormun/servlet/trsolicitudgral? HTTP/1.1" 200 8325
10.40.40.2 - - [25/Mar/2025:17:30:03 -0300] "POST /cormun/servlet/trsolicitudgral?4f2a96fee7dc4c55e64f1b7ef2a2d459,,gx-no-cache=1742934731721 HTTP/1.1" 200 7172
10.40.40.2 - - [25/Mar/2025:17:30:13 -0300] "GET /cormun/servlet/vesolicitudgral?2025,22237,, HTTP/1.1" 200 8404
10.40.40.2 - - [25/Mar/2025:17:30:13 -0300] "GET /cormun/pexe_scrolldiv.js HTTP/1.1" 404 1009
10.40.40.2 - - [25/Mar/2025:17:30:15 -0300] "GET /cormun/servlet/vesolicitudgral?2025,22237,,SolicitudOTAdjuntos HTTP/1.1" 200 11084
10.40.40.2 - - [25/Mar/2025:17:30:15 -0300] "GET /cormun/pexe_scrolldiv.js HTTP/1.1" 404 1009
10.40.40.2 - - [25/Mar/2025:17:30:16 -0300] "POST /cormun/servlet/acontrolpreferencessavestate?None,RRHH+DANIELA,true HTTP/1.1" 200 35
10.40.40.2 - - [25/Mar/2025:17:30:17 -0300] "GET /cormun/PublicTempStorage/rut1130610.pdf HTTP/1.1" 200 106198
10.40.40.2 - - [25/Mar/2025:17:30:45 -0300] "GET /cormun/servlet/vesolicitudgral?2025,22237,,SolicitudOTAdjuntos HTTP/1.1" 200 11082
10.40.40.2 - - [25/Mar/2025:17:30:46 -0300] "POST /cormun/servlet/acontrolpreferencessavestate?None,RRHH+DANIELA,true HTTP/1.1" 200 35
10.40.40.2 - - [25/Mar/2025:17:30:48 -0300] "GET /cormun/PublicTempStorage/afp3542853.pdf HTTP/1.1" 200 83129
10.40.40.2 - - [25/Mar/2025:17:31:10 -0300] "GET /cormun/servlet/vesolicitudgral?2025,22237,,SolicitudOTAdjuntos HTTP/1.1" 200 11078
10.40.40.2 - - [25/Mar/2025:17:31:11 -0300] "POST /cormun/servlet/acontrolpreferencessavestate?None,RRHH+DANIELA,true HTTP/1.1" 200 35
10.40.40.2 - - [25/Mar/2025:17:31:21 -0300] "GET /cormun/PublicTempStorage/isapre8399343.pdf HTTP/1.1" 200 255955
10.40.40.2 - - [25/Mar/2025:17:32:48 -0300] "GET /cormun/servlet/vesolicitudgral?2025,22237,,SolicitudOTAdjuntos HTTP/1.1" 200 11087
10.40.40.2 - - [25/Mar/2025:17:32:49 -0300] "POST /cormun/servlet/acontrolpreferencessavestate?None,RRHH+DANIELA,true HTTP/1.1" 200 35
10.40.40.2 - - [25/Mar/2025:17:32:51 -0300] "GET /cormun/servlet/vesolicitudgral?2025,22237,,General HTTP/1.1" 200 8411
10.40.40.2 - - [25/Mar/2025:17:32:51 -0300] "GET /cormun/pexe_scrolldiv.js HTTP/1.1" 404 1009
10.40.40.2 - - [25/Mar/2025:17:32:54 -0300] "GET /cormun/servlet/vesolicitudgral?2025,22237,,SolicitudOTAdjuntos HTTP/1.1" 200 11088
10.40.40.2 - - [25/Mar/2025:17:32:55 -0300] "POST /cormun/servlet/acontrolpreferencessavestate?None,RRHH+DANIELA,true HTTP/1.1" 200 35
10.40.40.2 - - [25/Mar/2025:17:32:56 -0300] "GET /cormun/servlet/vesolicitudgral?2025,22237,, HTTP/1.1" 200 8407
10.40.40.2 - - [25/Mar/2025:17:32:57 -0300] "GET /cormun/servlet/trsolicitudgral? HTTP/1.1" 200 9736
10.40.40.2 - - [25/Mar/2025:17:34:23 -0300] "POST /cormun/servlet/vesolicitudgral?7ca83e397151e98821104346b6ac9d61,2025,21947,,,gx-no-cache=1742935228485 HTTP/1.1" 200 12323
10.40.40.2 - - [25/Mar/2025:17:34:23 -0300] "POST /cormun/servlet/vesolicitudgral?7ca83e397151e98821104346b6ac9d61,2025,21947,,,gx-no-cache=1742935228620 HTTP/1.1" 200 12254
10.40.40.2 - - [25/Mar/2025:17:34:26 -0300] "GET /cormun/servlet/trautorizarot? HTTP/1.1" 200 9547
10.40.40.2 - - [25/Mar/2025:17:34:28 -0300] "POST /cormun/servlet/trautorizarot?7ca83e397151e98821104346b6ac9d61,,gx-no-cache=1742935233628 HTTP/1.1" 200 5340
10.40.40.2 - - [25/Mar/2025:17:34:30 -0300] "GET /cormun/servlet/trsolicitudgral? HTTP/1.1" 200 10253
10.40.40.2 - - [25/Mar/2025:17:35:53 -0300] "POST /cormun/servlet/trsolicitudgral?7ca83e397151e98821104346b6ac9d61,,gx-no-cache=1742935318466 HTTP/1.1" 200 6968
10.40.40.2 - - [25/Mar/2025:17:36:10 -0300] "POST /cormun/servlet/trsolicitudgral?7ca83e397151e98821104346b6ac9d61,,gx-no-cache=1742935335503 HTTP/1.1" 200 7424
10.40.40.2 - - [25/Mar/2025:17:36:21 -0300] "POST /cormun/servlet/trsolicitudgral?7ca83e397151e98821104346b6ac9d61,,gx-no-cache=1742935346545 HTTP/1.1" 200 7164
10.40.40.2 - - [25/Mar/2025:17:36:33 -0300] "GET /cormun/servlet/vesolicitudgral?2025,22228,, HTTP/1.1" 200 8442
10.40.40.2 - - [25/Mar/2025:17:36:33 -0300] "GET /cormun/pexe_scrolldiv.js HTTP/1.1" 404 1009
190.95.15.13 - - [25/Mar/2025:17:38:23 -0300] "GET /cormun/servlet/hlogin HTTP/1.1" 200 1716
190.95.15.13 - - [25/Mar/2025:17:38:23 -0300] "GET /cormun/servlet/hlogin HTTP/1.1" 200 1727
190.95.15.13 - - [25/Mar/2025:17:38:35 -0300] "POST /cormun/servlet/hlogin?f9fa385a69833fb471fba28c340be6fe,gx-no-cache=1742935217585 HTTP/1.1" 200 90
190.95.15.13 - - [25/Mar/2025:17:38:35 -0300] "GET /cormun/servlet/hpexe_link HTTP/1.1" 200 945
190.95.15.13 - - [25/Mar/2025:17:38:36 -0300] "GET /cormun/servlet/hhome HTTP/1.1" 200 3934
190.95.15.13 - - [25/Mar/2025:17:38:40 -0300] "GET /cormun/servlet/trlicencias? HTTP/1.1" 200 11569
190.95.15.13 - - [25/Mar/2025:17:38:51 -0300] "GET /cormun/servlet/trsolicitudot? HTTP/1.1" 200 8959
190.95.15.13 - - [25/Mar/2025:17:38:57 -0300] "GET /cormun/servlet/solicitudot?INS,0,0,false, HTTP/1.1" 200 15935
190.95.15.13 - - [25/Mar/2025:17:39:35 -0300] "POST /cormun/servlet/solicitudot?gx-no-cache=1742935277023 HTTP/1.1" 200 4046
190.95.15.13 - - [25/Mar/2025:17:39:36 -0300] "POST /cormun/servlet/solicitudot?f9fa385a69833fb471fba28c340be6fe,INS,0,0,false,,gx-no-cache=1742935277720 HTTP/1.1" 200 12614
190.95.15.13 - - [25/Mar/2025:17:39:39 -0300] "GET /cormun/servlet/solicitudot?f098f390634f18fdc6c367ba13caa80786ed8ecf8fb1533befa5a26d3233ccb14832f5e47551397884264cf68f26a4cc,gx-no-cache=1742935281136 HTTP/1.1" 200 30
190.95.15.13 - - [25/Mar/2025:17:39:57 -0300] "GET /cormun/servlet/trvisualizadoreventos? HTTP/1.1" 200 6688
190.95.15.13 - - [25/Mar/2025:17:40:01 -0300] "GET /cormun/servlet/trvisualizadoreventos? HTTP/1.1" 200 6680
190.95.15.13 - - [25/Mar/2025:17:40:03 -0300] "POST /cormun/servlet/trvisualizadoreventos?f9fa385a69833fb471fba28c340be6fe,,gx-no-cache=1742935304703 HTTP/1.1" 200 3998
190.95.15.13 - - [25/Mar/2025:17:40:06 -0300] "POST /cormun/servlet/trvisualizadoreventos?f9fa385a69833fb471fba28c340be6fe,,gx-no-cache=1742935308156 HTTP/1.1" 200 4000
190.95.15.13 - - [25/Mar/2025:17:40:07 -0300] "POST /cormun/servlet/trvisualizadoreventos?f9fa385a69833fb471fba28c340be6fe,,gx-no-cache=1742935308863 HTTP/1.1" 200 4000
190.95.15.13 - - [25/Mar/2025:17:40:11 -0300] "GET /cormun/servlet/trsolicitudot? HTTP/1.1" 200 8960
190.95.15.13 - - [25/Mar/2025:17:40:16 -0300] "GET /cormun/servlet/solicitudot?INS,0,0,false, HTTP/1.1" 200 15935
190.95.15.13 - - [25/Mar/2025:17:40:23 -0300] "POST /cormun/servlet/solicitudot?gx-no-cache=1742935325072 HTTP/1.1" 200 4046
190.95.15.13 - - [25/Mar/2025:17:40:23 -0300] "POST /cormun/servlet/solicitudot?f9fa385a69833fb471fba28c340be6fe,INS,0,0,false,,gx-no-cache=1742935325176 HTTP/1.1" 200 12614
190.95.15.13 - - [25/Mar/2025:17:40:26 -0300] "GET /cormun/servlet/solicitudot?f098f390634f18fdc6c367ba13caa80786ed8ecf8fb1533befa5a26d3233ccb14832f5e47551397884264cf68f26a4cc,gx-no-cache=1742935328167 HTTP/1.1" 200 30
10.40.40.2 - - [25/Mar/2025:17:41:25 -0300] "POST /cormun/servlet/trsolicitudgral?4f2a96fee7dc4c55e64f1b7ef2a2d459,,gx-no-cache=1742935413541 HTTP/1.1" 200 5257
10.40.40.2 - - [25/Mar/2025:17:41:29 -0300] "POST /cormun/servlet/trsolicitudgral?4f2a96fee7dc4c55e64f1b7ef2a2d459,,gx-no-cache=1742935417393 HTTP/1.1" 200 7785
10.40.40.2 - - [25/Mar/2025:17:42:07 -0300] "POST /cormun/servlet/trsolicitudgral?4f2a96fee7dc4c55e64f1b7ef2a2d459,,gx-no-cache=1742935455666 HTTP/1.1" 200 6641
190.95.15.13 - - [25/Mar/2025:17:42:14 -0300] "GET /cormun/servlet/solicitudot?f098f390634f18fdc6c367ba13caa8075cccbed4e7ff4b1f843060c2556225cb83fc30cb14ae1b93b24b4833e4e24e8a1d8166cb4f234260b2a54926b60644ab,gx-no-cache=1742935436506 HTTP/1.1" 200 30
190.95.15.13 - - [25/Mar/2025:17:42:14 -0300] "GET /cormun/servlet/solicitudot?f098f390634f18fdc6c367ba13caa807d8771950f40852af2117de66b28b8e75,gx-no-cache=1742935436675 HTTP/1.1" 200 29
10.40.40.2 - - [25/Mar/2025:17:42:18 -0300] "GET /cormun/servlet/trsolicitudgral? HTTP/1.1" 200 10240
10.40.40.2 - - [25/Mar/2025:17:42:22 -0300] "POST /cormun/servlet/trsolicitudgral?7ca83e397151e98821104346b6ac9d61,,gx-no-cache=1742935707842 HTTP/1.1" 200 25704
190.95.15.13 - - [25/Mar/2025:17:42:27 -0300] "POST /cormun/servlet/solicitudot?gx-no-cache=1742935448952 HTTP/1.1" 200 297
190.95.15.13 - - [25/Mar/2025:17:42:28 -0300] "GET /cormun/servlet/solicitudot?f098f390634f18fdc6c367ba13caa807acf77cc1a5e2d6b6ef26854501b8e07c44b5ca100ead139ec9379c41d32132af942112193338ac1ce8f41bae9fecd8f27289ce409ba079a444e030f37fed8b0fe9554933419457516544b8c92d634fd326ffafeca50ad4e74f62fad60dbb0b05c2347368678a9dcbfe4e8d75c8af7e349857fb70ae2d3e9047f9d14ea85d6c106f3ffc4cac72748a4a52f97b8cf514040183e4b61a8acf1f9134cefc7b700973bd0df10ea2d95bc5ed8a5a5f47617c7ca6844702002daa581c0cc5c8d913c09f11d896d2a18f42e5dcdc8ef2c329dbdde8684638ae8559e3328ae094898a7e5b5624228b7ed9e8650b24d7cb94ed2414ae79e842f627ea2331b47cd74b0e38543df2930095959b2327110343ca5d744500cb6f781e33c74508b66b2cdb9dd8a63214be92ff5aa6e66181963690d1ee125f798d169070d57eb581c1e1be2e1efa71b6b985379f32a32750232f5302b40e19eb57cb34e3ce33b4d9c0d64f4808324f4e7f947d1e5cbb6def2029ea5adce122838942f76a7dc6990d23573c2add7c,gx-no-cache=1742935450146 HTTP/1.1" 200 30
190.95.15.13 - - [25/Mar/2025:17:42:30 -0300] "POST /cormun/servlet/solicitudot?gx-no-cache=1742935452471 HTTP/1.1" 200 30
190.95.15.13 - - [25/Mar/2025:17:42:32 -0300] "POST /cormun/servlet/solicitudot?gx-no-cache=1742935453755 HTTP/1.1" 200 1481
190.95.15.13 - - [25/Mar/2025:17:42:32 -0300] "POST /cormun/servlet/solicitudot?gx-no-cache=1742935453787 HTTP/1.1" 200 38
10.40.40.2 - - [25/Mar/2025:17:42:36 -0300] "POST /cormun/servlet/trsolicitudgral?7ca83e397151e98821104346b6ac9d61,,gx-no-cache=1742935721651 HTTP/1.1" 200 6990
190.95.15.13 - - [25/Mar/2025:17:42:43 -0300] "GET /cormun/servlet/solicitudot?f098f390634f18fdc6c367ba13caa8074226abc0d5ccfe2f78eb7f28b9883b4bc2d8f5fbce891c5001df44c7dd209e2266f049e0ed16d73a4261909ce508398099a43da2886039efedadce63d74074e04fc4b7e47983f8919aaa6563ac843a8d1c077d8446e9e1e0926f58740729e4bc,gx-no-cache=1742935464755 HTTP/1.1" 200 110
190.95.15.13 - - [25/Mar/2025:17:42:43 -0300] "POST /cormun/servlet/solicitudot?gx-no-cache=1742935464785 HTTP/1.1" 200 97
190.95.15.13 - - [25/Mar/2025:17:42:54 -0300] "GET /cormun/servlet/solicitudot?f098f390634f18fdc6c367ba13caa80745362663df164b8c622594567b8f65689f6f5ea9a053e847daa42d0a5f64a22f021ad1f0798e93912b2e8e90d7f3a1a1b0178b24b855fedbf5f240264df6f7cefe93168618f0ea6eb75e2b15a88c6062b1b4113ae38322f6ac6cefafd6d60233,gx-no-cache=1742935476217 HTTP/1.1" 200 29
190.95.15.13 - - [25/Mar/2025:17:42:54 -0300] "GET /cormun/static/menuarrow.gif HTTP/1.1" 404 1015
190.95.15.13 - - [25/Mar/2025:17:42:58 -0300] "GET /cormun/servlet/solicitudot?f098f390634f18fdc6c367ba13caa80752200cd6bcee20376a3f02f09a2fd64b9fd501734db4379734cc3db1b8b5f8a0,gx-no-cache=1742935480175 HTTP/1.1" 200 30
190.95.15.13 - - [25/Mar/2025:17:43:05 -0300] "POST /cormun/servlet/solicitudot?gx-no-cache=1742935487186 HTTP/1.1" 200 30
190.95.15.13 - - [25/Mar/2025:17:43:19 -0300] "POST /cormun/servlet/solicitudot?f9fa385a69833fb471fba28c340be6fe,INS,0,0,false,,gx-no-cache=1742935500554 HTTP/1.1" 200 93
190.95.15.13 - - [25/Mar/2025:17:43:19 -0300] "GET /cormun/servlet/hpexe_return? HTTP/1.1" 200 1002
190.95.15.13 - - [25/Mar/2025:17:43:19 -0300] "GET /cormun/servlet/trsolicitudot HTTP/1.1" 200 9345
190.95.15.13 - - [25/Mar/2025:17:43:38 -0300] "GET /cormun/servlet/solicitudot?INS,0,0,false, HTTP/1.1" 200 15934
190.95.15.13 - - [25/Mar/2025:17:43:49 -0300] "POST /cormun/servlet/solicitudot?gx-no-cache=1742935531554 HTTP/1.1" 200 4046
190.95.15.13 - - [25/Mar/2025:17:43:50 -0300] "POST /cormun/servlet/solicitudot?f9fa385a69833fb471fba28c340be6fe,INS,0,0,false,,gx-no-cache=1742935531661 HTTP/1.1" 200 12612
190.95.15.13 - - [25/Mar/2025:17:43:50 -0300] "GET /cormun/servlet/solicitudot?f098f390634f18fdc6c367ba13caa8072fb9f2988c967c9902b6919ab02d2dad4832f5e47551397884264cf68f26a4cc,gx-no-cache=1742935532095 HTTP/1.1" 200 30
190.95.15.13 - - [25/Mar/2025:17:44:54 -0300] "GET /cormun/servlet/solicitudot?f098f390634f18fdc6c367ba13caa80774d5140b9491fc9c7231b54741723cd52b7c351bb55694c24d8a88e88a3e4d3781695143c27ef26349962885b8d1c9ef,gx-no-cache=1742935595882 HTTP/1.1" 200 30
190.95.15.13 - - [25/Mar/2025:17:44:54 -0300] "GET /cormun/servlet/solicitudot?f098f390634f18fdc6c367ba13caa807d8771950f40852af2117de66b28b8e75,gx-no-cache=1742935595925 HTTP/1.1" 200 29
190.95.15.13 - - [25/Mar/2025:17:45:10 -0300] "POST /cormun/servlet/solicitudot?gx-no-cache=1742935611816 HTTP/1.1" 200 297
190.95.15.13 - - [25/Mar/2025:17:45:11 -0300] "GET /cormun/servlet/solicitudot?f098f390634f18fdc6c367ba13caa807acf77cc1a5e2d6b6ef26854501b8e07c44b5ca100ead139ec9379c41d32132af942112193338ac1ce8f41bae9fecd8f27289ce409ba079a444e030f37fed8b0fe9554933419457516544b8c92d634fd326ffafeca50ad4e74f62fad60dbb0b05c2347368678a9dcbfe4e8d75c8af7e349857fb70ae2d3e9047f9d14ea85d6c106f3ffc4cac72748a4a52f97b8cf514040183e4b61a8acf1f9134cefc7b700973bd0df10ea2d95bc5ed8a5a5f47617c7ca6844702002daa581c0cc5c8d913c09f11d896d2a18f42e5dcdc8ef2c329dbdde8684638ae8559e3328ae094898a7e5b5624228b7ed9e8650b24d7cb94ed2414ae79e842f627ea2331b47cd74b0e38543df2930095959b2327110343ca5d744500cb6f781e33c74508b66b2cdb9dd8a63214be92ff5aa6e66181963690d1ee125f798d169070d57eb581c1e1be2e1efa71b6b985379f32a32750232f5302b40e19eb57cb34e3ce33b4d9c0d64f4808324f4e7f947d1e5cbb6def2029ea5adce122838942f76a7dc6990d23573c2add7c,gx-no-cache=1742935613188 HTTP/1.1" 200 30
190.95.15.13 - - [25/Mar/2025:17:45:17 -0300] "POST /cormun/servlet/solicitudot?gx-no-cache=1742935619306 HTTP/1.1" 200 30
190.95.15.13 - - [25/Mar/2025:17:45:19 -0300] "POST /cormun/servlet/solicitudot?gx-no-cache=1742935621368 HTTP/1.1" 200 1481
190.95.15.13 - - [25/Mar/2025:17:45:19 -0300] "POST /cormun/servlet/solicitudot?gx-no-cache=1742935621411 HTTP/1.1" 200 38
10.40.40.2 - - [25/Mar/2025:17:45:23 -0300] "GET /cormun/servlet/vesolicitudgral?2025,22252,, HTTP/1.1" 200 8404
10.40.40.2 - - [25/Mar/2025:17:45:23 -0300] "GET /cormun/pexe_scrolldiv.js HTTP/1.1" 404 1009
10.40.40.2 - - [25/Mar/2025:17:45:27 -0300] "GET /cormun/servlet/trsolicitudgral? HTTP/1.1" 200 10063
190.95.15.13 - - [25/Mar/2025:17:45:43 -0300] "GET /cormun/servlet/solicitudot?f098f390634f18fdc6c367ba13caa8074226abc0d5ccfe2f78eb7f28b9883b4bc2d8f5fbce891c5001df44c7dd209e2266f049e0ed16d73a4261909ce508398099a43da2886039efedadce63d74074e04fc4b7e47983f8919aaa6563ac843a8d1c077d8446e9e1e0926f58740729e4bc,gx-no-cache=1742935645306 HTTP/1.1" 200 110
10.40.40.2 - - [25/Mar/2025:17:45:44 -0300] "POST /cormun/servlet/trsolicitudgral?7ca83e397151e98821104346b6ac9d61,,gx-no-cache=1742935910034 HTTP/1.1" 200 25705
190.95.15.13 - - [25/Mar/2025:17:45:57 -0300] "POST /cormun/servlet/solicitudot?gx-no-cache=1742935659075 HTTP/1.1" 200 64
190.95.15.13 - - [25/Mar/2025:17:46:19 -0300] "GET /cormun/servlet/solicitudot?f098f390634f18fdc6c367ba13caa80745362663df164b8c622594567b8f65689f6f5ea9a053e847daa42d0a5f64a22f021ad1f0798e93912b2e8e90d7f3a1a1b0178b24b855fedbf5f240264df6f7cefe93168618f0ea6eb75e2b15a88c6062b1b4113ae38322f6ac6cefafd6d60233,gx-no-cache=1742935681639 HTTP/1.1" 200 29
190.95.15.13 - - [25/Mar/2025:17:46:23 -0300] "GET /cormun/servlet/solicitudot?f098f390634f18fdc6c367ba13caa80752200cd6bcee20376a3f02f09a2fd64b9fd501734db4379734cc3db1b8b5f8a0,gx-no-cache=1742935684329 HTTP/1.1" 200 30
10.40.40.2 - - [25/Mar/2025:17:46:28 -0300] "POST /cormun/servlet/trsolicitudgral?7ca83e397151e98821104346b6ac9d61,,gx-no-cache=1742935954315 HTTP/1.1" 200 6674
10.40.40.2 - - [25/Mar/2025:17:46:31 -0300] "GET /cormun/servlet/vesolicitudgral?2025,22228,, HTTP/1.1" 200 8442
10.40.40.2 - - [25/Mar/2025:17:46:31 -0300] "GET /cormun/pexe_scrolldiv.js HTTP/1.1" 404 1009
190.95.15.13 - - [25/Mar/2025:17:46:32 -0300] "POST /cormun/servlet/solicitudot?gx-no-cache=1742935693800 HTTP/1.1" 200 30
10.40.40.2 - - [25/Mar/2025:17:46:39 -0300] "GET /cormun/servlet/trsolicitudgral? HTTP/1.1" 200 9754
190.95.15.13 - - [25/Mar/2025:17:46:40 -0300] "POST /cormun/servlet/solicitudot?f9fa385a69833fb471fba28c340be6fe,INS,0,0,false,,gx-no-cache=1742935701726 HTTP/1.1" 200 93
190.95.15.13 - - [25/Mar/2025:17:46:40 -0300] "GET /cormun/servlet/hpexe_return? HTTP/1.1" 200 1002
190.95.15.13 - - [25/Mar/2025:17:46:40 -0300] "GET /cormun/servlet/trsolicitudot HTTP/1.1" 200 9718
190.95.15.13 - - [25/Mar/2025:17:46:44 -0300] "GET /cormun/servlet/solicitudot?INS,0,0,false, HTTP/1.1" 200 15935
10.40.40.2 - - [25/Mar/2025:17:46:45 -0300] "POST /cormun/servlet/trsolicitudgral?7ca83e397151e98821104346b6ac9d61,,gx-no-cache=1742935970570 HTTP/1.1" 200 6991
190.95.15.13 - - [25/Mar/2025:17:47:36 -0300] "POST /cormun/servlet/solicitudot?gx-no-cache=1742935757657 HTTP/1.1" 200 4046
190.95.15.13 - - [25/Mar/2025:17:47:36 -0300] "POST /cormun/servlet/solicitudot?f9fa385a69833fb471fba28c340be6fe,INS,0,0,false,,gx-no-cache=1742935758034 HTTP/1.1" 200 12612
190.95.15.13 - - [25/Mar/2025:17:47:39 -0300] "GET /cormun/servlet/solicitudot?f098f390634f18fdc6c367ba13caa807a03d887c1484c08aa3fc3bd5ff431e8c4832f5e47551397884264cf68f26a4cc,gx-no-cache=1742935761220 HTTP/1.1" 200 30
190.95.15.13 - - [25/Mar/2025:17:51:06 -0300] "GET /cormun/servlet/solicitudot?f098f390634f18fdc6c367ba13caa807c6303554f01a68828ac7061483e853aa14a33934b43fc2cb6af35d9b4ec69d4017335287018889d952e8f3598e51ce50,gx-no-cache=1742935968421 HTTP/1.1" 200 30
190.95.15.13 - - [25/Mar/2025:17:51:06 -0300] "GET /cormun/servlet/solicitudot?f098f390634f18fdc6c367ba13caa807d8771950f40852af2117de66b28b8e75,gx-no-cache=1742935968536 HTTP/1.1" 200 29
190.95.15.13 - - [25/Mar/2025:17:51:16 -0300] "POST /cormun/servlet/solicitudot?gx-no-cache=1742935978430 HTTP/1.1" 200 297
190.95.15.13 - - [25/Mar/2025:17:51:18 -0300] "GET /cormun/servlet/solicitudot?f098f390634f18fdc6c367ba13caa807acf77cc1a5e2d6b6ef26854501b8e07c44b5ca100ead139ec9379c41d32132af942112193338ac1ce8f41bae9fecd8f27289ce409ba079a444e030f37fed8b0fe9554933419457516544b8c92d634fd326ffafeca50ad4e74f62fad60dbb0b05c2347368678a9dcbfe4e8d75c8af7e349857fb70ae2d3e9047f9d14ea85d6c106f3ffc4cac72748a4a52f97b8cf514040183e4b61a8acf1f9134cefc7b700973bd0df10ea2d95bc5ed8a5a5f47617c7ca6844702002daa581c0cc5c8d913c09f11d896d2a18f42e5dcdc8ef2c329dbdde8684638ae8559e3328ae094898a7e5b5624228b7ed9e8650b24d7cb94ed2414ae79e842f627ea2331b47cd74b0e38543df2930095959b2327110343ca5d744500cb6f781e33c74508b66b2cdb9dd8a63214be92ff5aa6e66181963690d1ee125f798d169070d57eb581c1e1be2e1efa71b6b985379f32a32750232f5302b40e19eb57cb34e3ce33b4d9c0d64f4808324f4e7f947d1e5cbb6def2029ea5adce122838942f76a7dc6990d23573c2add7c,gx-no-cache=1742935980270 HTTP/1.1" 200 30
190.95.15.13 - - [25/Mar/2025:17:51:21 -0300] "POST /cormun/servlet/solicitudot?gx-no-cache=1742935983036 HTTP/1.1" 200 30
190.95.15.13 - - [25/Mar/2025:17:51:22 -0300] "POST /cormun/servlet/solicitudot?gx-no-cache=1742935984614 HTTP/1.1" 200 1481
190.95.15.13 - - [25/Mar/2025:17:51:22 -0300] "POST /cormun/servlet/solicitudot?gx-no-cache=1742935984655 HTTP/1.1" 200 38
190.95.15.13 - - [25/Mar/2025:17:51:27 -0300] "GET /cormun/servlet/solicitudot?f098f390634f18fdc6c367ba13caa8074226abc0d5ccfe2f78eb7f28b9883b4bc2d8f5fbce891c5001df44c7dd209e2266f049e0ed16d73a4261909ce508398099a43da2886039efedadce63d74074e04fc4b7e47983f8919aaa6563ac843a8d1c077d8446e9e1e0926f58740729e4bc,gx-no-cache=1742935988804 HTTP/1.1" 200 110
10.40.40.2 - - [25/Mar/2025:17:51:53 -0300] "POST /cormun/servlet/trsolicitudgral?4f2a96fee7dc4c55e64f1b7ef2a2d459,,gx-no-cache=1742936041405 HTTP/1.1" 200 25704
190.95.15.13 - - [25/Mar/2025:17:52:16 -0300] "POST /cormun/servlet/solicitudot?gx-no-cache=1742936038329 HTTP/1.1" 200 83
190.95.15.13 - - [25/Mar/2025:17:52:29 -0300] "GET /cormun/servlet/solicitudot?f098f390634f18fdc6c367ba13caa80745362663df164b8c622594567b8f65689f6f5ea9a053e847daa42d0a5f64a22f021ad1f0798e93912b2e8e90d7f3a1a1b0178b24b855fedbf5f240264df6f7cefe93168618f0ea6eb75e2b15a88c6062b1b4113ae38322f6ac6cefafd6d60233,gx-no-cache=1742936050995 HTTP/1.1" 200 29
190.95.15.13 - - [25/Mar/2025:17:52:31 -0300] "GET /cormun/servlet/solicitudot?f098f390634f18fdc6c367ba13caa80752200cd6bcee20376a3f02f09a2fd64b9fd501734db4379734cc3db1b8b5f8a0,gx-no-cache=1742936053611 HTTP/1.1" 200 30
190.95.15.13 - - [25/Mar/2025:17:52:38 -0300] "POST /cormun/servlet/solicitudot?gx-no-cache=1742936060634 HTTP/1.1" 200 30
190.95.15.13 - - [25/Mar/2025:17:52:48 -0300] "POST /cormun/servlet/solicitudot?f9fa385a69833fb471fba28c340be6fe,INS,0,0,false,,gx-no-cache=1742936069775 HTTP/1.1" 200 93
190.95.15.13 - - [25/Mar/2025:17:52:48 -0300] "GET /cormun/servlet/hpexe_return? HTTP/1.1" 200 1002
190.95.15.13 - - [25/Mar/2025:17:52:48 -0300] "GET /cormun/servlet/trsolicitudot HTTP/1.1" 200 10045
190.95.15.13 - - [25/Mar/2025:17:53:22 -0300] "GET /cormun/servlet/solicitudot?INS,0,0,false, HTTP/1.1" 200 15934
190.95.15.13 - - [25/Mar/2025:17:53:32 -0300] "POST /cormun/servlet/solicitudot?gx-no-cache=1742936114103 HTTP/1.1" 200 4046
190.95.15.13 - - [25/Mar/2025:17:53:32 -0300] "POST /cormun/servlet/solicitudot?f9fa385a69833fb471fba28c340be6fe,INS,0,0,false,,gx-no-cache=1742936114226 HTTP/1.1" 200 12613
190.95.15.13 - - [25/Mar/2025:17:53:34 -0300] "GET /cormun/servlet/solicitudot?f098f390634f18fdc6c367ba13caa80713454903f6c44446e9baa7b25fef633c4832f5e47551397884264cf68f26a4cc,gx-no-cache=1742936116285 HTTP/1.1" 200 30
