190.95.1.129 - - [25/Mar/2025:12:20:08 -0300] "POST /cormun/servlet/solicitudotadjuntos?f9ec2434767b901ccd0815106cab3ed7,INS,2025,22248,,1,,gx-no-cache=1742916112400 HTTP/1.1" 200 4154
190.95.1.129 - - [25/Mar/2025:12:20:11 -0300] "POST /cormun/servlet/solicitudotadjuntos?gx-no-cache=1742916115328 HTTP/1.1" 200 26
10.40.40.2 - - [25/Mar/2025:12:20:16 -0300] "GET /cormun/servlet/vesolicitudgral?2025,22054,, HTTP/1.1" 200 8433
10.40.40.2 - - [25/Mar/2025:12:20:16 -0300] "GET /cormun/pexe_scrolldiv.js HTTP/1.1" 404 1009
190.95.1.129 - - [25/Mar/2025:12:20:18 -0300] "GET /cormun/servlet/solicitudotadjuntos?43895149d23ae350a6aee380da0a9cdfa73ac2effea320d38f2f615f4160fea7,gx-no-cache=1742916122248 HTTP/1.1" 200 30
190.95.1.129 - - [25/Mar/2025:12:20:18 -0300] "GET /cormun/servlet/solicitudotadjuntos?43895149d23ae350a6aee380da0a9cdfa73ac2effea320d38f2f615f4160fea7,gx-no-cache=1742916122263 HTTP/1.1" 200 30
190.95.1.129 - - [25/Mar/2025:12:20:18 -0300] "POST /cormun/servlet/solicitudotadjuntos?f9ec2434767b901ccd0815106cab3ed7,INS,2025,22248,,1, HTTP/1.1" 200 116
190.95.1.129 - - [25/Mar/2025:12:20:18 -0300] "GET /cormun/servlet/hpexe_return? HTTP/1.1" 200 1025
190.95.1.129 - - [25/Mar/2025:12:20:18 -0300] "GET /cormun/servlet/trsolicitudadjuntos?2025,22248, HTTP/1.1" 200 9643
190.95.1.129 - - [25/Mar/2025:12:20:20 -0300] "GET /cormun/servlet/solicitudotadjuntos?INS,2025,22248,,1, HTTP/1.1" 200 6343
190.95.1.129 - - [25/Mar/2025:12:20:20 -0300] "GET /cormun/static/about:blank HTTP/1.1" 404 1011
190.95.1.129 - - [25/Mar/2025:12:20:21 -0300] "GET /cormun/servlet/solicitudotadjuntos?43895149d23ae350a6aee380da0a9cdf18cb793887ffc226fdae1ffbdf4f9280b813fba7933e3a088c4072d548932fd8,gx-no-cache=1742916125255 HTTP/1.1" 200 30
190.95.1.129 - - [25/Mar/2025:12:20:21 -0300] "POST /cormun/servlet/solicitudotadjuntos?f9ec2434767b901ccd0815106cab3ed7,INS,2025,22248,,1,,gx-no-cache=1742916125272 HTTP/1.1" 200 4154
190.95.1.129 - - [25/Mar/2025:12:20:25 -0300] "POST /cormun/servlet/solicitudotadjuntos?gx-no-cache=1742916129281 HTTP/1.1" 200 26
190.95.67.93 - - [25/Mar/2025:12:20:32 -0300] "POST /cormun/servlet/trsolicitudot?f47564d87f849c841be422903d666ccf,,gx-no-cache=1742916136288 HTTP/1.1" 200 5916
190.95.67.93 - - [25/Mar/2025:12:20:32 -0300] "GET /cormun/static/Shared/jqueryui/images/ui-icons_82798d_256x240.png HTTP/1.1" 404 1089
190.95.67.93 - - [25/Mar/2025:12:20:32 -0300] "GET /cormun/static/Shared/jqueryui/images/ui-bg_highlight-soft_100_c6c2c8_1x100.png HTTP/1.1" 404 1117
190.95.67.93 - - [25/Mar/2025:12:20:32 -0300] "GET /cormun/static/Shared/jqueryui/images/ui-bg_flat_55_fafafa_40x100.png HTTP/1.1" 404 1097
190.95.67.93 - - [25/Mar/2025:12:20:32 -0300] "GET /cormun/static/Shared/jqueryui/images/ui-icons_8d78a5_256x240.png HTTP/1.1" 404 1089
190.95.67.93 - - [25/Mar/2025:12:20:32 -0300] "POST /cormun/servlet/trsolicitudot?f47564d87f849c841be422903d666ccf,,gx-no-cache=1742916136537 HTTP/1.1" 200 5861
201.186.225.187 - - [25/Mar/2025:12:20:38 -0300] "GET /cormun/servlet/hlogin HTTP/1.1" 200 1722
201.186.225.187 - - [25/Mar/2025:12:20:49 -0300] "POST /cormun/servlet/hlogin?8ba981ab0764a28d213c4b2e3cf43723,gx-no-cache=1742919679850 HTTP/1.1" 200 90
201.186.225.187 - - [25/Mar/2025:12:20:49 -0300] "GET /cormun/servlet/hpexe_link HTTP/1.1" 200 952
201.186.225.187 - - [25/Mar/2025:12:20:49 -0300] "GET /cormun/servlet/hhome HTTP/1.1" 200 3971
201.186.225.187 - - [25/Mar/2025:12:20:51 -0300] "GET /cormun/servlet/trlicencias? HTTP/1.1" 200 8612
201.186.225.191 - - [25/Mar/2025:12:20:58 -0300] "GET /cormun/servlet/hlogin HTTP/1.1" 200 1715
201.186.225.191 - - [25/Mar/2025:12:20:59 -0300] "GET /cormun/servlet/hlogin HTTP/1.1" 200 1725
190.95.1.129 - - [25/Mar/2025:12:21:25 -0300] "GET /cormun/servlet/solicitudotadjuntos?43895149d23ae350a6aee380da0a9cdfa73ac2effea320d38f2f615f4160fea7,gx-no-cache=1742916189112 HTTP/1.1" 200 30
190.95.1.129 - - [25/Mar/2025:12:21:25 -0300] "GET /cormun/servlet/solicitudotadjuntos?43895149d23ae350a6aee380da0a9cdfa73ac2effea320d38f2f615f4160fea7,gx-no-cache=1742916189136 HTTP/1.1" 200 30
190.95.1.129 - - [25/Mar/2025:12:21:25 -0300] "POST /cormun/servlet/solicitudotadjuntos?f9ec2434767b901ccd0815106cab3ed7,INS,2025,22248,,1, HTTP/1.1" 200 116
190.95.1.129 - - [25/Mar/2025:12:21:25 -0300] "GET /cormun/servlet/hpexe_return? HTTP/1.1" 200 1025
190.95.1.129 - - [25/Mar/2025:12:21:25 -0300] "GET /cormun/servlet/trsolicitudadjuntos?2025,22248, HTTP/1.1" 200 9902
190.95.1.129 - - [25/Mar/2025:12:21:32 -0300] "GET /cormun/servlet/solicitudotadjuntos?INS,2025,22248,,1, HTTP/1.1" 200 6341
190.95.1.129 - - [25/Mar/2025:12:21:32 -0300] "GET /cormun/static/about:blank HTTP/1.1" 404 1011
190.95.1.129 - - [25/Mar/2025:12:21:32 -0300] "GET /cormun/servlet/solicitudotadjuntos?43895149d23ae350a6aee380da0a9cdf18cb793887ffc226fdae1ffbdf4f9280b813fba7933e3a088c4072d548932fd8,gx-no-cache=1742916196500 HTTP/1.1" 200 30
190.95.1.129 - - [25/Mar/2025:12:21:32 -0300] "POST /cormun/servlet/solicitudotadjuntos?f9ec2434767b901ccd0815106cab3ed7,INS,2025,22248,,1,,gx-no-cache=1742916196526 HTTP/1.1" 200 4153
190.95.1.129 - - [25/Mar/2025:12:21:34 -0300] "POST /cormun/servlet/solicitudotadjuntos?gx-no-cache=1742916198704 HTTP/1.1" 200 26
190.95.15.31 - - [25/Mar/2025:12:21:48 -0300] "GET /cormun/servlet/hlogin HTTP/1.1" 200 1721
190.95.1.129 - - [25/Mar/2025:12:21:49 -0300] "GET /cormun/servlet/solicitudotadjuntos?43895149d23ae350a6aee380da0a9cdfa73ac2effea320d38f2f615f4160fea7,gx-no-cache=1742916212807 HTTP/1.1" 200 30
190.95.1.129 - - [25/Mar/2025:12:21:49 -0300] "GET /cormun/servlet/solicitudotadjuntos?43895149d23ae350a6aee380da0a9cdfa73ac2effea320d38f2f615f4160fea7,gx-no-cache=1742916212821 HTTP/1.1" 200 30
190.95.1.129 - - [25/Mar/2025:12:21:49 -0300] "POST /cormun/servlet/solicitudotadjuntos?f9ec2434767b901ccd0815106cab3ed7,INS,2025,22248,,1, HTTP/1.1" 200 116
190.95.1.129 - - [25/Mar/2025:12:21:49 -0300] "GET /cormun/servlet/hpexe_return? HTTP/1.1" 200 1025
190.95.1.129 - - [25/Mar/2025:12:21:49 -0300] "GET /cormun/servlet/trsolicitudadjuntos?2025,22248, HTTP/1.1" 200 10136
190.95.15.31 - - [25/Mar/2025:12:21:52 -0300] "GET /favicon.ico HTTP/1.1" 200 21630
190.95.1.129 - - [25/Mar/2025:12:21:54 -0300] "GET /cormun/servlet/solicitudotadjuntos?INS,2025,22248,,1, HTTP/1.1" 200 6342
190.95.1.129 - - [25/Mar/2025:12:21:54 -0300] "GET /cormun/static/about:blank HTTP/1.1" 404 1011
190.95.1.129 - - [25/Mar/2025:12:21:54 -0300] "GET /cormun/servlet/solicitudotadjuntos?43895149d23ae350a6aee380da0a9cdf18cb793887ffc226fdae1ffbdf4f9280b813fba7933e3a088c4072d548932fd8,gx-no-cache=1742916218686 HTTP/1.1" 200 30
190.95.1.129 - - [25/Mar/2025:12:21:55 -0300] "POST /cormun/servlet/solicitudotadjuntos?f9ec2434767b901ccd0815106cab3ed7,INS,2025,22248,,1,,gx-no-cache=1742916218704 HTTP/1.1" 200 4154
190.95.15.31 - - [25/Mar/2025:12:21:55 -0300] "POST /cormun/servlet/hlogin?0ffa0c327a78e44831cd498e7ad631ff,gx-no-cache=1742916219017 HTTP/1.1" 200 90
190.95.15.31 - - [25/Mar/2025:12:21:55 -0300] "GET /cormun/servlet/hpexe_link HTTP/1.1" 200 950
190.95.15.31 - - [25/Mar/2025:12:21:56 -0300] "GET /cormun/servlet/hhome HTTP/1.1" 200 4352
190.95.1.129 - - [25/Mar/2025:12:21:57 -0300] "POST /cormun/servlet/solicitudotadjuntos?gx-no-cache=1742916221672 HTTP/1.1" 200 26
190.95.15.31 - - [25/Mar/2025:12:22:00 -0300] "GET /cormun/servlet/trlicencias? HTTP/1.1" 200 11398
190.95.1.129 - - [25/Mar/2025:12:22:04 -0300] "GET /cormun/servlet/solicitudotadjuntos?43895149d23ae350a6aee380da0a9cdfa73ac2effea320d38f2f615f4160fea7,gx-no-cache=1742916228280 HTTP/1.1" 200 30
190.95.1.129 - - [25/Mar/2025:12:22:04 -0300] "GET /cormun/servlet/solicitudotadjuntos?43895149d23ae350a6aee380da0a9cdfa73ac2effea320d38f2f615f4160fea7,gx-no-cache=1742916228295 HTTP/1.1" 200 30
190.95.1.129 - - [25/Mar/2025:12:22:04 -0300] "POST /cormun/servlet/solicitudotadjuntos?f9ec2434767b901ccd0815106cab3ed7,INS,2025,22248,,1, HTTP/1.1" 200 116
190.95.1.129 - - [25/Mar/2025:12:22:04 -0300] "GET /cormun/servlet/hpexe_return? HTTP/1.1" 200 1025
190.95.1.129 - - [25/Mar/2025:12:22:04 -0300] "GET /cormun/servlet/trsolicitudadjuntos?2025,22248, HTTP/1.1" 200 10389
190.95.1.129 - - [25/Mar/2025:12:22:07 -0300] "GET /cormun/servlet/solicitudotadjuntos?INS,2025,22248,,1, HTTP/1.1" 200 6342
190.95.1.129 - - [25/Mar/2025:12:22:07 -0300] "GET /cormun/static/about:blank HTTP/1.1" 404 1011
190.95.1.129 - - [25/Mar/2025:12:22:08 -0300] "GET /cormun/servlet/solicitudotadjuntos?43895149d23ae350a6aee380da0a9cdf18cb793887ffc226fdae1ffbdf4f9280b813fba7933e3a088c4072d548932fd8,gx-no-cache=1742916231960 HTTP/1.1" 200 30
190.95.1.129 - - [25/Mar/2025:12:22:08 -0300] "POST /cormun/servlet/solicitudotadjuntos?f9ec2434767b901ccd0815106cab3ed7,INS,2025,22248,,1,,gx-no-cache=1742916232006 HTTP/1.1" 200 4154
190.95.1.129 - - [25/Mar/2025:12:22:10 -0300] "POST /cormun/servlet/solicitudotadjuntos?gx-no-cache=1742916234408 HTTP/1.1" 200 26
190.95.1.129 - - [25/Mar/2025:12:22:15 -0300] "GET /cormun/servlet/solicitudotadjuntos?43895149d23ae350a6aee380da0a9cdfa73ac2effea320d38f2f615f4160fea7,gx-no-cache=1742916239200 HTTP/1.1" 200 30
190.95.1.129 - - [25/Mar/2025:12:22:15 -0300] "GET /cormun/servlet/solicitudotadjuntos?43895149d23ae350a6aee380da0a9cdfa73ac2effea320d38f2f615f4160fea7,gx-no-cache=1742916239214 HTTP/1.1" 200 30
190.95.1.129 - - [25/Mar/2025:12:22:15 -0300] "POST /cormun/servlet/solicitudotadjuntos?f9ec2434767b901ccd0815106cab3ed7,INS,2025,22248,,1, HTTP/1.1" 200 116
190.95.1.129 - - [25/Mar/2025:12:22:15 -0300] "GET /cormun/servlet/hpexe_return? HTTP/1.1" 200 1025
190.95.1.129 - - [25/Mar/2025:12:22:15 -0300] "GET /cormun/servlet/trsolicitudadjuntos?2025,22248, HTTP/1.1" 200 10568
190.95.1.129 - - [25/Mar/2025:12:22:32 -0300] "GET /cormun/servlet/trsolicitudot? HTTP/1.1" 200 8805
190.95.1.129 - - [25/Mar/2025:12:22:52 -0300] "POST /cormun/servlet/trsolicitudot?f9ec2434767b901ccd0815106cab3ed7,,gx-no-cache=1742916275994 HTTP/1.1" 200 4630
190.95.1.129 - - [25/Mar/2025:12:22:52 -0300] "GET /cormun/static/Shared/jqueryui/images/ui-bg_highlight-soft_100_c6c2c8_1x100.png HTTP/1.1" 404 1117
190.95.1.129 - - [25/Mar/2025:12:22:52 -0300] "GET /cormun/static/Shared/jqueryui/images/ui-bg_flat_55_fafafa_40x100.png HTTP/1.1" 404 1097
190.95.1.129 - - [25/Mar/2025:12:22:52 -0300] "GET /cormun/static/Shared/jqueryui/images/ui-icons_8d78a5_256x240.png HTTP/1.1" 404 1089
190.95.1.129 - - [25/Mar/2025:12:22:52 -0300] "GET /cormun/static/Shared/jqueryui/images/ui-icons_82798d_256x240.png HTTP/1.1" 404 1089
190.95.1.129 - - [25/Mar/2025:12:22:52 -0300] "POST /cormun/servlet/trsolicitudot?f9ec2434767b901ccd0815106cab3ed7,,gx-no-cache=1742916276088 HTTP/1.1" 200 4368
190.95.67.91 - - [25/Mar/2025:12:23:16 -0300] "GET /cormun/servlet/trsolicitudot? HTTP/1.1" 200 6329
190.95.67.91 - - [25/Mar/2025:12:23:16 -0300] "GET /cormun/servlet/hlogin HTTP/1.1" 200 1740
10.40.40.2 - - [25/Mar/2025:12:23:24 -0300] "POST /cormun/servlet/vesolicitudgral?c0f5835964772d90b3e89c86e9ef3747,2025,22054,,,gx-no-cache=1742916569951 HTTP/1.1" 200 12363
10.40.40.2 - - [25/Mar/2025:12:23:24 -0300] "POST /cormun/servlet/vesolicitudgral?c0f5835964772d90b3e89c86e9ef3747,2025,22054,,,gx-no-cache=1742916570102 HTTP/1.1" 200 12297
10.40.40.2 - - [25/Mar/2025:12:23:29 -0300] "GET /cormun/servlet/trautorizarot? HTTP/1.1" 200 9592
190.95.67.91 - - [25/Mar/2025:12:23:35 -0300] "POST /cormun/servlet/hlogin?0c331b9251a47f523dd6cee3de6bac03,gx-no-cache=1742916319880 HTTP/1.1" 200 90
190.95.67.91 - - [25/Mar/2025:12:23:35 -0300] "GET /cormun/servlet/hpexe_link HTTP/1.1" 200 959
190.95.67.91 - - [25/Mar/2025:12:23:36 -0300] "GET /cormun/servlet/trsolicitudot HTTP/1.1" 200 7276
10.40.40.2 - - [25/Mar/2025:12:23:39 -0300] "POST /cormun/servlet/trautorizarot?c0f5835964772d90b3e89c86e9ef3747,,gx-no-cache=1742916585168 HTTP/1.1" 200 5366
10.40.40.2 - - [25/Mar/2025:12:23:56 -0300] "GET /cormun/servlet/trsolicitudgral? HTTP/1.1" 200 15482
10.40.40.2 - - [25/Mar/2025:12:24:01 -0300] "GET /cormun/servlet/vesolicitudgral?2025,22028,, HTTP/1.1" 200 8385
10.40.40.2 - - [25/Mar/2025:12:24:01 -0300] "GET /cormun/pexe_scrolldiv.js HTTP/1.1" 404 1009
10.40.40.2 - - [25/Mar/2025:12:24:12 -0300] "GET /cormun/servlet/trsolicitudgral? HTTP/1.1" 200 15483
10.40.40.2 - - [25/Mar/2025:12:24:16 -0300] "POST /cormun/servlet/trsolicitudgral?c0f5835964772d90b3e89c86e9ef3747,,gx-no-cache=1742916622207 HTTP/1.1" 200 7505
201.186.225.191 - - [25/Mar/2025:12:24:36 -0300] "POST /cormun/servlet/hlogin?c9ff62866e6990628cb41e9f1a9d4dc8,gx-no-cache=1742916383312 HTTP/1.1" 200 90
201.186.225.191 - - [25/Mar/2025:12:24:36 -0300] "GET /cormun/servlet/hpexe_link HTTP/1.1" 200 947
201.186.225.191 - - [25/Mar/2025:12:24:36 -0300] "GET /cormun/servlet/hhome HTTP/1.1" 200 4184
190.95.67.91 - - [25/Mar/2025:12:24:36 -0300] "GET /cormun/servlet/solicitudot?INS,0,0,false, HTTP/1.1" 200 16222
201.186.225.191 - - [25/Mar/2025:12:24:40 -0300] "GET /cormun/servlet/trlicencias? HTTP/1.1" 200 10472
190.95.67.91 - - [25/Mar/2025:12:24:43 -0300] "POST /cormun/servlet/solicitudot?gx-no-cache=1742916387935 HTTP/1.1" 200 4039
190.95.67.91 - - [25/Mar/2025:12:24:43 -0300] "POST /cormun/servlet/solicitudot?0c331b9251a47f523dd6cee3de6bac03,INS,0,0,false,,gx-no-cache=1742916388039 HTTP/1.1" 200 12895
190.95.67.91 - - [25/Mar/2025:12:24:46 -0300] "GET /cormun/servlet/solicitudot?36d73b433976a64314754e8a9e9ef1f03aa9d7488edfdbe24bed62c972cb5307fbfe69f8267d5ebf602b808f407a26ca,gx-no-cache=1742916390546 HTTP/1.1" 200 30
201.186.225.191 - - [25/Mar/2025:12:24:58 -0300] "GET /cormun/servlet/trsolicitudot? HTTP/1.1" 200 7399
201.186.225.191 - - [25/Mar/2025:12:25:02 -0300] "GET /cormun/servlet/solicitudot?INS,0,0,false, HTTP/1.1" 200 16184
190.95.67.91 - - [25/Mar/2025:12:26:11 -0300] "GET /cormun/servlet/solicitudot?36d73b433976a64314754e8a9e9ef1f0b3b99c05583b1ec22f7cbbab7355821e2b380150401bdc878f2f6288b45dc88b,gx-no-cache=1742916475833 HTTP/1.1" 200 30
190.95.67.91 - - [25/Mar/2025:12:26:13 -0300] "GET /cormun/servlet/solicitudot?36d73b433976a64314754e8a9e9ef1f0c152c816b69ce78af7756a5d2ebb8a9e,gx-no-cache=1742916477409 HTTP/1.1" 200 53
190.95.67.91 - - [25/Mar/2025:12:26:24 -0300] "POST /cormun/servlet/solicitudot?gx-no-cache=1742916488248 HTTP/1.1" 200 240
190.95.67.91 - - [25/Mar/2025:12:26:27 -0300] "GET /cormun/servlet/solicitudot?36d73b433976a64314754e8a9e9ef1f0afb8c6a37ed06268a9d9e44624099d6c5bf0981e59cbd4a557900a047406cbfe482515385c7ca8e08042e92359ff26afe58ceb752432b5befe76409a3ee0710b77e87f42dcdbaa13cf071eca970ecd909cbfdfad6a1e3c5bd7bd584e6a8800950969a004b89fb244b5aa9783b2993973777fd0b1921763cdb5d1b3bd33dabeb76862e1c2751ef3ea1cb94cbfd531f637303fdaa639808d0a39ce29306c2353c40257e1eb2e9534da9c92fc1bacd1b220e7908985732ed5ed36e49c8c04a1bf7019dc422b85c99f4dba7d011db0a51a0b95e7fba8d8f8b2a013d7842dfb5fcfcccfc75d62d631dc5fde3446d4af45c41e98fb2ee639576eb7999040cde41ddd3a3774767d709e6e5e17feae767c0871568a8211ea439d02e1de554438c89814336e12df6dc02ce99971305fa935d2ac1e519f28744ec8c8f4a5bd7d08c92f8c5383646214dcb0dbe7f4f77d01714ea773c2cfb222a0f8d377d25b457e858cf65bacae9e108d5d9c2e8944cc4f23e1e0e1,gx-no-cache=1742916491793 HTTP/1.1" 200 30
190.95.67.91 - - [25/Mar/2025:12:26:30 -0300] "POST /cormun/servlet/solicitudot?gx-no-cache=1742916494088 HTTP/1.1" 200 30
190.95.67.91 - - [25/Mar/2025:12:26:36 -0300] "GET /cormun/servlet/prlicenciaspermisos?10409144,L,,MD,,gxPopupLevel%3D0%3B HTTP/1.1" 200 7679
190.95.67.91 - - [25/Mar/2025:12:26:39 -0300] "POST /cormun/servlet/solicitudot?gx-no-cache=1742916503399 HTTP/1.1" 200 1481
190.95.67.91 - - [25/Mar/2025:12:26:43 -0300] "POST /cormun/servlet/solicitudot?gx-no-cache=1742916507964 HTTP/1.1" 200 41
190.95.67.91 - - [25/Mar/2025:12:26:59 -0300] "GET /cormun/servlet/solicitudot?36d73b433976a64314754e8a9e9ef1f0b168f79eb16d89c2415c60455c72b1a6083058962c803a02948791093069c1cda4345044d8c4064f775febeb86e484385038bb3b438aeca0b75ad13f21149c6ad88d7ae2a27aa2b4352f3294e36867b1fff1ad0130aabff3452fc5c5bca94baa,gx-no-cache=1742916523520 HTTP/1.1" 200 110
190.95.67.91 - - [25/Mar/2025:12:26:59 -0300] "POST /cormun/servlet/solicitudot?gx-no-cache=1742916523540 HTTP/1.1" 200 97
200.126.117.15 - - [25/Mar/2025:12:27:12 -0300] "GET /cormun/servlet/hlogin HTTP/1.1" 200 1727
200.126.117.15 - - [25/Mar/2025:12:27:12 -0300] "GET /cormun/static/gxtimezone.js?85251 HTTP/1.1" 200 5781
200.126.117.15 - - [25/Mar/2025:12:27:12 -0300] "GET /cormun/static/messages.spa.js?85251 HTTP/1.1" 200 30736
200.126.117.15 - - [25/Mar/2025:12:27:13 -0300] "GET /cormun/static/gxgral.js?85251 HTTP/1.1" 200 384558
200.126.117.15 - - [25/Mar/2025:12:27:13 -0300] "GET /cormun/static/hlogin.js?2022112219184458 HTTP/1.1" 200 2156
200.126.117.15 - - [25/Mar/2025:12:27:13 -0300] "GET /cormun/static/Resources/PXToolsLoginTop.png HTTP/1.1" 200 1337
200.126.117.15 - - [25/Mar/2025:12:27:13 -0300] "GET /cormun/static/Resources/PXToolsLoginBackground.png HTTP/1.1" 200 1164
200.126.117.15 - - [25/Mar/2025:12:27:13 -0300] "GET /cormun/static/Resources/PXToolsLoginBottom.png HTTP/1.1" 200 1389
200.126.117.15 - - [25/Mar/2025:12:27:13 -0300] "GET /cormun/servlet/hlogin HTTP/1.1" 200 1737
200.126.117.15 - - [25/Mar/2025:12:27:13 -0300] "GET /cormun/static/Resources/indicator.gif HTTP/1.1" 200 1553
190.95.67.91 - - [25/Mar/2025:12:27:16 -0300] "GET /cormun/servlet/solicitudot?36d73b433976a64314754e8a9e9ef1f0782507e5563e3958d9fa185de115bb67fc66f0c6b05ac09b0ff50cd1c4f9ac78cbbdd3d0779f649ca5c1c450964c125f2d20a4b7af9de501f309a356e5655d57ce514c2b47f527b72b28884fbf69a89990b96341d0343f24f2e58c91ac04d8fe,gx-no-cache=1742916540876 HTTP/1.1" 200 29
200.126.117.15 - - [25/Mar/2025:12:27:17 -0300] "POST /cormun/servlet/hlogin?13df310d7af7d2056be1b497aa4ae19d,gx-no-cache=1742916540546 HTTP/1.1" 200 90
200.126.117.15 - - [25/Mar/2025:12:27:17 -0300] "GET /cormun/servlet/hpexe_link HTTP/1.1" 200 956
200.126.117.15 - - [25/Mar/2025:12:27:17 -0300] "GET /cormun/servlet/hhome HTTP/1.1" 200 4329
200.126.117.15 - - [25/Mar/2025:12:27:17 -0300] "GET /cormun/static/SmoothNavMenu/resources/ddsmoothmenu-v.css?1112540 HTTP/1.1" 200 1188
200.126.117.15 - - [25/Mar/2025:12:27:17 -0300] "GET /cormun/static/SmoothNavMenu/resources/ddsmoothmenu.css?1112540 HTTP/1.1" 200 2223
200.126.117.15 - - [25/Mar/2025:12:27:17 -0300] "GET /cormun/static/scaMessage/css/jquery.pnotify.default.css?1816380 HTTP/1.1" 200 1707
200.126.117.15 - - [25/Mar/2025:12:27:17 -0300] "GET /cormun/static/gxcfg.js?20201215495537 HTTP/1.1" 200 953
200.126.117.15 - - [25/Mar/2025:12:27:17 -0300] "GET /cormun/static/PXToolsJavascripts/pexe_autoreload.js HTTP/1.1" 200 1762
200.126.117.15 - - [25/Mar/2025:12:27:17 -0300] "GET /cormun/static/PXToolsJavascripts/pexe_cookies.js HTTP/1.1" 200 792
200.126.117.15 - - [25/Mar/2025:12:27:17 -0300] "GET /cormun/static/PXToolsJavascripts/pexe_grid.js HTTP/1.1" 200 7559
200.126.117.15 - - [25/Mar/2025:12:27:17 -0300] "GET /cormun/static/PXToolsJavascripts/pexe_link.js HTTP/1.1" 200 5671
200.126.117.15 - - [25/Mar/2025:12:27:17 -0300] "GET /cormun/static/PXToolsJavascripts/pexe_griddivfix.js HTTP/1.1" 200 6946
200.126.117.15 - - [25/Mar/2025:12:27:17 -0300] "GET /cormun/static/PXToolsJavascripts/pexe_windows.js HTTP/1.1" 200 15249
200.126.117.15 - - [25/Mar/2025:12:27:17 -0300] "GET /cormun/static/Shared/jqueryui/jquery-ui.min.css?1345370 HTTP/1.1" 200 30288
200.126.117.15 - - [25/Mar/2025:12:27:17 -0300] "GET /cormun/static/PXToolsJavascripts/pexe_oav.js HTTP/1.1" 200 645
200.126.117.15 - - [25/Mar/2025:12:27:17 -0300] "GET /cormun/static/PXToolsJavascripts/pexe_layers.js HTTP/1.1" 200 4114
200.126.117.15 - - [25/Mar/2025:12:27:17 -0300] "GET /cormun/static/PXToolsJavascripts/pexe_menudivfix.js HTTP/1.1" 200 333
200.126.117.15 - - [25/Mar/2025:12:27:17 -0300] "GET /cormun/static/PXToolsJavascripts/pexe_menus.js HTTP/1.1" 200 1286
200.126.117.15 - - [25/Mar/2025:12:27:17 -0300] "GET /cormun/static/PXToolsJavascripts/pexe_oavdivfix.js HTTP/1.1" 200 639
200.126.117.15 - - [25/Mar/2025:12:27:17 -0300] "GET /cormun/static/PXToolsJavascripts/pexe_upload.js HTTP/1.1" 200 1423
200.126.117.15 - - [25/Mar/2025:12:27:17 -0300] "GET /cormun/static/PXToolsJavascripts/pexe_scrolldiv.js HTTP/1.1" 200 4138
200.126.117.15 - - [25/Mar/2025:12:27:17 -0300] "GET /cormun/static/PXToolsJavascripts/pexe_tabdivfix.js HTTP/1.1" 200 898
200.126.117.15 - - [25/Mar/2025:12:27:17 -0300] "GET /cormun/static/PXToolsJavascripts/pexe_picture.js HTTP/1.1" 200 689
200.126.117.15 - - [25/Mar/2025:12:27:17 -0300] "GET /cormun/static/PXToolsJavascripts/pexe_tabs.js HTTP/1.1" 200 3748
200.126.117.15 - - [25/Mar/2025:12:27:17 -0300] "GET /cormun/static/PXToolsJavascripts/pexe_popup.js HTTP/1.1" 200 15149
200.126.117.15 - - [25/Mar/2025:12:27:17 -0300] "GET /cormun/static/PXToolsJavascripts/PXToolsJavascriptsRender.js HTTP/1.1" 200 367
200.126.117.15 - - [25/Mar/2025:12:27:17 -0300] "GET /cormun/static/Resources/ImgHome.png HTTP/1.1" 200 1364
200.126.117.15 - - [25/Mar/2025:12:27:17 -0300] "GET /cormun/static/Resources/CormunMP2.png HTTP/1.1" 200 6878
200.126.117.15 - - [25/Mar/2025:12:27:17 -0300] "GET /cormun/static/Resources/Llave.png HTTP/1.1" 200 1395
200.126.117.15 - - [25/Mar/2025:12:27:17 -0300] "GET /cormun/static/RunJS/RunJS.js HTTP/1.1" 200 288
200.126.117.15 - - [25/Mar/2025:12:27:17 -0300] "GET /cormun/static/Resources/ImgLogin.png HTTP/1.1" 200 1432
200.126.117.15 - - [25/Mar/2025:12:27:17 -0300] "GET /cormun/static/Shared/ext/locale/ext-lang-en.js HTTP/1.1" 200 10940
200.126.117.15 - - [25/Mar/2025:12:27:17 -0300] "GET /cormun/static/Resources/PXToolsDataTitle.png HTTP/1.1" 200 1173
200.126.117.15 - - [25/Mar/2025:12:27:17 -0300] "GET /cormun/static/hhome.js?20201215495544 HTTP/1.1" 200 777
200.126.117.15 - - [25/Mar/2025:12:27:17 -0300] "GET /cormun/static/hwchdr01.js?2022112219251119 HTTP/1.1" 200 996
200.126.117.15 - - [25/Mar/2025:12:27:17 -0300] "GET /cormun/static/hpexe_recentlink.js?20201214471090 HTTP/1.1" 200 2144
200.126.117.15 - - [25/Mar/2025:12:27:17 -0300] "GET /cormun/static/hpexe_scripts.js?20201214471411 HTTP/1.1" 200 1544
200.126.117.15 - - [25/Mar/2025:12:27:17 -0300] "GET /cormun/static/hpexe_messagecontroller.js?202211298371222 HTTP/1.1" 200 870
200.126.117.15 - - [25/Mar/2025:12:27:17 -0300] "GET /cormun/static/hpexe_messagepopupcomponent.js?2020121447232 HTTP/1.1" 200 605
200.126.117.15 - - [25/Mar/2025:12:27:17 -0300] "GET /cormun/static/hpexe_messagegenexuscomponent.js?20221129836373 HTTP/1.1" 200 587
200.126.117.15 - - [25/Mar/2025:12:27:17 -0300] "GET /cormun/static/gxui/gxui-all.js HTTP/1.1" 200 107772
200.126.117.15 - - [25/Mar/2025:12:27:17 -0300] "GET /cormun/static/cmcontrolpreferences.js?20199141926336 HTTP/1.1" 200 1375
200.126.117.15 - - [25/Mar/2025:12:27:17 -0300] "GET /cormun/static/Shared/jquery/jquery-1.4.2.min.js HTTP/1.1" 200 72174
200.126.117.15 - - [25/Mar/2025:12:27:17 -0300] "GET /cormun/static/SmoothNavMenu/resources/ddsmoothmenu.js HTTP/1.1" 200 12712
200.126.117.15 - - [25/Mar/2025:12:27:17 -0300] "GET /cormun/static/SmoothNavMenu/resources/SmoothNavMenuRender.js HTTP/1.1" 200 5951
200.126.117.15 - - [25/Mar/2025:12:27:17 -0300] "GET /cormun/static/scaMessage/js/jquery.pnotify.min.js HTTP/1.1" 200 13038
200.126.117.15 - - [25/Mar/2025:12:27:17 -0300] "GET /cormun/static/scaMessage/scaMessageRender.js HTTP/1.1" 200 11977
200.126.117.15 - - [25/Mar/2025:12:27:17 -0300] "GET /cormun/static/hmpwkw03.js?20221129844354 HTTP/1.1" 200 3971
200.126.117.15 - - [25/Mar/2025:12:27:17 -0300] "GET /cormun/static/Shared/jqueryui/jquery-ui.min.js HTTP/1.1" 200 240427
200.126.117.15 - - [25/Mar/2025:12:27:18 -0300] "GET /cormun/static/Shared/jquery/jquery-1.10.2.min.js HTTP/1.1" 200 273199
200.126.117.15 - - [25/Mar/2025:12:27:18 -0300] "GET /cormun/static/Shared/ext/ext-all.js HTTP/1.1" 200 1289687
200.126.117.15 - - [25/Mar/2025:12:27:18 -0300] "GET /cormun/static/SmoothNavMenu/resources/images/down.gif HTTP/1.1" 200 854
200.126.117.15 - - [25/Mar/2025:12:27:18 -0300] "GET /cormun/static/SmoothNavMenu/resources/images/right.gif HTTP/1.1" 200 860
190.95.67.91 - - [25/Mar/2025:12:27:19 -0300] "GET /cormun/static/menuarrow.gif HTTP/1.1" 404 1015
200.126.117.15 - - [25/Mar/2025:12:27:28 -0300] "GET /cormun/servlet/trlicencias? HTTP/1.1" 200 9370
200.126.117.15 - - [25/Mar/2025:12:27:28 -0300] "GET /cormun/static/calendar-setup.js?85251 HTTP/1.1" 200 2588
200.126.117.15 - - [25/Mar/2025:12:27:28 -0300] "GET /cormun/static/calendar-es.js?85251 HTTP/1.1" 200 1901
200.126.117.15 - - [25/Mar/2025:12:27:28 -0300] "GET /cormun/static/calendar.js?85251 HTTP/1.1" 200 26246
200.126.117.15 - - [25/Mar/2025:12:27:28 -0300] "GET /cormun/static/Resources/PXTools/calendar.png HTTP/1.1" 200 1306
200.126.117.15 - - [25/Mar/2025:12:27:28 -0300] "GET /cormun/static/gxdec.js?85251 HTTP/1.1" 200 19579
201.186.225.191 - - [25/Mar/2025:12:28:16 -0300] "POST /cormun/servlet/solicitudot?gx-no-cache=1742916603178 HTTP/1.1" 200 4046
201.186.225.191 - - [25/Mar/2025:12:28:16 -0300] "POST /cormun/servlet/solicitudot?c9ff62866e6990628cb41e9f1a9d4dc8,INS,0,0,false,,gx-no-cache=1742916603377 HTTP/1.1" 200 12895
201.186.225.191 - - [25/Mar/2025:12:28:18 -0300] "GET /cormun/servlet/solicitudot?7bbb61b88d83af67e37c755d1e27595f7185978e53b9c8db9ccc34a2a241d33f80db0410ef925df0d1efc906b0653315,gx-no-cache=1742916605568 HTTP/1.1" 200 30
190.95.67.91 - - [25/Mar/2025:12:29:03 -0300] "GET /cormun/servlet/solicitudot?36d73b433976a64314754e8a9e9ef1f0ef76a638d2efaaee23b287a8a9f11cc01522f9d21e9d4d37f103fc67f151dc18,gx-no-cache=1742916647827 HTTP/1.1" 200 30
190.95.67.91 - - [25/Mar/2025:12:29:03 -0300] "POST /cormun/servlet/solicitudot?gx-no-cache=1742916647857 HTTP/1.1" 200 34
190.95.67.91 - - [25/Mar/2025:12:29:18 -0300] "POST /cormun/servlet/solicitudot?0c331b9251a47f523dd6cee3de6bac03,INS,0,0,false,,gx-no-cache=1742916662601 HTTP/1.1" 200 93
190.95.67.91 - - [25/Mar/2025:12:29:18 -0300] "GET /cormun/servlet/hpexe_return? HTTP/1.1" 200 1011
190.95.67.91 - - [25/Mar/2025:12:29:19 -0300] "GET /cormun/servlet/trsolicitudot HTTP/1.1" 200 8784
201.186.225.191 - - [25/Mar/2025:12:29:28 -0300] "GET /cormun/servlet/solicitudot?INS,0,0,false, HTTP/1.1" 200 16191
190.95.67.91 - - [25/Mar/2025:12:29:49 -0300] "POST /cormun/servlet/trsolicitudot?0c331b9251a47f523dd6cee3de6bac03,gx-no-cache=1742916693658 HTTP/1.1" 200 107
190.95.67.91 - - [25/Mar/2025:12:29:49 -0300] "GET /cormun/servlet/trsolicitudadjuntos?2025,22249, HTTP/1.1" 200 6341
190.95.67.91 - - [25/Mar/2025:12:29:52 -0300] "GET /cormun/servlet/solicitudotadjuntos?INS,2025,22249,,1, HTTP/1.1" 200 6284
190.95.67.91 - - [25/Mar/2025:12:29:52 -0300] "GET /cormun/static/about:blank HTTP/1.1" 404 1011
190.95.67.91 - - [25/Mar/2025:12:29:52 -0300] "GET /cormun/servlet/solicitudotadjuntos?36d73b433976a64314754e8a9e9ef1f05f18b8ad4aa0fd882f31b0bf069d57f7c885145a2a4be69849c2b8b28b1e5397,gx-no-cache=1742916696996 HTTP/1.1" 200 30
190.95.67.91 - - [25/Mar/2025:12:29:52 -0300] "POST /cormun/servlet/solicitudotadjuntos?0c331b9251a47f523dd6cee3de6bac03,INS,2025,22249,,1,,gx-no-cache=1742916697012 HTTP/1.1" 200 4193
190.95.67.91 - - [25/Mar/2025:12:29:54 -0300] "POST /cormun/servlet/solicitudotadjuntos?gx-no-cache=1742916698251 HTTP/1.1" 200 26
190.95.67.91 - - [25/Mar/2025:12:30:12 -0300] "GET /cormun/servlet/solicitudotadjuntos?36d73b433976a64314754e8a9e9ef1f052ccdef791521d6d47c4bfa6a897ae34,gx-no-cache=1742916716816 HTTP/1.1" 200 30
190.95.67.91 - - [25/Mar/2025:12:30:12 -0300] "GET /cormun/servlet/solicitudotadjuntos?36d73b433976a64314754e8a9e9ef1f052ccdef791521d6d47c4bfa6a897ae34,gx-no-cache=1742916716826 HTTP/1.1" 200 30
190.95.67.91 - - [25/Mar/2025:12:30:12 -0300] "POST /cormun/servlet/solicitudotadjuntos?0c331b9251a47f523dd6cee3de6bac03,INS,2025,22249,,1, HTTP/1.1" 200 116
190.95.67.91 - - [25/Mar/2025:12:30:12 -0300] "GET /cormun/servlet/hpexe_return? HTTP/1.1" 200 1028
190.95.67.91 - - [25/Mar/2025:12:30:12 -0300] "GET /cormun/servlet/trsolicitudadjuntos?2025,22249, HTTP/1.1" 200 9349
190.95.67.91 - - [25/Mar/2025:12:30:14 -0300] "GET /cormun/servlet/solicitudotadjuntos?INS,2025,22249,,1, HTTP/1.1" 200 6284
190.95.67.91 - - [25/Mar/2025:12:30:14 -0300] "GET /cormun/static/about:blank HTTP/1.1" 404 1011
190.95.67.91 - - [25/Mar/2025:12:30:15 -0300] "GET /cormun/servlet/solicitudotadjuntos?36d73b433976a64314754e8a9e9ef1f05f18b8ad4aa0fd882f31b0bf069d57f7c885145a2a4be69849c2b8b28b1e5397,gx-no-cache=1742916719523 HTTP/1.1" 200 30
190.95.67.91 - - [25/Mar/2025:12:30:15 -0300] "POST /cormun/servlet/solicitudotadjuntos?0c331b9251a47f523dd6cee3de6bac03,INS,2025,22249,,1,,gx-no-cache=1742916719537 HTTP/1.1" 200 4193
190.95.67.91 - - [25/Mar/2025:12:30:17 -0300] "POST /cormun/servlet/solicitudotadjuntos?gx-no-cache=1742916721168 HTTP/1.1" 200 26
190.95.67.91 - - [25/Mar/2025:12:30:21 -0300] "GET /cormun/servlet/solicitudotadjuntos?36d73b433976a64314754e8a9e9ef1f052ccdef791521d6d47c4bfa6a897ae34,gx-no-cache=1742916725225 HTTP/1.1" 200 30
190.95.67.91 - - [25/Mar/2025:12:30:21 -0300] "GET /cormun/servlet/solicitudotadjuntos?36d73b433976a64314754e8a9e9ef1f052ccdef791521d6d47c4bfa6a897ae34,gx-no-cache=1742916725236 HTTP/1.1" 200 30
190.95.67.91 - - [25/Mar/2025:12:30:21 -0300] "POST /cormun/servlet/solicitudotadjuntos?0c331b9251a47f523dd6cee3de6bac03,INS,2025,22249,,1, HTTP/1.1" 200 116
190.95.67.91 - - [25/Mar/2025:12:30:21 -0300] "GET /cormun/servlet/hpexe_return? HTTP/1.1" 200 1028
190.95.67.91 - - [25/Mar/2025:12:30:21 -0300] "GET /cormun/servlet/trsolicitudadjuntos?2025,22249, HTTP/1.1" 200 9596
190.95.67.91 - - [25/Mar/2025:12:30:23 -0300] "GET /cormun/servlet/solicitudotadjuntos?INS,2025,22249,,1, HTTP/1.1" 200 6284
190.95.67.91 - - [25/Mar/2025:12:30:23 -0300] "GET /cormun/static/about:blank HTTP/1.1" 404 1011
190.95.67.91 - - [25/Mar/2025:12:30:23 -0300] "GET /cormun/servlet/solicitudotadjuntos?36d73b433976a64314754e8a9e9ef1f05f18b8ad4aa0fd882f31b0bf069d57f7c885145a2a4be69849c2b8b28b1e5397,gx-no-cache=1742916727905 HTTP/1.1" 200 30
190.95.67.91 - - [25/Mar/2025:12:30:23 -0300] "POST /cormun/servlet/solicitudotadjuntos?0c331b9251a47f523dd6cee3de6bac03,INS,2025,22249,,1,,gx-no-cache=1742916727944 HTTP/1.1" 200 4193
190.95.67.91 - - [25/Mar/2025:12:30:25 -0300] "POST /cormun/servlet/solicitudotadjuntos?gx-no-cache=1742916729520 HTTP/1.1" 200 26
190.95.67.91 - - [25/Mar/2025:12:30:37 -0300] "GET /cormun/servlet/solicitudotadjuntos?36d73b433976a64314754e8a9e9ef1f052ccdef791521d6d47c4bfa6a897ae34,gx-no-cache=1742916741744 HTTP/1.1" 200 30
190.95.67.91 - - [25/Mar/2025:12:30:37 -0300] "GET /cormun/servlet/solicitudotadjuntos?36d73b433976a64314754e8a9e9ef1f052ccdef791521d6d47c4bfa6a897ae34,gx-no-cache=1742916741766 HTTP/1.1" 200 30
190.95.67.91 - - [25/Mar/2025:12:30:37 -0300] "POST /cormun/servlet/solicitudotadjuntos?0c331b9251a47f523dd6cee3de6bac03,INS,2025,22249,,1, HTTP/1.1" 200 116
190.95.67.91 - - [25/Mar/2025:12:30:37 -0300] "GET /cormun/servlet/hpexe_return? HTTP/1.1" 200 1028
190.95.67.91 - - [25/Mar/2025:12:30:37 -0300] "GET /cormun/servlet/trsolicitudadjuntos?2025,22249, HTTP/1.1" 200 9842
190.95.67.91 - - [25/Mar/2025:12:30:40 -0300] "GET /cormun/servlet/solicitudotadjuntos?INS,2025,22249,,1, HTTP/1.1" 200 6284
190.95.67.91 - - [25/Mar/2025:12:30:40 -0300] "GET /cormun/static/about:blank HTTP/1.1" 404 1011
190.95.67.91 - - [25/Mar/2025:12:30:40 -0300] "GET /cormun/servlet/solicitudotadjuntos?36d73b433976a64314754e8a9e9ef1f05f18b8ad4aa0fd882f31b0bf069d57f7c885145a2a4be69849c2b8b28b1e5397,gx-no-cache=1742916744718 HTTP/1.1" 200 30
190.95.67.91 - - [25/Mar/2025:12:30:40 -0300] "POST /cormun/servlet/solicitudotadjuntos?0c331b9251a47f523dd6cee3de6bac03,INS,2025,22249,,1,,gx-no-cache=1742916744731 HTTP/1.1" 200 4193
190.95.67.91 - - [25/Mar/2025:12:30:42 -0300] "POST /cormun/servlet/solicitudotadjuntos?gx-no-cache=1742916746880 HTTP/1.1" 200 26
190.95.67.91 - - [25/Mar/2025:12:30:46 -0300] "GET /cormun/servlet/solicitudotadjuntos?36d73b433976a64314754e8a9e9ef1f052ccdef791521d6d47c4bfa6a897ae34,gx-no-cache=1742916750552 HTTP/1.1" 200 30
190.95.67.91 - - [25/Mar/2025:12:30:46 -0300] "GET /cormun/servlet/solicitudotadjuntos?36d73b433976a64314754e8a9e9ef1f052ccdef791521d6d47c4bfa6a897ae34,gx-no-cache=1742916750562 HTTP/1.1" 200 30
190.95.67.91 - - [25/Mar/2025:12:30:46 -0300] "POST /cormun/servlet/solicitudotadjuntos?0c331b9251a47f523dd6cee3de6bac03,INS,2025,22249,,1, HTTP/1.1" 200 116
190.95.67.91 - - [25/Mar/2025:12:30:46 -0300] "GET /cormun/servlet/hpexe_return? HTTP/1.1" 200 1028
190.95.67.91 - - [25/Mar/2025:12:30:46 -0300] "GET /cormun/servlet/trsolicitudadjuntos?2025,22249, HTTP/1.1" 200 10091
190.95.67.91 - - [25/Mar/2025:12:30:49 -0300] "GET /cormun/servlet/solicitudotadjuntos?INS,2025,22249,,1, HTTP/1.1" 200 6284
190.95.67.91 - - [25/Mar/2025:12:30:49 -0300] "GET /cormun/static/about:blank HTTP/1.1" 404 1011
190.95.67.91 - - [25/Mar/2025:12:30:50 -0300] "GET /cormun/servlet/solicitudotadjuntos?36d73b433976a64314754e8a9e9ef1f05f18b8ad4aa0fd882f31b0bf069d57f7c885145a2a4be69849c2b8b28b1e5397,gx-no-cache=1742916754281 HTTP/1.1" 200 30
190.95.67.91 - - [25/Mar/2025:12:30:50 -0300] "POST /cormun/servlet/solicitudotadjuntos?0c331b9251a47f523dd6cee3de6bac03,INS,2025,22249,,1,,gx-no-cache=1742916754294 HTTP/1.1" 200 4193
190.95.67.91 - - [25/Mar/2025:12:30:52 -0300] "POST /cormun/servlet/solicitudotadjuntos?gx-no-cache=1742916756576 HTTP/1.1" 200 26
179.57.78.55 - - [25/Mar/2025:12:30:54 -0300] "GET /cormun/servlet/trpermisosgoce? HTTP/1.1" 200 6032
179.57.78.55 - - [25/Mar/2025:12:30:54 -0300] "GET /cormun/servlet/hlogin HTTP/1.1" 200 1735
190.95.67.91 - - [25/Mar/2025:12:30:57 -0300] "GET /cormun/servlet/solicitudotadjuntos?36d73b433976a64314754e8a9e9ef1f052ccdef791521d6d47c4bfa6a897ae34,gx-no-cache=1742916761088 HTTP/1.1" 200 30
190.95.67.91 - - [25/Mar/2025:12:30:57 -0300] "GET /cormun/servlet/solicitudotadjuntos?36d73b433976a64314754e8a9e9ef1f052ccdef791521d6d47c4bfa6a897ae34,gx-no-cache=1742916761098 HTTP/1.1" 200 30
190.95.67.91 - - [25/Mar/2025:12:30:57 -0300] "POST /cormun/servlet/solicitudotadjuntos?0c331b9251a47f523dd6cee3de6bac03,INS,2025,22249,,1, HTTP/1.1" 200 116
190.95.67.91 - - [25/Mar/2025:12:30:57 -0300] "GET /cormun/servlet/hpexe_return? HTTP/1.1" 200 1028
190.95.67.91 - - [25/Mar/2025:12:30:57 -0300] "GET /cormun/servlet/trsolicitudadjuntos?2025,22249, HTTP/1.1" 200 10388
190.95.67.91 - - [25/Mar/2025:12:30:59 -0300] "GET /cormun/servlet/solicitudotadjuntos?INS,2025,22249,,1, HTTP/1.1" 200 6284
190.95.67.91 - - [25/Mar/2025:12:30:59 -0300] "GET /cormun/static/about:blank HTTP/1.1" 404 1011
179.57.78.55 - - [25/Mar/2025:12:30:59 -0300] "POST /cormun/servlet/hlogin?b394a5c467dd00476f0c5b6eb03b4266,gx-no-cache=1742916762199 HTTP/1.1" 200 90
179.57.78.55 - - [25/Mar/2025:12:30:59 -0300] "GET /cormun/servlet/hpexe_link HTTP/1.1" 200 952
179.57.78.55 - - [25/Mar/2025:12:30:59 -0300] "GET /cormun/servlet/trpermisosgoce HTTP/1.1" 200 10390
190.95.67.91 - - [25/Mar/2025:12:30:59 -0300] "GET /cormun/servlet/solicitudotadjuntos?36d73b433976a64314754e8a9e9ef1f05f18b8ad4aa0fd882f31b0bf069d57f7c885145a2a4be69849c2b8b28b1e5397,gx-no-cache=1742916763932 HTTP/1.1" 200 30
190.95.67.91 - - [25/Mar/2025:12:30:59 -0300] "POST /cormun/servlet/solicitudotadjuntos?0c331b9251a47f523dd6cee3de6bac03,INS,2025,22249,,1,,gx-no-cache=1742916763947 HTTP/1.1" 200 4193
179.57.78.55 - - [25/Mar/2025:12:31:01 -0300] "GET /cormun/servlet/permisogoce?INS,0,,, HTTP/1.1" 200 6840
190.95.67.91 - - [25/Mar/2025:12:31:02 -0300] "POST /cormun/servlet/solicitudotadjuntos?gx-no-cache=1742916766144 HTTP/1.1" 200 26
179.57.78.55 - - [25/Mar/2025:12:31:07 -0300] "GET /cormun/servlet/permisogoce?ce9488a236b8083e3e30f091a4da4989ab0a7ef7579e872d8962113a49d0150b1d7026f0cb74b8fbc78de0f75853886a42df2e909894c3943c812896cd3c0ef4,gx-no-cache=1742916770283 HTTP/1.1" 200 76
190.95.67.91 - - [25/Mar/2025:12:31:07 -0300] "GET /cormun/servlet/solicitudotadjuntos?36d73b433976a64314754e8a9e9ef1f052ccdef791521d6d47c4bfa6a897ae34,gx-no-cache=1742916771704 HTTP/1.1" 200 30
190.95.67.91 - - [25/Mar/2025:12:31:07 -0300] "GET /cormun/servlet/solicitudotadjuntos?36d73b433976a64314754e8a9e9ef1f052ccdef791521d6d47c4bfa6a897ae34,gx-no-cache=1742916771714 HTTP/1.1" 200 30
190.95.67.91 - - [25/Mar/2025:12:31:08 -0300] "POST /cormun/servlet/solicitudotadjuntos?0c331b9251a47f523dd6cee3de6bac03,INS,2025,22249,,1, HTTP/1.1" 200 116
190.95.67.91 - - [25/Mar/2025:12:31:08 -0300] "GET /cormun/servlet/hpexe_return? HTTP/1.1" 200 1028
190.95.67.91 - - [25/Mar/2025:12:31:08 -0300] "GET /cormun/servlet/trsolicitudadjuntos?2025,22249, HTTP/1.1" 200 10548
179.57.78.55 - - [25/Mar/2025:12:31:09 -0300] "GET /cormun/static/menuarrow.gif HTTP/1.1" 404 1015
190.95.67.91 - - [25/Mar/2025:12:31:11 -0300] "GET /cormun/servlet/solicitudotadjuntos?INS,2025,22249,,1, HTTP/1.1" 200 6284
190.95.67.91 - - [25/Mar/2025:12:31:12 -0300] "GET /cormun/static/about:blank HTTP/1.1" 404 1011
190.95.67.91 - - [25/Mar/2025:12:31:12 -0300] "GET /cormun/servlet/solicitudotadjuntos?36d73b433976a64314754e8a9e9ef1f05f18b8ad4aa0fd882f31b0bf069d57f7c885145a2a4be69849c2b8b28b1e5397,gx-no-cache=1742916776651 HTTP/1.1" 200 30
190.95.67.91 - - [25/Mar/2025:12:31:12 -0300] "POST /cormun/servlet/solicitudotadjuntos?0c331b9251a47f523dd6cee3de6bac03,INS,2025,22249,,1,,gx-no-cache=1742916776671 HTTP/1.1" 200 4193
190.95.67.91 - - [25/Mar/2025:12:31:15 -0300] "POST /cormun/servlet/solicitudotadjuntos?0c331b9251a47f523dd6cee3de6bac03,INS,2025,22249,,1,,gx-no-cache=1742916779489 HTTP/1.1" 200 93
190.95.67.91 - - [25/Mar/2025:12:31:15 -0300] "GET /cormun/servlet/hpexe_return? HTTP/1.1" 200 1028
190.95.67.91 - - [25/Mar/2025:12:31:15 -0300] "GET /cormun/servlet/trsolicitudadjuntos?2025,22249, HTTP/1.1" 200 10546
179.57.78.55 - - [25/Mar/2025:12:31:17 -0300] "GET /cormun/servlet/permisogoce?ce9488a236b8083e3e30f091a4da4989e025d70a3ad03317a780d4887eed8bd2056c137a676fb500fe2492541b0ab10dc9b0f6d4aec538b660f9fb60b538086d,gx-no-cache=1742916779955 HTTP/1.1" 200 47
190.95.67.91 - - [25/Mar/2025:12:31:17 -0300] "GET /cormun/servlet/solicitudotadjuntos?INS,2025,22249,,2, HTTP/1.1" 200 6281
190.95.67.91 - - [25/Mar/2025:12:31:17 -0300] "GET /cormun/static/about:blank HTTP/1.1" 404 1011
190.95.67.91 - - [25/Mar/2025:12:31:17 -0300] "GET /cormun/servlet/solicitudotadjuntos?36d73b433976a64314754e8a9e9ef1f05f18b8ad4aa0fd882f31b0bf069d57f7c885145a2a4be69849c2b8b28b1e5397,gx-no-cache=1742916781944 HTTP/1.1" 200 30
201.186.225.191 - - [25/Mar/2025:12:31:17 -0300] "GET /cormun/servlet/trvisualizadoreventos? HTTP/1.1" 200 6959
190.95.67.91 - - [25/Mar/2025:12:31:17 -0300] "POST /cormun/servlet/solicitudotadjuntos?0c331b9251a47f523dd6cee3de6bac03,INS,2025,22249,,2,,gx-no-cache=1742916781956 HTTP/1.1" 200 4332
179.57.78.55 - - [25/Mar/2025:12:31:20 -0300] "POST /cormun/servlet/permisogoce?b394a5c467dd00476f0c5b6eb03b4266,INS,0,,,,gx-no-cache=1742916782535 HTTP/1.1" 200 93
179.57.78.55 - - [25/Mar/2025:12:31:20 -0300] "GET /cormun/servlet/hpexe_return? HTTP/1.1" 200 1006
179.57.78.55 - - [25/Mar/2025:12:31:20 -0300] "GET /cormun/servlet/trpermisosgoce HTTP/1.1" 200 10653
201.186.225.191 - - [25/Mar/2025:12:31:21 -0300] "GET /cormun/static/menuarrow.gif HTTP/1.1" 404 1015
190.95.67.91 - - [25/Mar/2025:12:31:21 -0300] "POST /cormun/servlet/solicitudotadjuntos?gx-no-cache=1742916785808 HTTP/1.1" 200 26
179.57.78.55 - - [25/Mar/2025:12:31:22 -0300] "GET /cormun/servlet/apermisogoceprn?19679348,P,20250325123310,PU HTTP/1.1" 200 1639
190.95.67.91 - - [25/Mar/2025:12:31:26 -0300] "GET /cormun/servlet/solicitudotadjuntos?36d73b433976a64314754e8a9e9ef1f052ccdef791521d6d47c4bfa6a897ae34,gx-no-cache=1742916791000 HTTP/1.1" 200 30
190.95.67.91 - - [25/Mar/2025:12:31:26 -0300] "GET /cormun/servlet/solicitudotadjuntos?36d73b433976a64314754e8a9e9ef1f052ccdef791521d6d47c4bfa6a897ae34,gx-no-cache=1742916791010 HTTP/1.1" 200 30
190.95.67.91 - - [25/Mar/2025:12:31:26 -0300] "POST /cormun/servlet/solicitudotadjuntos?0c331b9251a47f523dd6cee3de6bac03,INS,2025,22249,,2, HTTP/1.1" 200 116
190.95.67.91 - - [25/Mar/2025:12:31:27 -0300] "GET /cormun/servlet/hpexe_return? HTTP/1.1" 200 1028
190.95.67.91 - - [25/Mar/2025:12:31:27 -0300] "GET /cormun/servlet/trsolicitudadjuntos?2025,22249, HTTP/1.1" 200 10697
190.95.67.91 - - [25/Mar/2025:12:31:33 -0300] "POST /cormun/servlet/trsolicitudadjuntos?0c331b9251a47f523dd6cee3de6bac03,2025,22249,,gx-no-cache=1742916797721 HTTP/1.1" 200 90
190.95.67.91 - - [25/Mar/2025:12:31:33 -0300] "GET /cormun/servlet/hpexe_link HTTP/1.1" 200 971
190.95.67.91 - - [25/Mar/2025:12:31:33 -0300] "GET /cormun/servlet/trsolicitudot HTTP/1.1" 200 8781
190.95.1.129 - - [25/Mar/2025:12:31:41 -0300] "GET /cormun/servlet/hlogin HTTP/1.1" 200 1721
201.186.225.191 - - [25/Mar/2025:12:31:45 -0300] "POST /cormun/servlet/trvisualizadoreventos?c9ff62866e6990628cb41e9f1a9d4dc8,,gx-no-cache=1742916812254 HTTP/1.1" 200 4309
201.186.225.191 - - [25/Mar/2025:12:31:46 -0300] "POST /cormun/servlet/trvisualizadoreventos?c9ff62866e6990628cb41e9f1a9d4dc8,,gx-no-cache=1742916813468 HTTP/1.1" 200 4309
190.95.67.91 - - [25/Mar/2025:12:31:46 -0300] "POST /cormun/servlet/trsolicitudot?0c331b9251a47f523dd6cee3de6bac03,gx-no-cache=1742916810450 HTTP/1.1" 200 4615
190.95.67.91 - - [25/Mar/2025:12:31:46 -0300] "GET /cormun/static/Shared/jqueryui/images/ui-bg_highlight-soft_100_c6c2c8_1x100.png HTTP/1.1" 404 1117
190.95.67.91 - - [25/Mar/2025:12:31:46 -0300] "GET /cormun/static/Shared/jqueryui/images/ui-icons_82798d_256x240.png HTTP/1.1" 404 1089
190.95.67.91 - - [25/Mar/2025:12:31:46 -0300] "GET /cormun/static/Shared/jqueryui/images/ui-bg_flat_55_fafafa_40x100.png HTTP/1.1" 404 1097
190.95.67.91 - - [25/Mar/2025:12:31:46 -0300] "GET /cormun/static/Shared/jqueryui/images/ui-icons_8d78a5_256x240.png HTTP/1.1" 404 1089
190.95.67.91 - - [25/Mar/2025:12:31:46 -0300] "POST /cormun/servlet/trsolicitudot?0c331b9251a47f523dd6cee3de6bac03,gx-no-cache=1742916810560 HTTP/1.1" 200 4354
190.95.1.129 - - [25/Mar/2025:12:31:48 -0300] "POST /cormun/servlet/hlogin?f9ec2434767b901ccd0815106cab3ed7,gx-no-cache=1742916812455 HTTP/1.1" 200 90
190.95.1.129 - - [25/Mar/2025:12:31:48 -0300] "GET /cormun/servlet/hpexe_link HTTP/1.1" 200 955
190.95.1.129 - - [25/Mar/2025:12:31:48 -0300] "GET /cormun/servlet/trsolicitudot? HTTP/1.1" 200 7337
201.186.225.191 - - [25/Mar/2025:12:31:53 -0300] "POST /cormun/servlet/trvisualizadoreventos?c9ff62866e6990628cb41e9f1a9d4dc8,,gx-no-cache=1742916820165 HTTP/1.1" 200 4314
190.95.1.129 - - [25/Mar/2025:12:32:00 -0300] "GET /cormun/servlet/trlicencias? HTTP/1.1" 200 12870
201.186.225.191 - - [25/Mar/2025:12:32:08 -0300] "POST /cormun/servlet/trvisualizadoreventos?c9ff62866e6990628cb41e9f1a9d4dc8,,gx-no-cache=1742916835189 HTTP/1.1" 200 4310
201.186.225.191 - - [25/Mar/2025:12:32:17 -0300] "POST /cormun/servlet/trvisualizadoreventos?c9ff62866e6990628cb41e9f1a9d4dc8,,gx-no-cache=1742916844428 HTTP/1.1" 200 4946
201.186.225.191 - - [25/Mar/2025:12:32:27 -0300] "GET /cormun/servlet/trsolicitudot? HTTP/1.1" 200 7400
201.186.225.191 - - [25/Mar/2025:12:32:39 -0300] "POST /cormun/servlet/trsolicitudot?c9ff62866e6990628cb41e9f1a9d4dc8,,gx-no-cache=1742916866382 HTTP/1.1" 200 4644
201.186.225.191 - - [25/Mar/2025:12:32:46 -0300] "POST /cormun/servlet/trsolicitudot?c9ff62866e6990628cb41e9f1a9d4dc8,,gx-no-cache=1742916873949 HTTP/1.1" 200 4650
201.186.225.191 - - [25/Mar/2025:12:32:53 -0300] "POST /cormun/servlet/trsolicitudot?c9ff62866e6990628cb41e9f1a9d4dc8,,gx-no-cache=1742916880541 HTTP/1.1" 200 4646
201.186.225.191 - - [25/Mar/2025:12:32:59 -0300] "POST /cormun/servlet/trsolicitudot?c9ff62866e6990628cb41e9f1a9d4dc8,,gx-no-cache=1742916886580 HTTP/1.1" 200 4639
201.186.225.191 - - [25/Mar/2025:12:33:11 -0300] "POST /cormun/servlet/trsolicitudot?c9ff62866e6990628cb41e9f1a9d4dc8,,gx-no-cache=1742916898072 HTTP/1.1" 200 4640
201.186.225.191 - - [25/Mar/2025:12:33:11 -0300] "POST /cormun/servlet/trsolicitudot?c9ff62866e6990628cb41e9f1a9d4dc8,,gx-no-cache=1742916898999 HTTP/1.1" 200 4641
201.186.225.191 - - [25/Mar/2025:12:33:12 -0300] "POST /cormun/servlet/trsolicitudot?c9ff62866e6990628cb41e9f1a9d4dc8,,gx-no-cache=1742916899656 HTTP/1.1" 200 4641
201.186.225.191 - - [25/Mar/2025:12:33:13 -0300] "POST /cormun/servlet/trsolicitudot?c9ff62866e6990628cb41e9f1a9d4dc8,,gx-no-cache=1742916900183 HTTP/1.1" 200 4640
201.186.225.191 - - [25/Mar/2025:12:33:13 -0300] "POST /cormun/servlet/trsolicitudot?c9ff62866e6990628cb41e9f1a9d4dc8,,gx-no-cache=1742916900647 HTTP/1.1" 200 4640
201.186.225.191 - - [25/Mar/2025:12:33:14 -0300] "POST /cormun/servlet/trsolicitudot?c9ff62866e6990628cb41e9f1a9d4dc8,,gx-no-cache=1742916901071 HTTP/1.1" 200 4640
190.95.67.91 - - [25/Mar/2025:12:33:14 -0300] "GET /cormun/servlet/trautorizarsolicitud? HTTP/1.1" 200 8796
190.95.67.91 - - [25/Mar/2025:12:33:16 -0300] "POST /cormun/servlet/trautorizarsolicitud?0c331b9251a47f523dd6cee3de6bac03,,gx-no-cache=1742916900907 HTTP/1.1" 200 4809
190.95.67.91 - - [25/Mar/2025:12:33:17 -0300] "POST /cormun/servlet/trautorizarsolicitud?0c331b9251a47f523dd6cee3de6bac03,,gx-no-cache=1742916901055 HTTP/1.1" 200 4550
201.186.225.191 - - [25/Mar/2025:12:33:36 -0300] "POST /cormun/servlet/trsolicitudot?c9ff62866e6990628cb41e9f1a9d4dc8,,gx-no-cache=1742916923432 HTTP/1.1" 200 6049
201.186.225.191 - - [25/Mar/2025:12:33:40 -0300] "GET /cormun/servlet/vesolicitudot?2024,21880,, HTTP/1.1" 200 8518
201.186.225.191 - - [25/Mar/2025:12:33:40 -0300] "GET /cormun/static/gxcfg.js?202211298465857 HTTP/1.1" 200 953
201.186.225.191 - - [25/Mar/2025:12:33:40 -0300] "GET /cormun/static/Resources/PXToolsTabFirstSelected.png HTTP/1.1" 200 1270
201.186.225.191 - - [25/Mar/2025:12:33:40 -0300] "GET /cormun/pexe_scrolldiv.js HTTP/1.1" 404 1009
201.186.225.191 - - [25/Mar/2025:12:33:40 -0300] "GET /cormun/static/vesolicitudot.js?202211298465886 HTTP/1.1" 200 6091
201.186.225.191 - - [25/Mar/2025:12:33:40 -0300] "GET /cormun/static/hwcviewtabs.js?201991422154026 HTTP/1.1" 200 1074
201.186.225.191 - - [25/Mar/2025:12:33:40 -0300] "GET /cormun/static/hpexe_tabsview.js?2020121447381 HTTP/1.1" 200 1661
201.186.225.191 - - [25/Mar/2025:12:33:40 -0300] "GET /cormun/static/tbsolicitudot01.js?20201214462316 HTTP/1.1" 200 30566
201.186.225.191 - - [25/Mar/2025:12:33:40 -0300] "GET /cormun/static/Resources/PXToolsTabLastUnselected.png HTTP/1.1" 200 1297
201.186.225.191 - - [25/Mar/2025:12:33:40 -0300] "GET /cormun/static/Resources/PXToolsTabPrevious.gif HTTP/1.1" 200 172
201.186.225.191 - - [25/Mar/2025:12:33:40 -0300] "GET /cormun/static/Resources/PXToolsTabNext.gif HTTP/1.1" 200 168
201.186.225.191 - - [25/Mar/2025:12:33:40 -0300] "GET /cormun/static/calendar-system.css HTTP/1.1" 200 5572
201.186.225.191 - - [25/Mar/2025:12:33:40 -0300] "GET /cormun/static/Resources/PXToolsTabBackUnselected.png HTTP/1.1" 200 1175
201.186.225.191 - - [25/Mar/2025:12:33:40 -0300] "GET /cormun/static/Resources/PXToolsTabBackSelected.png HTTP/1.1" 200 1157
201.186.225.191 - - [25/Mar/2025:12:33:40 -0300] "GET /cormun/static/Resources/PXToolsTabSelectedUnselected.png HTTP/1.1" 200 1451
201.186.225.191 - - [25/Mar/2025:12:33:40 -0300] "GET /cormun/static/Resources/PXToolsTabUnselectedUnselected.png HTTP/1.1" 200 1470
201.186.225.191 - - [25/Mar/2025:12:33:52 -0300] "GET /cormun/servlet/prbanco?,MD,,gxPopupLevel%3D0%3B HTTP/1.1" 200 6561
201.186.225.191 - - [25/Mar/2025:12:33:55 -0300] "GET /cormun/servlet/solicitudot?7bbb61b88d83af67e37c755d1e27595f4e51cc169f3181ce1bdc0586920ea3587f6a95420ba5e83333382708349c61c94771146a73b5ba58b1ac0739e35b96e5,gx-no-cache=1742916942229 HTTP/1.1" 200 30
201.186.225.191 - - [25/Mar/2025:12:33:56 -0300] "GET /cormun/servlet/solicitudot?7bbb61b88d83af67e37c755d1e27595f5eebe01a4b32ba7a026d0ca3f4f77deb,gx-no-cache=1742916943304 HTTP/1.1" 200 53
201.186.225.191 - - [25/Mar/2025:12:34:10 -0300] "POST /cormun/servlet/solicitudot?gx-no-cache=1742916957064 HTTP/1.1" 200 297
201.186.225.191 - - [25/Mar/2025:12:34:10 -0300] "GET /cormun/servlet/solicitudot?7bbb61b88d83af67e37c755d1e27595f456b16f1d6bed9d1a0ae8c5226f5cb61a2a89aaa87dc5ac972b53c432d4b2d9cb95c3d6ed1aa05ede33b7546f5c4b01658e7c48e0519e332c509905f2426a973ed372a32f43b268d8b23e029d66c7237898939d7d2bf94d33c40fdaf62e70fcc9ec091098cecf2e75d9d91b2eb05085cfe9e96dd0f929c5590ed78aeccf621cc3a880ce6a4a616f60b87e9684549128600d6f2038c0dbf5ef33705593a2824c8bcc753845ecdbc517a0f6c8a8f2e675b5eebecc1dc6d62a9535ae8c4ea3425989129cf6b0715c6ed500e54e676b3c447525af0169a88fde25d8c844bbe57d8a3415f2838454c89e7a92406d9968e2d86cae3b479987e3056bb2a0816e45f08237cb962f706a1be4216875ece51571265bf4ac8bea80e80a00461b7db156fb59cf6e3177e504aa0eb293521d4e616d1e1ad992ab8dcb8e4a758d1668a09f9c2d4864172bc3e82157be3d1a070aa398b64533d57a25e1c06786dc6230ea798743468a1b0cb7ba1e9d0415a6163cc3122bccbc4f5d9ab9d74628054b140be0830b8,gx-no-cache=1742916957160 HTTP/1.1" 200 30
201.186.225.191 - - [25/Mar/2025:12:34:13 -0300] "POST /cormun/servlet/solicitudot?gx-no-cache=1742916961017 HTTP/1.1" 200 30
201.186.225.191 - - [25/Mar/2025:12:34:15 -0300] "POST /cormun/servlet/solicitudot?gx-no-cache=1742916963035 HTTP/1.1" 200 1481
201.186.225.191 - - [25/Mar/2025:12:34:15 -0300] "POST /cormun/servlet/solicitudot?gx-no-cache=1742916963060 HTTP/1.1" 200 38
201.186.225.191 - - [25/Mar/2025:12:34:28 -0300] "GET /cormun/servlet/solicitudot?7bbb61b88d83af67e37c755d1e27595fb4a8fe1ffdcc999e3b4358ee184d8e6db3c351920f1e6071889fff90037a1b14366e8425ce4a763b4cc06a80b4dcaad1397c55789cc094ea40a1b6750379c6dfcd17eee231a9c5687b3b5449bfeae70f1b6671e9b711db170a86c0edf59e1dcf,gx-no-cache=1742916975928 HTTP/1.1" 200 110
201.186.225.191 - - [25/Mar/2025:12:34:28 -0300] "POST /cormun/servlet/solicitudot?gx-no-cache=1742916975960 HTTP/1.1" 200 79
201.186.225.191 - - [25/Mar/2025:12:34:32 -0300] "GET /cormun/servlet/solicitudot?7bbb61b88d83af67e37c755d1e27595f1e0cf6535781e5ffc116ebde35cae86efaeeae43a970f3eec635b6068b0cc8566ce40e31808693a892776083a06be34d9268d6b48f9323d21cbdbcadd688ec62134c39ed74cb2068b46bc3428b375ccde27ea0162bb4cff754c694c014a05904,gx-no-cache=1742916980108 HTTP/1.1" 200 29
201.186.225.191 - - [25/Mar/2025:12:34:33 -0300] "GET /cormun/static/menuarrow.gif HTTP/1.1" 404 1015
