201.186.225.191 - - [24/Mar/2025:09:27:02 -0300] "GET /cormun/servlet/solicitudot?12ab881fb4189769970a5adf0d3dbd19db2ac9017b918d20b7309e6b040fc1173047776a93be20907b155c10a3a8563e2798a19a9a36b5a53f0ebc32dc42756ddecfc2f95bde7967deec0fcef399d44fb4c1e815e5627c09ce8b564398821a6240d02a0d46aed65e3b7afd8396d910a4,gx-no-cache=1742819332225 HTTP/1.1" 200 110
201.186.225.191 - - [24/Mar/2025:09:27:02 -0300] "POST /cormun/servlet/solicitudot?gx-no-cache=1742819332274 HTTP/1.1" 200 79
201.186.225.191 - - [24/Mar/2025:09:27:07 -0300] "GET /cormun/servlet/solicitudot?12ab881fb4189769970a5adf0d3dbd1938655c73468b54f6e9e66d7daaf6f7a833048e84c338dcb4eadefde729dff0962448764306778fb5ac790a58d21d1af7954e2483d37fe9239ddff3ce8689b2b6aa36bf54ce188d9a796eefaeaefabc07724080a52949357fa92ed8d3a7014815,gx-no-cache=1742819337264 HTTP/1.1" 200 29
129.222.173.48 - - [24/Mar/2025:09:27:14 -0300] "POST /cormun/servlet/solicitudot?gx-no-cache=1742819340438 HTTP/1.1" 200 298
129.222.173.48 - - [24/Mar/2025:09:27:14 -0300] "GET /cormun/servlet/solicitudot?e68dc121e95cb8353d6dc568b3405720a6ebadf08f3dad2b1ebdcf2ac15f51c5e0937687be162ed7e6b54304b071e31b0715023f2f4f4929448b90d37c2c6059a99854f4898dde2b72c5500a6c4c2f74f6d25c0e9f33c329544fd7b1c300aea8486e7f7becb12c64a7b34fd335966e791a40228f7a0f1332fa9ca9752ddadad9469e66325d089e1cf208f640e4437278e8370345d0fb7973836308d02179be88ff765e2d924cf7b57835a2a731b7f2e9952921d407975eab3727309e5997eaf4202da3bad11d140b800d9fb30645b1b71124bf72fb367a02f1afa1a59eb1873c19d68dfe61cba8c0092a05dd437388d9f9b1eac8f0103395e45a013bed42f83c1738d35757437dc1898cacdd01d5b8745dd430e0ac4d4edc0f9a7b48fcf1886158ec9cb937a392f5537c473f6ef203a19817e9b6ef4b8a6bf71318e3826a4dac489441c11dad8959b95a6ece3dad25cd9723c6b9c732dd6fc6d3ed3c69b8148004d3fe11a8507fc50a21fb977fd32a7ee3500e3a6fec91c891550a5fd2b27142876e254643c32345218790fea6ec802f,gx-no-cache=1742819340506 HTTP/1.1" 200 30
129.222.173.48 - - [24/Mar/2025:09:27:14 -0300] "POST /cormun/servlet/solicitudot?gx-no-cache=1742819340569 HTTP/1.1" 200 30
129.222.173.48 - - [24/Mar/2025:09:27:14 -0300] "POST /cormun/servlet/solicitudot?gx-no-cache=1742819340645 HTTP/1.1" 200 1481
129.222.173.48 - - [24/Mar/2025:09:27:14 -0300] "POST /cormun/servlet/solicitudot?gx-no-cache=1742819340726 HTTP/1.1" 200 38
190.95.15.15 - - [24/Mar/2025:09:27:22 -0300] "POST /cormun/servlet/hlogin?c5e78c43fbf02dfa2043b6d708634ab3,gx-no-cache=1742819348115 HTTP/1.1" 200 90
190.95.15.15 - - [24/Mar/2025:09:27:22 -0300] "GET /cormun/servlet/hpexe_link HTTP/1.1" 200 950
190.95.15.15 - - [24/Mar/2025:09:27:22 -0300] "GET /cormun/servlet/hhome HTTP/1.1" 200 3974
190.95.15.15 - - [24/Mar/2025:09:27:25 -0300] "GET /cormun/servlet/trlicencias? HTTP/1.1" 200 12079
129.222.173.48 - - [24/Mar/2025:09:28:11 -0300] "POST /cormun/servlet/solicitudot?gx-no-cache=1742819397491 HTTP/1.1" 200 30
129.222.173.48 - - [24/Mar/2025:09:28:34 -0300] "POST /cormun/servlet/solicitudot?gx-no-cache=1742819420771 HTTP/1.1" 200 30
201.186.225.191 - - [24/Mar/2025:09:28:37 -0300] "GET /cormun/servlet/solicitudot?12ab881fb4189769970a5adf0d3dbd1973d41eae7b62b2ccd78f7ecbb3655860f4bb7c99630349fc7805bb6c8c1ffdd3,gx-no-cache=1742819426308 HTTP/1.1" 200 30
201.186.225.191 - - [24/Mar/2025:09:28:37 -0300] "POST /cormun/servlet/solicitudot?gx-no-cache=1742819426384 HTTP/1.1" 200 34
201.186.225.191 - - [24/Mar/2025:09:29:12 -0300] "POST /cormun/servlet/solicitudot?a720e05a77941425b1e2637440bfe7bc,INS,0,0,false,,gx-no-cache=1742819461919 HTTP/1.1" 200 13315
201.186.225.191 - - [24/Mar/2025:09:29:12 -0300] "GET /cormun/static/Shared/jqueryui/images/ui-bg_flat_55_994d53_40x100.png HTTP/1.1" 404 1097
201.186.225.191 - - [24/Mar/2025:09:29:12 -0300] "GET /cormun/static/Shared/jqueryui/images/ui-bg_highlight-soft_100_c6c2c8_1x100.png HTTP/1.1" 404 1117
201.186.225.191 - - [24/Mar/2025:09:29:12 -0300] "GET /cormun/static/Shared/jqueryui/images/ui-icons_82798d_256x240.png HTTP/1.1" 404 1089
201.186.225.191 - - [24/Mar/2025:09:29:12 -0300] "GET /cormun/static/Shared/jqueryui/images/ui-icons_ebccce_256x240.png HTTP/1.1" 404 1089
190.95.15.13 - - [24/Mar/2025:09:29:27 -0300] "GET /cormun/servlet/trsolicitudot? HTTP/1.1" 200 7155
190.95.15.13 - - [24/Mar/2025:09:29:27 -0300] "GET /cormun/static/gxcfg.js?20221129846531 HTTP/1.1" 200 953
190.95.15.13 - - [24/Mar/2025:09:29:27 -0300] "GET /cormun/static/trsolicitudot.js?202211298465651 HTTP/1.1" 200 54040
201.186.225.191 - - [24/Mar/2025:09:29:28 -0300] "GET /cormun/servlet/solicitudot?12ab881fb4189769970a5adf0d3dbd19346d4a0d33c76252098929ce071367f73a71c0f96d53a852b275148e7e7d6a1e82aa12a8433db68222e8e9d595743a64287cd7e947ba2e26aaff6ca9087646526b4bd3cf3c19098746ba790f10530ba80569770f0c2cda7f02b5d407777770540c7a9cf43a5785223c1810b78f51ebabc37882d3569689e210008b9828f8f6a876b34b1831782494c98bb949db925fd37d8210c0a7586a3d32930073ff450aef3cbf6725ad091805d1ec9a71e92418d58df1cbfc7a7bbebefa57c3e817feaf3a84119863e66758b39ce4cbccc072c06c1c3676abccad2427831c1963c1477eeb0bb77f48cb91fe988f8ceb78a679b32a8df1f6fe60e35048bf8317a0cd7ce08b0aedcd1910af9838d2e6e0644164ac904811c1a275cbe1559d3a708d9feac5b7cc01de645155ae83aeb4e76baf012819e9896bba6578b5e2999cc0bc0e5cd7bec3c1e82a4da005ba4fab5019195fb85afb93ac7b0846d1e4ff0bf1542738c8f4c001ffb63a48a5a5e7bab0532f65d759,gx-no-cache=1742819477758 HTTP/1.1" 200 30
201.186.225.191 - - [24/Mar/2025:09:29:28 -0300] "POST /cormun/servlet/solicitudot?gx-no-cache=1742819477791 HTTP/1.1" 200 30
201.186.225.191 - - [24/Mar/2025:09:29:28 -0300] "POST /cormun/servlet/solicitudot?gx-no-cache=1742819477819 HTTP/1.1" 200 1482
201.186.225.191 - - [24/Mar/2025:09:29:28 -0300] "POST /cormun/servlet/solicitudot?gx-no-cache=1742819477906 HTTP/1.1" 200 41
201.186.225.191 - - [24/Mar/2025:09:29:28 -0300] "GET /cormun/servlet/solicitudot?12ab881fb4189769970a5adf0d3dbd19db2ac9017b918d20b7309e6b040fc1173047776a93be20907b155c10a3a8563e2798a19a9a36b5a53f0ebc32dc42756ddecfc2f95bde7967deec0fcef399d44fb4c1e815e5627c09ce8b564398821a6240d02a0d46aed65e3b7afd8396d910a4,gx-no-cache=1742819477927 HTTP/1.1" 200 110
201.186.225.191 - - [24/Mar/2025:09:29:28 -0300] "POST /cormun/servlet/solicitudot?gx-no-cache=1742819477947 HTTP/1.1" 200 79
201.186.225.191 - - [24/Mar/2025:09:29:28 -0300] "GET /cormun/servlet/solicitudot?12ab881fb4189769970a5adf0d3dbd1973d41eae7b62b2ccd78f7ecbb3655860f4bb7c99630349fc7805bb6c8c1ffdd3,gx-no-cache=1742819477974 HTTP/1.1" 200 30
201.186.225.191 - - [24/Mar/2025:09:29:28 -0300] "POST /cormun/servlet/solicitudot?gx-no-cache=1742819477991 HTTP/1.1" 200 34
201.186.225.191 - - [24/Mar/2025:09:29:29 -0300] "POST /cormun/servlet/solicitudot?a720e05a77941425b1e2637440bfe7bc,INS,0,0,false,,gx-no-cache=1742819478013 HTTP/1.1" 200 93
201.186.225.191 - - [24/Mar/2025:09:29:29 -0300] "GET /cormun/servlet/hpexe_return? HTTP/1.1" 200 1006
201.186.225.191 - - [24/Mar/2025:09:29:30 -0300] "GET /cormun/servlet/trsolicitudot HTTP/1.1" 200 8813
190.95.15.13 - - [24/Mar/2025:09:29:30 -0300] "GET /cormun/servlet/solicitudot?INS,0,0,false, HTTP/1.1" 200 15943
190.95.15.13 - - [24/Mar/2025:09:29:30 -0300] "GET /cormun/static/gxcfg.js?20221129840861 HTTP/1.1" 200 953
190.95.15.13 - - [24/Mar/2025:09:29:30 -0300] "GET /cormun/static/solicitudot.js?20221129840983 HTTP/1.1" 200 74072
201.186.225.191 - - [24/Mar/2025:09:29:36 -0300] "POST /cormun/servlet/trsolicitudot?a720e05a77941425b1e2637440bfe7bc,gx-no-cache=1742819485545 HTTP/1.1" 200 106
201.186.225.191 - - [24/Mar/2025:09:29:36 -0300] "GET /cormun/servlet/trsolicitudadjuntos?2025,22103, HTTP/1.1" 200 10455
201.186.225.191 - - [24/Mar/2025:09:29:47 -0300] "GET /cormun/servlet/trsolicitudot? HTTP/1.1" 200 8819
201.186.225.191 - - [24/Mar/2025:09:29:53 -0300] "GET /cormun/servlet/trsolicitudot? HTTP/1.1" 200 8809
201.186.225.191 - - [24/Mar/2025:09:30:08 -0300] "GET /cormun/servlet/trsolicitudot? HTTP/1.1" 200 8809
201.186.225.191 - - [24/Mar/2025:09:30:19 -0300] "POST /cormun/servlet/trsolicitudot?a720e05a77941425b1e2637440bfe7bc,,gx-no-cache=1742819528339 HTTP/1.1" 200 8335
201.186.225.191 - - [24/Mar/2025:09:30:24 -0300] "POST /cormun/servlet/trsolicitudot?a720e05a77941425b1e2637440bfe7bc,,gx-no-cache=1742819533778 HTTP/1.1" 200 106
201.186.225.191 - - [24/Mar/2025:09:30:24 -0300] "GET /cormun/servlet/trsolicitudadjuntos?2025,22234, HTTP/1.1" 200 6295
201.186.225.191 - - [24/Mar/2025:09:30:35 -0300] "GET /cormun/servlet/solicitudotadjuntos?INS,2025,22234,,1, HTTP/1.1" 200 6239
201.186.225.191 - - [24/Mar/2025:09:30:36 -0300] "GET /cormun/static/gxcfg.js?202211298385187 HTTP/1.1" 200 953
201.186.225.191 - - [24/Mar/2025:09:30:36 -0300] "GET /cormun/static/solicitudotadjuntos.js?202211298385196 HTTP/1.1" 200 11771
201.186.225.191 - - [24/Mar/2025:09:30:36 -0300] "GET /cormun/static/about:blank HTTP/1.1" 404 1011
201.186.225.191 - - [24/Mar/2025:09:30:37 -0300] "GET /cormun/servlet/solicitudotadjuntos?12ab881fb4189769970a5adf0d3dbd194eb1a1066b27097908f4f4363ea3a7a80912e1cf3c8f53fe951227049fafa98e,gx-no-cache=1742819546389 HTTP/1.1" 200 30
201.186.225.191 - - [24/Mar/2025:09:30:37 -0300] "POST /cormun/servlet/solicitudotadjuntos?a720e05a77941425b1e2637440bfe7bc,INS,2025,22234,,1,,gx-no-cache=1742819546407 HTTP/1.1" 200 4150
201.186.225.191 - - [24/Mar/2025:09:31:55 -0300] "POST /cormun/servlet/solicitudotadjuntos?gx-no-cache=1742819624853 HTTP/1.1" 200 26
129.222.173.48 - - [24/Mar/2025:09:32:32 -0300] "POST /cormun/servlet/solicitudot?gx-no-cache=1742819658491 HTTP/1.1" 200 30
129.222.173.48 - - [24/Mar/2025:09:32:39 -0300] "GET /cormun/servlet/prfichaempleado?,MD,,gxPopupLevel%3D0%3B HTTP/1.1" 200 9228
129.222.173.48 - - [24/Mar/2025:09:32:43 -0300] "POST /cormun/servlet/prfichaempleado?e40fdbbe1d8b90b2b0abc535990ffdba,,MD,,gxPopupLevel%3D0%3B,gx-no-cache=1742819669556 HTTP/1.1" 200 4479
129.222.173.48 - - [24/Mar/2025:09:32:53 -0300] "GET /cormun/servlet/prlicenciaspermisos?9523283,L,,MD,,gxPopupLevel%3D0%3B HTTP/1.1" 200 6028
129.222.173.48 - - [24/Mar/2025:09:32:56 -0300] "POST /cormun/servlet/solicitudot?gx-no-cache=1742819682543 HTTP/1.1" 200 1482
129.222.173.48 - - [24/Mar/2025:09:33:02 -0300] "POST /cormun/servlet/solicitudot?gx-no-cache=1742819688393 HTTP/1.1" 200 41
129.222.173.48 - - [24/Mar/2025:09:33:02 -0300] "GET /cormun/servlet/solicitudot?e68dc121e95cb8353d6dc568b3405720ca8e649ee1e6b3b1442c02a8beffa86e3dd857f9ab562dc01fd4b9b47ed403e7a5836b2197d7388cf6af8df66d24e28eb773681faa246fb4b7a38641141f01b0baa2273aca8bd070d6f9ca0e06f06f373f57c5e1612c087dbdea3e9cd471def4,gx-no-cache=1742819688574 HTTP/1.1" 200 110
129.222.173.48 - - [24/Mar/2025:09:33:02 -0300] "POST /cormun/servlet/solicitudot?gx-no-cache=1742819688647 HTTP/1.1" 200 79
129.222.173.48 - - [24/Mar/2025:09:33:02 -0300] "GET /cormun/servlet/solicitudot?e68dc121e95cb8353d6dc568b340572001af5cf888155c01956076061260d7657c745857ec1bb51a7ea6a22734229477c647957a8160632177d456d3c666825085c4552a15d45e9b83c3fbd859d80d088f4c0e6fe41ec9d02b5dd4a250c2986f8c139f260735fd881c94b2147938f5c2,gx-no-cache=1742819688723 HTTP/1.1" 200 29
129.222.173.48 - - [24/Mar/2025:09:33:02 -0300] "GET /cormun/static/menuarrow.gif HTTP/1.1" 404 1015
129.222.173.48 - - [24/Mar/2025:09:33:05 -0300] "GET /cormun/servlet/solicitudot?e68dc121e95cb8353d6dc568b3405720ca8e649ee1e6b3b1442c02a8beffa86e3dd857f9ab562dc01fd4b9b47ed403e7a5836b2197d7388cf6af8df66d24e28eb773681faa246fb4b7a38641141f01b0baa2273aca8bd070d6f9ca0e06f06f373f57c5e1612c087dbdea3e9cd471def4,gx-no-cache=1742819690992 HTTP/1.1" 200 110
129.222.173.48 - - [24/Mar/2025:09:33:07 -0300] "GET /cormun/servlet/solicitudot?e68dc121e95cb8353d6dc568b34057205f5ee672b6caa95d114c34449614b973f322d53d197571cbe361d73813266a02,gx-no-cache=1742819693689 HTTP/1.1" 200 30
129.222.173.48 - - [24/Mar/2025:09:33:07 -0300] "POST /cormun/servlet/solicitudot?gx-no-cache=1742819693762 HTTP/1.1" 200 34
129.222.173.48 - - [24/Mar/2025:09:33:19 -0300] "POST /cormun/servlet/solicitudot?e40fdbbe1d8b90b2b0abc535990ffdba,INS,0,0,false,,gx-no-cache=1742819705092 HTTP/1.1" 200 93
129.222.173.48 - - [24/Mar/2025:09:33:19 -0300] "GET /cormun/servlet/hpexe_return? HTTP/1.1" 200 1035
129.222.173.48 - - [24/Mar/2025:09:33:19 -0300] "GET /cormun/servlet/trsolicitudot?gx-no-cache=1742819067506 HTTP/1.1" 200 8564
129.222.173.48 - - [24/Mar/2025:09:33:25 -0300] "POST /cormun/servlet/trsolicitudot?e40fdbbe1d8b90b2b0abc535990ffdba,gx-no-cache=1742819067506,gx-no-cache=1742819711758 HTTP/1.1" 200 4573
129.222.173.48 - - [24/Mar/2025:09:33:26 -0300] "GET /cormun/static/Shared/jqueryui/images/ui-bg_highlight-soft_100_c6c2c8_1x100.png HTTP/1.1" 404 1117
129.222.173.48 - - [24/Mar/2025:09:33:26 -0300] "GET /cormun/static/Shared/jqueryui/images/ui-icons_82798d_256x240.png HTTP/1.1" 404 1089
129.222.173.48 - - [24/Mar/2025:09:33:26 -0300] "GET /cormun/static/Shared/jqueryui/images/ui-bg_flat_55_fafafa_40x100.png HTTP/1.1" 404 1097
129.222.173.48 - - [24/Mar/2025:09:33:26 -0300] "GET /cormun/static/Shared/jqueryui/images/ui-icons_8d78a5_256x240.png HTTP/1.1" 404 1089
129.222.173.48 - - [24/Mar/2025:09:33:26 -0300] "POST /cormun/servlet/trsolicitudot?e40fdbbe1d8b90b2b0abc535990ffdba,gx-no-cache=1742819067506,gx-no-cache=1742819711929 HTTP/1.1" 200 4335
129.222.173.48 - - [24/Mar/2025:09:33:49 -0300] "GET /cormun/servlet/hlogin HTTP/1.1" 200 1725
129.222.173.48 - - [24/Mar/2025:09:33:52 -0300] "POST /cormun/servlet/hlogin?e40fdbbe1d8b90b2b0abc535990ffdba,gx-no-cache=1742819738682 HTTP/1.1" 200 90
129.222.173.48 - - [24/Mar/2025:09:33:52 -0300] "GET /cormun/servlet/hpexe_link HTTP/1.1" 200 954
129.222.173.48 - - [24/Mar/2025:09:33:53 -0300] "GET /cormun/servlet/hhome HTTP/1.1" 200 4294
190.95.67.91 - - [24/Mar/2025:09:33:56 -0300] "GET /cormun/servlet/trsolicitudot? HTTP/1.1" 200 6322
190.95.67.91 - - [24/Mar/2025:09:33:57 -0300] "GET /cormun/servlet/hlogin HTTP/1.1" 200 1736
129.222.173.48 - - [24/Mar/2025:09:33:58 -0300] "GET /cormun/servlet/trautorizarsolicitud? HTTP/1.1" 200 9110
190.95.67.91 - - [24/Mar/2025:09:34:21 -0300] "POST /cormun/servlet/hlogin?6fff3a897401da7755cd5a85102d659d,gx-no-cache=1742819766722 HTTP/1.1" 200 90
190.95.67.91 - - [24/Mar/2025:09:34:21 -0300] "GET /cormun/servlet/hpexe_link HTTP/1.1" 200 953
190.95.67.91 - - [24/Mar/2025:09:34:21 -0300] "GET /cormun/servlet/trsolicitudot HTTP/1.1" 200 7270
129.222.173.48 - - [24/Mar/2025:09:34:22 -0300] "GET /cormun/servlet/hlogin HTTP/1.1" 200 1762
129.222.173.48 - - [24/Mar/2025:09:34:22 -0300] "POST /cormun/servlet/trautorizarsolicitud?e40fdbbe1d8b90b2b0abc535990ffdba,,gx-no-cache=1742819756684 HTTP/1.1" 200 4746
129.222.173.48 - - [24/Mar/2025:09:34:22 -0300] "GET /cormun/static/Shared/jqueryui/images/ui-bg_highlight-soft_100_c6c2c8_1x100.png HTTP/1.1" 404 1117
129.222.173.48 - - [24/Mar/2025:09:34:22 -0300] "GET /cormun/static/Shared/jqueryui/images/ui-icons_82798d_256x240.png HTTP/1.1" 404 1089
129.222.173.48 - - [24/Mar/2025:09:34:22 -0300] "GET /cormun/static/Shared/jqueryui/images/ui-bg_flat_55_fafafa_40x100.png HTTP/1.1" 404 1097
129.222.173.48 - - [24/Mar/2025:09:34:22 -0300] "POST /cormun/servlet/trautorizarsolicitud?e40fdbbe1d8b90b2b0abc535990ffdba,,gx-no-cache=1742819768552 HTTP/1.1" 200 4495
129.222.173.48 - - [24/Mar/2025:09:34:23 -0300] "GET /cormun/static/Shared/jqueryui/images/ui-icons_8d78a5_256x240.png HTTP/1.1" 404 1089
129.222.173.48 - - [24/Mar/2025:09:34:23 -0300] "GET /cormun/servlet/hlogin HTTP/1.1" 200 1747
201.186.225.183 - - [24/Mar/2025:09:34:29 -0300] "GET /cormun/servlet/trsolicitudot? HTTP/1.1" 200 6332
201.186.225.183 - - [24/Mar/2025:09:34:29 -0300] "GET /cormun/servlet/hlogin HTTP/1.1" 200 1743
190.95.67.91 - - [24/Mar/2025:09:34:31 -0300] "GET /cormun/servlet/solicitudot?INS,0,0,false, HTTP/1.1" 200 16216
129.222.173.48 - - [24/Mar/2025:09:34:31 -0300] "POST /cormun/servlet/hlogin?e40fdbbe1d8b90b2b0abc535990ffdba,gx-no-cache=1742819777586 HTTP/1.1" 200 90
129.222.173.48 - - [24/Mar/2025:09:34:31 -0300] "GET /cormun/servlet/hpexe_link HTTP/1.1" 200 967
129.222.173.48 - - [24/Mar/2025:09:34:32 -0300] "GET /cormun/servlet/trautorizarsolicitud? HTTP/1.1" 200 8799
201.186.225.183 - - [24/Mar/2025:09:34:34 -0300] "POST /cormun/servlet/hlogin?96564f26efca39654c21c806b717add8,gx-no-cache=1742819781074 HTTP/1.1" 200 452
129.222.173.48 - - [24/Mar/2025:09:34:37 -0300] "POST /cormun/servlet/trautorizarsolicitud?e40fdbbe1d8b90b2b0abc535990ffdba,,gx-no-cache=1742819783444 HTTP/1.1" 200 4775
129.222.173.48 - - [24/Mar/2025:09:34:37 -0300] "GET /cormun/static/Shared/jqueryui/images/ui-bg_flat_55_fafafa_40x100.png HTTP/1.1" 404 1097
129.222.173.48 - - [24/Mar/2025:09:34:37 -0300] "GET /cormun/static/Shared/jqueryui/images/ui-icons_82798d_256x240.png HTTP/1.1" 404 1089
129.222.173.48 - - [24/Mar/2025:09:34:37 -0300] "GET /cormun/static/Shared/jqueryui/images/ui-bg_highlight-soft_100_c6c2c8_1x100.png HTTP/1.1" 404 1117
129.222.173.48 - - [24/Mar/2025:09:34:37 -0300] "GET /cormun/static/Shared/jqueryui/images/ui-icons_8d78a5_256x240.png HTTP/1.1" 404 1089
129.222.173.48 - - [24/Mar/2025:09:34:37 -0300] "POST /cormun/servlet/trautorizarsolicitud?e40fdbbe1d8b90b2b0abc535990ffdba,,gx-no-cache=1742819783654 HTTP/1.1" 200 4536
190.95.67.91 - - [24/Mar/2025:09:34:40 -0300] "POST /cormun/servlet/solicitudot?gx-no-cache=1742819785017 HTTP/1.1" 200 4039
190.95.67.91 - - [24/Mar/2025:09:34:40 -0300] "POST /cormun/servlet/solicitudot?6fff3a897401da7755cd5a85102d659d,INS,0,0,false,,gx-no-cache=1742819785919 HTTP/1.1" 200 12888
190.95.67.91 - - [24/Mar/2025:09:34:43 -0300] "GET /cormun/servlet/solicitudot?4bb6f3b0411cf8b384ddceb775ac7462a0f4249718f78e010defecc48694bf94c255c0ae314e77c8604936b4492f09b0,gx-no-cache=1742819788351 HTTP/1.1" 200 30
190.95.15.31 - - [24/Mar/2025:09:34:53 -0300] "GET /cormun/servlet/hlogin HTTP/1.1" 200 1718
190.95.15.31 - - [24/Mar/2025:09:35:00 -0300] "GET /cormun/servlet/hlogin HTTP/1.1" 200 1729
190.95.15.31 - - [24/Mar/2025:09:35:03 -0300] "POST /cormun/servlet/hlogin?1afb183eabc9bc1e1b08d901edb1ec8a,gx-no-cache=1742819808964 HTTP/1.1" 200 90
190.95.15.31 - - [24/Mar/2025:09:35:03 -0300] "GET /cormun/servlet/hpexe_link HTTP/1.1" 200 949
190.95.15.31 - - [24/Mar/2025:09:35:04 -0300] "GET /cormun/servlet/hhome HTTP/1.1" 200 4351
201.186.225.183 - - [24/Mar/2025:09:35:17 -0300] "POST /cormun/servlet/hlogin?96564f26efca39654c21c806b717add8,gx-no-cache=1742819824002 HTTP/1.1" 200 452
201.186.225.183 - - [24/Mar/2025:09:35:22 -0300] "POST /cormun/servlet/hlogin?96564f26efca39654c21c806b717add8,gx-no-cache=1742819828122 HTTP/1.1" 200 90
201.186.225.183 - - [24/Mar/2025:09:35:22 -0300] "GET /cormun/servlet/hpexe_link HTTP/1.1" 200 960
201.186.225.183 - - [24/Mar/2025:09:35:22 -0300] "GET /cormun/servlet/trsolicitudot HTTP/1.1" 200 7013
201.186.225.183 - - [24/Mar/2025:09:35:26 -0300] "GET /cormun/servlet/trsolicitudot? HTTP/1.1" 200 7011
201.186.225.183 - - [24/Mar/2025:09:35:32 -0300] "POST /cormun/servlet/trsolicitudot?96564f26efca39654c21c806b717add8,,gx-no-cache=1742819838136 HTTP/1.1" 200 11198
129.222.173.48 - - [24/Mar/2025:09:35:35 -0300] "GET /cormun/servlet/hlogin HTTP/1.1" 200 1747
201.186.225.191 - - [24/Mar/2025:09:36:04 -0300] "GET /cormun/servlet/solicitudotadjuntos?12ab881fb4189769970a5adf0d3dbd19b7c12539d0f5e4232ecd6e587833de5e,gx-no-cache=1742819873808 HTTP/1.1" 200 30
201.186.225.191 - - [24/Mar/2025:09:36:04 -0300] "GET /cormun/servlet/solicitudotadjuntos?12ab881fb4189769970a5adf0d3dbd19b7c12539d0f5e4232ecd6e587833de5e,gx-no-cache=1742819873878 HTTP/1.1" 200 30
201.186.225.191 - - [24/Mar/2025:09:36:04 -0300] "POST /cormun/servlet/solicitudotadjuntos?a720e05a77941425b1e2637440bfe7bc,INS,2025,22234,,1,,gx-no-cache=1742819873905 HTTP/1.1" 200 93
201.186.225.191 - - [24/Mar/2025:09:36:04 -0300] "GET /cormun/servlet/hpexe_return? HTTP/1.1" 200 1023
201.186.225.191 - - [24/Mar/2025:09:36:04 -0300] "GET /cormun/servlet/trsolicitudadjuntos?2025,22234, HTTP/1.1" 200 9195
201.186.225.191 - - [24/Mar/2025:09:36:09 -0300] "GET /cormun/servlet/solicitudotadjuntos?DLT,2025,22234,CARNET,0, HTTP/1.1" 200 6118
201.186.225.191 - - [24/Mar/2025:09:36:09 -0300] "GET /cormun/static/about:blank HTTP/1.1" 404 1011
201.186.225.191 - - [24/Mar/2025:09:36:09 -0300] "GET /cormun/static/Shared/jqueryui/images/ui-bg_highlight-soft_100_c6c2c8_1x100.png HTTP/1.1" 404 1117
201.186.225.191 - - [24/Mar/2025:09:36:09 -0300] "GET /cormun/static/Shared/jqueryui/images/ui-icons_82798d_256x240.png HTTP/1.1" 404 1089
201.186.225.191 - - [24/Mar/2025:09:36:09 -0300] "GET /cormun/static/Shared/jqueryui/images/ui-bg_flat_55_fafafa_40x100.png HTTP/1.1" 404 1097
201.186.225.191 - - [24/Mar/2025:09:36:09 -0300] "GET /cormun/static/Shared/jqueryui/images/ui-icons_8d78a5_256x240.png HTTP/1.1" 404 1089
201.186.225.191 - - [24/Mar/2025:09:36:14 -0300] "POST /cormun/servlet/solicitudotadjuntos?a720e05a77941425b1e2637440bfe7bc,DLT,2025,22234,CARNET,0,,gx-no-cache=1742819883931 HTTP/1.1" 200 93
201.186.225.191 - - [24/Mar/2025:09:36:14 -0300] "GET /cormun/servlet/hpexe_return? HTTP/1.1" 200 1028
201.186.225.191 - - [24/Mar/2025:09:36:14 -0300] "GET /cormun/servlet/trsolicitudadjuntos?2025,22234, HTTP/1.1" 200 6299
201.186.225.191 - - [24/Mar/2025:09:36:16 -0300] "GET /cormun/servlet/solicitudotadjuntos?INS,2025,22234,,1, HTTP/1.1" 200 6240
201.186.225.191 - - [24/Mar/2025:09:36:17 -0300] "GET /cormun/static/about:blank HTTP/1.1" 404 1011
201.186.225.191 - - [24/Mar/2025:09:36:17 -0300] "GET /cormun/servlet/solicitudotadjuntos?12ab881fb4189769970a5adf0d3dbd194eb1a1066b27097908f4f4363ea3a7a80912e1cf3c8f53fe951227049fafa98e,gx-no-cache=1742819886953 HTTP/1.1" 200 30
201.186.225.191 - - [24/Mar/2025:09:36:17 -0300] "POST /cormun/servlet/solicitudotadjuntos?a720e05a77941425b1e2637440bfe7bc,INS,2025,22234,,1,,gx-no-cache=1742819886970 HTTP/1.1" 200 4150
201.186.225.191 - - [24/Mar/2025:09:36:19 -0300] "POST /cormun/servlet/solicitudotadjuntos?gx-no-cache=1742819889200 HTTP/1.1" 200 26
201.186.225.191 - - [24/Mar/2025:09:36:31 -0300] "GET /cormun/servlet/solicitudotadjuntos?12ab881fb4189769970a5adf0d3dbd19b7c12539d0f5e4232ecd6e587833de5e,gx-no-cache=1742819900823 HTTP/1.1" 200 30
201.186.225.191 - - [24/Mar/2025:09:36:31 -0300] "GET /cormun/servlet/solicitudotadjuntos?12ab881fb4189769970a5adf0d3dbd19b7c12539d0f5e4232ecd6e587833de5e,gx-no-cache=1742819900854 HTTP/1.1" 200 30
201.186.225.191 - - [24/Mar/2025:09:36:31 -0300] "POST /cormun/servlet/solicitudotadjuntos?a720e05a77941425b1e2637440bfe7bc,INS,2025,22234,,1, HTTP/1.1" 200 116
201.186.225.191 - - [24/Mar/2025:09:36:31 -0300] "GET /cormun/servlet/hpexe_return? HTTP/1.1" 200 1023
201.186.225.191 - - [24/Mar/2025:09:36:32 -0300] "GET /cormun/servlet/trsolicitudadjuntos?2025,22234, HTTP/1.1" 200 9319
201.186.225.191 - - [24/Mar/2025:09:36:35 -0300] "GET /cormun/servlet/solicitudotadjuntos?INS,2025,22234,,1, HTTP/1.1" 200 6240
201.186.225.191 - - [24/Mar/2025:09:36:35 -0300] "GET /cormun/static/about:blank HTTP/1.1" 404 1011
201.186.225.191 - - [24/Mar/2025:09:36:35 -0300] "GET /cormun/servlet/solicitudotadjuntos?12ab881fb4189769970a5adf0d3dbd194eb1a1066b27097908f4f4363ea3a7a80912e1cf3c8f53fe951227049fafa98e,gx-no-cache=1742819905019 HTTP/1.1" 200 30
201.186.225.191 - - [24/Mar/2025:09:36:35 -0300] "POST /cormun/servlet/solicitudotadjuntos?a720e05a77941425b1e2637440bfe7bc,INS,2025,22234,,1,,gx-no-cache=1742819905044 HTTP/1.1" 200 4150
201.186.225.191 - - [24/Mar/2025:09:36:38 -0300] "POST /cormun/servlet/solicitudotadjuntos?gx-no-cache=1742819907442 HTTP/1.1" 200 26
201.186.225.191 - - [24/Mar/2025:09:36:50 -0300] "GET /cormun/servlet/solicitudotadjuntos?12ab881fb4189769970a5adf0d3dbd19b7c12539d0f5e4232ecd6e587833de5e,gx-no-cache=1742819920240 HTTP/1.1" 200 30
201.186.225.191 - - [24/Mar/2025:09:36:50 -0300] "GET /cormun/servlet/solicitudotadjuntos?12ab881fb4189769970a5adf0d3dbd19b7c12539d0f5e4232ecd6e587833de5e,gx-no-cache=1742819920263 HTTP/1.1" 200 30
201.186.225.191 - - [24/Mar/2025:09:36:51 -0300] "POST /cormun/servlet/solicitudotadjuntos?a720e05a77941425b1e2637440bfe7bc,INS,2025,22234,,1, HTTP/1.1" 200 116
201.186.225.191 - - [24/Mar/2025:09:36:51 -0300] "GET /cormun/servlet/hpexe_return? HTTP/1.1" 200 1023
201.186.225.191 - - [24/Mar/2025:09:36:51 -0300] "GET /cormun/servlet/trsolicitudadjuntos?2025,22234, HTTP/1.1" 200 9561
201.186.225.191 - - [24/Mar/2025:09:36:53 -0300] "GET /cormun/servlet/solicitudotadjuntos?INS,2025,22234,,1, HTTP/1.1" 200 6240
201.186.225.191 - - [24/Mar/2025:09:36:53 -0300] "GET /cormun/static/about:blank HTTP/1.1" 404 1011
201.186.225.191 - - [24/Mar/2025:09:36:54 -0300] "GET /cormun/servlet/solicitudotadjuntos?12ab881fb4189769970a5adf0d3dbd194eb1a1066b27097908f4f4363ea3a7a80912e1cf3c8f53fe951227049fafa98e,gx-no-cache=1742819923366 HTTP/1.1" 200 30
201.186.225.191 - - [24/Mar/2025:09:36:54 -0300] "POST /cormun/servlet/solicitudotadjuntos?a720e05a77941425b1e2637440bfe7bc,INS,2025,22234,,1,,gx-no-cache=1742819923384 HTTP/1.1" 200 4150
201.186.225.191 - - [24/Mar/2025:09:36:56 -0300] "POST /cormun/servlet/solicitudotadjuntos?gx-no-cache=1742819925689 HTTP/1.1" 200 26
10.40.40.2 - - [24/Mar/2025:09:37:51 -0300] "POST /cormun/servlet/trsolicitudgral?add79ac67e9b72568613642214553c6b,,gx-no-cache=1742820237298 HTTP/1.1" 440 972
10.40.40.2 - - [24/Mar/2025:09:37:53 -0300] "GET /cormun/servlet/trsolicitudgral? HTTP/1.1" 500 10
10.40.40.2 - - [24/Mar/2025:09:37:55 -0300] "GET /cormun/servlet/trsolicitudgral? HTTP/1.1" 500 10
10.40.40.2 - - [24/Mar/2025:09:38:01 -0300] "GET /cormun/servlet/hlogin HTTP/1.1" 200 1721
10.40.40.2 - - [24/Mar/2025:09:38:01 -0300] "GET /favicon.ico HTTP/1.1" 200 21630
201.186.225.191 - - [24/Mar/2025:09:38:07 -0300] "GET /cormun/servlet/solicitudotadjuntos?12ab881fb4189769970a5adf0d3dbd19b7c12539d0f5e4232ecd6e587833de5e,gx-no-cache=1742819996300 HTTP/1.1" 200 30
201.186.225.191 - - [24/Mar/2025:09:38:07 -0300] "GET /cormun/servlet/solicitudotadjuntos?12ab881fb4189769970a5adf0d3dbd19b7c12539d0f5e4232ecd6e587833de5e,gx-no-cache=1742819996384 HTTP/1.1" 200 30
201.186.225.191 - - [24/Mar/2025:09:38:07 -0300] "POST /cormun/servlet/solicitudotadjuntos?a720e05a77941425b1e2637440bfe7bc,INS,2025,22234,,1, HTTP/1.1" 200 116
201.186.225.191 - - [24/Mar/2025:09:38:07 -0300] "GET /cormun/servlet/hpexe_return? HTTP/1.1" 200 1023
201.186.225.191 - - [24/Mar/2025:09:38:07 -0300] "GET /cormun/servlet/trsolicitudadjuntos?2025,22234, HTTP/1.1" 200 9816
201.186.225.191 - - [24/Mar/2025:09:38:09 -0300] "GET /cormun/servlet/solicitudotadjuntos?INS,2025,22234,,1, HTTP/1.1" 200 6240
201.186.225.191 - - [24/Mar/2025:09:38:10 -0300] "GET /cormun/static/about:blank HTTP/1.1" 404 1011
10.40.40.2 - - [24/Mar/2025:09:38:11 -0300] "POST /cormun/servlet/hlogin?1115ba4837f4b7b1754e04fce5c9c7dd,gx-no-cache=1742820257889 HTTP/1.1" 200 90
10.40.40.2 - - [24/Mar/2025:09:38:11 -0300] "GET /cormun/servlet/hpexe_link HTTP/1.1" 200 953
10.40.40.2 - - [24/Mar/2025:09:38:11 -0300] "GET /cormun/servlet/hhome HTTP/1.1" 200 3820
201.186.225.191 - - [24/Mar/2025:09:38:12 -0300] "GET /cormun/servlet/solicitudotadjuntos?12ab881fb4189769970a5adf0d3dbd194eb1a1066b27097908f4f4363ea3a7a80912e1cf3c8f53fe951227049fafa98e,gx-no-cache=1742819999913 HTTP/1.1" 200 30
201.186.225.191 - - [24/Mar/2025:09:38:12 -0300] "POST /cormun/servlet/solicitudotadjuntos?a720e05a77941425b1e2637440bfe7bc,INS,2025,22234,,1,,gx-no-cache=1742820002193 HTTP/1.1" 200 4149
10.40.40.2 - - [24/Mar/2025:09:38:15 -0300] "GET /cormun/servlet/trsolicitudgral? HTTP/1.1" 200 28578
201.186.225.191 - - [24/Mar/2025:09:38:16 -0300] "POST /cormun/servlet/solicitudotadjuntos?gx-no-cache=1742820006101 HTTP/1.1" 200 26
201.186.225.191 - - [24/Mar/2025:09:38:30 -0300] "GET /cormun/servlet/solicitudotadjuntos?12ab881fb4189769970a5adf0d3dbd19b7c12539d0f5e4232ecd6e587833de5e,gx-no-cache=1742820019300 HTTP/1.1" 200 30
201.186.225.191 - - [24/Mar/2025:09:38:30 -0300] "GET /cormun/servlet/solicitudotadjuntos?12ab881fb4189769970a5adf0d3dbd19b7c12539d0f5e4232ecd6e587833de5e,gx-no-cache=1742820019330 HTTP/1.1" 200 30
201.186.225.191 - - [24/Mar/2025:09:38:30 -0300] "POST /cormun/servlet/solicitudotadjuntos?a720e05a77941425b1e2637440bfe7bc,INS,2025,22234,,1, HTTP/1.1" 200 116
201.186.225.191 - - [24/Mar/2025:09:38:30 -0300] "GET /cormun/servlet/hpexe_return? HTTP/1.1" 200 1023
201.186.225.191 - - [24/Mar/2025:09:38:30 -0300] "GET /cormun/servlet/trsolicitudadjuntos?2025,22234, HTTP/1.1" 200 10110
10.40.40.2 - - [24/Mar/2025:09:38:30 -0300] "POST /cormun/servlet/trsolicitudgral?1115ba4837f4b7b1754e04fce5c9c7dd,,gx-no-cache=1742820276676 HTTP/1.1" 200 8325
201.186.225.191 - - [24/Mar/2025:09:38:34 -0300] "GET /cormun/servlet/solicitudotadjuntos?INS,2025,22234,,1, HTTP/1.1" 200 6240
201.186.225.191 - - [24/Mar/2025:09:38:34 -0300] "GET /cormun/static/about:blank HTTP/1.1" 404 1011
201.186.225.191 - - [24/Mar/2025:09:38:34 -0300] "GET /cormun/servlet/solicitudotadjuntos?12ab881fb4189769970a5adf0d3dbd194eb1a1066b27097908f4f4363ea3a7a80912e1cf3c8f53fe951227049fafa98e,gx-no-cache=1742820024120 HTTP/1.1" 200 30
201.186.225.191 - - [24/Mar/2025:09:38:34 -0300] "POST /cormun/servlet/solicitudotadjuntos?a720e05a77941425b1e2637440bfe7bc,INS,2025,22234,,1,,gx-no-cache=1742820024137 HTTP/1.1" 200 4149
10.40.40.2 - - [24/Mar/2025:09:38:36 -0300] "POST /cormun/servlet/trsolicitudgral?1115ba4837f4b7b1754e04fce5c9c7dd,,gx-no-cache=1742820283033 HTTP/1.1" 200 7005
201.186.225.191 - - [24/Mar/2025:09:38:37 -0300] "POST /cormun/servlet/solicitudotadjuntos?gx-no-cache=1742820026789 HTTP/1.1" 200 26
201.186.225.191 - - [24/Mar/2025:09:38:45 -0300] "GET /cormun/servlet/solicitudotadjuntos?12ab881fb4189769970a5adf0d3dbd19b7c12539d0f5e4232ecd6e587833de5e,gx-no-cache=1742820034348 HTTP/1.1" 200 30
201.186.225.191 - - [24/Mar/2025:09:38:45 -0300] "GET /cormun/servlet/solicitudotadjuntos?12ab881fb4189769970a5adf0d3dbd19b7c12539d0f5e4232ecd6e587833de5e,gx-no-cache=1742820034360 HTTP/1.1" 200 30
201.186.225.191 - - [24/Mar/2025:09:38:45 -0300] "POST /cormun/servlet/solicitudotadjuntos?a720e05a77941425b1e2637440bfe7bc,INS,2025,22234,,1, HTTP/1.1" 200 116
201.186.225.191 - - [24/Mar/2025:09:38:45 -0300] "GET /cormun/servlet/hpexe_return? HTTP/1.1" 200 1023
201.186.225.191 - - [24/Mar/2025:09:38:45 -0300] "GET /cormun/servlet/trsolicitudadjuntos?2025,22234, HTTP/1.1" 200 10336
190.95.67.91 - - [24/Mar/2025:09:38:45 -0300] "GET /cormun/servlet/solicitudot?4bb6f3b0411cf8b384ddceb775ac7462de71889f55a2cf6d8ea2d42132df5cf7599d3a20e41046d09b2d75688d0cda9c15ea18cb5d1a81c73ca3881b1b8c301e,gx-no-cache=1742820031052 HTTP/1.1" 200 30
190.95.67.91 - - [24/Mar/2025:09:38:47 -0300] "GET /cormun/servlet/solicitudot?4bb6f3b0411cf8b384ddceb775ac7462da1f2d3a3d9ade31101e8422155358ae,gx-no-cache=1742820032582 HTTP/1.1" 200 53
201.186.225.191 - - [24/Mar/2025:09:38:48 -0300] "GET /cormun/servlet/solicitudotadjuntos?INS,2025,22234,,1, HTTP/1.1" 200 6240
201.186.225.191 - - [24/Mar/2025:09:38:48 -0300] "GET /cormun/static/about:blank HTTP/1.1" 404 1011
201.186.225.191 - - [24/Mar/2025:09:38:48 -0300] "GET /cormun/servlet/solicitudotadjuntos?12ab881fb4189769970a5adf0d3dbd194eb1a1066b27097908f4f4363ea3a7a80912e1cf3c8f53fe951227049fafa98e,gx-no-cache=1742820038231 HTTP/1.1" 200 30
201.186.225.191 - - [24/Mar/2025:09:38:48 -0300] "POST /cormun/servlet/solicitudotadjuntos?a720e05a77941425b1e2637440bfe7bc,INS,2025,22234,,1,,gx-no-cache=1742820038248 HTTP/1.1" 200 4149
201.186.225.191 - - [24/Mar/2025:09:38:51 -0300] "POST /cormun/servlet/solicitudotadjuntos?gx-no-cache=1742820040822 HTTP/1.1" 200 26
201.186.225.191 - - [24/Mar/2025:09:38:59 -0300] "GET /cormun/servlet/solicitudotadjuntos?12ab881fb4189769970a5adf0d3dbd19b7c12539d0f5e4232ecd6e587833de5e,gx-no-cache=1742820048680 HTTP/1.1" 200 30
201.186.225.191 - - [24/Mar/2025:09:38:59 -0300] "GET /cormun/servlet/solicitudotadjuntos?12ab881fb4189769970a5adf0d3dbd19b7c12539d0f5e4232ecd6e587833de5e,gx-no-cache=1742820048703 HTTP/1.1" 200 30
201.186.225.191 - - [24/Mar/2025:09:38:59 -0300] "POST /cormun/servlet/solicitudotadjuntos?a720e05a77941425b1e2637440bfe7bc,INS,2025,22234,,1, HTTP/1.1" 200 116
201.186.225.191 - - [24/Mar/2025:09:38:59 -0300] "GET /cormun/servlet/hpexe_return? HTTP/1.1" 200 1023
201.186.225.191 - - [24/Mar/2025:09:38:59 -0300] "GET /cormun/servlet/trsolicitudadjuntos?2025,22234, HTTP/1.1" 200 10516
190.95.67.91 - - [24/Mar/2025:09:39:00 -0300] "POST /cormun/servlet/solicitudot?gx-no-cache=1742820045491 HTTP/1.1" 200 255
190.95.67.91 - - [24/Mar/2025:09:39:01 -0300] "GET /cormun/servlet/solicitudot?4bb6f3b0411cf8b384ddceb775ac746248513a74a0fd7d6dfe99bb70000be2663f766d3e0561c7df075cda48e9ed682c2b058a0717da6f884ab8c563dd7ace1adee0b57b3bc0e25a4ff089eaa33ad80443d9126e401380d3a0f39c806aab090103f97fee99fcf2fd72fc451e7f8e09f3fc08261a3cc3ae4b7dce05a5f355608110826ad87c60bde0dd588a2a3c3617453af95d42c8933dfb918869239c100c14307710bc9b83213a651f3e2e8555d64f8bfd29f7bf38c090aa4e9381b45a5534930cd7ae483cb920e9712a4fee0193286a7694aae6fd098057b96b3f65421190980c25c5811d5c91b42c036198504d86412fb50b2d545d73e5ebb4a15904aec0753aef9cff3347f0d6fdc62dfd0ce26f9f84a705f7eb4addfd894be5d4416857fef0d5335d0440bb99fd4912e7255a4303531a81f060a7f9ede10ffdfe60aa9ffc609aba01abbc8a577400468319640235e789c0e82f8e487322fe5160337a411947386d739053ad163f056d5082612da0299f7befb547bec3809bfcf468acf6,gx-no-cache=1742820046804 HTTP/1.1" 200 30
201.186.225.191 - - [24/Mar/2025:09:39:02 -0300] "GET /cormun/servlet/trsolicitudot? HTTP/1.1" 200 11032
190.95.67.91 - - [24/Mar/2025:09:39:03 -0300] "POST /cormun/servlet/solicitudot?gx-no-cache=1742820049147 HTTP/1.1" 200 30
190.95.67.91 - - [24/Mar/2025:09:39:04 -0300] "POST /cormun/servlet/solicitudot?gx-no-cache=1742820050016 HTTP/1.1" 200 1479
190.95.67.91 - - [24/Mar/2025:09:39:04 -0300] "POST /cormun/servlet/solicitudot?gx-no-cache=1742820050039 HTTP/1.1" 200 38
179.57.78.71 - - [24/Mar/2025:09:39:06 -0300] "GET /cormun/servlet/hlogin HTTP/1.1" 200 1721
179.57.78.71 - - [24/Mar/2025:09:39:07 -0300] "GET /cormun/servlet/hlogin HTTP/1.1" 200 1732
179.57.78.71 - - [24/Mar/2025:09:39:12 -0300] "POST /cormun/servlet/hlogin?6242b3bb2bd37ea2df2206bead0f3c9b,gx-no-cache=1742820056346 HTTP/1.1" 200 90
179.57.78.71 - - [24/Mar/2025:09:39:12 -0300] "GET /cormun/servlet/hpexe_link HTTP/1.1" 200 952
179.57.78.71 - - [24/Mar/2025:09:39:12 -0300] "GET /cormun/servlet/hhome HTTP/1.1" 200 4208
201.186.225.191 - - [24/Mar/2025:09:39:15 -0300] "POST /cormun/servlet/trsolicitudot?a720e05a77941425b1e2637440bfe7bc,,gx-no-cache=1742820064372 HTTP/1.1" 200 8381
201.186.225.191 - - [24/Mar/2025:09:39:15 -0300] "POST /cormun/servlet/trsolicitudot?a720e05a77941425b1e2637440bfe7bc,,gx-no-cache=1742820064570 HTTP/1.1" 200 8322
179.57.78.71 - - [24/Mar/2025:09:39:21 -0300] "GET /cormun/servlet/trlicencias? HTTP/1.1" 200 9940
190.95.67.91 - - [24/Mar/2025:09:39:23 -0300] "GET /cormun/servlet/solicitudot?4bb6f3b0411cf8b384ddceb775ac74623cb59b4c4cf50d2ddec2989b5e5aa542e5cbe5c9327cfa47fa3ad49a12c77a9ffeed5340f8b44ad45549aeb09de23efbaee8515d83265db2a4e13e58c36453fc925c113a2e9df08cb00e043f1a516a084c1a6f712200ceb82a902078c3cbb9a3,gx-no-cache=1742820068830 HTTP/1.1" 200 110
201.186.225.191 - - [24/Mar/2025:09:39:28 -0300] "GET /cormun/servlet/trautorizarsolicitud? HTTP/1.1" 200 8703
190.95.67.91 - - [24/Mar/2025:09:39:29 -0300] "POST /cormun/servlet/solicitudot?gx-no-cache=1742820074572 HTTP/1.1" 200 97
10.40.40.2 - - [24/Mar/2025:09:39:33 -0300] "GET /cormun/servlet/vesolicitudgral?2025,22023,, HTTP/1.1" 200 8389
10.40.40.2 - - [24/Mar/2025:09:39:34 -0300] "GET /cormun/pexe_scrolldiv.js HTTP/1.1" 404 1009
190.95.67.91 - - [24/Mar/2025:09:39:34 -0300] "GET /cormun/servlet/solicitudot?4bb6f3b0411cf8b384ddceb775ac7462d2aa29c054d0086b50a8e3edee8001db6de2dff54e7d8cb158d73690d698d7664063156b692347f498213e9a296362fbe1da658c05a1f0a1506824943373ec8b0638ebb7976ffa6a0b1a56109f98e8d18cfaaf7f0d0b6928966dd2d342482888,gx-no-cache=1742820080202 HTTP/1.1" 200 29
190.95.67.91 - - [24/Mar/2025:09:39:34 -0300] "GET /cormun/static/menuarrow.gif HTTP/1.1" 404 1015
201.186.225.191 - - [24/Mar/2025:09:39:36 -0300] "POST /cormun/servlet/trautorizarsolicitud?a720e05a77941425b1e2637440bfe7bc,,gx-no-cache=1742820086123 HTTP/1.1" 200 4797
201.186.225.191 - - [24/Mar/2025:09:39:37 -0300] "POST /cormun/servlet/trautorizarsolicitud?a720e05a77941425b1e2637440bfe7bc,,gx-no-cache=1742820086250 HTTP/1.1" 200 4542
190.95.67.91 - - [24/Mar/2025:09:39:38 -0300] "GET /cormun/servlet/solicitudot?4bb6f3b0411cf8b384ddceb775ac7462b7f19a819bd3073fd68f09c14e698f13a562806f42ba500be1c987af86fa1680,gx-no-cache=1742820083676 HTTP/1.1" 200 30
190.95.67.91 - - [24/Mar/2025:09:39:44 -0300] "POST /cormun/servlet/solicitudot?gx-no-cache=1742820089622 HTTP/1.1" 200 30
201.186.225.191 - - [24/Mar/2025:09:39:49 -0300] "GET /cormun/servlet/hlogin HTTP/1.1" 200 1738
190.95.67.91 - - [24/Mar/2025:09:39:59 -0300] "POST /cormun/servlet/solicitudot?6fff3a897401da7755cd5a85102d659d,INS,0,0,false,,gx-no-cache=1742820104491 HTTP/1.1" 200 93
190.95.67.91 - - [24/Mar/2025:09:39:59 -0300] "GET /cormun/servlet/hpexe_return? HTTP/1.1" 200 1006
190.95.67.91 - - [24/Mar/2025:09:40:00 -0300] "GET /cormun/servlet/trsolicitudot HTTP/1.1" 200 8738
190.95.67.91 - - [24/Mar/2025:09:40:37 -0300] "POST /cormun/servlet/trsolicitudot?6fff3a897401da7755cd5a85102d659d,gx-no-cache=1742820142501 HTTP/1.1" 200 107
190.95.67.91 - - [24/Mar/2025:09:40:37 -0300] "GET /cormun/servlet/trsolicitudadjuntos?2025,22236, HTTP/1.1" 200 6333
190.95.67.91 - - [24/Mar/2025:09:40:40 -0300] "GET /cormun/servlet/solicitudotadjuntos?INS,2025,22236,,1, HTTP/1.1" 200 6278
190.95.67.91 - - [24/Mar/2025:09:40:40 -0300] "GET /cormun/static/about:blank HTTP/1.1" 404 1011
190.95.67.91 - - [24/Mar/2025:09:40:40 -0300] "GET /cormun/servlet/solicitudotadjuntos?4bb6f3b0411cf8b384ddceb775ac74628e098b55d6678860aa73c8ae76f9f844ba8230d60a773522b35bc0a33bbee791,gx-no-cache=1742820146138 HTTP/1.1" 200 30
190.95.67.91 - - [24/Mar/2025:09:40:40 -0300] "POST /cormun/servlet/solicitudotadjuntos?6fff3a897401da7755cd5a85102d659d,INS,2025,22236,,1,,gx-no-cache=1742820146150 HTTP/1.1" 200 4187
190.95.67.91 - - [24/Mar/2025:09:40:42 -0300] "POST /cormun/servlet/solicitudotadjuntos?gx-no-cache=1742820147646 HTTP/1.1" 200 26
190.95.15.27 - - [24/Mar/2025:09:41:00 -0300] "GET /cormun/servlet/trpermisosgoce? HTTP/1.1" 200 6036
190.95.15.27 - - [24/Mar/2025:09:41:00 -0300] "GET /cormun/servlet/hlogin HTTP/1.1" 200 1743
190.95.15.27 - - [24/Mar/2025:09:41:07 -0300] "POST /cormun/servlet/hlogin?5cc8bc381d6ddfe2440644f8b9a6cef1,gx-no-cache=1742820173083 HTTP/1.1" 200 90
190.95.15.27 - - [24/Mar/2025:09:41:07 -0300] "GET /cormun/servlet/hpexe_link HTTP/1.1" 200 958
190.95.15.27 - - [24/Mar/2025:09:41:08 -0300] "GET /cormun/servlet/trpermisosgoce HTTP/1.1" 200 7867
190.95.67.91 - - [24/Mar/2025:09:41:12 -0300] "GET /cormun/servlet/solicitudotadjuntos?4bb6f3b0411cf8b384ddceb775ac7462e24d0bd5b57d54e095c12880d7b05394,gx-no-cache=1742820178154 HTTP/1.1" 200 30
190.95.67.91 - - [24/Mar/2025:09:41:12 -0300] "GET /cormun/servlet/solicitudotadjuntos?4bb6f3b0411cf8b384ddceb775ac7462e24d0bd5b57d54e095c12880d7b05394,gx-no-cache=1742820178215 HTTP/1.1" 200 30
190.95.67.91 - - [24/Mar/2025:09:41:13 -0300] "POST /cormun/servlet/solicitudotadjuntos?6fff3a897401da7755cd5a85102d659d,INS,2025,22236,,1, HTTP/1.1" 200 116
190.95.67.91 - - [24/Mar/2025:09:41:13 -0300] "GET /cormun/servlet/hpexe_return? HTTP/1.1" 200 1023
190.95.67.91 - - [24/Mar/2025:09:41:13 -0300] "GET /cormun/servlet/trsolicitudadjuntos?2025,22236, HTTP/1.1" 200 9373
190.95.15.27 - - [24/Mar/2025:09:41:14 -0300] "GET /cormun/servlet/trpermisosgoce? HTTP/1.1" 200 7866
190.95.15.27 - - [24/Mar/2025:09:41:18 -0300] "GET /cormun/servlet/permisogoce?INS,0,,, HTTP/1.1" 200 6769
190.95.67.91 - - [24/Mar/2025:09:41:29 -0300] "GET /cormun/servlet/solicitudotadjuntos?INS,2025,22236,,1, HTTP/1.1" 200 6278
190.95.67.91 - - [24/Mar/2025:09:41:29 -0300] "GET /cormun/static/about:blank HTTP/1.1" 404 1011
190.95.67.91 - - [24/Mar/2025:09:41:29 -0300] "GET /cormun/servlet/solicitudotadjuntos?4bb6f3b0411cf8b384ddceb775ac74628e098b55d6678860aa73c8ae76f9f844ba8230d60a773522b35bc0a33bbee791,gx-no-cache=1742820194888 HTTP/1.1" 200 30
190.95.67.91 - - [24/Mar/2025:09:41:29 -0300] "POST /cormun/servlet/solicitudotadjuntos?6fff3a897401da7755cd5a85102d659d,INS,2025,22236,,1,,gx-no-cache=1742820194899 HTTP/1.1" 200 4187
190.95.67.91 - - [24/Mar/2025:09:41:31 -0300] "POST /cormun/servlet/solicitudotadjuntos?gx-no-cache=1742820196426 HTTP/1.1" 200 26
10.40.40.2 - - [24/Mar/2025:09:41:32 -0300] "GET /cormun/servlet/vesolicitudgral?2025,22023,,SolicitudOTAdjuntos HTTP/1.1" 200 11195
10.40.40.2 - - [24/Mar/2025:09:41:32 -0300] "GET /cormun/pexe_scrolldiv.js HTTP/1.1" 404 1009
10.40.40.2 - - [24/Mar/2025:09:41:34 -0300] "POST /cormun/servlet/acontrolpreferencessavestate?None,RRHH+DANIELA,true HTTP/1.1" 200 35
190.95.15.27 - - [24/Mar/2025:09:41:34 -0300] "GET /cormun/servlet/permisogoce?ea15e77aacae56c4e7caa3ba8c9a1da75c97305e5a2450f10019f36b3d71f8fd64f7cc05664d6a70f9e0fef2e3ba8c3228983b3cbc8ee1b446e3506cbb894383,gx-no-cache=1742820199464 HTTP/1.1" 200 76
10.40.40.2 - - [24/Mar/2025:09:41:37 -0300] "GET /cormun/PublicTempStorage/fotocopia_carne_felipe_ramirez2680501.pdf HTTP/1.1" 200 174564
190.95.15.27 - - [24/Mar/2025:09:41:37 -0300] "GET /cormun/static/menuarrow.gif HTTP/1.1" 404 1015
190.95.67.91 - - [24/Mar/2025:09:41:38 -0300] "GET /cormun/servlet/solicitudotadjuntos?4bb6f3b0411cf8b384ddceb775ac7462e24d0bd5b57d54e095c12880d7b05394,gx-no-cache=1742820203666 HTTP/1.1" 200 30
190.95.67.91 - - [24/Mar/2025:09:41:38 -0300] "GET /cormun/servlet/solicitudotadjuntos?4bb6f3b0411cf8b384ddceb775ac7462e24d0bd5b57d54e095c12880d7b05394,gx-no-cache=1742820203677 HTTP/1.1" 200 30
190.95.67.91 - - [24/Mar/2025:09:41:38 -0300] "POST /cormun/servlet/solicitudotadjuntos?6fff3a897401da7755cd5a85102d659d,INS,2025,22236,,1, HTTP/1.1" 200 116
190.95.67.91 - - [24/Mar/2025:09:41:38 -0300] "GET /cormun/servlet/hpexe_return? HTTP/1.1" 200 1023
190.95.67.91 - - [24/Mar/2025:09:41:38 -0300] "GET /cormun/servlet/trsolicitudadjuntos?2025,22236, HTTP/1.1" 200 9631
190.95.15.27 - - [24/Mar/2025:09:41:43 -0300] "GET /cormun/servlet/permisogoce?ea15e77aacae56c4e7caa3ba8c9a1da769357b2c03a9d0a55748ffb09d000c29cdd20312dede2bfd5cc59bb6c7717e86889cec3d09ae11567f72ca84f6d5ce5a,gx-no-cache=1742820209054 HTTP/1.1" 200 47
10.40.40.2 - - [24/Mar/2025:09:41:47 -0300] "GET /cormun/servlet/vesolicitudgral?2025,22023,,SolicitudOTAdjuntos HTTP/1.1" 200 11194
10.40.40.2 - - [24/Mar/2025:09:41:48 -0300] "POST /cormun/servlet/acontrolpreferencessavestate?None,RRHH+DANIELA,true HTTP/1.1" 200 35
190.95.15.27 - - [24/Mar/2025:09:42:06 -0300] "POST /cormun/servlet/permisogoce?5cc8bc381d6ddfe2440644f8b9a6cef1,INS,0,,,,gx-no-cache=1742820231231 HTTP/1.1" 200 93
190.95.15.27 - - [24/Mar/2025:09:42:06 -0300] "GET /cormun/servlet/hpexe_return? HTTP/1.1" 200 1012
190.95.15.27 - - [24/Mar/2025:09:42:06 -0300] "GET /cormun/servlet/trpermisosgoce HTTP/1.1" 200 8161
190.95.15.27 - - [24/Mar/2025:09:42:11 -0300] "GET /cormun/servlet/trpermisosadjuntos?17503831,20250324094303,P, HTTP/1.1" 200 6228
190.95.15.27 - - [24/Mar/2025:09:42:14 -0300] "GET /cormun/servlet/permisosadjuntos?INS,17503831,P,20250324094303,, HTTP/1.1" 200 5547
190.95.15.27 - - [24/Mar/2025:09:42:14 -0300] "GET /cormun/static/about:blank HTTP/1.1" 404 1011
190.95.15.27 - - [24/Mar/2025:09:42:21 -0300] "POST /cormun/servlet/permisosadjuntos?5cc8bc381d6ddfe2440644f8b9a6cef1,INS,17503831,P,20250324094303,, HTTP/1.1" 200 116
190.95.15.27 - - [24/Mar/2025:09:42:21 -0300] "GET /cormun/servlet/hpexe_return? HTTP/1.1" 200 1039
190.95.15.27 - - [24/Mar/2025:09:42:21 -0300] "GET /cormun/servlet/trpermisosadjuntos?17503831,20250324094303,P, HTTP/1.1" 200 6767
190.95.15.27 - - [24/Mar/2025:09:42:24 -0300] "POST /cormun/servlet/trpermisosadjuntos?5cc8bc381d6ddfe2440644f8b9a6cef1,17503831,20250324094303,P,,gx-no-cache=1742820249474 HTTP/1.1" 200 90
190.95.15.27 - - [24/Mar/2025:09:42:24 -0300] "GET /cormun/servlet/hpexe_link HTTP/1.1" 200 984
190.95.15.27 - - [24/Mar/2025:09:42:24 -0300] "GET /cormun/servlet/trpermisosgoce HTTP/1.1" 200 8159
190.95.15.27 - - [24/Mar/2025:09:42:29 -0300] "POST /cormun/servlet/trpermisosgoce?5cc8bc381d6ddfe2440644f8b9a6cef1,gx-no-cache=1742820254930 HTTP/1.1" 200 5406
190.95.15.27 - - [24/Mar/2025:09:42:29 -0300] "GET /cormun/static/Shared/jqueryui/images/ui-bg_highlight-soft_100_c6c2c8_1x100.png HTTP/1.1" 404 1117
190.95.15.27 - - [24/Mar/2025:09:42:29 -0300] "GET /cormun/static/Shared/jqueryui/images/ui-icons_82798d_256x240.png HTTP/1.1" 404 1089
190.95.15.27 - - [24/Mar/2025:09:42:30 -0300] "GET /cormun/static/Shared/jqueryui/images/ui-bg_flat_55_fafafa_40x100.png HTTP/1.1" 404 1097
190.95.15.27 - - [24/Mar/2025:09:42:30 -0300] "GET /cormun/static/Shared/jqueryui/images/ui-icons_8d78a5_256x240.png HTTP/1.1" 404 1089
179.57.78.71 - - [24/Mar/2025:09:42:43 -0300] "GET /cormun/servlet/hlogin HTTP/1.1" 200 1721
190.95.15.27 - - [24/Mar/2025:09:42:49 -0300] "GET /cormun/servlet/hlogin HTTP/1.1" 200 1724
179.57.78.71 - - [24/Mar/2025:09:42:54 -0300] "POST /cormun/servlet/hlogin?6242b3bb2bd37ea2df2206bead0f3c9b,gx-no-cache=1742820273377 HTTP/1.1" 200 90
190.95.15.31 - - [24/Mar/2025:09:42:57 -0300] "GET /cormun/servlet/trsolicitudot? HTTP/1.1" 200 8987
190.95.15.27 - - [24/Mar/2025:09:42:58 -0300] "POST /cormun/servlet/hlogin?5cc8bc381d6ddfe2440644f8b9a6cef1,gx-no-cache=1742820283296 HTTP/1.1" 200 432
179.57.78.71 - - [24/Mar/2025:09:43:03 -0300] "GET /cormun/servlet/hpexe_link HTTP/1.1" 200 957
190.95.15.31 - - [24/Mar/2025:09:43:04 -0300] "POST /cormun/servlet/trsolicitudot?1afb183eabc9bc1e1b08d901edb1ec8a,,gx-no-cache=1742820289885 HTTP/1.1" 200 106
190.95.15.31 - - [24/Mar/2025:09:43:04 -0300] "GET /cormun/servlet/trsolicitudadjuntos?2025,22217, HTTP/1.1" 200 6458
179.57.78.71 - - [24/Mar/2025:09:43:05 -0300] "GET /cormun/servlet/trlicencias HTTP/1.1" 200 9939
190.95.15.27 - - [24/Mar/2025:09:43:05 -0300] "POST /cormun/servlet/hlogin?5cc8bc381d6ddfe2440644f8b9a6cef1,gx-no-cache=1742820291024 HTTP/1.1" 200 432
179.57.78.71 - - [24/Mar/2025:09:43:17 -0300] "GET /cormun/servlet/trsolicitudot? HTTP/1.1" 200 7422
179.57.78.71 - - [24/Mar/2025:09:43:23 -0300] "GET /cormun/servlet/trsolicitudot? HTTP/1.1" 200 7422
179.57.78.71 - - [24/Mar/2025:09:43:30 -0300] "GET /cormun/servlet/trsolicitudot? HTTP/1.1" 200 7422
190.95.15.27 - - [24/Mar/2025:09:43:37 -0300] "POST /cormun/servlet/hlogin?5cc8bc381d6ddfe2440644f8b9a6cef1,gx-no-cache=1742820322654 HTTP/1.1" 200 432
179.57.78.71 - - [24/Mar/2025:09:43:41 -0300] "GET /cormun/servlet/trautorizarsolicitud? HTTP/1.1" 200 7332
179.57.78.71 - - [24/Mar/2025:09:43:41 -0300] "GET /cormun/servlet/trautorizarsolicitud? HTTP/1.1" 200 7332
190.95.15.27 - - [24/Mar/2025:09:43:46 -0300] "POST /cormun/servlet/hlogin?5cc8bc381d6ddfe2440644f8b9a6cef1,gx-no-cache=1742820331331 HTTP/1.1" 200 430
190.95.15.27 - - [24/Mar/2025:09:44:01 -0300] "POST /cormun/servlet/hlogin?5cc8bc381d6ddfe2440644f8b9a6cef1,gx-no-cache=1742820347136 HTTP/1.1" 200 90
190.95.15.27 - - [24/Mar/2025:09:44:01 -0300] "GET /cormun/servlet/hpexe_link HTTP/1.1" 200 953
190.95.15.27 - - [24/Mar/2025:09:44:02 -0300] "GET /cormun/servlet/hhome HTTP/1.1" 200 4184
190.95.15.27 - - [24/Mar/2025:09:44:05 -0300] "GET /cormun/servlet/trautorizarpermisogoce? HTTP/1.1" 200 7850
190.95.15.27 - - [24/Mar/2025:09:44:09 -0300] "POST /cormun/servlet/trautorizarpermisogoce?5cc8bc381d6ddfe2440644f8b9a6cef1,,gx-no-cache=1742820354136 HTTP/1.1" 200 4530
190.95.15.27 - - [24/Mar/2025:09:44:09 -0300] "GET /cormun/static/Shared/jqueryui/images/ui-bg_highlight-soft_100_c6c2c8_1x100.png HTTP/1.1" 404 1117
190.95.15.27 - - [24/Mar/2025:09:44:09 -0300] "GET /cormun/static/Shared/jqueryui/images/ui-icons_82798d_256x240.png HTTP/1.1" 404 1089
190.95.15.27 - - [24/Mar/2025:09:44:09 -0300] "GET /cormun/static/Shared/jqueryui/images/ui-bg_flat_55_fafafa_40x100.png HTTP/1.1" 404 1097
190.95.15.27 - - [24/Mar/2025:09:44:09 -0300] "GET /cormun/static/Shared/jqueryui/images/ui-icons_8d78a5_256x240.png HTTP/1.1" 404 1089
179.57.78.71 - - [24/Mar/2025:09:44:18 -0300] "GET /cormun/servlet/hlogin HTTP/1.1" 200 1721
190.95.15.27 - - [24/Mar/2025:09:44:22 -0300] "GET /cormun/servlet/hlogin HTTP/1.1" 200 1724
179.57.78.71 - - [24/Mar/2025:09:44:24 -0300] "POST /cormun/servlet/hlogin?6242b3bb2bd37ea2df2206bead0f3c9b,gx-no-cache=1742820369273 HTTP/1.1" 200 90
179.57.78.71 - - [24/Mar/2025:09:44:24 -0300] "GET /cormun/servlet/hpexe_link HTTP/1.1" 200 963
179.57.78.71 - - [24/Mar/2025:09:44:24 -0300] "GET /cormun/servlet/trautorizarsolicitud HTTP/1.1" 200 7328
190.95.15.27 - - [24/Mar/2025:09:44:38 -0300] "POST /cormun/servlet/hlogin?5cc8bc381d6ddfe2440644f8b9a6cef1,gx-no-cache=1742820383597 HTTP/1.1" 200 90
190.95.15.27 - - [24/Mar/2025:09:44:38 -0300] "GET /cormun/servlet/hpexe_link HTTP/1.1" 200 953
190.95.15.27 - - [24/Mar/2025:09:44:38 -0300] "GET /cormun/servlet/hhome HTTP/1.1" 200 3907
190.95.15.27 - - [24/Mar/2025:09:44:41 -0300] "GET /cormun/servlet/trpermisosgoce? HTTP/1.1" 200 8271
10.40.40.2 - - [24/Mar/2025:09:44:53 -0300] "GET /cormun/servlet/vesolicitudgral?2025,22023,,General HTTP/1.1" 200 8392
10.40.40.2 - - [24/Mar/2025:09:44:53 -0300] "GET /cormun/pexe_scrolldiv.js HTTP/1.1" 404 1009
10.40.40.2 - - [24/Mar/2025:09:45:07 -0300] "GET /cormun/servlet/vesolicitudgral?2025,22023,,SolicitudOTAdjuntos HTTP/1.1" 200 11197
10.40.40.2 - - [24/Mar/2025:09:45:07 -0300] "GET /cormun/pexe_scrolldiv.js HTTP/1.1" 404 1009
10.40.40.2 - - [24/Mar/2025:09:45:09 -0300] "POST /cormun/servlet/acontrolpreferencessavestate?None,RRHH+DANIELA,true HTTP/1.1" 200 35
10.40.40.2 - - [24/Mar/2025:09:45:10 -0300] "GET /cormun/PublicTempStorage/certificado_titulo_legalizado_felipe_ramirez3762310.pdf HTTP/1.1" 200 168329
190.95.67.91 - - [24/Mar/2025:09:45:18 -0300] "GET /cormun/servlet/solicitudotadjuntos?INS,2025,22236,,1, HTTP/1.1" 200 6279
190.95.67.91 - - [24/Mar/2025:09:45:18 -0300] "GET /cormun/static/about:blank HTTP/1.1" 404 1011
190.95.67.91 - - [24/Mar/2025:09:45:18 -0300] "GET /cormun/servlet/solicitudotadjuntos?4bb6f3b0411cf8b384ddceb775ac74628e098b55d6678860aa73c8ae76f9f844ba8230d60a773522b35bc0a33bbee791,gx-no-cache=1742820424240 HTTP/1.1" 200 30
