201.186.226.3 - - [21/Mar/2025:10:51:40 -0300] "POST /cormun/servlet/solicitudot?gx-no-cache=1742565210048 HTTP/1.1" 200 30
201.186.226.3 - - [21/Mar/2025:10:51:45 -0300] "POST /cormun/servlet/solicitudot?gx-no-cache=1742565214605 HTTP/1.1" 200 30
201.186.226.3 - - [21/Mar/2025:10:51:46 -0300] "POST /cormun/servlet/solicitudot?gx-no-cache=1742565215815 HTTP/1.1" 200 1481
201.186.226.3 - - [21/Mar/2025:10:51:46 -0300] "POST /cormun/servlet/solicitudot?gx-no-cache=1742565215881 HTTP/1.1" 200 38
104.244.78.110 - tomcat [21/Mar/2025:10:51:53 -0300] "GET /manager/html HTTP/1.1" 403 3196
91.208.206.203 - - [21/Mar/2025:10:52:03 -0300] "GET /manager/html HTTP/1.1" 401 2474
179.57.78.55 - - [21/Mar/2025:10:52:08 -0300] "GET /cormun/servlet/trlicencias? HTTP/1.1" 200 6048
179.57.78.55 - - [21/Mar/2025:10:52:08 -0300] "GET /cormun/servlet/hlogin HTTP/1.1" 200 1738
179.57.78.55 - - [21/Mar/2025:10:52:14 -0300] "POST /cormun/servlet/hlogin?94762103db402e4b1ef900e5dc993943,gx-no-cache=1742565243326 HTTP/1.1" 200 90
179.57.78.55 - - [21/Mar/2025:10:52:14 -0300] "GET /cormun/servlet/hpexe_link HTTP/1.1" 200 956
179.57.78.55 - - [21/Mar/2025:10:52:14 -0300] "GET /cormun/servlet/trlicencias HTTP/1.1" 200 8536
201.186.226.3 - - [21/Mar/2025:10:52:41 -0300] "GET /cormun/servlet/solicitudot?262fcff728eb5113ff0a29194ff07f26bdb37057582868fcfa019e2a0e4327c22c4d2c7f8c7b2d032a9aa812fbdcb17b2814b343a4c5d84bb5e0f42a019c5700ec02dc48bcc820a8f9644aaedf103616bfdf3777f1ba892a78108d12dec4c9ad25d32920ec71a898516c41554afb36bb,gx-no-cache=1742565270411 HTTP/1.1" 200 110
201.186.226.3 - - [21/Mar/2025:10:52:41 -0300] "POST /cormun/servlet/solicitudot?gx-no-cache=1742565270461 HTTP/1.1" 200 97
201.186.226.3 - - [21/Mar/2025:10:52:45 -0300] "GET /cormun/servlet/solicitudot?262fcff728eb5113ff0a29194ff07f269b4e9b7d60780ffec26b1a7c2d68dc5199711f0c92f345733a96ac7f9d9a1fba4a7f3ce74c07a099fb4300da65be4c8ec1271243b43a60751417c5f3407d471bd79c1fbd79d0c872058a88b73a329fa3c66439766097a38813802c7a10b53b66,gx-no-cache=1742565275055 HTTP/1.1" 200 29
201.186.226.3 - - [21/Mar/2025:10:52:48 -0300] "GET /cormun/servlet/solicitudot?262fcff728eb5113ff0a29194ff07f2648605681316cfdba3c3256816b7050eb3353df0c607e9ba8a044397a779444fe,gx-no-cache=1742565278139 HTTP/1.1" 200 30
201.186.226.3 - - [21/Mar/2025:10:53:06 -0300] "GET /cormun/servlet/prbanco?,MD,,gxPopupLevel%3D0%3B HTTP/1.1" 200 6567
201.186.226.3 - - [21/Mar/2025:10:53:12 -0300] "GET /cormun/servlet/solicitudot?262fcff728eb5113ff0a29194ff07f26335966972043c5f390c6a714618ded35,gx-no-cache=1742565302133 HTTP/1.1" 200 70
201.186.226.3 - - [21/Mar/2025:10:53:45 -0300] "GET /cormun/servlet/solicitudot?262fcff728eb5113ff0a29194ff07f26d8097c1f704cc8e2008ff011fd2c7457edfaed79a73601493e15e727c669f08d40bb1031ca314b7cb3d31134490fec47b26e6746827ef5f6ba55529a4b42b222fc1dcfadfae76d0c32599b69c1cc9f9f79db3acb7715c48ebef7e4ee4c7ea6fc243be82d113a3bc1d859f83f4e28e077615bf8fc14c8ddde8a803bfd98ddccea2f7c937527dd99be0973db531b5ded012829c742c826f4586d6077542118f227ba5521e5d0239a2653971fdf64cad659fda003bb5f9307f6bcbcf5437a8f079b002458af116155bb16a036d37fac54881678554621d61f42884dab272d4f8b70f9ea0e274f0bc9fd6fd8050a217001e436ffbde0cba6b14398993e78dfd7ece9e15172b7311d3c1cf40ca13e4150791550bdb9cfcc27a6a9c95319f82f3bb99ead9508c42ba7f08df82797e8d59859c0a079420844155e201b08584190775be43af53ee5cc0647c350d3a9f4173b00369913581d28a13d8cf4262590e7a69843017783061baf37d32d3a317ac5a1b800,gx-no-cache=1742565334288 HTTP/1.1" 200 30
201.186.226.3 - - [21/Mar/2025:10:53:45 -0300] "POST /cormun/servlet/solicitudot?gx-no-cache=1742565334333 HTTP/1.1" 200 30
201.186.226.3 - - [21/Mar/2025:10:53:45 -0300] "POST /cormun/servlet/solicitudot?gx-no-cache=1742565334366 HTTP/1.1" 200 1481
201.186.226.3 - - [21/Mar/2025:10:53:45 -0300] "POST /cormun/servlet/solicitudot?gx-no-cache=1742565334428 HTTP/1.1" 200 41
201.186.226.3 - - [21/Mar/2025:10:53:45 -0300] "GET /cormun/servlet/solicitudot?262fcff728eb5113ff0a29194ff07f26bdb37057582868fcfa019e2a0e4327c22c4d2c7f8c7b2d032a9aa812fbdcb17b2814b343a4c5d84bb5e0f42a019c5700ec02dc48bcc820a8f9644aaedf103616bfdf3777f1ba892a78108d12dec4c9ad25d32920ec71a898516c41554afb36bb,gx-no-cache=1742565334460 HTTP/1.1" 200 110
201.186.226.3 - - [21/Mar/2025:10:53:45 -0300] "POST /cormun/servlet/solicitudot?gx-no-cache=1742565334488 HTTP/1.1" 200 97
201.186.226.3 - - [21/Mar/2025:10:53:45 -0300] "POST /cormun/servlet/solicitudot?gx-no-cache=1742565334535 HTTP/1.1" 200 30
201.186.226.3 - - [21/Mar/2025:10:53:51 -0300] "POST /cormun/servlet/solicitudot?5234b4bc0eac6e3cf1685f5e6de5ec5b,INS,0,0,false,,gx-no-cache=1742565340869 HTTP/1.1" 200 93
201.186.226.3 - - [21/Mar/2025:10:53:51 -0300] "GET /cormun/servlet/hpexe_return? HTTP/1.1" 200 1013
201.186.226.3 - - [21/Mar/2025:10:53:51 -0300] "GET /cormun/servlet/trsolicitudot HTTP/1.1" 200 9714
201.186.226.3 - - [21/Mar/2025:10:53:57 -0300] "POST /cormun/servlet/trsolicitudot?5234b4bc0eac6e3cf1685f5e6de5ec5b,gx-no-cache=1742565346261 HTTP/1.1" 200 106
201.186.226.3 - - [21/Mar/2025:10:53:57 -0300] "GET /cormun/servlet/trsolicitudadjuntos?2025,22223, HTTP/1.1" 200 6025
104.244.78.110 - tomcat [21/Mar/2025:10:53:57 -0300] "GET /manager/html HTTP/1.1" 403 3196
201.186.226.3 - - [21/Mar/2025:10:53:59 -0300] "GET /cormun/servlet/solicitudotadjuntos?INS,2025,22223,,1, HTTP/1.1" 200 5964
201.186.226.3 - - [21/Mar/2025:10:53:59 -0300] "GET /cormun/static/about:blank HTTP/1.1" 404 1011
201.186.226.3 - - [21/Mar/2025:10:54:00 -0300] "GET /cormun/servlet/solicitudotadjuntos?262fcff728eb5113ff0a29194ff07f265484529fe39d73727aed23c0a4f686f0effe89ccd599ffb0201b0073a67f92e6,gx-no-cache=1742565349679 HTTP/1.1" 200 30
201.186.226.3 - - [21/Mar/2025:10:54:00 -0300] "POST /cormun/servlet/solicitudotadjuntos?5234b4bc0eac6e3cf1685f5e6de5ec5b,INS,2025,22223,,1,,gx-no-cache=1742565349708 HTTP/1.1" 200 3903
190.95.15.9 - - [21/Mar/2025:10:55:18 -0300] "GET /cormun/servlet/trautorizarsolicitud? HTTP/1.1" 200 8741
190.95.67.91 - - [21/Mar/2025:10:55:18 -0300] "POST /cormun/servlet/trlicencias?9eea9146a3560d01f0fce80974311e0a,,gx-no-cache=1742565428210 HTTP/1.1" 440 972
190.95.67.91 - - [21/Mar/2025:10:55:20 -0300] "GET /cormun/servlet/trlicencias? HTTP/1.1" 200 6053
190.95.67.91 - - [21/Mar/2025:10:55:21 -0300] "GET /cormun/servlet/hlogin HTTP/1.1" 200 1742
190.95.15.9 - - [21/Mar/2025:10:55:26 -0300] "GET /cormun/servlet/trsolicitudot? HTTP/1.1" 200 8716
190.95.67.91 - - [21/Mar/2025:10:55:29 -0300] "POST /cormun/servlet/hlogin?08626601ea79b65630662bdcf2dcdcd0,gx-no-cache=1742565438251 HTTP/1.1" 200 90
190.95.67.91 - - [21/Mar/2025:10:55:29 -0300] "GET /cormun/servlet/hpexe_link HTTP/1.1" 200 960
190.95.67.91 - - [21/Mar/2025:10:55:29 -0300] "GET /cormun/servlet/trlicencias HTTP/1.1" 200 12849
91.208.206.203 - - [21/Mar/2025:10:55:57 -0300] "GET /manager/html HTTP/1.1" 401 2474
104.244.78.110 - tomcat [21/Mar/2025:10:56:02 -0300] "GET /manager/html HTTP/1.1" 403 3196
201.186.226.3 - - [21/Mar/2025:10:56:37 -0300] "POST /cormun/servlet/solicitudotadjuntos?gx-no-cache=1742565499443 HTTP/1.1" 200 26
201.186.226.3 - - [21/Mar/2025:10:56:48 -0300] "GET /cormun/servlet/solicitudotadjuntos?262fcff728eb5113ff0a29194ff07f267655abe3e1a48c3a7890d63417746a33,gx-no-cache=1742565517452 HTTP/1.1" 200 30
201.186.226.3 - - [21/Mar/2025:10:56:48 -0300] "GET /cormun/servlet/solicitudotadjuntos?262fcff728eb5113ff0a29194ff07f267655abe3e1a48c3a7890d63417746a33,gx-no-cache=1742565517482 HTTP/1.1" 200 30
201.186.226.3 - - [21/Mar/2025:10:56:51 -0300] "POST /cormun/servlet/solicitudotadjuntos?5234b4bc0eac6e3cf1685f5e6de5ec5b,INS,2025,22223,,1, HTTP/1.1" 200 116
201.186.226.3 - - [21/Mar/2025:10:56:51 -0300] "GET /cormun/servlet/hpexe_return? HTTP/1.1" 200 1028
201.186.226.3 - - [21/Mar/2025:10:56:51 -0300] "GET /cormun/servlet/trsolicitudadjuntos?2025,22223, HTTP/1.1" 200 9068
201.186.226.3 - - [21/Mar/2025:10:56:54 -0300] "GET /cormun/servlet/solicitudotadjuntos?INS,2025,22223,,1, HTTP/1.1" 200 5964
201.186.226.3 - - [21/Mar/2025:10:56:54 -0300] "GET /cormun/static/about:blank HTTP/1.1" 404 1011
201.186.226.3 - - [21/Mar/2025:10:56:54 -0300] "GET /cormun/servlet/solicitudotadjuntos?262fcff728eb5113ff0a29194ff07f265484529fe39d73727aed23c0a4f686f0effe89ccd599ffb0201b0073a67f92e6,gx-no-cache=1742565524075 HTTP/1.1" 200 30
201.186.226.3 - - [21/Mar/2025:10:56:54 -0300] "POST /cormun/servlet/solicitudotadjuntos?5234b4bc0eac6e3cf1685f5e6de5ec5b,INS,2025,22223,,1,,gx-no-cache=1742565524097 HTTP/1.1" 200 3902
201.186.226.3 - - [21/Mar/2025:10:56:56 -0300] "POST /cormun/servlet/solicitudotadjuntos?gx-no-cache=1742565525976 HTTP/1.1" 200 26
201.186.226.3 - - [21/Mar/2025:10:57:01 -0300] "GET /cormun/servlet/solicitudotadjuntos?262fcff728eb5113ff0a29194ff07f267655abe3e1a48c3a7890d63417746a33,gx-no-cache=1742565530628 HTTP/1.1" 200 30
201.186.226.3 - - [21/Mar/2025:10:57:01 -0300] "GET /cormun/servlet/solicitudotadjuntos?262fcff728eb5113ff0a29194ff07f267655abe3e1a48c3a7890d63417746a33,gx-no-cache=1742565530650 HTTP/1.1" 200 30
201.186.226.3 - - [21/Mar/2025:10:57:03 -0300] "POST /cormun/servlet/solicitudotadjuntos?5234b4bc0eac6e3cf1685f5e6de5ec5b,INS,2025,22223,,1, HTTP/1.1" 200 116
201.186.226.3 - - [21/Mar/2025:10:57:03 -0300] "GET /cormun/servlet/hpexe_return? HTTP/1.1" 200 1028
201.186.226.3 - - [21/Mar/2025:10:57:07 -0300] "GET /cormun/servlet/trsolicitudadjuntos?2025,22223, HTTP/1.1" 200 9333
201.186.226.3 - - [21/Mar/2025:10:57:10 -0300] "GET /cormun/servlet/solicitudotadjuntos?INS,2025,22223,,1, HTTP/1.1" 200 5964
201.186.226.3 - - [21/Mar/2025:10:57:10 -0300] "GET /cormun/static/about:blank HTTP/1.1" 404 1011
201.186.226.3 - - [21/Mar/2025:10:57:10 -0300] "GET /cormun/servlet/solicitudotadjuntos?262fcff728eb5113ff0a29194ff07f265484529fe39d73727aed23c0a4f686f0effe89ccd599ffb0201b0073a67f92e6,gx-no-cache=1742565540009 HTTP/1.1" 200 30
201.186.226.3 - - [21/Mar/2025:10:57:10 -0300] "POST /cormun/servlet/solicitudotadjuntos?5234b4bc0eac6e3cf1685f5e6de5ec5b,INS,2025,22223,,1,,gx-no-cache=1742565540030 HTTP/1.1" 200 3902
201.186.226.3 - - [21/Mar/2025:10:57:12 -0300] "POST /cormun/servlet/solicitudotadjuntos?gx-no-cache=1742565541982 HTTP/1.1" 200 26
201.186.226.3 - - [21/Mar/2025:10:57:13 -0300] "GET /cormun/servlet/solicitudotadjuntos?262fcff728eb5113ff0a29194ff07f267655abe3e1a48c3a7890d63417746a33,gx-no-cache=1742565542932 HTTP/1.1" 200 30
201.186.226.3 - - [21/Mar/2025:10:57:13 -0300] "GET /cormun/servlet/solicitudotadjuntos?262fcff728eb5113ff0a29194ff07f267655abe3e1a48c3a7890d63417746a33,gx-no-cache=1742565542955 HTTP/1.1" 200 30
201.186.226.3 - - [21/Mar/2025:10:57:18 -0300] "POST /cormun/servlet/solicitudotadjuntos?5234b4bc0eac6e3cf1685f5e6de5ec5b,INS,2025,22223,,1,,gx-no-cache=1742565542980 HTTP/1.1" 200 93
201.186.226.3 - - [21/Mar/2025:10:57:18 -0300] "GET /cormun/servlet/hpexe_return? HTTP/1.1" 200 1028
201.186.226.3 - - [21/Mar/2025:10:57:18 -0300] "GET /cormun/servlet/trsolicitudadjuntos?2025,22223, HTTP/1.1" 200 9475
201.186.226.3 - - [21/Mar/2025:10:57:22 -0300] "GET /cormun/servlet/solicitudotadjuntos?DLT,2025,22223,CERTIF5,0, HTTP/1.1" 200 5837
201.186.226.3 - - [21/Mar/2025:10:57:22 -0300] "GET /cormun/static/about:blank HTTP/1.1" 404 1011
201.186.226.3 - - [21/Mar/2025:10:57:22 -0300] "GET /cormun/static/Shared/jqueryui/images/ui-bg_highlight-soft_100_c6c2c8_1x100.png HTTP/1.1" 404 1117
201.186.226.3 - - [21/Mar/2025:10:57:22 -0300] "GET /cormun/static/Shared/jqueryui/images/ui-icons_82798d_256x240.png HTTP/1.1" 404 1089
201.186.226.3 - - [21/Mar/2025:10:57:22 -0300] "GET /cormun/static/Shared/jqueryui/images/ui-icons_8d78a5_256x240.png HTTP/1.1" 404 1089
201.186.226.3 - - [21/Mar/2025:10:57:22 -0300] "GET /cormun/static/Shared/jqueryui/images/ui-bg_flat_55_fafafa_40x100.png HTTP/1.1" 404 1097
201.186.226.3 - - [21/Mar/2025:10:57:30 -0300] "POST /cormun/servlet/solicitudotadjuntos?5234b4bc0eac6e3cf1685f5e6de5ec5b,DLT,2025,22223,CERTIF5,0,,gx-no-cache=1742565556154 HTTP/1.1" 200 93
201.186.226.3 - - [21/Mar/2025:10:57:30 -0300] "GET /cormun/servlet/hpexe_return? HTTP/1.1" 200 1035
201.186.226.3 - - [21/Mar/2025:10:57:30 -0300] "GET /cormun/servlet/trsolicitudadjuntos?2025,22223, HTTP/1.1" 200 9332
201.186.226.3 - - [21/Mar/2025:10:57:33 -0300] "GET /cormun/servlet/solicitudotadjuntos?INS,2025,22223,,1, HTTP/1.1" 200 5964
201.186.226.3 - - [21/Mar/2025:10:57:33 -0300] "GET /cormun/static/about:blank HTTP/1.1" 404 1011
201.186.226.3 - - [21/Mar/2025:10:57:34 -0300] "GET /cormun/servlet/solicitudotadjuntos?262fcff728eb5113ff0a29194ff07f265484529fe39d73727aed23c0a4f686f0effe89ccd599ffb0201b0073a67f92e6,gx-no-cache=1742565563767 HTTP/1.1" 200 30
201.186.226.3 - - [21/Mar/2025:10:57:34 -0300] "POST /cormun/servlet/solicitudotadjuntos?5234b4bc0eac6e3cf1685f5e6de5ec5b,INS,2025,22223,,1,,gx-no-cache=1742565563790 HTTP/1.1" 200 3902
201.186.226.3 - - [21/Mar/2025:10:57:36 -0300] "POST /cormun/servlet/solicitudotadjuntos?gx-no-cache=1742565566120 HTTP/1.1" 200 26
201.186.226.3 - - [21/Mar/2025:10:58:04 -0300] "GET /cormun/servlet/solicitudotadjuntos?262fcff728eb5113ff0a29194ff07f267655abe3e1a48c3a7890d63417746a33,gx-no-cache=1742565593389 HTTP/1.1" 200 30
201.186.226.3 - - [21/Mar/2025:10:58:04 -0300] "GET /cormun/servlet/solicitudotadjuntos?262fcff728eb5113ff0a29194ff07f267655abe3e1a48c3a7890d63417746a33,gx-no-cache=1742565593422 HTTP/1.1" 200 30
104.244.78.110 - tomcat [21/Mar/2025:10:58:06 -0300] "GET /manager/html HTTP/1.1" 403 3196
201.186.226.3 - - [21/Mar/2025:10:58:06 -0300] "POST /cormun/servlet/solicitudotadjuntos?5234b4bc0eac6e3cf1685f5e6de5ec5b,INS,2025,22223,,1, HTTP/1.1" 200 116
201.186.226.3 - - [21/Mar/2025:10:58:06 -0300] "GET /cormun/servlet/hpexe_return? HTTP/1.1" 200 1028
201.186.226.3 - - [21/Mar/2025:10:58:06 -0300] "GET /cormun/servlet/trsolicitudadjuntos?2025,22223, HTTP/1.1" 200 9567
201.186.226.3 - - [21/Mar/2025:10:58:09 -0300] "GET /cormun/servlet/solicitudotadjuntos?INS,2025,22223,,1, HTTP/1.1" 200 5964
201.186.226.3 - - [21/Mar/2025:10:58:09 -0300] "GET /cormun/static/about:blank HTTP/1.1" 404 1011
201.186.226.3 - - [21/Mar/2025:10:58:09 -0300] "GET /cormun/servlet/solicitudotadjuntos?262fcff728eb5113ff0a29194ff07f265484529fe39d73727aed23c0a4f686f0effe89ccd599ffb0201b0073a67f92e6,gx-no-cache=1742565599023 HTTP/1.1" 200 30
201.186.226.3 - - [21/Mar/2025:10:58:09 -0300] "POST /cormun/servlet/solicitudotadjuntos?5234b4bc0eac6e3cf1685f5e6de5ec5b,INS,2025,22223,,1,,gx-no-cache=1742565599043 HTTP/1.1" 200 3898
201.186.226.3 - - [21/Mar/2025:10:58:11 -0300] "POST /cormun/servlet/solicitudotadjuntos?gx-no-cache=1742565601049 HTTP/1.1" 200 26
201.186.226.3 - - [21/Mar/2025:10:58:16 -0300] "GET /cormun/servlet/solicitudotadjuntos?262fcff728eb5113ff0a29194ff07f267655abe3e1a48c3a7890d63417746a33,gx-no-cache=1742565606117 HTTP/1.1" 200 30
201.186.226.3 - - [21/Mar/2025:10:58:16 -0300] "GET /cormun/servlet/solicitudotadjuntos?262fcff728eb5113ff0a29194ff07f267655abe3e1a48c3a7890d63417746a33,gx-no-cache=1742565606132 HTTP/1.1" 200 30
201.186.226.3 - - [21/Mar/2025:10:58:17 -0300] "POST /cormun/servlet/solicitudotadjuntos?5234b4bc0eac6e3cf1685f5e6de5ec5b,INS,2025,22223,,1, HTTP/1.1" 200 116
201.186.226.3 - - [21/Mar/2025:10:58:17 -0300] "GET /cormun/servlet/hpexe_return? HTTP/1.1" 200 1028
201.186.226.3 - - [21/Mar/2025:10:58:17 -0300] "GET /cormun/servlet/trsolicitudadjuntos?2025,22223, HTTP/1.1" 200 9888
201.186.226.3 - - [21/Mar/2025:10:58:23 -0300] "GET /cormun/servlet/solicitudotadjuntos?INS,2025,22223,,1, HTTP/1.1" 200 5964
201.186.226.3 - - [21/Mar/2025:10:58:23 -0300] "GET /cormun/static/about:blank HTTP/1.1" 404 1011
201.186.226.3 - - [21/Mar/2025:10:58:23 -0300] "GET /cormun/servlet/solicitudotadjuntos?262fcff728eb5113ff0a29194ff07f265484529fe39d73727aed23c0a4f686f0effe89ccd599ffb0201b0073a67f92e6,gx-no-cache=1742565612965 HTTP/1.1" 200 30
201.186.226.3 - - [21/Mar/2025:10:58:23 -0300] "POST /cormun/servlet/solicitudotadjuntos?5234b4bc0eac6e3cf1685f5e6de5ec5b,INS,2025,22223,,1,,gx-no-cache=1742565612992 HTTP/1.1" 200 3898
201.186.226.3 - - [21/Mar/2025:10:58:27 -0300] "POST /cormun/servlet/solicitudotadjuntos?gx-no-cache=1742565616466 HTTP/1.1" 200 26
201.186.226.3 - - [21/Mar/2025:10:58:34 -0300] "GET /cormun/servlet/solicitudotadjuntos?262fcff728eb5113ff0a29194ff07f267655abe3e1a48c3a7890d63417746a33,gx-no-cache=1742565623329 HTTP/1.1" 200 30
201.186.226.3 - - [21/Mar/2025:10:58:34 -0300] "GET /cormun/servlet/solicitudotadjuntos?262fcff728eb5113ff0a29194ff07f267655abe3e1a48c3a7890d63417746a33,gx-no-cache=1742565623352 HTTP/1.1" 200 30
201.186.226.3 - - [21/Mar/2025:10:58:37 -0300] "POST /cormun/servlet/solicitudotadjuntos?5234b4bc0eac6e3cf1685f5e6de5ec5b,INS,2025,22223,,1, HTTP/1.1" 200 116
201.186.226.3 - - [21/Mar/2025:10:58:37 -0300] "GET /cormun/servlet/hpexe_return? HTTP/1.1" 200 1028
201.186.226.3 - - [21/Mar/2025:10:58:37 -0300] "GET /cormun/servlet/trsolicitudadjuntos?2025,22223, HTTP/1.1" 200 10170
201.186.226.3 - - [21/Mar/2025:10:58:41 -0300] "GET /cormun/servlet/trsolicitudot? HTTP/1.1" 200 9720
201.186.226.3 - - [21/Mar/2025:10:58:46 -0300] "POST /cormun/servlet/trsolicitudot?5234b4bc0eac6e3cf1685f5e6de5ec5b,,gx-no-cache=1742565635752 HTTP/1.1" 200 111
201.186.226.3 - - [21/Mar/2025:10:58:46 -0300] "GET /cormun/servlet/solicitudot?UPD,2025,22223,false, HTTP/1.1" 200 16560
201.186.226.3 - - [21/Mar/2025:10:58:47 -0300] "POST /cormun/servlet/solicitudot?gx-no-cache=1742565636587 HTTP/1.1" 200 4134
201.186.226.3 - - [21/Mar/2025:10:58:47 -0300] "POST /cormun/servlet/solicitudot?5234b4bc0eac6e3cf1685f5e6de5ec5b,UPD,2025,22223,false,,gx-no-cache=1742565636873 HTTP/1.1" 200 12822
201.186.226.3 - - [21/Mar/2025:10:58:47 -0300] "GET /cormun/servlet/solicitudot?262fcff728eb5113ff0a29194ff07f266e01012297e664ec1779ffca0aa57beee0d048d21f4add02c6b569bf982f1c3d,gx-no-cache=1742565636965 HTTP/1.1" 200 30
201.186.226.3 - - [21/Mar/2025:10:58:47 -0300] "GET /cormun/servlet/solicitudot?262fcff728eb5113ff0a29194ff07f26211fba5a326a72418ef09a5ed10917ad422243dc708467c89d58448b5708042bad5053a46dbb31496bd4a84be4602056e0d048d21f4add02c6b569bf982f1c3d,gx-no-cache=1742565636984 HTTP/1.1" 200 30
201.186.226.3 - - [21/Mar/2025:10:58:47 -0300] "GET /cormun/servlet/solicitudot?262fcff728eb5113ff0a29194ff07f2670ebbf87e07c985c87b9b1874101c968031e42cc9dad27012d608f8f3c66318d1eb1b5e3b7bdf1ebb522733901193bc7ce02dc3f1a76c6630152ff3ebc04367c752324022f326208c6cae09391eda369,gx-no-cache=1742565637002 HTTP/1.1" 200 70
201.186.226.3 - - [21/Mar/2025:10:58:47 -0300] "POST /cormun/servlet/solicitudot?gx-no-cache=1742565637021 HTTP/1.1" 200 254
201.186.226.3 - - [21/Mar/2025:10:58:47 -0300] "GET /cormun/servlet/solicitudot?262fcff728eb5113ff0a29194ff07f26d8097c1f704cc8e2008ff011fd2c7457edfaed79a73601493e15e727c669f08d40bb1031ca314b7cb3d31134490fec47b26e6746827ef5f6ba55529a4b42b222fc1dcfadfae76d0c32599b69c1cc9f9f79db3acb7715c48ebef7e4ee4c7ea6fc243be82d113a3bc1d859f83f4e28e077615bf8fc14c8ddde8a803bfd98ddccea2f7c937527dd99be0973db531b5ded012829c742c826f4586d6077542118f227ba5521e5d0239a2653971fdf64cad659fda003bb5f9307f6bcbcf5437a8f079b002458af116155bb16a036d37fac54881678554621d61f42884dab272d4f8b70f9ea0e274f0bc9fd6fd8050a217001e436ffbde0cba6b14398993e78dfd7ece9e15172b7311d3c1cf40ca13e4150791550bdb9cfcc27a6a9c95319f82f3bb99ead9508c42ba7f08df82797e8d59859c0a079420844155e201b08584190775be43af53ee5cc0647c350d3a9f4173b00369913581d28a13d8cf4262590e7a69843017783061baf37d32d3a317ac5a1b800,gx-no-cache=1742565637043 HTTP/1.1" 200 30
201.186.226.3 - - [21/Mar/2025:10:58:47 -0300] "POST /cormun/servlet/solicitudot?gx-no-cache=1742565637065 HTTP/1.1" 200 30
201.186.226.3 - - [21/Mar/2025:10:58:47 -0300] "POST /cormun/servlet/solicitudot?gx-no-cache=1742565637093 HTTP/1.1" 200 1481
201.186.226.3 - - [21/Mar/2025:10:58:47 -0300] "POST /cormun/servlet/solicitudot?gx-no-cache=1742565637129 HTTP/1.1" 200 41
201.186.226.3 - - [21/Mar/2025:10:58:59 -0300] "POST /cormun/servlet/solicitudot?5234b4bc0eac6e3cf1685f5e6de5ec5b,UPD,2025,22223,false,,gx-no-cache=1742565648527 HTTP/1.1" 200 93
201.186.226.3 - - [21/Mar/2025:10:58:59 -0300] "GET /cormun/servlet/hpexe_return? HTTP/1.1" 200 1017
201.186.226.3 - - [21/Mar/2025:10:58:59 -0300] "GET /cormun/servlet/trsolicitudot HTTP/1.1" 200 9714
190.95.1.183 - - [21/Mar/2025:10:59:40 -0300] "GET /cormun/servlet/hlogin HTTP/1.1" 200 1715
190.95.1.183 - - [21/Mar/2025:10:59:40 -0300] "GET /cormun/servlet/hlogin HTTP/1.1" 200 1724
190.95.1.183 - - [21/Mar/2025:10:59:50 -0300] "POST /cormun/servlet/hlogin?954f3670e0b36ee35068e97f7492400c,gx-no-cache=1742565700945 HTTP/1.1" 200 90
91.208.206.203 - - [21/Mar/2025:10:59:52 -0300] "GET /manager/html HTTP/1.1" 401 2474
201.186.226.3 - - [21/Mar/2025:11:00:00 -0300] "GET /cormun/servlet/solicitudot?INS,0,0,false, HTTP/1.1" 200 15906
190.95.1.183 - - [21/Mar/2025:11:00:05 -0300] "GET /cormun/servlet/hpexe_link HTTP/1.1" 200 946
190.95.1.183 - - [21/Mar/2025:11:00:05 -0300] "GET /cormun/servlet/hhome HTTP/1.1" 200 3963
201.186.226.3 - - [21/Mar/2025:11:00:09 -0300] "POST /cormun/servlet/solicitudot?gx-no-cache=1742565718365 HTTP/1.1" 200 4152
201.186.226.3 - - [21/Mar/2025:11:00:09 -0300] "POST /cormun/servlet/solicitudot?5234b4bc0eac6e3cf1685f5e6de5ec5b,INS,0,0,false,,gx-no-cache=1742565718506 HTTP/1.1" 200 12740
201.186.226.3 - - [21/Mar/2025:11:00:09 -0300] "GET /cormun/servlet/solicitudot?262fcff728eb5113ff0a29194ff07f26f06a5e0deb6524bc775f012d69ac9489d6766f3c0c92fc9243f463fcfa6ee312,gx-no-cache=1742565718661 HTTP/1.1" 200 30
190.95.1.183 - - [21/Mar/2025:11:00:10 -0300] "GET /cormun/servlet/trlicencias? HTTP/1.1" 200 10266
104.244.78.110 - tomcat [21/Mar/2025:11:00:10 -0300] "GET /manager/html HTTP/1.1" 403 3196
190.95.1.183 - - [21/Mar/2025:11:00:24 -0300] "GET /cormun/static/menuarrow.gif HTTP/1.1" 404 1015
201.186.226.3 - - [21/Mar/2025:11:00:25 -0300] "GET /cormun/servlet/solicitudot?262fcff728eb5113ff0a29194ff07f262061921e62eff71083234da8d33d9f6e8e76adb140aea63363f1cb74b883cf31a642c221ad4007556ceb000deffeb3d7,gx-no-cache=1742565734385 HTTP/1.1" 200 30
201.186.226.3 - - [21/Mar/2025:11:00:25 -0300] "GET /cormun/servlet/solicitudot?262fcff728eb5113ff0a29194ff07f2640d0c64f6d7a4ee58711f99552084da8,gx-no-cache=1742565734413 HTTP/1.1" 200 53
201.186.226.3 - - [21/Mar/2025:11:00:25 -0300] "POST /cormun/servlet/solicitudot?gx-no-cache=1742565734440 HTTP/1.1" 200 255
201.186.226.3 - - [21/Mar/2025:11:00:25 -0300] "GET /cormun/servlet/solicitudot?262fcff728eb5113ff0a29194ff07f26d8097c1f704cc8e2008ff011fd2c7457edfaed79a73601493e15e727c669f08d40bb1031ca314b7cb3d31134490fec47b26e6746827ef5f6ba55529a4b42b222fc1dcfadfae76d0c32599b69c1cc9f9f79db3acb7715c48ebef7e4ee4c7ea6fc243be82d113a3bc1d859f83f4e28e077615bf8fc14c8ddde8a803bfd98ddccea2f7c937527dd99be0973db531b5ded012829c742c826f4586d6077542118f227ba5521e5d0239a2653971fdf64cad659fda003bb5f9307f6bcbcf5437a8f079b002458af116155bb16a036d37fac54881678554621d61f42884dab272d4f8b70f9ea0e274f0bc9fd6fd8050a217001e436ffbde0cba6b14398993e78dfd7ece9e15172b7311d3c1cf40ca13e4150791550bdb9cfcc27a6a9c95319f82f3bb99ead9508c42ba7f08df82797e8d59859c0a079420844155e201b08584190775be43af53ee5cc0647c350d3a9f4173b00369913581d28a13d8cf4262590e7a698436a6fe82649deb1df631fd7dc7cbe2435,gx-no-cache=1742565734470 HTTP/1.1" 200 30
201.186.226.3 - - [21/Mar/2025:11:00:25 -0300] "POST /cormun/servlet/solicitudot?gx-no-cache=1742565734499 HTTP/1.1" 200 30
201.186.226.3 - - [21/Mar/2025:11:00:25 -0300] "POST /cormun/servlet/solicitudot?gx-no-cache=1742565734525 HTTP/1.1" 200 1480
201.186.226.3 - - [21/Mar/2025:11:00:25 -0300] "POST /cormun/servlet/solicitudot?gx-no-cache=1742565734561 HTTP/1.1" 200 38
201.186.226.3 - - [21/Mar/2025:11:00:25 -0300] "GET /cormun/servlet/solicitudot?262fcff728eb5113ff0a29194ff07f26bdb37057582868fcfa019e2a0e4327c22c4d2c7f8c7b2d032a9aa812fbdcb17b2814b343a4c5d84bb5e0f42a019c5700ec02dc48bcc820a8f9644aaedf103616bfdf3777f1ba892a78108d12dec4c9ad25d32920ec71a898516c41554afb36bb,gx-no-cache=1742565734586 HTTP/1.1" 200 110
190.95.1.183 - - [21/Mar/2025:11:00:36 -0300] "POST /cormun/servlet/trlicencias?954f3670e0b36ee35068e97f7492400c,,gx-no-cache=1742565743930 HTTP/1.1" 200 5402
190.95.1.183 - - [21/Mar/2025:11:00:58 -0300] "POST /cormun/servlet/trlicencias?954f3670e0b36ee35068e97f7492400c,,gx-no-cache=1742565759204 HTTP/1.1" 200 6261
190.95.15.9 - - [21/Mar/2025:11:00:58 -0300] "POST /cormun/servlet/trsolicitudot?9358fc6a0c2d117e3e7f08c4383970bd,,gx-no-cache=1742565767985 HTTP/1.1" 200 106
190.95.15.9 - - [21/Mar/2025:11:00:59 -0300] "GET /cormun/servlet/trsolicitudadjuntos?2025,22213, HTTP/1.1" 200 6328
190.95.15.9 - - [21/Mar/2025:11:01:02 -0300] "GET /cormun/servlet/solicitudotadjuntos?INS,2025,22213,,1, HTTP/1.1" 200 6272
190.95.15.9 - - [21/Mar/2025:11:01:02 -0300] "GET /cormun/static/about:blank HTTP/1.1" 404 1011
190.95.15.9 - - [21/Mar/2025:11:01:03 -0300] "GET /cormun/servlet/solicitudotadjuntos?c840e8ece907766e515110423ba607f2fa9e0e2e64db6b7a8fa96c9c4240c01087572c7aaa0c057cd400f86e75dc6d04,gx-no-cache=1742565773508 HTTP/1.1" 200 30
190.95.15.9 - - [21/Mar/2025:11:01:03 -0300] "POST /cormun/servlet/solicitudotadjuntos?9358fc6a0c2d117e3e7f08c4383970bd,INS,2025,22213,,1,,gx-no-cache=1742565773539 HTTP/1.1" 200 4156
190.95.15.9 - - [21/Mar/2025:11:01:05 -0300] "POST /cormun/servlet/solicitudotadjuntos?gx-no-cache=1742565775800 HTTP/1.1" 200 26
190.95.15.9 - - [21/Mar/2025:11:01:22 -0300] "GET /cormun/servlet/solicitudotadjuntos?c840e8ece907766e515110423ba607f2299cfc7acd3eb79e6977cf0c8060ed02,gx-no-cache=1742565792088 HTTP/1.1" 200 30
190.95.15.9 - - [21/Mar/2025:11:01:22 -0300] "GET /cormun/servlet/solicitudotadjuntos?c840e8ece907766e515110423ba607f2299cfc7acd3eb79e6977cf0c8060ed02,gx-no-cache=1742565792106 HTTP/1.1" 200 30
201.186.226.3 - - [21/Mar/2025:11:01:23 -0300] "POST /cormun/servlet/solicitudot?gx-no-cache=1742565787757 HTTP/1.1" 200 97
190.95.15.9 - - [21/Mar/2025:11:01:36 -0300] "POST /cormun/servlet/solicitudotadjuntos?9358fc6a0c2d117e3e7f08c4383970bd,INS,2025,22213,,1, HTTP/1.1" 200 116
201.186.226.3 - - [21/Mar/2025:11:01:37 -0300] "POST /cormun/servlet/solicitudot?gx-no-cache=1742565806277 HTTP/1.1" 200 30
190.95.15.9 - - [21/Mar/2025:11:01:37 -0300] "GET /cormun/servlet/hpexe_return? HTTP/1.1" 200 1030
190.95.15.9 - - [21/Mar/2025:11:01:37 -0300] "GET /cormun/servlet/trsolicitudadjuntos?2025,22213, HTTP/1.1" 200 9365
201.186.226.3 - - [21/Mar/2025:11:01:39 -0300] "POST /cormun/servlet/solicitudot?gx-no-cache=1742565809234 HTTP/1.1" 200 1480
201.186.226.3 - - [21/Mar/2025:11:01:40 -0300] "POST /cormun/servlet/solicitudot?gx-no-cache=1742565809284 HTTP/1.1" 200 38
201.186.226.3 - - [21/Mar/2025:11:01:40 -0300] "GET /cormun/servlet/solicitudot?262fcff728eb5113ff0a29194ff07f26bdb37057582868fcfa019e2a0e4327c22c4d2c7f8c7b2d032a9aa812fbdcb17b2814b343a4c5d84bb5e0f42a019c5700ec02dc48bcc820a8f9644aaedf103616bfdf3777f1ba892a78108d12dec4c9ad25d32920ec71a898516c41554afb36bb,gx-no-cache=1742565809307 HTTP/1.1" 200 110
201.186.226.3 - - [21/Mar/2025:11:01:40 -0300] "POST /cormun/servlet/solicitudot?gx-no-cache=1742565809331 HTTP/1.1" 200 72
201.186.226.3 - - [21/Mar/2025:11:02:00 -0300] "GET /cormun/servlet/solicitudot?262fcff728eb5113ff0a29194ff07f269b4e9b7d60780ffec26b1a7c2d68dc5199711f0c92f345733a96ac7f9d9a1fba4a7f3ce74c07a099fb4300da65be4c8ec1271243b43a60751417c5f3407d471bfa7b6508840c781f690933701253c88b115092788ac7a967c398f206c88cdd2a5de8d03542afa21313e152cb116dde3f7c2ba0a99479b38975c4d62c620c3c8871f13512f7616fd482d6a676cc029013,gx-no-cache=1742565829358 HTTP/1.1" 200 29
201.186.226.3 - - [21/Mar/2025:11:02:00 -0300] "GET /cormun/static/menuarrow.gif HTTP/1.1" 404 1015
201.186.226.3 - - [21/Mar/2025:11:02:10 -0300] "GET /cormun/servlet/solicitudot?262fcff728eb5113ff0a29194ff07f269f4a0d1ed2be8b5c277bd76e06df5a554605517d30c1dcd696319fef06c4c81f,gx-no-cache=1742565839766 HTTP/1.1" 200 30
104.244.78.110 - tomcat [21/Mar/2025:11:02:15 -0300] "GET /manager/html HTTP/1.1" 403 3196
201.186.226.3 - - [21/Mar/2025:11:02:25 -0300] "POST /cormun/servlet/solicitudot?gx-no-cache=1742565855097 HTTP/1.1" 200 30
201.186.226.3 - - [21/Mar/2025:11:02:31 -0300] "POST /cormun/servlet/solicitudot?5234b4bc0eac6e3cf1685f5e6de5ec5b,INS,0,0,false,,gx-no-cache=1742565855127 HTTP/1.1" 200 93
201.186.226.3 - - [21/Mar/2025:11:02:31 -0300] "GET /cormun/servlet/hpexe_return? HTTP/1.1" 200 1013
201.186.226.3 - - [21/Mar/2025:11:02:32 -0300] "GET /cormun/servlet/trsolicitudot HTTP/1.1" 200 10060
201.186.226.3 - - [21/Mar/2025:11:02:36 -0300] "POST /cormun/servlet/trsolicitudot?5234b4bc0eac6e3cf1685f5e6de5ec5b,gx-no-cache=1742565865859 HTTP/1.1" 200 106
201.186.226.3 - - [21/Mar/2025:11:02:36 -0300] "GET /cormun/servlet/trsolicitudadjuntos?2025,22224, HTTP/1.1" 200 6025
201.186.226.3 - - [21/Mar/2025:11:02:40 -0300] "GET /cormun/servlet/solicitudotadjuntos?INS,2025,22224,,1, HTTP/1.1" 200 5962
201.186.226.3 - - [21/Mar/2025:11:02:40 -0300] "GET /cormun/static/about:blank HTTP/1.1" 404 1011
201.186.226.3 - - [21/Mar/2025:11:02:40 -0300] "GET /cormun/servlet/solicitudotadjuntos?262fcff728eb5113ff0a29194ff07f26f90a7838e7acb9b6326df65f8a43b373effe89ccd599ffb0201b0073a67f92e6,gx-no-cache=1742565870261 HTTP/1.1" 200 30
201.186.226.3 - - [21/Mar/2025:11:02:41 -0300] "POST /cormun/servlet/solicitudotadjuntos?5234b4bc0eac6e3cf1685f5e6de5ec5b,INS,2025,22224,,1,,gx-no-cache=1742565870289 HTTP/1.1" 200 3901
201.186.226.3 - - [21/Mar/2025:11:02:42 -0300] "POST /cormun/servlet/solicitudotadjuntos?gx-no-cache=1742565872033 HTTP/1.1" 200 26
201.186.226.3 - - [21/Mar/2025:11:02:48 -0300] "GET /cormun/servlet/solicitudotadjuntos?262fcff728eb5113ff0a29194ff07f267655abe3e1a48c3a7890d63417746a33,gx-no-cache=1742565877914 HTTP/1.1" 200 30
201.186.226.3 - - [21/Mar/2025:11:02:48 -0300] "GET /cormun/servlet/solicitudotadjuntos?262fcff728eb5113ff0a29194ff07f267655abe3e1a48c3a7890d63417746a33,gx-no-cache=1742565877933 HTTP/1.1" 200 30
190.95.15.9 - - [21/Mar/2025:11:03:25 -0300] "GET /cormun/servlet/solicitudotadjuntos?INS,2025,22213,,1, HTTP/1.1" 200 6275
190.95.15.9 - - [21/Mar/2025:11:03:25 -0300] "GET /cormun/static/about:blank HTTP/1.1" 404 1011
190.95.15.9 - - [21/Mar/2025:11:03:26 -0300] "GET /cormun/servlet/solicitudotadjuntos?c840e8ece907766e515110423ba607f2fa9e0e2e64db6b7a8fa96c9c4240c01087572c7aaa0c057cd400f86e75dc6d04,gx-no-cache=1742565916321 HTTP/1.1" 200 30
190.95.15.9 - - [21/Mar/2025:11:03:26 -0300] "POST /cormun/servlet/solicitudotadjuntos?9358fc6a0c2d117e3e7f08c4383970bd,INS,2025,22213,,1,,gx-no-cache=1742565916380 HTTP/1.1" 200 4156
190.95.15.9 - - [21/Mar/2025:11:03:28 -0300] "POST /cormun/servlet/solicitudotadjuntos?gx-no-cache=1742565918870 HTTP/1.1" 200 26
190.95.15.9 - - [21/Mar/2025:11:03:39 -0300] "GET /cormun/servlet/solicitudotadjuntos?c840e8ece907766e515110423ba607f2299cfc7acd3eb79e6977cf0c8060ed02,gx-no-cache=1742565929528 HTTP/1.1" 200 30
190.95.15.9 - - [21/Mar/2025:11:03:39 -0300] "GET /cormun/servlet/solicitudotadjuntos?c840e8ece907766e515110423ba607f2299cfc7acd3eb79e6977cf0c8060ed02,gx-no-cache=1742565929545 HTTP/1.1" 200 30
91.208.206.203 - - [21/Mar/2025:11:03:48 -0300] "GET /manager/html HTTP/1.1" 401 2474
190.95.67.91 - - [21/Mar/2025:11:03:56 -0300] "GET /cormun/servlet/trpermisosgoce? HTTP/1.1" 200 12914
190.95.67.91 - - [21/Mar/2025:11:03:58 -0300] "GET /cormun/servlet/permisogoce?INS,0,,, HTTP/1.1" 200 7118
190.95.15.9 - - [21/Mar/2025:11:04:03 -0300] "POST /cormun/servlet/solicitudotadjuntos?9358fc6a0c2d117e3e7f08c4383970bd,INS,2025,22213,,1, HTTP/1.1" 200 116
190.95.15.9 - - [21/Mar/2025:11:04:03 -0300] "GET /cormun/servlet/hpexe_return? HTTP/1.1" 200 1030
190.95.15.9 - - [21/Mar/2025:11:04:03 -0300] "GET /cormun/servlet/trsolicitudadjuntos?2025,22213, HTTP/1.1" 200 9677
190.95.67.91 - - [21/Mar/2025:11:04:07 -0300] "GET /cormun/servlet/permisogoce?3130e78e75b503439ffe280ce5f4cfb0cbcfb69596951e0c3c04ffff51e88188e67081c21a00c445b3e1f7de2b5dba975555b91d153a9bedf918b982b1dfaf68,gx-no-cache=1742565953672 HTTP/1.1" 200 82
190.95.67.91 - - [21/Mar/2025:11:04:07 -0300] "GET /cormun/static/menuarrow.gif HTTP/1.1" 404 1015
190.95.67.91 - - [21/Mar/2025:11:04:08 -0300] "GET /cormun/servlet/prfichaempleado?,MD,,gxPopupLevel%3D0%3B HTTP/1.1" 200 9251
190.95.67.91 - - [21/Mar/2025:11:04:08 -0300] "GET /cormun/static/gxcfg.js?20201215571085 HTTP/1.1" 200 953
190.95.67.91 - - [21/Mar/2025:11:04:08 -0300] "GET /cormun/static/prfichaempleado.js?20201215572193 HTTP/1.1" 200 16005
190.95.67.91 - - [21/Mar/2025:11:04:17 -0300] "GET /cormun/servlet/permisogoce?3130e78e75b503439ffe280ce5f4cfb05ba85f31d41d98c56efa27b42186eed4c7327009571f043965a5d071de2e72c56df4822077972d9b0b8ddf0274375914,gx-no-cache=1742565966934 HTTP/1.1" 200 47
104.244.78.110 - tomcat [21/Mar/2025:11:04:20 -0300] "GET /manager/html HTTP/1.1" 403 3196
201.186.226.3 - - [21/Mar/2025:11:04:56 -0300] "POST /cormun/servlet/solicitudotadjuntos?5234b4bc0eac6e3cf1685f5e6de5ec5b,INS,2025,22224,,1, HTTP/1.1" 200 116
201.186.226.3 - - [21/Mar/2025:11:04:56 -0300] "GET /cormun/servlet/hpexe_return? HTTP/1.1" 200 1029
201.186.226.3 - - [21/Mar/2025:11:04:56 -0300] "GET /cormun/servlet/trsolicitudadjuntos?2025,22224, HTTP/1.1" 200 9031
201.186.226.3 - - [21/Mar/2025:11:05:06 -0300] "GET /cormun/servlet/solicitudotadjuntos?INS,2025,22224,,1, HTTP/1.1" 200 5963
201.186.226.3 - - [21/Mar/2025:11:05:06 -0300] "GET /cormun/static/about:blank HTTP/1.1" 404 1011
201.186.226.3 - - [21/Mar/2025:11:05:07 -0300] "GET /cormun/servlet/solicitudotadjuntos?262fcff728eb5113ff0a29194ff07f26f90a7838e7acb9b6326df65f8a43b373effe89ccd599ffb0201b0073a67f92e6,gx-no-cache=1742566016809 HTTP/1.1" 200 30
201.186.226.3 - - [21/Mar/2025:11:05:07 -0300] "POST /cormun/servlet/solicitudotadjuntos?5234b4bc0eac6e3cf1685f5e6de5ec5b,INS,2025,22224,,1,,gx-no-cache=1742566016829 HTTP/1.1" 200 3903
201.186.226.3 - - [21/Mar/2025:11:05:09 -0300] "POST /cormun/servlet/solicitudotadjuntos?gx-no-cache=1742566018766 HTTP/1.1" 200 26
201.186.226.3 - - [21/Mar/2025:11:05:18 -0300] "GET /cormun/servlet/solicitudotadjuntos?262fcff728eb5113ff0a29194ff07f267655abe3e1a48c3a7890d63417746a33,gx-no-cache=1742566027575 HTTP/1.1" 200 30
201.186.226.3 - - [21/Mar/2025:11:05:18 -0300] "GET /cormun/servlet/solicitudotadjuntos?262fcff728eb5113ff0a29194ff07f267655abe3e1a48c3a7890d63417746a33,gx-no-cache=1742566027598 HTTP/1.1" 200 30
201.186.226.3 - - [21/Mar/2025:11:05:18 -0300] "POST /cormun/servlet/solicitudotadjuntos?5234b4bc0eac6e3cf1685f5e6de5ec5b,INS,2025,22224,,1, HTTP/1.1" 200 116
201.186.226.3 - - [21/Mar/2025:11:05:18 -0300] "GET /cormun/servlet/hpexe_return? HTTP/1.1" 200 1029
201.186.226.3 - - [21/Mar/2025:11:05:18 -0300] "GET /cormun/servlet/trsolicitudadjuntos?2025,22224, HTTP/1.1" 200 9313
201.186.226.3 - - [21/Mar/2025:11:05:21 -0300] "GET /cormun/servlet/solicitudotadjuntos?INS,2025,22224,,1, HTTP/1.1" 200 5963
201.186.226.3 - - [21/Mar/2025:11:05:21 -0300] "GET /cormun/static/about:blank HTTP/1.1" 404 1011
190.95.67.91 - - [21/Mar/2025:11:05:22 -0300] "POST /cormun/servlet/permisogoce?08626601ea79b65630662bdcf2dcdcd0,INS,0,,,,gx-no-cache=1742565979316 HTTP/1.1" 200 93
201.186.226.3 - - [21/Mar/2025:11:05:22 -0300] "GET /cormun/servlet/solicitudotadjuntos?262fcff728eb5113ff0a29194ff07f26f90a7838e7acb9b6326df65f8a43b373effe89ccd599ffb0201b0073a67f92e6,gx-no-cache=1742566031647 HTTP/1.1" 200 30
190.95.67.91 - - [21/Mar/2025:11:05:22 -0300] "GET /cormun/servlet/hpexe_return? HTTP/1.1" 200 1014
201.186.226.3 - - [21/Mar/2025:11:05:22 -0300] "POST /cormun/servlet/solicitudotadjuntos?5234b4bc0eac6e3cf1685f5e6de5ec5b,INS,2025,22224,,1,,gx-no-cache=1742566031669 HTTP/1.1" 200 3903
190.95.67.91 - - [21/Mar/2025:11:05:22 -0300] "GET /cormun/servlet/trpermisosgoce HTTP/1.1" 200 13325
201.186.226.3 - - [21/Mar/2025:11:05:24 -0300] "POST /cormun/servlet/solicitudotadjuntos?gx-no-cache=1742566033652 HTTP/1.1" 200 26
201.186.226.3 - - [21/Mar/2025:11:05:29 -0300] "GET /cormun/servlet/solicitudotadjuntos?262fcff728eb5113ff0a29194ff07f267655abe3e1a48c3a7890d63417746a33,gx-no-cache=1742566038603 HTTP/1.1" 200 30
201.186.226.3 - - [21/Mar/2025:11:05:29 -0300] "GET /cormun/servlet/solicitudotadjuntos?262fcff728eb5113ff0a29194ff07f267655abe3e1a48c3a7890d63417746a33,gx-no-cache=1742566038627 HTTP/1.1" 200 30
201.186.226.3 - - [21/Mar/2025:11:05:30 -0300] "POST /cormun/servlet/solicitudotadjuntos?5234b4bc0eac6e3cf1685f5e6de5ec5b,INS,2025,22224,,1, HTTP/1.1" 200 116
201.186.226.3 - - [21/Mar/2025:11:05:30 -0300] "GET /cormun/servlet/hpexe_return? HTTP/1.1" 200 1029
201.186.226.3 - - [21/Mar/2025:11:05:30 -0300] "GET /cormun/servlet/trsolicitudadjuntos?2025,22224, HTTP/1.1" 200 9506
201.186.226.3 - - [21/Mar/2025:11:05:33 -0300] "GET /cormun/servlet/solicitudotadjuntos?INS,2025,22224,,1, HTTP/1.1" 200 5963
201.186.226.3 - - [21/Mar/2025:11:05:33 -0300] "GET /cormun/static/about:blank HTTP/1.1" 404 1011
201.186.226.3 - - [21/Mar/2025:11:05:33 -0300] "GET /cormun/servlet/solicitudotadjuntos?262fcff728eb5113ff0a29194ff07f26f90a7838e7acb9b6326df65f8a43b373effe89ccd599ffb0201b0073a67f92e6,gx-no-cache=1742566043014 HTTP/1.1" 200 30
201.186.226.3 - - [21/Mar/2025:11:05:33 -0300] "POST /cormun/servlet/solicitudotadjuntos?5234b4bc0eac6e3cf1685f5e6de5ec5b,INS,2025,22224,,1,,gx-no-cache=1742566043030 HTTP/1.1" 200 3903
201.186.226.3 - - [21/Mar/2025:11:05:35 -0300] "POST /cormun/servlet/solicitudotadjuntos?gx-no-cache=1742566044850 HTTP/1.1" 200 26
201.186.226.3 - - [21/Mar/2025:11:05:41 -0300] "GET /cormun/servlet/solicitudotadjuntos?262fcff728eb5113ff0a29194ff07f267655abe3e1a48c3a7890d63417746a33,gx-no-cache=1742566050427 HTTP/1.1" 200 30
201.186.226.3 - - [21/Mar/2025:11:05:41 -0300] "GET /cormun/servlet/solicitudotadjuntos?262fcff728eb5113ff0a29194ff07f267655abe3e1a48c3a7890d63417746a33,gx-no-cache=1742566050448 HTTP/1.1" 200 30
201.186.226.3 - - [21/Mar/2025:11:05:42 -0300] "POST /cormun/servlet/solicitudotadjuntos?5234b4bc0eac6e3cf1685f5e6de5ec5b,INS,2025,22224,,1, HTTP/1.1" 200 116
201.186.226.3 - - [21/Mar/2025:11:05:42 -0300] "GET /cormun/servlet/hpexe_return? HTTP/1.1" 200 1029
201.186.226.3 - - [21/Mar/2025:11:05:42 -0300] "GET /cormun/servlet/trsolicitudadjuntos?2025,22224, HTTP/1.1" 200 9813
201.186.226.3 - - [21/Mar/2025:11:05:45 -0300] "GET /cormun/servlet/solicitudotadjuntos?INS,2025,22224,,1, HTTP/1.1" 200 5963
201.186.226.3 - - [21/Mar/2025:11:05:45 -0300] "GET /cormun/static/about:blank HTTP/1.1" 404 1011
201.186.226.3 - - [21/Mar/2025:11:05:46 -0300] "GET /cormun/servlet/solicitudotadjuntos?262fcff728eb5113ff0a29194ff07f26f90a7838e7acb9b6326df65f8a43b373effe89ccd599ffb0201b0073a67f92e6,gx-no-cache=1742566055539 HTTP/1.1" 200 30
201.186.226.3 - - [21/Mar/2025:11:05:46 -0300] "POST /cormun/servlet/solicitudotadjuntos?5234b4bc0eac6e3cf1685f5e6de5ec5b,INS,2025,22224,,1,,gx-no-cache=1742566055558 HTTP/1.1" 200 3903
201.186.226.3 - - [21/Mar/2025:11:05:48 -0300] "POST /cormun/servlet/solicitudotadjuntos?gx-no-cache=1742566057709 HTTP/1.1" 200 26
201.186.226.3 - - [21/Mar/2025:11:05:53 -0300] "GET /cormun/servlet/solicitudotadjuntos?262fcff728eb5113ff0a29194ff07f267655abe3e1a48c3a7890d63417746a33,gx-no-cache=1742566063170 HTTP/1.1" 200 30
201.186.226.3 - - [21/Mar/2025:11:05:53 -0300] "GET /cormun/servlet/solicitudotadjuntos?262fcff728eb5113ff0a29194ff07f267655abe3e1a48c3a7890d63417746a33,gx-no-cache=1742566063191 HTTP/1.1" 200 30
201.186.226.3 - - [21/Mar/2025:11:05:55 -0300] "POST /cormun/servlet/solicitudotadjuntos?5234b4bc0eac6e3cf1685f5e6de5ec5b,INS,2025,22224,,1, HTTP/1.1" 200 116
201.186.226.3 - - [21/Mar/2025:11:05:55 -0300] "GET /cormun/servlet/hpexe_return? HTTP/1.1" 200 1029
201.186.226.3 - - [21/Mar/2025:11:05:55 -0300] "GET /cormun/servlet/trsolicitudadjuntos?2025,22224, HTTP/1.1" 200 10077
201.186.226.3 - - [21/Mar/2025:11:05:57 -0300] "GET /cormun/servlet/solicitudotadjuntos?INS,2025,22224,,1, HTTP/1.1" 200 5963
201.186.226.3 - - [21/Mar/2025:11:05:57 -0300] "GET /cormun/static/about:blank HTTP/1.1" 404 1011
201.186.226.3 - - [21/Mar/2025:11:05:58 -0300] "GET /cormun/servlet/solicitudotadjuntos?262fcff728eb5113ff0a29194ff07f26f90a7838e7acb9b6326df65f8a43b373effe89ccd599ffb0201b0073a67f92e6,gx-no-cache=1742566067557 HTTP/1.1" 200 30
201.186.226.3 - - [21/Mar/2025:11:05:58 -0300] "POST /cormun/servlet/solicitudotadjuntos?5234b4bc0eac6e3cf1685f5e6de5ec5b,INS,2025,22224,,1,,gx-no-cache=1742566067575 HTTP/1.1" 200 3903
201.186.226.3 - - [21/Mar/2025:11:06:00 -0300] "POST /cormun/servlet/solicitudotadjuntos?gx-no-cache=1742566069800 HTTP/1.1" 200 26
201.186.226.3 - - [21/Mar/2025:11:06:05 -0300] "GET /cormun/servlet/solicitudotadjuntos?262fcff728eb5113ff0a29194ff07f267655abe3e1a48c3a7890d63417746a33,gx-no-cache=1742566074933 HTTP/1.1" 200 30
201.186.226.3 - - [21/Mar/2025:11:06:05 -0300] "GET /cormun/servlet/solicitudotadjuntos?262fcff728eb5113ff0a29194ff07f267655abe3e1a48c3a7890d63417746a33,gx-no-cache=1742566074956 HTTP/1.1" 200 30
201.186.226.3 - - [21/Mar/2025:11:06:06 -0300] "POST /cormun/servlet/solicitudotadjuntos?5234b4bc0eac6e3cf1685f5e6de5ec5b,INS,2025,22224,,1, HTTP/1.1" 200 116
201.186.226.3 - - [21/Mar/2025:11:06:06 -0300] "GET /cormun/servlet/hpexe_return? HTTP/1.1" 200 1029
201.186.226.3 - - [21/Mar/2025:11:06:07 -0300] "GET /cormun/servlet/trsolicitudadjuntos?2025,22224, HTTP/1.1" 200 10305
104.244.78.110 - tomcat [21/Mar/2025:11:06:23 -0300] "GET /manager/html HTTP/1.1" 403 3196
201.186.226.3 - - [21/Mar/2025:11:06:34 -0300] "GET /cormun/servlet/solicitudotadjuntos?INS,2025,22224,,1, HTTP/1.1" 200 5963
201.186.226.3 - - [21/Mar/2025:11:06:34 -0300] "GET /cormun/static/about:blank HTTP/1.1" 404 1011
201.186.226.3 - - [21/Mar/2025:11:06:34 -0300] "GET /cormun/servlet/solicitudotadjuntos?262fcff728eb5113ff0a29194ff07f26f90a7838e7acb9b6326df65f8a43b373effe89ccd599ffb0201b0073a67f92e6,gx-no-cache=1742566104263 HTTP/1.1" 200 30
201.186.226.3 - - [21/Mar/2025:11:06:35 -0300] "POST /cormun/servlet/solicitudotadjuntos?5234b4bc0eac6e3cf1685f5e6de5ec5b,INS,2025,22224,,1,,gx-no-cache=1742566104291 HTTP/1.1" 200 3903
201.186.226.3 - - [21/Mar/2025:11:06:39 -0300] "GET /cormun/servlet/trsolicitudot? HTTP/1.1" 200 10069
190.95.15.9 - - [21/Mar/2025:11:07:23 -0300] "GET /cormun/servlet/solicitudotadjuntos?INS,2025,22213,,1, HTTP/1.1" 200 6273
190.95.15.9 - - [21/Mar/2025:11:07:24 -0300] "GET /cormun/static/about:blank HTTP/1.1" 404 1011
190.95.15.9 - - [21/Mar/2025:11:07:24 -0300] "GET /cormun/servlet/solicitudotadjuntos?c840e8ece907766e515110423ba607f2fa9e0e2e64db6b7a8fa96c9c4240c01087572c7aaa0c057cd400f86e75dc6d04,gx-no-cache=1742566154655 HTTP/1.1" 200 30
190.95.15.9 - - [21/Mar/2025:11:07:24 -0300] "POST /cormun/servlet/solicitudotadjuntos?9358fc6a0c2d117e3e7f08c4383970bd,INS,2025,22213,,1,,gx-no-cache=1742566154692 HTTP/1.1" 200 4157
190.95.15.9 - - [21/Mar/2025:11:07:26 -0300] "POST /cormun/servlet/solicitudotadjuntos?gx-no-cache=1742566156797 HTTP/1.1" 200 26
190.95.15.9 - - [21/Mar/2025:11:07:36 -0300] "GET /cormun/servlet/solicitudotadjuntos?c840e8ece907766e515110423ba607f2299cfc7acd3eb79e6977cf0c8060ed02,gx-no-cache=1742566166192 HTTP/1.1" 200 30
190.95.15.9 - - [21/Mar/2025:11:07:36 -0300] "GET /cormun/servlet/solicitudotadjuntos?c840e8ece907766e515110423ba607f2299cfc7acd3eb79e6977cf0c8060ed02,gx-no-cache=1742566166215 HTTP/1.1" 200 30
190.95.15.9 - - [21/Mar/2025:11:07:37 -0300] "POST /cormun/servlet/solicitudotadjuntos?9358fc6a0c2d117e3e7f08c4383970bd,INS,2025,22213,,1, HTTP/1.1" 200 116
190.95.15.9 - - [21/Mar/2025:11:07:37 -0300] "GET /cormun/servlet/hpexe_return? HTTP/1.1" 200 1030
190.95.15.9 - - [21/Mar/2025:11:07:37 -0300] "GET /cormun/servlet/trsolicitudadjuntos?2025,22213, HTTP/1.1" 200 9948
190.95.15.9 - - [21/Mar/2025:11:07:40 -0300] "GET /cormun/servlet/solicitudotadjuntos?INS,2025,22213,,1, HTTP/1.1" 200 6273
190.95.15.9 - - [21/Mar/2025:11:07:40 -0300] "GET /cormun/static/about:blank HTTP/1.1" 404 1011
190.95.15.9 - - [21/Mar/2025:11:07:41 -0300] "GET /cormun/servlet/solicitudotadjuntos?c840e8ece907766e515110423ba607f2fa9e0e2e64db6b7a8fa96c9c4240c01087572c7aaa0c057cd400f86e75dc6d04,gx-no-cache=1742566171159 HTTP/1.1" 200 30
190.95.15.9 - - [21/Mar/2025:11:07:41 -0300] "POST /cormun/servlet/solicitudotadjuntos?9358fc6a0c2d117e3e7f08c4383970bd,INS,2025,22213,,1,,gx-no-cache=1742566171195 HTTP/1.1" 200 4157
91.208.206.203 - - [21/Mar/2025:11:07:42 -0300] "GET /manager/html HTTP/1.1" 401 2474
190.95.15.9 - - [21/Mar/2025:11:07:44 -0300] "POST /cormun/servlet/solicitudotadjuntos?gx-no-cache=1742566174292 HTTP/1.1" 200 26
190.95.15.9 - - [21/Mar/2025:11:08:13 -0300] "GET /cormun/servlet/solicitudotadjuntos?c840e8ece907766e515110423ba607f2299cfc7acd3eb79e6977cf0c8060ed02,gx-no-cache=1742566203343 HTTP/1.1" 200 30
190.95.15.9 - - [21/Mar/2025:11:08:13 -0300] "GET /cormun/servlet/solicitudotadjuntos?c840e8ece907766e515110423ba607f2299cfc7acd3eb79e6977cf0c8060ed02,gx-no-cache=1742566203369 HTTP/1.1" 200 30
190.95.15.9 - - [21/Mar/2025:11:08:21 -0300] "POST /cormun/servlet/solicitudotadjuntos?9358fc6a0c2d117e3e7f08c4383970bd,INS,2025,22213,,1, HTTP/1.1" 200 116
190.95.15.9 - - [21/Mar/2025:11:08:21 -0300] "GET /cormun/servlet/hpexe_return? HTTP/1.1" 200 1030
190.95.15.9 - - [21/Mar/2025:11:08:21 -0300] "GET /cormun/servlet/trsolicitudadjuntos?2025,22213, HTTP/1.1" 200 10232
104.244.78.110 - tomcat [21/Mar/2025:11:08:27 -0300] "GET /manager/html HTTP/1.1" 403 3196
190.95.15.9 - - [21/Mar/2025:11:08:30 -0300] "GET /cormun/PublicTempStorage/certificado_afiliacion_fonasa_%281%294399670.pdf HTTP/1.1" 200 301754
190.95.15.9 - - [21/Mar/2025:11:08:36 -0300] "GET /cormun/servlet/trsolicitudadjuntos?2025,22213, HTTP/1.1" 200 10232
190.95.15.9 - - [21/Mar/2025:11:08:39 -0300] "GET /cormun/servlet/solicitudotadjuntos?INS,2025,22213,,1, HTTP/1.1" 200 6273
190.95.15.9 - - [21/Mar/2025:11:08:39 -0300] "GET /cormun/static/about:blank HTTP/1.1" 404 1011
190.95.15.9 - - [21/Mar/2025:11:08:40 -0300] "GET /cormun/servlet/solicitudotadjuntos?c840e8ece907766e515110423ba607f2fa9e0e2e64db6b7a8fa96c9c4240c01087572c7aaa0c057cd400f86e75dc6d04,gx-no-cache=1742566230281 HTTP/1.1" 200 30
190.95.15.9 - - [21/Mar/2025:11:08:40 -0300] "POST /cormun/servlet/solicitudotadjuntos?9358fc6a0c2d117e3e7f08c4383970bd,INS,2025,22213,,1,,gx-no-cache=1742566230314 HTTP/1.1" 200 4156
190.95.15.9 - - [21/Mar/2025:11:08:43 -0300] "POST /cormun/servlet/solicitudotadjuntos?gx-no-cache=1742566233469 HTTP/1.1" 200 26
190.95.67.91 - - [21/Mar/2025:11:08:44 -0300] "GET /cormun/servlet/permisogoce?INS,0,,, HTTP/1.1" 200 7118
190.95.67.91 - - [21/Mar/2025:11:08:52 -0300] "GET /cormun/servlet/permisogoce?3130e78e75b503439ffe280ce5f4cfb0cbcfb69596951e0c3c04ffff51e88188e67081c21a00c445b3e1f7de2b5dba975555b91d153a9bedf918b982b1dfaf68,gx-no-cache=1742566241664 HTTP/1.1" 200 84
190.95.15.9 - - [21/Mar/2025:11:08:57 -0300] "GET /cormun/servlet/solicitudotadjuntos?c840e8ece907766e515110423ba607f2299cfc7acd3eb79e6977cf0c8060ed02,gx-no-cache=1742566247183 HTTP/1.1" 200 30
190.95.15.9 - - [21/Mar/2025:11:08:57 -0300] "GET /cormun/servlet/solicitudotadjuntos?c840e8ece907766e515110423ba607f2299cfc7acd3eb79e6977cf0c8060ed02,gx-no-cache=1742566247199 HTTP/1.1" 200 30
190.95.67.91 - - [21/Mar/2025:11:08:57 -0300] "GET /cormun/servlet/trpermisosgoce? HTTP/1.1" 200 13335
190.95.15.9 - - [21/Mar/2025:11:08:58 -0300] "POST /cormun/servlet/solicitudotadjuntos?9358fc6a0c2d117e3e7f08c4383970bd,INS,2025,22213,,1, HTTP/1.1" 200 116
190.95.15.9 - - [21/Mar/2025:11:08:58 -0300] "GET /cormun/servlet/hpexe_return? HTTP/1.1" 200 1030
190.95.15.9 - - [21/Mar/2025:11:08:58 -0300] "GET /cormun/servlet/trsolicitudadjuntos?2025,22213, HTTP/1.1" 200 10506
190.95.15.9 - - [21/Mar/2025:11:09:02 -0300] "GET /cormun/servlet/solicitudotadjuntos?INS,2025,22213,,1, HTTP/1.1" 200 6275
190.95.15.9 - - [21/Mar/2025:11:09:03 -0300] "GET /cormun/static/about:blank HTTP/1.1" 404 1011
190.95.15.9 - - [21/Mar/2025:11:09:03 -0300] "GET /cormun/servlet/solicitudotadjuntos?c840e8ece907766e515110423ba607f2fa9e0e2e64db6b7a8fa96c9c4240c01087572c7aaa0c057cd400f86e75dc6d04,gx-no-cache=1742566253684 HTTP/1.1" 200 30
190.95.15.9 - - [21/Mar/2025:11:09:03 -0300] "POST /cormun/servlet/solicitudotadjuntos?9358fc6a0c2d117e3e7f08c4383970bd,INS,2025,22213,,1,,gx-no-cache=1742566253730 HTTP/1.1" 200 4156
190.95.15.9 - - [21/Mar/2025:11:09:06 -0300] "POST /cormun/servlet/solicitudotadjuntos?gx-no-cache=1742566256221 HTTP/1.1" 200 26
190.95.67.91 - - [21/Mar/2025:11:09:06 -0300] "GET /cormun/servlet/trpermisosadjuntos?11365277,20250321110609,P, HTTP/1.1" 200 6551
190.95.67.91 - - [21/Mar/2025:11:09:08 -0300] "GET /cormun/servlet/permisosadjuntos?INS,11365277,P,20250321110609,, HTTP/1.1" 200 5873
190.95.67.91 - - [21/Mar/2025:11:09:08 -0300] "GET /cormun/static/about:blank HTTP/1.1" 404 1011
190.95.15.9 - - [21/Mar/2025:11:09:13 -0300] "GET /cormun/servlet/solicitudotadjuntos?c840e8ece907766e515110423ba607f2299cfc7acd3eb79e6977cf0c8060ed02,gx-no-cache=1742566263104 HTTP/1.1" 200 30
190.95.15.9 - - [21/Mar/2025:11:09:13 -0300] "GET /cormun/servlet/solicitudotadjuntos?c840e8ece907766e515110423ba607f2299cfc7acd3eb79e6977cf0c8060ed02,gx-no-cache=1742566263122 HTTP/1.1" 200 30
190.95.15.9 - - [21/Mar/2025:11:09:15 -0300] "POST /cormun/servlet/solicitudotadjuntos?9358fc6a0c2d117e3e7f08c4383970bd,INS,2025,22213,,1, HTTP/1.1" 200 116
190.95.15.9 - - [21/Mar/2025:11:09:15 -0300] "GET /cormun/servlet/hpexe_return? HTTP/1.1" 200 1030
190.95.15.9 - - [21/Mar/2025:11:09:15 -0300] "GET /cormun/servlet/trsolicitudadjuntos?2025,22213, HTTP/1.1" 200 10676
190.95.67.91 - - [21/Mar/2025:11:09:18 -0300] "POST /cormun/servlet/permisosadjuntos?08626601ea79b65630662bdcf2dcdcd0,INS,11365277,P,20250321110609,, HTTP/1.1" 200 116
190.95.67.91 - - [21/Mar/2025:11:09:18 -0300] "GET /cormun/servlet/hpexe_return? HTTP/1.1" 200 1040
190.95.67.91 - - [21/Mar/2025:11:09:18 -0300] "GET /cormun/servlet/trpermisosadjuntos?11365277,20250321110609,P, HTTP/1.1" 200 7078
190.95.67.91 - - [21/Mar/2025:11:09:20 -0300] "POST /cormun/servlet/trpermisosadjuntos?08626601ea79b65630662bdcf2dcdcd0,11365277,20250321110609,P,,gx-no-cache=1742566270133 HTTP/1.1" 200 90
190.95.67.91 - - [21/Mar/2025:11:09:20 -0300] "GET /cormun/servlet/hpexe_link HTTP/1.1" 200 987
190.95.67.91 - - [21/Mar/2025:11:09:21 -0300] "GET /cormun/servlet/trpermisosgoce HTTP/1.1" 200 13329
