129.222.173.48 - - [21/Mar/2025:12:11:29 -0300] "GET /cormun/static/Resources/resize.gif HTTP/1.1" 200 77
129.222.173.48 - - [21/Mar/2025:12:11:29 -0300] "GET /cormun/static/Resources/PXTools/ClosePrompt.png HTTP/1.1" 200 1036
129.222.173.48 - - [21/Mar/2025:12:11:30 -0300] "GET /cormun/servlet/prfichaempleado?,MD,,gxPopupLevel%3D0%3B HTTP/1.1" 200 9220
129.222.173.48 - - [21/Mar/2025:12:11:30 -0300] "GET /cormun/static/gxcfg.js?20201215571085 HTTP/1.1" 200 953
129.222.173.48 - - [21/Mar/2025:12:11:30 -0300] "GET /cormun/static/Resources/PXToolsMenuSearch.png HTTP/1.1" 200 336
129.222.173.48 - - [21/Mar/2025:12:11:30 -0300] "GET /cormun/static/prfichaempleado.js?20201215572193 HTTP/1.1" 200 16005
129.222.173.48 - - [21/Mar/2025:12:11:30 -0300] "GET /cormun/static/menusearch.js?20201214473581 HTTP/1.1" 200 1424
129.222.173.48 - - [21/Mar/2025:12:11:30 -0300] "GET /cormun/static/Resources/PXToolsMenuSearchCancel.png HTTP/1.1" 200 306
129.222.173.48 - - [21/Mar/2025:12:11:30 -0300] "GET /cormun/static/hmpwkw011.js?202211298443482 HTTP/1.1" 200 1968
129.222.173.48 - - [21/Mar/2025:12:11:42 -0300] "POST /cormun/servlet/prfichaempleado?c942dab35490fb0271322db3af1a0324,,MD,,gxPopupLevel%3D0%3B,gx-no-cache=1742570011151 HTTP/1.1" 200 3395
129.222.173.48 - - [21/Mar/2025:12:12:00 -0300] "POST /cormun/servlet/solicitudot?c942dab35490fb0271322db3af1a0324,INS,0,0,false,,gx-no-cache=1742570029206 HTTP/1.1" 200 12997
52.167.144.206 - - [21/Mar/2025:12:12:05 -0300] "GET /cormun/servlet/hlogin HTTP/1.1" 200 1725
104.244.78.110 - tomcat [21/Mar/2025:12:12:51 -0300] "GET /manager/html HTTP/1.1" 403 3196
201.186.226.3 - - [21/Mar/2025:12:13:07 -0300] "GET /cormun/servlet/solicitudot?edfd762e7b38d075e937e669aa32b8352473e426004d059e3fb7f8dff0324369238502a78964750ede3dd33fa8e762a38a1aa03edaf61856567988b007955018d9a5551ab6058fcce95530f380df8bad7668df13cef317becc9f2b25ecae149673c29ad6b2643e1b2af17516dcd953ab,gx-no-cache=1742570096875 HTTP/1.1" 200 110
201.186.226.3 - - [21/Mar/2025:12:13:07 -0300] "POST /cormun/servlet/solicitudot?gx-no-cache=1742570096939 HTTP/1.1" 200 72
201.186.226.3 - - [21/Mar/2025:12:13:11 -0300] "GET /cormun/servlet/solicitudot?edfd762e7b38d075e937e669aa32b83573d72b2b5a9cb1208ecc697cf8da51addfeb0790bab731a1ee22f316d7e9739cca28d44f03a54377939e88eea5350ef38558dcb6a2278882b96c8e42e0d5a684521bf26a57df47a7ef37fdf3e2840497008bd759d51e729170c009e750be1774,gx-no-cache=1742570100271 HTTP/1.1" 200 29
201.186.226.3 - - [21/Mar/2025:12:13:11 -0300] "GET /cormun/static/menuarrow.gif HTTP/1.1" 404 1015
201.186.226.3 - - [21/Mar/2025:12:13:14 -0300] "GET /cormun/servlet/solicitudot?edfd762e7b38d075e937e669aa32b835e2ecdb7a17b7bb2372cff81f5d0f22a4d892e6d94f4aa429abe6c60770e0fd3a,gx-no-cache=1742570103389 HTTP/1.1" 200 30
201.186.226.3 - - [21/Mar/2025:12:13:22 -0300] "POST /cormun/servlet/solicitudot?gx-no-cache=1742570112168 HTTP/1.1" 200 30
201.186.226.3 - - [21/Mar/2025:12:13:23 -0300] "POST /cormun/servlet/solicitudot?b21d7552f223acbc1ef162f403352fb4,INS,0,0,false,,gx-no-cache=1742570112203 HTTP/1.1" 200 93
201.186.226.3 - - [21/Mar/2025:12:13:23 -0300] "GET /cormun/servlet/hpexe_return? HTTP/1.1" 200 1003
201.186.226.3 - - [21/Mar/2025:12:13:23 -0300] "GET /cormun/servlet/trsolicitudot HTTP/1.1" 200 10841
201.186.226.3 - - [21/Mar/2025:12:13:27 -0300] "POST /cormun/servlet/trsolicitudot?b21d7552f223acbc1ef162f403352fb4,gx-no-cache=1742570117006 HTTP/1.1" 200 106
201.186.226.3 - - [21/Mar/2025:12:13:27 -0300] "GET /cormun/servlet/trsolicitudadjuntos?2025,22226, HTTP/1.1" 200 6014
179.57.78.71 - - [21/Mar/2025:12:14:23 -0300] "GET /cormun/servlet/hhome HTTP/1.1" 200 3316
179.57.78.71 - - [21/Mar/2025:12:14:24 -0300] "GET /cormun/servlet/hlogin HTTP/1.1" 200 1726
179.57.78.71 - - [21/Mar/2025:12:14:27 -0300] "POST /cormun/servlet/hlogin?2279987de536ad457f17e8c6a8ad18c7,gx-no-cache=1742570176570 HTTP/1.1" 200 90
179.57.78.71 - - [21/Mar/2025:12:14:27 -0300] "GET /cormun/servlet/hpexe_link HTTP/1.1" 200 945
179.57.78.71 - - [21/Mar/2025:12:14:27 -0300] "GET /cormun/servlet/hhome HTTP/1.1" 200 4199
179.57.78.71 - - [21/Mar/2025:12:14:34 -0300] "GET /cormun/servlet/trlicencias? HTTP/1.1" 200 9935
104.244.78.110 - tomcat [21/Mar/2025:12:14:56 -0300] "GET /manager/html HTTP/1.1" 403 3196
91.208.206.203 - - [21/Mar/2025:12:15:23 -0300] "GET /manager/html HTTP/1.1" 401 2474
104.244.78.110 - tomcat [21/Mar/2025:12:17:01 -0300] "GET /manager/html HTTP/1.1" 403 3196
190.95.67.91 - - [21/Mar/2025:12:18:18 -0300] "GET /cormun/servlet/trautorizarpermisogoce? HTTP/1.1" 200 8190
190.95.67.91 - - [21/Mar/2025:12:18:18 -0300] "GET /cormun/static/gxcfg.js?2020121645532 HTTP/1.1" 200 953
190.95.67.91 - - [21/Mar/2025:12:18:18 -0300] "GET /cormun/static/trautorizarpermisogoce.js?2020121651492 HTTP/1.1" 200 34948
190.95.67.91 - - [21/Mar/2025:12:18:25 -0300] "POST /cormun/servlet/trautorizarpermisogoce?8dcad396ecfe4fd9785fad050080ac44,,gx-no-cache=1742570409851 HTTP/1.1" 200 5294
190.95.67.91 - - [21/Mar/2025:12:18:25 -0300] "GET /cormun/static/Shared/jqueryui/images/ui-icons_82798d_256x240.png HTTP/1.1" 404 1089
190.95.67.91 - - [21/Mar/2025:12:18:25 -0300] "GET /cormun/static/Shared/jqueryui/images/ui-bg_highlight-soft_100_c6c2c8_1x100.png HTTP/1.1" 404 1117
190.95.67.91 - - [21/Mar/2025:12:18:25 -0300] "GET /cormun/static/Shared/jqueryui/images/ui-bg_flat_55_fafafa_40x100.png HTTP/1.1" 404 1097
190.95.67.91 - - [21/Mar/2025:12:18:25 -0300] "GET /cormun/static/Shared/jqueryui/images/ui-icons_8d78a5_256x240.png HTTP/1.1" 404 1089
190.95.67.91 - - [21/Mar/2025:12:18:36 -0300] "POST /cormun/servlet/trautorizarpermisogoce?8dcad396ecfe4fd9785fad050080ac44,,gx-no-cache=1742570416233 HTTP/1.1" 200 4533
104.244.78.110 - tomcat [21/Mar/2025:12:19:05 -0300] "GET /manager/html HTTP/1.1" 403 3196
201.186.226.3 - - [21/Mar/2025:12:19:08 -0300] "GET /cormun/servlet/solicitudotadjuntos?INS,2025,22226,,1, HTTP/1.1" 200 5956
201.186.226.3 - - [21/Mar/2025:12:19:08 -0300] "GET /cormun/static/about:blank HTTP/1.1" 404 1011
201.186.226.3 - - [21/Mar/2025:12:19:09 -0300] "GET /cormun/servlet/solicitudotadjuntos?edfd762e7b38d075e937e669aa32b83505190858d08144474b31742a948a56a1535a4f056d23fa5fa010ec7e966712e4,gx-no-cache=1742570458638 HTTP/1.1" 200 30
201.186.226.3 - - [21/Mar/2025:12:19:09 -0300] "POST /cormun/servlet/solicitudotadjuntos?b21d7552f223acbc1ef162f403352fb4,INS,2025,22226,,1,,gx-no-cache=1742570458658 HTTP/1.1" 200 3863
201.186.226.3 - - [21/Mar/2025:12:19:15 -0300] "POST /cormun/servlet/solicitudotadjuntos?gx-no-cache=1742570464662 HTTP/1.1" 200 26
201.186.226.3 - - [21/Mar/2025:12:19:20 -0300] "GET /cormun/servlet/solicitudotadjuntos?edfd762e7b38d075e937e669aa32b8356c0ff3a0bbecfe20c110c4e11ae8a407,gx-no-cache=1742570469572 HTTP/1.1" 200 30
201.186.226.3 - - [21/Mar/2025:12:19:20 -0300] "GET /cormun/servlet/solicitudotadjuntos?edfd762e7b38d075e937e669aa32b8356c0ff3a0bbecfe20c110c4e11ae8a407,gx-no-cache=1742570469596 HTTP/1.1" 200 30
91.208.206.203 - - [21/Mar/2025:12:19:21 -0300] "GET /manager/html HTTP/1.1" 401 2474
201.186.226.3 - - [21/Mar/2025:12:19:24 -0300] "POST /cormun/servlet/solicitudotadjuntos?b21d7552f223acbc1ef162f403352fb4,INS,2025,22226,,1, HTTP/1.1" 200 116
201.186.226.3 - - [21/Mar/2025:12:19:24 -0300] "GET /cormun/servlet/hpexe_return? HTTP/1.1" 200 1019
201.186.226.3 - - [21/Mar/2025:12:19:24 -0300] "GET /cormun/servlet/trsolicitudadjuntos?2025,22226, HTTP/1.1" 200 9020
201.186.226.3 - - [21/Mar/2025:12:19:26 -0300] "GET /cormun/servlet/solicitudotadjuntos?INS,2025,22226,,1, HTTP/1.1" 200 5956
201.186.226.3 - - [21/Mar/2025:12:19:26 -0300] "GET /cormun/static/about:blank HTTP/1.1" 404 1011
201.186.226.3 - - [21/Mar/2025:12:19:26 -0300] "GET /cormun/servlet/solicitudotadjuntos?edfd762e7b38d075e937e669aa32b83505190858d08144474b31742a948a56a1535a4f056d23fa5fa010ec7e966712e4,gx-no-cache=1742570475942 HTTP/1.1" 200 30
201.186.226.3 - - [21/Mar/2025:12:19:26 -0300] "POST /cormun/servlet/solicitudotadjuntos?b21d7552f223acbc1ef162f403352fb4,INS,2025,22226,,1,,gx-no-cache=1742570475969 HTTP/1.1" 200 3863
201.186.226.3 - - [21/Mar/2025:12:19:37 -0300] "POST /cormun/servlet/solicitudotadjuntos?gx-no-cache=1742570486436 HTTP/1.1" 200 26
201.186.226.3 - - [21/Mar/2025:12:19:41 -0300] "GET /cormun/servlet/solicitudotadjuntos?edfd762e7b38d075e937e669aa32b8356c0ff3a0bbecfe20c110c4e11ae8a407,gx-no-cache=1742570490875 HTTP/1.1" 200 30
201.186.226.3 - - [21/Mar/2025:12:19:41 -0300] "GET /cormun/servlet/solicitudotadjuntos?edfd762e7b38d075e937e669aa32b8356c0ff3a0bbecfe20c110c4e11ae8a407,gx-no-cache=1742570490898 HTTP/1.1" 200 30
201.186.226.3 - - [21/Mar/2025:12:19:42 -0300] "POST /cormun/servlet/solicitudotadjuntos?b21d7552f223acbc1ef162f403352fb4,INS,2025,22226,,1, HTTP/1.1" 200 116
201.186.226.3 - - [21/Mar/2025:12:19:42 -0300] "GET /cormun/servlet/hpexe_return? HTTP/1.1" 200 1019
201.186.226.3 - - [21/Mar/2025:12:19:42 -0300] "GET /cormun/servlet/trsolicitudadjuntos?2025,22226, HTTP/1.1" 200 9254
201.186.226.3 - - [21/Mar/2025:12:19:53 -0300] "GET /cormun/servlet/solicitudotadjuntos?INS,2025,22226,,1, HTTP/1.1" 200 5956
201.186.226.3 - - [21/Mar/2025:12:19:53 -0300] "GET /cormun/static/about:blank HTTP/1.1" 404 1011
201.186.226.3 - - [21/Mar/2025:12:19:53 -0300] "GET /cormun/servlet/solicitudotadjuntos?edfd762e7b38d075e937e669aa32b83505190858d08144474b31742a948a56a1535a4f056d23fa5fa010ec7e966712e4,gx-no-cache=1742570503086 HTTP/1.1" 200 30
201.186.226.3 - - [21/Mar/2025:12:19:53 -0300] "POST /cormun/servlet/solicitudotadjuntos?b21d7552f223acbc1ef162f403352fb4,INS,2025,22226,,1,,gx-no-cache=1742570503103 HTTP/1.1" 200 3864
201.186.226.3 - - [21/Mar/2025:12:19:57 -0300] "POST /cormun/servlet/solicitudotadjuntos?gx-no-cache=1742570506454 HTTP/1.1" 200 26
201.186.226.3 - - [21/Mar/2025:12:20:01 -0300] "GET /cormun/servlet/solicitudotadjuntos?edfd762e7b38d075e937e669aa32b8356c0ff3a0bbecfe20c110c4e11ae8a407,gx-no-cache=1742570510353 HTTP/1.1" 200 30
201.186.226.3 - - [21/Mar/2025:12:20:01 -0300] "GET /cormun/servlet/solicitudotadjuntos?edfd762e7b38d075e937e669aa32b8356c0ff3a0bbecfe20c110c4e11ae8a407,gx-no-cache=1742570510375 HTTP/1.1" 200 30
201.186.226.3 - - [21/Mar/2025:12:20:23 -0300] "POST /cormun/servlet/solicitudotadjuntos?b21d7552f223acbc1ef162f403352fb4,INS,2025,22226,,1, HTTP/1.1" 200 116
201.186.226.3 - - [21/Mar/2025:12:20:23 -0300] "GET /cormun/servlet/hpexe_return? HTTP/1.1" 200 1019
201.186.226.3 - - [21/Mar/2025:12:20:23 -0300] "GET /cormun/servlet/trsolicitudadjuntos?2025,22226, HTTP/1.1" 200 9466
201.186.226.3 - - [21/Mar/2025:12:20:26 -0300] "GET /cormun/servlet/solicitudotadjuntos?INS,2025,22226,,1, HTTP/1.1" 200 5956
201.186.226.3 - - [21/Mar/2025:12:20:26 -0300] "GET /cormun/static/about:blank HTTP/1.1" 404 1011
201.186.226.3 - - [21/Mar/2025:12:20:27 -0300] "GET /cormun/servlet/solicitudotadjuntos?edfd762e7b38d075e937e669aa32b83505190858d08144474b31742a948a56a1535a4f056d23fa5fa010ec7e966712e4,gx-no-cache=1742570536367 HTTP/1.1" 200 30
201.186.226.3 - - [21/Mar/2025:12:20:27 -0300] "POST /cormun/servlet/solicitudotadjuntos?b21d7552f223acbc1ef162f403352fb4,INS,2025,22226,,1,,gx-no-cache=1742570536384 HTTP/1.1" 200 3864
201.186.226.3 - - [21/Mar/2025:12:20:35 -0300] "POST /cormun/servlet/solicitudotadjuntos?gx-no-cache=1742570544543 HTTP/1.1" 200 26
201.186.226.3 - - [21/Mar/2025:12:20:39 -0300] "GET /cormun/servlet/solicitudotadjuntos?edfd762e7b38d075e937e669aa32b8356c0ff3a0bbecfe20c110c4e11ae8a407,gx-no-cache=1742570548965 HTTP/1.1" 200 30
201.186.226.3 - - [21/Mar/2025:12:20:39 -0300] "GET /cormun/servlet/solicitudotadjuntos?edfd762e7b38d075e937e669aa32b8356c0ff3a0bbecfe20c110c4e11ae8a407,gx-no-cache=1742570548986 HTTP/1.1" 200 30
201.186.226.3 - - [21/Mar/2025:12:20:42 -0300] "POST /cormun/servlet/solicitudotadjuntos?b21d7552f223acbc1ef162f403352fb4,INS,2025,22226,,1, HTTP/1.1" 200 116
201.186.226.3 - - [21/Mar/2025:12:20:42 -0300] "GET /cormun/servlet/hpexe_return? HTTP/1.1" 200 1019
201.186.226.3 - - [21/Mar/2025:12:20:42 -0300] "GET /cormun/servlet/trsolicitudadjuntos?2025,22226, HTTP/1.1" 200 9743
201.186.226.3 - - [21/Mar/2025:12:20:45 -0300] "GET /cormun/servlet/trsolicitudot? HTTP/1.1" 200 10843
201.186.226.3 - - [21/Mar/2025:12:20:57 -0300] "POST /cormun/servlet/trsolicitudot?b21d7552f223acbc1ef162f403352fb4,,gx-no-cache=1742570563815 HTTP/1.1" 200 7734
201.186.226.3 - - [21/Mar/2025:12:20:57 -0300] "GET /cormun/static/Shared/jqueryui/images/ui-bg_highlight-soft_100_c6c2c8_1x100.png HTTP/1.1" 404 1117
201.186.226.3 - - [21/Mar/2025:12:20:57 -0300] "GET /cormun/static/Shared/jqueryui/images/ui-icons_82798d_256x240.png HTTP/1.1" 404 1089
201.186.226.3 - - [21/Mar/2025:12:20:57 -0300] "GET /cormun/static/Shared/jqueryui/images/ui-bg_flat_55_fafafa_40x100.png HTTP/1.1" 404 1097
201.186.226.3 - - [21/Mar/2025:12:20:57 -0300] "GET /cormun/static/Shared/jqueryui/images/ui-icons_8d78a5_256x240.png HTTP/1.1" 404 1089
201.186.226.3 - - [21/Mar/2025:12:20:57 -0300] "POST /cormun/servlet/trsolicitudot?b21d7552f223acbc1ef162f403352fb4,,gx-no-cache=1742570566694 HTTP/1.1" 200 7682
201.186.226.3 - - [21/Mar/2025:12:21:05 -0300] "POST /cormun/servlet/trsolicitudot?b21d7552f223acbc1ef162f403352fb4,,gx-no-cache=1742570572069 HTTP/1.1" 200 7356
201.186.226.3 - - [21/Mar/2025:12:21:05 -0300] "POST /cormun/servlet/trsolicitudot?b21d7552f223acbc1ef162f403352fb4,,gx-no-cache=1742570575089 HTTP/1.1" 200 7299
104.244.78.110 - tomcat [21/Mar/2025:12:21:09 -0300] "GET /manager/html HTTP/1.1" 403 3196
201.186.226.3 - - [21/Mar/2025:12:21:09 -0300] "POST /cormun/servlet/trsolicitudot?b21d7552f223acbc1ef162f403352fb4,,gx-no-cache=1742570576159 HTTP/1.1" 200 6993
201.186.226.3 - - [21/Mar/2025:12:21:10 -0300] "POST /cormun/servlet/trsolicitudot?b21d7552f223acbc1ef162f403352fb4,,gx-no-cache=1742570579263 HTTP/1.1" 200 6938
201.186.226.3 - - [21/Mar/2025:12:21:13 -0300] "POST /cormun/servlet/trsolicitudot?b21d7552f223acbc1ef162f403352fb4,,gx-no-cache=1742570580932 HTTP/1.1" 200 6630
201.186.226.3 - - [21/Mar/2025:12:21:13 -0300] "POST /cormun/servlet/trsolicitudot?b21d7552f223acbc1ef162f403352fb4,,gx-no-cache=1742570583107 HTTP/1.1" 200 6573
201.186.226.3 - - [21/Mar/2025:12:21:16 -0300] "POST /cormun/servlet/trsolicitudot?b21d7552f223acbc1ef162f403352fb4,,gx-no-cache=1742570583827 HTTP/1.1" 200 6255
201.186.226.3 - - [21/Mar/2025:12:21:17 -0300] "POST /cormun/servlet/trsolicitudot?b21d7552f223acbc1ef162f403352fb4,,gx-no-cache=1742570586247 HTTP/1.1" 200 6200
201.186.226.3 - - [21/Mar/2025:12:21:20 -0300] "POST /cormun/servlet/trsolicitudot?b21d7552f223acbc1ef162f403352fb4,,gx-no-cache=1742570587423 HTTP/1.1" 200 5803
201.186.226.3 - - [21/Mar/2025:12:21:20 -0300] "POST /cormun/servlet/trsolicitudot?b21d7552f223acbc1ef162f403352fb4,,gx-no-cache=1742570589999 HTTP/1.1" 200 5748
201.186.226.3 - - [21/Mar/2025:12:21:24 -0300] "POST /cormun/servlet/trsolicitudot?b21d7552f223acbc1ef162f403352fb4,,gx-no-cache=1742570591662 HTTP/1.1" 200 4575
201.186.226.3 - - [21/Mar/2025:12:21:25 -0300] "POST /cormun/servlet/trsolicitudot?b21d7552f223acbc1ef162f403352fb4,,gx-no-cache=1742570594206 HTTP/1.1" 200 4338
190.95.15.9 - - [21/Mar/2025:12:21:34 -0300] "GET /cormun/servlet/trsolicitudot? HTTP/1.1" 200 6322
190.95.15.9 - - [21/Mar/2025:12:21:35 -0300] "GET /cormun/servlet/hlogin HTTP/1.1" 200 1737
190.95.15.9 - - [21/Mar/2025:12:21:38 -0300] "POST /cormun/servlet/hlogin?f5034cf2a45032934f9a74d872d18c40,gx-no-cache=1742570608713 HTTP/1.1" 200 90
190.95.15.9 - - [21/Mar/2025:12:21:38 -0300] "GET /cormun/servlet/hpexe_link HTTP/1.1" 200 953
190.95.15.9 - - [21/Mar/2025:12:21:38 -0300] "GET /cormun/servlet/trsolicitudot HTTP/1.1" 200 7258
190.95.15.9 - - [21/Mar/2025:12:21:44 -0300] "GET /cormun/servlet/trsolicitudot? HTTP/1.1" 200 7256
190.95.15.9 - - [21/Mar/2025:12:21:48 -0300] "GET /cormun/servlet/trautorizarsolicitud? HTTP/1.1" 200 9243
190.95.15.9 - - [21/Mar/2025:12:22:18 -0300] "POST /cormun/servlet/trautorizarsolicitud?f5034cf2a45032934f9a74d872d18c40,,gx-no-cache=1742570648700 HTTP/1.1" 200 4556
190.95.15.9 - - [21/Mar/2025:12:22:29 -0300] "POST /cormun/servlet/trautorizarsolicitud?f5034cf2a45032934f9a74d872d18c40,,gx-no-cache=1742570659394 HTTP/1.1" 200 8530
190.95.15.9 - - [21/Mar/2025:12:22:51 -0300] "POST /cormun/servlet/trautorizarsolicitud?f5034cf2a45032934f9a74d872d18c40,,gx-no-cache=1742570681043 HTTP/1.1" 200 6484
104.244.78.110 - tomcat [21/Mar/2025:12:23:14 -0300] "GET /manager/html HTTP/1.1" 403 3196
91.208.206.203 - - [21/Mar/2025:12:23:20 -0300] "GET /manager/html HTTP/1.1" 401 2474
201.186.226.3 - - [21/Mar/2025:12:25:16 -0300] "GET /cormun/servlet/trvisualizadoreventos? HTTP/1.1" 200 6648
201.186.226.3 - - [21/Mar/2025:12:25:16 -0300] "GET /cormun/static/gxcfg.js?202211298474834 HTTP/1.1" 200 953
201.186.226.3 - - [21/Mar/2025:12:25:16 -0300] "GET /cormun/static/Resources/PXToolsActionPrint.png HTTP/1.1" 200 404
201.186.226.3 - - [21/Mar/2025:12:25:16 -0300] "GET /cormun/static/trvisualizadoreventos.js?202211298474971 HTTP/1.1" 200 19318
104.244.78.110 - tomcat [21/Mar/2025:12:25:18 -0300] "GET /manager/html HTTP/1.1" 403 3196
201.186.226.3 - - [21/Mar/2025:12:25:23 -0300] "GET /cormun/servlet/trsolicitudot? HTTP/1.1" 200 7120
190.95.67.91 - - [21/Mar/2025:12:27:08 -0300] "GET /cormun/servlet/trlicencias? HTTP/1.1" 200 12992
91.208.206.203 - - [21/Mar/2025:12:27:16 -0300] "GET /manager/html HTTP/1.1" 401 2474
104.244.78.110 - tomcat [21/Mar/2025:12:27:23 -0300] "GET /manager/html HTTP/1.1" 403 3196
104.244.78.110 - tomcat [21/Mar/2025:12:29:27 -0300] "GET /manager/html HTTP/1.1" 403 3196
190.95.67.91 - - [21/Mar/2025:12:31:00 -0300] "POST /cormun/servlet/trlicencias?8dcad396ecfe4fd9785fad050080ac44,,gx-no-cache=1742571169109 HTTP/1.1" 200 10803
104.244.78.110 - tomcat [21/Mar/2025:12:31:32 -0300] "GET /manager/html HTTP/1.1" 403 3196
104.244.78.110 - tomcat [21/Mar/2025:12:33:40 -0300] "GET /manager/html HTTP/1.1" 403 3196
104.244.78.110 - tomcat [21/Mar/2025:12:35:51 -0300] "GET /manager/html HTTP/1.1" 403 3196
190.95.15.31 - - [21/Mar/2025:12:36:26 -0300] "GET /cormun/servlet/trsolicitudot HTTP/1.1" 200 6322
190.95.15.31 - - [21/Mar/2025:12:36:30 -0300] "GET /cormun/servlet/hlogin HTTP/1.1" 200 1729
190.95.15.15 - - [21/Mar/2025:12:36:32 -0300] "GET /cormun/servlet/trlicencias HTTP/1.1" 200 6048
190.95.15.15 - - [21/Mar/2025:12:36:32 -0300] "GET /cormun/servlet/hlogin HTTP/1.1" 200 1733
190.95.15.15 - - [21/Mar/2025:12:36:39 -0300] "POST /cormun/servlet/hlogin?78d1dae2aa7e97c8d17c1dc6ff38b4d3,gx-no-cache=1742571508975 HTTP/1.1" 200 90
190.95.15.15 - - [21/Mar/2025:12:36:39 -0300] "GET /cormun/servlet/hpexe_link HTTP/1.1" 200 951
190.95.15.15 - - [21/Mar/2025:12:36:40 -0300] "GET /cormun/servlet/trlicencias HTTP/1.1" 200 11941
104.244.78.110 - tomcat [21/Mar/2025:12:37:55 -0300] "GET /manager/html HTTP/1.1" 403 3196
190.95.67.93 - - [21/Mar/2025:12:38:36 -0300] "GET /cormun/servlet/hlogin HTTP/1.1" 200 1720
190.95.67.93 - - [21/Mar/2025:12:38:48 -0300] "POST /cormun/servlet/hlogin?197cd0d1b51e8a26d890092157950534,gx-no-cache=1742571637793 HTTP/1.1" 200 90
190.95.67.93 - - [21/Mar/2025:12:38:48 -0300] "GET /cormun/servlet/hpexe_link HTTP/1.1" 200 950
190.95.67.93 - - [21/Mar/2025:12:38:48 -0300] "GET /cormun/servlet/hhome HTTP/1.1" 200 4339
190.95.67.93 - - [21/Mar/2025:12:38:51 -0300] "GET /cormun/servlet/trlicencias? HTTP/1.1" 200 11713
104.244.78.110 - tomcat [21/Mar/2025:12:39:59 -0300] "GET /manager/html HTTP/1.1" 403 3196
200.126.116.145 - - [21/Mar/2025:12:41:37 -0300] "GET /cormun/servlet/trautorizarsolicitud? HTTP/1.1" 200 6225
200.126.116.145 - - [21/Mar/2025:12:41:38 -0300] "GET /cormun/servlet/hlogin HTTP/1.1" 200 1742
200.126.116.145 - - [21/Mar/2025:12:41:50 -0300] "POST /cormun/servlet/hlogin?ad53427d4421d6818d75fe64a44aa74e,gx-no-cache=1742571818684 HTTP/1.1" 200 90
200.126.116.145 - - [21/Mar/2025:12:41:50 -0300] "GET /cormun/servlet/hpexe_link HTTP/1.1" 200 963
200.126.116.145 - - [21/Mar/2025:12:41:50 -0300] "GET /cormun/servlet/trautorizarsolicitud HTTP/1.1" 200 7267
200.126.116.145 - - [21/Mar/2025:12:41:54 -0300] "GET /cormun/servlet/trsolicitudot? HTTP/1.1" 200 7541
200.126.116.145 - - [21/Mar/2025:12:41:54 -0300] "GET /cormun/static/gxcfg.js?20221129846531 HTTP/1.1" 200 953
200.126.116.145 - - [21/Mar/2025:12:41:54 -0300] "GET /cormun/static/trsolicitudot.js?202211298465651 HTTP/1.1" 200 54040
104.244.78.110 - tomcat [21/Mar/2025:12:42:03 -0300] "GET /manager/html HTTP/1.1" 403 3196
201.186.226.3 - - [21/Mar/2025:12:42:11 -0300] "GET /cormun/servlet/trsolicitudot? HTTP/1.1" 200 7119
201.186.226.3 - - [21/Mar/2025:12:42:15 -0300] "GET /cormun/servlet/trvisualizadoreventos? HTTP/1.1" 200 6648
201.186.226.3 - - [21/Mar/2025:12:42:22 -0300] "GET /cormun/servlet/trsolicitudcuentarbd? HTTP/1.1" 200 6626
201.186.226.3 - - [21/Mar/2025:12:42:23 -0300] "GET /cormun/servlet/trcontratoobservacion? HTTP/1.1" 200 6066
200.126.116.145 - - [21/Mar/2025:12:42:55 -0300] "GET /cormun/servlet/trsolicitudot? HTTP/1.1" 200 7541
200.126.116.145 - - [21/Mar/2025:12:42:58 -0300] "GET /cormun/servlet/solicitudot?INS,0,0,false, HTTP/1.1" 200 16317
200.126.116.145 - - [21/Mar/2025:12:42:58 -0300] "GET /cormun/static/gxcfg.js?20221129840861 HTTP/1.1" 200 953
200.126.116.145 - - [21/Mar/2025:12:42:58 -0300] "GET /cormun/static/solicitudot.js?20221129840983 HTTP/1.1" 200 74072
200.126.116.145 - - [21/Mar/2025:12:43:10 -0300] "POST /cormun/servlet/solicitudot?gx-no-cache=1742571899119 HTTP/1.1" 200 4191
200.126.116.145 - - [21/Mar/2025:12:43:10 -0300] "POST /cormun/servlet/solicitudot?ad53427d4421d6818d75fe64a44aa74e,INS,0,0,false,,gx-no-cache=1742571899297 HTTP/1.1" 200 13049
200.126.116.145 - - [21/Mar/2025:12:43:15 -0300] "GET /cormun/servlet/solicitudot?019d04b406304964c79028d39089ece08bf8249a4e7258ab5dab020d01c07951412a833bbf1f4b75424f635fca9a1f1e,gx-no-cache=1742571904425 HTTP/1.1" 200 30
200.126.116.145 - - [21/Mar/2025:12:43:15 -0300] "GET /cormun/servlet/solicitudot?019d04b406304964c79028d39089ece00b1fbf269c25a22efad5fd4d2423f67f8175fd9d6d33752eb13b8ea1fe7df06187b7f4c5fb3e0c88d8f022c5d1161e76966badac8f617ff36ab813b07bf82b10,gx-no-cache=1742571904455 HTTP/1.1" 200 30
200.126.116.145 - - [21/Mar/2025:12:43:15 -0300] "GET /cormun/servlet/solicitudot?019d04b406304964c79028d39089ece0b2ed6480ab7458493740d63acab7aa88,gx-no-cache=1742571904480 HTTP/1.1" 200 53
200.126.116.145 - - [21/Mar/2025:12:43:15 -0300] "POST /cormun/servlet/solicitudot?gx-no-cache=1742571904506 HTTP/1.1" 200 255
200.126.116.145 - - [21/Mar/2025:12:43:16 -0300] "GET /cormun/servlet/solicitudot?019d04b406304964c79028d39089ece0c95eb0c305bbbc4ddf8f13b9aaac88bbed9358456bee339a159aaf9387e0fdc853b548692369eb61d12c52be8f29996eeee62025fb39d595780b35c66928ff53ee2f146f94fcd4fbc337c50aea090214c2b281e88da398002b68422803d74da7b97a3b925eade402623030a12d861218b135702fd694bcd25bcbc6a87f9160ca324e9a00fbdc3d8d4b0b66148409d47ea8f844eda0d543ed7d1cbb65a97d88931fa8b6d476a58819623704d9b9c6f202e03f2231a1f6f2a6552b5777cea080e60f6e396d35d69ef07467a53cfb9e7d8843b6f1edbd3ccf33d40cd9c74a0ea43e6324a717be0318e129eafef9049314fdeb521e8fe8fa2cc969348c570ce52f7e10eb4a88886748d924978b2f55a08a3a4cfb3627b35e974b8bac0e43a274c27aedf2d9839f2e069329eb3583c2110cad31bbce229ea6cadcba32ca003084161b9d0d58270a5b262b22d6b2c5bd98440a847699df15db0d655ac3ce494f3b5cfc86444a8eb3e07c653d482b780db84521,gx-no-cache=1742571904543 HTTP/1.1" 200 30
200.126.116.145 - - [21/Mar/2025:12:43:19 -0300] "POST /cormun/servlet/solicitudot?gx-no-cache=1742571907683 HTTP/1.1" 200 30
200.126.116.145 - - [21/Mar/2025:12:43:22 -0300] "POST /cormun/servlet/solicitudot?gx-no-cache=1742571910891 HTTP/1.1" 200 1481
200.126.116.145 - - [21/Mar/2025:12:43:22 -0300] "POST /cormun/servlet/solicitudot?gx-no-cache=1742571910923 HTTP/1.1" 200 38
200.126.116.145 - - [21/Mar/2025:12:43:25 -0300] "GET /cormun/servlet/solicitudot?019d04b406304964c79028d39089ece02490e4c52068f06c126952543161e5b48c4d061f6e738873187e6c450e096bdd522cd8dc6d20f746a7afb3bf64936ef6cf6f678775cf86a238a95a190dc73c08051b63c7d64dd381d9b0e7b4e750b4fd218c638043a105a8a61195e6e2e7c46c,gx-no-cache=1742571914117 HTTP/1.1" 200 110
200.126.116.145 - - [21/Mar/2025:12:43:29 -0300] "POST /cormun/servlet/solicitudot?gx-no-cache=1742571917954 HTTP/1.1" 200 97
200.126.116.145 - - [21/Mar/2025:12:43:36 -0300] "GET /cormun/servlet/solicitudot?019d04b406304964c79028d39089ece0d9768c79abd51449d8bd03856ae83c8e24580a1c1339cbdbc7fc99a3f3f0243254c19c8a1b61572d85063277e601d10745d74a41ca157b2f02cb7a64351b29eafefbefb42692624b8fa3b1017b49acae53a7e79b16fd911355d6e8638e5afe6c90f847f361186ebf487c80f504bc2e85311790de0ec0f435358c11e66ac725767861403e9efd39b4579388446e6ef416,gx-no-cache=1742571924996 HTTP/1.1" 200 29
200.126.116.145 - - [21/Mar/2025:12:43:36 -0300] "GET /cormun/static/menuarrow.gif HTTP/1.1" 404 1015
179.57.78.9 - - [21/Mar/2025:12:43:49 -0300] "GET /cormun/servlet/hlogin HTTP/1.1" 200 1727
179.57.78.9 - - [21/Mar/2025:12:43:56 -0300] "POST /cormun/servlet/hlogin?963bdef90a4250bf3e02462cfd8e8cd8,gx-no-cache=1742571946450 HTTP/1.1" 200 90
179.57.78.9 - - [21/Mar/2025:12:43:56 -0300] "GET /cormun/servlet/hpexe_link HTTP/1.1" 200 955
179.57.78.9 - - [21/Mar/2025:12:43:57 -0300] "GET /cormun/servlet/hhome HTTP/1.1" 200 4348
179.57.78.9 - - [21/Mar/2025:12:44:02 -0300] "GET /cormun/servlet/trcontratosolicitud? HTTP/1.1" 200 14867
179.57.78.9 - - [21/Mar/2025:12:44:02 -0300] "GET /cormun/static/gxcfg.js?202211298514361 HTTP/1.1" 200 953
179.57.78.9 - - [21/Mar/2025:12:44:02 -0300] "GET /cormun/static/trcontratosolicitud.js?202211298514531 HTTP/1.1" 200 28237
179.57.78.9 - - [21/Mar/2025:12:44:02 -0300] "GET /cormun//static/Resources/PXToolsGridNew.png HTTP/1.1" 200 427
104.244.78.110 - tomcat [21/Mar/2025:12:44:08 -0300] "GET /manager/html HTTP/1.1" 403 3196
200.126.116.145 - - [21/Mar/2025:12:44:12 -0300] "GET /cormun/servlet/solicitudot?019d04b406304964c79028d39089ece0ea0ff1ffa23cd4421218334e88700a3c04da18de06aa8f329a0dd0290093cd09,gx-no-cache=1742571961003 HTTP/1.1" 200 30
200.126.116.145 - - [21/Mar/2025:12:44:20 -0300] "POST /cormun/servlet/solicitudot?gx-no-cache=1742571968647 HTTP/1.1" 200 30
129.222.173.48 - - [21/Mar/2025:12:44:36 -0300] "GET /cormun/servlet/hlogin HTTP/1.1" 200 1724
129.222.173.48 - - [21/Mar/2025:12:44:38 -0300] "POST /cormun/servlet/hlogin?0e95698d467f92266e0e5061fadde697,gx-no-cache=1742571988100 HTTP/1.1" 200 90
129.222.173.48 - - [21/Mar/2025:12:44:39 -0300] "GET /cormun/servlet/hpexe_link HTTP/1.1" 200 955
129.222.173.48 - - [21/Mar/2025:12:44:39 -0300] "GET /cormun/servlet/hhome HTTP/1.1" 200 3941
129.222.173.48 - - [21/Mar/2025:12:44:45 -0300] "GET /cormun/servlet/trlicencias? HTTP/1.1" 200 10993
129.222.173.48 - - [21/Mar/2025:12:44:46 -0300] "GET /cormun//static/Resources/PXToolsActionDisabled.gif HTTP/1.1" 304 -
129.222.173.48 - - [21/Mar/2025:12:44:46 -0300] "GET /cormun//static/Resources/PXToolsGridDisplay.png HTTP/1.1" 304 -
129.222.173.48 - - [21/Mar/2025:12:44:46 -0300] "GET /cormun//static/Resources/PXToolsHeaderFavorites.png HTTP/1.1" 304 -
129.222.173.48 - - [21/Mar/2025:12:44:46 -0300] "GET /cormun//static/Resources/PXToolsHeaderHelp.png HTTP/1.1" 304 -
129.222.173.48 - - [21/Mar/2025:12:44:46 -0300] "GET /cormun//static/Resources/PXTools/ActionInsert.png HTTP/1.1" 304 -
129.222.173.48 - - [21/Mar/2025:12:44:46 -0300] "GET /cormun//static/Resources/PXToolsActionPrint.png HTTP/1.1" 304 -
200.126.116.145 - - [21/Mar/2025:12:44:55 -0300] "POST /cormun/servlet/solicitudot?ad53427d4421d6818d75fe64a44aa74e,INS,0,0,false,,gx-no-cache=1742571977717 HTTP/1.1" 200 93
200.126.116.145 - - [21/Mar/2025:12:44:55 -0300] "GET /cormun/servlet/hpexe_return? HTTP/1.1" 200 1009
200.126.116.145 - - [21/Mar/2025:12:44:55 -0300] "GET /cormun/servlet/trsolicitudot HTTP/1.1" 200 8964
200.126.116.145 - - [21/Mar/2025:12:44:55 -0300] "GET /cormun//static/Resources/PXToolsRemoveAllAction.png HTTP/1.1" 200 487
200.126.116.145 - - [21/Mar/2025:12:44:55 -0300] "GET /cormun//static/Resources/PXToolsActionView.png HTTP/1.1" 200 398
200.126.116.145 - - [21/Mar/2025:12:45:12 -0300] "POST /cormun/servlet/trsolicitudot?ad53427d4421d6818d75fe64a44aa74e,gx-no-cache=1742572021166 HTTP/1.1" 200 106
200.126.116.145 - - [21/Mar/2025:12:45:12 -0300] "GET /cormun/servlet/trsolicitudadjuntos?2025,22227, HTTP/1.1" 200 6435
200.126.116.145 - - [21/Mar/2025:12:45:12 -0300] "GET /cormun/static/gxcfg.js?20201215574222 HTTP/1.1" 200 953
200.126.116.145 - - [21/Mar/2025:12:45:12 -0300] "GET /cormun/static/trsolicitudadjuntos.js?20201215574932 HTTP/1.1" 200 17921
200.126.116.145 - - [21/Mar/2025:12:45:12 -0300] "GET /cormun/static/Resources/PXToolsGridNew.png HTTP/1.1" 200 427
200.126.116.145 - - [21/Mar/2025:12:45:14 -0300] "GET /cormun/servlet/solicitudotadjuntos?INS,2025,22227,,1, HTTP/1.1" 200 6376
200.126.116.145 - - [21/Mar/2025:12:45:14 -0300] "GET /cormun/static/gxcfg.js?202211298385187 HTTP/1.1" 200 953
200.126.116.145 - - [21/Mar/2025:12:45:14 -0300] "GET /cormun/static/solicitudotadjuntos.js?202211298385196 HTTP/1.1" 200 11771
200.126.116.145 - - [21/Mar/2025:12:45:14 -0300] "GET /cormun/static/about:blank HTTP/1.1" 404 1011
200.126.116.145 - - [21/Mar/2025:12:45:15 -0300] "GET /cormun/servlet/solicitudotadjuntos?019d04b406304964c79028d39089ece06b6c5bc2fbc39feb7e794d60c4cae2740a025f20d5bd0088566ef0f66ff7dbda,gx-no-cache=1742572023959 HTTP/1.1" 200 30
200.126.116.145 - - [21/Mar/2025:12:45:15 -0300] "POST /cormun/servlet/solicitudotadjuntos?ad53427d4421d6818d75fe64a44aa74e,INS,2025,22227,,1,,gx-no-cache=1742572023985 HTTP/1.1" 200 4182
200.126.116.145 - - [21/Mar/2025:12:45:17 -0300] "POST /cormun/servlet/solicitudotadjuntos?gx-no-cache=1742572026375 HTTP/1.1" 200 26
200.126.116.145 - - [21/Mar/2025:12:45:36 -0300] "GET /cormun/servlet/solicitudotadjuntos?019d04b406304964c79028d39089ece05cd701230f3c3298c083c5b7303fa3c6,gx-no-cache=1742572045491 HTTP/1.1" 200 30
200.126.116.145 - - [21/Mar/2025:12:45:36 -0300] "GET /cormun/servlet/solicitudotadjuntos?019d04b406304964c79028d39089ece05cd701230f3c3298c083c5b7303fa3c6,gx-no-cache=1742572045503 HTTP/1.1" 200 30
200.126.116.145 - - [21/Mar/2025:12:45:37 -0300] "POST /cormun/servlet/solicitudotadjuntos?ad53427d4421d6818d75fe64a44aa74e,INS,2025,22227,,1, HTTP/1.1" 200 116
200.126.116.145 - - [21/Mar/2025:12:45:37 -0300] "GET /cormun/servlet/hpexe_return? HTTP/1.1" 200 1026
200.126.116.145 - - [21/Mar/2025:12:45:37 -0300] "GET /cormun/servlet/trsolicitudadjuntos?2025,22227, HTTP/1.1" 200 9484
200.126.116.145 - - [21/Mar/2025:12:45:39 -0300] "GET /cormun/servlet/solicitudotadjuntos?INS,2025,22227,,1, HTTP/1.1" 200 6376
179.57.78.71 - - [21/Mar/2025:12:45:39 -0300] "GET /cormun/servlet/hlogin HTTP/1.1" 200 1722
200.126.116.145 - - [21/Mar/2025:12:45:39 -0300] "GET /cormun/static/about:blank HTTP/1.1" 404 1011
200.126.116.145 - - [21/Mar/2025:12:45:40 -0300] "GET /cormun/servlet/solicitudotadjuntos?019d04b406304964c79028d39089ece06b6c5bc2fbc39feb7e794d60c4cae2740a025f20d5bd0088566ef0f66ff7dbda,gx-no-cache=1742572048521 HTTP/1.1" 200 30
200.126.116.145 - - [21/Mar/2025:12:45:40 -0300] "POST /cormun/servlet/solicitudotadjuntos?ad53427d4421d6818d75fe64a44aa74e,INS,2025,22227,,1,,gx-no-cache=1742572048559 HTTP/1.1" 200 4182
200.126.116.145 - - [21/Mar/2025:12:45:42 -0300] "POST /cormun/servlet/solicitudotadjuntos?gx-no-cache=1742572050539 HTTP/1.1" 200 26
179.57.78.71 - - [21/Mar/2025:12:45:43 -0300] "POST /cormun/servlet/hlogin?47d62a2cbe47efaa507fed81792208a8,gx-no-cache=1742572053137 HTTP/1.1" 200 90
179.57.78.71 - - [21/Mar/2025:12:45:43 -0300] "GET /cormun/servlet/hpexe_link HTTP/1.1" 200 952
179.57.78.71 - - [21/Mar/2025:12:45:44 -0300] "GET /cormun/servlet/hhome HTTP/1.1" 200 4208
200.126.116.145 - - [21/Mar/2025:12:45:47 -0300] "GET /cormun/servlet/solicitudotadjuntos?019d04b406304964c79028d39089ece05cd701230f3c3298c083c5b7303fa3c6,gx-no-cache=1742572056019 HTTP/1.1" 200 30
200.126.116.145 - - [21/Mar/2025:12:45:47 -0300] "GET /cormun/servlet/solicitudotadjuntos?019d04b406304964c79028d39089ece05cd701230f3c3298c083c5b7303fa3c6,gx-no-cache=1742572056037 HTTP/1.1" 200 30
200.126.116.145 - - [21/Mar/2025:12:45:47 -0300] "POST /cormun/servlet/solicitudotadjuntos?ad53427d4421d6818d75fe64a44aa74e,INS,2025,22227,,1, HTTP/1.1" 200 116
200.126.116.145 - - [21/Mar/2025:12:45:47 -0300] "GET /cormun/servlet/hpexe_return? HTTP/1.1" 200 1026
200.126.116.145 - - [21/Mar/2025:12:45:48 -0300] "GET /cormun/servlet/trsolicitudadjuntos?2025,22227, HTTP/1.1" 200 9740
179.57.78.71 - - [21/Mar/2025:12:45:50 -0300] "GET /cormun/servlet/trlicencias? HTTP/1.1" 200 9940
129.222.173.48 - - [21/Mar/2025:12:45:51 -0300] "GET /cormun/servlet/hlogin HTTP/1.1" 200 1742
200.126.116.145 - - [21/Mar/2025:12:45:57 -0300] "GET /cormun/servlet/solicitudotadjuntos?INS,2025,22227,,1, HTTP/1.1" 200 6377
200.126.116.145 - - [21/Mar/2025:12:45:57 -0300] "GET /cormun/static/about:blank HTTP/1.1" 404 1011
200.126.116.145 - - [21/Mar/2025:12:45:57 -0300] "GET /cormun/servlet/solicitudotadjuntos?019d04b406304964c79028d39089ece06b6c5bc2fbc39feb7e794d60c4cae2740a025f20d5bd0088566ef0f66ff7dbda,gx-no-cache=1742572066279 HTTP/1.1" 200 30
200.126.116.145 - - [21/Mar/2025:12:45:57 -0300] "POST /cormun/servlet/solicitudotadjuntos?ad53427d4421d6818d75fe64a44aa74e,INS,2025,22227,,1,,gx-no-cache=1742572066305 HTTP/1.1" 200 4183
200.126.116.145 - - [21/Mar/2025:12:46:00 -0300] "POST /cormun/servlet/solicitudotadjuntos?gx-no-cache=1742572069091 HTTP/1.1" 200 26
200.126.116.145 - - [21/Mar/2025:12:46:05 -0300] "GET /cormun/servlet/solicitudotadjuntos?019d04b406304964c79028d39089ece05cd701230f3c3298c083c5b7303fa3c6,gx-no-cache=1742572074203 HTTP/1.1" 200 30
200.126.116.145 - - [21/Mar/2025:12:46:05 -0300] "GET /cormun/servlet/solicitudotadjuntos?019d04b406304964c79028d39089ece05cd701230f3c3298c083c5b7303fa3c6,gx-no-cache=1742572074213 HTTP/1.1" 200 30
200.126.116.145 - - [21/Mar/2025:12:46:05 -0300] "POST /cormun/servlet/solicitudotadjuntos?ad53427d4421d6818d75fe64a44aa74e,INS,2025,22227,,1, HTTP/1.1" 200 116
200.126.116.145 - - [21/Mar/2025:12:46:05 -0300] "GET /cormun/servlet/hpexe_return? HTTP/1.1" 200 1026
200.126.116.145 - - [21/Mar/2025:12:46:05 -0300] "GET /cormun/servlet/trsolicitudadjuntos?2025,22227, HTTP/1.1" 200 10001
104.244.78.110 - tomcat [21/Mar/2025:12:46:12 -0300] "GET /manager/html HTTP/1.1" 403 3196
200.126.116.145 - - [21/Mar/2025:12:46:17 -0300] "GET /cormun/servlet/solicitudotadjuntos?INS,2025,22227,,1, HTTP/1.1" 200 6377
200.126.116.145 - - [21/Mar/2025:12:46:17 -0300] "GET /cormun/static/about:blank HTTP/1.1" 404 1011
200.126.116.145 - - [21/Mar/2025:12:46:17 -0300] "GET /cormun/servlet/solicitudotadjuntos?019d04b406304964c79028d39089ece06b6c5bc2fbc39feb7e794d60c4cae2740a025f20d5bd0088566ef0f66ff7dbda,gx-no-cache=1742572086508 HTTP/1.1" 200 30
200.126.116.145 - - [21/Mar/2025:12:46:18 -0300] "POST /cormun/servlet/solicitudotadjuntos?ad53427d4421d6818d75fe64a44aa74e,INS,2025,22227,,1,,gx-no-cache=1742572086531 HTTP/1.1" 200 4183
200.126.116.145 - - [21/Mar/2025:12:46:19 -0300] "POST /cormun/servlet/solicitudotadjuntos?gx-no-cache=1742572088475 HTTP/1.1" 200 26
200.126.116.145 - - [21/Mar/2025:12:46:25 -0300] "GET /cormun/servlet/solicitudotadjuntos?019d04b406304964c79028d39089ece05cd701230f3c3298c083c5b7303fa3c6,gx-no-cache=1742572094099 HTTP/1.1" 200 30
200.126.116.145 - - [21/Mar/2025:12:46:25 -0300] "GET /cormun/servlet/solicitudotadjuntos?019d04b406304964c79028d39089ece05cd701230f3c3298c083c5b7303fa3c6,gx-no-cache=1742572094112 HTTP/1.1" 200 30
200.126.116.145 - - [21/Mar/2025:12:46:25 -0300] "POST /cormun/servlet/solicitudotadjuntos?ad53427d4421d6818d75fe64a44aa74e,INS,2025,22227,,1, HTTP/1.1" 200 116
200.126.116.145 - - [21/Mar/2025:12:46:25 -0300] "GET /cormun/servlet/hpexe_return? HTTP/1.1" 200 1026
200.126.116.145 - - [21/Mar/2025:12:46:25 -0300] "GET /cormun/servlet/trsolicitudadjuntos?2025,22227, HTTP/1.1" 200 10243
200.126.116.145 - - [21/Mar/2025:12:46:33 -0300] "GET /cormun/servlet/solicitudotadjuntos?INS,2025,22227,,1, HTTP/1.1" 200 6377
200.126.116.145 - - [21/Mar/2025:12:46:33 -0300] "GET /cormun/static/about:blank HTTP/1.1" 404 1011
200.126.116.145 - - [21/Mar/2025:12:46:34 -0300] "GET /cormun/servlet/solicitudotadjuntos?019d04b406304964c79028d39089ece06b6c5bc2fbc39feb7e794d60c4cae2740a025f20d5bd0088566ef0f66ff7dbda,gx-no-cache=1742572102602 HTTP/1.1" 200 30
200.126.116.145 - - [21/Mar/2025:12:46:34 -0300] "POST /cormun/servlet/solicitudotadjuntos?ad53427d4421d6818d75fe64a44aa74e,INS,2025,22227,,1,,gx-no-cache=1742572102620 HTTP/1.1" 200 4183
200.126.116.145 - - [21/Mar/2025:12:46:36 -0300] "POST /cormun/servlet/solicitudotadjuntos?gx-no-cache=1742572104667 HTTP/1.1" 200 26
200.126.116.145 - - [21/Mar/2025:12:46:40 -0300] "GET /cormun/servlet/solicitudotadjuntos?019d04b406304964c79028d39089ece05cd701230f3c3298c083c5b7303fa3c6,gx-no-cache=1742572109346 HTTP/1.1" 200 30
200.126.116.145 - - [21/Mar/2025:12:46:40 -0300] "GET /cormun/servlet/solicitudotadjuntos?019d04b406304964c79028d39089ece05cd701230f3c3298c083c5b7303fa3c6,gx-no-cache=1742572109357 HTTP/1.1" 200 30
200.126.116.145 - - [21/Mar/2025:12:46:40 -0300] "POST /cormun/servlet/solicitudotadjuntos?ad53427d4421d6818d75fe64a44aa74e,INS,2025,22227,,1, HTTP/1.1" 200 116
200.126.116.145 - - [21/Mar/2025:12:46:40 -0300] "GET /cormun/servlet/hpexe_return? HTTP/1.1" 200 1026
200.126.116.145 - - [21/Mar/2025:12:46:41 -0300] "GET /cormun/servlet/trsolicitudadjuntos?2025,22227, HTTP/1.1" 200 10506
200.126.116.145 - - [21/Mar/2025:12:46:44 -0300] "GET /cormun/servlet/solicitudotadjuntos?INS,2025,22227,,1, HTTP/1.1" 200 6377
200.126.116.145 - - [21/Mar/2025:12:46:44 -0300] "GET /cormun/static/about:blank HTTP/1.1" 404 1011
200.126.116.145 - - [21/Mar/2025:12:46:44 -0300] "GET /cormun/servlet/solicitudotadjuntos?019d04b406304964c79028d39089ece06b6c5bc2fbc39feb7e794d60c4cae2740a025f20d5bd0088566ef0f66ff7dbda,gx-no-cache=1742572113203 HTTP/1.1" 200 30
200.126.116.145 - - [21/Mar/2025:12:46:44 -0300] "POST /cormun/servlet/solicitudotadjuntos?ad53427d4421d6818d75fe64a44aa74e,INS,2025,22227,,1,,gx-no-cache=1742572113221 HTTP/1.1" 200 4183
200.126.116.145 - - [21/Mar/2025:12:46:50 -0300] "POST /cormun/servlet/solicitudotadjuntos?gx-no-cache=1742572118811 HTTP/1.1" 200 26
200.126.116.145 - - [21/Mar/2025:12:46:57 -0300] "GET /cormun/servlet/solicitudotadjuntos?019d04b406304964c79028d39089ece05cd701230f3c3298c083c5b7303fa3c6,gx-no-cache=1742572126227 HTTP/1.1" 200 30
200.126.116.145 - - [21/Mar/2025:12:46:57 -0300] "GET /cormun/servlet/solicitudotadjuntos?019d04b406304964c79028d39089ece05cd701230f3c3298c083c5b7303fa3c6,gx-no-cache=1742572126239 HTTP/1.1" 200 30
200.126.116.145 - - [21/Mar/2025:12:46:57 -0300] "POST /cormun/servlet/solicitudotadjuntos?ad53427d4421d6818d75fe64a44aa74e,INS,2025,22227,,1, HTTP/1.1" 200 116
200.126.116.145 - - [21/Mar/2025:12:46:57 -0300] "GET /cormun/servlet/hpexe_return? HTTP/1.1" 200 1026
200.126.116.145 - - [21/Mar/2025:12:46:58 -0300] "GET /cormun/servlet/trsolicitudadjuntos?2025,22227, HTTP/1.1" 200 10671
200.126.116.145 - - [21/Mar/2025:12:47:01 -0300] "GET /cormun/servlet/trsolicitudot? HTTP/1.1" 200 8967
201.186.226.3 - - [21/Mar/2025:12:47:09 -0300] "GET /cormun/servlet/trfichaempleado? HTTP/1.1" 200 10934
200.126.116.145 - - [21/Mar/2025:12:47:12 -0300] "POST /cormun/servlet/trsolicitudot?ad53427d4421d6818d75fe64a44aa74e,,gx-no-cache=1742572141437 HTTP/1.1" 200 4872
200.126.116.145 - - [21/Mar/2025:12:47:13 -0300] "GET /cormun/static/Shared/jqueryui/images/ui-bg_flat_55_fafafa_40x100.png HTTP/1.1" 404 1097
200.126.116.145 - - [21/Mar/2025:12:47:13 -0300] "GET /cormun/static/Shared/jqueryui/images/ui-icons_8d78a5_256x240.png HTTP/1.1" 404 1089
200.126.116.145 - - [21/Mar/2025:12:47:13 -0300] "GET /cormun/static/Shared/jqueryui/images/ui-bg_highlight-soft_100_c6c2c8_1x100.png HTTP/1.1" 404 1117
200.126.116.145 - - [21/Mar/2025:12:47:13 -0300] "GET /cormun/static/Shared/jqueryui/images/ui-icons_82798d_256x240.png HTTP/1.1" 404 1089
200.126.116.145 - - [21/Mar/2025:12:47:13 -0300] "POST /cormun/servlet/trsolicitudot?ad53427d4421d6818d75fe64a44aa74e,,gx-no-cache=1742572141560 HTTP/1.1" 200 4624
200.126.116.145 - - [21/Mar/2025:12:47:16 -0300] "GET /cormun/servlet/trautorizarsolicitud? HTTP/1.1" 200 8728
179.57.78.9 - - [21/Mar/2025:12:47:55 -0300] "POST /cormun/servlet/trcontratosolicitud?963bdef90a4250bf3e02462cfd8e8cd8,,gx-no-cache=1742572185463 HTTP/1.1" 200 5755
179.57.78.9 - - [21/Mar/2025:12:47:56 -0300] "GET /cormun/static/Resources/PXToolsGridFirst.gif HTTP/1.1" 200 379
179.57.78.9 - - [21/Mar/2025:12:47:56 -0300] "GET /cormun/static/Resources/PXToolsGridPrevious.gif HTTP/1.1" 200 369
190.95.67.93 - - [21/Mar/2025:12:47:57 -0300] "GET /cormun/servlet/trlicencias? HTTP/1.1" 200 11732
200.126.116.145 - - [21/Mar/2025:12:47:57 -0300] "POST /cormun/servlet/trautorizarsolicitud?ad53427d4421d6818d75fe64a44aa74e,,gx-no-cache=1742572181525 HTTP/1.1" 200 4520
200.126.116.145 - - [21/Mar/2025:12:47:58 -0300] "POST /cormun/servlet/trautorizarsolicitud?ad53427d4421d6818d75fe64a44aa74e,,gx-no-cache=1742572186531 HTTP/1.1" 200 4272
179.57.78.9 - - [21/Mar/2025:12:48:02 -0300] "POST /cormun/servlet/trcontratosolicitud?963bdef90a4250bf3e02462cfd8e8cd8,,gx-no-cache=1742572191755 HTTP/1.1" 200 12576
179.57.78.9 - - [21/Mar/2025:12:48:02 -0300] "GET /cormun/static/Resources/PXToolsGridNext.gif HTTP/1.1" 200 369
179.57.78.9 - - [21/Mar/2025:12:48:02 -0300] "GET /cormun/static/Resources/PXToolsGridLast.gif HTTP/1.1" 200 370
200.126.116.145 - - [21/Mar/2025:12:48:04 -0300] "GET /cormun/servlet/trsolicitudot? HTTP/1.1" 200 7541
200.126.116.145 - - [21/Mar/2025:12:48:07 -0300] "GET /cormun/servlet/trautorizarsolicitud? HTTP/1.1" 200 7267
104.244.78.110 - tomcat [21/Mar/2025:12:48:17 -0300] "GET /manager/html HTTP/1.1" 403 3196
179.57.78.9 - - [21/Mar/2025:12:49:39 -0300] "GET /cormun/servlet/hhome HTTP/1.1" 200 3323
179.57.78.9 - - [21/Mar/2025:12:49:39 -0300] "GET /cormun/servlet/hlogin HTTP/1.1" 200 1733
179.57.78.9 - - [21/Mar/2025:12:49:42 -0300] "POST /cormun/servlet/hlogin?b7547f213bae5a171a6fdc04bcf2cbaf,gx-no-cache=1742572295051 HTTP/1.1" 200 90
179.57.78.9 - - [21/Mar/2025:12:49:42 -0300] "GET /cormun/servlet/hpexe_link HTTP/1.1" 200 952
179.57.78.9 - - [21/Mar/2025:12:49:42 -0300] "GET /cormun/servlet/hhome HTTP/1.1" 200 4344
179.57.78.9 - - [21/Mar/2025:12:49:45 -0300] "GET /cormun/servlet/trcontratounov2? HTTP/1.1" 200 18080
179.57.78.9 - - [21/Mar/2025:12:49:45 -0300] "GET /cormun/static/gxcfg.js?2020121614367 HTTP/1.1" 200 953
179.57.78.9 - - [21/Mar/2025:12:49:45 -0300] "GET /cormun/static/trcontratounov2.js?20201216143065 HTTP/1.1" 200 38486
179.57.78.9 - - [21/Mar/2025:12:49:45 -0300] "GET /cormun/static/Resources/PXToolsAddSelectedAction.png HTTP/1.1" 200 523
190.95.1.129 - - [21/Mar/2025:12:49:56 -0300] "GET /cormun/servlet/hlogin HTTP/1.1" 200 1716
179.57.78.9 - - [21/Mar/2025:12:50:00 -0300] "POST /cormun/servlet/trcontratounov2?b7547f213bae5a171a6fdc04bcf2cbaf,,gx-no-cache=1742572313406 HTTP/1.1" 200 8875
179.57.78.9 - - [21/Mar/2025:12:50:00 -0300] "GET /cormun/static/Resources/PXToolsGridPrevious.gif HTTP/1.1" 200 369
179.57.78.9 - - [21/Mar/2025:12:50:00 -0300] "GET /cormun/static/Resources/PXToolsGridFirst.gif HTTP/1.1" 200 379
179.57.78.9 - - [21/Mar/2025:12:50:08 -0300] "POST /cormun/servlet/trcontratounov2?b7547f213bae5a171a6fdc04bcf2cbaf,,gx-no-cache=1742572320948 HTTP/1.1" 200 16293
179.57.78.9 - - [21/Mar/2025:12:50:08 -0300] "GET /cormun/static/Resources/PXToolsGridLast.gif HTTP/1.1" 200 370
179.57.78.9 - - [21/Mar/2025:12:50:08 -0300] "GET /cormun/static/Resources/PXToolsGridNext.gif HTTP/1.1" 200 369
190.95.1.129 - - [21/Mar/2025:12:50:10 -0300] "POST /cormun/servlet/hlogin?ca7f92e782f9496cab8c99609cd9732a,gx-no-cache=1742572320112 HTTP/1.1" 200 90
190.95.1.129 - - [21/Mar/2025:12:50:10 -0300] "GET /cormun/servlet/hpexe_link HTTP/1.1" 200 948
190.95.1.129 - - [21/Mar/2025:12:50:10 -0300] "GET /cormun/servlet/hhome HTTP/1.1" 200 4289
190.95.1.129 - - [21/Mar/2025:12:50:13 -0300] "GET /cormun/servlet/trlicencias? HTTP/1.1" 200 11910
104.244.78.110 - tomcat [21/Mar/2025:12:50:21 -0300] "GET /manager/html HTTP/1.1" 403 3196
192.168.10.93 - - [21/Mar/2025:12:50:44 -0300] "GET /cormun/servlet/hlogin HTTP/1.1" 200 1720
192.168.10.93 - - [21/Mar/2025:12:50:50 -0300] "POST /cormun/servlet/hlogin?af6089921741fd0ffd57fbd88e1fecd5,gx-no-cache=1742572359946 HTTP/1.1" 200 90
192.168.10.93 - - [21/Mar/2025:12:50:50 -0300] "GET /cormun/servlet/hpexe_link HTTP/1.1" 200 950
192.168.10.93 - - [21/Mar/2025:12:50:51 -0300] "GET /cormun/servlet/hhome HTTP/1.1" 200 3819
192.168.10.93 - - [21/Mar/2025:12:50:58 -0300] "GET /cormun/servlet/trsolicitudgral? HTTP/1.1" 200 28684
192.168.10.93 - - [21/Mar/2025:12:51:10 -0300] "POST /cormun/servlet/trsolicitudgral?af6089921741fd0ffd57fbd88e1fecd5,,gx-no-cache=1742572379128 HTTP/1.1" 200 5248
104.244.78.110 - tomcat [21/Mar/2025:12:52:25 -0300] "GET /manager/html HTTP/1.1" 403 3196
200.126.116.145 - - [21/Mar/2025:12:54:02 -0300] "GET /cormun/servlet/trpermisosgoce? HTTP/1.1" 200 8135
200.126.116.145 - - [21/Mar/2025:12:54:02 -0300] "GET /cormun/static/gxcfg.js?2020121631564 HTTP/1.1" 200 953
200.126.116.145 - - [21/Mar/2025:12:54:02 -0300] "GET /cormun/static/trpermisosgoce.js?2020121633681 HTTP/1.1" 200 35904
200.126.116.145 - - [21/Mar/2025:12:54:08 -0300] "GET /cormun/servlet/permisogoce?INS,0,,, HTTP/1.1" 200 7224
200.126.116.145 - - [21/Mar/2025:12:54:08 -0300] "GET /cormun/static/gxcfg.js?20201215124560 HTTP/1.1" 200 953
200.126.116.145 - - [21/Mar/2025:12:54:08 -0300] "GET /cormun/static/permisogoce.js?20201215124939 HTTP/1.1" 200 27790
200.126.116.145 - - [21/Mar/2025:12:54:17 -0300] "GET /cormun/servlet/permisogoce?fa0e4b962b58bf70365c7e0b6058fae18460d893934d0ec58d12b79ca2620380c651c0d49624dbbf4ecd26a1d779a00c547033e6b157f30d0f8a37a5aa52191d,gx-no-cache=1742572564059 HTTP/1.1" 200 74
200.126.116.145 - - [21/Mar/2025:12:54:25 -0300] "GET /cormun/servlet/permisogoce?fa0e4b962b58bf70365c7e0b6058fae19b40e0154cf4a2f14ae6aee044659a1c74c63fa00429754c227c085a8a797e8c17fda12f996952a145d31eb631f161fe,gx-no-cache=1742572573871 HTTP/1.1" 200 47
104.244.78.110 - tomcat [21/Mar/2025:12:54:29 -0300] "GET /manager/html HTTP/1.1" 403 3196
200.126.116.145 - - [21/Mar/2025:12:54:50 -0300] "POST /cormun/servlet/permisogoce?ad53427d4421d6818d75fe64a44aa74e,INS,0,,,,gx-no-cache=1742572575843 HTTP/1.1" 200 93
200.126.116.145 - - [21/Mar/2025:12:54:50 -0300] "GET /cormun/servlet/hpexe_return? HTTP/1.1" 200 1010
200.126.116.145 - - [21/Mar/2025:12:54:50 -0300] "GET /cormun/servlet/trpermisosgoce HTTP/1.1" 200 8432
200.126.116.145 - - [21/Mar/2025:12:54:54 -0300] "GET /cormun/servlet/apermisogoceprn?20662304,P,20250321125617,PU HTTP/1.1" 200 1659
104.244.78.110 - tomcat [21/Mar/2025:12:56:33 -0300] "GET /manager/html HTTP/1.1" 403 3196
190.95.123.102 - - [21/Mar/2025:12:57:42 -0300] "GET /cormun/servlet/hlogin HTTP/1.1" 200 1737
190.95.123.102 - - [21/Mar/2025:12:57:43 -0300] "GET /cormun/servlet/hlogin HTTP/1.1" 200 1731
190.95.67.91 - - [21/Mar/2025:12:58:21 -0300] "GET /cormun/servlet/trlicencias? HTTP/1.1" 200 12990
190.95.67.91 - - [21/Mar/2025:12:58:27 -0300] "GET /cormun/servlet/licenciaspermisos?DSP,16941728,L,20250303000000, HTTP/1.1" 200 7336
104.244.78.110 - tomcat [21/Mar/2025:12:58:37 -0300] "GET /manager/html HTTP/1.1" 403 3196
104.244.78.110 - tomcat [21/Mar/2025:13:00:44 -0300] "GET /manager/html HTTP/1.1" 403 3196
190.95.123.102 - - [21/Mar/2025:13:00:45 -0300] "GET /cormun/servlet/hlogin HTTP/1.1" 200 1742
190.95.123.102 - - [21/Mar/2025:13:00:46 -0300] "GET /cormun/servlet/hlogin HTTP/1.1" 200 1736
190.95.67.93 - - [21/Mar/2025:13:01:44 -0300] "GET /cormun/servlet/hlogin HTTP/1.1" 200 1720
190.95.67.93 - - [21/Mar/2025:13:01:48 -0300] "POST /cormun/servlet/hlogin?197cd0d1b51e8a26d890092157950534,gx-no-cache=1742573017881 HTTP/1.1" 200 90
190.95.67.93 - - [21/Mar/2025:13:01:48 -0300] "GET /cormun/servlet/hpexe_link HTTP/1.1" 200 956
190.95.67.93 - - [21/Mar/2025:13:01:49 -0300] "GET /cormun/servlet/trlicencias HTTP/1.1" 200 11712
148.113.193.79 - - [21/Mar/2025:13:02:10 -0300] "GET / HTTP/1.1" 200 11217
190.95.67.93 - - [21/Mar/2025:13:02:15 -0300] "GET /cormun/servlet/trsolicitudot? HTTP/1.1" 200 9005
190.95.67.93 - - [21/Mar/2025:13:02:31 -0300] "GET /cormun/servlet/solicitudot?INS,0,0,false, HTTP/1.1" 200 16334
104.244.78.110 - tomcat [21/Mar/2025:13:02:50 -0300] "GET /manager/html HTTP/1.1" 403 3196
190.95.67.93 - - [21/Mar/2025:13:02:53 -0300] "POST /cormun/servlet/solicitudot?gx-no-cache=1742573082760 HTTP/1.1" 200 4150
190.95.67.93 - - [21/Mar/2025:13:02:54 -0300] "POST /cormun/servlet/solicitudot?197cd0d1b51e8a26d890092157950534,INS,0,0,false,,gx-no-cache=1742573082938 HTTP/1.1" 200 12995
190.95.67.93 - - [21/Mar/2025:13:03:09 -0300] "GET /cormun/servlet/solicitudot?af121cc916e2f38d4aeaef06f0ebabc4ca9284ee42c8206742bc11572f451fde8a9d086b2ea5f98f4551c7700386e7e6,gx-no-cache=1742573098768 HTTP/1.1" 200 30
201.186.225.187 - - [21/Mar/2025:13:03:16 -0300] "GET /cormun/servlet/trpermisosgoce? HTTP/1.1" 200 6032
201.186.225.187 - - [21/Mar/2025:13:03:16 -0300] "GET /cormun/servlet/hlogin HTTP/1.1" 200 1739
201.186.225.187 - - [21/Mar/2025:13:03:16 -0300] "GET /cormun/servlet/trpermisosgoce? HTTP/1.1" 200 6029
201.186.225.187 - - [21/Mar/2025:13:03:22 -0300] "POST /cormun/servlet/hlogin?85ce2a181314459212812e1cea8bdae1,gx-no-cache=1742576636790 HTTP/1.1" 200 90
201.186.225.187 - - [21/Mar/2025:13:03:22 -0300] "GET /cormun/servlet/hpexe_link HTTP/1.1" 200 954
201.186.225.187 - - [21/Mar/2025:13:03:22 -0300] "GET /cormun/servlet/trpermisosgoce HTTP/1.1" 200 9141
201.186.225.187 - - [21/Mar/2025:13:03:28 -0300] "GET /cormun/servlet/trpermisosadjuntos?15524011,20250319162651,P, HTTP/1.1" 200 6293
201.186.225.187 - - [21/Mar/2025:13:03:29 -0300] "GET /cormun/servlet/permisosadjuntos?INS,15524011,P,20250319162651,, HTTP/1.1" 200 5614
201.186.225.187 - - [21/Mar/2025:13:03:29 -0300] "GET /cormun/static/about:blank HTTP/1.1" 404 1011
201.186.225.187 - - [21/Mar/2025:13:03:39 -0300] "POST /cormun/servlet/permisosadjuntos?85ce2a181314459212812e1cea8bdae1,INS,15524011,P,20250319162651,, HTTP/1.1" 200 116
