201.186.226.3 - - [21/Mar/2025:10:26:29 -0300] "GET /cormun/servlet/solicitudot?262fcff728eb5113ff0a29194ff07f26d8097c1f704cc8e2008ff011fd2c7457e6813beb0a72968e86f202fd844f6b5440bb1031ca314b7cb3d31134490fec47b26e6746827ef5f6ba55529a4b42b222fc1dcfadfae76d0c32599b69c1cc9f9f79db3acb7715c48ebef7e4ee4c7ea6fc243be82d113a3bc1d859f83f4e28e077615bf8fc14c8ddde8a803bfd98ddccea2f7c937527dd99be0973db531b5ded012829c742c826f4586d6077542118f227ba5521e5d0239a2653971fdf64cad659fda003bb5f9307f6bcbcf5437a8f079b002458af116155bb16a036d37fac54881678554621d61f42884dab272d4f8b7006d8a9d67329e1e3bbd51be7d47ee54136ffbde0cba6b14398993e78dfd7ece9537419059110fcae312488bcc03a953025fcfcd16d80977a246ee578fcd20e361bbc86740edbb368a8d1da79da868b94e2bdbfa598119b675f66685e3157f58b171417b8bfe2ac90bebabf1aeba477a7b14ecbc5c0071eea3ed943059c15fa7afb26b8c339749876613ca02dc4123cbc,gx-no-cache=1742563699276 HTTP/1.1" 200 30
201.186.226.3 - - [21/Mar/2025:10:26:30 -0300] "POST /cormun/servlet/solicitudot?gx-no-cache=1742563699301 HTTP/1.1" 200 30
201.186.226.3 - - [21/Mar/2025:10:26:30 -0300] "POST /cormun/servlet/solicitudot?gx-no-cache=1742563699348 HTTP/1.1" 200 1480
201.186.226.3 - - [21/Mar/2025:10:26:30 -0300] "POST /cormun/servlet/solicitudot?gx-no-cache=1742563699392 HTTP/1.1" 200 41
201.186.226.3 - - [21/Mar/2025:10:26:30 -0300] "GET /cormun/servlet/solicitudot?262fcff728eb5113ff0a29194ff07f26bdb37057582868fcfa019e2a0e4327c22c4d2c7f8c7b2d032a9aa812fbdcb17b2814b343a4c5d84bb5e0f42a019c5700ec02dc48bcc820a8f9644aaedf103616bfdf3777f1ba892a78108d12dec4c9ad25d32920ec71a898516c41554afb36bb,gx-no-cache=1742563699420 HTTP/1.1" 200 110
201.186.226.3 - - [21/Mar/2025:10:26:30 -0300] "POST /cormun/servlet/solicitudot?gx-no-cache=1742563699448 HTTP/1.1" 200 97
201.186.226.3 - - [21/Mar/2025:10:26:30 -0300] "GET /cormun/servlet/solicitudot?262fcff728eb5113ff0a29194ff07f265ab2d6d45b52f908c280e90dfb32d00772a725dbf97bf815e58563668ea13942b373f1c496980b486f7f40556d82e790f4ca05967bd3bc9c7ed2e665355834523eef0c5bc5a478fff0ff563f0b6b9f39b195face3b6f764bdbef21139a4453f1,gx-no-cache=1742563699487 HTTP/1.1" 200 29
201.186.226.3 - - [21/Mar/2025:10:26:30 -0300] "GET /cormun/servlet/solicitudot?262fcff728eb5113ff0a29194ff07f2648605681316cfdba3c3256816b7050eb3353df0c607e9ba8a044397a779444fe,gx-no-cache=1742563699514 HTTP/1.1" 200 30
201.186.226.3 - - [21/Mar/2025:10:26:30 -0300] "POST /cormun/servlet/solicitudot?gx-no-cache=1742563699540 HTTP/1.1" 200 30
201.186.226.3 - - [21/Mar/2025:10:26:38 -0300] "POST /cormun/servlet/solicitudot?5234b4bc0eac6e3cf1685f5e6de5ec5b,UPD,2025,22221,false,,gx-no-cache=1742563699573 HTTP/1.1" 200 93
201.186.226.3 - - [21/Mar/2025:10:26:38 -0300] "GET /cormun/servlet/hpexe_return? HTTP/1.1" 200 1017
201.186.226.3 - - [21/Mar/2025:10:26:38 -0300] "GET /cormun/servlet/trsolicitudot HTTP/1.1" 200 8972
201.186.226.3 - - [21/Mar/2025:10:26:50 -0300] "POST /cormun/servlet/trsolicitudot?5234b4bc0eac6e3cf1685f5e6de5ec5b,gx-no-cache=1742563719517 HTTP/1.1" 200 111
201.186.226.3 - - [21/Mar/2025:10:26:50 -0300] "GET /cormun/servlet/solicitudot?UPD,2025,22221,false, HTTP/1.1" 200 16564
201.186.226.3 - - [21/Mar/2025:10:26:51 -0300] "POST /cormun/servlet/solicitudot?gx-no-cache=1742563720332 HTTP/1.1" 200 4116
201.186.226.3 - - [21/Mar/2025:10:26:51 -0300] "POST /cormun/servlet/solicitudot?5234b4bc0eac6e3cf1685f5e6de5ec5b,UPD,2025,22221,false,,gx-no-cache=1742563720470 HTTP/1.1" 200 12778
201.186.226.3 - - [21/Mar/2025:10:26:51 -0300] "GET /cormun/servlet/solicitudot?262fcff728eb5113ff0a29194ff07f26f2434482c364e179052e854f81c29ec5e0d048d21f4add02c6b569bf982f1c3d,gx-no-cache=1742563720576 HTTP/1.1" 200 30
201.186.226.3 - - [21/Mar/2025:10:26:51 -0300] "GET /cormun/servlet/solicitudot?262fcff728eb5113ff0a29194ff07f261ba7518bef65079a1beddafdc3c57efe5cd00e0d921b105ae8b766de68553662f36be8856b3e1a25c1b3596e8788e29a,gx-no-cache=1742563720598 HTTP/1.1" 200 30
201.186.226.3 - - [21/Mar/2025:10:26:51 -0300] "GET /cormun/servlet/solicitudot?262fcff728eb5113ff0a29194ff07f268d3d906d77b80e06a41def4b5a8865b7829b968a0ad975be8477b3132c75dbbaf5f2092749feb385ecb4193843e11c5980eb6db170a6c95b8759a254ff886540,gx-no-cache=1742563720619 HTTP/1.1" 200 59
201.186.226.3 - - [21/Mar/2025:10:26:51 -0300] "POST /cormun/servlet/solicitudot?gx-no-cache=1742563720640 HTTP/1.1" 200 257
201.186.226.3 - - [21/Mar/2025:10:26:51 -0300] "GET /cormun/servlet/solicitudot?262fcff728eb5113ff0a29194ff07f26d8097c1f704cc8e2008ff011fd2c7457e6813beb0a72968e86f202fd844f6b5440bb1031ca314b7cb3d31134490fec47b26e6746827ef5f6ba55529a4b42b222fc1dcfadfae76d0c32599b69c1cc9f9f79db3acb7715c48ebef7e4ee4c7ea6fc243be82d113a3bc1d859f83f4e28e077615bf8fc14c8ddde8a803bfd98ddccea2f7c937527dd99be0973db531b5ded012829c742c826f4586d6077542118f227ba5521e5d0239a2653971fdf64cad659fda003bb5f9307f6bcbcf5437a8f079b002458af116155bb16a036d37fac54881678554621d61f42884dab272d4f8b7006d8a9d67329e1e3bbd51be7d47ee54136ffbde0cba6b14398993e78dfd7ece9537419059110fcae312488bcc03a953025fcfcd16d80977a246ee578fcd20e361bbc86740edbb368a8d1da79da868b94e2bdbfa598119b675f66685e3157f58b171417b8bfe2ac90bebabf1aeba477a7b14ecbc5c0071eea3ed943059c15fa7afb26b8c339749876613ca02dc4123cbc,gx-no-cache=1742563720667 HTTP/1.1" 200 30
201.186.226.3 - - [21/Mar/2025:10:26:51 -0300] "POST /cormun/servlet/solicitudot?gx-no-cache=1742563720687 HTTP/1.1" 200 30
201.186.226.3 - - [21/Mar/2025:10:26:51 -0300] "POST /cormun/servlet/solicitudot?gx-no-cache=1742563720712 HTTP/1.1" 200 1480
201.186.226.3 - - [21/Mar/2025:10:26:51 -0300] "POST /cormun/servlet/solicitudot?gx-no-cache=1742563720758 HTTP/1.1" 200 41
201.186.226.3 - - [21/Mar/2025:10:27:01 -0300] "POST /cormun/servlet/solicitudot?5234b4bc0eac6e3cf1685f5e6de5ec5b,UPD,2025,22221,false,,gx-no-cache=1742563731245 HTTP/1.1" 200 93
201.186.226.3 - - [21/Mar/2025:10:27:02 -0300] "GET /cormun/servlet/hpexe_return? HTTP/1.1" 200 1017
201.186.226.3 - - [21/Mar/2025:10:27:02 -0300] "GET /cormun/servlet/trsolicitudot HTTP/1.1" 200 8972
104.244.78.110 - tomcat [21/Mar/2025:10:27:05 -0300] "GET /manager/html HTTP/1.1" 403 3196
201.186.226.3 - - [21/Mar/2025:10:27:17 -0300] "POST /cormun/servlet/trsolicitudot?5234b4bc0eac6e3cf1685f5e6de5ec5b,gx-no-cache=1742563746558 HTTP/1.1" 200 105
201.186.226.3 - - [21/Mar/2025:10:27:17 -0300] "GET /cormun/servlet/trsolicitudadjuntos?2025,22221, HTTP/1.1" 200 6011
201.186.226.3 - - [21/Mar/2025:10:27:21 -0300] "GET /cormun/servlet/solicitudotadjuntos?INS,2025,22221,,1, HTTP/1.1" 200 5951
201.186.226.3 - - [21/Mar/2025:10:27:21 -0300] "GET /cormun/static/about:blank HTTP/1.1" 404 1011
201.186.226.3 - - [21/Mar/2025:10:27:22 -0300] "GET /cormun/servlet/solicitudotadjuntos?262fcff728eb5113ff0a29194ff07f260865240a3763d821846db948eb3132fd58f60013f9065d1ee465e4489bfd2977,gx-no-cache=1742563751540 HTTP/1.1" 200 30
201.186.226.3 - - [21/Mar/2025:10:27:22 -0300] "POST /cormun/servlet/solicitudotadjuntos?5234b4bc0eac6e3cf1685f5e6de5ec5b,INS,2025,22221,,1,,gx-no-cache=1742563751562 HTTP/1.1" 200 3871
201.186.226.3 - - [21/Mar/2025:10:27:34 -0300] "POST /cormun/servlet/solicitudotadjuntos?gx-no-cache=1742563764269 HTTP/1.1" 200 26
201.186.226.3 - - [21/Mar/2025:10:27:39 -0300] "GET /cormun/servlet/solicitudotadjuntos?262fcff728eb5113ff0a29194ff07f267655abe3e1a48c3a7890d63417746a33,gx-no-cache=1742563768470 HTTP/1.1" 200 30
201.186.226.3 - - [21/Mar/2025:10:27:39 -0300] "GET /cormun/servlet/solicitudotadjuntos?262fcff728eb5113ff0a29194ff07f267655abe3e1a48c3a7890d63417746a33,gx-no-cache=1742563768496 HTTP/1.1" 200 30
201.186.226.3 - - [21/Mar/2025:10:27:39 -0300] "POST /cormun/servlet/solicitudotadjuntos?5234b4bc0eac6e3cf1685f5e6de5ec5b,INS,2025,22221,,1, HTTP/1.1" 200 6170
201.186.226.3 - - [21/Mar/2025:10:27:39 -0300] "GET /cormun/static/Shared/jqueryui/images/ui-bg_highlight-soft_100_c6c2c8_1x100.png HTTP/1.1" 404 1117
201.186.226.3 - - [21/Mar/2025:10:27:39 -0300] "GET /cormun/static/Shared/jqueryui/images/ui-icons_82798d_256x240.png HTTP/1.1" 404 1089
201.186.226.3 - - [21/Mar/2025:10:27:39 -0300] "GET /cormun/static/Shared/jqueryui/images/ui-icons_ebccce_256x240.png HTTP/1.1" 404 1089
201.186.226.3 - - [21/Mar/2025:10:27:39 -0300] "GET /cormun/static/Shared/jqueryui/images/ui-bg_flat_55_994d53_40x100.png HTTP/1.1" 404 1097
201.186.226.3 - - [21/Mar/2025:10:27:39 -0300] "GET /cormun/PrivateTempStorage/upload_00006345.jpg HTTP/1.1" 200 44303
201.186.226.3 - - [21/Mar/2025:10:27:46 -0300] "GET /cormun/servlet/solicitudotadjuntos?262fcff728eb5113ff0a29194ff07f263ff3f994e1f7c99dd99364284def563537644164ab6d2594ba476d8673faa8de,gx-no-cache=1742563775393 HTTP/1.1" 200 30
201.186.226.3 - - [21/Mar/2025:10:27:46 -0300] "POST /cormun/servlet/solicitudotadjuntos?5234b4bc0eac6e3cf1685f5e6de5ec5b,INS,2025,22221,,1, HTTP/1.1" 200 6171
201.186.226.3 - - [21/Mar/2025:10:27:46 -0300] "GET /cormun/PrivateTempStorage/upload_00006357.jpg HTTP/1.1" 200 44303
91.208.206.203 - - [21/Mar/2025:10:28:19 -0300] "GET /manager/html HTTP/1.1" 401 2474
201.186.226.3 - - [21/Mar/2025:10:28:20 -0300] "GET /cormun/servlet/solicitudotadjuntos?262fcff728eb5113ff0a29194ff07f263ff3f994e1f7c99dd99364284def563537644164ab6d2594ba476d8673faa8de,gx-no-cache=1742563809363 HTTP/1.1" 200 30
201.186.226.3 - - [21/Mar/2025:10:28:20 -0300] "GET /cormun/servlet/solicitudotadjuntos?262fcff728eb5113ff0a29194ff07f263ff3f994e1f7c99dd99364284def563537644164ab6d2594ba476d8673faa8de,gx-no-cache=1742563809403 HTTP/1.1" 200 30
201.186.226.3 - - [21/Mar/2025:10:28:20 -0300] "POST /cormun/servlet/solicitudotadjuntos?5234b4bc0eac6e3cf1685f5e6de5ec5b,INS,2025,22221,,1, HTTP/1.1" 200 116
201.186.226.3 - - [21/Mar/2025:10:28:20 -0300] "GET /cormun/servlet/hpexe_return? HTTP/1.1" 200 1028
201.186.226.3 - - [21/Mar/2025:10:28:20 -0300] "GET /cormun/servlet/trsolicitudadjuntos?2025,22221, HTTP/1.1" 200 9003
201.186.226.3 - - [21/Mar/2025:10:28:23 -0300] "GET /cormun/servlet/solicitudotadjuntos?INS,2025,22221,,1, HTTP/1.1" 200 5950
201.186.226.3 - - [21/Mar/2025:10:28:23 -0300] "GET /cormun/static/about:blank HTTP/1.1" 404 1011
201.186.226.3 - - [21/Mar/2025:10:28:23 -0300] "GET /cormun/servlet/solicitudotadjuntos?262fcff728eb5113ff0a29194ff07f260865240a3763d821846db948eb3132fd58f60013f9065d1ee465e4489bfd2977,gx-no-cache=1742563813039 HTTP/1.1" 200 30
201.186.226.3 - - [21/Mar/2025:10:28:23 -0300] "POST /cormun/servlet/solicitudotadjuntos?5234b4bc0eac6e3cf1685f5e6de5ec5b,INS,2025,22221,,1,,gx-no-cache=1742563813064 HTTP/1.1" 200 3870
201.186.226.3 - - [21/Mar/2025:10:28:31 -0300] "POST /cormun/servlet/solicitudotadjuntos?gx-no-cache=1742563820787 HTTP/1.1" 200 26
104.244.78.110 - tomcat [21/Mar/2025:10:29:09 -0300] "GET /manager/html HTTP/1.1" 403 3196
201.186.226.3 - - [21/Mar/2025:10:29:19 -0300] "GET /cormun/servlet/solicitudotadjuntos?262fcff728eb5113ff0a29194ff07f267655abe3e1a48c3a7890d63417746a33,gx-no-cache=1742563869033 HTTP/1.1" 200 30
201.186.226.3 - - [21/Mar/2025:10:29:19 -0300] "GET /cormun/servlet/solicitudotadjuntos?262fcff728eb5113ff0a29194ff07f267655abe3e1a48c3a7890d63417746a33,gx-no-cache=1742563869057 HTTP/1.1" 200 30
201.186.226.3 - - [21/Mar/2025:10:29:43 -0300] "POST /cormun/servlet/solicitudotadjuntos?5234b4bc0eac6e3cf1685f5e6de5ec5b,INS,2025,22221,,1, HTTP/1.1" 200 116
201.186.226.3 - - [21/Mar/2025:10:29:43 -0300] "GET /cormun/servlet/hpexe_return? HTTP/1.1" 200 1028
201.186.226.3 - - [21/Mar/2025:10:29:43 -0300] "GET /cormun/servlet/trsolicitudadjuntos?2025,22221, HTTP/1.1" 200 9262
206.168.34.53 - - [21/Mar/2025:10:29:52 -0300] "-" 400 -
201.186.226.3 - - [21/Mar/2025:10:29:52 -0300] "GET /cormun/servlet/solicitudotadjuntos?INS,2025,22221,,1, HTTP/1.1" 200 5950
206.168.34.53 - - [21/Mar/2025:10:29:53 -0300] "-" 400 -
201.186.226.3 - - [21/Mar/2025:10:29:53 -0300] "GET /cormun/static/about:blank HTTP/1.1" 404 1011
201.186.226.3 - - [21/Mar/2025:10:29:53 -0300] "GET /cormun/servlet/solicitudotadjuntos?262fcff728eb5113ff0a29194ff07f260865240a3763d821846db948eb3132fd58f60013f9065d1ee465e4489bfd2977,gx-no-cache=1742563902919 HTTP/1.1" 200 30
201.186.226.3 - - [21/Mar/2025:10:29:53 -0300] "POST /cormun/servlet/solicitudotadjuntos?5234b4bc0eac6e3cf1685f5e6de5ec5b,INS,2025,22221,,1,,gx-no-cache=1742563902943 HTTP/1.1" 200 3870
201.186.226.3 - - [21/Mar/2025:10:29:56 -0300] "POST /cormun/servlet/solicitudotadjuntos?gx-no-cache=1742563905593 HTTP/1.1" 200 26
201.186.226.3 - - [21/Mar/2025:10:30:14 -0300] "GET /cormun/servlet/solicitudotadjuntos?262fcff728eb5113ff0a29194ff07f267655abe3e1a48c3a7890d63417746a33,gx-no-cache=1742563923379 HTTP/1.1" 200 30
201.186.226.3 - - [21/Mar/2025:10:30:14 -0300] "GET /cormun/servlet/solicitudotadjuntos?262fcff728eb5113ff0a29194ff07f267655abe3e1a48c3a7890d63417746a33,gx-no-cache=1742563923397 HTTP/1.1" 200 30
201.186.226.3 - - [21/Mar/2025:10:30:16 -0300] "POST /cormun/servlet/solicitudotadjuntos?5234b4bc0eac6e3cf1685f5e6de5ec5b,INS,2025,22221,,1, HTTP/1.1" 200 116
201.186.226.3 - - [21/Mar/2025:10:30:16 -0300] "GET /cormun/servlet/hpexe_return? HTTP/1.1" 200 1028
201.186.226.3 - - [21/Mar/2025:10:30:16 -0300] "GET /cormun/servlet/trsolicitudadjuntos?2025,22221, HTTP/1.1" 200 9486
201.186.226.3 - - [21/Mar/2025:10:30:19 -0300] "GET /cormun/servlet/solicitudotadjuntos?INS,2025,22221,,1, HTTP/1.1" 200 5950
201.186.226.3 - - [21/Mar/2025:10:30:19 -0300] "GET /cormun/static/about:blank HTTP/1.1" 404 1011
201.186.226.3 - - [21/Mar/2025:10:30:20 -0300] "GET /cormun/servlet/solicitudotadjuntos?262fcff728eb5113ff0a29194ff07f260865240a3763d821846db948eb3132fd58f60013f9065d1ee465e4489bfd2977,gx-no-cache=1742563929781 HTTP/1.1" 200 30
201.186.226.3 - - [21/Mar/2025:10:30:20 -0300] "POST /cormun/servlet/solicitudotadjuntos?5234b4bc0eac6e3cf1685f5e6de5ec5b,INS,2025,22221,,1,,gx-no-cache=1742563929808 HTTP/1.1" 200 3870
201.186.226.3 - - [21/Mar/2025:10:30:22 -0300] "POST /cormun/servlet/solicitudotadjuntos?gx-no-cache=1742563932111 HTTP/1.1" 200 26
201.186.226.3 - - [21/Mar/2025:10:30:38 -0300] "GET /cormun/servlet/solicitudotadjuntos?262fcff728eb5113ff0a29194ff07f267655abe3e1a48c3a7890d63417746a33,gx-no-cache=1742563947585 HTTP/1.1" 200 30
201.186.226.3 - - [21/Mar/2025:10:30:38 -0300] "GET /cormun/servlet/solicitudotadjuntos?262fcff728eb5113ff0a29194ff07f267655abe3e1a48c3a7890d63417746a33,gx-no-cache=1742563947659 HTTP/1.1" 200 30
201.186.226.3 - - [21/Mar/2025:10:30:40 -0300] "POST /cormun/servlet/solicitudotadjuntos?5234b4bc0eac6e3cf1685f5e6de5ec5b,INS,2025,22221,,1, HTTP/1.1" 200 116
201.186.226.3 - - [21/Mar/2025:10:30:40 -0300] "GET /cormun/servlet/hpexe_return? HTTP/1.1" 200 1028
201.186.226.3 - - [21/Mar/2025:10:30:40 -0300] "GET /cormun/servlet/trsolicitudadjuntos?2025,22221, HTTP/1.1" 200 9767
201.186.226.3 - - [21/Mar/2025:10:30:45 -0300] "GET /cormun/servlet/solicitudotadjuntos?INS,2025,22221,,1, HTTP/1.1" 200 5950
201.186.226.3 - - [21/Mar/2025:10:30:45 -0300] "GET /cormun/static/about:blank HTTP/1.1" 404 1011
201.186.226.3 - - [21/Mar/2025:10:30:45 -0300] "GET /cormun/servlet/solicitudotadjuntos?262fcff728eb5113ff0a29194ff07f260865240a3763d821846db948eb3132fd58f60013f9065d1ee465e4489bfd2977,gx-no-cache=1742563955049 HTTP/1.1" 200 30
201.186.226.3 - - [21/Mar/2025:10:30:45 -0300] "POST /cormun/servlet/solicitudotadjuntos?5234b4bc0eac6e3cf1685f5e6de5ec5b,INS,2025,22221,,1,,gx-no-cache=1742563955076 HTTP/1.1" 200 3870
201.186.226.3 - - [21/Mar/2025:10:30:48 -0300] "POST /cormun/servlet/solicitudotadjuntos?gx-no-cache=1742563957648 HTTP/1.1" 200 26
201.186.226.3 - - [21/Mar/2025:10:30:58 -0300] "GET /cormun/servlet/solicitudotadjuntos?262fcff728eb5113ff0a29194ff07f267655abe3e1a48c3a7890d63417746a33,gx-no-cache=1742563967340 HTTP/1.1" 200 30
201.186.226.3 - - [21/Mar/2025:10:30:58 -0300] "GET /cormun/servlet/solicitudotadjuntos?262fcff728eb5113ff0a29194ff07f267655abe3e1a48c3a7890d63417746a33,gx-no-cache=1742563967362 HTTP/1.1" 200 30
201.186.226.3 - - [21/Mar/2025:10:31:00 -0300] "POST /cormun/servlet/solicitudotadjuntos?5234b4bc0eac6e3cf1685f5e6de5ec5b,INS,2025,22221,,1, HTTP/1.1" 200 116
201.186.226.3 - - [21/Mar/2025:10:31:00 -0300] "GET /cormun/servlet/hpexe_return? HTTP/1.1" 200 1028
201.186.226.3 - - [21/Mar/2025:10:31:00 -0300] "GET /cormun/servlet/trsolicitudadjuntos?2025,22221, HTTP/1.1" 200 10046
104.244.78.110 - tomcat [21/Mar/2025:10:31:12 -0300] "GET /manager/html HTTP/1.1" 403 3196
201.186.226.3 - - [21/Mar/2025:10:31:15 -0300] "GET /cormun/servlet/solicitudotadjuntos?INS,2025,22221,,1, HTTP/1.1" 200 5950
201.186.226.3 - - [21/Mar/2025:10:31:15 -0300] "GET /cormun/static/about:blank HTTP/1.1" 404 1011
201.186.226.3 - - [21/Mar/2025:10:31:16 -0300] "GET /cormun/servlet/solicitudotadjuntos?262fcff728eb5113ff0a29194ff07f260865240a3763d821846db948eb3132fd58f60013f9065d1ee465e4489bfd2977,gx-no-cache=1742563985726 HTTP/1.1" 200 30
201.186.226.3 - - [21/Mar/2025:10:31:16 -0300] "POST /cormun/servlet/solicitudotadjuntos?5234b4bc0eac6e3cf1685f5e6de5ec5b,INS,2025,22221,,1,,gx-no-cache=1742563985745 HTTP/1.1" 200 3870
201.186.226.3 - - [21/Mar/2025:10:31:19 -0300] "POST /cormun/servlet/solicitudotadjuntos?gx-no-cache=1742563988485 HTTP/1.1" 200 26
201.186.226.3 - - [21/Mar/2025:10:31:23 -0300] "GET /cormun/servlet/solicitudotadjuntos?262fcff728eb5113ff0a29194ff07f267655abe3e1a48c3a7890d63417746a33,gx-no-cache=1742563992662 HTTP/1.1" 200 30
201.186.226.3 - - [21/Mar/2025:10:31:23 -0300] "GET /cormun/servlet/solicitudotadjuntos?262fcff728eb5113ff0a29194ff07f267655abe3e1a48c3a7890d63417746a33,gx-no-cache=1742563992679 HTTP/1.1" 200 30
201.186.226.3 - - [21/Mar/2025:10:31:25 -0300] "POST /cormun/servlet/solicitudotadjuntos?5234b4bc0eac6e3cf1685f5e6de5ec5b,INS,2025,22221,,1, HTTP/1.1" 200 116
201.186.226.3 - - [21/Mar/2025:10:31:25 -0300] "GET /cormun/servlet/hpexe_return? HTTP/1.1" 200 1028
201.186.226.3 - - [21/Mar/2025:10:31:25 -0300] "GET /cormun/servlet/trsolicitudadjuntos?2025,22221, HTTP/1.1" 200 10245
201.186.226.3 - - [21/Mar/2025:10:31:28 -0300] "GET /cormun/servlet/trsolicitudot? HTTP/1.1" 200 8975
201.186.226.3 - - [21/Mar/2025:10:31:51 -0300] "GET /cormun/servlet/vesolicitudot?2025,22221,, HTTP/1.1" 200 8252
201.186.226.3 - - [21/Mar/2025:10:31:51 -0300] "GET /cormun/static/gxcfg.js?202211298465857 HTTP/1.1" 200 953
201.186.226.3 - - [21/Mar/2025:10:31:51 -0300] "GET /cormun/pexe_scrolldiv.js HTTP/1.1" 404 1009
201.186.226.3 - - [21/Mar/2025:10:31:51 -0300] "GET /cormun/static/Resources/PXToolsTabFirstSelected.png HTTP/1.1" 200 1270
201.186.226.3 - - [21/Mar/2025:10:31:51 -0300] "GET /cormun/static/hwcviewtabs.js?201991422154026 HTTP/1.1" 200 1074
201.186.226.3 - - [21/Mar/2025:10:31:51 -0300] "GET /cormun/static/vesolicitudot.js?202211298465886 HTTP/1.1" 200 6091
201.186.226.3 - - [21/Mar/2025:10:31:51 -0300] "GET /cormun/static/hpexe_tabsview.js?2020121447381 HTTP/1.1" 200 1661
201.186.226.3 - - [21/Mar/2025:10:31:51 -0300] "GET /cormun/static/Resources/PXToolsTabPrevious.gif HTTP/1.1" 200 172
201.186.226.3 - - [21/Mar/2025:10:31:51 -0300] "GET /cormun/static/Resources/PXToolsTabLastUnselected.png HTTP/1.1" 200 1297
201.186.226.3 - - [21/Mar/2025:10:31:51 -0300] "GET /cormun/static/Resources/PXToolsTabNext.gif HTTP/1.1" 200 168
201.186.226.3 - - [21/Mar/2025:10:31:51 -0300] "GET /cormun/static/tbsolicitudot01.js?20201214462316 HTTP/1.1" 200 30566
201.186.226.3 - - [21/Mar/2025:10:31:51 -0300] "GET /cormun/static/calendar-system.css HTTP/1.1" 200 5572
201.186.226.3 - - [21/Mar/2025:10:31:51 -0300] "GET /cormun/static/Resources/PXToolsTabBackSelected.png HTTP/1.1" 200 1157
201.186.226.3 - - [21/Mar/2025:10:31:51 -0300] "GET /cormun/static/Resources/PXToolsTabBackUnselected.png HTTP/1.1" 200 1175
201.186.226.3 - - [21/Mar/2025:10:31:51 -0300] "GET /cormun/static/Resources/PXToolsTabUnselectedUnselected.png HTTP/1.1" 200 1470
201.186.226.3 - - [21/Mar/2025:10:31:51 -0300] "GET /cormun/static/Resources/PXToolsTabSelectedUnselected.png HTTP/1.1" 200 1451
201.186.226.3 - - [21/Mar/2025:10:31:55 -0300] "GET /cormun/servlet/vesolicitudot?2025,22221,,SolicitudOTAdjuntos HTTP/1.1" 200 11541
201.186.226.3 - - [21/Mar/2025:10:31:55 -0300] "GET /cormun/pexe_scrolldiv.js HTTP/1.1" 404 1009
201.186.226.3 - - [21/Mar/2025:10:31:55 -0300] "GET /cormun/static/tbsolicitudot02.js?202211298385594 HTTP/1.1" 200 15626
201.186.226.3 - - [21/Mar/2025:10:31:55 -0300] "GET /cormun/static/gxui/gxui-all.css HTTP/1.1" 200 2179
201.186.226.3 - - [21/Mar/2025:10:31:55 -0300] "GET /cormun/static/Resources/PXToolsTabFirstUnselected.png HTTP/1.1" 200 1278
201.186.226.3 - - [21/Mar/2025:10:31:55 -0300] "GET /cormun/static/Resources/PXToolsTabUnselectedSelected.png HTTP/1.1" 200 1458
201.186.226.3 - - [21/Mar/2025:10:31:55 -0300] "GET /cormun/static/Shared/ext/resources/css/ext-all.css HTTP/1.1" 200 416045
201.186.226.3 - - [21/Mar/2025:10:31:58 -0300] "GET /cormun/servlet/vesolicitudot?2025,22221,,SolicitudOTLog HTTP/1.1" 200 7125
201.186.226.3 - - [21/Mar/2025:10:31:58 -0300] "GET /cormun/static/Resources/PXToolsTabLastSelected.png HTTP/1.1" 200 1274
201.186.226.3 - - [21/Mar/2025:10:31:58 -0300] "GET /cormun/static/tbsolicitudot03.js?20221129837931 HTTP/1.1" 200 13332
201.186.226.3 - - [21/Mar/2025:10:31:58 -0300] "GET /cormun/pexe_scrolldiv.js HTTP/1.1" 404 1009
201.186.226.3 - - [21/Mar/2025:10:32:00 -0300] "POST /cormun/servlet/acontrolpreferencessavestate?None,CSTA.F,true HTTP/1.1" 200 35
201.186.226.3 - - [21/Mar/2025:10:32:00 -0300] "GET /cormun/servlet/vesolicitudot?2025,22221,,SolicitudOTAdjuntos HTTP/1.1" 200 11560
201.186.226.3 - - [21/Mar/2025:10:32:00 -0300] "GET /cormun/pexe_scrolldiv.js HTTP/1.1" 404 1009
201.186.226.3 - - [21/Mar/2025:10:32:02 -0300] "POST /cormun/servlet/acontrolpreferencessavestate?None,CSTA.F,true HTTP/1.1" 200 35
201.186.226.3 - - [21/Mar/2025:10:32:02 -0300] "POST /cormun/servlet/acontrolpreferencessavestate?None,CSTA.F,true HTTP/1.1" 200 35
201.186.226.3 - - [21/Mar/2025:10:32:12 -0300] "GET /cormun/servlet/trsolicitudot? HTTP/1.1" 200 9046
201.186.226.3 - - [21/Mar/2025:10:32:12 -0300] "GET /cormun/servlet/vesolicitudot?2025,22221,,General HTTP/1.1" 200 8318
91.208.206.203 - - [21/Mar/2025:10:32:13 -0300] "GET /manager/html HTTP/1.1" 401 2474
201.186.226.3 - - [21/Mar/2025:10:32:52 -0300] "GET /cormun/servlet/solicitudot?INS,0,0,false, HTTP/1.1" 200 15920
201.186.226.3 - - [21/Mar/2025:10:33:01 -0300] "POST /cormun/servlet/solicitudot?gx-no-cache=1742564091053 HTTP/1.1" 200 4046
201.186.226.3 - - [21/Mar/2025:10:33:02 -0300] "POST /cormun/servlet/solicitudot?5234b4bc0eac6e3cf1685f5e6de5ec5b,INS,0,0,false,,gx-no-cache=1742564091348 HTTP/1.1" 200 12623
201.186.226.3 - - [21/Mar/2025:10:33:03 -0300] "GET /cormun/servlet/solicitudot?262fcff728eb5113ff0a29194ff07f262fa586a9ea755faa66764d0447eed5e9a642c221ad4007556ceb000deffeb3d7,gx-no-cache=1742564092784 HTTP/1.1" 200 30
104.244.78.110 - tomcat [21/Mar/2025:10:33:17 -0300] "GET /manager/html HTTP/1.1" 403 3196
104.244.78.110 - tomcat [21/Mar/2025:10:35:20 -0300] "GET /manager/html HTTP/1.1" 403 3196
91.208.206.203 - - [21/Mar/2025:10:36:10 -0300] "GET /manager/html HTTP/1.1" 401 2474
201.186.226.3 - - [21/Mar/2025:10:36:30 -0300] "GET /cormun/servlet/solicitudot?262fcff728eb5113ff0a29194ff07f269fa10398eceb7958aa8f1edf67c8d69e458337215ce0b5f3f4d1cfdddb512b89562bac709beb8d002979c6982da20373,gx-no-cache=1742564299948 HTTP/1.1" 200 30
201.186.226.3 - - [21/Mar/2025:10:36:30 -0300] "GET /cormun/servlet/solicitudot?262fcff728eb5113ff0a29194ff07f2601a4211d2c826d6a89d99eea2057b3f9,gx-no-cache=1742564300015 HTTP/1.1" 200 29
201.186.226.3 - - [21/Mar/2025:10:36:31 -0300] "POST /cormun/servlet/solicitudot?gx-no-cache=1742564301083 HTTP/1.1" 200 255
201.186.226.3 - - [21/Mar/2025:10:36:33 -0300] "GET /cormun/servlet/solicitudot?262fcff728eb5113ff0a29194ff07f26d8097c1f704cc8e2008ff011fd2c7457edfaed79a73601493e15e727c669f08d40bb1031ca314b7cb3d31134490fec47b26e6746827ef5f6ba55529a4b42b222fc1dcfadfae76d0c32599b69c1cc9f9f79db3acb7715c48ebef7e4ee4c7ea6fc243be82d113a3bc1d859f83f4e28e077615bf8fc14c8ddde8a803bfd98ddccea2f7c937527dd99be0973db531b5ded012829c742c826f4586d6077542118f227ba5521e5d0239a2653971fdf64cad659fda003bb5f9307f6bcbcf5437a8f079b002458af116155bb16a036d37fac54881678554621d61f42884dab272d4f8b70f9ea0e274f0bc9fd6fd8050a217001e436ffbde0cba6b14398993e78dfd7ece9e15172b7311d3c1cf40ca13e4150791550bdb9cfcc27a6a9c95319f82f3bb99ead9508c42ba7f08df82797e8d59859c0a079420844155e201b08584190775be43af53ee5cc0647c350d3a9f4173b00369913581d28a13d8cf4262590e7a698436a6fe82649deb1df631fd7dc7cbe2435,gx-no-cache=1742564302891 HTTP/1.1" 200 30
201.186.226.3 - - [21/Mar/2025:10:36:35 -0300] "POST /cormun/servlet/solicitudot?gx-no-cache=1742564305066 HTTP/1.1" 200 30
201.186.226.3 - - [21/Mar/2025:10:36:37 -0300] "POST /cormun/servlet/solicitudot?gx-no-cache=1742564306389 HTTP/1.1" 200 1481
201.186.226.3 - - [21/Mar/2025:10:36:37 -0300] "POST /cormun/servlet/solicitudot?gx-no-cache=1742564306469 HTTP/1.1" 200 38
190.95.1.129 - - [21/Mar/2025:10:36:51 -0300] "GET /cormun/servlet/hlogin HTTP/1.1" 200 1718
201.186.226.3 - - [21/Mar/2025:10:37:01 -0300] "GET /cormun/servlet/solicitudot?262fcff728eb5113ff0a29194ff07f26bdb37057582868fcfa019e2a0e4327c22c4d2c7f8c7b2d032a9aa812fbdcb17b2814b343a4c5d84bb5e0f42a019c5700ec02dc48bcc820a8f9644aaedf103616bfdf3777f1ba892a78108d12dec4c9ad25d32920ec71a898516c41554afb36bb,gx-no-cache=1742564330418 HTTP/1.1" 200 110
201.186.226.3 - - [21/Mar/2025:10:37:01 -0300] "POST /cormun/servlet/solicitudot?gx-no-cache=1742564330458 HTTP/1.1" 200 97
190.95.1.129 - - [21/Mar/2025:10:37:02 -0300] "POST /cormun/servlet/hlogin?3821cbea83c4d85fcab9ee28f3583658,gx-no-cache=1742564332179 HTTP/1.1" 200 430
190.95.1.129 - - [21/Mar/2025:10:37:14 -0300] "POST /cormun/servlet/hlogin?3821cbea83c4d85fcab9ee28f3583658,gx-no-cache=1742564343986 HTTP/1.1" 200 90
190.95.1.129 - - [21/Mar/2025:10:37:14 -0300] "GET /cormun/servlet/hpexe_link HTTP/1.1" 200 949
190.95.1.129 - - [21/Mar/2025:10:37:14 -0300] "GET /cormun/servlet/hhome HTTP/1.1" 200 4293
201.186.226.3 - - [21/Mar/2025:10:37:16 -0300] "GET /cormun/servlet/solicitudot?262fcff728eb5113ff0a29194ff07f269b4e9b7d60780ffec26b1a7c2d68dc5199711f0c92f345733a96ac7f9d9a1fba4a7f3ce74c07a099fb4300da65be4c8ec1271243b43a60751417c5f3407d471bd79c1fbd79d0c872058a88b73a329fa3c66439766097a38813802c7a10b53b66,gx-no-cache=1742564346212 HTTP/1.1" 200 29
201.186.226.3 - - [21/Mar/2025:10:37:19 -0300] "GET /cormun/servlet/solicitudot?262fcff728eb5113ff0a29194ff07f2648605681316cfdba3c3256816b7050eb3353df0c607e9ba8a044397a779444fe,gx-no-cache=1742564349016 HTTP/1.1" 200 30
104.244.78.110 - tomcat [21/Mar/2025:10:37:23 -0300] "GET /manager/html HTTP/1.1" 403 3196
201.186.226.3 - - [21/Mar/2025:10:37:31 -0300] "POST /cormun/servlet/solicitudot?gx-no-cache=1742564360353 HTTP/1.1" 200 30
201.186.226.3 - - [21/Mar/2025:10:37:31 -0300] "POST /cormun/servlet/solicitudot?5234b4bc0eac6e3cf1685f5e6de5ec5b,INS,0,0,false,,gx-no-cache=1742564360393 HTTP/1.1" 200 93
201.186.226.3 - - [21/Mar/2025:10:37:31 -0300] "GET /cormun/servlet/hpexe_return? HTTP/1.1" 200 1026
201.186.226.3 - - [21/Mar/2025:10:37:31 -0300] "GET /cormun/servlet/vesolicitudot?2025,22221,,General HTTP/1.1" 200 8273
201.186.226.3 - - [21/Mar/2025:10:37:31 -0300] "GET /cormun/pexe_scrolldiv.js HTTP/1.1" 404 1009
201.186.226.3 - - [21/Mar/2025:10:37:39 -0300] "GET /cormun/servlet/trsolicitudot? HTTP/1.1" 200 9356
201.186.226.3 - - [21/Mar/2025:10:37:44 -0300] "POST /cormun/servlet/trsolicitudot?5234b4bc0eac6e3cf1685f5e6de5ec5b,,gx-no-cache=1742564373417 HTTP/1.1" 200 105
201.186.226.3 - - [21/Mar/2025:10:37:44 -0300] "GET /cormun/servlet/trsolicitudadjuntos?2025,22222, HTTP/1.1" 200 6024
201.186.226.3 - - [21/Mar/2025:10:37:56 -0300] "GET /cormun/servlet/solicitudotadjuntos?INS,2025,22222,,1, HTTP/1.1" 200 5965
201.186.226.3 - - [21/Mar/2025:10:37:56 -0300] "GET /cormun/static/about:blank HTTP/1.1" 404 1011
201.186.226.3 - - [21/Mar/2025:10:37:57 -0300] "GET /cormun/servlet/solicitudotadjuntos?262fcff728eb5113ff0a29194ff07f260983540858dd60c27b2287c37dffc900effe89ccd599ffb0201b0073a67f92e6,gx-no-cache=1742564386579 HTTP/1.1" 200 30
201.186.226.3 - - [21/Mar/2025:10:37:57 -0300] "POST /cormun/servlet/solicitudotadjuntos?5234b4bc0eac6e3cf1685f5e6de5ec5b,INS,2025,22222,,1,,gx-no-cache=1742564386623 HTTP/1.1" 200 3902
201.186.226.3 - - [21/Mar/2025:10:38:32 -0300] "POST /cormun/servlet/solicitudotadjuntos?gx-no-cache=1742564421933 HTTP/1.1" 200 26
201.186.226.3 - - [21/Mar/2025:10:38:59 -0300] "GET /cormun/servlet/solicitudotadjuntos?262fcff728eb5113ff0a29194ff07f267655abe3e1a48c3a7890d63417746a33,gx-no-cache=1742564449066 HTTP/1.1" 200 30
201.186.226.3 - - [21/Mar/2025:10:38:59 -0300] "GET /cormun/servlet/solicitudotadjuntos?262fcff728eb5113ff0a29194ff07f267655abe3e1a48c3a7890d63417746a33,gx-no-cache=1742564449100 HTTP/1.1" 200 30
201.186.226.3 - - [21/Mar/2025:10:38:59 -0300] "POST /cormun/servlet/solicitudotadjuntos?5234b4bc0eac6e3cf1685f5e6de5ec5b,INS,2025,22222,,1, HTTP/1.1" 200 116
201.186.226.3 - - [21/Mar/2025:10:38:59 -0300] "GET /cormun/servlet/hpexe_return? HTTP/1.1" 200 1028
201.186.226.3 - - [21/Mar/2025:10:39:00 -0300] "GET /cormun/servlet/trsolicitudadjuntos?2025,22222, HTTP/1.1" 200 9047
201.186.226.3 - - [21/Mar/2025:10:39:02 -0300] "GET /cormun/servlet/solicitudotadjuntos?INS,2025,22222,,1, HTTP/1.1" 200 5964
201.186.226.3 - - [21/Mar/2025:10:39:02 -0300] "GET /cormun/static/about:blank HTTP/1.1" 404 1011
201.186.226.3 - - [21/Mar/2025:10:39:03 -0300] "GET /cormun/servlet/solicitudotadjuntos?262fcff728eb5113ff0a29194ff07f260983540858dd60c27b2287c37dffc900effe89ccd599ffb0201b0073a67f92e6,gx-no-cache=1742564452303 HTTP/1.1" 200 30
201.186.226.3 - - [21/Mar/2025:10:39:03 -0300] "POST /cormun/servlet/solicitudotadjuntos?5234b4bc0eac6e3cf1685f5e6de5ec5b,INS,2025,22222,,1,,gx-no-cache=1742564452338 HTTP/1.1" 200 3901
201.186.226.3 - - [21/Mar/2025:10:39:04 -0300] "POST /cormun/servlet/solicitudotadjuntos?gx-no-cache=1742564454027 HTTP/1.1" 200 26
104.244.78.110 - tomcat [21/Mar/2025:10:39:25 -0300] "GET /manager/html HTTP/1.1" 403 3196
192.168.10.93 - - [21/Mar/2025:10:39:47 -0300] "GET /cormun/servlet/trsolicitudgral? HTTP/1.1" 500 10
192.168.10.93 - - [21/Mar/2025:10:39:58 -0300] "GET /cormun/servlet/hlogin HTTP/1.1" 200 1719
201.186.226.3 - - [21/Mar/2025:10:40:03 -0300] "GET /cormun/servlet/solicitudotadjuntos?262fcff728eb5113ff0a29194ff07f267655abe3e1a48c3a7890d63417746a33,gx-no-cache=1742564512387 HTTP/1.1" 200 30
201.186.226.3 - - [21/Mar/2025:10:40:03 -0300] "GET /cormun/servlet/solicitudotadjuntos?262fcff728eb5113ff0a29194ff07f267655abe3e1a48c3a7890d63417746a33,gx-no-cache=1742564512420 HTTP/1.1" 200 30
201.186.226.3 - - [21/Mar/2025:10:40:03 -0300] "POST /cormun/servlet/solicitudotadjuntos?5234b4bc0eac6e3cf1685f5e6de5ec5b,INS,2025,22222,,1, HTTP/1.1" 200 116
201.186.226.3 - - [21/Mar/2025:10:40:03 -0300] "GET /cormun/servlet/hpexe_return? HTTP/1.1" 200 1028
201.186.226.3 - - [21/Mar/2025:10:40:03 -0300] "GET /cormun/servlet/trsolicitudadjuntos?2025,22222, HTTP/1.1" 200 9313
192.168.10.93 - - [21/Mar/2025:10:40:03 -0300] "POST /cormun/servlet/hlogin?7b3e6b8920cbdda8681934bc14719866,gx-no-cache=1742564512892 HTTP/1.1" 200 90
192.168.10.93 - - [21/Mar/2025:10:40:03 -0300] "GET /cormun/servlet/hpexe_link HTTP/1.1" 200 949
192.168.10.93 - - [21/Mar/2025:10:40:03 -0300] "GET /cormun/servlet/hhome HTTP/1.1" 200 3818
201.186.226.3 - - [21/Mar/2025:10:40:06 -0300] "GET /cormun/servlet/solicitudotadjuntos?INS,2025,22222,,1, HTTP/1.1" 200 5964
201.186.226.3 - - [21/Mar/2025:10:40:06 -0300] "GET /cormun/static/about:blank HTTP/1.1" 404 1011
192.168.10.93 - - [21/Mar/2025:10:40:06 -0300] "GET /cormun/servlet/trsolicitudgral? HTTP/1.1" 200 28689
201.186.226.3 - - [21/Mar/2025:10:40:06 -0300] "GET /cormun/servlet/solicitudotadjuntos?262fcff728eb5113ff0a29194ff07f260983540858dd60c27b2287c37dffc900effe89ccd599ffb0201b0073a67f92e6,gx-no-cache=1742564516229 HTTP/1.1" 200 30
201.186.226.3 - - [21/Mar/2025:10:40:06 -0300] "POST /cormun/servlet/solicitudotadjuntos?5234b4bc0eac6e3cf1685f5e6de5ec5b,INS,2025,22222,,1,,gx-no-cache=1742564516251 HTTP/1.1" 200 3901
91.208.206.203 - - [21/Mar/2025:10:40:07 -0300] "GET /manager/html HTTP/1.1" 401 2474
201.186.226.3 - - [21/Mar/2025:10:40:09 -0300] "POST /cormun/servlet/solicitudotadjuntos?gx-no-cache=1742564518440 HTTP/1.1" 200 26
201.186.226.3 - - [21/Mar/2025:10:40:19 -0300] "GET /cormun/servlet/solicitudotadjuntos?262fcff728eb5113ff0a29194ff07f267655abe3e1a48c3a7890d63417746a33,gx-no-cache=1742564528390 HTTP/1.1" 200 30
201.186.226.3 - - [21/Mar/2025:10:40:19 -0300] "GET /cormun/servlet/solicitudotadjuntos?262fcff728eb5113ff0a29194ff07f267655abe3e1a48c3a7890d63417746a33,gx-no-cache=1742564528412 HTTP/1.1" 200 30
201.186.226.3 - - [21/Mar/2025:10:40:19 -0300] "POST /cormun/servlet/solicitudotadjuntos?5234b4bc0eac6e3cf1685f5e6de5ec5b,INS,2025,22222,,1, HTTP/1.1" 200 116
201.186.226.3 - - [21/Mar/2025:10:40:20 -0300] "GET /cormun/servlet/hpexe_return? HTTP/1.1" 200 1028
201.186.226.3 - - [21/Mar/2025:10:40:20 -0300] "GET /cormun/servlet/trsolicitudadjuntos?2025,22222, HTTP/1.1" 200 9567
201.186.226.3 - - [21/Mar/2025:10:40:23 -0300] "GET /cormun/servlet/solicitudotadjuntos?INS,2025,22222,,1, HTTP/1.1" 200 5964
201.186.226.3 - - [21/Mar/2025:10:40:23 -0300] "GET /cormun/static/about:blank HTTP/1.1" 404 1011
201.186.226.3 - - [21/Mar/2025:10:40:23 -0300] "GET /cormun/servlet/solicitudotadjuntos?262fcff728eb5113ff0a29194ff07f260983540858dd60c27b2287c37dffc900effe89ccd599ffb0201b0073a67f92e6,gx-no-cache=1742564533240 HTTP/1.1" 200 30
201.186.226.3 - - [21/Mar/2025:10:40:24 -0300] "POST /cormun/servlet/solicitudotadjuntos?5234b4bc0eac6e3cf1685f5e6de5ec5b,INS,2025,22222,,1,,gx-no-cache=1742564533268 HTTP/1.1" 200 3901
201.186.226.3 - - [21/Mar/2025:10:40:25 -0300] "POST /cormun/servlet/solicitudotadjuntos?gx-no-cache=1742564535258 HTTP/1.1" 200 26
192.168.10.93 - - [21/Mar/2025:10:40:33 -0300] "POST /cormun/servlet/trsolicitudgral?7b3e6b8920cbdda8681934bc14719866,,gx-no-cache=1742564538988 HTTP/1.1" 200 5247
201.186.226.3 - - [21/Mar/2025:10:40:36 -0300] "GET /cormun/servlet/solicitudotadjuntos?262fcff728eb5113ff0a29194ff07f267655abe3e1a48c3a7890d63417746a33,gx-no-cache=1742564545363 HTTP/1.1" 200 30
201.186.226.3 - - [21/Mar/2025:10:40:36 -0300] "GET /cormun/servlet/solicitudotadjuntos?262fcff728eb5113ff0a29194ff07f267655abe3e1a48c3a7890d63417746a33,gx-no-cache=1742564545379 HTTP/1.1" 200 30
201.186.226.3 - - [21/Mar/2025:10:40:36 -0300] "POST /cormun/servlet/solicitudotadjuntos?5234b4bc0eac6e3cf1685f5e6de5ec5b,INS,2025,22222,,1, HTTP/1.1" 200 116
201.186.226.3 - - [21/Mar/2025:10:40:36 -0300] "GET /cormun/servlet/hpexe_return? HTTP/1.1" 200 1028
201.186.226.3 - - [21/Mar/2025:10:40:36 -0300] "GET /cormun/servlet/trsolicitudadjuntos?2025,22222, HTTP/1.1" 200 9873
201.186.226.3 - - [21/Mar/2025:10:40:39 -0300] "GET /cormun/servlet/solicitudotadjuntos?INS,2025,22222,,1, HTTP/1.1" 200 5964
201.186.226.3 - - [21/Mar/2025:10:40:39 -0300] "GET /cormun/static/about:blank HTTP/1.1" 404 1011
201.186.226.3 - - [21/Mar/2025:10:40:40 -0300] "GET /cormun/servlet/solicitudotadjuntos?262fcff728eb5113ff0a29194ff07f260983540858dd60c27b2287c37dffc900effe89ccd599ffb0201b0073a67f92e6,gx-no-cache=1742564549353 HTTP/1.1" 200 30
201.186.226.3 - - [21/Mar/2025:10:40:40 -0300] "POST /cormun/servlet/solicitudotadjuntos?5234b4bc0eac6e3cf1685f5e6de5ec5b,INS,2025,22222,,1,,gx-no-cache=1742564549376 HTTP/1.1" 200 3901
192.168.10.93 - - [21/Mar/2025:10:40:40 -0300] "POST /cormun/servlet/trsolicitudgral?7b3e6b8920cbdda8681934bc14719866,,gx-no-cache=1742564549368 HTTP/1.1" 200 5248
201.186.226.3 - - [21/Mar/2025:10:40:43 -0300] "POST /cormun/servlet/solicitudotadjuntos?gx-no-cache=1742564552397 HTTP/1.1" 200 26
201.186.226.3 - - [21/Mar/2025:10:40:53 -0300] "GET /cormun/servlet/solicitudotadjuntos?262fcff728eb5113ff0a29194ff07f267655abe3e1a48c3a7890d63417746a33,gx-no-cache=1742564562927 HTTP/1.1" 200 30
201.186.226.3 - - [21/Mar/2025:10:40:53 -0300] "GET /cormun/servlet/solicitudotadjuntos?262fcff728eb5113ff0a29194ff07f267655abe3e1a48c3a7890d63417746a33,gx-no-cache=1742564562957 HTTP/1.1" 200 30
201.186.226.3 - - [21/Mar/2025:10:40:56 -0300] "POST /cormun/servlet/solicitudotadjuntos?5234b4bc0eac6e3cf1685f5e6de5ec5b,INS,2025,22222,,1, HTTP/1.1" 200 116
201.186.226.3 - - [21/Mar/2025:10:40:56 -0300] "GET /cormun/servlet/hpexe_return? HTTP/1.1" 200 1028
201.186.226.3 - - [21/Mar/2025:10:40:56 -0300] "GET /cormun/servlet/trsolicitudadjuntos?2025,22222, HTTP/1.1" 200 10288
201.186.226.3 - - [21/Mar/2025:10:40:59 -0300] "GET /cormun/servlet/solicitudotadjuntos?INS,2025,22222,,1, HTTP/1.1" 200 5965
201.186.226.3 - - [21/Mar/2025:10:40:59 -0300] "GET /cormun/static/about:blank HTTP/1.1" 404 1011
201.186.226.3 - - [21/Mar/2025:10:41:00 -0300] "GET /cormun/servlet/solicitudotadjuntos?262fcff728eb5113ff0a29194ff07f260983540858dd60c27b2287c37dffc900effe89ccd599ffb0201b0073a67f92e6,gx-no-cache=1742564569526 HTTP/1.1" 200 30
201.186.226.3 - - [21/Mar/2025:10:41:00 -0300] "POST /cormun/servlet/solicitudotadjuntos?5234b4bc0eac6e3cf1685f5e6de5ec5b,INS,2025,22222,,1,,gx-no-cache=1742564569546 HTTP/1.1" 200 3902
201.186.226.3 - - [21/Mar/2025:10:41:02 -0300] "POST /cormun/servlet/solicitudotadjuntos?gx-no-cache=1742564572285 HTTP/1.1" 200 26
201.186.226.3 - - [21/Mar/2025:10:41:19 -0300] "GET /cormun/servlet/solicitudotadjuntos?262fcff728eb5113ff0a29194ff07f267655abe3e1a48c3a7890d63417746a33,gx-no-cache=1742564588977 HTTP/1.1" 200 30
201.186.226.3 - - [21/Mar/2025:10:41:19 -0300] "GET /cormun/servlet/solicitudotadjuntos?262fcff728eb5113ff0a29194ff07f267655abe3e1a48c3a7890d63417746a33,gx-no-cache=1742564588995 HTTP/1.1" 200 30
201.186.226.3 - - [21/Mar/2025:10:41:22 -0300] "POST /cormun/servlet/solicitudotadjuntos?5234b4bc0eac6e3cf1685f5e6de5ec5b,INS,2025,22222,,1, HTTP/1.1" 200 116
201.186.226.3 - - [21/Mar/2025:10:41:22 -0300] "GET /cormun/servlet/hpexe_return? HTTP/1.1" 200 1028
201.186.226.3 - - [21/Mar/2025:10:41:22 -0300] "GET /cormun/servlet/trsolicitudadjuntos?2025,22222, HTTP/1.1" 200 10453
201.186.226.3 - - [21/Mar/2025:10:41:25 -0300] "GET /cormun/servlet/solicitudotadjuntos?INS,2025,22222,,1, HTTP/1.1" 200 5965
201.186.226.3 - - [21/Mar/2025:10:41:25 -0300] "GET /cormun/static/about:blank HTTP/1.1" 404 1011
201.186.226.3 - - [21/Mar/2025:10:41:26 -0300] "GET /cormun/servlet/solicitudotadjuntos?262fcff728eb5113ff0a29194ff07f260983540858dd60c27b2287c37dffc900effe89ccd599ffb0201b0073a67f92e6,gx-no-cache=1742564595530 HTTP/1.1" 200 30
201.186.226.3 - - [21/Mar/2025:10:41:26 -0300] "POST /cormun/servlet/solicitudotadjuntos?5234b4bc0eac6e3cf1685f5e6de5ec5b,INS,2025,22222,,1,,gx-no-cache=1742564595549 HTTP/1.1" 200 3902
104.244.78.110 - tomcat [21/Mar/2025:10:41:28 -0300] "GET /manager/html HTTP/1.1" 403 3196
201.186.226.3 - - [21/Mar/2025:10:41:35 -0300] "POST /cormun/servlet/solicitudotadjuntos?5234b4bc0eac6e3cf1685f5e6de5ec5b,INS,2025,22222,,1,,gx-no-cache=1742564604760 HTTP/1.1" 200 93
201.186.226.3 - - [21/Mar/2025:10:41:35 -0300] "GET /cormun/servlet/hpexe_return? HTTP/1.1" 200 1028
201.186.226.3 - - [21/Mar/2025:10:41:35 -0300] "GET /cormun/servlet/trsolicitudadjuntos?2025,22222, HTTP/1.1" 200 10454
201.186.226.3 - - [21/Mar/2025:10:41:39 -0300] "GET /cormun/servlet/solicitudotadjuntos?INS,2025,22222,,2, HTTP/1.1" 200 5962
201.186.226.3 - - [21/Mar/2025:10:41:39 -0300] "GET /cormun/static/about:blank HTTP/1.1" 404 1011
201.186.226.3 - - [21/Mar/2025:10:41:40 -0300] "GET /cormun/servlet/solicitudotadjuntos?262fcff728eb5113ff0a29194ff07f260983540858dd60c27b2287c37dffc900effe89ccd599ffb0201b0073a67f92e6,gx-no-cache=1742564609414 HTTP/1.1" 200 30
201.186.226.3 - - [21/Mar/2025:10:41:40 -0300] "POST /cormun/servlet/solicitudotadjuntos?5234b4bc0eac6e3cf1685f5e6de5ec5b,INS,2025,22222,,2,,gx-no-cache=1742564609440 HTTP/1.1" 200 4040
201.186.226.3 - - [21/Mar/2025:10:42:03 -0300] "POST /cormun/servlet/solicitudotadjuntos?gx-no-cache=1742564632836 HTTP/1.1" 200 26
201.186.226.3 - - [21/Mar/2025:10:42:07 -0300] "GET /cormun/servlet/solicitudotadjuntos?262fcff728eb5113ff0a29194ff07f267655abe3e1a48c3a7890d63417746a33,gx-no-cache=1742564636971 HTTP/1.1" 200 30
201.186.226.3 - - [21/Mar/2025:10:42:07 -0300] "GET /cormun/servlet/solicitudotadjuntos?262fcff728eb5113ff0a29194ff07f267655abe3e1a48c3a7890d63417746a33,gx-no-cache=1742564636985 HTTP/1.1" 200 30
201.186.226.3 - - [21/Mar/2025:10:42:21 -0300] "POST /cormun/servlet/solicitudotadjuntos?5234b4bc0eac6e3cf1685f5e6de5ec5b,INS,2025,22222,,2, HTTP/1.1" 200 116
201.186.226.3 - - [21/Mar/2025:10:42:21 -0300] "GET /cormun/servlet/hpexe_return? HTTP/1.1" 200 1028
201.186.226.3 - - [21/Mar/2025:10:42:21 -0300] "GET /cormun/servlet/trsolicitudadjuntos?2025,22222, HTTP/1.1" 200 10665
201.186.226.3 - - [21/Mar/2025:10:42:46 -0300] "GET /cormun/servlet/trsolicitudot? HTTP/1.1" 200 9357
201.186.226.3 - - [21/Mar/2025:10:42:50 -0300] "GET /cormun/servlet/solicitudot?INS,0,0,false, HTTP/1.1" 200 15904
201.186.226.3 - - [21/Mar/2025:10:43:27 -0300] "POST /cormun/servlet/solicitudot?gx-no-cache=1742564716244 HTTP/1.1" 200 4046
201.186.226.3 - - [21/Mar/2025:10:43:27 -0300] "POST /cormun/servlet/solicitudot?5234b4bc0eac6e3cf1685f5e6de5ec5b,INS,0,0,false,,gx-no-cache=1742564716380 HTTP/1.1" 200 12618
201.186.226.3 - - [21/Mar/2025:10:43:28 -0300] "GET /cormun/servlet/solicitudot?262fcff728eb5113ff0a29194ff07f266e01012297e664ec1779ffca0aa57beea642c221ad4007556ceb000deffeb3d7,gx-no-cache=1742564718111 HTTP/1.1" 200 30
104.244.78.110 - tomcat [21/Mar/2025:10:43:31 -0300] "GET /manager/html HTTP/1.1" 403 3196
201.186.226.3 - - [21/Mar/2025:10:43:32 -0300] "GET /cormun/servlet/prfichaempleado?,MD,,gxPopupLevel%3D0%3B HTTP/1.1" 200 9196
201.186.226.3 - - [21/Mar/2025:10:43:38 -0300] "POST /cormun/servlet/prfichaempleado?5234b4bc0eac6e3cf1685f5e6de5ec5b,,MD,,gxPopupLevel%3D0%3B,gx-no-cache=1742564728107 HTTP/1.1" 200 3831
190.95.15.9 - - [21/Mar/2025:10:44:03 -0300] "GET /cormun/servlet/trsolicitudot? HTTP/1.1" 200 6347
190.95.15.9 - - [21/Mar/2025:10:44:03 -0300] "GET /cormun/servlet/hlogin HTTP/1.1" 200 1742
190.95.15.9 - - [21/Mar/2025:10:44:07 -0300] "POST /cormun/servlet/hlogin?9358fc6a0c2d117e3e7f08c4383970bd,gx-no-cache=1742564757044 HTTP/1.1" 200 90
190.95.15.9 - - [21/Mar/2025:10:44:07 -0300] "GET /cormun/servlet/hpexe_link HTTP/1.1" 200 961
190.95.15.9 - - [21/Mar/2025:10:44:07 -0300] "GET /cormun/servlet/trsolicitudot HTTP/1.1" 200 8739
91.208.206.203 - - [21/Mar/2025:10:44:10 -0300] "GET /manager/html HTTP/1.1" 401 2474
190.95.15.15 - - [21/Mar/2025:10:44:36 -0300] "GET /cormun/servlet/trlicencias HTTP/1.1" 200 6053
190.95.15.15 - - [21/Mar/2025:10:44:36 -0300] "GET /cormun/servlet/hlogin HTTP/1.1" 200 1740
190.95.15.15 - - [21/Mar/2025:10:44:36 -0300] "GET /cormun/servlet/trlicencias HTTP/1.1" 200 6051
190.95.15.15 - - [21/Mar/2025:10:44:44 -0300] "POST /cormun/servlet/hlogin?cd9ee9dce298623b41214589c14dcde6,gx-no-cache=1742564793891 HTTP/1.1" 200 90
190.95.15.15 - - [21/Mar/2025:10:44:44 -0300] "GET /cormun/servlet/hpexe_link HTTP/1.1" 200 957
190.95.15.15 - - [21/Mar/2025:10:44:44 -0300] "GET /cormun/servlet/trlicencias HTTP/1.1" 200 11751
190.95.15.9 - - [21/Mar/2025:10:45:11 -0300] "POST /cormun/servlet/trsolicitudot?9358fc6a0c2d117e3e7f08c4383970bd,gx-no-cache=1742564821448 HTTP/1.1" 200 112
190.95.15.9 - - [21/Mar/2025:10:45:11 -0300] "GET /cormun/servlet/solicitudot?UPD,2025,22213,false, HTTP/1.1" 200 16851
190.95.15.9 - - [21/Mar/2025:10:45:12 -0300] "POST /cormun/servlet/solicitudot?gx-no-cache=1742564822588 HTTP/1.1" 200 4131
190.95.15.9 - - [21/Mar/2025:10:45:12 -0300] "POST /cormun/servlet/solicitudot?9358fc6a0c2d117e3e7f08c4383970bd,UPD,2025,22213,false,,gx-no-cache=1742564822722 HTTP/1.1" 200 13053
190.95.15.9 - - [21/Mar/2025:10:45:12 -0300] "GET /cormun/servlet/solicitudot?c840e8ece907766e515110423ba607f26d083fbad74c024eb6c36549ae9ee1b5a2497bfe807bfe9e5683c7d17a03f3f5,gx-no-cache=1742564822871 HTTP/1.1" 200 30
190.95.15.9 - - [21/Mar/2025:10:45:12 -0300] "GET /cormun/servlet/solicitudot?c840e8ece907766e515110423ba607f20a158804bf508be072435f2263620fbe6c52a2c2049f6e61923e8c623e19afda31a0c7d2796233b3522dd196cce46d13,gx-no-cache=1742564822898 HTTP/1.1" 200 30
190.95.15.9 - - [21/Mar/2025:10:45:13 -0300] "GET /cormun/servlet/solicitudot?c840e8ece907766e515110423ba607f26cde0f3315a1ad45f9e909363bf1f2fa352d01caff1b6ff1d71b9065c2bc4f23,gx-no-cache=1742564822918 HTTP/1.1" 200 45
190.95.15.9 - - [21/Mar/2025:10:45:13 -0300] "POST /cormun/servlet/solicitudot?gx-no-cache=1742564822943 HTTP/1.1" 200 297
190.95.15.9 - - [21/Mar/2025:10:45:13 -0300] "GET /cormun/servlet/solicitudot?c840e8ece907766e515110423ba607f22a178570ddb5b8ffcf53c6efc5aa98d47592f076e122023cdc34c0b1b42918e7252d3849e24eadf42ef7c6a19a1b146e2bba2963ded76a4546d34d088d5f1a224559cf441660f150c429a8d1478ce9dc142e1ec6d73fbddf11985a8bfbcd40f2ad13baf20dc489941928473bb6592fb40ff091badfce0d9142d0a858a95c89c9f62d55894832ac7e7d39562fce722a3d3128031f5e13dcd275709cd3ff81d52ffc9eae4d8dd41ec5d76971feabc13d4d4d13d62a47136990308f9b2e55af273afa4d71c6b6c96d67cb7029d0e749de539ee8bcb001ee2abb472b41f8ba3b4e3db5841c0cbfd9102443065d131559a1d997d974781612b5dba37c162ea0bd2e9fe9e0eb62f1964fcc5ec1f007f092abea997364eb3a9412320eed192548fdcb32be9bbefa23b7ce9381e5d2577666ba26ca13eedd9b698c7c4899755519b03e1fcf9e7a298254605475ace3c541b84febcccb76b2ad4cd8024f644ce2ebe9a70af25979dc2c3f0d163d1b6ddd973fa556689d4c9e2958ffa4db8beac6633fa536,gx-no-cache=1742564822972 HTTP/1.1" 200 30
190.95.15.9 - - [21/Mar/2025:10:45:13 -0300] "POST /cormun/servlet/solicitudot?gx-no-cache=1742564822995 HTTP/1.1" 200 30
190.95.15.9 - - [21/Mar/2025:10:45:13 -0300] "POST /cormun/servlet/solicitudot?gx-no-cache=1742564823023 HTTP/1.1" 200 1479
190.95.15.9 - - [21/Mar/2025:10:45:13 -0300] "POST /cormun/servlet/solicitudot?gx-no-cache=1742564823059 HTTP/1.1" 200 41
104.244.78.110 - tomcat [21/Mar/2025:10:45:38 -0300] "GET /manager/html HTTP/1.1" 403 3196
190.95.15.9 - - [21/Mar/2025:10:45:45 -0300] "GET /cormun/servlet/solicitudot?c840e8ece907766e515110423ba607f20262b0e1dbbb9b7c45a596935febe9a665b7c9a9085fcfc2a2235197cdfaca36dc0f5e83a8db1a2d720e18f85c54b0d50ed18dc6d02ec5139a6daa7283a9ccbca9fe28bcd3a9cf8c51c7267f3e22f2e0bc0ff1192f79183da35185f7b217d854,gx-no-cache=1742564855076 HTTP/1.1" 200 110
190.95.15.9 - - [21/Mar/2025:10:45:45 -0300] "POST /cormun/servlet/solicitudot?gx-no-cache=1742564855118 HTTP/1.1" 200 64
190.95.15.9 - - [21/Mar/2025:10:45:58 -0300] "POST /cormun/servlet/solicitudot?gx-no-cache=1742564868437 HTTP/1.1" 200 72
190.95.15.9 - - [21/Mar/2025:10:46:08 -0300] "POST /cormun/servlet/solicitudot?gx-no-cache=1742564878194 HTTP/1.1" 200 96
190.95.15.9 - - [21/Mar/2025:10:46:19 -0300] "GET /cormun/servlet/solicitudot?c840e8ece907766e515110423ba607f2fa86e8b07cb6fb0e8a2b7e5cfc68de3dfe7888d01a2645965cf00d1524a5d5e9eeef89ef15e6bd728858fc983cc89c3546cc46b5249a70a2d64e9786b8fc847a9ce96e1c083b69da14fb20bc1b917379c92d0b823b2343c0adb6ad22b7405e75,gx-no-cache=1742564889701 HTTP/1.1" 200 29
190.95.15.9 - - [21/Mar/2025:10:46:19 -0300] "GET /cormun/servlet/solicitudot?c840e8ece907766e515110423ba607f26d69d6c463304c6915bdaf50fb5abdc90d880965f9bdbe3b0b5480fa9f0d3391,gx-no-cache=1742564889723 HTTP/1.1" 200 30
190.95.15.9 - - [21/Mar/2025:10:46:19 -0300] "POST /cormun/servlet/solicitudot?gx-no-cache=1742564889748 HTTP/1.1" 200 30
190.95.15.9 - - [21/Mar/2025:10:46:52 -0300] "POST /cormun/servlet/solicitudot?9358fc6a0c2d117e3e7f08c4383970bd,UPD,2025,22213,false,,gx-no-cache=1742564911350 HTTP/1.1" 200 93
190.95.15.9 - - [21/Mar/2025:10:46:52 -0300] "GET /cormun/servlet/hpexe_return? HTTP/1.1" 200 1019
190.95.15.9 - - [21/Mar/2025:10:46:53 -0300] "GET /cormun/servlet/trsolicitudot HTTP/1.1" 200 8719
104.244.78.110 - tomcat [21/Mar/2025:10:47:47 -0300] "GET /manager/html HTTP/1.1" 403 3196
91.208.206.203 - - [21/Mar/2025:10:48:09 -0300] "GET /manager/html HTTP/1.1" 401 2474
104.244.78.110 - tomcat [21/Mar/2025:10:49:50 -0300] "GET /manager/html HTTP/1.1" 403 3196
201.186.226.3 - - [21/Mar/2025:10:50:27 -0300] "GET /cormun/servlet/solicitudot?262fcff728eb5113ff0a29194ff07f26211fba5a326a72418ef09a5ed10917ad422243dc708467c89d58448b5708042bad5053a46dbb31496bd4a84be4602056a642c221ad4007556ceb000deffeb3d7,gx-no-cache=1742565137034 HTTP/1.1" 200 30
201.186.226.3 - - [21/Mar/2025:10:50:27 -0300] "GET /cormun/servlet/solicitudot?262fcff728eb5113ff0a29194ff07f2601a4211d2c826d6a89d99eea2057b3f9,gx-no-cache=1742565137081 HTTP/1.1" 200 29
201.186.226.3 - - [21/Mar/2025:10:50:28 -0300] "POST /cormun/servlet/solicitudot?gx-no-cache=1742565137997 HTTP/1.1" 200 255
201.186.226.3 - - [21/Mar/2025:10:50:30 -0300] "GET /cormun/servlet/solicitudot?262fcff728eb5113ff0a29194ff07f26d8097c1f704cc8e2008ff011fd2c7457edfaed79a73601493e15e727c669f08d40bb1031ca314b7cb3d31134490fec47b26e6746827ef5f6ba55529a4b42b222fc1dcfadfae76d0c32599b69c1cc9f9f79db3acb7715c48ebef7e4ee4c7ea6fc243be82d113a3bc1d859f83f4e28e077615bf8fc14c8ddde8a803bfd98ddccea2f7c937527dd99be0973db531b5ded012829c742c826f4586d6077542118f227ba5521e5d0239a2653971fdf64cad659fda003bb5f9307f6bcbcf5437a8f079b002458af116155bb16a036d37fac54881678554621d61f42884dab272d4f8b70f9ea0e274f0bc9fd6fd8050a217001e436ffbde0cba6b14398993e78dfd7ece9e15172b7311d3c1cf40ca13e4150791550bdb9cfcc27a6a9c95319f82f3bb99ead9508c42ba7f08df82797e8d59859c0a079420844155e201b08584190775be43af53ee5cc0647c350d3a9f4173b00369913581d28a13d8cf4262590e7a698436a6fe82649deb1df631fd7dc7cbe2435,gx-no-cache=1742565139750 HTTP/1.1" 200 30
201.186.226.3 - - [21/Mar/2025:10:50:35 -0300] "POST /cormun/servlet/solicitudot?gx-no-cache=1742565144533 HTTP/1.1" 200 30
201.186.226.3 - - [21/Mar/2025:10:50:45 -0300] "POST /cormun/servlet/solicitudot?gx-no-cache=1742565154534 HTTP/1.1" 200 30
201.186.226.3 - - [21/Mar/2025:10:51:22 -0300] "POST /cormun/servlet/solicitudot?gx-no-cache=1742565191319 HTTP/1.1" 200 30
201.186.226.3 - - [21/Mar/2025:10:51:27 -0300] "POST /cormun/servlet/solicitudot?gx-no-cache=1742565196818 HTTP/1.1" 200 30
201.186.226.3 - - [21/Mar/2025:10:51:34 -0300] "POST /cormun/servlet/solicitudot?gx-no-cache=1742565203386 HTTP/1.1" 200 1481
201.186.226.3 - - [21/Mar/2025:10:51:34 -0300] "POST /cormun/servlet/solicitudot?gx-no-cache=1742565203446 HTTP/1.1" 200 38
