129.222.173.48 - - [21/Mar/2025:11:24:50 -0300] "GET /cormun/static/Resources/PXToolsGridLastDisabled.gif HTTP/1.1" 304 -
129.222.173.48 - - [21/Mar/2025:11:24:50 -0300] "GET /cormun/static/Resources/PXToolsGridPage.gif HTTP/1.1" 304 -
129.222.173.48 - - [21/Mar/2025:11:24:50 -0300] "GET /cormun/static/Resources/desc.gif HTTP/1.1" 304 -
129.222.173.48 - - [21/Mar/2025:11:24:50 -0300] "GET /cormun/static/Resources/asc.gif HTTP/1.1" 304 -
104.244.78.110 - tomcat [21/Mar/2025:11:25:03 -0300] "GET /manager/html HTTP/1.1" 403 3196
129.222.173.48 - - [21/Mar/2025:11:26:44 -0300] "GET /cormun/servlet/solicitudot?INS,0,0,false, HTTP/1.1" 200 15939
190.95.15.15 - - [21/Mar/2025:11:26:58 -0300] "GET /cormun/servlet/trlicencias HTTP/1.1" 200 6053
190.95.15.15 - - [21/Mar/2025:11:26:59 -0300] "GET /cormun/servlet/hlogin HTTP/1.1" 200 1737
190.95.15.15 - - [21/Mar/2025:11:27:06 -0300] "POST /cormun/servlet/hlogin?163c9d444258d55a3fbaec5962e58d7b,gx-no-cache=1742567335970 HTTP/1.1" 200 90
190.95.15.15 - - [21/Mar/2025:11:27:06 -0300] "GET /cormun/servlet/hpexe_link HTTP/1.1" 200 957
190.95.15.15 - - [21/Mar/2025:11:27:06 -0300] "GET /cormun/servlet/trlicencias HTTP/1.1" 200 11750
104.244.78.110 - tomcat [21/Mar/2025:11:27:13 -0300] "GET /manager/html HTTP/1.1" 403 3196
91.208.206.203 - - [21/Mar/2025:11:27:26 -0300] "GET /manager/html HTTP/1.1" 401 2474
129.222.173.48 - - [21/Mar/2025:11:28:15 -0300] "POST /cormun/servlet/solicitudot?gx-no-cache=1742567403997 HTTP/1.1" 200 4114
129.222.173.48 - - [21/Mar/2025:11:28:15 -0300] "GET /cormun/static/Shared/jqueryui/images/ui-bg_flat_55_994d53_40x100.png HTTP/1.1" 404 1097
129.222.173.48 - - [21/Mar/2025:11:28:15 -0300] "GET /cormun/static/Shared/jqueryui/images/ui-bg_highlight-soft_100_c6c2c8_1x100.png HTTP/1.1" 404 1117
129.222.173.48 - - [21/Mar/2025:11:28:15 -0300] "GET /cormun/static/Shared/jqueryui/images/ui-icons_ebccce_256x240.png HTTP/1.1" 404 1089
129.222.173.48 - - [21/Mar/2025:11:28:15 -0300] "GET /cormun/static/Shared/jqueryui/images/ui-icons_82798d_256x240.png HTTP/1.1" 404 1089
201.186.226.3 - - [21/Mar/2025:11:28:29 -0300] "POST /cormun/servlet/solicitudot?gx-no-cache=1742567418401 HTTP/1.1" 200 4046
201.186.226.3 - - [21/Mar/2025:11:28:29 -0300] "POST /cormun/servlet/solicitudot?5234b4bc0eac6e3cf1685f5e6de5ec5b,INS,0,0,false,,gx-no-cache=1742567418573 HTTP/1.1" 200 12618
201.186.226.3 - - [21/Mar/2025:11:28:30 -0300] "GET /cormun/servlet/solicitudot?262fcff728eb5113ff0a29194ff07f2679f22ded471d54566a3531dbad413e88d6766f3c0c92fc9243f463fcfa6ee312,gx-no-cache=1742567419562 HTTP/1.1" 200 111
201.186.226.3 - - [21/Mar/2025:11:28:30 -0300] "GET /cormun/static/Shared/jqueryui/images/ui-bg_highlight-soft_100_c6c2c8_1x100.png HTTP/1.1" 404 1117
201.186.226.3 - - [21/Mar/2025:11:28:30 -0300] "GET /cormun/static/Shared/jqueryui/images/ui-icons_82798d_256x240.png HTTP/1.1" 404 1089
201.186.226.3 - - [21/Mar/2025:11:28:30 -0300] "GET /cormun/static/Shared/jqueryui/images/ui-bg_flat_55_994d53_40x100.png HTTP/1.1" 404 1097
201.186.226.3 - - [21/Mar/2025:11:28:30 -0300] "GET /cormun/static/Shared/jqueryui/images/ui-icons_ebccce_256x240.png HTTP/1.1" 404 1089
129.222.173.48 - - [21/Mar/2025:11:28:30 -0300] "POST /cormun/servlet/solicitudot?gx-no-cache=1742567419769 HTTP/1.1" 200 4114
129.222.173.48 - - [21/Mar/2025:11:28:30 -0300] "GET /cormun/servlet/solicitudot?8f3ce19ff2b3bff738a44562ca6214dd115c4d43bdba3568e9d0a4540aca5848a953ce609eec27512e30ff6ccc236007,gx-no-cache=1742567419901 HTTP/1.1" 200 111
129.222.173.48 - - [21/Mar/2025:11:28:36 -0300] "GET /cormun/servlet/solicitudot?8f3ce19ff2b3bff738a44562ca6214ddd98244ed99dfff2b14d21d3092559d4bf122bd85e1f0b23ba197bfac2c1db5be,gx-no-cache=1742567426261 HTTP/1.1" 200 30
201.186.226.3 - - [21/Mar/2025:11:28:40 -0300] "GET /cormun/servlet/solicitudot?262fcff728eb5113ff0a29194ff07f26ec841bc502cb28dc6a0703a32d96cdeda642c221ad4007556ceb000deffeb3d7,gx-no-cache=1742567430196 HTTP/1.1" 200 30
104.244.78.110 - tomcat [21/Mar/2025:11:29:18 -0300] "GET /manager/html HTTP/1.1" 403 3196
201.186.226.3 - - [21/Mar/2025:11:29:43 -0300] "GET /cormun/servlet/hlogin HTTP/1.1" 200 1736
129.222.173.48 - - [21/Mar/2025:11:31:20 -0300] "GET /cormun/servlet/solicitudot?8f3ce19ff2b3bff738a44562ca6214dda89caaf52e66b55d381fa1550f2a087d791a80f9783dc788ad6c1e9c5b1a94266c019d45e414f0ad3c7d716783435312,gx-no-cache=1742567589245 HTTP/1.1" 200 30
129.222.173.48 - - [21/Mar/2025:11:31:20 -0300] "GET /cormun/servlet/solicitudot?8f3ce19ff2b3bff738a44562ca6214ddf496e4123db91bbdbb227e65d6f0fc0a,gx-no-cache=1742567589316 HTTP/1.1" 200 29
104.244.78.110 - tomcat [21/Mar/2025:11:31:22 -0300] "GET /manager/html HTTP/1.1" 403 3196
91.208.206.203 - - [21/Mar/2025:11:31:23 -0300] "GET /manager/html HTTP/1.1" 401 2474
129.222.173.48 - - [21/Mar/2025:11:31:25 -0300] "GET /cormun/servlet/solicitudot?8f3ce19ff2b3bff738a44562ca6214ddf29ab199db81045fe0c4c588acd5f6662dbd651187b6d98504468a4a325e703207aee499a8f701c3486ac6081aa5a807f8aef54533f65c571d611197ae84c18f2a712223335a7e9b582473e21f52513e817b68c35e7af129d1822737400dd21ca01fb4382a44419fd37b1d4d4bf2eef65233d0f9fe17955147e60e4ef57e1311f02de925a4d1bfd529f738ec62cbebb1fb4b09d704153995abf28ef693deda8573b666db256677ee031d877688892a05c2e63d7016fc7d06c53fdc06dbed7808b72d8314caa004817c5c8424193318d7088824a2dc7474b099ef699113ae6a8220750936893132b2e92edffa84c9cbc56df54f2d4768c60eb39e5d87983d4a92da7e538dc7c59db14f33f6a9b49ea304731379503d4e8f1f02ff43916f615a1b7d3d8c68a960d0f68fea933e61491d764bb680a1d54808118021afcbe23b3556,gx-no-cache=1742567594270 HTTP/1.1" 200 297
129.222.173.48 - - [21/Mar/2025:11:31:25 -0300] "GET /cormun/servlet/solicitudot?8f3ce19ff2b3bff738a44562ca6214ddc34e2aea05cd21ff65b012234699c0dd1aa237fe2b27cdb5b2066721da166d3952aced1b0b9c35cd4c844a5716dc68b690e2677da56f70c76cf8ca68a9b32df697437a827e3dce28d8a585da0e0b2fa075ccdc87a06362d3ea78d873dbf886c2c30f1804f6df3f79d09ed6d715659522972740d2a32a6f330d695af8bbc1eaa2bca2cfb86b56a38e0a3ce6b125c9d0d419314394dc7cddb0ad36f4596ae17eeeae9023a60bdbd89ba9cb79525c1add971e2deddfd875ff4737a83495c9ba418604a2586af290a5501805e987e44b54b0e81ebdc36ddedd90f5a58ffbb3c57900da1673bf5372b6822972064dc3b4e4cad9cb9c59f566a08f8ecbcb6c37f62bdf86ca8ba0246403bef1a5effb512c28907161d8227a0d73d7e69451ebf6aae9afb64b8c4a1656337a9bd9016937db204af07b2409ff8ffebe22147c785c1cd39e8ded8b146a768442d36e14c733cca5794b2e023edcc2226116e6926b25ebc9c26d719d569c0194591df57e5aa8a9162f7ced7e3d1970d2fa10851df0ac6e518d,gx-no-cache=1742567594555 HTTP/1.1" 200 30
129.222.173.48 - - [21/Mar/2025:11:31:25 -0300] "POST /cormun/servlet/solicitudot?gx-no-cache=1742567594637 HTTP/1.1" 200 30
129.222.173.48 - - [21/Mar/2025:11:31:25 -0300] "POST /cormun/servlet/solicitudot?gx-no-cache=1742567594763 HTTP/1.1" 200 1474
129.222.173.48 - - [21/Mar/2025:11:31:25 -0300] "POST /cormun/servlet/solicitudot?gx-no-cache=1742567594868 HTTP/1.1" 200 38
129.222.173.48 - - [21/Mar/2025:11:32:00 -0300] "POST /cormun/servlet/solicitudot?gx-no-cache=1742567629790 HTTP/1.1" 200 30
129.222.173.48 - - [21/Mar/2025:11:32:11 -0300] "GET /cormun/servlet/prfichaempleado?,MD,,gxPopupLevel%3D0%3B HTTP/1.1" 200 9223
129.222.173.48 - - [21/Mar/2025:11:32:11 -0300] "GET /cormun/static/gxcfg.js?20201215571085 HTTP/1.1" 200 953
129.222.173.48 - - [21/Mar/2025:11:32:12 -0300] "GET /cormun/static/prfichaempleado.js?20201215572193 HTTP/1.1" 200 16005
129.222.173.48 - - [21/Mar/2025:11:32:20 -0300] "POST /cormun/servlet/solicitudot?gx-no-cache=1742567649791 HTTP/1.1" 200 1557
200.126.116.145 - - [21/Mar/2025:11:32:22 -0300] "GET /cormun/servlet/trautorizarsolicitud? HTTP/1.1" 200 7437
200.126.116.145 - - [21/Mar/2025:11:32:22 -0300] "GET /cormun/static/gxcfg.js?202211298474254 HTTP/1.1" 200 953
200.126.116.145 - - [21/Mar/2025:11:32:22 -0300] "GET /cormun/static/trautorizarsolicitud.js?202211298474588 HTTP/1.1" 200 53909
129.222.173.48 - - [21/Mar/2025:11:32:23 -0300] "GET /cormun/servlet/prfichaempleado?,MD,,gxPopupLevel%3D0%3B HTTP/1.1" 200 9223
200.126.116.145 - - [21/Mar/2025:11:32:33 -0300] "GET /cormun/servlet/trvisualizadoreventos? HTTP/1.1" 200 7104
200.126.116.145 - - [21/Mar/2025:11:32:33 -0300] "GET /cormun/static/Resources/PXToolsActionPrint.png HTTP/1.1" 200 404
200.126.116.145 - - [21/Mar/2025:11:32:33 -0300] "GET /cormun/static/gxcfg.js?202211298474834 HTTP/1.1" 200 953
200.126.116.145 - - [21/Mar/2025:11:32:33 -0300] "GET /cormun/static/trvisualizadoreventos.js?202211298474971 HTTP/1.1" 200 19318
129.222.173.48 - - [21/Mar/2025:11:32:35 -0300] "POST /cormun/servlet/prfichaempleado?bdca005d8f36f084b2e03a420000375e,,MD,,gxPopupLevel%3D0%3B,gx-no-cache=1742567665000 HTTP/1.1" 200 4476
104.244.78.110 - tomcat [21/Mar/2025:11:33:26 -0300] "GET /manager/html HTTP/1.1" 403 3196
129.222.173.48 - - [21/Mar/2025:11:33:31 -0300] "GET /cormun/servlet/hlogin HTTP/1.1" 200 1722
129.222.173.48 - - [21/Mar/2025:11:33:32 -0300] "GET /cormun/servlet/hlogin HTTP/1.1" 200 1733
129.222.173.48 - - [21/Mar/2025:11:33:34 -0300] "POST /cormun/servlet/hlogin?880226e722401bbbca836d4656988dbc,gx-no-cache=1742567723528 HTTP/1.1" 200 90
129.222.173.48 - - [21/Mar/2025:11:33:34 -0300] "GET /cormun/servlet/hpexe_link HTTP/1.1" 200 951
129.222.173.48 - - [21/Mar/2025:11:33:34 -0300] "GET /cormun/servlet/hhome HTTP/1.1" 200 3937
129.222.173.48 - - [21/Mar/2025:11:33:34 -0300] "GET /cormun/static/gxcfg.js?20201215495537 HTTP/1.1" 200 953
129.222.173.48 - - [21/Mar/2025:11:33:34 -0300] "GET /cormun/static/hhome.js?20201215495544 HTTP/1.1" 200 777
129.222.173.48 - - [21/Mar/2025:11:33:34 -0300] "GET /cormun/static/Resources/Spanish/PXTools.css?14345360 HTTP/1.1" 200 100853
200.126.116.145 - - [21/Mar/2025:11:33:35 -0300] "GET /cormun/servlet/trcargahoraria? HTTP/1.1" 200 6730
200.126.116.145 - - [21/Mar/2025:11:33:35 -0300] "GET /cormun/static/gxcfg.js?202012113392337 HTTP/1.1" 200 953
200.126.116.145 - - [21/Mar/2025:11:33:35 -0300] "GET /cormun/static/trcargahoraria.js?202012113392783 HTTP/1.1" 200 28768
129.222.173.48 - - [21/Mar/2025:11:33:37 -0300] "GET /cormun/servlet/trlicencias? HTTP/1.1" 200 10988
200.126.116.145 - - [21/Mar/2025:11:33:38 -0300] "GET /cormun/servlet/trlicencias? HTTP/1.1" 200 14658
129.222.173.48 - - [21/Mar/2025:11:34:44 -0300] "POST /cormun/servlet/solicitudot?gx-no-cache=1742567793735 HTTP/1.1" 200 1557
129.222.173.48 - - [21/Mar/2025:11:34:44 -0300] "POST /cormun/servlet/solicitudot?gx-no-cache=1742567793908 HTTP/1.1" 200 117
91.208.206.203 - - [21/Mar/2025:11:35:17 -0300] "GET /manager/html HTTP/1.1" 401 2474
129.222.173.48 - - [21/Mar/2025:11:35:18 -0300] "GET /cormun/servlet/hlogin HTTP/1.1" 200 1722
129.222.173.48 - - [21/Mar/2025:11:35:21 -0300] "POST /cormun/servlet/hlogin?880226e722401bbbca836d4656988dbc,gx-no-cache=1742567830569 HTTP/1.1" 200 90
129.222.173.48 - - [21/Mar/2025:11:35:21 -0300] "GET /cormun/servlet/hpexe_link HTTP/1.1" 200 956
129.222.173.48 - - [21/Mar/2025:11:35:21 -0300] "GET /cormun/servlet/trlicencias HTTP/1.1" 200 10987
104.244.78.110 - tomcat [21/Mar/2025:11:35:30 -0300] "GET /manager/html HTTP/1.1" 403 3196
201.186.225.183 - - [21/Mar/2025:11:35:36 -0300] "GET /cormun/servlet/trsolicitudot? HTTP/1.1" 200 6327
201.186.225.183 - - [21/Mar/2025:11:35:36 -0300] "GET /cormun/servlet/hlogin HTTP/1.1" 200 1738
201.186.225.183 - - [21/Mar/2025:11:35:36 -0300] "GET /cormun/servlet/trsolicitudot? HTTP/1.1" 200 6325
201.186.225.183 - - [21/Mar/2025:11:35:41 -0300] "POST /cormun/servlet/hlogin?39f6df233510d57538892c32568b7c4e,gx-no-cache=1742567851633 HTTP/1.1" 200 90
201.186.225.183 - - [21/Mar/2025:11:35:41 -0300] "GET /cormun/servlet/hpexe_link HTTP/1.1" 200 957
201.186.225.183 - - [21/Mar/2025:11:35:41 -0300] "GET /cormun/servlet/trsolicitudot HTTP/1.1" 200 7009
201.186.225.183 - - [21/Mar/2025:11:35:44 -0300] "GET /cormun/static/menuarrow.gif HTTP/1.1" 404 1015
201.186.225.183 - - [21/Mar/2025:11:35:57 -0300] "POST /cormun/servlet/trsolicitudot?39f6df233510d57538892c32568b7c4e,gx-no-cache=1742567867970 HTTP/1.1" 200 4092
8.213.204.121 - - [21/Mar/2025:11:36:28 -0300] "îêQ º1ˆe÷3Ý8£Kö˜7{?“­tvù„Æ+d&èÊ ù–iÙ"óc£ü¾ß>§ûN(š¶¯Q}p`|ÒÎ[«&À+À/À,À0̨̩À ÀÀ" 400 -
129.222.173.48 - - [21/Mar/2025:11:36:28 -0300] "POST /cormun/servlet/solicitudot?gx-no-cache=1742567897478 HTTP/1.1" 200 1482
129.222.173.48 - - [21/Mar/2025:11:36:32 -0300] "GET /cormun/static/menuarrow.gif HTTP/1.1" 404 1015
129.222.173.48 - - [21/Mar/2025:11:37:04 -0300] "GET /cormun/servlet/prlicenciaspermisos?9523283,L,,MD,,gxPopupLevel%3D0%3B HTTP/1.1" 200 6023
129.222.173.48 - - [21/Mar/2025:11:37:04 -0300] "GET /cormun/static/gxcfg.js?2020121559567 HTTP/1.1" 200 953
129.222.173.48 - - [21/Mar/2025:11:37:04 -0300] "GET /cormun/static/prlicenciaspermisos.js?2020121559821 HTTP/1.1" 200 13379
129.222.173.48 - - [21/Mar/2025:11:37:19 -0300] "GET /cormun/servlet/prlicenciaspermisos?9523283,L,,MD,,gxPopupLevel%3D0%3B HTTP/1.1" 200 6023
104.244.78.110 - tomcat [21/Mar/2025:11:37:33 -0300] "GET /manager/html HTTP/1.1" 403 3196
129.222.173.48 - - [21/Mar/2025:11:37:53 -0300] "GET /cormun/servlet/prlicenciaspermisos?9523283,L,,MD,,gxPopupLevel%3D0%3B HTTP/1.1" 200 6023
129.222.173.48 - - [21/Mar/2025:11:38:02 -0300] "GET /cormun/servlet/prlicenciaspermisos?9523283,L,,MD,,gxPopupLevel%3D0%3B HTTP/1.1" 200 6023
129.222.173.48 - - [21/Mar/2025:11:38:22 -0300] "POST /cormun/servlet/solicitudot?gx-no-cache=1742568011254 HTTP/1.1" 200 41
91.208.206.203 - - [21/Mar/2025:11:39:14 -0300] "GET /manager/html HTTP/1.1" 401 2474
104.244.78.110 - tomcat [21/Mar/2025:11:39:38 -0300] "GET /manager/html HTTP/1.1" 403 3196
129.222.173.48 - - [21/Mar/2025:11:40:37 -0300] "GET /cormun/servlet/solicitudot?8f3ce19ff2b3bff738a44562ca6214dd212e1ff4aa2be190aec4c9f2259a7c70a642eaa5482abc74aaa01ec849555956299e567e9642f69f60be7920c5a55dfbfb1accabd3ad19b93905c68262a8205bd08120b0efec0097a36a024c3b1e6f78daa413d0b860b33b44620ba9081616f2,gx-no-cache=1742568146237 HTTP/1.1" 200 110
129.222.173.48 - - [21/Mar/2025:11:40:37 -0300] "POST /cormun/servlet/solicitudot?gx-no-cache=1742568146341 HTTP/1.1" 200 79
129.222.173.48 - - [21/Mar/2025:11:40:41 -0300] "GET /cormun/servlet/solicitudot?8f3ce19ff2b3bff738a44562ca6214dd61190a9d052d8e86f3d683c1429f171220750936893132b2e92edffa84c9cbc56df54f2d4768c60eb39e5d87983d4a92bbf0ab3a3325b5ba3372db0e64172e38,gx-no-cache=1742568150708 HTTP/1.1" 200 29
129.222.173.48 - - [21/Mar/2025:11:40:53 -0300] "GET /cormun/servlet/solicitudot?8f3ce19ff2b3bff738a44562ca6214dd8bf0b8577136c1fdfca61665fbe63abca86ddb6060156277eec86d17825c4f71,gx-no-cache=1742568162997 HTTP/1.1" 200 30
129.222.173.48 - - [21/Mar/2025:11:40:54 -0300] "POST /cormun/servlet/solicitudot?gx-no-cache=1742568164016 HTTP/1.1" 200 120
129.222.173.48 - - [21/Mar/2025:11:41:17 -0300] "GET /cormun/servlet/prlicenciaspermisos?9523283,L,,MD,,gxPopupLevel%3D0%3B HTTP/1.1" 200 6023
129.222.173.48 - - [21/Mar/2025:11:41:26 -0300] "GET /cormun/servlet/solicitudot?8f3ce19ff2b3bff738a44562ca6214dd212e1ff4aa2be190aec4c9f2259a7c70a642eaa5482abc74aaa01ec849555956299e567e9642f69f60be7920c5a55dfbfb1accabd3ad19b93905c68262a8205bd08120b0efec0097a36a024c3b1e6f78daa413d0b860b33b44620ba9081616f2,gx-no-cache=1742568195828 HTTP/1.1" 200 110
129.222.173.48 - - [21/Mar/2025:11:41:30 -0300] "GET /cormun/servlet/solicitudot?8f3ce19ff2b3bff738a44562ca6214dd212e1ff4aa2be190aec4c9f2259a7c70a642eaa5482abc74aaa01ec849555956299e567e9642f69f60be7920c5a55dfbfb1accabd3ad19b93905c68262a8205bd08120b0efec0097a36a024c3b1e6f78daa413d0b860b33b44620ba9081616f2,gx-no-cache=1742568199429 HTTP/1.1" 200 110
129.222.173.48 - - [21/Mar/2025:11:41:31 -0300] "POST /cormun/servlet/solicitudot?gx-no-cache=1742568200582 HTTP/1.1" 200 120
104.244.78.110 - tomcat [21/Mar/2025:11:41:41 -0300] "GET /manager/html HTTP/1.1" 403 3196
129.222.173.48 - - [21/Mar/2025:11:41:49 -0300] "POST /cormun/servlet/solicitudot?gx-no-cache=1742568218228 HTTP/1.1" 200 120
129.222.173.48 - - [21/Mar/2025:11:41:49 -0300] "POST /cormun/servlet/solicitudot?bdca005d8f36f084b2e03a420000375e,INS,0,0,false,,gx-no-cache=1742568218293 HTTP/1.1" 200 13008
129.222.173.48 - - [21/Mar/2025:11:43:02 -0300] "GET /cormun/servlet/prlicenciaspermisos?9523283,L,,MD,,gxPopupLevel%3D0%3B HTTP/1.1" 200 6023
129.222.173.48 - - [21/Mar/2025:11:43:05 -0300] "POST /cormun/servlet/solicitudot?gx-no-cache=1742568294800 HTTP/1.1" 200 30
129.222.173.48 - - [21/Mar/2025:11:43:05 -0300] "POST /cormun/servlet/solicitudot?gx-no-cache=1742568294859 HTTP/1.1" 200 1482
129.222.173.48 - - [21/Mar/2025:11:43:11 -0300] "POST /cormun/servlet/solicitudot?gx-no-cache=1742568300820 HTTP/1.1" 200 41
129.222.173.48 - - [21/Mar/2025:11:43:11 -0300] "GET /cormun/servlet/solicitudot?8f3ce19ff2b3bff738a44562ca6214dd212e1ff4aa2be190aec4c9f2259a7c70a642eaa5482abc74aaa01ec849555956299e567e9642f69f60be7920c5a55dfbfb1accabd3ad19b93905c68262a8205bd08120b0efec0097a36a024c3b1e6f78daa413d0b860b33b44620ba9081616f2,gx-no-cache=1742568300859 HTTP/1.1" 200 110
129.222.173.48 - - [21/Mar/2025:11:43:11 -0300] "POST /cormun/servlet/solicitudot?gx-no-cache=1742568300910 HTTP/1.1" 200 79
129.222.173.48 - - [21/Mar/2025:11:43:13 -0300] "GET /cormun/servlet/solicitudot?8f3ce19ff2b3bff738a44562ca6214dd212e1ff4aa2be190aec4c9f2259a7c70a642eaa5482abc74aaa01ec849555956299e567e9642f69f60be7920c5a55dfbfb1accabd3ad19b93905c68262a8205bd08120b0efec0097a36a024c3b1e6f78daa413d0b860b33b44620ba9081616f2,gx-no-cache=1742568302389 HTTP/1.1" 200 110
129.222.173.48 - - [21/Mar/2025:11:43:15 -0300] "GET /cormun/servlet/solicitudot?8f3ce19ff2b3bff738a44562ca6214dd8bf0b8577136c1fdfca61665fbe63abca86ddb6060156277eec86d17825c4f71,gx-no-cache=1742568304363 HTTP/1.1" 200 30
91.208.206.203 - - [21/Mar/2025:11:43:17 -0300] "GET /manager/html HTTP/1.1" 401 2474
129.222.173.48 - - [21/Mar/2025:11:43:17 -0300] "GET /cormun/servlet/prlicenciaspermisos?9523283,L,,MD,,gxPopupLevel%3D0%3B HTTP/1.1" 200 6023
129.222.173.48 - - [21/Mar/2025:11:43:24 -0300] "GET /cormun/servlet/solicitudot?8f3ce19ff2b3bff738a44562ca6214dd212e1ff4aa2be190aec4c9f2259a7c70a642eaa5482abc74aaa01ec849555956299e567e9642f69f60be7920c5a55dfbfb1accabd3ad19b93905c68262a8205bd08120b0efec0097a36a024c3b1e6f78daa413d0b860b33b44620ba9081616f2,gx-no-cache=1742568314076 HTTP/1.1" 200 110
129.222.173.48 - - [21/Mar/2025:11:43:27 -0300] "GET /cormun/servlet/solicitudot?8f3ce19ff2b3bff738a44562ca6214dd212e1ff4aa2be190aec4c9f2259a7c70a642eaa5482abc74aaa01ec849555956299e567e9642f69f60be7920c5a55dfbfb1accabd3ad19b93905c68262a8205bd08120b0efec0097a36a024c3b1e6f78daa413d0b860b33b44620ba9081616f2,gx-no-cache=1742568316437 HTTP/1.1" 200 110
190.95.67.93 - - [21/Mar/2025:11:43:39 -0300] "GET /cormun/servlet/hlogin HTTP/1.1" 200 1717
190.95.67.93 - - [21/Mar/2025:11:43:39 -0300] "GET /cormun/servlet/hlogin HTTP/1.1" 200 1728
190.95.67.93 - - [21/Mar/2025:11:43:42 -0300] "POST /cormun/servlet/hlogin?d2695c1a22aa13db068f8704f2188cbc,gx-no-cache=1742568331676 HTTP/1.1" 200 90
190.95.67.93 - - [21/Mar/2025:11:43:42 -0300] "GET /cormun/servlet/hpexe_link HTTP/1.1" 200 947
190.95.67.93 - - [21/Mar/2025:11:43:42 -0300] "GET /cormun/servlet/hhome HTTP/1.1" 200 4335
104.244.78.110 - tomcat [21/Mar/2025:11:43:45 -0300] "GET /manager/html HTTP/1.1" 403 3196
190.95.67.93 - - [21/Mar/2025:11:43:45 -0300] "GET /cormun/servlet/trlicencias? HTTP/1.1" 200 11711
104.244.78.110 - tomcat [21/Mar/2025:11:45:49 -0300] "GET /manager/html HTTP/1.1" 403 3196
196.251.91.5 - - [21/Mar/2025:11:46:11 -0300] "CONNECT 45.61.136.175:7227 HTTP/1.1" 400 -
190.95.67.93 - - [21/Mar/2025:11:46:51 -0300] "GET /cormun/servlet/hlogin HTTP/1.1" 200 1717
190.95.67.93 - - [21/Mar/2025:11:47:02 -0300] "POST /cormun/servlet/hlogin?d2695c1a22aa13db068f8704f2188cbc,gx-no-cache=1742568531790 HTTP/1.1" 200 90
190.95.67.93 - - [21/Mar/2025:11:47:02 -0300] "GET /cormun/servlet/hpexe_link HTTP/1.1" 200 951
190.95.67.93 - - [21/Mar/2025:11:47:03 -0300] "GET /cormun/servlet/trlicencias HTTP/1.1" 200 11710
190.95.67.93 - - [21/Mar/2025:11:47:09 -0300] "GET /cormun/servlet/trautorizarsolicitud? HTTP/1.1" 200 8867
190.95.67.93 - - [21/Mar/2025:11:47:09 -0300] "GET /cormun/static/gxcfg.js?202211298474254 HTTP/1.1" 200 953
190.95.67.93 - - [21/Mar/2025:11:47:09 -0300] "GET /cormun/static/trautorizarsolicitud.js?202211298474588 HTTP/1.1" 200 53909
190.95.67.93 - - [21/Mar/2025:11:47:09 -0300] "GET /cormun//static/Resources/PXToolsRemoveAllAction.png HTTP/1.1" 200 487
190.95.67.93 - - [21/Mar/2025:11:47:09 -0300] "GET /cormun//static/Resources/PXToolsActionView.png HTTP/1.1" 200 398
190.95.67.93 - - [21/Mar/2025:11:47:09 -0300] "GET /cormun//static/Resources/PXToolsGridDelete.png HTTP/1.1" 200 538
190.95.67.93 - - [21/Mar/2025:11:47:09 -0300] "GET /cormun//static/Resources/PXToolsGridUpdate.png HTTP/1.1" 200 470
201.186.225.183 - - [21/Mar/2025:11:47:16 -0300] "GET /cormun/servlet/trlicencias? HTTP/1.1" 200 11326
91.208.206.203 - - [21/Mar/2025:11:47:18 -0300] "GET /manager/html HTTP/1.1" 401 2474
190.95.67.93 - - [21/Mar/2025:11:47:19 -0300] "POST /cormun/servlet/trautorizarsolicitud?d2695c1a22aa13db068f8704f2188cbc,,gx-no-cache=1742568548640 HTTP/1.1" 200 4772
190.95.67.93 - - [21/Mar/2025:11:47:19 -0300] "GET /cormun/static/Shared/jqueryui/images/ui-bg_highlight-soft_100_c6c2c8_1x100.png HTTP/1.1" 404 1117
190.95.67.93 - - [21/Mar/2025:11:47:19 -0300] "GET /cormun/static/Shared/jqueryui/images/ui-icons_82798d_256x240.png HTTP/1.1" 404 1089
190.95.67.93 - - [21/Mar/2025:11:47:19 -0300] "GET /cormun/static/Shared/jqueryui/images/ui-bg_flat_55_fafafa_40x100.png HTTP/1.1" 404 1097
190.95.67.93 - - [21/Mar/2025:11:47:19 -0300] "GET /cormun/static/Shared/jqueryui/images/ui-icons_8d78a5_256x240.png HTTP/1.1" 404 1089
190.95.67.93 - - [21/Mar/2025:11:47:19 -0300] "POST /cormun/servlet/trautorizarsolicitud?d2695c1a22aa13db068f8704f2188cbc,,gx-no-cache=1742568548795 HTTP/1.1" 200 4525
104.244.78.110 - tomcat [21/Mar/2025:11:47:53 -0300] "GET /manager/html HTTP/1.1" 403 3196
104.244.78.110 - tomcat [21/Mar/2025:11:49:58 -0300] "GET /manager/html HTTP/1.1" 403 3196
91.208.206.203 - - [21/Mar/2025:11:51:16 -0300] "GET /manager/html HTTP/1.1" 401 2474
104.244.78.110 - tomcat [21/Mar/2025:11:52:02 -0300] "GET /manager/html HTTP/1.1" 403 3196
190.95.67.91 - - [21/Mar/2025:11:53:08 -0300] "GET /cormun/servlet/trpermisosgoce? HTTP/1.1" 200 6032
190.95.67.91 - - [21/Mar/2025:11:53:08 -0300] "GET /cormun/servlet/hlogin HTTP/1.1" 200 1742
190.95.67.91 - - [21/Mar/2025:11:53:08 -0300] "GET /cormun/servlet/trpermisosgoce? HTTP/1.1" 200 6032
190.95.67.91 - - [21/Mar/2025:11:53:17 -0300] "POST /cormun/servlet/hlogin?8dcad396ecfe4fd9785fad050080ac44,gx-no-cache=1742568906873 HTTP/1.1" 200 90
190.95.67.91 - - [21/Mar/2025:11:53:17 -0300] "GET /cormun/servlet/hpexe_link HTTP/1.1" 200 957
190.95.67.91 - - [21/Mar/2025:11:53:17 -0300] "GET /cormun/servlet/trpermisosgoce HTTP/1.1" 200 13112
190.95.67.91 - - [21/Mar/2025:11:53:23 -0300] "GET /cormun/servlet/permisogoce?INS,0,,, HTTP/1.1" 200 7114
190.95.67.91 - - [21/Mar/2025:11:53:32 -0300] "GET /cormun/servlet/permisogoce?c53233a6d05cfe907ed04be27a2687124c7b936b60cea591399f2cb8d40583ce2fbf9ed59714c4e2ff54d7ec3448ab5de82850adf220d10c5aedf8eff21915c0,gx-no-cache=1742568921382 HTTP/1.1" 200 83
190.95.67.91 - - [21/Mar/2025:11:53:34 -0300] "GET /cormun/static/menuarrow.gif HTTP/1.1" 404 1015
190.95.67.91 - - [21/Mar/2025:11:53:40 -0300] "GET /cormun/servlet/permisogoce?c53233a6d05cfe907ed04be27a2687122bb90385b00a539fefa2d351b35b0d378feff0a54602aa9b187dc1f4be508aa74865c7fb3d6d2e03327852e4e4fa6470,gx-no-cache=1742568929249 HTTP/1.1" 200 47
190.95.67.91 - - [21/Mar/2025:11:54:05 -0300] "POST /cormun/servlet/permisogoce?8dcad396ecfe4fd9785fad050080ac44,INS,0,,,,gx-no-cache=1742568931418 HTTP/1.1" 200 93
190.95.67.91 - - [21/Mar/2025:11:54:05 -0300] "GET /cormun/servlet/hpexe_return? HTTP/1.1" 200 1009
190.95.67.91 - - [21/Mar/2025:11:54:06 -0300] "GET /cormun/servlet/trpermisosgoce HTTP/1.1" 200 13426
104.244.78.110 - tomcat [21/Mar/2025:11:54:06 -0300] "GET /manager/html HTTP/1.1" 403 3196
190.95.67.91 - - [21/Mar/2025:11:54:23 -0300] "GET /cormun/servlet/trpermisosadjuntos?20071017,20250321115533,P, HTTP/1.1" 200 6545
190.95.67.91 - - [21/Mar/2025:11:54:25 -0300] "GET /cormun/servlet/permisosadjuntos?INS,20071017,P,20250321115533,, HTTP/1.1" 200 5867
190.95.67.91 - - [21/Mar/2025:11:54:26 -0300] "GET /cormun/static/about:blank HTTP/1.1" 404 1011
190.95.67.91 - - [21/Mar/2025:11:54:54 -0300] "POST /cormun/servlet/permisosadjuntos?8dcad396ecfe4fd9785fad050080ac44,INS,20071017,P,20250321115533,, HTTP/1.1" 200 116
190.95.67.91 - - [21/Mar/2025:11:54:54 -0300] "GET /cormun/servlet/hpexe_return? HTTP/1.1" 200 1036
190.95.67.91 - - [21/Mar/2025:11:54:54 -0300] "GET /cormun/servlet/trpermisosadjuntos?20071017,20250321115533,P, HTTP/1.1" 200 7087
190.95.67.91 - - [21/Mar/2025:11:55:09 -0300] "POST /cormun/servlet/trpermisosadjuntos?8dcad396ecfe4fd9785fad050080ac44,20071017,20250321115533,P,,gx-no-cache=1742569018227 HTTP/1.1" 200 90
190.95.67.91 - - [21/Mar/2025:11:55:09 -0300] "GET /cormun/servlet/hpexe_link HTTP/1.1" 200 983
190.95.67.91 - - [21/Mar/2025:11:55:09 -0300] "GET /cormun/servlet/trpermisosgoce HTTP/1.1" 200 13438
91.208.206.203 - - [21/Mar/2025:11:55:18 -0300] "GET /manager/html HTTP/1.1" 401 2474
190.95.67.91 - - [21/Mar/2025:11:55:34 -0300] "POST /cormun/servlet/trpermisosgoce?8dcad396ecfe4fd9785fad050080ac44,gx-no-cache=1742569031404 HTTP/1.1" 200 10481
190.95.67.91 - - [21/Mar/2025:11:55:34 -0300] "GET /cormun/static/Shared/jqueryui/images/ui-bg_highlight-soft_100_c6c2c8_1x100.png HTTP/1.1" 404 1117
190.95.67.91 - - [21/Mar/2025:11:55:35 -0300] "GET /cormun/static/Shared/jqueryui/images/ui-bg_flat_55_fafafa_40x100.png HTTP/1.1" 404 1097
190.95.67.91 - - [21/Mar/2025:11:55:35 -0300] "GET /cormun/static/Shared/jqueryui/images/ui-icons_8d78a5_256x240.png HTTP/1.1" 404 1089
190.95.67.91 - - [21/Mar/2025:11:55:35 -0300] "GET /cormun/static/Shared/jqueryui/images/ui-icons_82798d_256x240.png HTTP/1.1" 404 1089
190.95.67.91 - - [21/Mar/2025:11:55:41 -0300] "GET /cormun/servlet/trlicencias? HTTP/1.1" 200 12992
104.244.78.110 - tomcat [21/Mar/2025:11:56:12 -0300] "GET /manager/html HTTP/1.1" 403 3196
179.57.78.9 - - [21/Mar/2025:11:56:12 -0300] "GET /cormun/servlet/hlogin HTTP/1.1" 200 1725
179.57.78.9 - - [21/Mar/2025:11:56:24 -0300] "POST /cormun/servlet/hlogin?c2f2f9fabe6fe6fec05be3f8433aea1e,gx-no-cache=1742569093824 HTTP/1.1" 200 90
179.57.78.9 - - [21/Mar/2025:11:56:24 -0300] "GET /cormun/servlet/hpexe_link HTTP/1.1" 200 956
179.57.78.9 - - [21/Mar/2025:11:56:24 -0300] "GET /cormun/servlet/hhome HTTP/1.1" 200 4349
179.57.78.9 - - [21/Mar/2025:11:56:28 -0300] "GET /cormun/servlet/trreportecargahoraria? HTTP/1.1" 200 6932
179.57.78.9 - - [21/Mar/2025:11:56:28 -0300] "GET /cormun/static/gxcfg.js?202211298504121 HTTP/1.1" 200 953
179.57.78.9 - - [21/Mar/2025:11:56:28 -0300] "GET /cormun/static/trreportecargahoraria.js?20221129850435 HTTP/1.1" 200 29376
179.57.78.9 - - [21/Mar/2025:11:57:16 -0300] "POST /cormun/servlet/trreportecargahoraria?c2f2f9fabe6fe6fec05be3f8433aea1e,,gx-no-cache=1742569131376 HTTP/1.1" 200 4252
179.57.78.9 - - [21/Mar/2025:11:57:37 -0300] "GET /cormun/servlet/trreportecargahoraria? HTTP/1.1" 200 6977
179.57.78.9 - - [21/Mar/2025:11:57:39 -0300] "POST /cormun/servlet/trreportecargahoraria?c2f2f9fabe6fe6fec05be3f8433aea1e,,gx-no-cache=1742569169400 HTTP/1.1" 200 111
179.57.78.9 - - [21/Mar/2025:11:57:39 -0300] "POST /cormun/servlet/trreportecargahoraria?c2f2f9fabe6fe6fec05be3f8433aea1e,,gx-no-cache=1742569169485 HTTP/1.1" 200 4239
179.57.78.9 - - [21/Mar/2025:11:57:39 -0300] "GET /cormun/ReporteCargaHoraria-2417.xls HTTP/1.1" 200 4096
104.244.78.110 - tomcat [21/Mar/2025:11:58:15 -0300] "GET /manager/html HTTP/1.1" 403 3196
179.57.78.9 - - [21/Mar/2025:11:58:17 -0300] "POST /cormun/servlet/trreportecargahoraria?c2f2f9fabe6fe6fec05be3f8433aea1e,,gx-no-cache=1742569207551 HTTP/1.1" 200 4256
179.57.78.9 - - [21/Mar/2025:11:58:45 -0300] "GET /cormun/servlet/trcontratounov2? HTTP/1.1" 200 18095
179.57.78.9 - - [21/Mar/2025:11:58:45 -0300] "GET /cormun/static/gxcfg.js?2020121614367 HTTP/1.1" 200 953
179.57.78.9 - - [21/Mar/2025:11:58:46 -0300] "GET /cormun/static/trcontratounov2.js?20201216143065 HTTP/1.1" 200 38486
179.57.78.9 - - [21/Mar/2025:11:58:46 -0300] "GET /cormun/static/Resources/PXToolsAddSelectedAction.png HTTP/1.1" 200 523
91.208.206.203 - - [21/Mar/2025:11:59:32 -0300] "GET /manager/html HTTP/1.1" 401 2474
104.244.78.110 - tomcat [21/Mar/2025:12:00:21 -0300] "GET /manager/html HTTP/1.1" 403 3196
201.186.226.3 - - [21/Mar/2025:12:00:28 -0300] "GET /cormun/servlet/solicitudot?262fcff728eb5113ff0a29194ff07f2620542937c7b022efb569a9df557393de,gx-no-cache=1742569337705 HTTP/1.1" 440 972
201.186.226.3 - - [21/Mar/2025:12:00:31 -0300] "GET /cormun/servlet/solicitudot?262fcff728eb5113ff0a29194ff07f2601a4211d2c826d6a89d99eea2057b3f9,gx-no-cache=1742569340557 HTTP/1.1" 440 972
201.186.226.3 - - [21/Mar/2025:12:00:31 -0300] "GET /cormun/servlet/solicitudot?INS,0,0,false, HTTP/1.1" 200 15146
201.186.226.3 - - [21/Mar/2025:12:00:32 -0300] "GET /cormun/servlet/solicitudot?INS,0,0,false, HTTP/1.1" 200 15146
201.186.226.3 - - [21/Mar/2025:12:00:32 -0300] "GET /cormun/servlet/hlogin HTTP/1.1" 200 1739
201.186.226.3 - - [21/Mar/2025:12:00:35 -0300] "POST /cormun/servlet/hlogin?b21d7552f223acbc1ef162f403352fb4,gx-no-cache=1742569344709 HTTP/1.1" 200 90
201.186.226.3 - - [21/Mar/2025:12:00:35 -0300] "GET /cormun/servlet/hpexe_link HTTP/1.1" 200 960
201.186.226.3 - - [21/Mar/2025:12:00:35 -0300] "GET /cormun/servlet/solicitudot?INS,0,0,false, HTTP/1.1" 200 15729
201.186.226.3 - - [21/Mar/2025:12:00:40 -0300] "GET /cormun/servlet/trsolicitudot? HTTP/1.1" 200 10427
201.186.226.3 - - [21/Mar/2025:12:00:55 -0300] "POST /cormun/servlet/trsolicitudot?b21d7552f223acbc1ef162f403352fb4,,gx-no-cache=1742569364471 HTTP/1.1" 200 110
201.186.226.3 - - [21/Mar/2025:12:00:55 -0300] "GET /cormun/servlet/solicitudot?UPD,2025,22222,false, HTTP/1.1" 200 16251
201.186.226.3 - - [21/Mar/2025:12:00:56 -0300] "POST /cormun/servlet/solicitudot?gx-no-cache=1742569365267 HTTP/1.1" 200 4110
201.186.226.3 - - [21/Mar/2025:12:00:56 -0300] "POST /cormun/servlet/solicitudot?b21d7552f223acbc1ef162f403352fb4,UPD,2025,22222,false,,gx-no-cache=1742569365376 HTTP/1.1" 200 12458
201.186.226.3 - - [21/Mar/2025:12:00:56 -0300] "GET /cormun/servlet/solicitudot?edfd762e7b38d075e937e669aa32b835befda8376a6fa7ed96736a2621a88a7abe2e08f4b91fe3be01ae8e0d9c4a2bad,gx-no-cache=1742569365478 HTTP/1.1" 200 30
201.186.226.3 - - [21/Mar/2025:12:00:56 -0300] "GET /cormun/servlet/solicitudot?edfd762e7b38d075e937e669aa32b83533db8dea473e605d952dac47683d06b2b52a4f531e282c4e06fb3c7b98cf8cfb4ff3e416fc916682ae29f201444a0d92,gx-no-cache=1742569365496 HTTP/1.1" 200 30
201.186.226.3 - - [21/Mar/2025:12:00:56 -0300] "GET /cormun/servlet/solicitudot?edfd762e7b38d075e937e669aa32b8350244d7a3baf7aae76c79e98419d529a7,gx-no-cache=1742569365514 HTTP/1.1" 200 29
201.186.226.3 - - [21/Mar/2025:12:00:56 -0300] "POST /cormun/servlet/solicitudot?gx-no-cache=1742569365533 HTTP/1.1" 200 254
201.186.226.3 - - [21/Mar/2025:12:00:56 -0300] "GET /cormun/servlet/solicitudot?edfd762e7b38d075e937e669aa32b8352e181a67bef1359c6a02cdfbaf7d89cf0071a972239341ce87d3f8944e0e66caaa21c41605137412e7e327453998534df86b504bca70685e1437f66cae7c0ac792982876182d0869f8af8e29a0c8902c7967b23354f55323cf462fdad29dfa12e5c4a8f0ae0f489e004ebf8e7408c6f25dddfd262c5284d6be77fe832cd9ab6c0d1591ed21370e38861ebb05bf0cde31d195674d238dd601403c622b2ac4ad1fadb3fff82d9c19f8fbbde3e8b437aed07eebd207c6ff62fba04f4cf4d605510ca20d87cab61d98406ee7fc9a7fade5dc7f6536c9a7eeca97b1859c014ce09c63e81309e735d7a298650bf33437385cee4d58a36616ed3c50f0d82daed1d1ebbcf1bf9b5f01acbcb668879e1ea972ec17eb7e240940fabdb6a4ed195266ea02ccad194344739ff1688dbd515c8a48b496612ce7ac6631c9b1811cf8b0e2cee6ecee2a3a45392ef6446ea83ebe5681823092ea7589b8e3515f1c147e0ed29a61d5359e5ae3ffd3b083ea82f5f3ae1f1503,gx-no-cache=1742569365555 HTTP/1.1" 200 30
201.186.226.3 - - [21/Mar/2025:12:00:56 -0300] "POST /cormun/servlet/solicitudot?gx-no-cache=1742569365574 HTTP/1.1" 200 30
201.186.226.3 - - [21/Mar/2025:12:00:56 -0300] "POST /cormun/servlet/solicitudot?gx-no-cache=1742569365599 HTTP/1.1" 200 1481
201.186.226.3 - - [21/Mar/2025:12:00:56 -0300] "POST /cormun/servlet/solicitudot?gx-no-cache=1742569365639 HTTP/1.1" 200 41
201.186.226.3 - - [21/Mar/2025:12:01:00 -0300] "GET /cormun/servlet/prbanco?,MD,,gxPopupLevel%3D0%3B HTTP/1.1" 200 6563
201.186.226.3 - - [21/Mar/2025:12:01:07 -0300] "GET /cormun/servlet/solicitudot?edfd762e7b38d075e937e669aa32b8358c4657b20bfef36a03d728b2f196dd3b,gx-no-cache=1742569376335 HTTP/1.1" 200 53
201.186.226.3 - - [21/Mar/2025:12:01:36 -0300] "POST /cormun/servlet/solicitudot?gx-no-cache=1742569405913 HTTP/1.1" 200 30
201.186.226.3 - - [21/Mar/2025:12:01:36 -0300] "POST /cormun/servlet/solicitudot?gx-no-cache=1742569405966 HTTP/1.1" 200 1481
201.186.226.3 - - [21/Mar/2025:12:01:36 -0300] "POST /cormun/servlet/solicitudot?gx-no-cache=1742569406008 HTTP/1.1" 200 41
201.186.226.3 - - [21/Mar/2025:12:01:36 -0300] "GET /cormun/servlet/solicitudot?edfd762e7b38d075e937e669aa32b8352473e426004d059e3fb7f8dff0324369238502a78964750ede3dd33fa8e762a38a1aa03edaf61856567988b007955018d9a5551ab6058fcce95530f380df8bad7668df13cef317becc9f2b25ecae149673c29ad6b2643e1b2af17516dcd953ab,gx-no-cache=1742569406035 HTTP/1.1" 200 110
201.186.226.3 - - [21/Mar/2025:12:01:36 -0300] "POST /cormun/servlet/solicitudot?gx-no-cache=1742569406064 HTTP/1.1" 200 97
201.186.226.3 - - [21/Mar/2025:12:01:36 -0300] "GET /cormun/servlet/solicitudot?edfd762e7b38d075e937e669aa32b83551bbe6d0b25cba929cb5be4c955ac8885c5f254a8209d09df6b9c442301afa580142689c076f30506da00604bd5a2d2710d04ce299e154e9f9384dbc516e5c40f742e2584ef5e03822a42bc0b9a6875c5159917dfc3b8c29986392c9516552421674fd2c49af9c4a2c576045c10c7e3a29ef330c28e39fd213797db950f99e1f954e346999536c2e41f31098fc549ff1,gx-no-cache=1742569406103 HTTP/1.1" 200 29
201.186.226.3 - - [21/Mar/2025:12:01:36 -0300] "GET /cormun/servlet/solicitudot?edfd762e7b38d075e937e669aa32b835e2ecdb7a17b7bb2372cff81f5d0f22a4d892e6d94f4aa429abe6c60770e0fd3a,gx-no-cache=1742569406131 HTTP/1.1" 200 30
201.186.226.3 - - [21/Mar/2025:12:01:36 -0300] "POST /cormun/servlet/solicitudot?gx-no-cache=1742569406156 HTTP/1.1" 200 30
201.186.226.3 - - [21/Mar/2025:12:01:46 -0300] "POST /cormun/servlet/solicitudot?b21d7552f223acbc1ef162f403352fb4,UPD,2025,22222,false,,gx-no-cache=1742569406192 HTTP/1.1" 200 93
201.186.226.3 - - [21/Mar/2025:12:01:46 -0300] "GET /cormun/servlet/hpexe_return? HTTP/1.1" 200 1006
201.186.226.3 - - [21/Mar/2025:12:01:46 -0300] "GET /cormun/servlet/hhome HTTP/1.1" 200 3904
201.186.226.3 - - [21/Mar/2025:12:01:58 -0300] "GET /cormun/servlet/trsolicitudot? HTTP/1.1" 200 10427
201.186.226.3 - - [21/Mar/2025:12:02:06 -0300] "GET /cormun/servlet/solicitudot?INS,0,0,false, HTTP/1.1" 200 15896
201.186.226.3 - - [21/Mar/2025:12:02:10 -0300] "GET /cormun/servlet/prfichaempleado?,MD,,gxPopupLevel%3D0%3B HTTP/1.1" 200 9188
201.186.226.3 - - [21/Mar/2025:12:02:13 -0300] "POST /cormun/servlet/prfichaempleado?b21d7552f223acbc1ef162f403352fb4,,MD,,gxPopupLevel%3D0%3B,gx-no-cache=1742569442637 HTTP/1.1" 200 5852
201.186.226.3 - - [21/Mar/2025:12:02:20 -0300] "POST /cormun/servlet/prfichaempleado?b21d7552f223acbc1ef162f403352fb4,,MD,,gxPopupLevel%3D0%3B,gx-no-cache=1742569449546 HTTP/1.1" 200 3159
104.244.78.110 - tomcat [21/Mar/2025:12:02:28 -0300] "GET /manager/html HTTP/1.1" 403 3196
201.186.226.3 - - [21/Mar/2025:12:02:45 -0300] "POST /cormun/servlet/solicitudot?gx-no-cache=1742569470123 HTTP/1.1" 200 4046
201.186.226.3 - - [21/Mar/2025:12:02:45 -0300] "POST /cormun/servlet/solicitudot?b21d7552f223acbc1ef162f403352fb4,INS,0,0,false,,gx-no-cache=1742569474836 HTTP/1.1" 200 12611
201.186.226.3 - - [21/Mar/2025:12:02:45 -0300] "GET /cormun/servlet/solicitudot?edfd762e7b38d075e937e669aa32b835bd0223265fb8a5c460c980e984e02da14f84e7a50d670b6e6ac314e724d11a04,gx-no-cache=1742569474938 HTTP/1.1" 200 111
201.186.226.3 - - [21/Mar/2025:12:02:45 -0300] "GET /cormun/static/Shared/jqueryui/images/ui-bg_highlight-soft_100_c6c2c8_1x100.png HTTP/1.1" 404 1117
201.186.226.3 - - [21/Mar/2025:12:02:45 -0300] "GET /cormun/static/Shared/jqueryui/images/ui-icons_82798d_256x240.png HTTP/1.1" 404 1089
201.186.226.3 - - [21/Mar/2025:12:02:45 -0300] "GET /cormun/static/Shared/jqueryui/images/ui-bg_flat_55_994d53_40x100.png HTTP/1.1" 404 1097
201.186.226.3 - - [21/Mar/2025:12:02:45 -0300] "GET /cormun/static/Shared/jqueryui/images/ui-icons_ebccce_256x240.png HTTP/1.1" 404 1089
179.57.78.9 - - [21/Mar/2025:12:02:55 -0300] "GET /cormun/servlet/trfichaempleado? HTTP/1.1" 200 13102
91.208.206.203 - - [21/Mar/2025:12:03:36 -0300] "GET /manager/html HTTP/1.1" 401 2474
104.244.78.110 - tomcat [21/Mar/2025:12:04:34 -0300] "GET /manager/html HTTP/1.1" 403 3196
129.222.173.48 - - [21/Mar/2025:12:04:57 -0300] "GET /cormun/servlet/prbanco?,MD,,gxPopupLevel%3D0%3B HTTP/1.1" 200 6596
129.222.173.48 - - [21/Mar/2025:12:04:57 -0300] "GET /cormun/static/gxcfg.js?20201216131581 HTTP/1.1" 200 953
129.222.173.48 - - [21/Mar/2025:12:04:57 -0300] "GET /cormun/static/prbanco.js?20201216132311 HTTP/1.1" 200 10693
129.222.173.48 - - [21/Mar/2025:12:05:04 -0300] "GET /cormun/servlet/solicitudot?8f3ce19ff2b3bff738a44562ca6214dd222efe2ee46eb2c882b972db4f3c413b,gx-no-cache=1742569613565 HTTP/1.1" 200 53
129.222.173.48 - - [21/Mar/2025:12:05:30 -0300] "GET /cormun/servlet/solicitudot?8f3ce19ff2b3bff738a44562ca6214ddc34e2aea05cd21ff65b012234699c0dd1aa237fe2b27cdb5b2066721da166d3952aced1b0b9c35cd4c844a5716dc68b690e2677da56f70c76cf8ca68a9b32df697437a827e3dce28d8a585da0e0b2fa075ccdc87a06362d3ea78d873dbf886c2c30f1804f6df3f79d09ed6d715659522972740d2a32a6f330d695af8bbc1eaa2bca2cfb86b56a38e0a3ce6b125c9d0d419314394dc7cddb0ad36f4596ae17eeeae9023a60bdbd89ba9cb79525c1add971e2deddfd875ff4737a83495c9ba418604a2586af290a5501805e987e44b54b0e81ebdc36ddedd90f5a58ffbb3c57900da1673bf5372b6822972064dc3b4e4cad9cb9c59f566a08f8ecbcb6c37f62bdf86ca8ba0246403bef1a5effb512c28907161d8227a0d73d7e69451ebf6aae9afb64b8c4a1656337a9bd9016937db204af07b2409ff8ffebe22147c785c1cd39e8ded8b146a768442d36e14c733cca5794b2e023edcc2226116e6926b25ebc9c266f629b7f53e29a21866fdce948900f17ced7e3d1970d2fa10851df0ac6e518d,gx-no-cache=1742569639525 HTTP/1.1" 200 30
129.222.173.48 - - [21/Mar/2025:12:05:30 -0300] "POST /cormun/servlet/solicitudot?gx-no-cache=1742569639698 HTTP/1.1" 200 30
129.222.173.48 - - [21/Mar/2025:12:05:30 -0300] "POST /cormun/servlet/solicitudot?gx-no-cache=1742569640121 HTTP/1.1" 200 1482
129.222.173.48 - - [21/Mar/2025:12:05:33 -0300] "POST /cormun/servlet/solicitudot?gx-no-cache=1742569642852 HTTP/1.1" 200 41
129.222.173.48 - - [21/Mar/2025:12:05:41 -0300] "GET /cormun/servlet/solicitudot?8f3ce19ff2b3bff738a44562ca6214dd212e1ff4aa2be190aec4c9f2259a7c70a642eaa5482abc74aaa01ec849555956299e567e9642f69f60be7920c5a55dfbfb1accabd3ad19b93905c68262a8205bd08120b0efec0097a36a024c3b1e6f78daa413d0b860b33b44620ba9081616f2,gx-no-cache=1742569650872 HTTP/1.1" 200 110
129.222.173.48 - - [21/Mar/2025:12:05:43 -0300] "POST /cormun/servlet/solicitudot?gx-no-cache=1742569652736 HTTP/1.1" 200 79
129.222.173.48 - - [21/Mar/2025:12:05:43 -0300] "POST /cormun/servlet/solicitudot?gx-no-cache=1742569652841 HTTP/1.1" 200 34
129.222.173.48 - - [21/Mar/2025:12:05:43 -0300] "POST /cormun/servlet/solicitudot?bdca005d8f36f084b2e03a420000375e,INS,0,0,false,,gx-no-cache=1742569652890 HTTP/1.1" 200 13058
129.222.173.48 - - [21/Mar/2025:12:05:54 -0300] "GET /cormun/servlet/trsolicitudot? HTTP/1.1" 200 7151
129.222.173.48 - - [21/Mar/2025:12:05:57 -0300] "GET /cormun/servlet/solicitudot?INS,0,0,false, HTTP/1.1" 200 15939
129.222.173.48 - - [21/Mar/2025:12:06:09 -0300] "POST /cormun/servlet/solicitudot?gx-no-cache=1742569679013 HTTP/1.1" 200 4114
129.222.173.48 - - [21/Mar/2025:12:06:10 -0300] "GET /cormun/static/Shared/jqueryui/images/ui-icons_82798d_256x240.png HTTP/1.1" 404 1089
129.222.173.48 - - [21/Mar/2025:12:06:10 -0300] "GET /cormun/static/Shared/jqueryui/images/ui-bg_highlight-soft_100_c6c2c8_1x100.png HTTP/1.1" 404 1117
129.222.173.48 - - [21/Mar/2025:12:06:10 -0300] "GET /cormun/static/Shared/jqueryui/images/ui-icons_ebccce_256x240.png HTTP/1.1" 404 1089
129.222.173.48 - - [21/Mar/2025:12:06:10 -0300] "GET /cormun/static/Shared/jqueryui/images/ui-bg_flat_55_994d53_40x100.png HTTP/1.1" 404 1097
129.222.173.48 - - [21/Mar/2025:12:06:16 -0300] "GET /cormun/servlet/solicitudot?8f3ce19ff2b3bff738a44562ca6214ddd98244ed99dfff2b14d21d3092559d4bf122bd85e1f0b23ba197bfac2c1db5be,gx-no-cache=1742569685357 HTTP/1.1" 200 30
104.244.78.110 - tomcat [21/Mar/2025:12:06:39 -0300] "GET /manager/html HTTP/1.1" 403 3196
201.186.226.3 - - [21/Mar/2025:12:07:24 -0300] "GET /cormun/servlet/solicitudot?edfd762e7b38d075e937e669aa32b8353e41b90671c83b1662a28edd149468ab1a5ccf273ec293b2ee76bd946825ce72,gx-no-cache=1742569753548 HTTP/1.1" 200 30
129.222.173.48 - - [21/Mar/2025:12:07:30 -0300] "GET /cormun/servlet/prbanco?,MD,,gxPopupLevel%3D0%3B HTTP/1.1" 200 6596
91.208.206.203 - - [21/Mar/2025:12:07:33 -0300] "GET /manager/html HTTP/1.1" 401 2474
151.84.233.150 - - [21/Mar/2025:12:07:36 -0300] "GET / HTTP/1.0" 200 11197
129.222.173.48 - - [21/Mar/2025:12:07:36 -0300] "GET /cormun/servlet/solicitudot?8f3ce19ff2b3bff738a44562ca6214dda89caaf52e66b55d381fa1550f2a087d791a80f9783dc788ad6c1e9c5b1a94266c019d45e414f0ad3c7d716783435312,gx-no-cache=1742569765885 HTTP/1.1" 200 30
129.222.173.48 - - [21/Mar/2025:12:07:37 -0300] "GET /cormun/servlet/solicitudot?8f3ce19ff2b3bff738a44562ca6214dd222efe2ee46eb2c882b972db4f3c413b,gx-no-cache=1742569767173 HTTP/1.1" 200 53
129.222.173.48 - - [21/Mar/2025:12:08:01 -0300] "GET /cormun/servlet/solicitudot?8f3ce19ff2b3bff738a44562ca6214ddf29ab199db81045fe0c4c588acd5f6662dbd651187b6d98504468a4a325e703207aee499a8f701c3486ac6081aa5a807f8aef54533f65c571d611197ae84c18f2a712223335a7e9b582473e21f52513e817b68c35e7af129d1822737400dd21ca01fb4382a44419fd37b1d4d4bf2eef65233d0f9fe17955147e60e4ef57e1311f02de925a4d1bfd529f738ec62cbebb1fb4b09d704153995abf28ef693deda8573b666db256677ee031d877688892a05c2e63d7016fc7d06c53fdc06dbed7808b72d8314caa004817c5c8424193318d7088824a2dc7474b099ef699113ae6a8220750936893132b2e92edffa84c9cbc56df54f2d4768c60eb39e5d87983d4a92da7e538dc7c59db14f33f6a9b49ea304731379503d4e8f1f02ff43916f615a1b7d3d8c68a960d0f68fea933e61491d764bb680a1d54808118021afcbe23b3556,gx-no-cache=1742569790768 HTTP/1.1" 200 297
129.222.173.48 - - [21/Mar/2025:12:08:05 -0300] "GET /cormun/servlet/solicitudot?8f3ce19ff2b3bff738a44562ca6214ddc34e2aea05cd21ff65b012234699c0dd1aa237fe2b27cdb5b2066721da166d3952aced1b0b9c35cd4c844a5716dc68b690e2677da56f70c76cf8ca68a9b32df697437a827e3dce28d8a585da0e0b2fa075ccdc87a06362d3ea78d873dbf886c2c30f1804f6df3f79d09ed6d715659522972740d2a32a6f330d695af8bbc1eaa2bca2cfb86b56a38e0a3ce6b125c9d0d419314394dc7cddb0ad36f4596ae17eeeae9023a60bdbd89ba9cb79525c1add971e2deddfd875ff4737a83495c9ba418604a2586af290a5501805e987e44b54b0e81ebdc36ddedd90f5a58ffbb3c57900da1673bf5372b6822972064dc3b4e4cad9cb9c59f566a08f8ecbcb6c37f62bdf86ca8ba0246403bef1a5effb512c28907161d8227a0d73d7e69451ebf6aae9afb64b8c4a1656337a9bd9016937db204af07b2409ff8ffebe22147c785c1cd39e8ded8b146a768442d36e14c733cca5794b2e023edcc2226116e6926b25ebc9c26d719d569c0194591df57e5aa8a9162f7ced7e3d1970d2fa10851df0ac6e518d,gx-no-cache=1742569794542 HTTP/1.1" 200 30
129.222.173.48 - - [21/Mar/2025:12:08:09 -0300] "POST /cormun/servlet/solicitudot?gx-no-cache=1742569798245 HTTP/1.1" 200 30
129.222.173.48 - - [21/Mar/2025:12:08:12 -0300] "GET /cormun/servlet/prfichaempleado?,MD,,gxPopupLevel%3D0%3B HTTP/1.1" 200 9223
129.222.173.48 - - [21/Mar/2025:12:08:18 -0300] "POST /cormun/servlet/prfichaempleado?bdca005d8f36f084b2e03a420000375e,,MD,,gxPopupLevel%3D0%3B,gx-no-cache=1742569807536 HTTP/1.1" 200 4476
129.222.173.48 - - [21/Mar/2025:12:08:25 -0300] "POST /cormun/servlet/solicitudot?gx-no-cache=1742569814687 HTTP/1.1" 200 1482
129.222.173.48 - - [21/Mar/2025:12:08:29 -0300] "GET /cormun/static/menuarrow.gif HTTP/1.1" 404 1015
129.222.173.48 - - [21/Mar/2025:12:08:31 -0300] "GET /cormun/servlet/prlicenciaspermisos?9523283,L,,MD,,gxPopupLevel%3D0%3B HTTP/1.1" 200 6023
129.222.173.48 - - [21/Mar/2025:12:08:37 -0300] "POST /cormun/servlet/solicitudot?gx-no-cache=1742569826231 HTTP/1.1" 200 41
104.244.78.110 - tomcat [21/Mar/2025:12:08:42 -0300] "GET /manager/html HTTP/1.1" 403 3196
129.222.173.48 - - [21/Mar/2025:12:08:48 -0300] "GET /cormun/servlet/solicitudot?8f3ce19ff2b3bff738a44562ca6214dd212e1ff4aa2be190aec4c9f2259a7c70a642eaa5482abc74aaa01ec849555956299e567e9642f69f60be7920c5a55dfbfb1accabd3ad19b93905c68262a8205bd08120b0efec0097a36a024c3b1e6f78daa413d0b860b33b44620ba9081616f2,gx-no-cache=1742569837534 HTTP/1.1" 200 110
129.222.173.48 - - [21/Mar/2025:12:08:53 -0300] "POST /cormun/servlet/solicitudot?gx-no-cache=1742569842278 HTTP/1.1" 200 79
129.222.173.48 - - [21/Mar/2025:12:08:59 -0300] "GET /cormun/servlet/solicitudot?8f3ce19ff2b3bff738a44562ca6214dd61190a9d052d8e86f3d683c1429f171220750936893132b2e92edffa84c9cbc56df54f2d4768c60eb39e5d87983d4a92bbf0ab3a3325b5ba3372db0e64172e38,gx-no-cache=1742569848388 HTTP/1.1" 200 29
129.222.173.48 - - [21/Mar/2025:12:09:02 -0300] "GET /cormun/servlet/solicitudot?8f3ce19ff2b3bff738a44562ca6214dd8bf0b8577136c1fdfca61665fbe63abca86ddb6060156277eec86d17825c4f71,gx-no-cache=1742569851941 HTTP/1.1" 200 30
129.222.173.48 - - [21/Mar/2025:12:09:02 -0300] "POST /cormun/servlet/solicitudot?gx-no-cache=1742569851993 HTTP/1.1" 200 34
129.222.173.48 - - [21/Mar/2025:12:09:20 -0300] "POST /cormun/servlet/solicitudot?bdca005d8f36f084b2e03a420000375e,INS,0,0,false,,gx-no-cache=1742569869359 HTTP/1.1" 200 13005
201.186.226.3 - - [21/Mar/2025:12:09:41 -0300] "GET /cormun/servlet/prbanco?,MD,,gxPopupLevel%3D0%3B HTTP/1.1" 200 6557
201.186.226.3 - - [21/Mar/2025:12:09:44 -0300] "GET /cormun/servlet/solicitudot?edfd762e7b38d075e937e669aa32b83566719fcde697c08ca789ef46dabdabb870067fbe5856d4e803c62dbbcec8157d053ac5e3678420ca8346c47df510fd3c,gx-no-cache=1742569894076 HTTP/1.1" 200 30
201.186.226.3 - - [21/Mar/2025:12:09:45 -0300] "GET /cormun/servlet/solicitudot?edfd762e7b38d075e937e669aa32b8358c4657b20bfef36a03d728b2f196dd3b,gx-no-cache=1742569894876 HTTP/1.1" 200 53
201.186.226.3 - - [21/Mar/2025:12:10:12 -0300] "POST /cormun/servlet/solicitudot?gx-no-cache=1742569921229 HTTP/1.1" 200 256
201.186.226.3 - - [21/Mar/2025:12:10:14 -0300] "GET /cormun/servlet/solicitudot?edfd762e7b38d075e937e669aa32b8352e181a67bef1359c6a02cdfbaf7d89cfadb6124fc694b0c530f87c220ce2b635aa21c41605137412e7e327453998534df86b504bca70685e1437f66cae7c0ac792982876182d0869f8af8e29a0c8902c7967b23354f55323cf462fdad29dfa12e5c4a8f0ae0f489e004ebf8e7408c6f25dddfd262c5284d6be77fe832cd9ab6c0d1591ed21370e38861ebb05bf0cde31d195674d238dd601403c622b2ac4ad1fadb3fff82d9c19f8fbbde3e8b437aed07eebd207c6ff62fba04f4cf4d605510ca20d87cab61d98406ee7fc9a7fade5dc7f6536c9a7eeca97b1859c014ce09c639addaeaaebcc11b31a9a604e6293850a4d58a36616ed3c50f0d82daed1d1ebbc12cc13d221a47456a079dc234d0b67976946f6e69e6fb36ff93823d71a96807c41c998b698d4f2cba5180f55395eb5de4ae777287b8c11494e48c93ce2acd76cb315cc462fa4fac518b9ec85c553d877d2ee5b37cdc1a4a3b3b45c00cdb5db12739da609b3f9bc299332c7efe36ecd23,gx-no-cache=1742569923367 HTTP/1.1" 200 30
201.186.226.3 - - [21/Mar/2025:12:10:16 -0300] "POST /cormun/servlet/solicitudot?gx-no-cache=1742569926030 HTTP/1.1" 200 30
201.186.226.3 - - [21/Mar/2025:12:10:17 -0300] "POST /cormun/servlet/solicitudot?gx-no-cache=1742569926894 HTTP/1.1" 200 1480
201.186.226.3 - - [21/Mar/2025:12:10:17 -0300] "POST /cormun/servlet/solicitudot?gx-no-cache=1742569926943 HTTP/1.1" 200 38
129.222.173.48 - - [21/Mar/2025:12:10:46 -0300] "GET /cormun/servlet/hlogin HTTP/1.1" 200 1718
104.244.78.110 - tomcat [21/Mar/2025:12:10:47 -0300] "GET /manager/html HTTP/1.1" 403 3196
129.222.173.48 - - [21/Mar/2025:12:10:48 -0300] "POST /cormun/servlet/hlogin?c942dab35490fb0271322db3af1a0324,gx-no-cache=1742569957999 HTTP/1.1" 200 90
129.222.173.48 - - [21/Mar/2025:12:10:49 -0300] "GET /cormun/servlet/hpexe_link HTTP/1.1" 200 948
129.222.173.48 - - [21/Mar/2025:12:10:49 -0300] "GET /cormun/servlet/hhome HTTP/1.1" 200 3932
129.222.173.48 - - [21/Mar/2025:12:10:55 -0300] "GET /cormun/servlet/trsolicitudot? HTTP/1.1" 200 7148
129.222.173.48 - - [21/Mar/2025:12:10:55 -0300] "GET /cormun/static/gxcfg.js?20221129846531 HTTP/1.1" 200 953
129.222.173.48 - - [21/Mar/2025:12:10:56 -0300] "GET /cormun/static/trsolicitudot.js?202211298465651 HTTP/1.1" 200 54040
129.222.173.48 - - [21/Mar/2025:12:10:59 -0300] "GET /cormun/servlet/solicitudot?INS,0,0,false, HTTP/1.1" 200 15936
129.222.173.48 - - [21/Mar/2025:12:11:00 -0300] "GET /cormun/static/gxcfg.js?20221129840861 HTTP/1.1" 200 953
129.222.173.48 - - [21/Mar/2025:12:11:00 -0300] "GET /cormun/static/Resources/prompt.gif HTTP/1.1" 200 902
129.222.173.48 - - [21/Mar/2025:12:11:00 -0300] "GET /cormun/static/solicitudot.js?20221129840983 HTTP/1.1" 200 74072
129.222.173.48 - - [21/Mar/2025:12:11:17 -0300] "POST /cormun/servlet/solicitudot?gx-no-cache=1742569986303 HTTP/1.1" 200 4039
129.222.173.48 - - [21/Mar/2025:12:11:17 -0300] "POST /cormun/servlet/solicitudot?c942dab35490fb0271322db3af1a0324,INS,0,0,false,,gx-no-cache=1742569986518 HTTP/1.1" 200 12613
129.222.173.48 - - [21/Mar/2025:12:11:21 -0300] "GET /cormun/servlet/solicitudot?5b32acdcf49908145a88aaa070323aa03356889121efca8af82a55c79d15df103a5a072ac699de4a642b891cb4ab3cd5,gx-no-cache=1742569990128 HTTP/1.1" 200 111
129.222.173.48 - - [21/Mar/2025:12:11:21 -0300] "GET /cormun/static/Shared/jqueryui/images/ui-bg_highlight-soft_100_c6c2c8_1x100.png HTTP/1.1" 404 1117
129.222.173.48 - - [21/Mar/2025:12:11:21 -0300] "GET /cormun/static/Shared/jqueryui/images/ui-bg_flat_55_994d53_40x100.png HTTP/1.1" 404 1097
129.222.173.48 - - [21/Mar/2025:12:11:21 -0300] "GET /cormun/static/Shared/jqueryui/images/ui-icons_82798d_256x240.png HTTP/1.1" 404 1089
129.222.173.48 - - [21/Mar/2025:12:11:21 -0300] "GET /cormun/static/Shared/jqueryui/images/ui-icons_ebccce_256x240.png HTTP/1.1" 404 1089
91.208.206.203 - - [21/Mar/2025:12:11:27 -0300] "GET /manager/html HTTP/1.1" 401 2474
