201.186.226.3 - - [21/Mar/2025:09:33:43 -0300] "GET /cormun/static/accidentes.js?202211298435252 HTTP/1.1" 200 26306
201.186.225.191 - - [21/Mar/2025:09:33:44 -0300] "POST /cormun/servlet/solicitudot?gx-no-cache=1742560534084 HTTP/1.1" 200 30
201.186.225.191 - - [21/Mar/2025:09:33:44 -0300] "POST /cormun/servlet/solicitudot?gx-no-cache=1742560534134 HTTP/1.1" 200 1482
201.186.225.191 - - [21/Mar/2025:09:33:44 -0300] "POST /cormun/servlet/solicitudot?gx-no-cache=1742560534220 HTTP/1.1" 200 41
201.186.225.191 - - [21/Mar/2025:09:33:44 -0300] "GET /cormun/servlet/solicitudot?f5afd10a772dcece9a0ea0d9b6623433bd4df5d0f35745fba78b9e8470ca6c304664f67bed05d85d813baecdb09218d747598bf4e5267f2ca84007a58bc46bc4ee7fc86a5fcb10fb525e44a84a0499e04462417683afc981a48020568b9c4333122f28394297967797e5a57ec5ee3273,gx-no-cache=1742560534245 HTTP/1.1" 200 110
201.186.226.3 - - [21/Mar/2025:09:33:50 -0300] "GET /cormun/servlet/prfichaempleadoprev?,MD,,gxPopupLevel%3D0%3B HTTP/1.1" 200 9129
201.186.226.3 - - [21/Mar/2025:09:33:50 -0300] "GET /cormun/static/gxcfg.js?201991422585539 HTTP/1.1" 200 953
201.186.226.3 - - [21/Mar/2025:09:33:50 -0300] "GET /cormun/static/prfichaempleadoprev.js?201991422585796 HTTP/1.1" 200 15953
201.186.226.3 - - [21/Mar/2025:09:33:50 -0300] "GET /cormun/static/Resources/Spanish/PXTools.css?2294816 HTTP/1.1" 200 100853
201.186.226.3 - - [21/Mar/2025:09:33:51 -0300] "POST /cormun/servlet/acontrolpreferencessavestate?None,CSTA.F,true HTTP/1.1" 200 35
201.186.226.3 - - [21/Mar/2025:09:33:57 -0300] "POST /cormun/servlet/prfichaempleadoprev?5234b4bc0eac6e3cf1685f5e6de5ec5b,,MD,,gxPopupLevel%3D0%3B,gx-no-cache=1742560547041 HTTP/1.1" 200 5206
201.186.225.191 - - [21/Mar/2025:09:34:00 -0300] "POST /cormun/servlet/solicitudot?gx-no-cache=1742560550317 HTTP/1.1" 200 64
201.186.225.191 - - [21/Mar/2025:09:34:03 -0300] "GET /cormun/servlet/solicitudot?f5afd10a772dcece9a0ea0d9b662343391dd710665210ad1c22547c137cbe1a2610acf781d732bf340c09a611cb807ce9068af289a2b48e2cd033f4e796ee19517c29e09bb2c82d87f9163372f9408a5d55a27170e58f3cb8570855c45ac6090cc0a7cffbb641daff7b7549f51834c30,gx-no-cache=1742560553524 HTTP/1.1" 200 29
201.186.225.193 - - [21/Mar/2025:09:34:07 -0300] "GET /cormun/servlet/hhome HTTP/1.1" 200 3320
201.186.225.193 - - [21/Mar/2025:09:34:08 -0300] "GET /cormun/servlet/hlogin HTTP/1.1" 200 1734
201.186.225.191 - - [21/Mar/2025:09:34:08 -0300] "GET /cormun/servlet/solicitudot?f5afd10a772dcece9a0ea0d9b662343310b59717a33664f9549cff74fe376b6b3c62bb58bd2b41c4c563053e69071c1d,gx-no-cache=1742560558805 HTTP/1.1" 200 30
201.186.225.191 - - [21/Mar/2025:09:34:08 -0300] "POST /cormun/servlet/solicitudot?gx-no-cache=1742560558846 HTTP/1.1" 200 34
201.186.226.3 - - [21/Mar/2025:09:34:10 -0300] "GET /cormun/static/menuarrow.gif HTTP/1.1" 404 1015
201.186.225.193 - - [21/Mar/2025:09:34:11 -0300] "POST /cormun/servlet/hlogin?e661c56fb4e726e8eea0ed6219b53fcf,gx-no-cache=1742560560469 HTTP/1.1" 200 90
201.186.225.193 - - [21/Mar/2025:09:34:11 -0300] "GET /cormun/servlet/hpexe_link HTTP/1.1" 200 950
201.186.225.193 - - [21/Mar/2025:09:34:11 -0300] "GET /cormun/servlet/hhome HTTP/1.1" 200 4293
190.95.15.31 - - [21/Mar/2025:09:34:12 -0300] "GET /cormun/servlet/solicitudot?3719da36596818a20acbcd06bd05079a6584827f7dc6d4a6e5e1387d3b0b5c7ab61ed6d8ca0057e0fd8956899b3c5d0eaf8cb633333c39ea6facd5e6a1143e7d150706c4faa0174eaefc623d37ef8109c0f751805d87805b9e9f22bfd06e6bf3a8b58a63d56e238b5cf700c40e4137fc,gx-no-cache=1742560562386 HTTP/1.1" 200 110
201.186.225.193 - - [21/Mar/2025:09:34:14 -0300] "GET /cormun/servlet/trlicencias? HTTP/1.1" 200 11611
201.186.225.191 - - [21/Mar/2025:09:34:17 -0300] "POST /cormun/servlet/solicitudot?81dd52ee97fda3b641cf57bf77e789f9,INS,0,0,false,,gx-no-cache=1742560567192 HTTP/1.1" 200 93
201.186.225.191 - - [21/Mar/2025:09:34:18 -0300] "GET /cormun/servlet/hpexe_return? HTTP/1.1" 200 1002
201.186.225.191 - - [21/Mar/2025:09:34:18 -0300] "GET /cormun/servlet/trsolicitudot HTTP/1.1" 200 8812
201.186.225.191 - - [21/Mar/2025:09:34:21 -0300] "GET /cormun/servlet/solicitudot?INS,0,0,false, HTTP/1.1" 200 16183
190.95.15.31 - - [21/Mar/2025:09:34:24 -0300] "POST /cormun/servlet/solicitudot?gx-no-cache=1742560575014 HTTP/1.1" 200 97
201.186.226.3 - - [21/Mar/2025:09:34:27 -0300] "GET /cormun/servlet/trsolicitudot? HTTP/1.1" 200 7108
201.186.225.191 - - [21/Mar/2025:09:34:29 -0300] "GET /cormun/servlet/trsolicitudot? HTTP/1.1" 200 8809
190.95.15.31 - - [21/Mar/2025:09:34:31 -0300] "GET /cormun/servlet/solicitudot?3719da36596818a20acbcd06bd05079afcfcb19a6723e6fd0ab1c016069a1a38d8e0928a79a0f4ee0a5b29013d0d4e1e0fddfb89712b8b1ae9ed22e421d5ba39e7c83b6d50d0fc7103b946c0c61b1fdd847630f9e44cc9febf088fe819e31062d73220938e8b696b4f76a178da20725b,gx-no-cache=1742560581978 HTTP/1.1" 200 29
190.95.15.31 - - [21/Mar/2025:09:34:31 -0300] "GET /cormun/static/menuarrow.gif HTTP/1.1" 404 1015
201.186.226.3 - - [21/Mar/2025:09:34:34 -0300] "POST /cormun/servlet/acontrolpreferencessavestate?None,CSTA.F,true HTTP/1.1" 200 35
201.186.226.3 - - [21/Mar/2025:09:34:34 -0300] "GET /cormun/servlet/solicitudot?INS,0,0,false, HTTP/1.1" 200 15881
190.95.67.95 - - [21/Mar/2025:09:34:34 -0300] "POST /cormun/servlet/solicitudot?gx-no-cache=1742560580129 HTTP/1.1" 200 30
201.186.225.191 - - [21/Mar/2025:09:34:36 -0300] "POST /cormun/servlet/trsolicitudot?81dd52ee97fda3b641cf57bf77e789f9,,gx-no-cache=1742560586313 HTTP/1.1" 200 106
201.186.225.191 - - [21/Mar/2025:09:34:36 -0300] "GET /cormun/servlet/trsolicitudadjuntos?2025,22216, HTTP/1.1" 200 6291
201.186.225.191 - - [21/Mar/2025:09:34:39 -0300] "GET /cormun/servlet/solicitudotadjuntos?INS,2025,22216,,1, HTTP/1.1" 200 6234
201.186.225.191 - - [21/Mar/2025:09:34:39 -0300] "GET /cormun/static/gxcfg.js?202211298385187 HTTP/1.1" 200 953
201.186.225.191 - - [21/Mar/2025:09:34:39 -0300] "GET /cormun/static/solicitudotadjuntos.js?202211298385196 HTTP/1.1" 200 11771
201.186.225.191 - - [21/Mar/2025:09:34:40 -0300] "GET /cormun/static/about:blank HTTP/1.1" 404 1011
201.186.225.191 - - [21/Mar/2025:09:34:40 -0300] "GET /cormun/servlet/solicitudotadjuntos?f5afd10a772dcece9a0ea0d9b66234338d4cdbcf4b46be6e926d40785f6235bf295474ce1da4989630198de9d546d855,gx-no-cache=1742560590418 HTTP/1.1" 200 30
201.186.226.3 - - [21/Mar/2025:09:34:40 -0300] "GET /cormun/servlet/prfichaempleado?,MD,,gxPopupLevel%3D0%3B HTTP/1.1" 200 9166
201.186.225.191 - - [21/Mar/2025:09:34:40 -0300] "POST /cormun/servlet/solicitudotadjuntos?81dd52ee97fda3b641cf57bf77e789f9,INS,2025,22216,,1,,gx-no-cache=1742560590437 HTTP/1.1" 200 4146
201.186.225.191 - - [21/Mar/2025:09:34:42 -0300] "POST /cormun/servlet/solicitudotadjuntos?gx-no-cache=1742560592373 HTTP/1.1" 200 26
201.186.226.3 - - [21/Mar/2025:09:34:45 -0300] "POST /cormun/servlet/prfichaempleado?5234b4bc0eac6e3cf1685f5e6de5ec5b,,MD,,gxPopupLevel%3D0%3B,gx-no-cache=1742560595113 HTTP/1.1" 200 4022
201.186.226.3 - - [21/Mar/2025:09:34:48 -0300] "GET /cormun/servlet/trfichaempleado HTTP/1.1" 200 10907
201.186.226.3 - - [21/Mar/2025:09:35:00 -0300] "POST /cormun/servlet/prfichaempleado?5234b4bc0eac6e3cf1685f5e6de5ec5b,,MD,,gxPopupLevel%3D0%3B,gx-no-cache=1742560609695 HTTP/1.1" 200 3173
201.186.225.191 - - [21/Mar/2025:09:35:01 -0300] "GET /cormun/servlet/solicitudotadjuntos?f5afd10a772dcece9a0ea0d9b662343353b88c625923a558497d4ede2c8a3038,gx-no-cache=1742560611864 HTTP/1.1" 200 30
201.186.225.191 - - [21/Mar/2025:09:35:02 -0300] "GET /cormun/servlet/solicitudotadjuntos?f5afd10a772dcece9a0ea0d9b662343353b88c625923a558497d4ede2c8a3038,gx-no-cache=1742560611890 HTTP/1.1" 200 30
201.186.225.191 - - [21/Mar/2025:09:35:02 -0300] "POST /cormun/servlet/solicitudotadjuntos?81dd52ee97fda3b641cf57bf77e789f9,INS,2025,22216,,1, HTTP/1.1" 200 116
201.186.225.191 - - [21/Mar/2025:09:35:02 -0300] "GET /cormun/servlet/hpexe_return? HTTP/1.1" 200 1020
201.186.225.191 - - [21/Mar/2025:09:35:02 -0300] "GET /cormun/servlet/trsolicitudadjuntos?2025,22216, HTTP/1.1" 200 9298
201.186.225.191 - - [21/Mar/2025:09:35:04 -0300] "GET /cormun/servlet/solicitudotadjuntos?INS,2025,22216,,1, HTTP/1.1" 200 6235
201.186.225.191 - - [21/Mar/2025:09:35:04 -0300] "GET /cormun/static/about:blank HTTP/1.1" 404 1011
201.186.225.191 - - [21/Mar/2025:09:35:05 -0300] "GET /cormun/servlet/solicitudotadjuntos?f5afd10a772dcece9a0ea0d9b66234338d4cdbcf4b46be6e926d40785f6235bf295474ce1da4989630198de9d546d855,gx-no-cache=1742560615359 HTTP/1.1" 200 30
201.186.225.191 - - [21/Mar/2025:09:35:05 -0300] "POST /cormun/servlet/solicitudotadjuntos?81dd52ee97fda3b641cf57bf77e789f9,INS,2025,22216,,1,,gx-no-cache=1742560615378 HTTP/1.1" 200 4147
201.186.225.191 - - [21/Mar/2025:09:35:08 -0300] "POST /cormun/servlet/solicitudotadjuntos?gx-no-cache=1742560618306 HTTP/1.1" 200 26
201.186.226.3 - - [21/Mar/2025:09:35:10 -0300] "POST /cormun/servlet/prfichaempleado?5234b4bc0eac6e3cf1685f5e6de5ec5b,,MD,,gxPopupLevel%3D0%3B,gx-no-cache=1742560619481 HTTP/1.1" 200 3170
201.186.225.191 - - [21/Mar/2025:09:35:15 -0300] "GET /cormun/servlet/solicitudotadjuntos?f5afd10a772dcece9a0ea0d9b662343353b88c625923a558497d4ede2c8a3038,gx-no-cache=1742560625592 HTTP/1.1" 200 30
201.186.225.191 - - [21/Mar/2025:09:35:15 -0300] "GET /cormun/servlet/solicitudotadjuntos?f5afd10a772dcece9a0ea0d9b662343353b88c625923a558497d4ede2c8a3038,gx-no-cache=1742560625619 HTTP/1.1" 200 30
201.186.225.191 - - [21/Mar/2025:09:35:16 -0300] "POST /cormun/servlet/solicitudotadjuntos?81dd52ee97fda3b641cf57bf77e789f9,INS,2025,22216,,1, HTTP/1.1" 200 116
201.186.225.191 - - [21/Mar/2025:09:35:16 -0300] "GET /cormun/servlet/hpexe_return? HTTP/1.1" 200 1020
201.186.225.191 - - [21/Mar/2025:09:35:16 -0300] "GET /cormun/servlet/trsolicitudadjuntos?2025,22216, HTTP/1.1" 200 9587
201.186.225.191 - - [21/Mar/2025:09:35:18 -0300] "GET /cormun/servlet/solicitudotadjuntos?INS,2025,22216,,1, HTTP/1.1" 200 6235
201.186.225.191 - - [21/Mar/2025:09:35:18 -0300] "GET /cormun/static/about:blank HTTP/1.1" 404 1011
201.186.225.191 - - [21/Mar/2025:09:35:19 -0300] "GET /cormun/servlet/solicitudotadjuntos?f5afd10a772dcece9a0ea0d9b66234338d4cdbcf4b46be6e926d40785f6235bf295474ce1da4989630198de9d546d855,gx-no-cache=1742560629378 HTTP/1.1" 200 30
201.186.225.191 - - [21/Mar/2025:09:35:19 -0300] "POST /cormun/servlet/solicitudotadjuntos?81dd52ee97fda3b641cf57bf77e789f9,INS,2025,22216,,1,,gx-no-cache=1742560629396 HTTP/1.1" 200 4147
201.186.226.3 - - [21/Mar/2025:09:35:20 -0300] "GET /cormun/servlet/prfichaempleado?,MD,,gxPopupLevel%3D0%3B HTTP/1.1" 200 9166
190.95.15.31 - - [21/Mar/2025:09:35:20 -0300] "GET /cormun/servlet/solicitudot?3719da36596818a20acbcd06bd05079affe1c8948c10ff2fbabf9de10209094ea439b84a9170ae4601efdb6d6570272b,gx-no-cache=1742560631130 HTTP/1.1" 200 30
201.186.225.191 - - [21/Mar/2025:09:35:21 -0300] "POST /cormun/servlet/solicitudotadjuntos?gx-no-cache=1742560631833 HTTP/1.1" 200 26
201.186.226.3 - - [21/Mar/2025:09:35:24 -0300] "POST /cormun/servlet/prfichaempleado?5234b4bc0eac6e3cf1685f5e6de5ec5b,,MD,,gxPopupLevel%3D0%3B,gx-no-cache=1742560634066 HTTP/1.1" 200 4022
201.186.225.191 - - [21/Mar/2025:09:35:28 -0300] "GET /cormun/servlet/solicitudotadjuntos?f5afd10a772dcece9a0ea0d9b662343353b88c625923a558497d4ede2c8a3038,gx-no-cache=1742560638624 HTTP/1.1" 200 30
201.186.225.191 - - [21/Mar/2025:09:35:28 -0300] "GET /cormun/servlet/solicitudotadjuntos?f5afd10a772dcece9a0ea0d9b662343353b88c625923a558497d4ede2c8a3038,gx-no-cache=1742560638639 HTTP/1.1" 200 30
201.186.225.191 - - [21/Mar/2025:09:35:28 -0300] "POST /cormun/servlet/solicitudotadjuntos?81dd52ee97fda3b641cf57bf77e789f9,INS,2025,22216,,1, HTTP/1.1" 200 116
201.186.225.191 - - [21/Mar/2025:09:35:28 -0300] "GET /cormun/servlet/hpexe_return? HTTP/1.1" 200 1020
201.186.225.191 - - [21/Mar/2025:09:35:29 -0300] "GET /cormun/servlet/trsolicitudadjuntos?2025,22216, HTTP/1.1" 200 9826
201.186.225.191 - - [21/Mar/2025:09:35:31 -0300] "GET /cormun/servlet/solicitudotadjuntos?INS,2025,22216,,1, HTTP/1.1" 200 6235
201.186.225.191 - - [21/Mar/2025:09:35:31 -0300] "GET /cormun/static/about:blank HTTP/1.1" 404 1011
201.186.225.191 - - [21/Mar/2025:09:35:32 -0300] "GET /cormun/servlet/solicitudotadjuntos?f5afd10a772dcece9a0ea0d9b66234338d4cdbcf4b46be6e926d40785f6235bf295474ce1da4989630198de9d546d855,gx-no-cache=1742560642241 HTTP/1.1" 200 30
201.186.225.191 - - [21/Mar/2025:09:35:32 -0300] "POST /cormun/servlet/solicitudotadjuntos?81dd52ee97fda3b641cf57bf77e789f9,INS,2025,22216,,1,,gx-no-cache=1742560642262 HTTP/1.1" 200 4147
190.95.15.31 - - [21/Mar/2025:09:35:32 -0300] "POST /cormun/servlet/solicitudot?gx-no-cache=1742560642867 HTTP/1.1" 200 30
104.244.78.110 - tomcat [21/Mar/2025:09:35:32 -0300] "GET /manager/html HTTP/1.1" 403 3196
190.95.15.31 - - [21/Mar/2025:09:35:33 -0300] "POST /cormun/servlet/solicitudot?c39fe5c4463078d844f3bb11511a5ca8,INS,0,0,false,,gx-no-cache=1742560642895 HTTP/1.1" 200 93
190.95.15.31 - - [21/Mar/2025:09:35:33 -0300] "GET /cormun/servlet/hpexe_return? HTTP/1.1" 200 1004
190.95.15.31 - - [21/Mar/2025:09:35:33 -0300] "GET /cormun/servlet/trsolicitudot HTTP/1.1" 200 8982
201.186.225.191 - - [21/Mar/2025:09:35:35 -0300] "POST /cormun/servlet/solicitudotadjuntos?gx-no-cache=1742560645097 HTTP/1.1" 200 26
201.186.225.191 - - [21/Mar/2025:09:35:40 -0300] "GET /cormun/servlet/solicitudotadjuntos?f5afd10a772dcece9a0ea0d9b662343353b88c625923a558497d4ede2c8a3038,gx-no-cache=1742560650008 HTTP/1.1" 200 30
201.186.225.191 - - [21/Mar/2025:09:35:40 -0300] "GET /cormun/servlet/solicitudotadjuntos?f5afd10a772dcece9a0ea0d9b662343353b88c625923a558497d4ede2c8a3038,gx-no-cache=1742560650023 HTTP/1.1" 200 30
201.186.225.191 - - [21/Mar/2025:09:35:40 -0300] "POST /cormun/servlet/solicitudotadjuntos?81dd52ee97fda3b641cf57bf77e789f9,INS,2025,22216,,1, HTTP/1.1" 200 116
201.186.225.191 - - [21/Mar/2025:09:35:40 -0300] "GET /cormun/servlet/hpexe_return? HTTP/1.1" 200 1020
201.186.225.191 - - [21/Mar/2025:09:35:40 -0300] "GET /cormun/servlet/trsolicitudadjuntos?2025,22216, HTTP/1.1" 200 10063
201.186.225.191 - - [21/Mar/2025:09:35:42 -0300] "GET /cormun/servlet/solicitudotadjuntos?INS,2025,22216,,1, HTTP/1.1" 200 6235
201.186.225.191 - - [21/Mar/2025:09:35:42 -0300] "GET /cormun/static/about:blank HTTP/1.1" 404 1011
201.186.225.191 - - [21/Mar/2025:09:35:43 -0300] "GET /cormun/servlet/solicitudotadjuntos?f5afd10a772dcece9a0ea0d9b66234338d4cdbcf4b46be6e926d40785f6235bf295474ce1da4989630198de9d546d855,gx-no-cache=1742560652952 HTTP/1.1" 200 30
201.186.225.191 - - [21/Mar/2025:09:35:43 -0300] "POST /cormun/servlet/solicitudotadjuntos?81dd52ee97fda3b641cf57bf77e789f9,INS,2025,22216,,1,,gx-no-cache=1742560653018 HTTP/1.1" 200 4147
201.186.225.191 - - [21/Mar/2025:09:35:45 -0300] "POST /cormun/servlet/solicitudotadjuntos?gx-no-cache=1742560655561 HTTP/1.1" 200 26
201.186.225.191 - - [21/Mar/2025:09:35:51 -0300] "GET /cormun/servlet/solicitudotadjuntos?f5afd10a772dcece9a0ea0d9b662343353b88c625923a558497d4ede2c8a3038,gx-no-cache=1742560661656 HTTP/1.1" 200 30
201.186.225.191 - - [21/Mar/2025:09:35:51 -0300] "GET /cormun/servlet/solicitudotadjuntos?f5afd10a772dcece9a0ea0d9b662343353b88c625923a558497d4ede2c8a3038,gx-no-cache=1742560661680 HTTP/1.1" 200 30
201.186.225.191 - - [21/Mar/2025:09:35:51 -0300] "POST /cormun/servlet/solicitudotadjuntos?81dd52ee97fda3b641cf57bf77e789f9,INS,2025,22216,,1, HTTP/1.1" 200 116
201.186.225.191 - - [21/Mar/2025:09:35:51 -0300] "GET /cormun/servlet/hpexe_return? HTTP/1.1" 200 1020
201.186.225.191 - - [21/Mar/2025:09:35:52 -0300] "GET /cormun/servlet/trsolicitudadjuntos?2025,22216, HTTP/1.1" 200 10354
201.186.225.191 - - [21/Mar/2025:09:35:54 -0300] "GET /cormun/servlet/solicitudotadjuntos?INS,2025,22216,,1, HTTP/1.1" 200 6235
201.186.225.191 - - [21/Mar/2025:09:35:54 -0300] "GET /cormun/static/about:blank HTTP/1.1" 404 1011
201.186.225.191 - - [21/Mar/2025:09:35:54 -0300] "GET /cormun/servlet/solicitudotadjuntos?f5afd10a772dcece9a0ea0d9b66234338d4cdbcf4b46be6e926d40785f6235bf295474ce1da4989630198de9d546d855,gx-no-cache=1742560664832 HTTP/1.1" 200 30
201.186.225.191 - - [21/Mar/2025:09:35:55 -0300] "POST /cormun/servlet/solicitudotadjuntos?81dd52ee97fda3b641cf57bf77e789f9,INS,2025,22216,,1,,gx-no-cache=1742560664865 HTTP/1.1" 200 4147
201.186.225.191 - - [21/Mar/2025:09:35:57 -0300] "POST /cormun/servlet/solicitudotadjuntos?gx-no-cache=1742560666929 HTTP/1.1" 200 26
201.186.225.191 - - [21/Mar/2025:09:36:03 -0300] "GET /cormun/servlet/solicitudotadjuntos?f5afd10a772dcece9a0ea0d9b662343353b88c625923a558497d4ede2c8a3038,gx-no-cache=1742560673200 HTTP/1.1" 200 30
201.186.225.191 - - [21/Mar/2025:09:36:03 -0300] "GET /cormun/servlet/solicitudotadjuntos?f5afd10a772dcece9a0ea0d9b662343353b88c625923a558497d4ede2c8a3038,gx-no-cache=1742560673225 HTTP/1.1" 200 30
201.186.225.191 - - [21/Mar/2025:09:36:03 -0300] "POST /cormun/servlet/solicitudotadjuntos?81dd52ee97fda3b641cf57bf77e789f9,INS,2025,22216,,1, HTTP/1.1" 200 116
201.186.225.191 - - [21/Mar/2025:09:36:03 -0300] "GET /cormun/servlet/hpexe_return? HTTP/1.1" 200 1020
201.186.225.191 - - [21/Mar/2025:09:36:03 -0300] "GET /cormun/servlet/trsolicitudadjuntos?2025,22216, HTTP/1.1" 200 10542
201.186.225.191 - - [21/Mar/2025:09:36:06 -0300] "GET /cormun/servlet/trautorizarsolicitud? HTTP/1.1" 200 7305
201.186.225.191 - - [21/Mar/2025:09:36:09 -0300] "GET /cormun/servlet/trsolicitudot? HTTP/1.1" 200 8809
201.186.225.191 - - [21/Mar/2025:09:36:16 -0300] "POST /cormun/servlet/trsolicitudot?81dd52ee97fda3b641cf57bf77e789f9,,gx-no-cache=1742560685987 HTTP/1.1" 200 4872
201.186.225.191 - - [21/Mar/2025:09:36:16 -0300] "GET /cormun/static/Shared/jqueryui/images/ui-bg_flat_55_fafafa_40x100.png HTTP/1.1" 404 1097
201.186.225.191 - - [21/Mar/2025:09:36:16 -0300] "GET /cormun/static/Shared/jqueryui/images/ui-icons_8d78a5_256x240.png HTTP/1.1" 404 1089
201.186.225.191 - - [21/Mar/2025:09:36:16 -0300] "GET /cormun/static/Shared/jqueryui/images/ui-icons_82798d_256x240.png HTTP/1.1" 404 1089
201.186.225.191 - - [21/Mar/2025:09:36:16 -0300] "GET /cormun/static/Shared/jqueryui/images/ui-bg_highlight-soft_100_c6c2c8_1x100.png HTTP/1.1" 404 1117
201.186.225.191 - - [21/Mar/2025:09:36:16 -0300] "POST /cormun/servlet/trsolicitudot?81dd52ee97fda3b641cf57bf77e789f9,,gx-no-cache=1742560686233 HTTP/1.1" 200 4613
91.208.206.203 - - [21/Mar/2025:09:36:18 -0300] "GET /manager/html HTTP/1.1" 401 2474
201.186.225.191 - - [21/Mar/2025:09:36:19 -0300] "GET /cormun/servlet/trautorizarsolicitud? HTTP/1.1" 200 8699
190.95.67.93 - - [21/Mar/2025:09:36:20 -0300] "POST /cormun/servlet/trsolicitudot?dae86e63fd8a9c9980effd4e25332775,gx-no-cache=1742560689672 HTTP/1.1" 200 6107
190.95.67.93 - - [21/Mar/2025:09:36:20 -0300] "GET /cormun/static/Shared/jqueryui/images/ui-bg_highlight-soft_100_c6c2c8_1x100.png HTTP/1.1" 404 1117
190.95.67.93 - - [21/Mar/2025:09:36:20 -0300] "GET /cormun/static/Shared/jqueryui/images/ui-icons_82798d_256x240.png HTTP/1.1" 404 1089
190.95.67.93 - - [21/Mar/2025:09:36:20 -0300] "GET /cormun/static/Shared/jqueryui/images/ui-icons_8d78a5_256x240.png HTTP/1.1" 404 1089
190.95.67.93 - - [21/Mar/2025:09:36:20 -0300] "GET /cormun/static/Shared/jqueryui/images/ui-bg_flat_55_fafafa_40x100.png HTTP/1.1" 404 1097
190.95.67.93 - - [21/Mar/2025:09:36:20 -0300] "POST /cormun/servlet/trsolicitudot?dae86e63fd8a9c9980effd4e25332775,gx-no-cache=1742560689888 HTTP/1.1" 200 6051
201.186.225.191 - - [21/Mar/2025:09:36:26 -0300] "POST /cormun/servlet/trautorizarsolicitud?81dd52ee97fda3b641cf57bf77e789f9,,gx-no-cache=1742560696375 HTTP/1.1" 200 4796
201.186.225.191 - - [21/Mar/2025:09:36:26 -0300] "POST /cormun/servlet/trautorizarsolicitud?81dd52ee97fda3b641cf57bf77e789f9,,gx-no-cache=1742560696504 HTTP/1.1" 200 4539
201.186.225.191 - - [21/Mar/2025:09:36:34 -0300] "GET /cormun/servlet/trvisualizadoreventos? HTTP/1.1" 200 6940
201.186.225.191 - - [21/Mar/2025:09:36:42 -0300] "POST /cormun/servlet/trvisualizadoreventos?81dd52ee97fda3b641cf57bf77e789f9,,gx-no-cache=1742560712006 HTTP/1.1" 200 4286
201.186.225.191 - - [21/Mar/2025:09:36:46 -0300] "POST /cormun/servlet/trvisualizadoreventos?81dd52ee97fda3b641cf57bf77e789f9,,gx-no-cache=1742560715884 HTTP/1.1" 200 4914
201.186.226.3 - - [21/Mar/2025:09:36:51 -0300] "POST /cormun/servlet/solicitudot?gx-no-cache=1742560720678 HTTP/1.1" 200 4039
201.186.226.3 - - [21/Mar/2025:09:36:51 -0300] "POST /cormun/servlet/solicitudot?5234b4bc0eac6e3cf1685f5e6de5ec5b,INS,0,0,false,,gx-no-cache=1742560720842 HTTP/1.1" 200 12615
201.186.226.3 - - [21/Mar/2025:09:36:53 -0300] "GET /cormun/servlet/solicitudot?262fcff728eb5113ff0a29194ff07f26ae2341af010fa92ce1bd4e7956957ab4a642c221ad4007556ceb000deffeb3d7,gx-no-cache=1742560723211 HTTP/1.1" 200 30
201.186.225.249 - - [21/Mar/2025:09:36:54 -0300] "GET /cormun/servlet/hlogin HTTP/1.1" 200 1719
201.186.225.249 - - [21/Mar/2025:09:37:01 -0300] "POST /cormun/servlet/hlogin?ee0cf5a6471ce82071ceaf0741269ffc,gx-no-cache=1742560731039 HTTP/1.1" 200 90
201.186.225.249 - - [21/Mar/2025:09:37:01 -0300] "GET /cormun/servlet/hpexe_link HTTP/1.1" 200 951
201.186.225.249 - - [21/Mar/2025:09:37:01 -0300] "GET /cormun/servlet/hhome HTTP/1.1" 200 4301
201.186.225.249 - - [21/Mar/2025:09:37:06 -0300] "GET /cormun/servlet/trsolicitudot? HTTP/1.1" 200 9341
201.186.225.249 - - [21/Mar/2025:09:37:18 -0300] "POST /cormun/servlet/trsolicitudot?ee0cf5a6471ce82071ceaf0741269ffc,,gx-no-cache=1742560748009 HTTP/1.1" 200 107
201.186.225.249 - - [21/Mar/2025:09:37:18 -0300] "GET /cormun/servlet/trsolicitudadjuntos?2025,22190, HTTP/1.1" 200 6407
201.186.225.249 - - [21/Mar/2025:09:37:20 -0300] "GET /cormun/servlet/solicitudotadjuntos?INS,2025,22190,,1, HTTP/1.1" 200 6356
201.186.225.249 - - [21/Mar/2025:09:37:20 -0300] "GET /cormun/static/about:blank HTTP/1.1" 404 1011
201.186.225.249 - - [21/Mar/2025:09:37:21 -0300] "GET /cormun/servlet/solicitudotadjuntos?400dd61ba4f173b65db0fc999bb37e49fba250c4cf0c05b9c9bb15a95a11a4917f25c853c6c2ec32f162987ffda6cb2a,gx-no-cache=1742560750739 HTTP/1.1" 200 30
201.186.225.249 - - [21/Mar/2025:09:37:21 -0300] "POST /cormun/servlet/solicitudotadjuntos?ee0cf5a6471ce82071ceaf0741269ffc,INS,2025,22190,,1,,gx-no-cache=1742560750756 HTTP/1.1" 200 4196
201.186.225.191 - - [21/Mar/2025:09:37:24 -0300] "GET /cormun/servlet/trvisualizadoreventos? HTTP/1.1" 200 7533
201.186.225.249 - - [21/Mar/2025:09:37:25 -0300] "POST /cormun/servlet/solicitudotadjuntos?gx-no-cache=1742560754526 HTTP/1.1" 200 26
201.186.225.249 - - [21/Mar/2025:09:37:29 -0300] "GET /cormun/servlet/solicitudotadjuntos?400dd61ba4f173b65db0fc999bb37e4989fdbdb8ed4d84071c6562501c57b92e,gx-no-cache=1742560758981 HTTP/1.1" 200 30
201.186.225.249 - - [21/Mar/2025:09:37:29 -0300] "GET /cormun/servlet/solicitudotadjuntos?400dd61ba4f173b65db0fc999bb37e4989fdbdb8ed4d84071c6562501c57b92e,gx-no-cache=1742560758995 HTTP/1.1" 200 30
201.186.225.249 - - [21/Mar/2025:09:37:29 -0300] "POST /cormun/servlet/solicitudotadjuntos?ee0cf5a6471ce82071ceaf0741269ffc,INS,2025,22190,,1, HTTP/1.1" 200 116
201.186.225.249 - - [21/Mar/2025:09:37:29 -0300] "GET /cormun/servlet/hpexe_return? HTTP/1.1" 200 1025
201.186.225.249 - - [21/Mar/2025:09:37:29 -0300] "GET /cormun/servlet/trsolicitudadjuntos?2025,22190, HTTP/1.1" 200 9416
201.186.225.191 - - [21/Mar/2025:09:37:30 -0300] "POST /cormun/servlet/trvisualizadoreventos?81dd52ee97fda3b641cf57bf77e789f9,,gx-no-cache=1742560760519 HTTP/1.1" 200 4665
201.186.225.249 - - [21/Mar/2025:09:37:31 -0300] "GET /cormun/servlet/solicitudotadjuntos?INS,2025,22190,,1, HTTP/1.1" 200 6356
201.186.225.249 - - [21/Mar/2025:09:37:31 -0300] "GET /cormun/static/about:blank HTTP/1.1" 404 1011
201.186.225.249 - - [21/Mar/2025:09:37:32 -0300] "GET /cormun/servlet/solicitudotadjuntos?400dd61ba4f173b65db0fc999bb37e49fba250c4cf0c05b9c9bb15a95a11a4917f25c853c6c2ec32f162987ffda6cb2a,gx-no-cache=1742560761853 HTTP/1.1" 200 30
201.186.225.249 - - [21/Mar/2025:09:37:32 -0300] "POST /cormun/servlet/solicitudotadjuntos?ee0cf5a6471ce82071ceaf0741269ffc,INS,2025,22190,,1,,gx-no-cache=1742560761870 HTTP/1.1" 200 4196
201.186.225.249 - - [21/Mar/2025:09:37:34 -0300] "POST /cormun/servlet/solicitudotadjuntos?gx-no-cache=1742560764406 HTTP/1.1" 200 26
201.186.225.191 - - [21/Mar/2025:09:37:35 -0300] "GET /cormun/servlet/trsolicitudot? HTTP/1.1" 200 7401
104.244.78.110 - tomcat [21/Mar/2025:09:37:35 -0300] "GET /manager/html HTTP/1.1" 403 3196
201.186.225.249 - - [21/Mar/2025:09:37:40 -0300] "GET /cormun/servlet/solicitudotadjuntos?400dd61ba4f173b65db0fc999bb37e4989fdbdb8ed4d84071c6562501c57b92e,gx-no-cache=1742560769670 HTTP/1.1" 200 30
201.186.225.249 - - [21/Mar/2025:09:37:40 -0300] "GET /cormun/servlet/solicitudotadjuntos?400dd61ba4f173b65db0fc999bb37e4989fdbdb8ed4d84071c6562501c57b92e,gx-no-cache=1742560769683 HTTP/1.1" 200 30
201.186.225.249 - - [21/Mar/2025:09:37:40 -0300] "POST /cormun/servlet/solicitudotadjuntos?ee0cf5a6471ce82071ceaf0741269ffc,INS,2025,22190,,1, HTTP/1.1" 200 116
201.186.225.249 - - [21/Mar/2025:09:37:40 -0300] "GET /cormun/servlet/hpexe_return? HTTP/1.1" 200 1025
201.186.225.249 - - [21/Mar/2025:09:37:40 -0300] "GET /cormun/servlet/trsolicitudadjuntos?2025,22190, HTTP/1.1" 200 9672
201.186.225.191 - - [21/Mar/2025:09:37:42 -0300] "POST /cormun/servlet/trsolicitudot?81dd52ee97fda3b641cf57bf77e789f9,,gx-no-cache=1742560772071 HTTP/1.1" 200 4639
201.186.225.249 - - [21/Mar/2025:09:37:42 -0300] "GET /cormun/servlet/solicitudotadjuntos?INS,2025,22190,,1, HTTP/1.1" 200 6356
201.186.225.249 - - [21/Mar/2025:09:37:42 -0300] "GET /cormun/static/about:blank HTTP/1.1" 404 1011
201.186.225.249 - - [21/Mar/2025:09:37:43 -0300] "GET /cormun/servlet/solicitudotadjuntos?400dd61ba4f173b65db0fc999bb37e49fba250c4cf0c05b9c9bb15a95a11a4917f25c853c6c2ec32f162987ffda6cb2a,gx-no-cache=1742560772519 HTTP/1.1" 200 30
201.186.225.249 - - [21/Mar/2025:09:37:43 -0300] "POST /cormun/servlet/solicitudotadjuntos?ee0cf5a6471ce82071ceaf0741269ffc,INS,2025,22190,,1,,gx-no-cache=1742560772541 HTTP/1.1" 200 4196
201.186.225.249 - - [21/Mar/2025:09:37:46 -0300] "POST /cormun/servlet/solicitudotadjuntos?gx-no-cache=1742560775790 HTTP/1.1" 200 26
201.186.225.249 - - [21/Mar/2025:09:37:52 -0300] "GET /cormun/servlet/solicitudotadjuntos?400dd61ba4f173b65db0fc999bb37e4989fdbdb8ed4d84071c6562501c57b92e,gx-no-cache=1742560781694 HTTP/1.1" 200 30
201.186.225.249 - - [21/Mar/2025:09:37:52 -0300] "GET /cormun/servlet/solicitudotadjuntos?400dd61ba4f173b65db0fc999bb37e4989fdbdb8ed4d84071c6562501c57b92e,gx-no-cache=1742560781708 HTTP/1.1" 200 30
201.186.225.249 - - [21/Mar/2025:09:37:52 -0300] "POST /cormun/servlet/solicitudotadjuntos?ee0cf5a6471ce82071ceaf0741269ffc,INS,2025,22190,,1, HTTP/1.1" 200 116
201.186.225.249 - - [21/Mar/2025:09:37:52 -0300] "GET /cormun/servlet/hpexe_return? HTTP/1.1" 200 1025
201.186.225.249 - - [21/Mar/2025:09:37:52 -0300] "GET /cormun/servlet/trsolicitudadjuntos?2025,22190, HTTP/1.1" 200 9933
201.186.225.191 - - [21/Mar/2025:09:37:53 -0300] "POST /cormun/servlet/trsolicitudot?81dd52ee97fda3b641cf57bf77e789f9,,gx-no-cache=1742560783202 HTTP/1.1" 200 6101
201.186.225.249 - - [21/Mar/2025:09:37:54 -0300] "GET /cormun/servlet/solicitudotadjuntos?INS,2025,22190,,1, HTTP/1.1" 200 6355
201.186.225.249 - - [21/Mar/2025:09:37:54 -0300] "GET /cormun/static/about:blank HTTP/1.1" 404 1011
201.186.225.249 - - [21/Mar/2025:09:37:55 -0300] "GET /cormun/servlet/solicitudotadjuntos?400dd61ba4f173b65db0fc999bb37e49fba250c4cf0c05b9c9bb15a95a11a4917f25c853c6c2ec32f162987ffda6cb2a,gx-no-cache=1742560784709 HTTP/1.1" 200 30
201.186.225.249 - - [21/Mar/2025:09:37:55 -0300] "POST /cormun/servlet/solicitudotadjuntos?ee0cf5a6471ce82071ceaf0741269ffc,INS,2025,22190,,1,,gx-no-cache=1742560784726 HTTP/1.1" 200 4195
201.186.225.249 - - [21/Mar/2025:09:37:57 -0300] "POST /cormun/servlet/solicitudotadjuntos?gx-no-cache=1742560787445 HTTP/1.1" 200 26
201.186.225.191 - - [21/Mar/2025:09:38:02 -0300] "POST /cormun/servlet/trsolicitudot?81dd52ee97fda3b641cf57bf77e789f9,,gx-no-cache=1742560792610 HTTP/1.1" 200 6079
201.186.225.249 - - [21/Mar/2025:09:38:07 -0300] "GET /cormun/servlet/solicitudotadjuntos?400dd61ba4f173b65db0fc999bb37e4989fdbdb8ed4d84071c6562501c57b92e,gx-no-cache=1742560796654 HTTP/1.1" 200 30
201.186.225.249 - - [21/Mar/2025:09:38:07 -0300] "GET /cormun/servlet/solicitudotadjuntos?400dd61ba4f173b65db0fc999bb37e4989fdbdb8ed4d84071c6562501c57b92e,gx-no-cache=1742560796679 HTTP/1.1" 200 30
201.186.225.249 - - [21/Mar/2025:09:38:07 -0300] "POST /cormun/servlet/solicitudotadjuntos?ee0cf5a6471ce82071ceaf0741269ffc,INS,2025,22190,,1, HTTP/1.1" 200 116
201.186.225.249 - - [21/Mar/2025:09:38:07 -0300] "GET /cormun/servlet/hpexe_return? HTTP/1.1" 200 1025
201.186.225.249 - - [21/Mar/2025:09:38:07 -0300] "GET /cormun/servlet/trsolicitudadjuntos?2025,22190, HTTP/1.1" 200 10171
201.186.225.249 - - [21/Mar/2025:09:38:09 -0300] "GET /cormun/servlet/solicitudotadjuntos?INS,2025,22190,,1, HTTP/1.1" 200 6355
201.186.225.191 - - [21/Mar/2025:09:38:09 -0300] "GET /cormun/servlet/trsolicitudot? HTTP/1.1" 200 8838
201.186.225.249 - - [21/Mar/2025:09:38:09 -0300] "GET /cormun/static/about:blank HTTP/1.1" 404 1011
201.186.225.249 - - [21/Mar/2025:09:38:10 -0300] "GET /cormun/servlet/solicitudotadjuntos?400dd61ba4f173b65db0fc999bb37e49fba250c4cf0c05b9c9bb15a95a11a4917f25c853c6c2ec32f162987ffda6cb2a,gx-no-cache=1742560799941 HTTP/1.1" 200 30
201.186.225.249 - - [21/Mar/2025:09:38:10 -0300] "POST /cormun/servlet/solicitudotadjuntos?ee0cf5a6471ce82071ceaf0741269ffc,INS,2025,22190,,1,,gx-no-cache=1742560799959 HTTP/1.1" 200 4195
45.56.111.77 - - [21/Mar/2025:09:38:11 -0300] "POST /v1/statement HTTP/1.1" 404 985
74.207.240.33 - - [21/Mar/2025:09:38:11 -0300] "GET / HTTP/1.1" 200 11217
45.33.26.206 - - [21/Mar/2025:09:38:11 -0300] "GET / HTTP/1.1" 200 11217
45.33.26.206 - - [21/Mar/2025:09:38:11 -0300] "GET /auth1.html HTTP/1.1" 404 981
45.33.26.206 - - [21/Mar/2025:09:38:11 -0300] "GET /auth.html HTTP/1.1" 404 979
45.33.26.206 - - [21/Mar/2025:09:38:11 -0300] "GET /api/sonicos/tfa HTTP/1.1" 404 991
45.33.26.206 - - [21/Mar/2025:09:38:11 -0300] "GET /sslvpnLogin.html HTTP/1.1" 404 993
45.33.26.206 - - [21/Mar/2025:09:38:11 -0300] "GET /api/sonicos/auth HTTP/1.1" 404 993
74.207.226.29 - - [21/Mar/2025:09:38:11 -0300] "GET / HTTP/1.1" 200 11217
201.186.225.249 - - [21/Mar/2025:09:38:13 -0300] "POST /cormun/servlet/solicitudotadjuntos?gx-no-cache=1742560803156 HTTP/1.1" 200 26
201.186.225.249 - - [21/Mar/2025:09:38:17 -0300] "GET /cormun/servlet/solicitudotadjuntos?400dd61ba4f173b65db0fc999bb37e4989fdbdb8ed4d84071c6562501c57b92e,gx-no-cache=1742560807229 HTTP/1.1" 200 30
201.186.225.249 - - [21/Mar/2025:09:38:17 -0300] "GET /cormun/servlet/solicitudotadjuntos?400dd61ba4f173b65db0fc999bb37e4989fdbdb8ed4d84071c6562501c57b92e,gx-no-cache=1742560807242 HTTP/1.1" 200 30
201.186.225.249 - - [21/Mar/2025:09:38:17 -0300] "POST /cormun/servlet/solicitudotadjuntos?ee0cf5a6471ce82071ceaf0741269ffc,INS,2025,22190,,1, HTTP/1.1" 200 116
201.186.225.249 - - [21/Mar/2025:09:38:17 -0300] "GET /cormun/servlet/hpexe_return? HTTP/1.1" 200 1025
201.186.225.249 - - [21/Mar/2025:09:38:17 -0300] "GET /cormun/servlet/trsolicitudadjuntos?2025,22190, HTTP/1.1" 200 10468
201.186.225.249 - - [21/Mar/2025:09:38:19 -0300] "GET /cormun/servlet/solicitudotadjuntos?INS,2025,22190,,1, HTTP/1.1" 200 6355
201.186.225.249 - - [21/Mar/2025:09:38:19 -0300] "GET /cormun/static/about:blank HTTP/1.1" 404 1011
201.186.225.249 - - [21/Mar/2025:09:38:20 -0300] "GET /cormun/servlet/solicitudotadjuntos?400dd61ba4f173b65db0fc999bb37e49fba250c4cf0c05b9c9bb15a95a11a4917f25c853c6c2ec32f162987ffda6cb2a,gx-no-cache=1742560809743 HTTP/1.1" 200 30
201.186.225.249 - - [21/Mar/2025:09:38:20 -0300] "POST /cormun/servlet/solicitudotadjuntos?ee0cf5a6471ce82071ceaf0741269ffc,INS,2025,22190,,1,,gx-no-cache=1742560809758 HTTP/1.1" 200 4195
201.186.225.191 - - [21/Mar/2025:09:38:21 -0300] "GET /cormun/servlet/trvisualizadoreventos? HTTP/1.1" 200 7320
201.186.225.249 - - [21/Mar/2025:09:38:22 -0300] "POST /cormun/servlet/solicitudotadjuntos?gx-no-cache=1742560812117 HTTP/1.1" 200 26
201.186.225.191 - - [21/Mar/2025:09:38:27 -0300] "POST /cormun/servlet/trvisualizadoreventos?81dd52ee97fda3b641cf57bf77e789f9,,gx-no-cache=1742560816970 HTTP/1.1" 200 4925
201.186.225.249 - - [21/Mar/2025:09:38:31 -0300] "GET /cormun/servlet/solicitudotadjuntos?400dd61ba4f173b65db0fc999bb37e4989fdbdb8ed4d84071c6562501c57b92e,gx-no-cache=1742560820573 HTTP/1.1" 200 30
201.186.225.249 - - [21/Mar/2025:09:38:31 -0300] "GET /cormun/servlet/solicitudotadjuntos?400dd61ba4f173b65db0fc999bb37e4989fdbdb8ed4d84071c6562501c57b92e,gx-no-cache=1742560820587 HTTP/1.1" 200 30
201.186.225.249 - - [21/Mar/2025:09:38:31 -0300] "POST /cormun/servlet/solicitudotadjuntos?ee0cf5a6471ce82071ceaf0741269ffc,INS,2025,22190,,1, HTTP/1.1" 200 116
201.186.225.249 - - [21/Mar/2025:09:38:31 -0300] "GET /cormun/servlet/hpexe_return? HTTP/1.1" 200 1025
201.186.225.249 - - [21/Mar/2025:09:38:31 -0300] "GET /cormun/servlet/trsolicitudadjuntos?2025,22190, HTTP/1.1" 200 10639
201.186.225.191 - - [21/Mar/2025:09:38:34 -0300] "GET /cormun/servlet/trsolicitudot? HTTP/1.1" 200 8839
201.186.225.249 - - [21/Mar/2025:09:38:42 -0300] "GET /cormun/servlet/trsolicitudot? HTTP/1.1" 200 9345
201.186.225.191 - - [21/Mar/2025:09:38:42 -0300] "POST /cormun/servlet/trsolicitudot?81dd52ee97fda3b641cf57bf77e789f9,,gx-no-cache=1742560832499 HTTP/1.1" 200 6045
201.186.225.249 - - [21/Mar/2025:09:38:51 -0300] "POST /cormun/servlet/trsolicitudot?ee0cf5a6471ce82071ceaf0741269ffc,,gx-no-cache=1742560840631 HTTP/1.1" 200 6117
201.186.225.249 - - [21/Mar/2025:09:38:51 -0300] "GET /cormun/static/Shared/jqueryui/images/ui-bg_highlight-soft_100_c6c2c8_1x100.png HTTP/1.1" 404 1117
201.186.225.249 - - [21/Mar/2025:09:38:51 -0300] "GET /cormun/static/Shared/jqueryui/images/ui-icons_82798d_256x240.png HTTP/1.1" 404 1089
201.186.225.249 - - [21/Mar/2025:09:38:51 -0300] "GET /cormun/static/Shared/jqueryui/images/ui-icons_8d78a5_256x240.png HTTP/1.1" 404 1089
201.186.225.249 - - [21/Mar/2025:09:38:51 -0300] "GET /cormun/static/Shared/jqueryui/images/ui-bg_flat_55_fafafa_40x100.png HTTP/1.1" 404 1097
201.186.225.249 - - [21/Mar/2025:09:38:51 -0300] "POST /cormun/servlet/trsolicitudot?ee0cf5a6471ce82071ceaf0741269ffc,,gx-no-cache=1742560840764 HTTP/1.1" 200 6062
201.186.226.3 - - [21/Mar/2025:09:38:58 -0300] "GET /cormun/servlet/solicitudot?262fcff728eb5113ff0a29194ff07f2655b5678e5bda2e4273c12faf51027430e8980931f918d520d06a9148364ebabe12c3902d2f42334cb5f5afd2ec349b03,gx-no-cache=1742560848058 HTTP/1.1" 200 30
201.186.225.249 - - [21/Mar/2025:09:38:58 -0300] "GET /cormun/servlet/trautorizarsolicitud? HTTP/1.1" 200 8800
201.186.225.249 - - [21/Mar/2025:09:38:58 -0300] "GET /cormun/static/gxcfg.js?202211298474254 HTTP/1.1" 200 953
201.186.225.249 - - [21/Mar/2025:09:38:58 -0300] "GET /cormun/static/trautorizarsolicitud.js?202211298474588 HTTP/1.1" 200 53909
201.186.226.3 - - [21/Mar/2025:09:39:00 -0300] "GET /cormun/servlet/prbanco?,MD,,gxPopupLevel%3D0%3B HTTP/1.1" 200 6543
201.186.226.3 - - [21/Mar/2025:09:39:00 -0300] "GET /cormun/static/gxcfg.js?20201216131581 HTTP/1.1" 200 953
201.186.226.3 - - [21/Mar/2025:09:39:00 -0300] "GET /cormun/static/prbanco.js?20201216132311 HTTP/1.1" 200 10693
201.186.226.3 - - [21/Mar/2025:09:39:01 -0300] "POST /cormun/servlet/acontrolpreferencessavestate?None,CSTA.F,true HTTP/1.1" 200 35
201.186.225.249 - - [21/Mar/2025:09:39:02 -0300] "POST /cormun/servlet/trautorizarsolicitud?ee0cf5a6471ce82071ceaf0741269ffc,,gx-no-cache=1742560851669 HTTP/1.1" 200 4777
201.186.225.249 - - [21/Mar/2025:09:39:02 -0300] "POST /cormun/servlet/trautorizarsolicitud?ee0cf5a6471ce82071ceaf0741269ffc,,gx-no-cache=1742560851765 HTTP/1.1" 200 4555
201.186.225.249 - - [21/Mar/2025:09:39:05 -0300] "GET /cormun/servlet/trsolicitudot? HTTP/1.1" 200 8942
201.186.225.191 - - [21/Mar/2025:09:39:29 -0300] "GET /cormun/servlet/hlogin HTTP/1.1" 200 1733
201.186.226.3 - - [21/Mar/2025:09:39:32 -0300] "GET /cormun/servlet/solicitudot?262fcff728eb5113ff0a29194ff07f2601a4211d2c826d6a89d99eea2057b3f9,gx-no-cache=1742560882129 HTTP/1.1" 200 29
201.186.226.3 - - [21/Mar/2025:09:39:36 -0300] "POST /cormun/servlet/solicitudot?gx-no-cache=1742560885961 HTTP/1.1" 200 255
104.244.78.110 - tomcat [21/Mar/2025:09:39:38 -0300] "GET /manager/html HTTP/1.1" 403 3196
201.186.226.3 - - [21/Mar/2025:09:39:39 -0300] "GET /cormun/servlet/solicitudot?262fcff728eb5113ff0a29194ff07f26d8097c1f704cc8e2008ff011fd2c7457edfaed79a73601493e15e727c669f08d40bb1031ca314b7cb3d31134490fec47b26e6746827ef5f6ba55529a4b42b222fc1dcfadfae76d0c32599b69c1cc9f9f79db3acb7715c48ebef7e4ee4c7ea6fc243be82d113a3bc1d859f83f4e28e077615bf8fc14c8ddde8a803bfd98ddccea2f7c937527dd99be0973db531b5ded012829c742c826f4586d6077542118f227ba5521e5d0239a2653971fdf64cad659fda003bb5f9307f6bcbcf5437a8f079b002458af116155bb16a036d37fac54881678554621d61f42884dab272d4f8b70f9ea0e274f0bc9fd6fd8050a217001e436ffbde0cba6b14398993e78dfd7ece9e15172b7311d3c1cf40ca13e4150791550bdb9cfcc27a6a9c95319f82f3bb99ead9508c42ba7f08df82797e8d59859c0a079420844155e201b08584190775be43af53ee5cc0647c350d3a9f4173b00369913581d28a13d8cf4262590e7a698436a6fe82649deb1df631fd7dc7cbe2435,gx-no-cache=1742560888701 HTTP/1.1" 200 30
201.186.226.3 - - [21/Mar/2025:09:39:45 -0300] "POST /cormun/servlet/solicitudot?gx-no-cache=1742560894856 HTTP/1.1" 200 30
201.186.226.3 - - [21/Mar/2025:09:39:53 -0300] "POST /cormun/servlet/solicitudot?gx-no-cache=1742560902726 HTTP/1.1" 200 1479
201.186.226.3 - - [21/Mar/2025:09:39:53 -0300] "POST /cormun/servlet/solicitudot?gx-no-cache=1742560902761 HTTP/1.1" 200 38
91.208.206.203 - - [21/Mar/2025:09:40:18 -0300] "GET /manager/html HTTP/1.1" 401 2474
201.186.226.3 - - [21/Mar/2025:09:40:24 -0300] "GET /cormun/servlet/solicitudot?262fcff728eb5113ff0a29194ff07f26bdb37057582868fcfa019e2a0e4327c22c4d2c7f8c7b2d032a9aa812fbdcb17b2814b343a4c5d84bb5e0f42a019c5700ec02dc48bcc820a8f9644aaedf103616bfdf3777f1ba892a78108d12dec4c9ad25d32920ec71a898516c41554afb36bb,gx-no-cache=1742560933526 HTTP/1.1" 200 110
201.186.226.3 - - [21/Mar/2025:09:40:35 -0300] "POST /cormun/servlet/solicitudot?gx-no-cache=1742560944995 HTTP/1.1" 200 97
18.222.145.90 - - [21/Mar/2025:09:41:01 -0300] "GET / HTTP/1.1" 200 11217
18.222.145.90 - - [21/Mar/2025:09:41:31 -0300] "-" 400 -
201.186.226.3 - - [21/Mar/2025:09:41:33 -0300] "GET /cormun/servlet/solicitudot?262fcff728eb5113ff0a29194ff07f269b4e9b7d60780ffec26b1a7c2d68dc5199711f0c92f345733a96ac7f9d9a1fba4a7f3ce74c07a099fb4300da65be4c8ec1271243b43a60751417c5f3407d471bd79c1fbd79d0c872058a88b73a329fa3c66439766097a38813802c7a10b53b66,gx-no-cache=1742561003255 HTTP/1.1" 200 29
201.186.226.3 - - [21/Mar/2025:09:41:38 -0300] "GET /cormun/servlet/solicitudot?262fcff728eb5113ff0a29194ff07f2648605681316cfdba3c3256816b7050eb3353df0c607e9ba8a044397a779444fe,gx-no-cache=1742561008320 HTTP/1.1" 200 30
18.222.145.90 - - [21/Mar/2025:09:41:39 -0300] "-" 400 -
104.244.78.110 - tomcat [21/Mar/2025:09:41:41 -0300] "GET /manager/html HTTP/1.1" 403 3196
190.95.1.187 - - [21/Mar/2025:09:42:09 -0300] "GET /cormun/servlet/hlogin HTTP/1.1" 200 1729
190.95.1.187 - - [21/Mar/2025:09:42:09 -0300] "GET /cormun/servlet/hlogin HTTP/1.1" 200 1739
190.95.1.187 - - [21/Mar/2025:09:42:12 -0300] "POST /cormun/servlet/hlogin?e34e410364266be51a7da7d92d64ced8,gx-no-cache=1742561041284 HTTP/1.1" 200 90
190.95.1.187 - - [21/Mar/2025:09:42:12 -0300] "GET /cormun/servlet/hpexe_link HTTP/1.1" 200 957
190.95.1.187 - - [21/Mar/2025:09:42:12 -0300] "GET /cormun/servlet/hhome HTTP/1.1" 200 4026
190.95.1.187 - - [21/Mar/2025:09:42:15 -0300] "GET /cormun/servlet/trlicencias? HTTP/1.1" 200 10223
201.186.226.3 - - [21/Mar/2025:09:42:37 -0300] "POST /cormun/servlet/solicitudot?gx-no-cache=1742561066904 HTTP/1.1" 200 30
45.79.170.97 - - [21/Mar/2025:09:43:01 -0300] "GET / HTTP/1.0" 200 11197
201.186.226.3 - - [21/Mar/2025:09:43:07 -0300] "POST /cormun/servlet/solicitudot?5234b4bc0eac6e3cf1685f5e6de5ec5b,INS,0,0,false,,gx-no-cache=1742561075178 HTTP/1.1" 200 93
201.186.226.3 - - [21/Mar/2025:09:43:07 -0300] "GET /cormun/servlet/hpexe_return? HTTP/1.1" 200 1013
201.186.226.3 - - [21/Mar/2025:09:43:07 -0300] "GET /cormun/static/gxcfg.js?20221129846035 HTTP/1.1" 200 953
201.186.226.3 - - [21/Mar/2025:09:43:07 -0300] "GET /cormun/static/hpexe_return.js?20221129846037 HTTP/1.1" 200 1633
201.186.226.3 - - [21/Mar/2025:09:43:07 -0300] "GET /cormun/servlet/trsolicitudot HTTP/1.1" 200 8523
201.186.226.3 - - [21/Mar/2025:09:43:07 -0300] "GET /cormun//static/Resources/PXToolsActionView.png HTTP/1.1" 200 398
201.186.226.3 - - [21/Mar/2025:09:43:07 -0300] "GET /cormun//static/Resources/PXToolsGridDelete.png HTTP/1.1" 200 538
201.186.226.3 - - [21/Mar/2025:09:43:07 -0300] "GET /cormun//static/Resources/PXToolsRemoveAllAction.png HTTP/1.1" 200 487
190.95.67.95 - - [21/Mar/2025:09:43:13 -0300] "POST /cormun/servlet/solicitudot?gx-no-cache=1742561098911 HTTP/1.1" 440 972
190.95.67.95 - - [21/Mar/2025:09:43:16 -0300] "POST /cormun/servlet/solicitudot?60c2cd06bd3eb30aab7b676714a3dd9e,INS,0,0,false,,gx-no-cache=1742561102684 HTTP/1.1" 440 972
190.95.67.95 - - [21/Mar/2025:09:43:17 -0300] "GET /cormun/servlet/solicitudot?INS,0,0,false, HTTP/1.1" 200 16014
190.95.67.95 - - [21/Mar/2025:09:43:18 -0300] "GET /cormun/servlet/solicitudot?INS,0,0,false, HTTP/1.1" 200 16014
190.95.67.95 - - [21/Mar/2025:09:43:39 -0300] "POST /cormun/servlet/solicitudot?gx-no-cache=1742561116254 HTTP/1.1" 200 4131
190.95.67.95 - - [21/Mar/2025:09:43:40 -0300] "POST /cormun/servlet/solicitudot?d54683ed700e8be32be328b95cdfdfa4,INS,0,0,false,,gx-no-cache=1742561125722 HTTP/1.1" 200 12703
201.186.226.3 - - [21/Mar/2025:09:43:41 -0300] "POST /cormun/servlet/trsolicitudot?5234b4bc0eac6e3cf1685f5e6de5ec5b,gx-no-cache=1742561130931 HTTP/1.1" 200 106
201.186.226.3 - - [21/Mar/2025:09:43:41 -0300] "GET /cormun/servlet/trsolicitudadjuntos?2025,22218, HTTP/1.1" 200 6006
201.186.226.3 - - [21/Mar/2025:09:43:41 -0300] "GET /cormun/static/gxcfg.js?20201215574222 HTTP/1.1" 200 953
201.186.226.3 - - [21/Mar/2025:09:43:41 -0300] "GET /cormun/static/Resources/PXToolsGridNew.png HTTP/1.1" 200 427
201.186.226.3 - - [21/Mar/2025:09:43:41 -0300] "GET /cormun/static/trsolicitudadjuntos.js?20201215574932 HTTP/1.1" 200 17921
104.244.78.110 - tomcat [21/Mar/2025:09:43:44 -0300] "GET /manager/html HTTP/1.1" 403 3196
190.95.67.95 - - [21/Mar/2025:09:43:44 -0300] "GET /cormun/servlet/solicitudot?6ff0053d20f83cbb32344ad696f39ea89a8c7ebde6e65c5a4e5ad42237bb1919f59a4714245644ea1e63f97e8f7ff09b,gx-no-cache=1742561129938 HTTP/1.1" 200 30
190.95.67.95 - - [21/Mar/2025:09:43:44 -0300] "GET /cormun/servlet/solicitudot?6ff0053d20f83cbb32344ad696f39ea81e0e59b05f14b58c8738c7d361a8b1eb,gx-no-cache=1742561129970 HTTP/1.1" 200 103
190.95.67.95 - - [21/Mar/2025:09:43:44 -0300] "GET /cormun/static/Shared/jqueryui/images/ui-bg_highlight-soft_100_c6c2c8_1x100.png HTTP/1.1" 404 1117
190.95.67.95 - - [21/Mar/2025:09:43:44 -0300] "GET /cormun/static/Shared/jqueryui/images/ui-icons_82798d_256x240.png HTTP/1.1" 404 1089
190.95.67.95 - - [21/Mar/2025:09:43:44 -0300] "GET /cormun/static/Shared/jqueryui/images/ui-bg_flat_55_994d53_40x100.png HTTP/1.1" 404 1097
190.95.67.95 - - [21/Mar/2025:09:43:44 -0300] "GET /cormun/static/Shared/jqueryui/images/ui-icons_ebccce_256x240.png HTTP/1.1" 404 1089
190.95.67.95 - - [21/Mar/2025:09:43:44 -0300] "GET /cormun/servlet/solicitudot?6ff0053d20f83cbb32344ad696f39ea8371346b5bc3a263ad1df57b8fdfa0c94,gx-no-cache=1742561130001 HTTP/1.1" 200 51
190.95.67.95 - - [21/Mar/2025:09:43:44 -0300] "POST /cormun/servlet/solicitudot?gx-no-cache=1742561130029 HTTP/1.1" 200 240
201.186.226.3 - - [21/Mar/2025:09:43:44 -0300] "POST /cormun/servlet/acontrolpreferencessavestate?None,CSTA.F,true HTTP/1.1" 200 35
190.95.67.95 - - [21/Mar/2025:09:43:44 -0300] "GET /cormun/servlet/solicitudot?6ff0053d20f83cbb32344ad696f39ea8b6c2d15ff121f10f7d15a14d0be353eef73372ab1333c82f4858c78b7b8c18ce2aac81285962e2b82882477a297a7d9f800ac0f2a843469a7d99e2436235d1d54dc29ac5ebbb43820cff7b10d429eee322acd5f82efb254b91b194a61ad268f483e852840dae294b02aef65e618bb1bcc6edcb5b129e844fef7fbaff9298d8c1a86314955180a41c465fa59fdc1da59aa752e380d08a4c32c0c53dab66da07bb913efa6a57e87ce39ae2a35d102d67852c4e6f672cb9222a09001493947f72e6ee34bd532936f78c1aac1b52257f7338c8f5bdd23ad0ae66443b6c32b10215ce176b75fc0fb4a888ec64c5bc9c81d5d2e5e1a7bf0867806a57a420216ac3b538d41e6531149b62ba7dbec134c784925454968777ce890e6c8612276cf87ffca3ca871f9af19d7069b832b3b39a0a098545951a8f852026fcccb14ff0f78f219ee640ec397c1545c637699c573a661cd4e1bc899a93ea442c73407a1050f70170f0fdbf8c14c461bec7f66536b2b09dd5,gx-no-cache=1742561130063 HTTP/1.1" 200 30
190.95.67.95 - - [21/Mar/2025:09:43:47 -0300] "POST /cormun/servlet/solicitudot?gx-no-cache=1742561133728 HTTP/1.1" 200 30
201.186.226.3 - - [21/Mar/2025:09:43:50 -0300] "GET /cormun/servlet/solicitudotadjuntos?INS,2025,22218,,1, HTTP/1.1" 200 5950
201.186.226.3 - - [21/Mar/2025:09:43:50 -0300] "GET /cormun/static/gxcfg.js?202211298385187 HTTP/1.1" 200 953
201.186.226.3 - - [21/Mar/2025:09:43:50 -0300] "GET /cormun/static/solicitudotadjuntos.js?202211298385196 HTTP/1.1" 200 11771
201.186.226.3 - - [21/Mar/2025:09:43:50 -0300] "GET /cormun/static/about:blank HTTP/1.1" 404 1011
201.186.226.3 - - [21/Mar/2025:09:43:51 -0300] "GET /cormun/servlet/solicitudotadjuntos?262fcff728eb5113ff0a29194ff07f26fb9794a3ead4ab9307baf834ecf8b13beffe89ccd599ffb0201b0073a67f92e6,gx-no-cache=1742561140405 HTTP/1.1" 200 30
201.186.226.3 - - [21/Mar/2025:09:43:51 -0300] "POST /cormun/servlet/solicitudotadjuntos?5234b4bc0eac6e3cf1685f5e6de5ec5b,INS,2025,22218,,1,,gx-no-cache=1742561140434 HTTP/1.1" 200 3901
190.95.67.95 - - [21/Mar/2025:09:44:03 -0300] "GET /cormun/servlet/prfichaempleado?,MD,,gxPopupLevel%3D0%3B HTTP/1.1" 200 9306
66.249.66.3 - - [21/Mar/2025:09:44:04 -0300] "GET /robots.txt HTTP/1.1" 404 981
66.249.66.3 - - [21/Mar/2025:09:44:05 -0300] "GET /cormun/servlet/hlogin HTTP/1.1" 200 1721
66.249.66.2 - - [21/Mar/2025:09:44:06 -0300] "GET /cormun/servlet/hlogin HTTP/1.1" 200 1712
66.249.66.2 - - [21/Mar/2025:09:44:10 -0300] "GET /cormun/static/gxgral.js?85251 HTTP/1.1" 200 384558
190.95.67.95 - - [21/Mar/2025:09:44:10 -0300] "GET /cormun/static/gxcfg.js?20201215571085 HTTP/1.1" 200 953
190.95.67.95 - - [21/Mar/2025:09:44:10 -0300] "GET /cormun/static/prfichaempleado.js?20201215572193 HTTP/1.1" 200 16005
190.95.67.93 - - [21/Mar/2025:09:44:11 -0300] "GET /cormun/servlet/hlogin HTTP/1.1" 200 1722
66.249.66.2 - - [21/Mar/2025:09:44:13 -0300] "GET /cormun/static/gxcfg.js?2022112219184450 HTTP/1.1" 200 953
201.186.225.249 - - [21/Mar/2025:09:44:13 -0300] "POST /cormun/servlet/trsolicitudot?ee0cf5a6471ce82071ceaf0741269ffc,,gx-no-cache=1742561163201 HTTP/1.1" 200 107
201.186.225.249 - - [21/Mar/2025:09:44:13 -0300] "GET /cormun/servlet/trsolicitudadjuntos?2025,22189, HTTP/1.1" 200 6407
66.249.66.1 - - [21/Mar/2025:09:44:15 -0300] "GET /cormun/static/messages.spa.js?85251 HTTP/1.1" 200 30736
190.95.67.93 - - [21/Mar/2025:09:44:15 -0300] "POST /cormun/servlet/hlogin?b2f22baf342b7a6cbdaaca1d0a8e9126,gx-no-cache=1742561165267 HTTP/1.1" 200 90
190.95.67.93 - - [21/Mar/2025:09:44:15 -0300] "GET /cormun/servlet/hpexe_link HTTP/1.1" 200 950
201.186.225.249 - - [21/Mar/2025:09:44:15 -0300] "GET /cormun/servlet/solicitudotadjuntos?INS,2025,22189,,1, HTTP/1.1" 200 6356
190.95.67.93 - - [21/Mar/2025:09:44:15 -0300] "GET /cormun/servlet/hhome HTTP/1.1" 200 4335
201.186.225.249 - - [21/Mar/2025:09:44:15 -0300] "GET /cormun/static/about:blank HTTP/1.1" 404 1011
201.186.226.3 - - [21/Mar/2025:09:44:15 -0300] "POST /cormun/servlet/solicitudotadjuntos?gx-no-cache=1742561165259 HTTP/1.1" 200 26
91.208.206.203 - - [21/Mar/2025:09:44:16 -0300] "GET /manager/html HTTP/1.1" 401 2474
201.186.225.249 - - [21/Mar/2025:09:44:16 -0300] "GET /cormun/servlet/solicitudotadjuntos?400dd61ba4f173b65db0fc999bb37e49e68711cfc76d3f245b684e72fd6680c67f25c853c6c2ec32f162987ffda6cb2a,gx-no-cache=1742561165828 HTTP/1.1" 200 30
201.186.225.249 - - [21/Mar/2025:09:44:16 -0300] "POST /cormun/servlet/solicitudotadjuntos?ee0cf5a6471ce82071ceaf0741269ffc,INS,2025,22189,,1,,gx-no-cache=1742561165847 HTTP/1.1" 200 4197
66.249.66.1 - - [21/Mar/2025:09:44:16 -0300] "GET /cormun/static/hlogin.js?2022112219184458 HTTP/1.1" 200 2156
66.249.66.1 - - [21/Mar/2025:09:44:18 -0300] "GET /cormun/static/gxcfg.js?2022112219184450 HTTP/1.1" 200 953
66.249.66.1 - - [21/Mar/2025:09:44:19 -0300] "GET /cormun/static/messages.spa.js?85251 HTTP/1.1" 200 30736
201.186.225.249 - - [21/Mar/2025:09:44:19 -0300] "POST /cormun/servlet/solicitudotadjuntos?gx-no-cache=1742561168815 HTTP/1.1" 200 26
201.186.226.3 - - [21/Mar/2025:09:44:20 -0300] "GET /cormun/servlet/solicitudotadjuntos?262fcff728eb5113ff0a29194ff07f267655abe3e1a48c3a7890d63417746a33,gx-no-cache=1742561169444 HTTP/1.1" 200 30
201.186.226.3 - - [21/Mar/2025:09:44:20 -0300] "GET /cormun/servlet/solicitudotadjuntos?262fcff728eb5113ff0a29194ff07f267655abe3e1a48c3a7890d63417746a33,gx-no-cache=1742561169468 HTTP/1.1" 200 30
66.249.66.1 - - [21/Mar/2025:09:44:20 -0300] "GET /cormun/static/hlogin.js?2022112219184458 HTTP/1.1" 200 2156
201.186.225.249 - - [21/Mar/2025:09:44:26 -0300] "GET /cormun/servlet/solicitudotadjuntos?400dd61ba4f173b65db0fc999bb37e4989fdbdb8ed4d84071c6562501c57b92e,gx-no-cache=1742561176093 HTTP/1.1" 200 30
201.186.225.249 - - [21/Mar/2025:09:44:26 -0300] "GET /cormun/servlet/solicitudotadjuntos?400dd61ba4f173b65db0fc999bb37e4989fdbdb8ed4d84071c6562501c57b92e,gx-no-cache=1742561176110 HTTP/1.1" 200 30
190.95.67.93 - - [21/Mar/2025:09:44:29 -0300] "GET /cormun/servlet/trlicencias? HTTP/1.1" 200 11712
201.186.225.193 - - [21/Mar/2025:09:44:31 -0300] "POST /cormun/servlet/trlicencias?e661c56fb4e726e8eea0ed6219b53fcf,,gx-no-cache=1742561180494 HTTP/1.1" 200 101
201.186.225.193 - - [21/Mar/2025:09:44:31 -0300] "POST /cormun/servlet/trlicencias?e661c56fb4e726e8eea0ed6219b53fcf,,gx-no-cache=1742561180640 HTTP/1.1" 200 9087
201.186.225.193 - - [21/Mar/2025:09:44:31 -0300] "GET /cormun/Licencias-6747.xls HTTP/1.1" 200 8192
20.40.115.30 - - [21/Mar/2025:09:44:31 -0300] "GET /cormun/Licencias-6747.xls HTTP/1.1" 200 8192
