190.95.1.187 - - [21/Mar/2025:09:57:46 -0300] "GET /cormun/servlet/solicitudotadjuntos?7118bc8cf58ea4c0e6be77e31ccb276cb46e14540bd2db9c75a58e963f5e5c316e7935f1ef5f3fdaa435c7ed03e3fdff,gx-no-cache=1742561976044 HTTP/1.1" 200 30
190.95.1.187 - - [21/Mar/2025:09:57:46 -0300] "POST /cormun/servlet/solicitudotadjuntos?e34e410364266be51a7da7d92d64ced8,INS,2025,22219,,1,,gx-no-cache=1742561976059 HTTP/1.1" 200 3893
190.95.1.187 - - [21/Mar/2025:09:57:48 -0300] "POST /cormun/servlet/solicitudotadjuntos?gx-no-cache=1742561977811 HTTP/1.1" 200 26
190.95.1.187 - - [21/Mar/2025:09:57:53 -0300] "GET /cormun/servlet/solicitudotadjuntos?7118bc8cf58ea4c0e6be77e31ccb276cec3d34682975b1aa3c6aeaa32bb414aa,gx-no-cache=1742561983073 HTTP/1.1" 200 30
190.95.1.187 - - [21/Mar/2025:09:57:53 -0300] "GET /cormun/servlet/solicitudotadjuntos?7118bc8cf58ea4c0e6be77e31ccb276cec3d34682975b1aa3c6aeaa32bb414aa,gx-no-cache=1742561983086 HTTP/1.1" 200 30
190.95.1.187 - - [21/Mar/2025:09:57:54 -0300] "POST /cormun/servlet/solicitudotadjuntos?e34e410364266be51a7da7d92d64ced8,INS,2025,22219,,1, HTTP/1.1" 200 116
190.95.1.187 - - [21/Mar/2025:09:57:54 -0300] "GET /cormun/servlet/hpexe_return? HTTP/1.1" 200 1032
190.95.1.187 - - [21/Mar/2025:09:57:54 -0300] "GET /cormun/servlet/trsolicitudadjuntos?2025,22219, HTTP/1.1" 200 9464
190.95.1.187 - - [21/Mar/2025:09:57:56 -0300] "GET /cormun/servlet/solicitudotadjuntos?INS,2025,22219,,1, HTTP/1.1" 200 6078
190.95.1.187 - - [21/Mar/2025:09:57:57 -0300] "GET /cormun/static/about:blank HTTP/1.1" 404 1011
190.95.1.187 - - [21/Mar/2025:09:57:57 -0300] "GET /cormun/servlet/solicitudotadjuntos?7118bc8cf58ea4c0e6be77e31ccb276cb46e14540bd2db9c75a58e963f5e5c316e7935f1ef5f3fdaa435c7ed03e3fdff,gx-no-cache=1742561986791 HTTP/1.1" 200 30
190.95.1.187 - - [21/Mar/2025:09:57:57 -0300] "POST /cormun/servlet/solicitudotadjuntos?e34e410364266be51a7da7d92d64ced8,INS,2025,22219,,1,,gx-no-cache=1742561986807 HTTP/1.1" 200 3890
190.95.1.187 - - [21/Mar/2025:09:58:00 -0300] "POST /cormun/servlet/solicitudotadjuntos?gx-no-cache=1742561989465 HTTP/1.1" 200 26
190.95.1.187 - - [21/Mar/2025:09:58:05 -0300] "GET /cormun/servlet/solicitudotadjuntos?7118bc8cf58ea4c0e6be77e31ccb276cec3d34682975b1aa3c6aeaa32bb414aa,gx-no-cache=1742561995165 HTTP/1.1" 200 30
190.95.1.187 - - [21/Mar/2025:09:58:06 -0300] "GET /cormun/servlet/solicitudotadjuntos?7118bc8cf58ea4c0e6be77e31ccb276cec3d34682975b1aa3c6aeaa32bb414aa,gx-no-cache=1742561995190 HTTP/1.1" 200 30
190.95.1.187 - - [21/Mar/2025:09:58:06 -0300] "POST /cormun/servlet/solicitudotadjuntos?e34e410364266be51a7da7d92d64ced8,INS,2025,22219,,1, HTTP/1.1" 200 116
190.95.1.187 - - [21/Mar/2025:09:58:06 -0300] "GET /cormun/servlet/hpexe_return? HTTP/1.1" 200 1032
190.95.1.187 - - [21/Mar/2025:09:58:06 -0300] "GET /cormun/servlet/trsolicitudadjuntos?2025,22219, HTTP/1.1" 200 9695
190.95.1.187 - - [21/Mar/2025:09:58:09 -0300] "GET /cormun/servlet/solicitudotadjuntos?INS,2025,22219,,1, HTTP/1.1" 200 6078
190.95.1.187 - - [21/Mar/2025:09:58:09 -0300] "GET /cormun/static/about:blank HTTP/1.1" 404 1011
190.95.1.187 - - [21/Mar/2025:09:58:09 -0300] "GET /cormun/servlet/solicitudotadjuntos?7118bc8cf58ea4c0e6be77e31ccb276cb46e14540bd2db9c75a58e963f5e5c316e7935f1ef5f3fdaa435c7ed03e3fdff,gx-no-cache=1742561998809 HTTP/1.1" 200 30
190.95.1.187 - - [21/Mar/2025:09:58:09 -0300] "POST /cormun/servlet/solicitudotadjuntos?e34e410364266be51a7da7d92d64ced8,INS,2025,22219,,1,,gx-no-cache=1742561998892 HTTP/1.1" 200 3890
190.95.1.187 - - [21/Mar/2025:09:58:11 -0300] "POST /cormun/servlet/solicitudotadjuntos?gx-no-cache=1742562001105 HTTP/1.1" 200 26
201.186.226.3 - - [21/Mar/2025:09:58:12 -0300] "POST /cormun/servlet/solicitudotadjuntos?gx-no-cache=1742562002202 HTTP/1.1" 200 26
104.244.78.110 - tomcat [21/Mar/2025:09:58:16 -0300] "GET /manager/html HTTP/1.1" 403 3196
190.95.1.187 - - [21/Mar/2025:09:58:17 -0300] "GET /cormun/servlet/solicitudotadjuntos?7118bc8cf58ea4c0e6be77e31ccb276cec3d34682975b1aa3c6aeaa32bb414aa,gx-no-cache=1742562007085 HTTP/1.1" 200 30
190.95.1.187 - - [21/Mar/2025:09:58:17 -0300] "GET /cormun/servlet/solicitudotadjuntos?7118bc8cf58ea4c0e6be77e31ccb276cec3d34682975b1aa3c6aeaa32bb414aa,gx-no-cache=1742562007098 HTTP/1.1" 200 30
190.95.1.187 - - [21/Mar/2025:09:58:17 -0300] "POST /cormun/servlet/solicitudotadjuntos?e34e410364266be51a7da7d92d64ced8,INS,2025,22219,,1, HTTP/1.1" 200 116
190.95.1.187 - - [21/Mar/2025:09:58:17 -0300] "GET /cormun/servlet/hpexe_return? HTTP/1.1" 200 1032
190.95.1.187 - - [21/Mar/2025:09:58:18 -0300] "GET /cormun/servlet/trsolicitudadjuntos?2025,22219, HTTP/1.1" 200 9956
190.95.1.187 - - [21/Mar/2025:09:58:20 -0300] "GET /cormun/servlet/solicitudotadjuntos?INS,2025,22219,,1, HTTP/1.1" 200 6078
190.95.1.187 - - [21/Mar/2025:09:58:20 -0300] "GET /cormun/static/about:blank HTTP/1.1" 404 1011
190.95.1.187 - - [21/Mar/2025:09:58:21 -0300] "GET /cormun/servlet/solicitudotadjuntos?7118bc8cf58ea4c0e6be77e31ccb276cb46e14540bd2db9c75a58e963f5e5c316e7935f1ef5f3fdaa435c7ed03e3fdff,gx-no-cache=1742562010351 HTTP/1.1" 200 30
190.95.1.187 - - [21/Mar/2025:09:58:21 -0300] "POST /cormun/servlet/solicitudotadjuntos?e34e410364266be51a7da7d92d64ced8,INS,2025,22219,,1,,gx-no-cache=1742562010370 HTTP/1.1" 200 3890
190.95.1.187 - - [21/Mar/2025:09:58:33 -0300] "POST /cormun/servlet/solicitudotadjuntos?gx-no-cache=1742562022685 HTTP/1.1" 200 26
201.186.226.3 - - [21/Mar/2025:09:58:34 -0300] "GET /cormun/servlet/solicitudotadjuntos?262fcff728eb5113ff0a29194ff07f267655abe3e1a48c3a7890d63417746a33,gx-no-cache=1742562023948 HTTP/1.1" 200 30
201.186.226.3 - - [21/Mar/2025:09:58:34 -0300] "GET /cormun/servlet/solicitudotadjuntos?262fcff728eb5113ff0a29194ff07f267655abe3e1a48c3a7890d63417746a33,gx-no-cache=1742562023991 HTTP/1.1" 200 30
201.186.226.3 - - [21/Mar/2025:09:58:34 -0300] "POST /cormun/servlet/solicitudotadjuntos?5234b4bc0eac6e3cf1685f5e6de5ec5b,INS,2025,22218,,2, HTTP/1.1" 200 116
201.186.226.3 - - [21/Mar/2025:09:58:34 -0300] "GET /cormun/servlet/hpexe_return? HTTP/1.1" 200 1029
201.186.226.3 - - [21/Mar/2025:09:58:34 -0300] "GET /cormun/servlet/trsolicitudadjuntos?2025,22218, HTTP/1.1" 200 10560
190.95.1.187 - - [21/Mar/2025:09:58:38 -0300] "GET /cormun/servlet/solicitudotadjuntos?7118bc8cf58ea4c0e6be77e31ccb276cec3d34682975b1aa3c6aeaa32bb414aa,gx-no-cache=1742562028175 HTTP/1.1" 200 30
190.95.1.187 - - [21/Mar/2025:09:58:38 -0300] "GET /cormun/servlet/solicitudotadjuntos?7118bc8cf58ea4c0e6be77e31ccb276cec3d34682975b1aa3c6aeaa32bb414aa,gx-no-cache=1742562028188 HTTP/1.1" 200 30
190.95.1.187 - - [21/Mar/2025:09:58:39 -0300] "POST /cormun/servlet/solicitudotadjuntos?e34e410364266be51a7da7d92d64ced8,INS,2025,22219,,1, HTTP/1.1" 200 116
190.95.1.187 - - [21/Mar/2025:09:58:39 -0300] "GET /cormun/servlet/hpexe_return? HTTP/1.1" 200 1032
190.95.1.187 - - [21/Mar/2025:09:58:39 -0300] "GET /cormun/servlet/trsolicitudadjuntos?2025,22219, HTTP/1.1" 200 10218
190.95.1.187 - - [21/Mar/2025:09:58:47 -0300] "POST /cormun/servlet/trsolicitudadjuntos?e34e410364266be51a7da7d92d64ced8,2025,22219,,gx-no-cache=1742562036974 HTTP/1.1" 200 90
190.95.1.187 - - [21/Mar/2025:09:58:47 -0300] "GET /cormun/servlet/hpexe_link HTTP/1.1" 200 973
190.95.1.187 - - [21/Mar/2025:09:58:47 -0300] "GET /cormun/servlet/trsolicitudot HTTP/1.1" 200 8629
201.186.226.3 - - [21/Mar/2025:09:59:11 -0300] "GET /cormun/servlet/trsolicitudot? HTTP/1.1" 200 8531
201.186.226.3 - - [21/Mar/2025:09:59:34 -0300] "POST /cormun/servlet/trsolicitudot?5234b4bc0eac6e3cf1685f5e6de5ec5b,,gx-no-cache=1742562083388 HTTP/1.1" 200 112
201.186.226.3 - - [21/Mar/2025:09:59:34 -0300] "GET /cormun/servlet/solicitudot?UPD,2025,22218,false, HTTP/1.1" 200 16389
201.186.226.3 - - [21/Mar/2025:09:59:34 -0300] "POST /cormun/servlet/solicitudot?gx-no-cache=1742562084185 HTTP/1.1" 200 4082
201.186.226.3 - - [21/Mar/2025:09:59:35 -0300] "POST /cormun/servlet/solicitudot?5234b4bc0eac6e3cf1685f5e6de5ec5b,UPD,2025,22218,false,,gx-no-cache=1742562084308 HTTP/1.1" 200 12717
201.186.226.3 - - [21/Mar/2025:09:59:35 -0300] "GET /cormun/servlet/solicitudot?262fcff728eb5113ff0a29194ff07f26ae2341af010fa92ce1bd4e7956957ab4e0d048d21f4add02c6b569bf982f1c3d,gx-no-cache=1742562084438 HTTP/1.1" 200 30
201.186.226.3 - - [21/Mar/2025:09:59:35 -0300] "GET /cormun/servlet/solicitudot?262fcff728eb5113ff0a29194ff07f2655b5678e5bda2e4273c12faf51027430e8980931f918d520d06a9148364ebabe9ae107b91ca6ece688288b033bb2be1c,gx-no-cache=1742562084461 HTTP/1.1" 200 30
201.186.226.3 - - [21/Mar/2025:09:59:35 -0300] "GET /cormun/servlet/solicitudot?262fcff728eb5113ff0a29194ff07f2601a4211d2c826d6a89d99eea2057b3f9,gx-no-cache=1742562084480 HTTP/1.1" 200 29
201.186.226.3 - - [21/Mar/2025:09:59:35 -0300] "POST /cormun/servlet/solicitudot?gx-no-cache=1742562084509 HTTP/1.1" 200 254
201.186.226.3 - - [21/Mar/2025:09:59:35 -0300] "GET /cormun/servlet/solicitudot?262fcff728eb5113ff0a29194ff07f26d8097c1f704cc8e2008ff011fd2c7457edfaed79a73601493e15e727c669f08d40bb1031ca314b7cb3d31134490fec47b26e6746827ef5f6ba55529a4b42b222fc1dcfadfae76d0c32599b69c1cc9f9f79db3acb7715c48ebef7e4ee4c7ea6fc243be82d113a3bc1d859f83f4e28e077615bf8fc14c8ddde8a803bfd98ddccea2f7c937527dd99be0973db531b5ded012829c742c826f4586d6077542118f227ba5521e5d0239a2653971fdf64cad659fda003bb5f9307f6bcbcf5437a8f079b002458af116155bb16a036d37fac54881678554621d61f42884dab272d4f8b70f9ea0e274f0bc9fd6fd8050a217001e436ffbde0cba6b14398993e78dfd7ece9e15172b7311d3c1cf40ca13e4150791550bdb9cfcc27a6a9c95319f82f3bb99ead9508c42ba7f08df82797e8d59859c0a079420844155e201b08584190775be43af53ee5cc0647c350d3a9f4173b00369913581d28a13d8cf4262590e7a69843017783061baf37d32d3a317ac5a1b800,gx-no-cache=1742562084534 HTTP/1.1" 200 30
201.186.226.3 - - [21/Mar/2025:09:59:35 -0300] "POST /cormun/servlet/solicitudot?gx-no-cache=1742562084554 HTTP/1.1" 200 30
201.186.226.3 - - [21/Mar/2025:09:59:35 -0300] "POST /cormun/servlet/solicitudot?gx-no-cache=1742562084579 HTTP/1.1" 200 1482
201.186.226.3 - - [21/Mar/2025:09:59:35 -0300] "POST /cormun/servlet/solicitudot?gx-no-cache=1742562084615 HTTP/1.1" 200 41
190.95.1.187 - - [21/Mar/2025:09:59:39 -0300] "GET /cormun/servlet/trpermisosgoce? HTTP/1.1" 200 9013
179.57.78.55 - - [21/Mar/2025:09:59:52 -0300] "POST /cormun/servlet/trlicencias?2b5b2dea3ce644fc4a379dec967c6473,gx-no-cache=1742562102037 HTTP/1.1" 440 972
179.57.78.55 - - [21/Mar/2025:09:59:54 -0300] "GET /cormun/servlet/trlicencias HTTP/1.1" 200 6043
179.57.78.55 - - [21/Mar/2025:09:59:54 -0300] "GET /cormun/servlet/hlogin HTTP/1.1" 200 1732
91.208.206.203 - - [21/Mar/2025:09:59:58 -0300] "GET /manager/html HTTP/1.1" 401 2474
179.57.78.55 - - [21/Mar/2025:10:00:00 -0300] "POST /cormun/servlet/hlogin?dce34d0644f03f83638e51d61c31cb8d,gx-no-cache=1742562109755 HTTP/1.1" 200 90
179.57.78.55 - - [21/Mar/2025:10:00:00 -0300] "GET /cormun/servlet/hpexe_link HTTP/1.1" 200 951
179.57.78.55 - - [21/Mar/2025:10:00:00 -0300] "GET /cormun/servlet/trlicencias HTTP/1.1" 200 8529
104.244.78.110 - tomcat [21/Mar/2025:10:00:19 -0300] "GET /manager/html HTTP/1.1" 403 3196
104.244.78.110 - tomcat [21/Mar/2025:10:02:23 -0300] "GET /manager/html HTTP/1.1" 403 3196
91.208.206.203 - - [21/Mar/2025:10:04:03 -0300] "GET /manager/html HTTP/1.1" 401 2474
104.244.78.110 - tomcat [21/Mar/2025:10:04:25 -0300] "GET /manager/html HTTP/1.1" 403 3196
190.95.67.93 - - [21/Mar/2025:10:05:54 -0300] "GET /cormun/servlet/hlogin HTTP/1.1" 200 1717
190.95.67.93 - - [21/Mar/2025:10:06:04 -0300] "GET /cormun/servlet/hlogin HTTP/1.1" 200 1717
190.95.67.93 - - [21/Mar/2025:10:06:09 -0300] "POST /cormun/servlet/hlogin?dae86e63fd8a9c9980effd4e25332775,gx-no-cache=1742562478272 HTTP/1.1" 200 90
190.95.67.93 - - [21/Mar/2025:10:06:09 -0300] "GET /cormun/servlet/hpexe_link HTTP/1.1" 200 973
190.95.67.93 - - [21/Mar/2025:10:06:09 -0300] "GET /cormun/servlet/trsolicitudot?gx-no-cache=1742560689888 HTTP/1.1" 200 9003
190.95.67.93 - - [21/Mar/2025:10:06:12 -0300] "GET /cormun/servlet/trlicencias? HTTP/1.1" 200 11729
104.244.78.110 - tomcat [21/Mar/2025:10:06:28 -0300] "GET /manager/html HTTP/1.1" 403 3196
20.65.193.183 - - [21/Mar/2025:10:06:28 -0300] "GET / HTTP/1.1" 200 11217
190.95.67.93 - - [21/Mar/2025:10:07:00 -0300] "GET /cormun/servlet/trlicencias? HTTP/1.1" 200 11719
91.208.206.203 - - [21/Mar/2025:10:08:07 -0300] "GET /manager/html HTTP/1.1" 401 2474
104.244.78.110 - tomcat [21/Mar/2025:10:08:31 -0300] "GET /manager/html HTTP/1.1" 403 3196
104.244.78.110 - tomcat [21/Mar/2025:10:10:35 -0300] "GET /manager/html HTTP/1.1" 403 3196
190.95.67.95 - - [21/Mar/2025:10:10:35 -0300] "GET /cormun/servlet/hlogin HTTP/1.1" 200 1720
190.95.67.95 - - [21/Mar/2025:10:11:06 -0300] "POST /cormun/servlet/hlogin?d54683ed700e8be32be328b95cdfdfa4,gx-no-cache=1742562771432 HTTP/1.1" 200 90
190.95.67.95 - - [21/Mar/2025:10:11:06 -0300] "GET /cormun/servlet/hpexe_link HTTP/1.1" 200 976
190.95.67.95 - - [21/Mar/2025:10:11:06 -0300] "GET /cormun/servlet/solicitudotadjuntos?INS,2025,22220,,1, HTTP/1.1" 200 6053
190.95.67.95 - - [21/Mar/2025:10:11:06 -0300] "GET /cormun/static/about:blank HTTP/1.1" 404 1011
190.95.67.95 - - [21/Mar/2025:10:11:07 -0300] "GET /cormun/servlet/solicitudotadjuntos?6ff0053d20f83cbb32344ad696f39ea858910e21ad01ebfa5f7a6a1649dda180316eb5918ffdb38a291b45ec642bd626,gx-no-cache=1742562773037 HTTP/1.1" 200 30
190.95.67.95 - - [21/Mar/2025:10:11:07 -0300] "POST /cormun/servlet/solicitudotadjuntos?d54683ed700e8be32be328b95cdfdfa4,INS,2025,22220,,1,,gx-no-cache=1742562773062 HTTP/1.1" 200 3889
190.95.67.95 - - [21/Mar/2025:10:11:13 -0300] "POST /cormun/servlet/solicitudotadjuntos?gx-no-cache=1742562779404 HTTP/1.1" 200 26
190.95.67.95 - - [21/Mar/2025:10:11:24 -0300] "GET /cormun/servlet/solicitudotadjuntos?6ff0053d20f83cbb32344ad696f39ea8fb3a2fdfc0897b6001e4634554e43cb3,gx-no-cache=1742562790305 HTTP/1.1" 200 30
190.95.67.95 - - [21/Mar/2025:10:11:24 -0300] "GET /cormun/servlet/solicitudotadjuntos?6ff0053d20f83cbb32344ad696f39ea8fb3a2fdfc0897b6001e4634554e43cb3,gx-no-cache=1742562790332 HTTP/1.1" 200 30
190.95.67.95 - - [21/Mar/2025:10:11:24 -0300] "POST /cormun/servlet/solicitudotadjuntos?d54683ed700e8be32be328b95cdfdfa4,INS,2025,22220,,1, HTTP/1.1" 200 6157
190.95.67.95 - - [21/Mar/2025:10:11:24 -0300] "GET /cormun/static/Shared/jqueryui/images/ui-bg_highlight-soft_100_c6c2c8_1x100.png HTTP/1.1" 404 1117
190.95.67.95 - - [21/Mar/2025:10:11:24 -0300] "GET /cormun/static/Shared/jqueryui/images/ui-icons_82798d_256x240.png HTTP/1.1" 404 1089
190.95.67.95 - - [21/Mar/2025:10:11:24 -0300] "GET /cormun/static/Shared/jqueryui/images/ui-bg_flat_55_994d53_40x100.png HTTP/1.1" 404 1097
190.95.67.95 - - [21/Mar/2025:10:11:24 -0300] "GET /cormun/static/Shared/jqueryui/images/ui-icons_ebccce_256x240.png HTTP/1.1" 404 1089
190.95.67.95 - - [21/Mar/2025:10:11:24 -0300] "GET /cormun/PrivateTempStorage/upload_00006261.pdf HTTP/1.1" 200 115565
190.95.67.95 - - [21/Mar/2025:10:11:32 -0300] "POST /cormun/servlet/solicitudotadjuntos?gx-no-cache=1742562798071 HTTP/1.1" 200 26
190.95.67.95 - - [21/Mar/2025:10:11:41 -0300] "GET /cormun/servlet/solicitudotadjuntos?6ff0053d20f83cbb32344ad696f39ea880039be5a99f03a731261974f73b8852a6082a6ec817ab5926eaa6d133fcf697,gx-no-cache=1742562807432 HTTP/1.1" 200 30
190.95.67.95 - - [21/Mar/2025:10:11:41 -0300] "GET /cormun/servlet/solicitudotadjuntos?6ff0053d20f83cbb32344ad696f39ea8efff6ffa60c2ac7e6cff118a1b3dbe48a6082a6ec817ab5926eaa6d133fcf697,gx-no-cache=1742562807457 HTTP/1.1" 200 30
190.95.67.95 - - [21/Mar/2025:10:11:42 -0300] "POST /cormun/servlet/solicitudotadjuntos?d54683ed700e8be32be328b95cdfdfa4,INS,2025,22220,,1, HTTP/1.1" 200 116
190.95.67.95 - - [21/Mar/2025:10:11:42 -0300] "GET /cormun/servlet/hpexe_return? HTTP/1.1" 200 1025
190.95.67.95 - - [21/Mar/2025:10:11:42 -0300] "GET /cormun/servlet/trsolicitudadjuntos?2025,22220, HTTP/1.1" 200 9424
190.95.67.95 - - [21/Mar/2025:10:11:46 -0300] "GET /cormun/servlet/solicitudotadjuntos?INS,2025,22220,,1, HTTP/1.1" 200 6059
190.95.67.95 - - [21/Mar/2025:10:11:46 -0300] "GET /cormun/static/about:blank HTTP/1.1" 404 1011
190.95.67.95 - - [21/Mar/2025:10:11:47 -0300] "GET /cormun/servlet/solicitudotadjuntos?6ff0053d20f83cbb32344ad696f39ea858910e21ad01ebfa5f7a6a1649dda180316eb5918ffdb38a291b45ec642bd626,gx-no-cache=1742562813090 HTTP/1.1" 200 30
190.95.67.95 - - [21/Mar/2025:10:11:47 -0300] "POST /cormun/servlet/solicitudotadjuntos?d54683ed700e8be32be328b95cdfdfa4,INS,2025,22220,,1,,gx-no-cache=1742562813113 HTTP/1.1" 200 3900
190.95.67.95 - - [21/Mar/2025:10:11:53 -0300] "POST /cormun/servlet/solicitudotadjuntos?gx-no-cache=1742562819648 HTTP/1.1" 200 26
91.208.206.203 - - [21/Mar/2025:10:12:15 -0300] "GET /manager/html HTTP/1.1" 401 2474
104.244.78.110 - tomcat [21/Mar/2025:10:12:39 -0300] "GET /manager/html HTTP/1.1" 403 3196
190.95.67.95 - - [21/Mar/2025:10:12:53 -0300] "GET /cormun/servlet/solicitudotadjuntos?INS,2025,22220,,1, HTTP/1.1" 200 6052
190.95.67.95 - - [21/Mar/2025:10:12:53 -0300] "GET /cormun/static/about:blank HTTP/1.1" 404 1011
190.95.67.95 - - [21/Mar/2025:10:12:57 -0300] "GET /cormun/servlet/solicitudotadjuntos?6ff0053d20f83cbb32344ad696f39ea858910e21ad01ebfa5f7a6a1649dda180316eb5918ffdb38a291b45ec642bd626,gx-no-cache=1742562883162 HTTP/1.1" 200 30
190.95.67.95 - - [21/Mar/2025:10:12:57 -0300] "POST /cormun/servlet/solicitudotadjuntos?d54683ed700e8be32be328b95cdfdfa4,INS,2025,22220,,1,,gx-no-cache=1742562883189 HTTP/1.1" 200 3905
190.95.67.95 - - [21/Mar/2025:10:12:58 -0300] "POST /cormun/servlet/solicitudotadjuntos?gx-no-cache=1742562884557 HTTP/1.1" 200 26
194.156.102.137 - - [21/Mar/2025:10:12:59 -0300] "GET / HTTP/1.1" 200 11217
190.95.67.95 - - [21/Mar/2025:10:13:04 -0300] "POST /cormun/servlet/solicitudotadjuntos?gx-no-cache=1742562890096 HTTP/1.1" 200 26
190.95.1.187 - - [21/Mar/2025:10:13:17 -0300] "GET /cormun/servlet/trsolicitudot? HTTP/1.1" 200 8628
190.95.67.95 - - [21/Mar/2025:10:13:18 -0300] "GET /cormun/servlet/solicitudotadjuntos?6ff0053d20f83cbb32344ad696f39ea8fb3a2fdfc0897b6001e4634554e43cb3,gx-no-cache=1742562903969 HTTP/1.1" 200 30
190.95.1.187 - - [21/Mar/2025:10:13:20 -0300] "POST /cormun/servlet/trsolicitudot?e34e410364266be51a7da7d92d64ced8,,gx-no-cache=1742562909517 HTTP/1.1" 200 106
190.95.1.187 - - [21/Mar/2025:10:13:20 -0300] "GET /cormun/servlet/trsolicitudadjuntos?2025,22219, HTTP/1.1" 200 10208
190.95.1.187 - - [21/Mar/2025:10:13:23 -0300] "GET /cormun/servlet/solicitudotadjuntos?INS,2025,22219,,1, HTTP/1.1" 200 6075
190.95.1.187 - - [21/Mar/2025:10:13:23 -0300] "GET /cormun/static/about:blank HTTP/1.1" 404 1011
190.95.1.187 - - [21/Mar/2025:10:13:23 -0300] "GET /cormun/servlet/solicitudotadjuntos?7118bc8cf58ea4c0e6be77e31ccb276cb46e14540bd2db9c75a58e963f5e5c316e7935f1ef5f3fdaa435c7ed03e3fdff,gx-no-cache=1742562912879 HTTP/1.1" 200 30
190.95.1.187 - - [21/Mar/2025:10:13:23 -0300] "POST /cormun/servlet/solicitudotadjuntos?e34e410364266be51a7da7d92d64ced8,INS,2025,22219,,1,,gx-no-cache=1742562912896 HTTP/1.1" 200 3893
190.95.67.95 - - [21/Mar/2025:10:13:25 -0300] "GET /cormun/servlet/solicitudotadjuntos?6ff0053d20f83cbb32344ad696f39ea8fb3a2fdfc0897b6001e4634554e43cb3,gx-no-cache=1742562911349 HTTP/1.1" 200 30
190.95.67.95 - - [21/Mar/2025:10:13:25 -0300] "POST /cormun/servlet/solicitudotadjuntos?d54683ed700e8be32be328b95cdfdfa4,INS,2025,22220,,1, HTTP/1.1" 200 116
190.95.67.95 - - [21/Mar/2025:10:13:26 -0300] "GET /cormun/servlet/hpexe_return? HTTP/1.1" 200 1025
190.95.67.95 - - [21/Mar/2025:10:13:26 -0300] "GET /cormun/servlet/trsolicitudadjuntos?2025,22220, HTTP/1.1" 200 9715
190.95.1.187 - - [21/Mar/2025:10:13:33 -0300] "POST /cormun/servlet/solicitudotadjuntos?gx-no-cache=1742562922745 HTTP/1.1" 200 26
190.95.1.187 - - [21/Mar/2025:10:13:43 -0300] "GET /cormun/servlet/solicitudotadjuntos?7118bc8cf58ea4c0e6be77e31ccb276cec3d34682975b1aa3c6aeaa32bb414aa,gx-no-cache=1742562932724 HTTP/1.1" 200 30
190.95.1.187 - - [21/Mar/2025:10:13:43 -0300] "GET /cormun/servlet/solicitudotadjuntos?7118bc8cf58ea4c0e6be77e31ccb276cec3d34682975b1aa3c6aeaa32bb414aa,gx-no-cache=1742562932737 HTTP/1.1" 200 30
190.95.1.187 - - [21/Mar/2025:10:13:44 -0300] "POST /cormun/servlet/solicitudotadjuntos?e34e410364266be51a7da7d92d64ced8,INS,2025,22219,,1, HTTP/1.1" 200 6242
190.95.1.187 - - [21/Mar/2025:10:13:44 -0300] "GET /cormun/static/Shared/jqueryui/images/ui-bg_highlight-soft_100_c6c2c8_1x100.png HTTP/1.1" 404 1117
190.95.1.187 - - [21/Mar/2025:10:13:44 -0300] "GET /cormun/static/Shared/jqueryui/images/ui-bg_flat_55_994d53_40x100.png HTTP/1.1" 404 1097
190.95.1.187 - - [21/Mar/2025:10:13:44 -0300] "GET /cormun/static/Shared/jqueryui/images/ui-icons_82798d_256x240.png HTTP/1.1" 404 1089
190.95.1.187 - - [21/Mar/2025:10:13:44 -0300] "GET /cormun/static/Shared/jqueryui/images/ui-icons_ebccce_256x240.png HTTP/1.1" 404 1089
190.95.1.187 - - [21/Mar/2025:10:13:45 -0300] "GET /cormun/PrivateTempStorage/upload_00006297.jpg HTTP/1.1" 200 5628192
190.95.1.187 - - [21/Mar/2025:10:14:01 -0300] "GET /cormun/servlet/trsolicitudadjuntos?2025,22219, HTTP/1.1" 200 10209
104.244.78.110 - tomcat [21/Mar/2025:10:14:43 -0300] "GET /manager/html HTTP/1.1" 403 3196
91.208.206.203 - - [21/Mar/2025:10:16:17 -0300] "GET /manager/html HTTP/1.1" 401 2474
104.244.78.110 - tomcat [21/Mar/2025:10:16:45 -0300] "GET /manager/html HTTP/1.1" 403 3196
104.244.78.110 - tomcat [21/Mar/2025:10:18:51 -0300] "GET /manager/html HTTP/1.1" 403 3196
201.186.226.3 - - [21/Mar/2025:10:19:45 -0300] "GET /cormun/servlet/prbanco?,MD,,gxPopupLevel%3D0%3B HTTP/1.1" 200 6560
201.186.226.3 - - [21/Mar/2025:10:19:55 -0300] "GET /cormun/servlet/solicitudot?262fcff728eb5113ff0a29194ff07f26e05a53189d48a9a82aa8dcce2ac274b8,gx-no-cache=1742563304942 HTTP/1.1" 200 51
201.186.226.3 - - [21/Mar/2025:10:20:21 -0300] "POST /cormun/servlet/solicitudot?gx-no-cache=1742563330554 HTTP/1.1" 200 30
201.186.226.3 - - [21/Mar/2025:10:20:21 -0300] "POST /cormun/servlet/solicitudot?gx-no-cache=1742563330609 HTTP/1.1" 200 1482
201.186.226.3 - - [21/Mar/2025:10:20:21 -0300] "POST /cormun/servlet/solicitudot?gx-no-cache=1742563330647 HTTP/1.1" 200 41
201.186.226.3 - - [21/Mar/2025:10:20:21 -0300] "GET /cormun/servlet/solicitudot?262fcff728eb5113ff0a29194ff07f26bdb37057582868fcfa019e2a0e4327c22c4d2c7f8c7b2d032a9aa812fbdcb17b2814b343a4c5d84bb5e0f42a019c5700ec02dc48bcc820a8f9644aaedf103616bfdf3777f1ba892a78108d12dec4c9ad25d32920ec71a898516c41554afb36bb,gx-no-cache=1742563330670 HTTP/1.1" 200 110
201.186.226.3 - - [21/Mar/2025:10:20:21 -0300] "POST /cormun/servlet/solicitudot?gx-no-cache=1742563330700 HTTP/1.1" 200 97
201.186.226.3 - - [21/Mar/2025:10:20:21 -0300] "GET /cormun/servlet/solicitudot?262fcff728eb5113ff0a29194ff07f265ab2d6d45b52f908c280e90dfb32d00772a725dbf97bf815e58563668ea13942b373f1c496980b486f7f40556d82e790f4ca05967bd3bc9c7ed2e665355834523021d0fb65cbbca19922759fe91ef4c39b5e8e05a218b2531e428b63b147de87fc5a7b9aae4c6ab3b1ef79d60f9134e0830b3118589ef7a3f981c7e314466cdd3124e9e0c5720b4a4f5733205faa5d35,gx-no-cache=1742563330738 HTTP/1.1" 200 29
201.186.226.3 - - [21/Mar/2025:10:20:21 -0300] "GET /cormun/servlet/solicitudot?262fcff728eb5113ff0a29194ff07f2648605681316cfdba3c3256816b7050eb3353df0c607e9ba8a044397a779444fe,gx-no-cache=1742563330763 HTTP/1.1" 200 30
201.186.226.3 - - [21/Mar/2025:10:20:21 -0300] "POST /cormun/servlet/solicitudot?gx-no-cache=1742563330790 HTTP/1.1" 200 30
201.186.226.3 - - [21/Mar/2025:10:20:21 -0300] "POST /cormun/servlet/solicitudot?5234b4bc0eac6e3cf1685f5e6de5ec5b,UPD,2025,22218,false,,gx-no-cache=1742563330819 HTTP/1.1" 200 93
201.186.226.3 - - [21/Mar/2025:10:20:21 -0300] "GET /cormun/servlet/hpexe_return? HTTP/1.1" 200 1018
201.186.226.3 - - [21/Mar/2025:10:20:21 -0300] "GET /cormun/servlet/trsolicitudot HTTP/1.1" 200 8530
190.95.1.187 - - [21/Mar/2025:10:20:22 -0300] "GET /cormun/servlet/solicitudotadjuntos?INS,2025,22219,,1, HTTP/1.1" 200 6075
190.95.1.187 - - [21/Mar/2025:10:20:22 -0300] "GET /cormun/static/about:blank HTTP/1.1" 404 1011
91.208.206.203 - - [21/Mar/2025:10:20:22 -0300] "GET /manager/html HTTP/1.1" 401 2474
190.95.1.187 - - [21/Mar/2025:10:20:22 -0300] "GET /cormun/servlet/solicitudotadjuntos?7118bc8cf58ea4c0e6be77e31ccb276cb46e14540bd2db9c75a58e963f5e5c316e7935f1ef5f3fdaa435c7ed03e3fdff,gx-no-cache=1742563332076 HTTP/1.1" 200 30
190.95.1.187 - - [21/Mar/2025:10:20:22 -0300] "POST /cormun/servlet/solicitudotadjuntos?e34e410364266be51a7da7d92d64ced8,INS,2025,22219,,1,,gx-no-cache=1742563332091 HTTP/1.1" 200 3895
190.95.1.187 - - [21/Mar/2025:10:20:24 -0300] "POST /cormun/servlet/solicitudotadjuntos?gx-no-cache=1742563334022 HTTP/1.1" 200 26
201.186.226.3 - - [21/Mar/2025:10:20:32 -0300] "POST /cormun/servlet/trsolicitudot?5234b4bc0eac6e3cf1685f5e6de5ec5b,gx-no-cache=1742563342084 HTTP/1.1" 200 106
201.186.226.3 - - [21/Mar/2025:10:20:32 -0300] "GET /cormun/servlet/trsolicitudadjuntos?2025,22218, HTTP/1.1" 200 10552
190.95.1.187 - - [21/Mar/2025:10:20:33 -0300] "GET /cormun/servlet/solicitudotadjuntos?7118bc8cf58ea4c0e6be77e31ccb276cec3d34682975b1aa3c6aeaa32bb414aa,gx-no-cache=1742563342313 HTTP/1.1" 200 30
190.95.1.187 - - [21/Mar/2025:10:20:33 -0300] "GET /cormun/servlet/solicitudotadjuntos?7118bc8cf58ea4c0e6be77e31ccb276cec3d34682975b1aa3c6aeaa32bb414aa,gx-no-cache=1742563342325 HTTP/1.1" 200 30
190.95.1.187 - - [21/Mar/2025:10:20:33 -0300] "POST /cormun/servlet/solicitudotadjuntos?e34e410364266be51a7da7d92d64ced8,INS,2025,22219,,1, HTTP/1.1" 200 116
190.95.1.187 - - [21/Mar/2025:10:20:33 -0300] "GET /cormun/servlet/hpexe_return? HTTP/1.1" 200 1032
190.95.1.187 - - [21/Mar/2025:10:20:33 -0300] "GET /cormun/servlet/trsolicitudadjuntos?2025,22219, HTTP/1.1" 200 10384
190.95.1.187 - - [21/Mar/2025:10:20:37 -0300] "POST /cormun/servlet/trsolicitudadjuntos?e34e410364266be51a7da7d92d64ced8,2025,22219,,gx-no-cache=1742563346922 HTTP/1.1" 200 90
190.95.1.187 - - [21/Mar/2025:10:20:37 -0300] "GET /cormun/servlet/hpexe_link HTTP/1.1" 200 973
190.95.1.187 - - [21/Mar/2025:10:20:37 -0300] "GET /cormun/servlet/trsolicitudot HTTP/1.1" 200 8629
201.186.226.3 - - [21/Mar/2025:10:20:43 -0300] "GET /cormun/servlet/trsolicitudot? HTTP/1.1" 200 8533
104.244.78.110 - tomcat [21/Mar/2025:10:20:54 -0300] "GET /manager/html HTTP/1.1" 403 3196
201.186.226.3 - - [21/Mar/2025:10:20:57 -0300] "GET /cormun/servlet/solicitudot?INS,0,0,false, HTTP/1.1" 200 15890
190.95.1.187 - - [21/Mar/2025:10:21:01 -0300] "POST /cormun/servlet/trsolicitudot?e34e410364266be51a7da7d92d64ced8,gx-no-cache=1742563370341 HTTP/1.1" 200 4606
190.95.1.187 - - [21/Mar/2025:10:21:01 -0300] "GET /cormun/static/Shared/jqueryui/images/ui-bg_highlight-soft_100_c6c2c8_1x100.png HTTP/1.1" 404 1117
190.95.1.187 - - [21/Mar/2025:10:21:01 -0300] "GET /cormun/static/Shared/jqueryui/images/ui-icons_82798d_256x240.png HTTP/1.1" 404 1089
190.95.1.187 - - [21/Mar/2025:10:21:01 -0300] "GET /cormun/static/Shared/jqueryui/images/ui-icons_8d78a5_256x240.png HTTP/1.1" 404 1089
190.95.1.187 - - [21/Mar/2025:10:21:01 -0300] "GET /cormun/static/Shared/jqueryui/images/ui-bg_flat_55_fafafa_40x100.png HTTP/1.1" 404 1097
190.95.1.187 - - [21/Mar/2025:10:21:01 -0300] "POST /cormun/servlet/trsolicitudot?e34e410364266be51a7da7d92d64ced8,gx-no-cache=1742563370443 HTTP/1.1" 200 4350
201.186.226.3 - - [21/Mar/2025:10:21:54 -0300] "POST /cormun/servlet/solicitudot?gx-no-cache=1742563424138 HTTP/1.1" 200 4160
201.186.226.3 - - [21/Mar/2025:10:21:55 -0300] "POST /cormun/servlet/solicitudot?5234b4bc0eac6e3cf1685f5e6de5ec5b,INS,0,0,false,,gx-no-cache=1742563424306 HTTP/1.1" 200 12729
201.186.226.3 - - [21/Mar/2025:10:21:57 -0300] "GET /cormun/servlet/solicitudot?262fcff728eb5113ff0a29194ff07f26f2434482c364e179052e854f81c29ec5a642c221ad4007556ceb000deffeb3d7,gx-no-cache=1742563427155 HTTP/1.1" 200 30
190.95.15.17 - - [21/Mar/2025:10:21:59 -0300] "GET /cormun/servlet/hlogin HTTP/1.1" 200 1721
190.95.15.17 - - [21/Mar/2025:10:21:59 -0300] "GET /cormun/servlet/hlogin HTTP/1.1" 200 1732
190.95.15.17 - - [21/Mar/2025:10:22:02 -0300] "POST /cormun/servlet/hlogin?1751999319a046702982c000daa88e6c,gx-no-cache=1742563752318 HTTP/1.1" 200 90
190.95.15.17 - - [21/Mar/2025:10:22:02 -0300] "GET /cormun/servlet/hpexe_link HTTP/1.1" 200 950
190.95.15.17 - - [21/Mar/2025:10:22:02 -0300] "GET /cormun/servlet/hhome HTTP/1.1" 200 4376
190.95.15.17 - - [21/Mar/2025:10:22:06 -0300] "GET /cormun/servlet/trlicencias? HTTP/1.1" 200 11079
201.186.226.3 - - [21/Mar/2025:10:22:22 -0300] "GET /cormun/servlet/solicitudot?262fcff728eb5113ff0a29194ff07f261ba7518bef65079a1beddafdc3c57efe5cd00e0d921b105ae8b766de68553662d6766f3c0c92fc9243f463fcfa6ee312,gx-no-cache=1742563451917 HTTP/1.1" 200 30
201.186.226.3 - - [21/Mar/2025:10:22:22 -0300] "GET /cormun/servlet/solicitudot?262fcff728eb5113ff0a29194ff07f269842c32943b905680f6867008d247684,gx-no-cache=1742563451969 HTTP/1.1" 200 59
201.186.226.3 - - [21/Mar/2025:10:22:22 -0300] "POST /cormun/servlet/solicitudot?gx-no-cache=1742563452026 HTTP/1.1" 200 256
201.186.226.3 - - [21/Mar/2025:10:22:22 -0300] "GET /cormun/servlet/solicitudot?262fcff728eb5113ff0a29194ff07f26d8097c1f704cc8e2008ff011fd2c7457e6813beb0a72968e86f202fd844f6b5440bb1031ca314b7cb3d31134490fec47b26e6746827ef5f6ba55529a4b42b222fc1dcfadfae76d0c32599b69c1cc9f9f79db3acb7715c48ebef7e4ee4c7ea6fc243be82d113a3bc1d859f83f4e28e077615bf8fc14c8ddde8a803bfd98ddccea2f7c937527dd99be0973db531b5ded012829c742c826f4586d6077542118f227ba5521e5d0239a2653971fdf64cad659fda003bb5f9307f6bcbcf5437a8f079b002458af116155bb16a036d37fac54881678554621d61f42884dab272d4f8b7006d8a9d67329e1e3bbd51be7d47ee54136ffbde0cba6b14398993e78dfd7ece9537419059110fcae312488bcc03a953025fcfcd16d80977a246ee578fcd20e361bbc86740edbb368a8d1da79da868b94e2bdbfa598119b675f66685e3157f58b171417b8bfe2ac90bebabf1aeba477a7b14ecbc5c0071eea3ed943059c15fa7ab796fbbb6777f06f38da8254eefc31d2,gx-no-cache=1742563452071 HTTP/1.1" 200 30
201.186.226.3 - - [21/Mar/2025:10:22:24 -0300] "POST /cormun/servlet/solicitudot?gx-no-cache=1742563453694 HTTP/1.1" 200 30
201.186.226.3 - - [21/Mar/2025:10:22:25 -0300] "POST /cormun/servlet/solicitudot?gx-no-cache=1742563455073 HTTP/1.1" 200 1480
201.186.226.3 - - [21/Mar/2025:10:22:25 -0300] "POST /cormun/servlet/solicitudot?gx-no-cache=1742563455125 HTTP/1.1" 200 38
190.95.15.17 - - [21/Mar/2025:10:22:26 -0300] "GET /cormun/servlet/alicenciaprn?17235362,L,20250320000000,PU HTTP/1.1" 200 1562
201.186.226.3 - - [21/Mar/2025:10:22:35 -0300] "GET /cormun/servlet/solicitudot?262fcff728eb5113ff0a29194ff07f26bdb37057582868fcfa019e2a0e4327c22c4d2c7f8c7b2d032a9aa812fbdcb17b2814b343a4c5d84bb5e0f42a019c5700ec02dc48bcc820a8f9644aaedf103616bfdf3777f1ba892a78108d12dec4c9ad25d32920ec71a898516c41554afb36bb,gx-no-cache=1742563464331 HTTP/1.1" 200 110
201.186.226.3 - - [21/Mar/2025:10:22:37 -0300] "POST /cormun/servlet/solicitudot?gx-no-cache=1742563466646 HTTP/1.1" 200 64
190.95.15.17 - - [21/Mar/2025:10:22:38 -0300] "GET /cormun/servlet/alicenciaprn?16792637,L,20250319000000,PU HTTP/1.1" 200 1545
201.186.226.3 - - [21/Mar/2025:10:22:41 -0300] "POST /cormun/servlet/solicitudot?gx-no-cache=1742563470665 HTTP/1.1" 200 97
201.186.226.3 - - [21/Mar/2025:10:22:47 -0300] "GET /cormun/servlet/solicitudot?262fcff728eb5113ff0a29194ff07f269b4e9b7d60780ffec26b1a7c2d68dc5199711f0c92f345733a96ac7f9d9a1fba4a7f3ce74c07a099fb4300da65be4c8ec1271243b43a60751417c5f3407d471bd79c1fbd79d0c872058a88b73a329fa3c66439766097a38813802c7a10b53b66,gx-no-cache=1742563477275 HTTP/1.1" 200 29
201.186.226.3 - - [21/Mar/2025:10:22:51 -0300] "GET /cormun/static/menuarrow.gif HTTP/1.1" 404 1015
201.186.226.3 - - [21/Mar/2025:10:22:56 -0300] "GET /cormun/servlet/solicitudot?262fcff728eb5113ff0a29194ff07f2648605681316cfdba3c3256816b7050eb3353df0c607e9ba8a044397a779444fe,gx-no-cache=1742563485839 HTTP/1.1" 200 30
104.244.78.110 - tomcat [21/Mar/2025:10:22:58 -0300] "GET /manager/html HTTP/1.1" 403 3196
201.186.226.3 - - [21/Mar/2025:10:24:03 -0300] "POST /cormun/servlet/solicitudot?gx-no-cache=1742563552577 HTTP/1.1" 200 257
201.186.226.3 - - [21/Mar/2025:10:24:03 -0300] "GET /cormun/servlet/solicitudot?262fcff728eb5113ff0a29194ff07f26d8097c1f704cc8e2008ff011fd2c7457e6813beb0a72968e86f202fd844f6b5440bb1031ca314b7cb3d31134490fec47b26e6746827ef5f6ba55529a4b42b222fc1dcfadfae76d0c32599b69c1cc9f9f79db3acb7715c48ebef7e4ee4c7ea6fc243be82d113a3bc1d859f83f4e28e077615bf8fc14c8ddde8a803bfd98ddccea2f7c937527dd99be0973db531b5ded012829c742c826f4586d6077542118f227ba5521e5d0239a2653971fdf64cad659fda003bb5f9307f6bcbcf5437a8f079b002458af116155bb16a036d37fac54881678554621d61f42884dab272d4f8b7006d8a9d67329e1e3bbd51be7d47ee54136ffbde0cba6b14398993e78dfd7ece9537419059110fcae312488bcc03a953025fcfcd16d80977a246ee578fcd20e361bbc86740edbb368a8d1da79da868b94e2bdbfa598119b675f66685e3157f58b171417b8bfe2ac90bebabf1aeba477a7b14ecbc5c0071eea3ed943059c15fa7afb26b8c339749876613ca02dc4123cbc,gx-no-cache=1742563552631 HTTP/1.1" 200 30
201.186.226.3 - - [21/Mar/2025:10:24:03 -0300] "POST /cormun/servlet/solicitudot?gx-no-cache=1742563552659 HTTP/1.1" 200 30
201.186.226.3 - - [21/Mar/2025:10:24:03 -0300] "POST /cormun/servlet/solicitudot?gx-no-cache=1742563552697 HTTP/1.1" 200 1480
201.186.226.3 - - [21/Mar/2025:10:24:03 -0300] "POST /cormun/servlet/solicitudot?gx-no-cache=1742563552735 HTTP/1.1" 200 41
201.186.226.3 - - [21/Mar/2025:10:24:03 -0300] "GET /cormun/servlet/solicitudot?262fcff728eb5113ff0a29194ff07f26bdb37057582868fcfa019e2a0e4327c22c4d2c7f8c7b2d032a9aa812fbdcb17b2814b343a4c5d84bb5e0f42a019c5700ec02dc48bcc820a8f9644aaedf103616bfdf3777f1ba892a78108d12dec4c9ad25d32920ec71a898516c41554afb36bb,gx-no-cache=1742563552758 HTTP/1.1" 200 110
201.186.226.3 - - [21/Mar/2025:10:24:03 -0300] "POST /cormun/servlet/solicitudot?gx-no-cache=1742563552782 HTTP/1.1" 200 72
201.186.226.3 - - [21/Mar/2025:10:24:03 -0300] "POST /cormun/servlet/solicitudot?gx-no-cache=1742563552819 HTTP/1.1" 200 30
201.186.226.3 - - [21/Mar/2025:10:24:03 -0300] "POST /cormun/servlet/solicitudot?5234b4bc0eac6e3cf1685f5e6de5ec5b,INS,0,0,false,,gx-no-cache=1742563552849 HTTP/1.1" 200 93
201.186.226.3 - - [21/Mar/2025:10:24:03 -0300] "GET /cormun/servlet/hpexe_return? HTTP/1.1" 200 1013
201.186.226.3 - - [21/Mar/2025:10:24:03 -0300] "GET /cormun/servlet/trsolicitudot HTTP/1.1" 200 8995
190.95.15.13 - - [21/Mar/2025:10:24:12 -0300] "POST /cormun/servlet/hlogin?ff02db13cd02b2bcabfbb78825cbdecc,gx-no-cache=1742563558235 HTTP/1.1" 440 972
190.95.15.13 - - [21/Mar/2025:10:24:14 -0300] "GET /cormun/servlet/hlogin HTTP/1.1" 200 1736
91.208.206.203 - - [21/Mar/2025:10:24:23 -0300] "GET /manager/html HTTP/1.1" 401 2474
201.186.226.3 - - [21/Mar/2025:10:24:37 -0300] "POST /cormun/servlet/trsolicitudot?5234b4bc0eac6e3cf1685f5e6de5ec5b,gx-no-cache=1742563586568 HTTP/1.1" 200 111
201.186.226.3 - - [21/Mar/2025:10:24:37 -0300] "GET /cormun/servlet/solicitudot?UPD,2025,22221,false, HTTP/1.1" 200 16543
201.186.226.3 - - [21/Mar/2025:10:24:38 -0300] "POST /cormun/servlet/solicitudot?gx-no-cache=1742563587390 HTTP/1.1" 200 4117
201.186.226.3 - - [21/Mar/2025:10:24:38 -0300] "POST /cormun/servlet/solicitudot?5234b4bc0eac6e3cf1685f5e6de5ec5b,UPD,2025,22221,false,,gx-no-cache=1742563587524 HTTP/1.1" 200 12763
201.186.226.3 - - [21/Mar/2025:10:24:38 -0300] "GET /cormun/servlet/solicitudot?262fcff728eb5113ff0a29194ff07f26f2434482c364e179052e854f81c29ec5e0d048d21f4add02c6b569bf982f1c3d,gx-no-cache=1742563587643 HTTP/1.1" 200 30
201.186.226.3 - - [21/Mar/2025:10:24:38 -0300] "GET /cormun/servlet/solicitudot?262fcff728eb5113ff0a29194ff07f261ba7518bef65079a1beddafdc3c57efe5cd00e0d921b105ae8b766de68553662f36be8856b3e1a25c1b3596e8788e29a,gx-no-cache=1742563587666 HTTP/1.1" 200 30
201.186.226.3 - - [21/Mar/2025:10:24:38 -0300] "GET /cormun/servlet/solicitudot?262fcff728eb5113ff0a29194ff07f268d3d906d77b80e06a41def4b5a8865b7829b968a0ad975be8477b3132c75dbbaf5f2092749feb385ecb4193843e11c5980eb6db170a6c95b8759a254ff886540,gx-no-cache=1742563587686 HTTP/1.1" 200 59
201.186.226.3 - - [21/Mar/2025:10:24:38 -0300] "POST /cormun/servlet/solicitudot?gx-no-cache=1742563587707 HTTP/1.1" 200 257
201.186.226.3 - - [21/Mar/2025:10:24:38 -0300] "GET /cormun/servlet/solicitudot?262fcff728eb5113ff0a29194ff07f26d8097c1f704cc8e2008ff011fd2c7457e6813beb0a72968e86f202fd844f6b5440bb1031ca314b7cb3d31134490fec47b26e6746827ef5f6ba55529a4b42b222fc1dcfadfae76d0c32599b69c1cc9f9f79db3acb7715c48ebef7e4ee4c7ea6fc243be82d113a3bc1d859f83f4e28e077615bf8fc14c8ddde8a803bfd98ddccea2f7c937527dd99be0973db531b5ded012829c742c826f4586d6077542118f227ba5521e5d0239a2653971fdf64cad659fda003bb5f9307f6bcbcf5437a8f079b002458af116155bb16a036d37fac54881678554621d61f42884dab272d4f8b7006d8a9d67329e1e3bbd51be7d47ee54136ffbde0cba6b14398993e78dfd7ece9537419059110fcae312488bcc03a953025fcfcd16d80977a246ee578fcd20e361bbc86740edbb368a8d1da79da868b94e2bdbfa598119b675f66685e3157f58b171417b8bfe2ac90bebabf1aeba477a7b14ecbc5c0071eea3ed943059c15fa7afb26b8c339749876613ca02dc4123cbc,gx-no-cache=1742563587733 HTTP/1.1" 200 30
201.186.226.3 - - [21/Mar/2025:10:24:38 -0300] "POST /cormun/servlet/solicitudot?gx-no-cache=1742563587756 HTTP/1.1" 200 30
201.186.226.3 - - [21/Mar/2025:10:24:38 -0300] "POST /cormun/servlet/solicitudot?gx-no-cache=1742563587782 HTTP/1.1" 200 1480
201.186.226.3 - - [21/Mar/2025:10:24:38 -0300] "POST /cormun/servlet/solicitudot?gx-no-cache=1742563587816 HTTP/1.1" 200 41
190.95.67.95 - - [21/Mar/2025:10:24:50 -0300] "GET /cormun/servlet/hlogin HTTP/1.1" 200 1720
201.186.226.3 - - [21/Mar/2025:10:24:50 -0300] "GET /cormun/servlet/solicitudot?262fcff728eb5113ff0a29194ff07f26bdb37057582868fcfa019e2a0e4327c22c4d2c7f8c7b2d032a9aa812fbdcb17b2814b343a4c5d84bb5e0f42a019c5700ec02dc48bcc820a8f9644aaedf103616bfdf3777f1ba892a78108d12dec4c9ad25d32920ec71a898516c41554afb36bb,gx-no-cache=1742563599880 HTTP/1.1" 200 110
201.186.226.3 - - [21/Mar/2025:10:24:50 -0300] "POST /cormun/servlet/solicitudot?gx-no-cache=1742563599912 HTTP/1.1" 200 67
201.186.226.3 - - [21/Mar/2025:10:24:50 -0300] "GET /cormun/servlet/solicitudot?262fcff728eb5113ff0a29194ff07f265ab2d6d45b52f908c280e90dfb32d00772a725dbf97bf815e58563668ea13942b373f1c496980b486f7f40556d82e790f4ca05967bd3bc9c7ed2e665355834523eef0c5bc5a478fff0ff563f0b6b9f39b195face3b6f764bdbef21139a4453f1,gx-no-cache=1742563599951 HTTP/1.1" 200 29
201.186.226.3 - - [21/Mar/2025:10:24:50 -0300] "GET /cormun/servlet/solicitudot?262fcff728eb5113ff0a29194ff07f2648605681316cfdba3c3256816b7050eb3353df0c607e9ba8a044397a779444fe,gx-no-cache=1742563599977 HTTP/1.1" 200 30
201.186.226.3 - - [21/Mar/2025:10:24:50 -0300] "POST /cormun/servlet/solicitudot?gx-no-cache=1742563600002 HTTP/1.1" 200 30
201.186.226.3 - - [21/Mar/2025:10:24:50 -0300] "POST /cormun/servlet/solicitudot?5234b4bc0eac6e3cf1685f5e6de5ec5b,UPD,2025,22221,false,,gx-no-cache=1742563600033 HTTP/1.1" 200 93
201.186.226.3 - - [21/Mar/2025:10:24:50 -0300] "GET /cormun/servlet/hpexe_return? HTTP/1.1" 200 1017
201.186.226.3 - - [21/Mar/2025:10:24:50 -0300] "GET /cormun/servlet/trsolicitudot HTTP/1.1" 200 8995
190.95.67.95 - - [21/Mar/2025:10:24:55 -0300] "POST /cormun/servlet/solicitudotadjuntos?gx-no-cache=1742563600928 HTTP/1.1" 200 26
201.186.226.3 - - [21/Mar/2025:10:24:59 -0300] "POST /cormun/servlet/trsolicitudot?5234b4bc0eac6e3cf1685f5e6de5ec5b,gx-no-cache=1742563608882 HTTP/1.1" 200 111
201.186.226.3 - - [21/Mar/2025:10:24:59 -0300] "GET /cormun/servlet/solicitudot?UPD,2025,22221,false, HTTP/1.1" 200 16543
201.186.226.3 - - [21/Mar/2025:10:25:00 -0300] "POST /cormun/servlet/solicitudot?gx-no-cache=1742563609676 HTTP/1.1" 200 4117
201.186.226.3 - - [21/Mar/2025:10:25:00 -0300] "POST /cormun/servlet/solicitudot?5234b4bc0eac6e3cf1685f5e6de5ec5b,UPD,2025,22221,false,,gx-no-cache=1742563609803 HTTP/1.1" 200 12763
201.186.226.3 - - [21/Mar/2025:10:25:00 -0300] "GET /cormun/servlet/solicitudot?262fcff728eb5113ff0a29194ff07f26f2434482c364e179052e854f81c29ec5e0d048d21f4add02c6b569bf982f1c3d,gx-no-cache=1742563609922 HTTP/1.1" 200 30
201.186.226.3 - - [21/Mar/2025:10:25:00 -0300] "GET /cormun/servlet/solicitudot?262fcff728eb5113ff0a29194ff07f261ba7518bef65079a1beddafdc3c57efe5cd00e0d921b105ae8b766de68553662f36be8856b3e1a25c1b3596e8788e29a,gx-no-cache=1742563609944 HTTP/1.1" 200 30
201.186.226.3 - - [21/Mar/2025:10:25:00 -0300] "GET /cormun/servlet/solicitudot?262fcff728eb5113ff0a29194ff07f268d3d906d77b80e06a41def4b5a8865b7829b968a0ad975be8477b3132c75dbbaf5f2092749feb385ecb4193843e11c5980eb6db170a6c95b8759a254ff886540,gx-no-cache=1742563609963 HTTP/1.1" 200 59
201.186.226.3 - - [21/Mar/2025:10:25:00 -0300] "POST /cormun/servlet/solicitudot?gx-no-cache=1742563609984 HTTP/1.1" 200 257
201.186.226.3 - - [21/Mar/2025:10:25:00 -0300] "GET /cormun/servlet/solicitudot?262fcff728eb5113ff0a29194ff07f26d8097c1f704cc8e2008ff011fd2c7457e6813beb0a72968e86f202fd844f6b5440bb1031ca314b7cb3d31134490fec47b26e6746827ef5f6ba55529a4b42b222fc1dcfadfae76d0c32599b69c1cc9f9f79db3acb7715c48ebef7e4ee4c7ea6fc243be82d113a3bc1d859f83f4e28e077615bf8fc14c8ddde8a803bfd98ddccea2f7c937527dd99be0973db531b5ded012829c742c826f4586d6077542118f227ba5521e5d0239a2653971fdf64cad659fda003bb5f9307f6bcbcf5437a8f079b002458af116155bb16a036d37fac54881678554621d61f42884dab272d4f8b7006d8a9d67329e1e3bbd51be7d47ee54136ffbde0cba6b14398993e78dfd7ece9537419059110fcae312488bcc03a953025fcfcd16d80977a246ee578fcd20e361bbc86740edbb368a8d1da79da868b94e2bdbfa598119b675f66685e3157f58b171417b8bfe2ac90bebabf1aeba477a7b14ecbc5c0071eea3ed943059c15fa7afb26b8c339749876613ca02dc4123cbc,gx-no-cache=1742563610021 HTTP/1.1" 200 30
201.186.226.3 - - [21/Mar/2025:10:25:00 -0300] "POST /cormun/servlet/solicitudot?gx-no-cache=1742563610048 HTTP/1.1" 200 30
201.186.226.3 - - [21/Mar/2025:10:25:00 -0300] "POST /cormun/servlet/solicitudot?gx-no-cache=1742563610081 HTTP/1.1" 200 1480
201.186.226.3 - - [21/Mar/2025:10:25:00 -0300] "POST /cormun/servlet/solicitudot?gx-no-cache=1742563610114 HTTP/1.1" 200 41
104.244.78.110 - tomcat [21/Mar/2025:10:25:02 -0300] "GET /manager/html HTTP/1.1" 403 3196
201.186.226.3 - - [21/Mar/2025:10:25:21 -0300] "GET /cormun/servlet/solicitudot?262fcff728eb5113ff0a29194ff07f26bdb37057582868fcfa019e2a0e4327c22c4d2c7f8c7b2d032a9aa812fbdcb17b2814b343a4c5d84bb5e0f42a019c5700ec02dc48bcc820a8f9644aaedf103616bfdf3777f1ba892a78108d12dec4c9ad25d32920ec71a898516c41554afb36bb,gx-no-cache=1742563630378 HTTP/1.1" 200 110
201.186.226.3 - - [21/Mar/2025:10:25:24 -0300] "POST /cormun/servlet/solicitudot?gx-no-cache=1742563634160 HTTP/1.1" 200 105
190.95.67.95 - - [21/Mar/2025:10:25:25 -0300] "GET /cormun/servlet/solicitudotadjuntos?6ff0053d20f83cbb32344ad696f39ea8fb3a2fdfc0897b6001e4634554e43cb3,gx-no-cache=1742563631383 HTTP/1.1" 200 30
190.95.67.95 - - [21/Mar/2025:10:25:25 -0300] "GET /cormun/servlet/solicitudotadjuntos?6ff0053d20f83cbb32344ad696f39ea8fb3a2fdfc0897b6001e4634554e43cb3,gx-no-cache=1742563631412 HTTP/1.1" 200 30
190.95.67.95 - - [21/Mar/2025:10:25:25 -0300] "POST /cormun/servlet/solicitudotadjuntos?d54683ed700e8be32be328b95cdfdfa4,INS,2025,22220,,1, HTTP/1.1" 200 6174
190.95.67.95 - - [21/Mar/2025:10:25:25 -0300] "GET /cormun/static/Shared/jqueryui/images/ui-bg_highlight-soft_100_c6c2c8_1x100.png HTTP/1.1" 404 1117
190.95.67.95 - - [21/Mar/2025:10:25:25 -0300] "GET /cormun/static/Shared/jqueryui/images/ui-bg_flat_55_994d53_40x100.png HTTP/1.1" 404 1097
190.95.67.95 - - [21/Mar/2025:10:25:25 -0300] "GET /cormun/static/Shared/jqueryui/images/ui-icons_ebccce_256x240.png HTTP/1.1" 404 1089
190.95.67.95 - - [21/Mar/2025:10:25:25 -0300] "GET /cormun/servlet/hlogin HTTP/1.1" 200 1759
190.95.67.95 - - [21/Mar/2025:10:25:25 -0300] "GET /cormun/static/Shared/jqueryui/images/ui-icons_82798d_256x240.png HTTP/1.1" 404 1089
190.95.67.95 - - [21/Mar/2025:10:25:25 -0300] "GET /cormun/PrivateTempStorage/upload_00006321.pdf HTTP/1.1" 200 40960
190.95.67.95 - - [21/Mar/2025:10:25:29 -0300] "POST /cormun/servlet/hlogin?d54683ed700e8be32be328b95cdfdfa4,gx-no-cache=1742563634881 HTTP/1.1" 200 90
190.95.67.95 - - [21/Mar/2025:10:25:29 -0300] "GET /cormun/servlet/hpexe_link HTTP/1.1" 200 976
190.95.67.95 - - [21/Mar/2025:10:25:29 -0300] "GET /cormun/servlet/solicitudotadjuntos?INS,2025,22220,,1, HTTP/1.1" 200 6054
190.95.67.95 - - [21/Mar/2025:10:25:29 -0300] "GET /cormun/static/about:blank HTTP/1.1" 404 1011
190.95.67.95 - - [21/Mar/2025:10:25:29 -0300] "GET /cormun/servlet/solicitudotadjuntos?6ff0053d20f83cbb32344ad696f39ea858910e21ad01ebfa5f7a6a1649dda180316eb5918ffdb38a291b45ec642bd626,gx-no-cache=1742563635643 HTTP/1.1" 200 30
190.95.67.95 - - [21/Mar/2025:10:25:29 -0300] "POST /cormun/servlet/solicitudotadjuntos?d54683ed700e8be32be328b95cdfdfa4,INS,2025,22220,,1,,gx-no-cache=1742563635665 HTTP/1.1" 200 3890
190.95.67.95 - - [21/Mar/2025:10:25:33 -0300] "POST /cormun/servlet/solicitudotadjuntos?gx-no-cache=1742563639112 HTTP/1.1" 200 26
190.95.67.95 - - [21/Mar/2025:10:25:37 -0300] "POST /cormun/servlet/solicitudotadjuntos?gx-no-cache=1742563643017 HTTP/1.1" 200 26
201.186.226.3 - - [21/Mar/2025:10:25:37 -0300] "GET /cormun/servlet/solicitudot?262fcff728eb5113ff0a29194ff07f265ab2d6d45b52f908c280e90dfb32d00772a725dbf97bf815e58563668ea13942b373f1c496980b486f7f40556d82e790f4ca05967bd3bc9c7ed2e665355834523eef0c5bc5a478fff0ff563f0b6b9f39b195face3b6f764bdbef21139a4453f1,gx-no-cache=1742563646894 HTTP/1.1" 200 29
201.186.226.3 - - [21/Mar/2025:10:25:37 -0300] "GET /cormun/servlet/solicitudot?262fcff728eb5113ff0a29194ff07f2648605681316cfdba3c3256816b7050eb3353df0c607e9ba8a044397a779444fe,gx-no-cache=1742563646952 HTTP/1.1" 200 30
201.186.226.3 - - [21/Mar/2025:10:25:37 -0300] "POST /cormun/servlet/solicitudot?gx-no-cache=1742563646989 HTTP/1.1" 200 30
201.186.226.3 - - [21/Mar/2025:10:25:42 -0300] "POST /cormun/servlet/solicitudot?5234b4bc0eac6e3cf1685f5e6de5ec5b,UPD,2025,22221,false,,gx-no-cache=1742563647029 HTTP/1.1" 200 93
201.186.226.3 - - [21/Mar/2025:10:25:42 -0300] "GET /cormun/servlet/hpexe_return? HTTP/1.1" 200 1017
201.186.226.3 - - [21/Mar/2025:10:25:42 -0300] "GET /cormun/servlet/trsolicitudot HTTP/1.1" 200 8972
190.95.67.95 - - [21/Mar/2025:10:25:54 -0300] "GET /cormun/servlet/solicitudotadjuntos?6ff0053d20f83cbb32344ad696f39ea8fb3a2fdfc0897b6001e4634554e43cb3,gx-no-cache=1742563660183 HTTP/1.1" 200 30
190.95.67.95 - - [21/Mar/2025:10:25:54 -0300] "GET /cormun/servlet/solicitudotadjuntos?6ff0053d20f83cbb32344ad696f39ea8fb3a2fdfc0897b6001e4634554e43cb3,gx-no-cache=1742563660209 HTTP/1.1" 200 30
201.186.226.3 - - [21/Mar/2025:10:26:00 -0300] "POST /cormun/servlet/trsolicitudot?5234b4bc0eac6e3cf1685f5e6de5ec5b,gx-no-cache=1742563670033 HTTP/1.1" 200 111
201.186.226.3 - - [21/Mar/2025:10:26:00 -0300] "GET /cormun/servlet/solicitudot?UPD,2025,22221,false, HTTP/1.1" 200 16560
201.186.226.3 - - [21/Mar/2025:10:26:01 -0300] "POST /cormun/servlet/solicitudot?gx-no-cache=1742563670851 HTTP/1.1" 200 4116
201.186.226.3 - - [21/Mar/2025:10:26:01 -0300] "POST /cormun/servlet/solicitudot?5234b4bc0eac6e3cf1685f5e6de5ec5b,UPD,2025,22221,false,,gx-no-cache=1742563670973 HTTP/1.1" 200 12779
201.186.226.3 - - [21/Mar/2025:10:26:01 -0300] "GET /cormun/servlet/solicitudot?262fcff728eb5113ff0a29194ff07f26f2434482c364e179052e854f81c29ec5e0d048d21f4add02c6b569bf982f1c3d,gx-no-cache=1742563671069 HTTP/1.1" 200 30
201.186.226.3 - - [21/Mar/2025:10:26:01 -0300] "GET /cormun/servlet/solicitudot?262fcff728eb5113ff0a29194ff07f261ba7518bef65079a1beddafdc3c57efe5cd00e0d921b105ae8b766de68553662f36be8856b3e1a25c1b3596e8788e29a,gx-no-cache=1742563671103 HTTP/1.1" 200 30
201.186.226.3 - - [21/Mar/2025:10:26:01 -0300] "GET /cormun/servlet/solicitudot?262fcff728eb5113ff0a29194ff07f268d3d906d77b80e06a41def4b5a8865b7829b968a0ad975be8477b3132c75dbbaf5f2092749feb385ecb4193843e11c5980eb6db170a6c95b8759a254ff886540,gx-no-cache=1742563671120 HTTP/1.1" 200 59
201.186.226.3 - - [21/Mar/2025:10:26:01 -0300] "POST /cormun/servlet/solicitudot?gx-no-cache=1742563671141 HTTP/1.1" 200 257
201.186.226.3 - - [21/Mar/2025:10:26:01 -0300] "GET /cormun/servlet/solicitudot?262fcff728eb5113ff0a29194ff07f26d8097c1f704cc8e2008ff011fd2c7457e6813beb0a72968e86f202fd844f6b5440bb1031ca314b7cb3d31134490fec47b26e6746827ef5f6ba55529a4b42b222fc1dcfadfae76d0c32599b69c1cc9f9f79db3acb7715c48ebef7e4ee4c7ea6fc243be82d113a3bc1d859f83f4e28e077615bf8fc14c8ddde8a803bfd98ddccea2f7c937527dd99be0973db531b5ded012829c742c826f4586d6077542118f227ba5521e5d0239a2653971fdf64cad659fda003bb5f9307f6bcbcf5437a8f079b002458af116155bb16a036d37fac54881678554621d61f42884dab272d4f8b7006d8a9d67329e1e3bbd51be7d47ee54136ffbde0cba6b14398993e78dfd7ece9537419059110fcae312488bcc03a953025fcfcd16d80977a246ee578fcd20e361bbc86740edbb368a8d1da79da868b94e2bdbfa598119b675f66685e3157f58b171417b8bfe2ac90bebabf1aeba477a7b14ecbc5c0071eea3ed943059c15fa7afb26b8c339749876613ca02dc4123cbc,gx-no-cache=1742563671166 HTTP/1.1" 200 30
201.186.226.3 - - [21/Mar/2025:10:26:01 -0300] "POST /cormun/servlet/solicitudot?gx-no-cache=1742563671186 HTTP/1.1" 200 30
201.186.226.3 - - [21/Mar/2025:10:26:01 -0300] "POST /cormun/servlet/solicitudot?gx-no-cache=1742563671211 HTTP/1.1" 200 1480
201.186.226.3 - - [21/Mar/2025:10:26:01 -0300] "POST /cormun/servlet/solicitudot?gx-no-cache=1742563671254 HTTP/1.1" 200 41
190.95.67.95 - - [21/Mar/2025:10:26:09 -0300] "POST /cormun/servlet/solicitudotadjuntos?d54683ed700e8be32be328b95cdfdfa4,INS,2025,22220,,1, HTTP/1.1" 200 116
190.95.67.95 - - [21/Mar/2025:10:26:23 -0300] "GET /cormun/servlet/hpexe_return? HTTP/1.1" 200 1025
190.95.67.95 - - [21/Mar/2025:10:26:23 -0300] "GET /cormun/servlet/trsolicitudadjuntos?2025,22220, HTTP/1.1" 200 10026
201.186.226.3 - - [21/Mar/2025:10:26:29 -0300] "POST /cormun/servlet/solicitudot?gx-no-cache=1742563699220 HTTP/1.1" 200 257
