192.168.10.93 - - [21/Mar/2025:09:14:13 -0300] "GET /cormun/static/scaMessage/scaMessageRender.js HTTP/1.1" 200 11977
192.168.10.93 - - [21/Mar/2025:09:14:13 -0300] "GET /cormun/static/Shared/jqueryui/jquery-ui.min.js HTTP/1.1" 200 240427
192.168.10.93 - - [21/Mar/2025:09:14:13 -0300] "GET /cormun/static/hmpwkw03.js?20221129844354 HTTP/1.1" 200 3971
192.168.10.93 - - [21/Mar/2025:09:14:13 -0300] "GET /cormun/static/Shared/ext/ext-all.js HTTP/1.1" 200 1289687
192.168.10.93 - - [21/Mar/2025:09:14:13 -0300] "GET /cormun/static/SmoothNavMenu/resources/images/down.gif HTTP/1.1" 200 854
192.168.10.93 - - [21/Mar/2025:09:14:17 -0300] "GET /cormun/servlet/trsolicitudgral? HTTP/1.1" 200 28615
192.168.10.93 - - [21/Mar/2025:09:14:17 -0300] "GET /cormun/static/gxui/gxui-all.css?110300 HTTP/1.1" 200 2179
192.168.10.93 - - [21/Mar/2025:09:14:17 -0300] "GET /cormun/static/calendar-system.css?75620 HTTP/1.1" 200 5572
192.168.10.93 - - [21/Mar/2025:09:14:17 -0300] "GET /cormun/static/gxcfg.js?20191021621534 HTTP/1.1" 200 953
192.168.10.93 - - [21/Mar/2025:09:14:17 -0300] "GET /cormun/static/calendar.js?85251 HTTP/1.1" 200 26246
192.168.10.93 - - [21/Mar/2025:09:14:17 -0300] "GET /cormun/static/Resources/Spanish/PXTools.css?2294816 HTTP/1.1" 200 100853
192.168.10.93 - - [21/Mar/2025:09:14:17 -0300] "GET /cormun/static/calendar-es.js?85251 HTTP/1.1" 200 1901
192.168.10.93 - - [21/Mar/2025:09:14:17 -0300] "GET /cormun/static/calendar-setup.js?85251 HTTP/1.1" 200 2588
192.168.10.93 - - [21/Mar/2025:09:14:17 -0300] "GET /cormun/static/Resources/PXTools/calendar.png HTTP/1.1" 200 1306
192.168.10.93 - - [21/Mar/2025:09:14:17 -0300] "GET /cormun/static/Shared/ext/resources/css/ext-all.css?205870 HTTP/1.1" 200 416045
192.168.10.93 - - [21/Mar/2025:09:14:17 -0300] "GET /cormun/static/gxdec.js?85251 HTTP/1.1" 200 19579
192.168.10.93 - - [21/Mar/2025:09:14:17 -0300] "GET /cormun/static/trsolicitudgral.js?20191021621224 HTTP/1.1" 200 55166
192.168.10.93 - - [21/Mar/2025:09:14:17 -0300] "GET /cormun/static/Resources/PXToolsDataSearch.png HTTP/1.1" 200 435
192.168.10.93 - - [21/Mar/2025:09:14:17 -0300] "GET /cormun/static/Resources/PXToolsGridFirstDisabled.gif HTTP/1.1" 200 100
192.168.10.93 - - [21/Mar/2025:09:14:17 -0300] "GET /cormun/static/Resources/PXToolsGridLastDisabled.gif HTTP/1.1" 200 98
192.168.10.93 - - [21/Mar/2025:09:14:17 -0300] "GET /cormun/static/Resources/PXToolsGridNextDisabled.gif HTTP/1.1" 200 90
192.168.10.93 - - [21/Mar/2025:09:14:17 -0300] "GET /cormun/static/Resources/PXToolsGridPage.gif HTTP/1.1" 200 725
192.168.10.93 - - [21/Mar/2025:09:14:17 -0300] "GET /cormun/static/Resources/PXToolsGridPreviousDisabled.gif HTTP/1.1" 200 90
192.168.10.93 - - [21/Mar/2025:09:14:17 -0300] "GET /cormun/static/Resources/PXToolsAddAllStandardAction.png HTTP/1.1" 200 628
192.168.10.93 - - [21/Mar/2025:09:14:17 -0300] "GET /cormun/static/Resources/PXToolsRemoveAllStandardAction.png HTTP/1.1" 200 495
192.168.10.93 - - [21/Mar/2025:09:14:17 -0300] "GET /cormun/static/Resources/PXToolsActionExcel.png HTTP/1.1" 200 727
192.168.10.93 - - [21/Mar/2025:09:14:17 -0300] "GET /cormun//static/Resources/PXToolsGridDelete.png HTTP/1.1" 200 538
192.168.10.93 - - [21/Mar/2025:09:14:17 -0300] "GET /cormun//static/Resources/PXToolsGridUpdate.png HTTP/1.1" 200 470
192.168.10.93 - - [21/Mar/2025:09:14:17 -0300] "GET /cormun/static/Resources/desc.gif HTTP/1.1" 200 65
192.168.10.93 - - [21/Mar/2025:09:14:17 -0300] "GET /cormun/static/Resources/asc.gif HTTP/1.1" 200 67
192.168.10.93 - - [21/Mar/2025:09:14:17 -0300] "GET /cormun/static/Shared/ext/resources/themes/images/default/tools/tool-sprites.gif HTTP/1.1" 200 5434
192.168.10.93 - - [21/Mar/2025:09:14:17 -0300] "GET /cormun/static/Shared/ext/resources/themes/images/default/panel/bg-headersPanel.png HTTP/1.1" 200 255
192.168.10.93 - - [21/Mar/2025:09:14:31 -0300] "POST /cormun/servlet/trsolicitudgral?cf75dffb051c292025edf23ea6740c11,,gx-no-cache=1742559380648 HTTP/1.1" 200 12992
192.168.10.93 - - [21/Mar/2025:09:14:44 -0300] "POST /cormun/servlet/trsolicitudgral?cf75dffb051c292025edf23ea6740c11,,gx-no-cache=1742559393867 HTTP/1.1" 200 12992
192.168.10.93 - - [21/Mar/2025:09:14:45 -0300] "POST /cormun/servlet/trsolicitudgral?cf75dffb051c292025edf23ea6740c11,,gx-no-cache=1742559395000 HTTP/1.1" 200 12991
192.168.10.93 - - [21/Mar/2025:09:14:53 -0300] "POST /cormun/servlet/trsolicitudgral?cf75dffb051c292025edf23ea6740c11,,gx-no-cache=1742559402729 HTTP/1.1" 200 6667
104.244.78.110 - tomcat [21/Mar/2025:09:15:09 -0300] "GET /manager/html HTTP/1.1" 403 3196
190.95.15.9 - - [21/Mar/2025:09:15:39 -0300] "GET /cormun/servlet/veautorizarsolicitud?2025,22167,, HTTP/1.1" 200 8598
190.95.15.9 - - [21/Mar/2025:09:15:39 -0300] "GET /cormun/pexe_scrolldiv.js HTTP/1.1" 404 1009
190.95.15.9 - - [21/Mar/2025:09:15:39 -0300] "GET /cormun/static/gxcfg.js?202211298474783 HTTP/1.1" 200 953
190.95.15.9 - - [21/Mar/2025:09:15:39 -0300] "GET /cormun/static/veautorizarsolicitud.js?202211298474813 HTTP/1.1" 200 6140
190.95.15.9 - - [21/Mar/2025:09:15:39 -0300] "GET /cormun/static/tbautorizarsolicitud01.js?20221129837213 HTTP/1.1" 200 30580
91.208.206.203 - - [21/Mar/2025:09:16:15 -0300] "GET /manager/html HTTP/1.1" 401 2474
190.95.67.91 - - [21/Mar/2025:09:16:33 -0300] "GET /cormun/servlet/trlicencias? HTTP/1.1" 200 12998
201.186.225.183 - - [21/Mar/2025:09:16:59 -0300] "GET /cormun/servlet/trlicencias? HTTP/1.1" 200 6043
201.186.225.183 - - [21/Mar/2025:09:17:00 -0300] "GET /cormun/servlet/hlogin HTTP/1.1" 200 1732
104.244.78.110 - tomcat [21/Mar/2025:09:17:10 -0300] "GET /manager/html HTTP/1.1" 403 3196
201.186.225.183 - - [21/Mar/2025:09:17:15 -0300] "POST /cormun/servlet/hlogin?fa7e099a4b10734ef386abd069f46bbc,gx-no-cache=1742559545875 HTTP/1.1" 200 90
201.186.225.183 - - [21/Mar/2025:09:17:15 -0300] "GET /cormun/servlet/hpexe_link HTTP/1.1" 200 951
201.186.225.183 - - [21/Mar/2025:09:17:16 -0300] "GET /cormun/servlet/trlicencias HTTP/1.1" 200 11166
201.186.225.191 - - [21/Mar/2025:09:17:36 -0300] "GET /cormun/servlet/hlogin HTTP/1.1" 200 1732
201.186.225.191 - - [21/Mar/2025:09:17:36 -0300] "GET /favicon.ico HTTP/1.1" 200 21630
201.186.225.191 - - [21/Mar/2025:09:17:44 -0300] "POST /cormun/servlet/hlogin?81dd52ee97fda3b641cf57bf77e789f9,gx-no-cache=1742559574460 HTTP/1.1" 200 90
201.186.225.191 - - [21/Mar/2025:09:17:44 -0300] "GET /cormun/servlet/hpexe_link HTTP/1.1" 200 944
201.186.225.191 - - [21/Mar/2025:09:17:44 -0300] "GET /cormun/servlet/hhome HTTP/1.1" 200 4180
201.186.225.191 - - [21/Mar/2025:09:18:58 -0300] "GET /cormun/servlet/trsolicitudot? HTTP/1.1" 200 7401
104.244.78.110 - tomcat [21/Mar/2025:09:19:11 -0300] "GET /manager/html HTTP/1.1" 403 3196
201.186.225.191 - - [21/Mar/2025:09:19:44 -0300] "GET /cormun/servlet/solicitudot?INS,0,0,false, HTTP/1.1" 200 16183
190.95.67.95 - - [21/Mar/2025:09:19:57 -0300] "GET /cormun/servlet/hlogin HTTP/1.1" 200 1720
190.95.67.95 - - [21/Mar/2025:09:20:01 -0300] "POST /cormun/servlet/hlogin?d54683ed700e8be32be328b95cdfdfa4,gx-no-cache=1742559707177 HTTP/1.1" 200 90
190.95.67.95 - - [21/Mar/2025:09:20:01 -0300] "GET /cormun/servlet/hpexe_link HTTP/1.1" 200 951
190.95.67.95 - - [21/Mar/2025:09:20:01 -0300] "GET /cormun/servlet/hhome HTTP/1.1" 200 4006
190.95.67.95 - - [21/Mar/2025:09:20:05 -0300] "GET /cormun/servlet/trsolicitudot? HTTP/1.1" 200 8648
190.95.67.95 - - [21/Mar/2025:09:20:08 -0300] "GET /cormun/servlet/solicitudot?INS,0,0,false, HTTP/1.1" 200 16009
91.208.206.203 - - [21/Mar/2025:09:20:16 -0300] "GET /manager/html HTTP/1.1" 401 2474
190.95.67.95 - - [21/Mar/2025:09:20:30 -0300] "POST /cormun/servlet/solicitudot?gx-no-cache=1742559735927 HTTP/1.1" 200 4124
190.95.67.95 - - [21/Mar/2025:09:20:30 -0300] "POST /cormun/servlet/solicitudot?d54683ed700e8be32be328b95cdfdfa4,INS,0,0,false,,gx-no-cache=1742559736061 HTTP/1.1" 200 12703
190.95.67.95 - - [21/Mar/2025:09:20:38 -0300] "GET /cormun/servlet/solicitudot?6ff0053d20f83cbb32344ad696f39ea89a8c7ebde6e65c5a4e5ad42237bb1919f59a4714245644ea1e63f97e8f7ff09b,gx-no-cache=1742559744075 HTTP/1.1" 200 30
190.95.67.95 - - [21/Mar/2025:09:20:41 -0300] "GET /cormun/servlet/solicitudot?6ff0053d20f83cbb32344ad696f39ea8869d93f8381b80a76e47cd798dc051c1,gx-no-cache=1742559747397 HTTP/1.1" 200 94
190.95.67.95 - - [21/Mar/2025:09:20:41 -0300] "GET /cormun/static/Shared/jqueryui/images/ui-bg_highlight-soft_100_c6c2c8_1x100.png HTTP/1.1" 404 1117
190.95.67.95 - - [21/Mar/2025:09:20:41 -0300] "GET /cormun/static/Shared/jqueryui/images/ui-bg_flat_55_994d53_40x100.png HTTP/1.1" 404 1097
190.95.67.95 - - [21/Mar/2025:09:20:41 -0300] "GET /cormun/static/Shared/jqueryui/images/ui-icons_82798d_256x240.png HTTP/1.1" 404 1089
190.95.67.95 - - [21/Mar/2025:09:20:41 -0300] "GET /cormun/static/Shared/jqueryui/images/ui-icons_ebccce_256x240.png HTTP/1.1" 404 1089
190.95.67.95 - - [21/Mar/2025:09:20:41 -0300] "GET /cormun/servlet/solicitudot?6ff0053d20f83cbb32344ad696f39ea8371346b5bc3a263ad1df57b8fdfa0c94,gx-no-cache=1742559747443 HTTP/1.1" 200 51
190.95.67.95 - - [21/Mar/2025:09:20:41 -0300] "POST /cormun/servlet/solicitudot?gx-no-cache=1742559747462 HTTP/1.1" 200 255
190.95.67.95 - - [21/Mar/2025:09:20:41 -0300] "GET /cormun/servlet/solicitudot?6ff0053d20f83cbb32344ad696f39ea8b6c2d15ff121f10f7d15a14d0be353ee90028fd346cfd2e6988366c05917e05c2aac81285962e2b82882477a297a7d9f800ac0f2a843469a7d99e2436235d1d54dc29ac5ebbb43820cff7b10d429eee322acd5f82efb254b91b194a61ad268f483e852840dae294b02aef65e618bb1bcc6edcb5b129e844fef7fbaff9298d8c1a86314955180a41c465fa59fdc1da59aa752e380d08a4c32c0c53dab66da07bb913efa6a57e87ce39ae2a35d102d67852c4e6f672cb9222a09001493947f72e6ee34bd532936f78c1aac1b52257f7338c8f5bdd23ad0ae66443b6c32b10215ce176b75fc0fb4a888ec64c5bc9c81d5d2e5e1a7bf0867806a57a420216ac3b538fc7486423580aa226485940ddc9b12ca18faebf58b2ff66b42713718cc302b4b18d94ceb58dd62e66e253358746b80aec064a39546b38eee9d7be67a72562c1badf3ee93288b3081a928fceee7959ad4797f49aeb3e09fff5dd732f374f6e3d5c9b567eeef0a50ba18de1bc34b243ebc,gx-no-cache=1742559747491 HTTP/1.1" 200 30
201.186.225.185 - - [21/Mar/2025:09:20:48 -0300] "GET /cormun/servlet/hlogin HTTP/1.1" 200 1727
201.186.225.185 - - [21/Mar/2025:09:20:48 -0300] "GET /cormun/servlet/hlogin HTTP/1.1" 200 1737
201.186.225.185 - - [21/Mar/2025:09:20:52 -0300] "POST /cormun/servlet/hlogin?a44686b3947f3fc6e315476bece41fc7,gx-no-cache=1742559762646 HTTP/1.1" 200 90
201.186.225.185 - - [21/Mar/2025:09:20:52 -0300] "GET /cormun/servlet/hpexe_link HTTP/1.1" 200 956
201.186.225.185 - - [21/Mar/2025:09:20:52 -0300] "GET /cormun/servlet/hhome HTTP/1.1" 200 4227
201.186.225.185 - - [21/Mar/2025:09:20:56 -0300] "GET /cormun/servlet/trsolicitudot? HTTP/1.1" 200 7448
104.244.78.110 - tomcat [21/Mar/2025:09:21:13 -0300] "GET /manager/html HTTP/1.1" 403 3196
201.186.226.3 - - [21/Mar/2025:09:22:10 -0300] "GET /cormun/servlet/hlogin HTTP/1.1" 200 1723
201.186.226.3 - - [21/Mar/2025:09:22:10 -0300] "GET /cormun/servlet/hlogin HTTP/1.1" 200 1734
201.186.225.185 - - [21/Mar/2025:09:22:15 -0300] "GET /cormun/servlet/solicitudot?INS,0,0,false, HTTP/1.1" 200 16222
201.186.226.3 - - [21/Mar/2025:09:22:17 -0300] "POST /cormun/servlet/hlogin?5234b4bc0eac6e3cf1685f5e6de5ec5b,gx-no-cache=1742559846538 HTTP/1.1" 200 90
201.186.226.3 - - [21/Mar/2025:09:22:17 -0300] "GET /cormun/servlet/hpexe_link HTTP/1.1" 200 955
201.186.226.3 - - [21/Mar/2025:09:22:17 -0300] "GET /cormun/servlet/hhome HTTP/1.1" 200 3874
201.186.226.3 - - [21/Mar/2025:09:22:25 -0300] "GET /cormun/servlet/trcontratoobservacion? HTTP/1.1" 200 6040
201.186.226.3 - - [21/Mar/2025:09:22:25 -0300] "GET /cormun/static/gxcfg.js?2022112984808 HTTP/1.1" 200 953
201.186.226.3 - - [21/Mar/2025:09:22:25 -0300] "GET /cormun/static/trcontratoobservacion.js?20221129848151 HTTP/1.1" 200 25148
201.186.226.3 - - [21/Mar/2025:09:22:30 -0300] "GET /cormun/servlet/trlicencias? HTTP/1.1" 200 10819
201.186.226.3 - - [21/Mar/2025:09:22:30 -0300] "GET /cormun/static/gxcfg.js?202211298463625 HTTP/1.1" 200 953
201.186.226.3 - - [21/Mar/2025:09:22:30 -0300] "GET /cormun/static/trlicencias.js?202211298463889 HTTP/1.1" 200 41883
201.186.226.3 - - [21/Mar/2025:09:22:30 -0300] "GET /cormun//static/Resources/PXToolsActionDisabled.gif HTTP/1.1" 200 53
201.186.226.3 - - [21/Mar/2025:09:22:30 -0300] "GET /cormun//static/Resources/PXToolsGridDisplay.png HTTP/1.1" 200 525
201.186.226.3 - - [21/Mar/2025:09:22:30 -0300] "GET /cormun//static/Resources/PXTools/ActionInsert.png HTTP/1.1" 200 1482
201.186.226.3 - - [21/Mar/2025:09:22:30 -0300] "GET /cormun//static/Resources/PXToolsHeaderFavorites.png HTTP/1.1" 200 1414
201.186.226.3 - - [21/Mar/2025:09:22:30 -0300] "GET /cormun//static/Resources/PXToolsHeaderHelp.png HTTP/1.1" 200 1333
201.186.226.3 - - [21/Mar/2025:09:22:30 -0300] "GET /cormun//static/Resources/PXToolsActionPrint.png HTTP/1.1" 200 404
104.244.78.110 - tomcat [21/Mar/2025:09:23:14 -0300] "GET /manager/html HTTP/1.1" 403 3196
201.186.226.3 - - [21/Mar/2025:09:23:32 -0300] "GET /cormun/servlet/tratrazos? HTTP/1.1" 200 6758
201.186.226.3 - - [21/Mar/2025:09:23:32 -0300] "GET /cormun/static/gxcfg.js?20221129847238 HTTP/1.1" 200 953
201.186.226.3 - - [21/Mar/2025:09:23:32 -0300] "GET /cormun/static/tratrazos.js?202211298472520 HTTP/1.1" 200 33389
201.186.226.3 - - [21/Mar/2025:09:23:35 -0300] "POST /cormun/servlet/acontrolpreferencessavestate?None,CSTA.F,true HTTP/1.1" 200 35
91.208.206.203 - - [21/Mar/2025:09:24:11 -0300] "GET /manager/html HTTP/1.1" 401 2474
190.95.67.99 - - [21/Mar/2025:09:24:40 -0300] "GET /cormun/servlet/trpermisosgoce? HTTP/1.1" 200 6029
190.95.67.99 - - [21/Mar/2025:09:24:40 -0300] "GET /cormun/servlet/hlogin HTTP/1.1" 200 1736
190.95.67.99 - - [21/Mar/2025:09:24:47 -0300] "POST /cormun/servlet/hlogin?ad9377070cf7f9cc757b11856cf4363d,gx-no-cache=1742559997540 HTTP/1.1" 200 90
190.95.67.99 - - [21/Mar/2025:09:24:47 -0300] "GET /cormun/servlet/hpexe_link HTTP/1.1" 200 952
190.95.67.99 - - [21/Mar/2025:09:24:47 -0300] "GET /cormun/servlet/trpermisosgoce HTTP/1.1" 200 9615
201.186.226.3 - - [21/Mar/2025:09:25:00 -0300] "GET /cormun/servlet/trsolicitudot? HTTP/1.1" 200 7095
201.186.226.3 - - [21/Mar/2025:09:25:08 -0300] "GET /cormun/servlet/trsolicitudot? HTTP/1.1" 200 7094
190.95.67.93 - - [21/Mar/2025:09:25:10 -0300] "GET /cormun/servlet/hlogin HTTP/1.1" 200 1717
104.244.78.110 - tomcat [21/Mar/2025:09:25:14 -0300] "GET /manager/html HTTP/1.1" 403 3196
201.186.225.185 - - [21/Mar/2025:09:25:20 -0300] "POST /cormun/servlet/solicitudot?gx-no-cache=1742560030326 HTTP/1.1" 200 4039
201.186.225.185 - - [21/Mar/2025:09:25:20 -0300] "POST /cormun/servlet/solicitudot?a44686b3947f3fc6e315476bece41fc7,INS,0,0,false,,gx-no-cache=1742560030508 HTTP/1.1" 200 12900
190.95.67.93 - - [21/Mar/2025:09:25:21 -0300] "POST /cormun/servlet/hlogin?dae86e63fd8a9c9980effd4e25332775,gx-no-cache=1742560030461 HTTP/1.1" 200 90
190.95.67.93 - - [21/Mar/2025:09:25:21 -0300] "GET /cormun/servlet/hpexe_link HTTP/1.1" 200 947
201.186.226.3 - - [21/Mar/2025:09:25:21 -0300] "GET /cormun/servlet/solicitudot?INS,0,0,false, HTTP/1.1" 200 15874
201.186.226.3 - - [21/Mar/2025:09:25:21 -0300] "GET /cormun/static/gxcfg.js?20221129840861 HTTP/1.1" 200 953
201.186.226.3 - - [21/Mar/2025:09:25:21 -0300] "GET /cormun/static/Resources/prompt.gif HTTP/1.1" 200 902
201.186.226.3 - - [21/Mar/2025:09:25:21 -0300] "GET /cormun/static/solicitudot.js?20221129840983 HTTP/1.1" 200 74072
190.95.67.93 - - [21/Mar/2025:09:25:21 -0300] "GET /cormun/servlet/hhome HTTP/1.1" 200 4333
201.186.225.185 - - [21/Mar/2025:09:25:22 -0300] "GET /cormun/servlet/solicitudot?9c888c4fcb09f052a5b5a3093bfa854e18650babd4fc715bb36c39ddabd23082304893a1bbd2d72926da598e954d3334,gx-no-cache=1742560033297 HTTP/1.1" 200 30
190.95.67.93 - - [21/Mar/2025:09:25:28 -0300] "GET /cormun/servlet/trlicencias? HTTP/1.1" 200 11406
190.95.67.93 - - [21/Mar/2025:09:25:28 -0300] "GET /cormun/static/gxcfg.js?202211298463625 HTTP/1.1" 200 953
190.95.67.93 - - [21/Mar/2025:09:25:28 -0300] "GET /cormun/static/trlicencias.js?202211298463889 HTTP/1.1" 200 41883
190.95.67.93 - - [21/Mar/2025:09:25:28 -0300] "GET /cormun//static/Resources/PXToolsActionDisabled.gif HTTP/1.1" 200 53
190.95.67.93 - - [21/Mar/2025:09:25:28 -0300] "GET /cormun//static/Resources/PXToolsGridDisplay.png HTTP/1.1" 200 525
190.95.67.93 - - [21/Mar/2025:09:25:28 -0300] "GET /cormun//static/Resources/PXToolsHeaderFavorites.png HTTP/1.1" 200 1414
190.95.67.93 - - [21/Mar/2025:09:25:28 -0300] "GET /cormun//static/Resources/PXToolsActionPrint.png HTTP/1.1" 200 404
190.95.67.93 - - [21/Mar/2025:09:25:28 -0300] "GET /cormun//static/Resources/PXToolsHeaderHelp.png HTTP/1.1" 200 1333
201.186.226.3 - - [21/Mar/2025:09:25:49 -0300] "GET /cormun/servlet/trcontratoobservacion? HTTP/1.1" 200 6054
201.186.225.185 - - [21/Mar/2025:09:27:07 -0300] "GET /cormun/servlet/solicitudot?9c888c4fcb09f052a5b5a3093bfa854ebf9089be568fc70caad8cd6c8190c526aaf79096853480c2a6443c6c8abd61d4fb7dd5390af186e28e0cf57840fe5cb2304893a1bbd2d72926da598e954d3334,gx-no-cache=1742560138325 HTTP/1.1" 200 30
104.244.78.110 - tomcat [21/Mar/2025:09:27:15 -0300] "GET /manager/html HTTP/1.1" 403 3196
201.186.225.191 - - [21/Mar/2025:09:27:20 -0300] "POST /cormun/servlet/solicitudot?gx-no-cache=1742560150177 HTTP/1.1" 200 4046
201.186.225.191 - - [21/Mar/2025:09:27:20 -0300] "POST /cormun/servlet/solicitudot?81dd52ee97fda3b641cf57bf77e789f9,INS,0,0,false,,gx-no-cache=1742560150342 HTTP/1.1" 200 12896
201.186.225.185 - - [21/Mar/2025:09:27:22 -0300] "GET /cormun/servlet/solicitudot?9c888c4fcb09f052a5b5a3093bfa854e4f0b5222cda9b062bbb40f032918a1e7,gx-no-cache=1742560153018 HTTP/1.1" 200 53
201.186.225.191 - - [21/Mar/2025:09:27:25 -0300] "GET /cormun/servlet/solicitudot?f5afd10a772dcece9a0ea0d9b6623433840c9e83e5996ed40b5a373272b945ea5f124fa1df3fc76f891b56d62f5af580,gx-no-cache=1742560155370 HTTP/1.1" 200 30
201.186.225.185 - - [21/Mar/2025:09:27:48 -0300] "POST /cormun/servlet/solicitudot?gx-no-cache=1742560179346 HTTP/1.1" 200 255
201.186.225.185 - - [21/Mar/2025:09:27:51 -0300] "GET /cormun/servlet/solicitudot?9c888c4fcb09f052a5b5a3093bfa854e1e4cfa96ea4ab959481e28baee6ac794764706a301f9756d5deadb4b60cc1d8d251ffa48505cddff71a4497db28a7f754fad85b317710ebb1036bb120b69839ebe6f791e37d325e2ead072aaccdddee22c24088b696b316c951fad42d8d1b4a5f9f8b5d0a575d114142d4fa94c8d203bc66630a9f084c5821a23e69d7724a744219fdf492fa9c1b02db4e4cfe9943719e6d2e518be4128e2421edacd093a89010aed4d7b33555af34a2721b159b85b0a9eac6277b22ced4d12e128e062cde28d3590cc5e4dfec59eefe84f790b754a7ccc8c3b5a659d26d6c62d4e559023fe16fefa0fd732625f20a8a397cc50a4c11efac6ac2bab2d9dec0f93521176f01780598e6f27dfb69bc687907de786af539062295c19946882bc1f958bd846f02e1d0c452a8fd0d12ad1c659a756fb192eb0669e07b728732019f926e118eea1d8c85df9a1ed97780cb07d7c18a75f0729a9ca9c51ee59049c3b4113d9efca80c51d50590c29c7484848b92c6339d78846b8,gx-no-cache=1742560182109 HTTP/1.1" 200 30
201.186.225.185 - - [21/Mar/2025:09:27:53 -0300] "POST /cormun/servlet/solicitudot?gx-no-cache=1742560184169 HTTP/1.1" 200 30
201.186.225.185 - - [21/Mar/2025:09:27:56 -0300] "POST /cormun/servlet/solicitudot?gx-no-cache=1742560186642 HTTP/1.1" 200 1479
201.186.225.185 - - [21/Mar/2025:09:27:56 -0300] "POST /cormun/servlet/solicitudot?gx-no-cache=1742560186678 HTTP/1.1" 200 38
91.208.206.203 - - [21/Mar/2025:09:28:13 -0300] "GET /manager/html HTTP/1.1" 401 2474
201.186.226.3 - - [21/Mar/2025:09:28:36 -0300] "GET /cormun/servlet/trfichaempleado? HTTP/1.1" 200 10910
201.186.225.191 - - [21/Mar/2025:09:29:09 -0300] "GET /cormun/static/Resources/resize.gif HTTP/1.1" 200 77
201.186.225.191 - - [21/Mar/2025:09:29:09 -0300] "GET /cormun/static/Resources/PXTools/ClosePrompt.png HTTP/1.1" 200 1036
201.186.225.191 - - [21/Mar/2025:09:29:09 -0300] "GET /cormun/servlet/prbanco?,MD,,gxPopupLevel%3D0%3B HTTP/1.1" 200 6561
201.186.225.191 - - [21/Mar/2025:09:29:09 -0300] "GET /cormun/static/gxcfg.js?20201216131581 HTTP/1.1" 200 953
201.186.225.191 - - [21/Mar/2025:09:29:09 -0300] "GET /cormun/static/Resources/PXToolsMenuSearch.png HTTP/1.1" 200 336
201.186.225.191 - - [21/Mar/2025:09:29:09 -0300] "GET /cormun/static/prbanco.js?20201216132311 HTTP/1.1" 200 10693
201.186.225.191 - - [21/Mar/2025:09:29:10 -0300] "GET /cormun/static/hmpwkw011.js?202211298443482 HTTP/1.1" 200 1968
201.186.225.191 - - [21/Mar/2025:09:29:10 -0300] "GET /cormun/static/menusearch.js?20201214473581 HTTP/1.1" 200 1424
201.186.225.191 - - [21/Mar/2025:09:29:10 -0300] "GET /cormun/static/Resources/PXToolsMenuSearchCancel.png HTTP/1.1" 200 306
201.186.225.191 - - [21/Mar/2025:09:29:12 -0300] "GET /cormun/servlet/solicitudot?f5afd10a772dcece9a0ea0d9b66234336af575c4751800f0b521ffac397f7deb04477dd2f490c9f2137ad80b758acc27c09ec1c25a704848f34868377265bf5f,gx-no-cache=1742560261892 HTTP/1.1" 200 30
201.186.225.191 - - [21/Mar/2025:09:29:13 -0300] "GET /cormun/servlet/solicitudot?f5afd10a772dcece9a0ea0d9b662343342d34d381bc517f6ef7af17d2e199968,gx-no-cache=1742560262992 HTTP/1.1" 200 53
190.95.15.31 - - [21/Mar/2025:09:29:19 -0300] "GET /cormun/servlet/prbanco?,MD,,gxPopupLevel%3D0%3B HTTP/1.1" 200 6763
104.244.78.110 - tomcat [21/Mar/2025:09:29:20 -0300] "GET /manager/html HTTP/1.1" 403 3196
201.186.225.191 - - [21/Mar/2025:09:29:27 -0300] "POST /cormun/servlet/solicitudot?gx-no-cache=1742560277481 HTTP/1.1" 200 297
201.186.225.191 - - [21/Mar/2025:09:29:27 -0300] "GET /cormun/servlet/solicitudot?f5afd10a772dcece9a0ea0d9b6623433885ecef0028afcff1df68723d4d56d1ac19c1d5c5b86bccd12b41d3854484ee3e00eb70a5a39a36f144bdec183927a2a590ae9f7f82e403cb82bf9f9e93537abf06fb4daa55d63132d45582452090b453fa64a64c28e9e5b03832b45d54e7261da732e8a3a159d0ed6f8efbd49fab7748d97f022132ffab34359da9cf645d0de4b5173807679930e6922fd09e7f6875d063ce2c9d1b829fdcf5a75673c5995f578063050852503ac7a823809f5cd39a2699517c18d7b79326f811bdc679a4bc8a81e31d5ac6e309080f0faf1a5e4d0569b4e80e90c64e0d339d78fa17adb50ccab834afbe602fbd82316be48a51211a7aae184e7a4ca329c6eb4cb403b4bbf78f485eafd652d38bcd72139207c38d78a0cfc34ea3f77094df0f7a86fe8111caf998f6a64259a2b60392eb053bc1fe01a46cbc0cc2a425d157c2e9e0f2a2f9ea1c07e3284bdfbf2a3b5f2fae0e37b94608888559179d45abf43bcd9fdbad3bb77a4b761286735c56e93eef8c360f1dedd9f9057bcf90f3d611d41a00de27aad96,gx-no-cache=1742560277523 HTTP/1.1" 200 30
201.186.225.191 - - [21/Mar/2025:09:29:29 -0300] "POST /cormun/servlet/solicitudot?gx-no-cache=1742560279697 HTTP/1.1" 200 30
201.186.225.191 - - [21/Mar/2025:09:29:41 -0300] "POST /cormun/servlet/solicitudot?gx-no-cache=1742560289050 HTTP/1.1" 200 1482
201.186.225.191 - - [21/Mar/2025:09:29:41 -0300] "GET /cormun/static/menuarrow.gif HTTP/1.1" 404 1015
201.186.225.185 - - [21/Mar/2025:09:29:42 -0300] "GET /cormun/servlet/solicitudot?9c888c4fcb09f052a5b5a3093bfa854e919d548a157b210655bc59188fc382fa7386c6e9cc58de5edd1992a91a76475c684380394810609b4dacf40f03abf0e1e5a58c90ecaaa78c490ea835117a8b0a4eae422d4d29babed0144310aa35fce5f4b8d9d838f26e7694e7a92413153430,gx-no-cache=1742560293103 HTTP/1.1" 200 110
201.186.225.191 - - [21/Mar/2025:09:29:44 -0300] "POST /cormun/servlet/solicitudot?gx-no-cache=1742560294494 HTTP/1.1" 200 41
201.186.225.185 - - [21/Mar/2025:09:29:51 -0300] "POST /cormun/servlet/solicitudot?gx-no-cache=1742560302144 HTTP/1.1" 200 97
201.186.225.185 - - [21/Mar/2025:09:29:57 -0300] "GET /cormun/servlet/solicitudot?9c888c4fcb09f052a5b5a3093bfa854e6f847b544f363111965c987b6cb33c5093d4c2e7666ae1941ae63cb7b583795d55dfadba05842946be924439e717f93ea06c76a3a29eeb0931584015fa4291676c0037eabb2be1a0ee4d14959645bd8f9b16c17793190535630fdc65566fc96a,gx-no-cache=1742560308201 HTTP/1.1" 200 29
201.186.225.185 - - [21/Mar/2025:09:29:58 -0300] "GET /cormun/static/menuarrow.gif HTTP/1.1" 404 1015
201.186.226.3 - - [21/Mar/2025:09:30:02 -0300] "GET /cormun/servlet/trfichaempleado? HTTP/1.1" 200 10909
201.186.225.185 - - [21/Mar/2025:09:30:02 -0300] "GET /cormun/servlet/solicitudot?9c888c4fcb09f052a5b5a3093bfa854e184467854f2be25c753f9bdec261011c91a818fac2ccbf15972533dd3b492bd6,gx-no-cache=1742560313364 HTTP/1.1" 200 30
201.186.226.3 - - [21/Mar/2025:09:30:12 -0300] "GET /cormun/servlet/hlogin HTTP/1.1" 200 1723
201.186.225.185 - - [21/Mar/2025:09:30:13 -0300] "POST /cormun/servlet/solicitudot?gx-no-cache=1742560323527 HTTP/1.1" 200 30
201.186.226.3 - - [21/Mar/2025:09:30:14 -0300] "POST /cormun/servlet/hlogin?5234b4bc0eac6e3cf1685f5e6de5ec5b,gx-no-cache=1742560324225 HTTP/1.1" 200 90
201.186.226.3 - - [21/Mar/2025:09:30:14 -0300] "GET /cormun/servlet/hpexe_link HTTP/1.1" 200 962
190.95.67.93 - - [21/Mar/2025:09:30:26 -0300] "GET /cormun/servlet/trsolicitudot? HTTP/1.1" 200 9378
201.186.225.185 - - [21/Mar/2025:09:30:34 -0300] "POST /cormun/servlet/solicitudot?a44686b3947f3fc6e315476bece41fc7,INS,0,0,false,,gx-no-cache=1742560323568 HTTP/1.1" 200 93
201.186.225.185 - - [21/Mar/2025:09:30:34 -0300] "GET /cormun/servlet/hpexe_return? HTTP/1.1" 200 1014
190.95.67.93 - - [21/Mar/2025:09:30:35 -0300] "POST /cormun/servlet/trsolicitudot?dae86e63fd8a9c9980effd4e25332775,,gx-no-cache=1742560344484 HTTP/1.1" 200 106
201.186.225.185 - - [21/Mar/2025:09:30:35 -0300] "GET /cormun/servlet/trsolicitudot HTTP/1.1" 200 8840
201.186.225.185 - - [21/Mar/2025:09:30:38 -0300] "POST /cormun/servlet/trsolicitudot?a44686b3947f3fc6e315476bece41fc7,gx-no-cache=1742560349341 HTTP/1.1" 200 106
201.186.225.185 - - [21/Mar/2025:09:30:39 -0300] "GET /cormun/servlet/trsolicitudadjuntos?2025,22215, HTTP/1.1" 200 6330
201.186.225.185 - - [21/Mar/2025:09:30:41 -0300] "GET /cormun/servlet/solicitudotadjuntos?INS,2025,22215,,1, HTTP/1.1" 200 6277
201.186.225.185 - - [21/Mar/2025:09:30:41 -0300] "GET /cormun/static/about:blank HTTP/1.1" 404 1011
201.186.225.185 - - [21/Mar/2025:09:30:41 -0300] "GET /cormun/servlet/solicitudotadjuntos?9c888c4fcb09f052a5b5a3093bfa854e485b935af8e8e1c959e56db9113ed195c7bac3e85909de7b6077a417a3861961,gx-no-cache=1742560352173 HTTP/1.1" 200 30
201.186.225.185 - - [21/Mar/2025:09:30:41 -0300] "POST /cormun/servlet/solicitudotadjuntos?a44686b3947f3fc6e315476bece41fc7,INS,2025,22215,,1,,gx-no-cache=1742560352202 HTTP/1.1" 200 4187
201.186.225.185 - - [21/Mar/2025:09:30:46 -0300] "POST /cormun/servlet/solicitudotadjuntos?gx-no-cache=1742560356963 HTTP/1.1" 200 26
190.95.67.93 - - [21/Mar/2025:09:30:47 -0300] "GET /cormun/servlet/trsolicitudadjuntos?2025,22212, HTTP/1.1" 200 10464
190.95.15.31 - - [21/Mar/2025:09:30:55 -0300] "GET /cormun/servlet/solicitudot?3719da36596818a20acbcd06bd05079a693164852c2f9b2c73d29c5c15a65d7d892770673ea0b0283265434e8157a82abc57a96c714079414381c9ec125ba0d54bb96a43700b50924d226961a9f8ae3d,gx-no-cache=1742560366138 HTTP/1.1" 200 30
190.95.67.93 - - [21/Mar/2025:09:30:56 -0300] "GET /cormun/servlet/solicitudotadjuntos?INS,2025,22212,,1, HTTP/1.1" 200 6382
190.95.67.93 - - [21/Mar/2025:09:30:56 -0300] "GET /cormun/static/about:blank HTTP/1.1" 404 1011
190.95.67.93 - - [21/Mar/2025:09:30:57 -0300] "GET /cormun/servlet/solicitudotadjuntos?f54753124174d4db8f733f38fd7806f0c37c321c67e039d2cc13b45c78ef4e13b8c5526467398de463fa6850a3eb76a3,gx-no-cache=1742560366680 HTTP/1.1" 200 30
190.95.67.93 - - [21/Mar/2025:09:30:57 -0300] "POST /cormun/servlet/solicitudotadjuntos?dae86e63fd8a9c9980effd4e25332775,INS,2025,22212,,1,,gx-no-cache=1742560366712 HTTP/1.1" 200 4177
190.95.67.93 - - [21/Mar/2025:09:31:01 -0300] "POST /cormun/servlet/solicitudotadjuntos?gx-no-cache=1742560371104 HTTP/1.1" 200 26
201.186.225.185 - - [21/Mar/2025:09:31:04 -0300] "GET /cormun/servlet/solicitudotadjuntos?9c888c4fcb09f052a5b5a3093bfa854e0ddcede670697e27ca9a4a410c91ada8,gx-no-cache=1742560374628 HTTP/1.1" 200 30
201.186.225.185 - - [21/Mar/2025:09:31:04 -0300] "GET /cormun/servlet/solicitudotadjuntos?9c888c4fcb09f052a5b5a3093bfa854e0ddcede670697e27ca9a4a410c91ada8,gx-no-cache=1742560374646 HTTP/1.1" 200 30
201.186.225.185 - - [21/Mar/2025:09:31:05 -0300] "POST /cormun/servlet/solicitudotadjuntos?a44686b3947f3fc6e315476bece41fc7,INS,2025,22215,,1, HTTP/1.1" 200 116
201.186.225.185 - - [21/Mar/2025:09:31:05 -0300] "GET /cormun/servlet/hpexe_return? HTTP/1.1" 200 1031
201.186.225.185 - - [21/Mar/2025:09:31:05 -0300] "GET /cormun/servlet/trsolicitudadjuntos?2025,22215, HTTP/1.1" 200 9369
201.186.225.185 - - [21/Mar/2025:09:31:07 -0300] "GET /cormun/servlet/solicitudotadjuntos?INS,2025,22215,,1, HTTP/1.1" 200 6277
201.186.225.185 - - [21/Mar/2025:09:31:07 -0300] "GET /cormun/static/about:blank HTTP/1.1" 404 1011
201.186.225.185 - - [21/Mar/2025:09:31:08 -0300] "GET /cormun/servlet/solicitudotadjuntos?9c888c4fcb09f052a5b5a3093bfa854e485b935af8e8e1c959e56db9113ed195c7bac3e85909de7b6077a417a3861961,gx-no-cache=1742560378517 HTTP/1.1" 200 30
201.186.225.185 - - [21/Mar/2025:09:31:08 -0300] "POST /cormun/servlet/solicitudotadjuntos?a44686b3947f3fc6e315476bece41fc7,INS,2025,22215,,1,,gx-no-cache=1742560378549 HTTP/1.1" 200 4186
201.186.225.185 - - [21/Mar/2025:09:31:10 -0300] "POST /cormun/servlet/solicitudotadjuntos?gx-no-cache=1742560380842 HTTP/1.1" 200 26
201.186.225.185 - - [21/Mar/2025:09:31:15 -0300] "GET /cormun/servlet/solicitudotadjuntos?9c888c4fcb09f052a5b5a3093bfa854e0ddcede670697e27ca9a4a410c91ada8,gx-no-cache=1742560386139 HTTP/1.1" 200 30
201.186.225.185 - - [21/Mar/2025:09:31:15 -0300] "GET /cormun/servlet/solicitudotadjuntos?9c888c4fcb09f052a5b5a3093bfa854e0ddcede670697e27ca9a4a410c91ada8,gx-no-cache=1742560386154 HTTP/1.1" 200 30
201.186.225.185 - - [21/Mar/2025:09:31:15 -0300] "POST /cormun/servlet/solicitudotadjuntos?a44686b3947f3fc6e315476bece41fc7,INS,2025,22215,,1, HTTP/1.1" 200 116
201.186.225.185 - - [21/Mar/2025:09:31:15 -0300] "GET /cormun/servlet/hpexe_return? HTTP/1.1" 200 1031
201.186.225.185 - - [21/Mar/2025:09:31:15 -0300] "GET /cormun/servlet/trsolicitudadjuntos?2025,22215, HTTP/1.1" 200 9600
201.186.225.185 - - [21/Mar/2025:09:31:18 -0300] "GET /cormun/servlet/solicitudotadjuntos?INS,2025,22215,,1, HTTP/1.1" 200 6277
201.186.225.185 - - [21/Mar/2025:09:31:18 -0300] "GET /cormun/static/about:blank HTTP/1.1" 404 1011
201.186.225.185 - - [21/Mar/2025:09:31:18 -0300] "GET /cormun/servlet/solicitudotadjuntos?9c888c4fcb09f052a5b5a3093bfa854e485b935af8e8e1c959e56db9113ed195c7bac3e85909de7b6077a417a3861961,gx-no-cache=1742560389152 HTTP/1.1" 200 30
201.186.225.185 - - [21/Mar/2025:09:31:18 -0300] "POST /cormun/servlet/solicitudotadjuntos?a44686b3947f3fc6e315476bece41fc7,INS,2025,22215,,1,,gx-no-cache=1742560389171 HTTP/1.1" 200 4186
201.186.225.185 - - [21/Mar/2025:09:31:21 -0300] "POST /cormun/servlet/solicitudotadjuntos?gx-no-cache=1742560391540 HTTP/1.1" 200 26
104.244.78.110 - tomcat [21/Mar/2025:09:31:27 -0300] "GET /manager/html HTTP/1.1" 403 3196
201.186.225.185 - - [21/Mar/2025:09:31:27 -0300] "GET /cormun/servlet/solicitudotadjuntos?9c888c4fcb09f052a5b5a3093bfa854e0ddcede670697e27ca9a4a410c91ada8,gx-no-cache=1742560398370 HTTP/1.1" 200 30
201.186.225.185 - - [21/Mar/2025:09:31:27 -0300] "GET /cormun/servlet/solicitudotadjuntos?9c888c4fcb09f052a5b5a3093bfa854e0ddcede670697e27ca9a4a410c91ada8,gx-no-cache=1742560398386 HTTP/1.1" 200 30
201.186.225.185 - - [21/Mar/2025:09:31:28 -0300] "POST /cormun/servlet/solicitudotadjuntos?a44686b3947f3fc6e315476bece41fc7,INS,2025,22215,,1, HTTP/1.1" 200 116
201.186.225.185 - - [21/Mar/2025:09:31:28 -0300] "GET /cormun/servlet/hpexe_return? HTTP/1.1" 200 1031
201.186.225.185 - - [21/Mar/2025:09:31:28 -0300] "GET /cormun/servlet/trsolicitudadjuntos?2025,22215, HTTP/1.1" 200 9853
201.186.225.185 - - [21/Mar/2025:09:31:30 -0300] "GET /cormun/servlet/solicitudotadjuntos?INS,2025,22215,,1, HTTP/1.1" 200 6277
201.186.225.185 - - [21/Mar/2025:09:31:30 -0300] "GET /cormun/static/about:blank HTTP/1.1" 404 1011
201.186.225.185 - - [21/Mar/2025:09:31:30 -0300] "GET /cormun/servlet/solicitudotadjuntos?9c888c4fcb09f052a5b5a3093bfa854e485b935af8e8e1c959e56db9113ed195c7bac3e85909de7b6077a417a3861961,gx-no-cache=1742560401356 HTTP/1.1" 200 30
148.113.193.79 - - [21/Mar/2025:09:31:30 -0300] "GET / HTTP/1.1" 200 11217
201.186.225.185 - - [21/Mar/2025:09:31:30 -0300] "POST /cormun/servlet/solicitudotadjuntos?a44686b3947f3fc6e315476bece41fc7,INS,2025,22215,,1,,gx-no-cache=1742560401373 HTTP/1.1" 200 4186
190.95.15.31 - - [21/Mar/2025:09:31:31 -0300] "GET /cormun/servlet/solicitudot?3719da36596818a20acbcd06bd05079a0aaa3829d77861cc718bcd3c3a291787,gx-no-cache=1742560401568 HTTP/1.1" 200 70
201.186.225.185 - - [21/Mar/2025:09:31:33 -0300] "POST /cormun/servlet/solicitudotadjuntos?gx-no-cache=1742560404291 HTTP/1.1" 200 26
201.186.225.185 - - [21/Mar/2025:09:31:41 -0300] "GET /cormun/servlet/solicitudotadjuntos?9c888c4fcb09f052a5b5a3093bfa854e0ddcede670697e27ca9a4a410c91ada8,gx-no-cache=1742560411884 HTTP/1.1" 200 30
201.186.225.185 - - [21/Mar/2025:09:31:41 -0300] "GET /cormun/servlet/solicitudotadjuntos?9c888c4fcb09f052a5b5a3093bfa854e0ddcede670697e27ca9a4a410c91ada8,gx-no-cache=1742560411902 HTTP/1.1" 200 30
201.186.225.185 - - [21/Mar/2025:09:31:41 -0300] "POST /cormun/servlet/solicitudotadjuntos?a44686b3947f3fc6e315476bece41fc7,INS,2025,22215,,1, HTTP/1.1" 200 116
201.186.225.185 - - [21/Mar/2025:09:31:41 -0300] "GET /cormun/servlet/hpexe_return? HTTP/1.1" 200 1031
201.186.225.185 - - [21/Mar/2025:09:31:41 -0300] "GET /cormun/servlet/trsolicitudadjuntos?2025,22215, HTTP/1.1" 200 10094
201.186.225.185 - - [21/Mar/2025:09:31:44 -0300] "GET /cormun/servlet/solicitudotadjuntos?INS,2025,22215,,1, HTTP/1.1" 200 6277
201.186.225.185 - - [21/Mar/2025:09:31:44 -0300] "GET /cormun/static/about:blank HTTP/1.1" 404 1011
201.186.225.191 - - [21/Mar/2025:09:31:44 -0300] "GET /cormun/servlet/solicitudot?f5afd10a772dcece9a0ea0d9b6623433bd4df5d0f35745fba78b9e8470ca6c304664f67bed05d85d813baecdb09218d747598bf4e5267f2ca84007a58bc46bc4ee7fc86a5fcb10fb525e44a84a0499e04462417683afc981a48020568b9c4333122f28394297967797e5a57ec5ee3273,gx-no-cache=1742560414265 HTTP/1.1" 200 110
201.186.225.185 - - [21/Mar/2025:09:31:44 -0300] "GET /cormun/servlet/solicitudotadjuntos?9c888c4fcb09f052a5b5a3093bfa854e485b935af8e8e1c959e56db9113ed195c7bac3e85909de7b6077a417a3861961,gx-no-cache=1742560415285 HTTP/1.1" 200 30
201.186.225.185 - - [21/Mar/2025:09:31:44 -0300] "POST /cormun/servlet/solicitudotadjuntos?a44686b3947f3fc6e315476bece41fc7,INS,2025,22215,,1,,gx-no-cache=1742560415302 HTTP/1.1" 200 4186
201.186.225.185 - - [21/Mar/2025:09:31:47 -0300] "POST /cormun/servlet/solicitudotadjuntos?gx-no-cache=1742560417913 HTTP/1.1" 200 26
201.186.225.185 - - [21/Mar/2025:09:31:52 -0300] "GET /cormun/servlet/solicitudotadjuntos?9c888c4fcb09f052a5b5a3093bfa854e0ddcede670697e27ca9a4a410c91ada8,gx-no-cache=1742560422530 HTTP/1.1" 200 30
201.186.225.185 - - [21/Mar/2025:09:31:52 -0300] "GET /cormun/servlet/solicitudotadjuntos?9c888c4fcb09f052a5b5a3093bfa854e0ddcede670697e27ca9a4a410c91ada8,gx-no-cache=1742560422547 HTTP/1.1" 200 30
201.186.225.185 - - [21/Mar/2025:09:31:52 -0300] "POST /cormun/servlet/solicitudotadjuntos?a44686b3947f3fc6e315476bece41fc7,INS,2025,22215,,1, HTTP/1.1" 200 116
201.186.225.185 - - [21/Mar/2025:09:31:52 -0300] "GET /cormun/servlet/hpexe_return? HTTP/1.1" 200 1031
201.186.225.185 - - [21/Mar/2025:09:31:52 -0300] "GET /cormun/servlet/trsolicitudadjuntos?2025,22215, HTTP/1.1" 200 10340
201.186.225.185 - - [21/Mar/2025:09:31:54 -0300] "GET /cormun/servlet/solicitudotadjuntos?INS,2025,22215,,1, HTTP/1.1" 200 6278
201.186.225.185 - - [21/Mar/2025:09:31:54 -0300] "GET /cormun/static/about:blank HTTP/1.1" 404 1011
201.186.225.185 - - [21/Mar/2025:09:31:55 -0300] "GET /cormun/servlet/solicitudotadjuntos?9c888c4fcb09f052a5b5a3093bfa854e485b935af8e8e1c959e56db9113ed195c7bac3e85909de7b6077a417a3861961,gx-no-cache=1742560425530 HTTP/1.1" 200 30
201.186.225.185 - - [21/Mar/2025:09:31:55 -0300] "POST /cormun/servlet/solicitudotadjuntos?a44686b3947f3fc6e315476bece41fc7,INS,2025,22215,,1,,gx-no-cache=1742560425547 HTTP/1.1" 200 4186
201.186.225.185 - - [21/Mar/2025:09:31:57 -0300] "POST /cormun/servlet/solicitudotadjuntos?gx-no-cache=1742560427831 HTTP/1.1" 200 26
201.186.225.185 - - [21/Mar/2025:09:32:02 -0300] "GET /cormun/servlet/solicitudotadjuntos?9c888c4fcb09f052a5b5a3093bfa854e0ddcede670697e27ca9a4a410c91ada8,gx-no-cache=1742560432732 HTTP/1.1" 200 30
201.186.225.185 - - [21/Mar/2025:09:32:02 -0300] "GET /cormun/servlet/solicitudotadjuntos?9c888c4fcb09f052a5b5a3093bfa854e0ddcede670697e27ca9a4a410c91ada8,gx-no-cache=1742560432751 HTTP/1.1" 200 30
201.186.225.185 - - [21/Mar/2025:09:32:02 -0300] "POST /cormun/servlet/solicitudotadjuntos?a44686b3947f3fc6e315476bece41fc7,INS,2025,22215,,1, HTTP/1.1" 200 116
201.186.225.185 - - [21/Mar/2025:09:32:02 -0300] "GET /cormun/servlet/hpexe_return? HTTP/1.1" 200 1031
201.186.225.185 - - [21/Mar/2025:09:32:02 -0300] "GET /cormun/servlet/trsolicitudadjuntos?2025,22215, HTTP/1.1" 200 10489
201.186.225.185 - - [21/Mar/2025:09:32:10 -0300] "GET /cormun/servlet/trautorizarsolicitud? HTTP/1.1" 200 8744
91.208.206.203 - - [21/Mar/2025:09:32:11 -0300] "GET /manager/html HTTP/1.1" 401 2474
201.186.225.185 - - [21/Mar/2025:09:32:21 -0300] "POST /cormun/servlet/trautorizarsolicitud?a44686b3947f3fc6e315476bece41fc7,,gx-no-cache=1742560452244 HTTP/1.1" 200 4784
201.186.225.185 - - [21/Mar/2025:09:32:21 -0300] "GET /cormun/static/Shared/jqueryui/images/ui-icons_82798d_256x240.png HTTP/1.1" 404 1089
201.186.225.185 - - [21/Mar/2025:09:32:21 -0300] "GET /cormun/static/Shared/jqueryui/images/ui-bg_highlight-soft_100_c6c2c8_1x100.png HTTP/1.1" 404 1117
201.186.225.185 - - [21/Mar/2025:09:32:21 -0300] "GET /cormun/static/Shared/jqueryui/images/ui-bg_flat_55_fafafa_40x100.png HTTP/1.1" 404 1097
201.186.225.185 - - [21/Mar/2025:09:32:21 -0300] "GET /cormun/static/Shared/jqueryui/images/ui-icons_8d78a5_256x240.png HTTP/1.1" 404 1089
201.186.225.185 - - [21/Mar/2025:09:32:22 -0300] "POST /cormun/servlet/trautorizarsolicitud?a44686b3947f3fc6e315476bece41fc7,,gx-no-cache=1742560452388 HTTP/1.1" 200 4548
201.186.226.3 - - [21/Mar/2025:09:32:24 -0300] "GET /cormun/servlet/trcontratoobservacion? HTTP/1.1" 200 6054
201.186.226.3 - - [21/Mar/2025:09:32:29 -0300] "GET /cormun/servlet/trsolicitudot? HTTP/1.1" 200 7096
201.186.226.3 - - [21/Mar/2025:09:32:35 -0300] "GET /cormun/servlet/solicitudot?INS,0,0,false, HTTP/1.1" 200 15875
201.186.226.3 - - [21/Mar/2025:09:32:38 -0300] "GET /cormun/static/Resources/resize.gif HTTP/1.1" 200 77
201.186.226.3 - - [21/Mar/2025:09:32:38 -0300] "GET /cormun/static/Resources/PXTools/ClosePrompt.png HTTP/1.1" 200 1036
201.186.226.3 - - [21/Mar/2025:09:32:39 -0300] "GET /cormun/servlet/prfichaempleado?,MD,,gxPopupLevel%3D0%3B HTTP/1.1" 200 9160
201.186.226.3 - - [21/Mar/2025:09:32:39 -0300] "GET /cormun/static/Resources/PXToolsMenuSearch.png HTTP/1.1" 200 336
201.186.226.3 - - [21/Mar/2025:09:32:39 -0300] "GET /cormun/static/gxcfg.js?20201215571085 HTTP/1.1" 200 953
201.186.226.3 - - [21/Mar/2025:09:32:39 -0300] "GET /cormun/static/prfichaempleado.js?20201215572193 HTTP/1.1" 200 16005
201.186.226.3 - - [21/Mar/2025:09:32:39 -0300] "GET /cormun/static/menusearch.js?20201214473581 HTTP/1.1" 200 1424
201.186.226.3 - - [21/Mar/2025:09:32:39 -0300] "GET /cormun/static/Resources/PXToolsMenuSearchCancel.png HTTP/1.1" 200 306
201.186.226.3 - - [21/Mar/2025:09:32:39 -0300] "GET /cormun/static/hmpwkw011.js?202211298443482 HTTP/1.1" 200 1968
201.186.225.185 - - [21/Mar/2025:09:32:41 -0300] "GET /cormun/servlet/trsolicitudot? HTTP/1.1" 200 8836
201.186.225.185 - - [21/Mar/2025:09:32:45 -0300] "POST /cormun/servlet/trsolicitudot?a44686b3947f3fc6e315476bece41fc7,,gx-no-cache=1742560475677 HTTP/1.1" 200 111
201.186.225.185 - - [21/Mar/2025:09:32:45 -0300] "GET /cormun/servlet/solicitudot?UPD,2025,22215,false, HTTP/1.1" 200 16802
201.186.225.185 - - [21/Mar/2025:09:32:46 -0300] "POST /cormun/servlet/solicitudot?gx-no-cache=1742560476480 HTTP/1.1" 200 4115
201.186.225.185 - - [21/Mar/2025:09:32:46 -0300] "POST /cormun/servlet/solicitudot?a44686b3947f3fc6e315476bece41fc7,UPD,2025,22215,false,,gx-no-cache=1742560476620 HTTP/1.1" 200 13046
201.186.225.185 - - [21/Mar/2025:09:32:46 -0300] "GET /cormun/servlet/solicitudot?9c888c4fcb09f052a5b5a3093bfa854e18650babd4fc715bb36c39ddabd23082945be02b9bb5471c95ae7aade5e6a78b,gx-no-cache=1742560477118 HTTP/1.1" 200 30
201.186.225.185 - - [21/Mar/2025:09:32:46 -0300] "GET /cormun/servlet/solicitudot?9c888c4fcb09f052a5b5a3093bfa854ebf9089be568fc70caad8cd6c8190c526aaf79096853480c2a6443c6c8abd61d4fb7dd5390af186e28e0cf57840fe5cb2945be02b9bb5471c95ae7aade5e6a78b,gx-no-cache=1742560477142 HTTP/1.1" 200 30
201.186.225.185 - - [21/Mar/2025:09:32:46 -0300] "GET /cormun/servlet/solicitudot?9c888c4fcb09f052a5b5a3093bfa854ec59b549f0ce6071cc3404ef0edcc89b251ed079719a0a2fd7bf8af0a6d52a17e15a2801323b4f601fe259a63c6e6621b,gx-no-cache=1742560477158 HTTP/1.1" 200 53
201.186.225.185 - - [21/Mar/2025:09:32:46 -0300] "POST /cormun/servlet/solicitudot?gx-no-cache=1742560477180 HTTP/1.1" 200 254
201.186.225.185 - - [21/Mar/2025:09:32:46 -0300] "GET /cormun/servlet/solicitudot?9c888c4fcb09f052a5b5a3093bfa854e1e4cfa96ea4ab959481e28baee6ac794764706a301f9756d5deadb4b60cc1d8d251ffa48505cddff71a4497db28a7f754fad85b317710ebb1036bb120b69839ebe6f791e37d325e2ead072aaccdddee22c24088b696b316c951fad42d8d1b4a5f9f8b5d0a575d114142d4fa94c8d203bc66630a9f084c5821a23e69d7724a744219fdf492fa9c1b02db4e4cfe9943719e6d2e518be4128e2421edacd093a89010aed4d7b33555af34a2721b159b85b0a9eac6277b22ced4d12e128e062cde28d3590cc5e4dfec59eefe84f790b754a7ccc8c3b5a659d26d6c62d4e559023fe16fefa0fd732625f20a8a397cc50a4c11efac6ac2bab2d9dec0f93521176f01780598e6f27dfb69bc687907de786af539062295c19946882bc1f958bd846f02e1d0c452a8fd0d12ad1c659a756fb192eb0669e07b728732019f926e118eea1d8c85df9a1ed97780cb07d7c18a75f0729a9ca9c51ee59049c3b4113d9efca80c51dce7e49cd94944f764a6f990978f17878,gx-no-cache=1742560477201 HTTP/1.1" 200 30
201.186.225.185 - - [21/Mar/2025:09:32:46 -0300] "POST /cormun/servlet/solicitudot?gx-no-cache=1742560477248 HTTP/1.1" 200 30
201.186.225.185 - - [21/Mar/2025:09:32:46 -0300] "POST /cormun/servlet/solicitudot?gx-no-cache=1742560477270 HTTP/1.1" 200 1483
201.186.225.185 - - [21/Mar/2025:09:32:46 -0300] "POST /cormun/servlet/solicitudot?gx-no-cache=1742560477299 HTTP/1.1" 200 41
201.186.225.185 - - [21/Mar/2025:09:32:49 -0300] "GET /cormun/servlet/solicitudot?9c888c4fcb09f052a5b5a3093bfa854e919d548a157b210655bc59188fc382fa7386c6e9cc58de5edd1992a91a76475c684380394810609b4dacf40f03abf0e1e5a58c90ecaaa78c490ea835117a8b0a4eae422d4d29babed0144310aa35fce5f4b8d9d838f26e7694e7a92413153430,gx-no-cache=1742560480023 HTTP/1.1" 200 110
201.186.225.185 - - [21/Mar/2025:09:32:49 -0300] "POST /cormun/servlet/solicitudot?gx-no-cache=1742560480050 HTTP/1.1" 200 97
201.186.225.185 - - [21/Mar/2025:09:32:49 -0300] "GET /cormun/servlet/solicitudot?9c888c4fcb09f052a5b5a3093bfa854e0a7959b027854c8be50fc407341b60a58d89561c2f8bee7b31361b2e23e41a68d06e1ec9a0f86d1667b34628553270bef47c2d4ed523ac5941beeaa5d622f80d8aee09acb4828c116186ec336cb39819191e57a6471ac4408f3551dccbffcca91ff094ae7fb0b36de0d8c27790d3f220d39861af35f15b2ab5f35362474abcbad743c3628daac4e41c4657829625d907,gx-no-cache=1742560480081 HTTP/1.1" 200 29
201.186.225.185 - - [21/Mar/2025:09:32:49 -0300] "GET /cormun/servlet/solicitudot?9c888c4fcb09f052a5b5a3093bfa854e184467854f2be25c753f9bdec261011c91a818fac2ccbf15972533dd3b492bd6,gx-no-cache=1742560480098 HTTP/1.1" 200 30
201.186.225.185 - - [21/Mar/2025:09:32:49 -0300] "POST /cormun/servlet/solicitudot?gx-no-cache=1742560480118 HTTP/1.1" 200 30
201.186.225.185 - - [21/Mar/2025:09:32:49 -0300] "POST /cormun/servlet/solicitudot?a44686b3947f3fc6e315476bece41fc7,UPD,2025,22215,false,,gx-no-cache=1742560480139 HTTP/1.1" 200 93
201.186.225.185 - - [21/Mar/2025:09:32:49 -0300] "GET /cormun/servlet/hpexe_return? HTTP/1.1" 200 1018
201.186.225.185 - - [21/Mar/2025:09:32:49 -0300] "GET /cormun/servlet/trsolicitudot HTTP/1.1" 200 8840
201.186.225.185 - - [21/Mar/2025:09:32:56 -0300] "POST /cormun/servlet/trsolicitudot?a44686b3947f3fc6e315476bece41fc7,gx-no-cache=1742560487063 HTTP/1.1" 200 4839
201.186.225.185 - - [21/Mar/2025:09:32:56 -0300] "POST /cormun/servlet/trsolicitudot?a44686b3947f3fc6e315476bece41fc7,gx-no-cache=1742560487217 HTTP/1.1" 200 4615
190.95.15.13 - - [21/Mar/2025:09:33:09 -0300] "GET /cormun/servlet/hlogin HTTP/1.1" 200 1726
190.95.15.13 - - [21/Mar/2025:09:33:10 -0300] "GET /cormun/servlet/hlogin HTTP/1.1" 200 1737
190.95.15.13 - - [21/Mar/2025:09:33:10 -0300] "GET /favicon.ico HTTP/1.1" 200 21630
190.95.15.31 - - [21/Mar/2025:09:33:14 -0300] "POST /cormun/servlet/solicitudot?gx-no-cache=1742560504980 HTTP/1.1" 200 255
201.186.225.185 - - [21/Mar/2025:09:33:16 -0300] "GET /cormun/servlet/trsolicitudot? HTTP/1.1" 200 7447
190.95.15.31 - - [21/Mar/2025:09:33:17 -0300] "GET /cormun/servlet/solicitudot?3719da36596818a20acbcd06bd05079a8319cad7e4c81a2b7fbe41e9f9fcec76c840f934e0399d193b846bc206afe8699c124ccbaa7296cf83822b2b2d37d62ec5e5a47fb6c4b89ee9d413d1348785aa3d2a95ecb297fdfebc1841075ff7fe274614bd378e135833597a70f2399203f7c9947ec4a793790f086fd085e215f08223113f4c4728c7608b5ab72536c67037bf103642e0abcb58943613e087d9ccc46e4d5cde8ab7575745e4d20fe299ed28c63a0e060fab33b73dc1fd110b56dc3715368ec14f8199a9471b807caa9b1368350f155e775f5362f1a5908aa932cb94b2244351c9ef92dc489b1acaee1163d9a6be925d2077925da37a85b79428c87a8c92dfc2746ed82a96ce7bc312b0d97ddb86e172fb214892ed760d537b7f01b7d94bd72b20f0cc9e24ddd2cbbd7ab863afd5b343af7fd1d8b62f513d5dededf14cf1dfb92036b36d928a0d2915301f0bca27020947cd6c1d2085370101a88510838099ba76663b6f48cba02290e42e051f8a78cff1bd4ab8708995aa5f35b32a,gx-no-cache=1742560508037 HTTP/1.1" 200 30
201.186.226.3 - - [21/Mar/2025:09:33:18 -0300] "POST /cormun/servlet/prfichaempleado?5234b4bc0eac6e3cf1685f5e6de5ec5b,,MD,,gxPopupLevel%3D0%3B,gx-no-cache=1742560508148 HTTP/1.1" 200 4590
201.186.225.185 - - [21/Mar/2025:09:33:19 -0300] "GET /cormun/servlet/trautorizarsolicitud? HTTP/1.1" 200 8724
190.95.67.93 - - [21/Mar/2025:09:33:20 -0300] "GET /cormun/servlet/solicitudotadjuntos?f54753124174d4db8f733f38fd7806f0365ff9cefc8c24fe23cc5e4edbe25b36,gx-no-cache=1742560509412 HTTP/1.1" 200 30
190.95.67.93 - - [21/Mar/2025:09:33:20 -0300] "GET /cormun/servlet/solicitudotadjuntos?f54753124174d4db8f733f38fd7806f0365ff9cefc8c24fe23cc5e4edbe25b36,gx-no-cache=1742560509441 HTTP/1.1" 200 30
190.95.67.93 - - [21/Mar/2025:09:33:20 -0300] "POST /cormun/servlet/solicitudotadjuntos?dae86e63fd8a9c9980effd4e25332775,INS,2025,22212,,1, HTTP/1.1" 200 116
190.95.67.93 - - [21/Mar/2025:09:33:20 -0300] "GET /cormun/servlet/hpexe_return? HTTP/1.1" 200 1021
190.95.67.93 - - [21/Mar/2025:09:33:20 -0300] "GET /cormun/servlet/trsolicitudadjuntos?2025,22212, HTTP/1.1" 200 10654
190.95.15.31 - - [21/Mar/2025:09:33:21 -0300] "POST /cormun/servlet/solicitudot?gx-no-cache=1742560511635 HTTP/1.1" 200 30
190.95.15.31 - - [21/Mar/2025:09:33:22 -0300] "POST /cormun/servlet/solicitudot?gx-no-cache=1742560513066 HTTP/1.1" 200 1479
190.95.15.31 - - [21/Mar/2025:09:33:22 -0300] "POST /cormun/servlet/solicitudot?gx-no-cache=1742560513111 HTTP/1.1" 200 38
190.95.15.13 - - [21/Mar/2025:09:33:23 -0300] "POST /cormun/servlet/hlogin?80f55b1621e311b93387d8de027c585b,gx-no-cache=1742560510817 HTTP/1.1" 200 90
190.95.15.13 - - [21/Mar/2025:09:33:23 -0300] "GET /cormun/servlet/hpexe_link HTTP/1.1" 200 956
190.95.15.13 - - [21/Mar/2025:09:33:23 -0300] "GET /cormun/servlet/hhome HTTP/1.1" 200 3946
201.186.225.191 - - [21/Mar/2025:09:33:25 -0300] "POST /cormun/servlet/solicitudot?gx-no-cache=1742560515488 HTTP/1.1" 200 64
201.186.225.185 - - [21/Mar/2025:09:33:25 -0300] "POST /cormun/servlet/trautorizarsolicitud?a44686b3947f3fc6e315476bece41fc7,,gx-no-cache=1742560516206 HTTP/1.1" 200 4768
201.186.225.185 - - [21/Mar/2025:09:33:26 -0300] "POST /cormun/servlet/trautorizarsolicitud?a44686b3947f3fc6e315476bece41fc7,,gx-no-cache=1742560516352 HTTP/1.1" 200 4546
190.95.67.93 - - [21/Mar/2025:09:33:28 -0300] "POST /cormun/servlet/trsolicitudadjuntos?dae86e63fd8a9c9980effd4e25332775,2025,22212,,gx-no-cache=1742560517693 HTTP/1.1" 200 90
190.95.67.93 - - [21/Mar/2025:09:33:28 -0300] "GET /cormun/servlet/hpexe_link HTTP/1.1" 200 964
190.95.67.93 - - [21/Mar/2025:09:33:28 -0300] "GET /cormun/servlet/trsolicitudot HTTP/1.1" 200 9379
104.244.78.110 - tomcat [21/Mar/2025:09:33:29 -0300] "GET /manager/html HTTP/1.1" 403 3196
201.186.226.3 - - [21/Mar/2025:09:33:30 -0300] "GET /cormun/servlet/trdiat? HTTP/1.1" 200 6749
201.186.226.3 - - [21/Mar/2025:09:33:30 -0300] "GET /cormun/static/gxcfg.js?202211298501568 HTTP/1.1" 200 953
201.186.226.3 - - [21/Mar/2025:09:33:30 -0300] "GET /cormun/static/trdiat.js?202211298501790 HTTP/1.1" 200 35345
190.95.15.13 - - [21/Mar/2025:09:33:31 -0300] "GET /cormun/servlet/trlicencias? HTTP/1.1" 200 10758
201.186.225.191 - - [21/Mar/2025:09:33:32 -0300] "POST /cormun/servlet/solicitudot?gx-no-cache=1742560522021 HTTP/1.1" 200 238
201.186.225.185 - - [21/Mar/2025:09:33:32 -0300] "GET /cormun/servlet/trautorizarsolicitud? HTTP/1.1" 200 7346
201.186.225.191 - - [21/Mar/2025:09:33:35 -0300] "GET /cormun/servlet/solicitudot?f5afd10a772dcece9a0ea0d9b6623433885ecef0028afcff1df68723d4d56d1a9bd007805e65336cbcc18242778e586ce00eb70a5a39a36f144bdec183927a2a590ae9f7f82e403cb82bf9f9e93537abf06fb4daa55d63132d45582452090b453fa64a64c28e9e5b03832b45d54e7261da732e8a3a159d0ed6f8efbd49fab7748d97f022132ffab34359da9cf645d0de4b5173807679930e6922fd09e7f6875d063ce2c9d1b829fdcf5a75673c5995f578063050852503ac7a823809f5cd39a2699517c18d7b79326f811bdc679a4bc8a81e31d5ac6e309080f0faf1a5e4d0569b4e80e90c64e0d339d78fa17adb50ccab834afbe602fbd82316be48a51211a7aae184e7a4ca329c6eb4cb403b4bbf78f485eafd652d38bcd72139207c38d78a0cfc34ea3f77094df0f7a86fe8111caf998f6a64259a2b60392eb053bc1fe01acb828d34769110171b0542dda7f0bd621b5d56a57e55b6fd71eb16d7fb8a023e8eb98b9b428151fd9f804ce528aec24456fc2a4712e037e16e28dc89233867db,gx-no-cache=1742560525250 HTTP/1.1" 200 30
201.186.225.185 - - [21/Mar/2025:09:33:35 -0300] "GET /cormun/servlet/trsolicitudot? HTTP/1.1" 200 7448
201.186.225.185 - - [21/Mar/2025:09:33:37 -0300] "GET /cormun/servlet/trautorizarsolicitud? HTTP/1.1" 200 7347
201.186.226.3 - - [21/Mar/2025:09:33:43 -0300] "GET /cormun/servlet/accidentes?INS,0, HTTP/1.1" 200 7047
201.186.226.3 - - [21/Mar/2025:09:33:43 -0300] "GET /cormun/static/gxcfg.js?202211298435242 HTTP/1.1" 200 953
