91.208.206.203 - - [21/Mar/2025:07:54:01 -0300] "GET /manager/html HTTP/1.1" 401 2474
18.224.110.167 - - [21/Mar/2025:07:54:33 -0300] "GET / HTTP/1.1" 200 11217
18.224.110.167 - - [21/Mar/2025:07:54:40 -0300] "GET / HTTP/1.1" 200 11217
104.244.78.110 - tomcat [21/Mar/2025:07:54:54 -0300] "GET /manager/html HTTP/1.1" 403 3196
18.224.110.167 - - [21/Mar/2025:07:55:20 -0300] "-" 400 -
104.244.78.110 - tomcat [21/Mar/2025:07:56:54 -0300] "GET /manager/html HTTP/1.1" 403 3196
91.208.206.203 - - [21/Mar/2025:07:57:52 -0300] "GET /manager/html HTTP/1.1" 401 2474
179.57.78.55 - - [21/Mar/2025:07:58:47 -0300] "GET /cormun/servlet/trpermisosgoce? HTTP/1.1" 200 6025
179.57.78.55 - - [21/Mar/2025:07:58:47 -0300] "GET /cormun/servlet/hlogin HTTP/1.1" 200 1742
179.57.78.55 - - [21/Mar/2025:07:58:52 -0300] "POST /cormun/servlet/hlogin?7cd7a7ef5535dcab39db6f764a337a0f,gx-no-cache=1742554842023 HTTP/1.1" 200 90
179.57.78.55 - - [21/Mar/2025:07:58:52 -0300] "GET /cormun/servlet/hpexe_link HTTP/1.1" 200 960
179.57.78.55 - - [21/Mar/2025:07:58:52 -0300] "GET /cormun/servlet/trpermisosgoce HTTP/1.1" 200 9860
104.244.78.110 - tomcat [21/Mar/2025:07:58:53 -0300] "GET /manager/html HTTP/1.1" 403 3196
179.57.78.55 - - [21/Mar/2025:07:58:56 -0300] "GET /cormun/servlet/trlicencias? HTTP/1.1" 200 8672
104.244.78.110 - tomcat [21/Mar/2025:08:00:54 -0300] "GET /manager/html HTTP/1.1" 403 3196
91.208.206.203 - - [21/Mar/2025:08:01:45 -0300] "GET /manager/html HTTP/1.1" 401 2474
104.244.78.110 - tomcat [21/Mar/2025:08:02:53 -0300] "GET /manager/html HTTP/1.1" 403 3196
179.57.78.9 - - [21/Mar/2025:08:04:53 -0300] "GET /cormun/servlet/hhome HTTP/1.1" 200 3324
179.57.78.9 - - [21/Mar/2025:08:04:53 -0300] "GET /cormun/servlet/hlogin HTTP/1.1" 200 1735
179.57.78.9 - - [21/Mar/2025:08:04:53 -0300] "GET /cormun/servlet/hhome HTTP/1.1" 200 3334
104.244.78.110 - tomcat [21/Mar/2025:08:04:53 -0300] "GET /manager/html HTTP/1.1" 403 3196
179.57.78.9 - - [21/Mar/2025:08:04:57 -0300] "POST /cormun/servlet/hlogin?f39d99f3966a04384e2ba061d7a9d4f5,gx-no-cache=1742555209990 HTTP/1.1" 200 90
179.57.78.9 - - [21/Mar/2025:08:04:57 -0300] "GET /cormun/servlet/hpexe_link HTTP/1.1" 200 955
179.57.78.9 - - [21/Mar/2025:08:04:57 -0300] "GET /cormun/servlet/hhome HTTP/1.1" 200 4344
179.57.78.9 - - [21/Mar/2025:08:05:02 -0300] "GET /cormun/servlet/trlicencias? HTTP/1.1" 200 10860
91.208.206.203 - - [21/Mar/2025:08:05:33 -0300] "GET /manager/html HTTP/1.1" 401 2474
190.95.15.15 - - [21/Mar/2025:08:06:46 -0300] "GET /cormun/servlet/hlogin HTTP/1.1" 200 1722
104.244.78.110 - tomcat [21/Mar/2025:08:06:52 -0300] "GET /manager/html HTTP/1.1" 403 3196
10.40.40.2 - - [21/Mar/2025:08:07:22 -0300] "GET /cormun/servlet/hlogin HTTP/1.1" 200 1716
10.40.40.2 - - [21/Mar/2025:08:07:22 -0300] "GET /cormun/static/gxtimezone.js?85251 HTTP/1.1" 200 5781
10.40.40.2 - - [21/Mar/2025:08:07:22 -0300] "GET /cormun/static/gxcfg.js?2022112219184450 HTTP/1.1" 200 953
10.40.40.2 - - [21/Mar/2025:08:07:22 -0300] "GET /cormun/static/Resources/CormunLogin.png HTTP/1.1" 200 19132
10.40.40.2 - - [21/Mar/2025:08:07:22 -0300] "GET /cormun/static/messages.spa.js?85251 HTTP/1.1" 200 30736
10.40.40.2 - - [21/Mar/2025:08:07:22 -0300] "GET /cormun/static/Resources/Spanish/PXTools.css?1759030 HTTP/1.1" 200 100853
10.40.40.2 - - [21/Mar/2025:08:07:22 -0300] "GET /cormun/static/hlogin.js?2022112219184458 HTTP/1.1" 200 2156
10.40.40.2 - - [21/Mar/2025:08:07:23 -0300] "GET /cormun/static/gxgral.js?85251 HTTP/1.1" 200 384558
10.40.40.2 - - [21/Mar/2025:08:07:23 -0300] "GET /cormun/static/Resources/PXToolsLoginTop.png HTTP/1.1" 200 1337
10.40.40.2 - - [21/Mar/2025:08:07:23 -0300] "GET /cormun/static/Resources/PXToolsLoginBackground.png HTTP/1.1" 200 1164
10.40.40.2 - - [21/Mar/2025:08:07:23 -0300] "GET /cormun/static/Resources/PXToolsLoginBottom.png HTTP/1.1" 200 1389
10.40.40.2 - - [21/Mar/2025:08:07:23 -0300] "GET /cormun/static/Resources/PXToolsButtonLeft.png HTTP/1.1" 200 1310
10.40.40.2 - - [21/Mar/2025:08:07:23 -0300] "GET /cormun/static/Resources/PXToolsButtonRight.png HTTP/1.1" 200 1294
10.40.40.2 - - [21/Mar/2025:08:07:23 -0300] "GET /cormun/static/Resources/PXToolsButtonBackground.png HTTP/1.1" 200 1176
10.40.40.2 - - [21/Mar/2025:08:07:23 -0300] "GET /cormun/static/Resources/indicator.gif HTTP/1.1" 200 1553
10.40.40.2 - - [21/Mar/2025:08:07:23 -0300] "GET /cormun/servlet/hlogin HTTP/1.1" 200 1726
10.40.40.2 - - [21/Mar/2025:08:07:23 -0300] "GET /favicon.ico HTTP/1.1" 200 21630
10.40.40.2 - - [21/Mar/2025:08:07:33 -0300] "POST /cormun/servlet/hlogin?3adc4a98563a611b70ca3b7619cef131,gx-no-cache=1742555620860 HTTP/1.1" 200 448
10.40.40.2 - - [21/Mar/2025:08:07:37 -0300] "POST /cormun/servlet/hlogin?3adc4a98563a611b70ca3b7619cef131,gx-no-cache=1742555624449 HTTP/1.1" 200 90
10.40.40.2 - - [21/Mar/2025:08:07:37 -0300] "GET /cormun/servlet/hpexe_link HTTP/1.1" 200 947
10.40.40.2 - - [21/Mar/2025:08:07:37 -0300] "GET /cormun/static/gxcfg.js?20221129847421 HTTP/1.1" 200 953
10.40.40.2 - - [21/Mar/2025:08:07:37 -0300] "GET /cormun/static/hpexe_link.js?20221129847423 HTTP/1.1" 200 625
10.40.40.2 - - [21/Mar/2025:08:07:37 -0300] "GET /cormun/static/Resources/Spanish/PXTools.css?8354383 HTTP/1.1" 200 100853
10.40.40.2 - - [21/Mar/2025:08:07:37 -0300] "GET /cormun/servlet/hhome HTTP/1.1" 200 3817
10.40.40.2 - - [21/Mar/2025:08:07:37 -0300] "GET /cormun/static/Shared/jqueryui/jquery-ui.min.css?1345370 HTTP/1.1" 200 30288
10.40.40.2 - - [21/Mar/2025:08:07:37 -0300] "GET /cormun/static/SmoothNavMenu/resources/ddsmoothmenu.css?1112540 HTTP/1.1" 200 2223
10.40.40.2 - - [21/Mar/2025:08:07:37 -0300] "GET /cormun/static/SmoothNavMenu/resources/ddsmoothmenu-v.css?1112540 HTTP/1.1" 200 1188
10.40.40.2 - - [21/Mar/2025:08:07:37 -0300] "GET /cormun/static/scaMessage/css/jquery.pnotify.default.css?1816380 HTTP/1.1" 200 1707
10.40.40.2 - - [21/Mar/2025:08:07:37 -0300] "GET /cormun/static/gxcfg.js?20201215495537 HTTP/1.1" 200 953
10.40.40.2 - - [21/Mar/2025:08:07:38 -0300] "GET /cormun/static/Resources/Spanish/PXTools.css?14345360 HTTP/1.1" 200 100853
10.40.40.2 - - [21/Mar/2025:08:07:38 -0300] "GET /cormun/static/PXToolsJavascripts/pexe_autoreload.js HTTP/1.1" 200 1762
10.40.40.2 - - [21/Mar/2025:08:07:38 -0300] "GET /cormun/static/PXToolsJavascripts/pexe_windows.js HTTP/1.1" 200 15249
10.40.40.2 - - [21/Mar/2025:08:07:38 -0300] "GET /cormun/static/PXToolsJavascripts/pexe_grid.js HTTP/1.1" 200 7559
10.40.40.2 - - [21/Mar/2025:08:07:38 -0300] "GET /cormun/static/PXToolsJavascripts/pexe_cookies.js HTTP/1.1" 200 792
10.40.40.2 - - [21/Mar/2025:08:07:38 -0300] "GET /cormun/static/PXToolsJavascripts/pexe_griddivfix.js HTTP/1.1" 200 6946
10.40.40.2 - - [21/Mar/2025:08:07:38 -0300] "GET /cormun/static/PXToolsJavascripts/pexe_link.js HTTP/1.1" 200 5671
10.40.40.2 - - [21/Mar/2025:08:07:38 -0300] "GET /cormun/static/PXToolsJavascripts/pexe_menudivfix.js HTTP/1.1" 200 333
10.40.40.2 - - [21/Mar/2025:08:07:38 -0300] "GET /cormun/static/PXToolsJavascripts/pexe_menus.js HTTP/1.1" 200 1286
10.40.40.2 - - [21/Mar/2025:08:07:38 -0300] "GET /cormun/static/PXToolsJavascripts/pexe_layers.js HTTP/1.1" 200 4114
10.40.40.2 - - [21/Mar/2025:08:07:38 -0300] "GET /cormun/static/PXToolsJavascripts/pexe_oav.js HTTP/1.1" 200 645
10.40.40.2 - - [21/Mar/2025:08:07:38 -0300] "GET /cormun/static/PXToolsJavascripts/pexe_oavdivfix.js HTTP/1.1" 200 639
10.40.40.2 - - [21/Mar/2025:08:07:38 -0300] "GET /cormun/static/PXToolsJavascripts/pexe_picture.js HTTP/1.1" 200 689
10.40.40.2 - - [21/Mar/2025:08:07:38 -0300] "GET /cormun/static/PXToolsJavascripts/pexe_popup.js HTTP/1.1" 200 15149
10.40.40.2 - - [21/Mar/2025:08:07:38 -0300] "GET /cormun/static/PXToolsJavascripts/pexe_scrolldiv.js HTTP/1.1" 200 4138
10.40.40.2 - - [21/Mar/2025:08:07:38 -0300] "GET /cormun/static/PXToolsJavascripts/pexe_tabdivfix.js HTTP/1.1" 200 898
10.40.40.2 - - [21/Mar/2025:08:07:38 -0300] "GET /cormun/static/PXToolsJavascripts/pexe_tabs.js HTTP/1.1" 200 3748
10.40.40.2 - - [21/Mar/2025:08:07:38 -0300] "GET /cormun/static/PXToolsJavascripts/pexe_upload.js HTTP/1.1" 200 1423
10.40.40.2 - - [21/Mar/2025:08:07:38 -0300] "GET /cormun/static/PXToolsJavascripts/PXToolsJavascriptsRender.js HTTP/1.1" 200 367
10.40.40.2 - - [21/Mar/2025:08:07:38 -0300] "GET /cormun/static/Resources/CormunMP2.png HTTP/1.1" 200 6878
10.40.40.2 - - [21/Mar/2025:08:07:38 -0300] "GET /cormun/static/Resources/ImgHome.png HTTP/1.1" 200 1364
10.40.40.2 - - [21/Mar/2025:08:07:38 -0300] "GET /cormun/static/Resources/ImgLogin.png HTTP/1.1" 200 1432
10.40.40.2 - - [21/Mar/2025:08:07:38 -0300] "GET /cormun/static/Resources/Llave.png HTTP/1.1" 200 1395
10.40.40.2 - - [21/Mar/2025:08:07:38 -0300] "GET /cormun/static/RunJS/RunJS.js HTTP/1.1" 200 288
10.40.40.2 - - [21/Mar/2025:08:07:38 -0300] "GET /cormun/static/Shared/ext/locale/ext-lang-en.js HTTP/1.1" 200 10940
10.40.40.2 - - [21/Mar/2025:08:07:38 -0300] "GET /cormun/static/hhome.js?20201215495544 HTTP/1.1" 200 777
10.40.40.2 - - [21/Mar/2025:08:07:38 -0300] "GET /cormun/static/hwchdr01.js?2022112219251119 HTTP/1.1" 200 996
10.40.40.2 - - [21/Mar/2025:08:07:38 -0300] "GET /cormun/static/Resources/PXToolsDataTitle.png HTTP/1.1" 200 1173
10.40.40.2 - - [21/Mar/2025:08:07:38 -0300] "GET /cormun/static/hpexe_recentlink.js?20201214471090 HTTP/1.1" 200 2144
10.40.40.2 - - [21/Mar/2025:08:07:38 -0300] "GET /cormun/static/hpexe_scripts.js?20201214471411 HTTP/1.1" 200 1544
10.40.40.2 - - [21/Mar/2025:08:07:38 -0300] "GET /cormun/static/hpexe_messagecontroller.js?202211298371222 HTTP/1.1" 200 870
10.40.40.2 - - [21/Mar/2025:08:07:38 -0300] "GET /cormun/static/hpexe_messagepopupcomponent.js?2020121447232 HTTP/1.1" 200 605
10.40.40.2 - - [21/Mar/2025:08:07:38 -0300] "GET /cormun/static/hpexe_messagegenexuscomponent.js?20221129836373 HTTP/1.1" 200 587
10.40.40.2 - - [21/Mar/2025:08:07:38 -0300] "GET /cormun/static/cmcontrolpreferences.js?20199141926336 HTTP/1.1" 200 1375
10.40.40.2 - - [21/Mar/2025:08:07:38 -0300] "GET /cormun/static/gxui/gxui-all.js HTTP/1.1" 200 107772
10.40.40.2 - - [21/Mar/2025:08:07:38 -0300] "GET /cormun/static/SmoothNavMenu/resources/ddsmoothmenu.js HTTP/1.1" 200 12712
10.40.40.2 - - [21/Mar/2025:08:07:38 -0300] "GET /cormun/static/Shared/jquery/jquery-1.4.2.min.js HTTP/1.1" 200 72174
10.40.40.2 - - [21/Mar/2025:08:07:38 -0300] "GET /cormun/static/SmoothNavMenu/resources/SmoothNavMenuRender.js HTTP/1.1" 200 5951
10.40.40.2 - - [21/Mar/2025:08:07:38 -0300] "GET /cormun/static/scaMessage/js/jquery.pnotify.min.js HTTP/1.1" 200 13038
10.40.40.2 - - [21/Mar/2025:08:07:38 -0300] "GET /cormun/static/scaMessage/scaMessageRender.js HTTP/1.1" 200 11977
10.40.40.2 - - [21/Mar/2025:08:07:38 -0300] "GET /cormun/static/hmpwkw03.js?20221129844354 HTTP/1.1" 200 3971
10.40.40.2 - - [21/Mar/2025:08:07:38 -0300] "GET /cormun/static/Shared/jquery/jquery-1.10.2.min.js HTTP/1.1" 200 273199
10.40.40.2 - - [21/Mar/2025:08:07:38 -0300] "GET /cormun/static/Shared/jqueryui/jquery-ui.min.js HTTP/1.1" 200 240427
10.40.40.2 - - [21/Mar/2025:08:07:38 -0300] "GET /cormun/static/Shared/ext/ext-all.js HTTP/1.1" 200 1289687
10.40.40.2 - - [21/Mar/2025:08:07:38 -0300] "GET /cormun/static/SmoothNavMenu/resources/images/down.gif HTTP/1.1" 200 854
10.40.40.2 - - [21/Mar/2025:08:08:04 -0300] "GET /cormun/servlet/trsolicitudgral? HTTP/1.1" 200 28609
10.40.40.2 - - [21/Mar/2025:08:08:04 -0300] "GET /cormun/static/gxui/gxui-all.css?110300 HTTP/1.1" 200 2179
10.40.40.2 - - [21/Mar/2025:08:08:04 -0300] "GET /cormun/static/calendar-system.css?75620 HTTP/1.1" 200 5572
10.40.40.2 - - [21/Mar/2025:08:08:04 -0300] "GET /cormun/static/gxcfg.js?20191021621534 HTTP/1.1" 200 953
10.40.40.2 - - [21/Mar/2025:08:08:04 -0300] "GET /cormun/static/calendar-setup.js?85251 HTTP/1.1" 200 2588
10.40.40.2 - - [21/Mar/2025:08:08:04 -0300] "GET /cormun/static/calendar.js?85251 HTTP/1.1" 200 26246
10.40.40.2 - - [21/Mar/2025:08:08:04 -0300] "GET /cormun/static/calendar-es.js?85251 HTTP/1.1" 200 1901
10.40.40.2 - - [21/Mar/2025:08:08:04 -0300] "GET /cormun/static/Resources/PXTools/calendar.png HTTP/1.1" 200 1306
10.40.40.2 - - [21/Mar/2025:08:08:04 -0300] "GET /cormun/static/gxdec.js?85251 HTTP/1.1" 200 19579
10.40.40.2 - - [21/Mar/2025:08:08:04 -0300] "GET /cormun/static/Resources/Spanish/PXTools.css?2294816 HTTP/1.1" 200 100853
10.40.40.2 - - [21/Mar/2025:08:08:04 -0300] "GET /cormun/static/trsolicitudgral.js?20191021621224 HTTP/1.1" 200 55166
10.40.40.2 - - [21/Mar/2025:08:08:04 -0300] "GET /cormun/static/Shared/ext/resources/css/ext-all.css?205870 HTTP/1.1" 200 416045
10.40.40.2 - - [21/Mar/2025:08:08:04 -0300] "GET /cormun/static/Resources/PXToolsDataSearch.png HTTP/1.1" 200 435
10.40.40.2 - - [21/Mar/2025:08:08:04 -0300] "GET /cormun/static/Resources/PXToolsGridNextDisabled.gif HTTP/1.1" 200 90
10.40.40.2 - - [21/Mar/2025:08:08:04 -0300] "GET /cormun/static/Resources/PXToolsGridLastDisabled.gif HTTP/1.1" 200 98
10.40.40.2 - - [21/Mar/2025:08:08:04 -0300] "GET /cormun/static/Resources/PXToolsGridPage.gif HTTP/1.1" 200 725
10.40.40.2 - - [21/Mar/2025:08:08:04 -0300] "GET /cormun/static/Resources/PXToolsGridPreviousDisabled.gif HTTP/1.1" 200 90
10.40.40.2 - - [21/Mar/2025:08:08:04 -0300] "GET /cormun/static/Resources/PXToolsGridFirstDisabled.gif HTTP/1.1" 200 100
10.40.40.2 - - [21/Mar/2025:08:08:04 -0300] "GET /cormun/static/Resources/PXToolsActionExcel.png HTTP/1.1" 200 727
10.40.40.2 - - [21/Mar/2025:08:08:04 -0300] "GET /cormun/static/Resources/PXToolsAddAllStandardAction.png HTTP/1.1" 200 628
10.40.40.2 - - [21/Mar/2025:08:08:04 -0300] "GET /cormun/static/Resources/PXToolsRemoveAllStandardAction.png HTTP/1.1" 200 495
10.40.40.2 - - [21/Mar/2025:08:08:05 -0300] "GET /cormun/static/Resources/asc.gif HTTP/1.1" 200 67
10.40.40.2 - - [21/Mar/2025:08:08:05 -0300] "GET /cormun//static/Resources/PXToolsGridUpdate.png HTTP/1.1" 200 470
10.40.40.2 - - [21/Mar/2025:08:08:05 -0300] "GET /cormun/static/Resources/desc.gif HTTP/1.1" 200 65
10.40.40.2 - - [21/Mar/2025:08:08:05 -0300] "GET /cormun//static/Resources/PXToolsGridDelete.png HTTP/1.1" 200 538
10.40.40.2 - - [21/Mar/2025:08:08:05 -0300] "GET /cormun/static/Shared/ext/resources/themes/images/default/panel/bg-headersPanel.png HTTP/1.1" 200 255
10.40.40.2 - - [21/Mar/2025:08:08:05 -0300] "GET /cormun/static/Shared/ext/resources/themes/images/default/tools/tool-sprites.gif HTTP/1.1" 200 5434
10.40.40.2 - - [21/Mar/2025:08:08:18 -0300] "POST /cormun/servlet/trsolicitudgral?3adc4a98563a611b70ca3b7619cef131,,gx-no-cache=1742555665790 HTTP/1.1" 200 8110
190.95.15.15 - - [21/Mar/2025:08:08:22 -0300] "POST /cormun/servlet/hlogin?d528e59d8a5e37d043e48b72bed91fea,gx-no-cache=1742555411470 HTTP/1.1" 200 90
190.95.15.15 - - [21/Mar/2025:08:08:22 -0300] "GET /cormun/servlet/hpexe_link HTTP/1.1" 200 953
190.95.15.15 - - [21/Mar/2025:08:08:22 -0300] "GET /cormun/servlet/hhome HTTP/1.1" 200 3977
190.95.15.15 - - [21/Mar/2025:08:08:24 -0300] "GET /cormun/servlet/trlicencias? HTTP/1.1" 200 11885
104.244.78.110 - tomcat [21/Mar/2025:08:08:52 -0300] "GET /manager/html HTTP/1.1" 403 3196
91.208.206.203 - - [21/Mar/2025:08:09:27 -0300] "GET /manager/html HTTP/1.1" 401 2474
104.244.78.110 - tomcat [21/Mar/2025:08:10:52 -0300] "GET /manager/html HTTP/1.1" 403 3196
179.57.78.71 - - [21/Mar/2025:08:11:01 -0300] "GET /cormun/servlet/hhome HTTP/1.1" 200 3325
179.57.78.71 - - [21/Mar/2025:08:11:01 -0300] "GET /cormun/servlet/hlogin HTTP/1.1" 200 1735
179.57.78.71 - - [21/Mar/2025:08:11:04 -0300] "POST /cormun/servlet/hlogin?ac29cb08d004901abd7c20416cfac1fa,gx-no-cache=1742555573627 HTTP/1.1" 200 90
179.57.78.71 - - [21/Mar/2025:08:11:04 -0300] "GET /cormun/servlet/hpexe_link HTTP/1.1" 200 954
179.57.78.71 - - [21/Mar/2025:08:11:04 -0300] "GET /cormun/servlet/hhome HTTP/1.1" 200 4213
179.57.78.71 - - [21/Mar/2025:08:11:12 -0300] "GET /cormun/servlet/trlicencias? HTTP/1.1" 200 9943
179.57.78.71 - - [21/Mar/2025:08:11:19 -0300] "GET /cormun/static/menuarrow.gif HTTP/1.1" 404 1015
179.57.78.71 - - [21/Mar/2025:08:11:49 -0300] "POST /cormun/servlet/trlicencias?ac29cb08d004901abd7c20416cfac1fa,,gx-no-cache=1742555611652 HTTP/1.1" 200 6988
190.95.67.97 - - [21/Mar/2025:08:12:00 -0300] "GET /cormun/servlet/trpermisosgoce? HTTP/1.1" 200 6040
190.95.67.97 - - [21/Mar/2025:08:12:01 -0300] "GET /cormun/servlet/hlogin HTTP/1.1" 200 1744
190.95.67.97 - - [21/Mar/2025:08:12:08 -0300] "POST /cormun/servlet/hlogin?08e4d202623ea6fb6d4ea58c5250bc21,gx-no-cache=1742555642631 HTTP/1.1" 200 453
190.95.67.97 - - [21/Mar/2025:08:12:13 -0300] "POST /cormun/servlet/hlogin?08e4d202623ea6fb6d4ea58c5250bc21,gx-no-cache=1742555647095 HTTP/1.1" 200 90
190.95.67.97 - - [21/Mar/2025:08:12:13 -0300] "GET /cormun/servlet/hpexe_link HTTP/1.1" 200 962
190.95.67.97 - - [21/Mar/2025:08:12:13 -0300] "GET /cormun/servlet/trpermisosgoce HTTP/1.1" 200 9029
190.95.67.97 - - [21/Mar/2025:08:12:23 -0300] "GET /cormun/servlet/trpermisosadjuntos?7838254,20250320084312,P, HTTP/1.1" 200 6185
190.95.67.97 - - [21/Mar/2025:08:12:23 -0300] "GET /cormun/servlet/trpermisosadjuntos?7838254,20250320084312,P, HTTP/1.1" 200 6185
190.95.67.97 - - [21/Mar/2025:08:12:23 -0300] "GET /cormun/static/gxcfg.js?2020121641683 HTTP/1.1" 200 953
190.95.67.97 - - [21/Mar/2025:08:12:23 -0300] "GET /cormun/static/trpermisosadjuntos.js?2020121642996 HTTP/1.1" 200 20158
190.95.67.97 - - [21/Mar/2025:08:12:25 -0300] "GET /cormun/servlet/permisosadjuntos?INS,7838254,P,20250320084312,, HTTP/1.1" 200 5506
190.95.67.97 - - [21/Mar/2025:08:12:25 -0300] "GET /cormun/static/permisosadjuntos.js?20201215134285 HTTP/1.1" 200 8724
190.95.67.97 - - [21/Mar/2025:08:12:25 -0300] "GET /cormun/static/gxcfg.js?20201215134212 HTTP/1.1" 200 953
190.95.67.97 - - [21/Mar/2025:08:12:25 -0300] "GET /cormun/static/about:blank HTTP/1.1" 404 1011
104.244.78.110 - tomcat [21/Mar/2025:08:12:51 -0300] "GET /manager/html HTTP/1.1" 403 3196
91.208.206.203 - - [21/Mar/2025:08:13:27 -0300] "GET /manager/html HTTP/1.1" 401 2474
200.126.116.145 - - [21/Mar/2025:08:13:55 -0300] "GET /cormun/servlet/hlogin HTTP/1.1" 200 1729
200.126.116.145 - - [21/Mar/2025:08:13:56 -0300] "GET /cormun/servlet/hlogin HTTP/1.1" 200 1739
200.126.116.145 - - [21/Mar/2025:08:14:13 -0300] "POST /cormun/servlet/hlogin?2de36591243f86cb6919569e18f696eb,gx-no-cache=1742555762923 HTTP/1.1" 200 90
200.126.116.145 - - [21/Mar/2025:08:14:13 -0300] "GET /cormun/servlet/hpexe_link HTTP/1.1" 200 957
200.126.116.145 - - [21/Mar/2025:08:14:13 -0300] "GET /cormun/servlet/hhome HTTP/1.1" 200 4335
200.126.116.145 - - [21/Mar/2025:08:14:17 -0300] "GET /cormun/servlet/trlicencias? HTTP/1.1" 200 14798
190.95.1.129 - - [21/Mar/2025:08:14:22 -0300] "GET /cormun/servlet/hlogin HTTP/1.1" 200 1711
190.95.1.129 - - [21/Mar/2025:08:14:22 -0300] "GET /cormun/servlet/hlogin HTTP/1.1" 200 1722
190.95.1.129 - - [21/Mar/2025:08:14:29 -0300] "POST /cormun/servlet/hlogin?51bfd3a7c5b457308be38fdf8fea219a,gx-no-cache=1742555779412 HTTP/1.1" 200 90
190.95.1.129 - - [21/Mar/2025:08:14:29 -0300] "GET /cormun/servlet/hpexe_link HTTP/1.1" 200 942
190.95.1.129 - - [21/Mar/2025:08:14:29 -0300] "GET /cormun/servlet/hhome HTTP/1.1" 200 4284
200.126.116.145 - - [21/Mar/2025:08:14:30 -0300] "GET /cormun/servlet/alicenciaprn?17651846,L,20250320000000,PU HTTP/1.1" 200 1540
190.95.1.129 - - [21/Mar/2025:08:14:32 -0300] "GET /cormun/servlet/trlicencias? HTTP/1.1" 200 11894
190.95.15.13 - - [21/Mar/2025:08:14:40 -0300] "GET /cormun/servlet/hlogin HTTP/1.1" 200 1718
190.95.15.13 - - [21/Mar/2025:08:14:40 -0300] "GET /cormun/servlet/hlogin HTTP/1.1" 200 1728
104.244.78.110 - tomcat [21/Mar/2025:08:14:50 -0300] "GET /manager/html HTTP/1.1" 403 3196
190.95.15.13 - - [21/Mar/2025:08:14:51 -0300] "POST /cormun/servlet/hlogin?6411ea1307c017665d3a26a82e68a60e,gx-no-cache=1742555801093 HTTP/1.1" 200 90
190.95.15.13 - - [21/Mar/2025:08:14:51 -0300] "GET /cormun/servlet/hpexe_link HTTP/1.1" 200 948
190.95.15.13 - - [21/Mar/2025:08:14:51 -0300] "GET /cormun/servlet/hhome HTTP/1.1" 200 3937
190.95.15.13 - - [21/Mar/2025:08:14:53 -0300] "GET /cormun/servlet/trlicencias? HTTP/1.1" 200 10749
200.126.116.145 - - [21/Mar/2025:08:15:14 -0300] "GET /cormun/servlet/trreportecargahoraria? HTTP/1.1" 200 6915
200.126.116.145 - - [21/Mar/2025:08:15:14 -0300] "GET /cormun/static/gxcfg.js?202211298504121 HTTP/1.1" 200 953
200.126.116.145 - - [21/Mar/2025:08:15:14 -0300] "GET /cormun/static/trreportecargahoraria.js?20221129850435 HTTP/1.1" 200 29376
200.126.116.145 - - [21/Mar/2025:08:15:17 -0300] "GET /cormun/servlet/trcargahoraria? HTTP/1.1" 200 6741
200.126.116.145 - - [21/Mar/2025:08:15:17 -0300] "GET /cormun/static/gxcfg.js?202012113392337 HTTP/1.1" 200 953
200.126.116.145 - - [21/Mar/2025:08:15:17 -0300] "GET /cormun/static/trcargahoraria.js?202012113392783 HTTP/1.1" 200 28768
200.126.116.145 - - [21/Mar/2025:08:15:40 -0300] "GET /cormun/servlet/trcontratosolicitud? HTTP/1.1" 200 14835
200.126.116.145 - - [21/Mar/2025:08:15:40 -0300] "GET /cormun/static/gxcfg.js?202211298514361 HTTP/1.1" 200 953
200.126.116.145 - - [21/Mar/2025:08:15:40 -0300] "GET /cormun/static/trcontratosolicitud.js?202211298514531 HTTP/1.1" 200 28237
200.126.116.145 - - [21/Mar/2025:08:15:40 -0300] "GET /cormun//static/Resources/PXToolsGridNew.png HTTP/1.1" 200 427
190.95.1.129 - - [21/Mar/2025:08:16:44 -0300] "GET /cormun/servlet/solicitudot?INS,0,0,false, HTTP/1.1" 200 16283
104.244.78.110 - tomcat [21/Mar/2025:08:16:49 -0300] "GET /manager/html HTTP/1.1" 403 3196
91.208.206.203 - - [21/Mar/2025:08:17:28 -0300] "GET /manager/html HTTP/1.1" 401 2474
104.244.78.110 - tomcat [21/Mar/2025:08:18:48 -0300] "GET /manager/html HTTP/1.1" 403 3196
201.186.225.187 - - [21/Mar/2025:08:19:44 -0300] "GET /cormun/servlet/hlogin HTTP/1.1" 200 1723
201.186.225.187 - - [21/Mar/2025:08:19:57 -0300] "POST /cormun/servlet/hlogin?2d85a62dce4643d749dfba621a81e2d9,gx-no-cache=1742559630553 HTTP/1.1" 200 90
201.186.225.187 - - [21/Mar/2025:08:19:57 -0300] "GET /cormun/servlet/hpexe_link HTTP/1.1" 200 953
201.186.225.187 - - [21/Mar/2025:08:19:57 -0300] "GET /cormun/servlet/hhome HTTP/1.1" 200 3972
201.186.225.187 - - [21/Mar/2025:08:20:04 -0300] "GET /cormun/servlet/trpermisosgoce? HTTP/1.1" 200 9276
201.186.225.187 - - [21/Mar/2025:08:20:07 -0300] "GET /cormun/servlet/permisogoce?INS,0,,, HTTP/1.1" 200 6837
201.186.225.187 - - [21/Mar/2025:08:20:30 -0300] "GET /cormun/servlet/permisogoce?b2aa97af9d1f91f71a3b5cf08cee82f140412fa183ea55ebae16de79664fe1d3b042f3b5df4876db122c3031951eaf895756cdb35840aabfa9c312d9d48e2969,gx-no-cache=1742559663653 HTTP/1.1" 200 179
201.186.225.187 - - [21/Mar/2025:08:20:31 -0300] "GET /cormun/static/Shared/jqueryui/images/ui-icons_82798d_256x240.png HTTP/1.1" 404 1089
201.186.225.187 - - [21/Mar/2025:08:20:31 -0300] "GET /cormun/static/Shared/jqueryui/images/ui-bg_highlight-soft_100_c6c2c8_1x100.png HTTP/1.1" 404 1117
201.186.225.187 - - [21/Mar/2025:08:20:31 -0300] "GET /cormun/static/Shared/jqueryui/images/ui-bg_flat_55_994d53_40x100.png HTTP/1.1" 404 1097
201.186.225.187 - - [21/Mar/2025:08:20:31 -0300] "GET /cormun/static/Shared/jqueryui/images/ui-icons_ebccce_256x240.png HTTP/1.1" 404 1089
201.186.225.187 - - [21/Mar/2025:08:20:41 -0300] "GET /cormun/servlet/trlicencias? HTTP/1.1" 200 8623
104.244.78.110 - tomcat [21/Mar/2025:08:20:47 -0300] "GET /manager/html HTTP/1.1" 403 3196
201.186.225.191 - - [21/Mar/2025:08:20:48 -0300] "GET /cormun/servlet/hlogin HTTP/1.1" 200 1715
201.186.225.191 - - [21/Mar/2025:08:21:05 -0300] "POST /cormun/servlet/hlogin?3326866511ed3882b315949db430d392,gx-no-cache=1742556175270 HTTP/1.1" 200 90
201.186.225.191 - - [21/Mar/2025:08:21:05 -0300] "GET /cormun/servlet/hpexe_link HTTP/1.1" 200 945
201.186.225.191 - - [21/Mar/2025:08:21:06 -0300] "GET /cormun/servlet/hhome HTTP/1.1" 200 4182
201.186.225.191 - - [21/Mar/2025:08:21:13 -0300] "GET /cormun/servlet/trlicencias? HTTP/1.1" 200 10471
91.208.206.203 - - [21/Mar/2025:08:21:31 -0300] "GET /manager/html HTTP/1.1" 401 2474
45.156.130.6 - - [21/Mar/2025:08:21:52 -0300] "GET / HTTP/1.1" 200 11217
45.156.130.45 - - [21/Mar/2025:08:21:56 -0300] "GET /css/images/PTZOptics_powerby.png HTTP/1.1" 404 1025
201.186.225.183 - - [21/Mar/2025:08:22:17 -0300] "POST /cormun/servlet/hlogin?44af724cc68778a5a06e0a9481d9756e,gx-no-cache=1742556247869 HTTP/1.1" 440 972
201.186.225.183 - - [21/Mar/2025:08:22:19 -0300] "GET /cormun/servlet/hlogin HTTP/1.1" 200 1731
201.186.225.183 - - [21/Mar/2025:08:22:22 -0300] "POST /cormun/servlet/hlogin?fa16fb70c1653dc88c5683142e4f52d1,gx-no-cache=1742556253036 HTTP/1.1" 200 442
201.186.225.183 - - [21/Mar/2025:08:22:26 -0300] "POST /cormun/servlet/hlogin?fa16fb70c1653dc88c5683142e4f52d1,gx-no-cache=1742556256604 HTTP/1.1" 200 90
201.186.225.183 - - [21/Mar/2025:08:22:26 -0300] "GET /cormun/servlet/hpexe_link HTTP/1.1" 200 952
201.186.225.183 - - [21/Mar/2025:08:22:26 -0300] "GET /cormun/servlet/hhome HTTP/1.1" 200 3965
201.186.225.183 - - [21/Mar/2025:08:22:32 -0300] "GET /cormun/servlet/trlicencias? HTTP/1.1" 200 11315
104.244.78.110 - tomcat [21/Mar/2025:08:22:46 -0300] "GET /manager/html HTTP/1.1" 403 3196
104.244.78.110 - tomcat [21/Mar/2025:08:24:44 -0300] "GET /manager/html HTTP/1.1" 403 3196
201.186.225.191 - - [21/Mar/2025:08:25:07 -0300] "GET /cormun/servlet/hlogin HTTP/1.1" 200 1733
91.208.206.203 - - [21/Mar/2025:08:25:35 -0300] "GET /manager/html HTTP/1.1" 401 2474
104.244.78.110 - tomcat [21/Mar/2025:08:26:43 -0300] "GET /manager/html HTTP/1.1" 403 3196
104.244.78.110 - tomcat [21/Mar/2025:08:28:43 -0300] "GET /manager/html HTTP/1.1" 403 3196
91.208.206.203 - - [21/Mar/2025:08:29:37 -0300] "GET /manager/html HTTP/1.1" 401 2474
104.244.78.110 - tomcat [21/Mar/2025:08:30:42 -0300] "GET /manager/html HTTP/1.1" 403 3196
104.244.78.110 - tomcat [21/Mar/2025:08:32:41 -0300] "GET /manager/html HTTP/1.1" 403 3196
91.208.206.203 - - [21/Mar/2025:08:33:38 -0300] "GET /manager/html HTTP/1.1" 401 2474
190.95.67.95 - - [21/Mar/2025:08:33:47 -0300] "GET /cormun/servlet/hlogin HTTP/1.1" 200 1720
179.57.78.55 - - [21/Mar/2025:08:33:50 -0300] "GET /cormun/servlet/trlicencias? HTTP/1.1" 200 6039
179.57.78.55 - - [21/Mar/2025:08:33:51 -0300] "GET /cormun/servlet/hlogin HTTP/1.1" 200 1733
190.95.67.95 - - [21/Mar/2025:08:33:57 -0300] "POST /cormun/servlet/hlogin?60c2cd06bd3eb30aab7b676714a3dd9e,gx-no-cache=1742556942747 HTTP/1.1" 200 90
179.57.78.55 - - [21/Mar/2025:08:33:58 -0300] "POST /cormun/servlet/hlogin?2b5b2dea3ce644fc4a379dec967c6473,gx-no-cache=1742556948079 HTTP/1.1" 200 90
179.57.78.55 - - [21/Mar/2025:08:33:58 -0300] "GET /cormun/servlet/hpexe_link HTTP/1.1" 200 948
179.57.78.55 - - [21/Mar/2025:08:33:58 -0300] "GET /cormun/servlet/trlicencias HTTP/1.1" 200 8524
190.95.67.95 - - [21/Mar/2025:08:34:03 -0300] "GET /cormun/servlet/hpexe_link HTTP/1.1" 200 953
190.95.67.95 - - [21/Mar/2025:08:34:03 -0300] "GET /cormun/servlet/hhome HTTP/1.1" 200 4006
190.95.67.95 - - [21/Mar/2025:08:34:08 -0300] "GET /cormun/servlet/trsolicitudot? HTTP/1.1" 200 8649
179.57.78.55 - - [21/Mar/2025:08:34:12 -0300] "GET /cormun/static/menuarrow.gif HTTP/1.1" 404 1015
179.57.78.55 - - [21/Mar/2025:08:34:16 -0300] "POST /cormun/servlet/trlicencias?2b5b2dea3ce644fc4a379dec967c6473,gx-no-cache=1742556965322 HTTP/1.1" 200 6647
190.95.67.95 - - [21/Mar/2025:08:34:17 -0300] "POST /cormun/servlet/trsolicitudot?60c2cd06bd3eb30aab7b676714a3dd9e,,gx-no-cache=1742556959931 HTTP/1.1" 200 5809
190.95.67.95 - - [21/Mar/2025:08:34:18 -0300] "GET /cormun/static/Shared/jqueryui/images/ui-bg_highlight-soft_100_c6c2c8_1x100.png HTTP/1.1" 404 1117
190.95.67.95 - - [21/Mar/2025:08:34:18 -0300] "GET /cormun/static/Shared/jqueryui/images/ui-icons_82798d_256x240.png HTTP/1.1" 404 1089
190.95.67.95 - - [21/Mar/2025:08:34:18 -0300] "GET /cormun/static/Shared/jqueryui/images/ui-bg_flat_55_fafafa_40x100.png HTTP/1.1" 404 1097
190.95.67.95 - - [21/Mar/2025:08:34:18 -0300] "GET /cormun/static/Shared/jqueryui/images/ui-icons_8d78a5_256x240.png HTTP/1.1" 404 1089
104.244.78.110 - tomcat [21/Mar/2025:08:34:41 -0300] "GET /manager/html HTTP/1.1" 403 3196
190.95.67.95 - - [21/Mar/2025:08:36:04 -0300] "POST /cormun/servlet/trsolicitudot?60c2cd06bd3eb30aab7b676714a3dd9e,,gx-no-cache=1742557070195 HTTP/1.1" 200 107
190.95.67.95 - - [21/Mar/2025:08:36:08 -0300] "GET /cormun/servlet/trsolicitudadjuntos?2025,22204, HTTP/1.1" 200 10223
190.95.67.95 - - [21/Mar/2025:08:36:11 -0300] "GET /cormun/servlet/solicitudotadjuntos?INS,2025,22204,,1, HTTP/1.1" 200 6062
190.95.67.95 - - [21/Mar/2025:08:36:18 -0300] "GET /cormun/static/about:blank HTTP/1.1" 404 1011
190.95.67.95 - - [21/Mar/2025:08:36:19 -0300] "GET /cormun/servlet/solicitudotadjuntos?80fb79e41789a665783ae05d60383e43aed5779a1ecc3891606e220d05f5efbf39ae989d84a380ef1f6e5f3c591a005c,gx-no-cache=1742557084795 HTTP/1.1" 200 30
190.95.67.95 - - [21/Mar/2025:08:36:19 -0300] "POST /cormun/servlet/solicitudotadjuntos?60c2cd06bd3eb30aab7b676714a3dd9e,INS,2025,22204,,1,,gx-no-cache=1742557084821 HTTP/1.1" 200 3871
190.95.67.95 - - [21/Mar/2025:08:36:21 -0300] "POST /cormun/servlet/solicitudotadjuntos?gx-no-cache=1742557086794 HTTP/1.1" 200 26
104.244.78.110 - tomcat [21/Mar/2025:08:36:40 -0300] "GET /manager/html HTTP/1.1" 403 3196
190.95.67.95 - - [21/Mar/2025:08:37:13 -0300] "GET /cormun/servlet/solicitudotadjuntos?80fb79e41789a665783ae05d60383e43b3d792c58c0c353dfa9e205a2e5c8fe0,gx-no-cache=1742557139584 HTTP/1.1" 200 30
190.95.67.95 - - [21/Mar/2025:08:37:13 -0300] "GET /cormun/servlet/solicitudotadjuntos?80fb79e41789a665783ae05d60383e43b3d792c58c0c353dfa9e205a2e5c8fe0,gx-no-cache=1742557139619 HTTP/1.1" 200 30
190.95.67.95 - - [21/Mar/2025:08:37:23 -0300] "POST /cormun/servlet/solicitudotadjuntos?60c2cd06bd3eb30aab7b676714a3dd9e,INS,2025,22204,,1, HTTP/1.1" 200 116
190.95.67.95 - - [21/Mar/2025:08:37:23 -0300] "GET /cormun/servlet/hpexe_return? HTTP/1.1" 200 1026
190.95.67.95 - - [21/Mar/2025:08:37:23 -0300] "GET /cormun/servlet/trsolicitudadjuntos?2025,22204, HTTP/1.1" 200 10456
91.208.206.203 - - [21/Mar/2025:08:37:34 -0300] "GET /manager/html HTTP/1.1" 401 2474
190.95.15.9 - - [21/Mar/2025:08:38:37 -0300] "GET /cormun/servlet/hlogin HTTP/1.1" 200 1722
104.244.78.110 - tomcat [21/Mar/2025:08:38:39 -0300] "GET /manager/html HTTP/1.1" 403 3196
190.95.15.9 - - [21/Mar/2025:08:38:42 -0300] "POST /cormun/servlet/hlogin?89a2b0ef5ba91866c66fde5624dc8e22,gx-no-cache=1742557231996 HTTP/1.1" 200 90
190.95.15.9 - - [21/Mar/2025:08:38:42 -0300] "GET /cormun/servlet/hpexe_link HTTP/1.1" 200 954
190.95.15.9 - - [21/Mar/2025:08:38:42 -0300] "GET /cormun/servlet/hhome HTTP/1.1" 200 4213
190.95.15.9 - - [21/Mar/2025:08:38:47 -0300] "GET /cormun/servlet/trsolicitudot? HTTP/1.1" 200 7432
190.95.15.9 - - [21/Mar/2025:08:38:50 -0300] "GET /cormun/servlet/solicitudot?INS,0,0,false, HTTP/1.1" 200 16215
190.95.67.95 - - [21/Mar/2025:08:39:02 -0300] "GET /cormun/servlet/solicitudotadjuntos?INS,2025,22204,,2, HTTP/1.1" 200 6062
190.95.67.95 - - [21/Mar/2025:08:39:02 -0300] "GET /cormun/static/about:blank HTTP/1.1" 404 1011
190.95.67.95 - - [21/Mar/2025:08:39:03 -0300] "GET /cormun/servlet/solicitudotadjuntos?80fb79e41789a665783ae05d60383e43aed5779a1ecc3891606e220d05f5efbf39ae989d84a380ef1f6e5f3c591a005c,gx-no-cache=1742557248851 HTTP/1.1" 200 30
190.95.67.95 - - [21/Mar/2025:08:39:03 -0300] "POST /cormun/servlet/solicitudotadjuntos?60c2cd06bd3eb30aab7b676714a3dd9e,INS,2025,22204,,2,,gx-no-cache=1742557248873 HTTP/1.1" 200 4082
190.95.67.95 - - [21/Mar/2025:08:39:22 -0300] "POST /cormun/servlet/solicitudotadjuntos?gx-no-cache=1742557268442 HTTP/1.1" 200 26
190.95.67.99 - - [21/Mar/2025:08:39:31 -0300] "GET /cormun/servlet/hhome HTTP/1.1" 200 3321
190.95.67.99 - - [21/Mar/2025:08:39:32 -0300] "GET /cormun/servlet/hlogin HTTP/1.1" 200 1732
190.95.67.95 - - [21/Mar/2025:08:39:35 -0300] "GET /cormun/servlet/solicitudotadjuntos?80fb79e41789a665783ae05d60383e43b3d792c58c0c353dfa9e205a2e5c8fe0,gx-no-cache=1742557281289 HTTP/1.1" 200 30
190.95.67.95 - - [21/Mar/2025:08:39:35 -0300] "GET /cormun/servlet/solicitudotadjuntos?80fb79e41789a665783ae05d60383e43b3d792c58c0c353dfa9e205a2e5c8fe0,gx-no-cache=1742557281315 HTTP/1.1" 200 30
190.95.67.99 - - [21/Mar/2025:08:39:36 -0300] "POST /cormun/servlet/hlogin?48b6d4e569b9073a1f08cd27f9025098,gx-no-cache=1742557286426 HTTP/1.1" 200 90
190.95.67.99 - - [21/Mar/2025:08:39:36 -0300] "GET /cormun/servlet/hpexe_link HTTP/1.1" 200 951
190.95.67.99 - - [21/Mar/2025:08:39:36 -0300] "GET /cormun/servlet/hhome HTTP/1.1" 200 4304
190.95.67.95 - - [21/Mar/2025:08:39:41 -0300] "POST /cormun/servlet/solicitudotadjuntos?60c2cd06bd3eb30aab7b676714a3dd9e,INS,2025,22204,,2, HTTP/1.1" 200 116
190.95.67.95 - - [21/Mar/2025:08:39:41 -0300] "GET /cormun/servlet/hpexe_return? HTTP/1.1" 200 1026
190.95.67.95 - - [21/Mar/2025:08:39:41 -0300] "GET /cormun/servlet/trsolicitudadjuntos?2025,22204, HTTP/1.1" 200 10641
190.95.15.27 - - [21/Mar/2025:08:40:10 -0300] "GET /cormun/servlet/hlogin HTTP/1.1" 200 1719
190.95.15.27 - - [21/Mar/2025:08:40:20 -0300] "POST /cormun/servlet/hlogin?3593a68399ffd73e3c6ff41408d7df16,gx-no-cache=1742557330906 HTTP/1.1" 200 90
190.95.15.27 - - [21/Mar/2025:08:40:20 -0300] "GET /cormun/servlet/hpexe_link HTTP/1.1" 200 950
190.95.15.27 - - [21/Mar/2025:08:40:20 -0300] "GET /cormun/servlet/hhome HTTP/1.1" 200 3903
190.95.15.27 - - [21/Mar/2025:08:40:23 -0300] "GET /cormun/servlet/trlicencias? HTTP/1.1" 200 8795
190.95.67.95 - - [21/Mar/2025:08:40:28 -0300] "GET /cormun/servlet/solicitudotadjuntos?DLT,2025,22204,TITULO,0, HTTP/1.1" 200 6051
190.95.67.95 - - [21/Mar/2025:08:40:29 -0300] "GET /cormun/PublicTempStorage/titulo_maria_jose_ravest4152835.pdf HTTP/1.1" 200 182084
104.244.78.110 - tomcat [21/Mar/2025:08:40:40 -0300] "GET /manager/html HTTP/1.1" 403 3196
190.95.67.95 - - [21/Mar/2025:08:40:41 -0300] "POST /cormun/servlet/solicitudotadjuntos?60c2cd06bd3eb30aab7b676714a3dd9e,DLT,2025,22204,TITULO,0,,gx-no-cache=1742557339403 HTTP/1.1" 200 93
190.95.67.95 - - [21/Mar/2025:08:40:41 -0300] "GET /cormun/servlet/hpexe_return? HTTP/1.1" 200 1032
190.95.67.95 - - [21/Mar/2025:08:40:41 -0300] "GET /cormun/servlet/trsolicitudadjuntos?2025,22204, HTTP/1.1" 200 10458
190.95.67.95 - - [21/Mar/2025:08:40:49 -0300] "GET /cormun/servlet/solicitudotadjuntos?DLT,2025,22204,CERTIF2,0, HTTP/1.1" 200 6056
190.95.67.95 - - [21/Mar/2025:08:40:49 -0300] "GET /cormun/PublicTempStorage/licencia_educacion_media8708903.pdf HTTP/1.1" 200 171053
190.95.67.95 - - [21/Mar/2025:08:40:52 -0300] "POST /cormun/servlet/solicitudotadjuntos?60c2cd06bd3eb30aab7b676714a3dd9e,DLT,2025,22204,CERTIF2,0,,gx-no-cache=1742557357362 HTTP/1.1" 200 93
190.95.67.95 - - [21/Mar/2025:08:40:52 -0300] "GET /cormun/servlet/hpexe_return? HTTP/1.1" 200 1032
190.95.67.95 - - [21/Mar/2025:08:40:52 -0300] "GET /cormun/servlet/trsolicitudadjuntos?2025,22204, HTTP/1.1" 200 10277
190.95.67.95 - - [21/Mar/2025:08:40:55 -0300] "GET /cormun/servlet/solicitudotadjuntos?INS,2025,22204,,1, HTTP/1.1" 200 6063
190.95.67.95 - - [21/Mar/2025:08:40:56 -0300] "GET /cormun/static/about:blank HTTP/1.1" 404 1011
190.95.67.95 - - [21/Mar/2025:08:40:56 -0300] "GET /cormun/servlet/solicitudotadjuntos?80fb79e41789a665783ae05d60383e43aed5779a1ecc3891606e220d05f5efbf39ae989d84a380ef1f6e5f3c591a005c,gx-no-cache=1742557362362 HTTP/1.1" 200 30
190.95.67.95 - - [21/Mar/2025:08:40:56 -0300] "POST /cormun/servlet/solicitudotadjuntos?60c2cd06bd3eb30aab7b676714a3dd9e,INS,2025,22204,,1,,gx-no-cache=1742557362382 HTTP/1.1" 200 3871
190.95.67.95 - - [21/Mar/2025:08:41:01 -0300] "POST /cormun/servlet/solicitudotadjuntos?gx-no-cache=1742557366816 HTTP/1.1" 200 26
190.95.67.95 - - [21/Mar/2025:08:41:09 -0300] "GET /cormun/servlet/solicitudotadjuntos?80fb79e41789a665783ae05d60383e43b3d792c58c0c353dfa9e205a2e5c8fe0,gx-no-cache=1742557375513 HTTP/1.1" 200 30
190.95.67.95 - - [21/Mar/2025:08:41:09 -0300] "GET /cormun/servlet/solicitudotadjuntos?80fb79e41789a665783ae05d60383e43b3d792c58c0c353dfa9e205a2e5c8fe0,gx-no-cache=1742557375534 HTTP/1.1" 200 30
190.95.67.95 - - [21/Mar/2025:08:41:10 -0300] "POST /cormun/servlet/solicitudotadjuntos?60c2cd06bd3eb30aab7b676714a3dd9e,INS,2025,22204,,1, HTTP/1.1" 200 116
190.95.67.95 - - [21/Mar/2025:08:41:10 -0300] "GET /cormun/servlet/hpexe_return? HTTP/1.1" 200 1026
190.95.67.95 - - [21/Mar/2025:08:41:10 -0300] "GET /cormun/servlet/trsolicitudadjuntos?2025,22204, HTTP/1.1" 200 10453
91.208.206.203 - - [21/Mar/2025:08:41:20 -0300] "GET /manager/html HTTP/1.1" 401 2474
190.95.67.95 - - [21/Mar/2025:08:41:41 -0300] "GET /cormun/servlet/trsolicitudot? HTTP/1.1" 200 8654
190.95.67.95 - - [21/Mar/2025:08:41:45 -0300] "GET /cormun/servlet/solicitudot?INS,0,0,false, HTTP/1.1" 200 16012
190.95.15.9 - - [21/Mar/2025:08:42:13 -0300] "POST /cormun/servlet/solicitudot?gx-no-cache=1742557443717 HTTP/1.1" 200 4039
190.95.15.9 - - [21/Mar/2025:08:42:14 -0300] "POST /cormun/servlet/solicitudot?89a2b0ef5ba91866c66fde5624dc8e22,INS,0,0,false,,gx-no-cache=1742557443903 HTTP/1.1" 200 12901
190.95.15.9 - - [21/Mar/2025:08:42:16 -0300] "GET /cormun/servlet/solicitudot?69b795ed1915b0e8937b5ed242837d1365362dbe986056d2b0ef5dbecfda2583ed02d4602e5b8922ed2b92956e9a561a,gx-no-cache=1742557445926 HTTP/1.1" 200 30
104.244.78.110 - tomcat [21/Mar/2025:08:42:40 -0300] "GET /manager/html HTTP/1.1" 403 3196
190.95.15.27 - - [21/Mar/2025:08:43:04 -0300] "GET /cormun/servlet/trsolicitudot? HTTP/1.1" 200 7105
190.95.15.27 - - [21/Mar/2025:08:43:10 -0300] "POST /cormun/servlet/trsolicitudot?3593a68399ffd73e3c6ff41408d7df16,,gx-no-cache=1742557500848 HTTP/1.1" 200 9748
190.95.15.27 - - [21/Mar/2025:08:43:11 -0300] "GET /cormun//static/Resources/PXToolsGridDelete.png HTTP/1.1" 304 -
190.95.15.27 - - [21/Mar/2025:08:43:11 -0300] "GET /cormun//static/Resources/PXToolsGridUpdate.png HTTP/1.1" 304 -
104.244.78.110 - tomcat [21/Mar/2025:08:44:41 -0300] "GET /manager/html HTTP/1.1" 403 3196
190.95.15.9 - - [21/Mar/2025:08:44:52 -0300] "GET /cormun/servlet/prbanco?,MD,,gxPopupLevel%3D0%3B HTTP/1.1" 200 6602
190.95.15.9 - - [21/Mar/2025:08:44:58 -0300] "GET /cormun/servlet/solicitudot?69b795ed1915b0e8937b5ed242837d13940897f03eb45bd6f4fd8b7bbbc8fcddab0dd55ca7d5eb2bc01f416bff24e837f247b3a72b76229979ba5791db2de1ff,gx-no-cache=1742557608528 HTTP/1.1" 200 30
190.95.15.9 - - [21/Mar/2025:08:45:03 -0300] "GET /cormun/servlet/solicitudot?69b795ed1915b0e8937b5ed242837d1335e1e68054af71f8978d1f9747a41590,gx-no-cache=1742557612893 HTTP/1.1" 200 45
91.208.206.203 - - [21/Mar/2025:08:45:14 -0300] "GET /manager/html HTTP/1.1" 401 2474
190.95.67.91 - - [21/Mar/2025:08:45:39 -0300] "GET /cormun/servlet/trsolicitudot? HTTP/1.1" 200 6326
190.95.67.91 - - [21/Mar/2025:08:45:39 -0300] "GET /cormun/servlet/hlogin HTTP/1.1" 200 1739
190.95.67.91 - - [21/Mar/2025:08:45:48 -0300] "POST /cormun/servlet/hlogin?9eea9146a3560d01f0fce80974311e0a,gx-no-cache=1742557657703 HTTP/1.1" 200 90
190.95.67.91 - - [21/Mar/2025:08:45:48 -0300] "GET /cormun/servlet/hpexe_link HTTP/1.1" 200 957
190.95.67.91 - - [21/Mar/2025:08:45:48 -0300] "GET /cormun/servlet/trsolicitudot HTTP/1.1" 200 7272
190.95.67.91 - - [21/Mar/2025:08:45:51 -0300] "GET /cormun/servlet/solicitudot?INS,0,0,false, HTTP/1.1" 200 16218
201.186.225.193 - - [21/Mar/2025:08:46:26 -0300] "GET /cormun/servlet/hhome HTTP/1.1" 200 3325
201.186.225.193 - - [21/Mar/2025:08:46:27 -0300] "GET /cormun/servlet/hlogin HTTP/1.1" 200 1735
201.186.225.193 - - [21/Mar/2025:08:46:30 -0300] "POST /cormun/servlet/hlogin?96bca26070bb91a6a151899d7502a5a1,gx-no-cache=1742557699644 HTTP/1.1" 200 90
201.186.225.193 - - [21/Mar/2025:08:46:30 -0300] "GET /cormun/servlet/hpexe_link HTTP/1.1" 200 952
201.186.225.193 - - [21/Mar/2025:08:46:30 -0300] "GET /cormun/servlet/hhome HTTP/1.1" 200 4297
190.95.15.9 - - [21/Mar/2025:08:46:34 -0300] "POST /cormun/servlet/solicitudot?gx-no-cache=1742557703895 HTTP/1.1" 200 297
190.95.15.9 - - [21/Mar/2025:08:46:34 -0300] "GET /cormun/servlet/solicitudot?69b795ed1915b0e8937b5ed242837d13487f2a51aea3bc904e8c4b66947881fe7a8e222886f923df9cb11f9354102975fe1f41c0c349bdcb5423892f2a09aeb56c8b97e90b63e79d4898621add8243dd7e6767f84a57837d5ee2938513a287ebbd288571e089aebcf021bfc070f50aa1840d8bb5855f601d41479eac42b5a8da1005286c4118851a9b6d25e9756149e65471ff75f176495b99c996842481a114a89eb2b5a6f91f7aa489457aa6305da71560c951ca6a0c10233b70943acaecf8613d801d4a5193bde5f792972de439aa191b058ee00ca5afc60edc99c0f051ceb916d1f5a127a15a01bbe7baafff6d1acf419987dd93d14368d2086ffdecd85a869105735efc67b2937ec1eecf8a0dad0b5ba435ea1c8f4a26804c7c7c049c97ac6d068f14a69d57a5a2c0a01938bcf87b1a5608730d3ebfd6dcb045db1ae8ef7cc87ef5230ad65f9ab7b3badad403303d7a7991c2a701ea33ae1880e0cf7cc512e624b8d0325666cc81f3cee77132b7a281bc0111e74bd0068d79e6aea1c60fbd6ff865fb12199ae87c9d7ba3aac7d7,gx-no-cache=1742557703947 HTTP/1.1" 200 30
190.95.15.9 - - [21/Mar/2025:08:46:36 -0300] "POST /cormun/servlet/solicitudot?gx-no-cache=1742557706158 HTTP/1.1" 200 30
190.95.15.9 - - [21/Mar/2025:08:46:39 -0300] "POST /cormun/servlet/solicitudot?gx-no-cache=1742557708972 HTTP/1.1" 200 1479
190.95.15.9 - - [21/Mar/2025:08:46:39 -0300] "POST /cormun/servlet/solicitudot?gx-no-cache=1742557709037 HTTP/1.1" 200 38
201.186.225.193 - - [21/Mar/2025:08:46:39 -0300] "GET /cormun/servlet/trlicencias? HTTP/1.1" 200 11613
104.244.78.110 - tomcat [21/Mar/2025:08:46:42 -0300] "GET /manager/html HTTP/1.1" 403 3196
190.95.67.91 - - [21/Mar/2025:08:47:09 -0300] "POST /cormun/servlet/solicitudot?gx-no-cache=1742557739063 HTTP/1.1" 200 4039
190.95.67.91 - - [21/Mar/2025:08:47:09 -0300] "POST /cormun/servlet/solicitudot?9eea9146a3560d01f0fce80974311e0a,INS,0,0,false,,gx-no-cache=1742557739231 HTTP/1.1" 200 12891
190.95.67.91 - - [21/Mar/2025:08:47:14 -0300] "GET /cormun/servlet/solicitudot?9e7f290c5e7c38b367d4557b1235774bae35e038ee7d35bb15965d7fffcb0b1017d239b2173ccbf3866889088fb9c7e2,gx-no-cache=1742557743633 HTTP/1.1" 200 111
190.95.67.91 - - [21/Mar/2025:08:47:14 -0300] "GET /cormun/static/Shared/jqueryui/images/ui-icons_82798d_256x240.png HTTP/1.1" 404 1089
190.95.67.91 - - [21/Mar/2025:08:47:14 -0300] "GET /cormun/static/Shared/jqueryui/images/ui-bg_highlight-soft_100_c6c2c8_1x100.png HTTP/1.1" 404 1117
190.95.67.91 - - [21/Mar/2025:08:47:14 -0300] "GET /cormun/static/Shared/jqueryui/images/ui-bg_flat_55_994d53_40x100.png HTTP/1.1" 404 1097
190.95.67.91 - - [21/Mar/2025:08:47:14 -0300] "GET /cormun/static/Shared/jqueryui/images/ui-icons_ebccce_256x240.png HTTP/1.1" 404 1089
190.95.67.91 - - [21/Mar/2025:08:47:24 -0300] "POST /cormun/servlet/solicitudot?gx-no-cache=1742557753686 HTTP/1.1" 200 4042
190.95.67.91 - - [21/Mar/2025:08:47:24 -0300] "POST /cormun/servlet/solicitudot?9eea9146a3560d01f0fce80974311e0a,INS,0,0,false,,gx-no-cache=1742557753777 HTTP/1.1" 200 12942
190.95.67.91 - - [21/Mar/2025:08:47:24 -0300] "GET /cormun/servlet/solicitudot?9e7f290c5e7c38b367d4557b1235774b2c71af0ea1c2fa6bf0ac27fe526f158f17d239b2173ccbf3866889088fb9c7e2,gx-no-cache=1742557753868 HTTP/1.1" 200 30
190.95.15.9 - - [21/Mar/2025:08:47:55 -0300] "GET /cormun/servlet/solicitudot?69b795ed1915b0e8937b5ed242837d13a816314132465a1be70d11c945f2dc01b52e92a79b4706265f4de8bd69d735a151f9730800c7d71fa6415ac5ed443b109cdec0c0aa870de2042747475a9c516d30547e79ff5e8b07b24199ab3699ec21289b7b123d16da7a072de264e46eb20d,gx-no-cache=1742557785526 HTTP/1.1" 200 110
190.95.67.91 - - [21/Mar/2025:08:48:23 -0300] "GET /cormun/servlet/solicitudot?9e7f290c5e7c38b367d4557b1235774beddd70fe146ffaaff62a1bd2c8fcc779,gx-no-cache=1742557812683 HTTP/1.1" 200 94
190.95.67.91 - - [21/Mar/2025:08:48:24 -0300] "GET /cormun/servlet/solicitudot?9e7f290c5e7c38b367d4557b1235774b5bae6a118fc79ba7ef74fde38506f722,gx-no-cache=1742557814384 HTTP/1.1" 200 53
190.95.67.91 - - [21/Mar/2025:08:48:37 -0300] "POST /cormun/servlet/solicitudot?gx-no-cache=1742557826479 HTTP/1.1" 200 240
190.95.67.91 - - [21/Mar/2025:08:48:39 -0300] "GET /cormun/servlet/solicitudot?9e7f290c5e7c38b367d4557b1235774b5926a3e740c97ceff43e5f0862373bdeebe79f0005e703877c37df298bc4451d92f617863ac1dd3bcbe4fc97332cf9bf34eb0b69c4eb96aab07c90d452b89f9c194fa045f412f52c1a4a92c0ef07b17ed90aa4b0417125b958c024a7ac083b9c311df8fe0e91974509ffe441e0a9681cf5eeb52755bdcecbb52d2d297ff0babc661f2d3c77f89e30d0c3387904b567f3d9ff0c22b03b4e927c5a6c6b6d46c7dc91fd0fa4c6f37c6ef96bc552af3bcd10bdd46ecbbff8e25305da3f6d9181974efb716a02d849f39edbb1d580f8ab24354d17e167319a71b86edcda2ca8874182099067a38d02aad58c6f371b073ebf8c7d78669cd48e55d534b2ff57dd8c3b662438de5525fc33cd71b23f997c45ad600b135c0eee3293e5c14368c39ce73866191b4daa13c21f49af57e50bd0d2136a18b3d6a5371c82ebeb18b3c87d1fa0246f752eddac8b71c6db7122dc51663373d1010c96ea81edee6bd658eb41f114cbc29040560afa75bb035fb22734a22bc3,gx-no-cache=1742557828424 HTTP/1.1" 200 30
190.95.67.91 - - [21/Mar/2025:08:48:40 -0300] "POST /cormun/servlet/solicitudot?gx-no-cache=1742557830319 HTTP/1.1" 200 30
104.244.78.110 - tomcat [21/Mar/2025:08:48:43 -0300] "GET /manager/html HTTP/1.1" 403 3196
190.95.67.91 - - [21/Mar/2025:08:48:48 -0300] "GET /cormun/servlet/prlicenciaspermisos?18039144,L,,MD,,gxPopupLevel%3D0%3B HTTP/1.1" 200 6227
190.95.67.91 - - [21/Mar/2025:08:48:50 -0300] "POST /cormun/servlet/solicitudot?gx-no-cache=1742557839487 HTTP/1.1" 200 1482
190.95.67.91 - - [21/Mar/2025:08:48:51 -0300] "POST /cormun/servlet/solicitudot?gx-no-cache=1742557841113 HTTP/1.1" 200 41
91.208.206.203 - - [21/Mar/2025:08:49:00 -0300] "GET /manager/html HTTP/1.1" 401 2474
190.95.67.91 - - [21/Mar/2025:08:49:03 -0300] "GET /cormun/servlet/solicitudot?9e7f290c5e7c38b367d4557b1235774b12a2b1ad797c49d81d225596897692fa1102707b5a50e9235b4731a5cbd593e82484882ddc02611b51e40494fe13aab8a33b3165d7bc093634b66a4042913eade6f940580f61250e1df1fb0e90806dbb67a51284719349438861f02ae9565c1a,gx-no-cache=1742557852435 HTTP/1.1" 200 110
190.95.67.99 - - [21/Mar/2025:08:49:19 -0300] "GET /cormun/servlet/trlicencias? HTTP/1.1" 200 10259
190.95.67.91 - - [21/Mar/2025:08:50:12 -0300] "POST /cormun/servlet/solicitudot?gx-no-cache=1742557921441 HTTP/1.1" 200 97
190.95.15.9 - - [21/Mar/2025:08:50:35 -0300] "POST /cormun/servlet/solicitudot?gx-no-cache=1742557945177 HTTP/1.1" 200 64
190.95.15.9 - - [21/Mar/2025:08:50:35 -0300] "GET /cormun/servlet/solicitudot?69b795ed1915b0e8937b5ed242837d138fee69ac70100f837b061c73a4515962d12a68a18641605e1f3222f91c8fdf824bfab714b4183b9d0242602df2f4760103a999f7962841efe60572880b482e1e1e3f2c2747e98d9197de1839e1df9cb8fd3f0df2df0401529a597221e5173a9a,gx-no-cache=1742557945234 HTTP/1.1" 200 29
190.95.15.9 - - [21/Mar/2025:08:50:35 -0300] "GET /cormun/servlet/solicitudot?69b795ed1915b0e8937b5ed242837d13862c23975839bd3d2dbea12e11d9cb07,gx-no-cache=1742557945261 HTTP/1.1" 200 30
190.95.15.9 - - [21/Mar/2025:08:50:35 -0300] "POST /cormun/servlet/solicitudot?gx-no-cache=1742557945285 HTTP/1.1" 200 30
190.95.15.9 - - [21/Mar/2025:08:50:35 -0300] "POST /cormun/servlet/solicitudot?89a2b0ef5ba91866c66fde5624dc8e22,INS,0,0,false,,gx-no-cache=1742557945316 HTTP/1.1" 200 13291
190.95.15.9 - - [21/Mar/2025:08:50:35 -0300] "GET /cormun/static/Shared/jqueryui/images/ui-bg_highlight-soft_100_c6c2c8_1x100.png HTTP/1.1" 404 1117
190.95.15.9 - - [21/Mar/2025:08:50:35 -0300] "GET /cormun/static/Shared/jqueryui/images/ui-icons_82798d_256x240.png HTTP/1.1" 404 1089
190.95.15.9 - - [21/Mar/2025:08:50:35 -0300] "GET /cormun/static/Shared/jqueryui/images/ui-bg_flat_55_994d53_40x100.png HTTP/1.1" 404 1097
190.95.15.9 - - [21/Mar/2025:08:50:35 -0300] "GET /cormun/static/Shared/jqueryui/images/ui-icons_ebccce_256x240.png HTTP/1.1" 404 1089
190.95.67.91 - - [21/Mar/2025:08:50:42 -0300] "POST /cormun/servlet/solicitudot?gx-no-cache=1742557952309 HTTP/1.1" 200 79
104.244.78.110 - tomcat [21/Mar/2025:08:50:44 -0300] "GET /manager/html HTTP/1.1" 403 3196
190.95.67.91 - - [21/Mar/2025:08:50:49 -0300] "POST /cormun/servlet/solicitudot?gx-no-cache=1742557958529 HTTP/1.1" 200 97
190.95.15.9 - - [21/Mar/2025:08:50:49 -0300] "GET /cormun/servlet/solicitudot?69b795ed1915b0e8937b5ed242837d13862c23975839bd3d2dbea12e11d9cb07,gx-no-cache=1742557959839 HTTP/1.1" 200 30
190.95.15.9 - - [21/Mar/2025:08:50:49 -0300] "POST /cormun/servlet/solicitudot?gx-no-cache=1742557959864 HTTP/1.1" 200 30
190.95.15.9 - - [21/Mar/2025:08:50:50 -0300] "POST /cormun/servlet/solicitudot?89a2b0ef5ba91866c66fde5624dc8e22,INS,0,0,false,,gx-no-cache=1742557959890 HTTP/1.1" 200 13481
190.95.15.9 - - [21/Mar/2025:08:50:52 -0300] "GET /cormun/static/menuarrow.gif HTTP/1.1" 404 1015
190.95.67.91 - - [21/Mar/2025:08:50:56 -0300] "GET /cormun/servlet/solicitudot?9e7f290c5e7c38b367d4557b1235774b1e17803955428507708c52b1f86ddbc1e3985f60df1a4d2dd16f85b244e1ead1ccc52659c6cc4b1ccfba9fa3923f224f6d118d5c24d375e6ba50a2250576bf3d64ccf9ae5d27461aca0dc39541e6ff195194d1817d206522db25b17b8f534f3d,gx-no-cache=1742557966303 HTTP/1.1" 200 29
190.95.67.91 - - [21/Mar/2025:08:50:56 -0300] "GET /cormun/static/menuarrow.gif HTTP/1.1" 404 1015
190.95.67.91 - - [21/Mar/2025:08:50:59 -0300] "GET /cormun/servlet/solicitudot?9e7f290c5e7c38b367d4557b1235774b17b8eb1ce3c1cbd58077420edb4eda4010f8403f623f74ba85549b8549f59f49,gx-no-cache=1742557968560 HTTP/1.1" 200 30
190.95.67.91 - - [21/Mar/2025:08:50:59 -0300] "POST /cormun/servlet/solicitudot?gx-no-cache=1742557968576 HTTP/1.1" 200 34
190.95.15.9 - - [21/Mar/2025:08:51:00 -0300] "GET /cormun/servlet/solicitudot?69b795ed1915b0e8937b5ed242837d1395a8869b0318e49b7a4c5aabac148e3607e797ede4d66876f83f46c6cd6df791,gx-no-cache=1742557970838 HTTP/1.1" 200 30
190.95.67.91 - - [21/Mar/2025:08:51:10 -0300] "POST /cormun/servlet/solicitudot?9eea9146a3560d01f0fce80974311e0a,INS,0,0,false,,gx-no-cache=1742557979784 HTTP/1.1" 200 13388
190.95.15.9 - - [21/Mar/2025:08:51:12 -0300] "POST /cormun/servlet/solicitudot?gx-no-cache=1742557982191 HTTP/1.1" 200 30
190.95.15.9 - - [21/Mar/2025:08:51:12 -0300] "POST /cormun/servlet/solicitudot?89a2b0ef5ba91866c66fde5624dc8e22,INS,0,0,false,,gx-no-cache=1742557982221 HTTP/1.1" 200 93
190.95.15.9 - - [21/Mar/2025:08:51:13 -0300] "GET /cormun/servlet/hpexe_return? HTTP/1.1" 200 1011
190.95.15.9 - - [21/Mar/2025:08:51:13 -0300] "GET /cormun/servlet/trsolicitudot HTTP/1.1" 200 8855
190.95.67.91 - - [21/Mar/2025:08:51:15 -0300] "POST /cormun/servlet/solicitudot?9eea9146a3560d01f0fce80974311e0a,INS,0,0,false,,gx-no-cache=1742557984279 HTTP/1.1" 200 13229
