190.95.1.185 - - [20/Mar/2025:08:05:41 -0300] "POST /cormun/servlet/solicitudotadjuntos?gx-no-cache=1742468854449 HTTP/1.1" 200 26
190.95.1.185 - - [20/Mar/2025:08:05:48 -0300] "GET /cormun/servlet/solicitudotadjuntos?16604744b3d3c18a4e4ee1dd9385b50b09331f3a25b66ca27acec4096f8908a4,gx-no-cache=1742468860704 HTTP/1.1" 200 30
190.95.1.185 - - [20/Mar/2025:08:05:48 -0300] "GET /cormun/servlet/solicitudotadjuntos?16604744b3d3c18a4e4ee1dd9385b50b09331f3a25b66ca27acec4096f8908a4,gx-no-cache=1742468860725 HTTP/1.1" 200 30
190.95.1.185 - - [20/Mar/2025:08:05:48 -0300] "POST /cormun/servlet/solicitudotadjuntos?55e35c9a301f08afff7b52204e46bf33,INS,2025,22180,,1, HTTP/1.1" 200 116
190.95.1.185 - - [20/Mar/2025:08:05:48 -0300] "GET /cormun/servlet/hpexe_return? HTTP/1.1" 200 1022
190.95.1.185 - - [20/Mar/2025:08:05:48 -0300] "GET /cormun/servlet/trsolicitudadjuntos?2025,22180, HTTP/1.1" 200 10643
190.95.1.185 - - [20/Mar/2025:08:05:50 -0300] "GET /cormun/servlet/solicitudotadjuntos?INS,2025,22180,,1, HTTP/1.1" 200 6518
190.95.1.185 - - [20/Mar/2025:08:05:50 -0300] "GET /cormun/static/about:blank HTTP/1.1" 404 1011
190.95.1.185 - - [20/Mar/2025:08:05:51 -0300] "GET /cormun/servlet/solicitudotadjuntos?16604744b3d3c18a4e4ee1dd9385b50b7ff624184ab99dd1d801cab0787ca663c4f626efa6df32407d51b04b850ff060,gx-no-cache=1742468863777 HTTP/1.1" 200 30
190.95.1.185 - - [20/Mar/2025:08:05:51 -0300] "POST /cormun/servlet/solicitudotadjuntos?55e35c9a301f08afff7b52204e46bf33,INS,2025,22180,,1,,gx-no-cache=1742468863793 HTTP/1.1" 200 4153
190.95.1.185 - - [20/Mar/2025:08:05:53 -0300] "POST /cormun/servlet/solicitudotadjuntos?gx-no-cache=1742468865873 HTTP/1.1" 200 26
190.95.1.185 - - [20/Mar/2025:08:05:59 -0300] "GET /cormun/servlet/solicitudotadjuntos?16604744b3d3c18a4e4ee1dd9385b50b09331f3a25b66ca27acec4096f8908a4,gx-no-cache=1742468871904 HTTP/1.1" 200 30
190.95.1.185 - - [20/Mar/2025:08:05:59 -0300] "GET /cormun/servlet/solicitudotadjuntos?16604744b3d3c18a4e4ee1dd9385b50b09331f3a25b66ca27acec4096f8908a4,gx-no-cache=1742468871918 HTTP/1.1" 200 30
190.95.1.185 - - [20/Mar/2025:08:05:59 -0300] "POST /cormun/servlet/solicitudotadjuntos?55e35c9a301f08afff7b52204e46bf33,INS,2025,22180,,1, HTTP/1.1" 200 116
190.95.1.185 - - [20/Mar/2025:08:05:59 -0300] "GET /cormun/servlet/hpexe_return? HTTP/1.1" 200 1022
190.95.1.185 - - [20/Mar/2025:08:06:00 -0300] "GET /cormun/servlet/trsolicitudadjuntos?2025,22180, HTTP/1.1" 200 10885
190.95.1.185 - - [20/Mar/2025:08:06:18 -0300] "GET /cormun/servlet/trsolicitudot? HTTP/1.1" 200 8953
190.95.1.185 - - [20/Mar/2025:08:06:21 -0300] "POST /cormun/servlet/trsolicitudot?55e35c9a301f08afff7b52204e46bf33,,gx-no-cache=1742468893731 HTTP/1.1" 200 4605
190.95.1.185 - - [20/Mar/2025:08:06:21 -0300] "POST /cormun/servlet/trsolicitudot?55e35c9a301f08afff7b52204e46bf33,,gx-no-cache=1742468893846 HTTP/1.1" 200 4365
66.249.66.1 - - [20/Mar/2025:08:06:24 -0300] "GET /robots.txt HTTP/1.1" 404 981
66.249.66.2 - - [20/Mar/2025:08:06:24 -0300] "GET /cormun/servlet/hlogin HTTP/1.1" 200 1725
190.95.1.185 - - [20/Mar/2025:08:06:27 -0300] "GET /cormun/servlet/trautorizarsolicitud? HTTP/1.1" 200 8970
190.95.1.185 - - [20/Mar/2025:08:06:27 -0300] "GET /cormun/static/gxcfg.js?202211298474254 HTTP/1.1" 200 953
190.95.1.185 - - [20/Mar/2025:08:06:27 -0300] "GET /cormun/static/trautorizarsolicitud.js?202211298474588 HTTP/1.1" 200 53909
190.95.1.185 - - [20/Mar/2025:08:06:33 -0300] "POST /cormun/servlet/trautorizarsolicitud?55e35c9a301f08afff7b52204e46bf33,,gx-no-cache=1742468905866 HTTP/1.1" 200 4789
190.95.1.185 - - [20/Mar/2025:08:06:33 -0300] "POST /cormun/servlet/trautorizarsolicitud?55e35c9a301f08afff7b52204e46bf33,,gx-no-cache=1742468905980 HTTP/1.1" 200 4547
190.95.67.93 - - [20/Mar/2025:08:08:04 -0300] "GET /cormun/servlet/trlicencias? HTTP/1.1" 200 6052
190.95.67.93 - - [20/Mar/2025:08:08:04 -0300] "GET /cormun/servlet/hlogin HTTP/1.1" 200 1735
190.95.67.93 - - [20/Mar/2025:08:08:08 -0300] "POST /cormun/servlet/hlogin?2dd67f2e97117c338ccfff2358a8403c,gx-no-cache=1742468997415 HTTP/1.1" 200 90
190.95.67.93 - - [20/Mar/2025:08:08:08 -0300] "GET /cormun/servlet/hpexe_link HTTP/1.1" 200 953
190.95.67.93 - - [20/Mar/2025:08:08:08 -0300] "GET /cormun/servlet/trlicencias HTTP/1.1" 200 10660
91.208.206.203 - - [20/Mar/2025:08:08:58 -0300] "GET /manager/html HTTP/1.1" 401 2474
107.175.77.206 - - [20/Mar/2025:08:09:35 -0300] "POST /tplus/ajaxpro/Ufida.T.CodeBehind._PriorityLevel,App_Code.ashx?method=GetStoreWarehouseByStore HTTP/1.1" 404 1083
190.95.15.15 - - [20/Mar/2025:08:12:06 -0300] "GET /cormun/servlet/hlogin HTTP/1.1" 200 1721
190.95.67.99 - - [20/Mar/2025:08:12:07 -0300] "GET /cormun/servlet/trpermisosgoce? HTTP/1.1" 200 9048
190.95.67.99 - - [20/Mar/2025:08:12:16 -0300] "GET /cormun/servlet/trpermisosadjuntos?9097127,20250319101648,P, HTTP/1.1" 200 6624
190.95.67.99 - - [20/Mar/2025:08:12:16 -0300] "GET /cormun/static/gxcfg.js?2020121641683 HTTP/1.1" 200 953
190.95.67.99 - - [20/Mar/2025:08:12:16 -0300] "GET /cormun/static/trpermisosadjuntos.js?2020121642996 HTTP/1.1" 200 20158
190.95.67.99 - - [20/Mar/2025:08:12:18 -0300] "GET /cormun/servlet/permisosadjuntos?INS,9097127,P,20250319101648,, HTTP/1.1" 200 5948
190.95.67.99 - - [20/Mar/2025:08:12:18 -0300] "GET /cormun/static/gxcfg.js?20201215134212 HTTP/1.1" 200 953
190.95.67.99 - - [20/Mar/2025:08:12:18 -0300] "GET /cormun/static/permisosadjuntos.js?20201215134285 HTTP/1.1" 200 8724
190.95.67.99 - - [20/Mar/2025:08:12:18 -0300] "GET /cormun/static/about:blank HTTP/1.1" 404 1011
190.95.15.15 - - [20/Mar/2025:08:12:26 -0300] "POST /cormun/servlet/hlogin?537d28a381fcacba02cb997ec3841911,gx-no-cache=1742469259203 HTTP/1.1" 200 90
190.95.15.15 - - [20/Mar/2025:08:12:26 -0300] "GET /cormun/servlet/hpexe_link HTTP/1.1" 200 952
190.95.15.15 - - [20/Mar/2025:08:12:27 -0300] "GET /cormun/servlet/hhome HTTP/1.1" 200 3976
190.95.15.15 - - [20/Mar/2025:08:12:29 -0300] "GET /cormun/servlet/trlicencias? HTTP/1.1" 200 11591
190.95.67.99 - - [20/Mar/2025:08:12:33 -0300] "POST /cormun/servlet/permisosadjuntos?f15dccdecd0e0b9451c5b661eaf253ea,INS,9097127,P,20250319101648,, HTTP/1.1" 200 116
190.95.67.99 - - [20/Mar/2025:08:12:34 -0300] "GET /cormun/servlet/hpexe_return? HTTP/1.1" 200 1037
190.95.67.99 - - [20/Mar/2025:08:12:34 -0300] "GET /cormun/servlet/trpermisosadjuntos?9097127,20250319101648,P, HTTP/1.1" 200 7146
190.95.15.15 - - [20/Mar/2025:08:12:39 -0300] "GET /cormun/servlet/trsolicitudot? HTTP/1.1" 200 7190
190.95.15.15 - - [20/Mar/2025:08:12:45 -0300] "GET /cormun/servlet/trlicencias? HTTP/1.1" 200 11590
190.95.67.99 - - [20/Mar/2025:08:12:46 -0300] "POST /cormun/servlet/trpermisosadjuntos?f15dccdecd0e0b9451c5b661eaf253ea,9097127,20250319101648,P,,gx-no-cache=1742469277930 HTTP/1.1" 200 90
190.95.67.99 - - [20/Mar/2025:08:12:46 -0300] "GET /cormun/servlet/hpexe_link HTTP/1.1" 200 983
190.95.67.99 - - [20/Mar/2025:08:12:46 -0300] "GET /cormun/servlet/trpermisosgoce HTTP/1.1" 200 9049
190.95.67.99 - - [20/Mar/2025:08:12:52 -0300] "POST /cormun/servlet/trpermisosgoce?f15dccdecd0e0b9451c5b661eaf253ea,gx-no-cache=1742469283187 HTTP/1.1" 200 6288
190.95.67.99 - - [20/Mar/2025:08:12:52 -0300] "GET /cormun/static/Shared/jqueryui/images/ui-icons_8d78a5_256x240.png HTTP/1.1" 404 1089
190.95.67.99 - - [20/Mar/2025:08:12:52 -0300] "GET /cormun/static/Shared/jqueryui/images/ui-bg_flat_55_fafafa_40x100.png HTTP/1.1" 404 1097
190.95.67.99 - - [20/Mar/2025:08:12:52 -0300] "GET /cormun/static/Shared/jqueryui/images/ui-bg_highlight-soft_100_c6c2c8_1x100.png HTTP/1.1" 404 1117
190.95.67.99 - - [20/Mar/2025:08:12:52 -0300] "GET /cormun/static/Shared/jqueryui/images/ui-icons_82798d_256x240.png HTTP/1.1" 404 1089
190.95.67.99 - - [20/Mar/2025:08:12:54 -0300] "GET /cormun/servlet/trpermisosadjuntos?13720292,20250313081418,P, HTTP/1.1" 200 6625
190.95.67.99 - - [20/Mar/2025:08:12:56 -0300] "GET /cormun/servlet/permisosadjuntos?INS,13720292,P,20250313081418,, HTTP/1.1" 200 5947
190.95.67.99 - - [20/Mar/2025:08:12:57 -0300] "GET /cormun/static/about:blank HTTP/1.1" 404 1011
201.186.225.249 - - [20/Mar/2025:08:12:59 -0300] "GET /cormun/servlet/hlogin HTTP/1.1" 200 1720
190.95.67.99 - - [20/Mar/2025:08:13:02 -0300] "POST /cormun/servlet/permisosadjuntos?f15dccdecd0e0b9451c5b661eaf253ea,INS,13720292,P,20250313081418,, HTTP/1.1" 200 116
190.95.67.99 - - [20/Mar/2025:08:13:02 -0300] "GET /cormun/servlet/hpexe_return? HTTP/1.1" 200 1037
190.95.67.99 - - [20/Mar/2025:08:13:02 -0300] "GET /cormun/servlet/trpermisosadjuntos?13720292,20250313081418,P, HTTP/1.1" 200 7145
190.95.67.99 - - [20/Mar/2025:08:13:05 -0300] "POST /cormun/servlet/trpermisosadjuntos?f15dccdecd0e0b9451c5b661eaf253ea,13720292,20250313081418,P,,gx-no-cache=1742469296522 HTTP/1.1" 200 90
190.95.67.99 - - [20/Mar/2025:08:13:05 -0300] "GET /cormun/servlet/hpexe_link HTTP/1.1" 200 1004
190.95.67.99 - - [20/Mar/2025:08:13:05 -0300] "GET /cormun/servlet/trpermisosgoce?gx-no-cache=1742469283187 HTTP/1.1" 200 9059
190.95.67.99 - - [20/Mar/2025:08:13:08 -0300] "POST /cormun/servlet/trpermisosgoce?f15dccdecd0e0b9451c5b661eaf253ea,gx-no-cache=1742469283187,gx-no-cache=1742469299602 HTTP/1.1" 200 6290
201.186.225.249 - - [20/Mar/2025:08:13:09 -0300] "POST /cormun/servlet/hlogin?849da7bd1f68222d21a5f787b49af8e8,gx-no-cache=1742469300706 HTTP/1.1" 200 90
201.186.225.249 - - [20/Mar/2025:08:13:09 -0300] "GET /cormun/servlet/hpexe_link HTTP/1.1" 200 953
201.186.225.249 - - [20/Mar/2025:08:13:09 -0300] "GET /cormun/servlet/hhome HTTP/1.1" 200 4303
190.95.67.99 - - [20/Mar/2025:08:13:11 -0300] "GET /cormun/servlet/trpermisosadjuntos?9097127,20250313085759,P, HTTP/1.1" 200 6646
201.186.225.249 - - [20/Mar/2025:08:13:12 -0300] "GET /cormun/servlet/trsolicitudot? HTTP/1.1" 200 9341
91.208.206.203 - - [20/Mar/2025:08:13:13 -0300] "GET /manager/html HTTP/1.1" 401 2474
190.95.67.99 - - [20/Mar/2025:08:13:13 -0300] "GET /cormun/servlet/permisosadjuntos?INS,9097127,P,20250313085759,, HTTP/1.1" 200 5948
190.95.67.99 - - [20/Mar/2025:08:13:13 -0300] "GET /cormun/static/about:blank HTTP/1.1" 404 1011
190.95.15.13 - - [20/Mar/2025:08:13:16 -0300] "GET /cormun/servlet/hlogin HTTP/1.1" 200 1739
190.95.67.99 - - [20/Mar/2025:08:13:21 -0300] "POST /cormun/servlet/permisosadjuntos?f15dccdecd0e0b9451c5b661eaf253ea,INS,9097127,P,20250313085759,, HTTP/1.1" 200 116
201.186.225.249 - - [20/Mar/2025:08:13:21 -0300] "POST /cormun/servlet/trsolicitudot?849da7bd1f68222d21a5f787b49af8e8,,gx-no-cache=1742469313164 HTTP/1.1" 200 107
190.95.67.99 - - [20/Mar/2025:08:13:21 -0300] "GET /cormun/servlet/hpexe_return? HTTP/1.1" 200 1037
201.186.225.249 - - [20/Mar/2025:08:13:21 -0300] "GET /cormun/servlet/trsolicitudadjuntos?2025,22189, HTTP/1.1" 200 6406
190.95.67.99 - - [20/Mar/2025:08:13:21 -0300] "GET /cormun/servlet/trpermisosadjuntos?9097127,20250313085759,P, HTTP/1.1" 200 7144
201.186.225.249 - - [20/Mar/2025:08:13:23 -0300] "GET /cormun/servlet/solicitudotadjuntos?INS,2025,22189,,1, HTTP/1.1" 200 6355
201.186.225.249 - - [20/Mar/2025:08:13:23 -0300] "GET /cormun/static/about:blank HTTP/1.1" 404 1011
201.186.225.249 - - [20/Mar/2025:08:13:24 -0300] "GET /cormun/servlet/solicitudotadjuntos?29dc0afd3a79f931a8d587abac4f7ca66477ed38b49d579951260e237558f11dd4db79520db0dae40bf5e05e9f1bb6fb,gx-no-cache=1742469315756 HTTP/1.1" 200 30
201.186.225.249 - - [20/Mar/2025:08:13:24 -0300] "POST /cormun/servlet/solicitudotadjuntos?849da7bd1f68222d21a5f787b49af8e8,INS,2025,22189,,1,,gx-no-cache=1742469315778 HTTP/1.1" 200 4196
201.186.225.249 - - [20/Mar/2025:08:13:25 -0300] "POST /cormun/servlet/solicitudotadjuntos?gx-no-cache=1742469317339 HTTP/1.1" 200 26
190.95.67.99 - - [20/Mar/2025:08:13:27 -0300] "POST /cormun/servlet/trpermisosadjuntos?f15dccdecd0e0b9451c5b661eaf253ea,9097127,20250313085759,P,,gx-no-cache=1742469319034 HTTP/1.1" 200 90
190.95.67.99 - - [20/Mar/2025:08:13:27 -0300] "GET /cormun/servlet/hpexe_link HTTP/1.1" 200 1004
190.95.67.99 - - [20/Mar/2025:08:13:27 -0300] "GET /cormun/servlet/trpermisosgoce?gx-no-cache=1742469283187 HTTP/1.1" 200 9057
190.95.15.13 - - [20/Mar/2025:08:13:29 -0300] "POST /cormun/servlet/hlogin?b770ec5d457526824e79dc711054e62d,gx-no-cache=1742469319942 HTTP/1.1" 200 90
190.95.15.13 - - [20/Mar/2025:08:13:29 -0300] "GET /cormun/servlet/hpexe_link HTTP/1.1" 200 952
190.95.15.13 - - [20/Mar/2025:08:13:29 -0300] "GET /cormun/servlet/hhome HTTP/1.1" 200 3941
190.95.15.13 - - [20/Mar/2025:08:13:33 -0300] "GET /cormun/servlet/trpermisosgoce? HTTP/1.1" 200 8912
190.95.67.99 - - [20/Mar/2025:08:13:34 -0300] "POST /cormun/servlet/trpermisosgoce?f15dccdecd0e0b9451c5b661eaf253ea,gx-no-cache=1742469283187,gx-no-cache=1742469325346 HTTP/1.1" 200 6284
190.95.67.99 - - [20/Mar/2025:08:13:37 -0300] "GET /cormun/servlet/trpermisosadjuntos?10411509,20250313081156,P, HTTP/1.1" 200 6648
190.95.67.99 - - [20/Mar/2025:08:13:39 -0300] "GET /cormun/servlet/permisosadjuntos?INS,10411509,P,20250313081156,, HTTP/1.1" 200 5951
190.95.67.99 - - [20/Mar/2025:08:13:39 -0300] "GET /cormun/static/about:blank HTTP/1.1" 404 1011
201.186.225.249 - - [20/Mar/2025:08:13:45 -0300] "GET /cormun/servlet/solicitudotadjuntos?29dc0afd3a79f931a8d587abac4f7ca659a2c2bb619ff0ee841a7308f59431eb,gx-no-cache=1742469337312 HTTP/1.1" 200 30
201.186.225.249 - - [20/Mar/2025:08:13:45 -0300] "GET /cormun/servlet/solicitudotadjuntos?29dc0afd3a79f931a8d587abac4f7ca659a2c2bb619ff0ee841a7308f59431eb,gx-no-cache=1742469337328 HTTP/1.1" 200 30
201.186.225.249 - - [20/Mar/2025:08:13:45 -0300] "POST /cormun/servlet/solicitudotadjuntos?849da7bd1f68222d21a5f787b49af8e8,INS,2025,22189,,1, HTTP/1.1" 200 6724
201.186.225.249 - - [20/Mar/2025:08:13:45 -0300] "GET /cormun/static/Shared/jqueryui/images/ui-bg_highlight-soft_100_c6c2c8_1x100.png HTTP/1.1" 404 1117
201.186.225.249 - - [20/Mar/2025:08:13:45 -0300] "GET /cormun/static/Shared/jqueryui/images/ui-icons_82798d_256x240.png HTTP/1.1" 404 1089
201.186.225.249 - - [20/Mar/2025:08:13:45 -0300] "GET /cormun/static/Shared/jqueryui/images/ui-icons_ebccce_256x240.png HTTP/1.1" 404 1089
201.186.225.249 - - [20/Mar/2025:08:13:45 -0300] "GET /cormun/static/Shared/jqueryui/images/ui-bg_flat_55_994d53_40x100.png HTTP/1.1" 404 1097
201.186.225.249 - - [20/Mar/2025:08:13:46 -0300] "GET /cormun/PrivateTempStorage/upload_00003923.jpg HTTP/1.1" 200 233030
190.95.67.99 - - [20/Mar/2025:08:13:47 -0300] "POST /cormun/servlet/permisosadjuntos?f15dccdecd0e0b9451c5b661eaf253ea,INS,10411509,P,20250313081156,, HTTP/1.1" 200 116
190.95.67.99 - - [20/Mar/2025:08:13:47 -0300] "GET /cormun/servlet/hpexe_return? HTTP/1.1" 200 1037
190.95.67.99 - - [20/Mar/2025:08:13:47 -0300] "GET /cormun/servlet/trpermisosadjuntos?10411509,20250313081156,P, HTTP/1.1" 200 7149
190.95.67.99 - - [20/Mar/2025:08:13:49 -0300] "POST /cormun/servlet/trpermisosadjuntos?f15dccdecd0e0b9451c5b661eaf253ea,10411509,20250313081156,P,,gx-no-cache=1742469340850 HTTP/1.1" 200 90
190.95.67.99 - - [20/Mar/2025:08:13:49 -0300] "GET /cormun/servlet/hpexe_link HTTP/1.1" 200 1004
190.95.67.99 - - [20/Mar/2025:08:13:49 -0300] "GET /cormun/servlet/trpermisosgoce?gx-no-cache=1742469283187 HTTP/1.1" 200 9049
190.95.67.99 - - [20/Mar/2025:08:13:53 -0300] "POST /cormun/servlet/trpermisosgoce?f15dccdecd0e0b9451c5b661eaf253ea,gx-no-cache=1742469283187,gx-no-cache=1742469344274 HTTP/1.1" 200 6277
201.186.225.249 - - [20/Mar/2025:08:14:01 -0300] "POST /cormun/servlet/solicitudotadjuntos?gx-no-cache=1742469352687 HTTP/1.1" 200 26
190.95.67.99 - - [20/Mar/2025:08:14:06 -0300] "GET /cormun/servlet/trautorizarpermisogoce? HTTP/1.1" 200 8680
190.95.67.99 - - [20/Mar/2025:08:14:06 -0300] "GET /cormun/static/gxcfg.js?2020121645532 HTTP/1.1" 200 953
190.95.67.99 - - [20/Mar/2025:08:14:06 -0300] "GET /cormun/static/trautorizarpermisogoce.js?2020121651492 HTTP/1.1" 200 34948
190.95.67.99 - - [20/Mar/2025:08:14:09 -0300] "POST /cormun/servlet/trautorizarpermisogoce?f15dccdecd0e0b9451c5b661eaf253ea,,gx-no-cache=1742469360842 HTTP/1.1" 200 5753
190.95.67.99 - - [20/Mar/2025:08:14:10 -0300] "POST /cormun/servlet/trautorizarpermisogoce?f15dccdecd0e0b9451c5b661eaf253ea,,gx-no-cache=1742469361625 HTTP/1.1" 200 5535
190.95.67.99 - - [20/Mar/2025:08:14:11 -0300] "POST /cormun/servlet/trautorizarpermisogoce?f15dccdecd0e0b9451c5b661eaf253ea,,gx-no-cache=1742469362385 HTTP/1.1" 200 5289
190.95.67.99 - - [20/Mar/2025:08:14:11 -0300] "POST /cormun/servlet/trautorizarpermisogoce?f15dccdecd0e0b9451c5b661eaf253ea,,gx-no-cache=1742469363121 HTTP/1.1" 200 4535
190.95.67.99 - - [20/Mar/2025:08:14:15 -0300] "GET /cormun/servlet/trpermisosgoce? HTTP/1.1" 200 9044
190.95.67.99 - - [20/Mar/2025:08:16:17 -0300] "GET /cormun/servlet/permisogoce?INS,0,,, HTTP/1.1" 200 7199
190.95.67.99 - - [20/Mar/2025:08:16:36 -0300] "GET /cormun/servlet/permisogoce?17a45ae23c1af4ef56e43e8db70c16b6a8b067e5e87c781ee27175123061469a27d9c8c9e54466608c4e95c7ecd5d3f69f2bce98b83d1eec382edb6005a0877d,gx-no-cache=1742469507580 HTTP/1.1" 200 79
190.95.67.99 - - [20/Mar/2025:08:16:45 -0300] "GET /cormun/servlet/permisogoce?17a45ae23c1af4ef56e43e8db70c16b6f1eee5c0382f4b1a2af1d58fd082026bf1ef060342c20b32183fcae03f6af10dc67b54875ab417318c55f92e5034d2f9,gx-no-cache=1742469516370 HTTP/1.1" 200 47
190.95.67.99 - - [20/Mar/2025:08:16:55 -0300] "POST /cormun/servlet/permisogoce?f15dccdecd0e0b9451c5b661eaf253ea,INS,0,,,,gx-no-cache=1742469526307 HTTP/1.1" 200 93
190.95.67.99 - - [20/Mar/2025:08:16:55 -0300] "GET /cormun/servlet/hpexe_return? HTTP/1.1" 200 1010
190.95.67.99 - - [20/Mar/2025:08:16:55 -0300] "GET /cormun/servlet/trpermisosgoce HTTP/1.1" 200 9296
190.95.67.99 - - [20/Mar/2025:08:16:59 -0300] "GET /cormun/servlet/apermisogoceprn?12572811,P,20250320081830,PU HTTP/1.1" 200 1665
91.208.206.203 - - [20/Mar/2025:08:17:06 -0300] "GET /manager/html HTTP/1.1" 401 2474
201.186.225.249 - - [20/Mar/2025:08:17:07 -0300] "GET /cormun/servlet/hlogin HTTP/1.1" 200 1720
201.186.225.249 - - [20/Mar/2025:08:17:18 -0300] "POST /cormun/servlet/hlogin?849da7bd1f68222d21a5f787b49af8e8,gx-no-cache=1742469549521 HTTP/1.1" 200 90
201.186.225.249 - - [20/Mar/2025:08:17:18 -0300] "GET /cormun/servlet/hpexe_link HTTP/1.1" 200 979
201.186.225.249 - - [20/Mar/2025:08:17:18 -0300] "GET /cormun/servlet/solicitudotadjuntos?INS,2025,22189,,1, HTTP/1.1" 200 6348
201.186.225.249 - - [20/Mar/2025:08:17:18 -0300] "GET /cormun/static/about:blank HTTP/1.1" 404 1011
201.186.225.249 - - [20/Mar/2025:08:17:18 -0300] "GET /cormun/servlet/solicitudotadjuntos?29dc0afd3a79f931a8d587abac4f7ca66477ed38b49d579951260e237558f11dd4db79520db0dae40bf5e05e9f1bb6fb,gx-no-cache=1742469550250 HTTP/1.1" 200 30
201.186.225.249 - - [20/Mar/2025:08:17:18 -0300] "POST /cormun/servlet/solicitudotadjuntos?849da7bd1f68222d21a5f787b49af8e8,INS,2025,22189,,1,,gx-no-cache=1742469550270 HTTP/1.1" 200 4185
201.186.225.249 - - [20/Mar/2025:08:17:22 -0300] "POST /cormun/servlet/solicitudotadjuntos?gx-no-cache=1742469553933 HTTP/1.1" 200 26
201.186.225.249 - - [20/Mar/2025:08:17:26 -0300] "GET /cormun/servlet/solicitudotadjuntos?29dc0afd3a79f931a8d587abac4f7ca659a2c2bb619ff0ee841a7308f59431eb,gx-no-cache=1742469557793 HTTP/1.1" 200 30
201.186.225.249 - - [20/Mar/2025:08:17:26 -0300] "GET /cormun/servlet/solicitudotadjuntos?29dc0afd3a79f931a8d587abac4f7ca659a2c2bb619ff0ee841a7308f59431eb,gx-no-cache=1742469557808 HTTP/1.1" 200 30
201.186.225.249 - - [20/Mar/2025:08:17:26 -0300] "POST /cormun/servlet/solicitudotadjuntos?849da7bd1f68222d21a5f787b49af8e8,INS,2025,22189,,1, HTTP/1.1" 200 6713
201.186.225.249 - - [20/Mar/2025:08:17:26 -0300] "GET /cormun/static/Shared/jqueryui/images/ui-bg_highlight-soft_100_c6c2c8_1x100.png HTTP/1.1" 404 1117
201.186.225.249 - - [20/Mar/2025:08:17:26 -0300] "GET /cormun/static/Shared/jqueryui/images/ui-icons_82798d_256x240.png HTTP/1.1" 404 1089
201.186.225.249 - - [20/Mar/2025:08:17:26 -0300] "GET /cormun/static/Shared/jqueryui/images/ui-icons_ebccce_256x240.png HTTP/1.1" 404 1089
201.186.225.249 - - [20/Mar/2025:08:17:26 -0300] "GET /cormun/static/Shared/jqueryui/images/ui-bg_flat_55_994d53_40x100.png HTTP/1.1" 404 1097
201.186.225.249 - - [20/Mar/2025:08:17:26 -0300] "GET /cormun/PrivateTempStorage/upload_00003940.jpg HTTP/1.1" 200 233030
200.126.116.145 - - [20/Mar/2025:08:19:25 -0300] "GET /cormun/servlet/hlogin HTTP/1.1" 200 1716
200.126.116.145 - - [20/Mar/2025:08:19:37 -0300] "POST /cormun/servlet/hlogin?5ae28d155a42b44199b43ca5af918b9d,gx-no-cache=1742469690241 HTTP/1.1" 200 90
200.126.116.145 - - [20/Mar/2025:08:19:37 -0300] "GET /cormun/servlet/hpexe_link HTTP/1.1" 200 948
200.126.116.145 - - [20/Mar/2025:08:19:37 -0300] "GET /cormun/servlet/hhome HTTP/1.1" 200 4324
200.126.116.145 - - [20/Mar/2025:08:19:40 -0300] "GET /cormun/servlet/trlicencias? HTTP/1.1" 200 13866
91.208.206.203 - - [20/Mar/2025:08:20:59 -0300] "GET /manager/html HTTP/1.1" 401 2474
179.57.78.71 - - [20/Mar/2025:08:21:26 -0300] "GET /cormun/servlet/hhome HTTP/1.1" 200 3326
179.57.78.71 - - [20/Mar/2025:08:21:26 -0300] "GET /cormun/servlet/hlogin HTTP/1.1" 200 1739
179.57.78.71 - - [20/Mar/2025:08:21:29 -0300] "POST /cormun/servlet/hlogin?eb65f67859e6c08baf692960777fb6aa,gx-no-cache=1742469800037 HTTP/1.1" 200 90
179.57.78.71 - - [20/Mar/2025:08:21:29 -0300] "GET /cormun/servlet/hpexe_link HTTP/1.1" 200 955
179.57.78.71 - - [20/Mar/2025:08:21:30 -0300] "GET /cormun/servlet/hhome HTTP/1.1" 200 4211
179.57.78.71 - - [20/Mar/2025:08:21:34 -0300] "GET /cormun/servlet/trlicencias? HTTP/1.1" 200 9943
179.57.78.71 - - [20/Mar/2025:08:21:34 -0300] "GET /cormun//static/Resources/PXToolsGridDisplay.png HTTP/1.1" 304 -
179.57.78.71 - - [20/Mar/2025:08:21:34 -0300] "GET /cormun//static/Resources/PXToolsActionDisabled.gif HTTP/1.1" 304 -
179.57.78.71 - - [20/Mar/2025:08:21:34 -0300] "GET /cormun//static/Resources/PXToolsHeaderHelp.png HTTP/1.1" 304 -
91.208.206.203 - - [20/Mar/2025:08:24:55 -0300] "GET /manager/html HTTP/1.1" 401 2474
190.95.15.9 - - [20/Mar/2025:08:26:07 -0300] "GET /cormun/servlet/hlogin HTTP/1.1" 200 1721
190.95.15.9 - - [20/Mar/2025:08:26:10 -0300] "POST /cormun/servlet/hlogin?cd6f7b5b1740ca36bfe53357cd515c81,gx-no-cache=1742470081403 HTTP/1.1" 200 90
190.95.15.9 - - [20/Mar/2025:08:26:10 -0300] "GET /cormun/servlet/hpexe_link HTTP/1.1" 200 951
190.95.15.9 - - [20/Mar/2025:08:26:11 -0300] "GET /cormun/servlet/hhome HTTP/1.1" 200 4209
190.95.15.9 - - [20/Mar/2025:08:26:21 -0300] "GET /cormun/servlet/trsolicitudot? HTTP/1.1" 200 8838
190.95.15.9 - - [20/Mar/2025:08:26:32 -0300] "GET /cormun/servlet/trautorizarsolicitud? HTTP/1.1" 200 10077
190.95.1.183 - - [20/Mar/2025:08:27:39 -0300] "POST /cormun/servlet/trlicencias?16a77010068ebe75661d1ca593a304fe,,gx-no-cache=1742470164643 HTTP/1.1" 440 972
190.95.15.9 - - [20/Mar/2025:08:28:33 -0300] "GET /cormun/servlet/trautorizarsolicitud? HTTP/1.1" 200 6222
190.95.15.9 - - [20/Mar/2025:08:28:34 -0300] "GET /cormun/servlet/hlogin HTTP/1.1" 200 1742
190.95.15.9 - - [20/Mar/2025:08:28:55 -0300] "POST /cormun/servlet/hlogin?0a4295ab06633f952c6bd309edf25dc9,gx-no-cache=1742470246518 HTTP/1.1" 200 90
190.95.15.9 - - [20/Mar/2025:08:28:55 -0300] "GET /cormun/servlet/hpexe_link HTTP/1.1" 200 964
190.95.15.9 - - [20/Mar/2025:08:28:55 -0300] "GET /cormun/servlet/trautorizarsolicitud HTTP/1.1" 200 9940
91.208.206.203 - - [20/Mar/2025:08:28:57 -0300] "GET /manager/html HTTP/1.1" 401 2474
190.95.15.9 - - [20/Mar/2025:08:29:06 -0300] "GET /cormun/servlet/trlicencias? HTTP/1.1" 200 11733
148.113.193.79 - - [20/Mar/2025:08:29:54 -0300] "GET / HTTP/1.1" 200 11217
190.95.67.99 - - [20/Mar/2025:08:31:15 -0300] "GET /cormun/servlet/trcontratosolicitud? HTTP/1.1" 200 13103
91.208.206.203 - - [20/Mar/2025:08:32:55 -0300] "GET /manager/html HTTP/1.1" 401 2474
190.95.15.15 - - [20/Mar/2025:08:34:54 -0300] "GET /cormun/servlet/trlicencias? HTTP/1.1" 200 11590
91.208.206.203 - - [20/Mar/2025:08:36:49 -0300] "GET /manager/html HTTP/1.1" 401 2474
190.95.67.97 - - [20/Mar/2025:08:36:57 -0300] "GET /cormun/servlet/trpermisosgoce? HTTP/1.1" 200 6025
190.95.67.97 - - [20/Mar/2025:08:36:58 -0300] "GET /cormun/servlet/hlogin HTTP/1.1" 200 1732
190.95.67.97 - - [20/Mar/2025:08:37:03 -0300] "POST /cormun/servlet/hlogin?11a58c6fac294fd94106e1c8232fc870,gx-no-cache=1742470738437 HTTP/1.1" 200 444
190.95.67.97 - - [20/Mar/2025:08:37:06 -0300] "POST /cormun/servlet/hlogin?11a58c6fac294fd94106e1c8232fc870,gx-no-cache=1742470741533 HTTP/1.1" 200 90
190.95.67.97 - - [20/Mar/2025:08:37:06 -0300] "GET /cormun/servlet/hpexe_link HTTP/1.1" 200 950
190.95.67.97 - - [20/Mar/2025:08:37:07 -0300] "GET /cormun/servlet/trpermisosgoce HTTP/1.1" 200 8450
190.95.67.97 - - [20/Mar/2025:08:39:28 -0300] "POST /cormun/servlet/trpermisosgoce?11a58c6fac294fd94106e1c8232fc870,gx-no-cache=1742470882620 HTTP/1.1" 200 5476
190.95.67.97 - - [20/Mar/2025:08:39:28 -0300] "POST /cormun/servlet/trpermisosgoce?11a58c6fac294fd94106e1c8232fc870,gx-no-cache=1742470882867 HTTP/1.1" 200 5456
91.208.206.203 - - [20/Mar/2025:08:40:44 -0300] "GET /manager/html HTTP/1.1" 401 2474
190.95.67.97 - - [20/Mar/2025:08:41:00 -0300] "GET /cormun/servlet/permisogoce?INS,0,,, HTTP/1.1" 200 6714
190.95.67.97 - - [20/Mar/2025:08:42:33 -0300] "GET /cormun/servlet/permisogoce?1f7935550b98c0a94ded3ae52f205ce777c081dfc3b3a7e80d885432b5f91ca52874d2a1e506b1b1057ee61aefa6f5042aa7f82d95a97e4bbea5a8f405c1f039,gx-no-cache=1742471067959 HTTP/1.1" 200 73
190.95.67.97 - - [20/Mar/2025:08:42:35 -0300] "GET /cormun/static/menuarrow.gif HTTP/1.1" 404 1015
190.95.67.97 - - [20/Mar/2025:08:42:39 -0300] "GET /cormun/servlet/permisogoce?1f7935550b98c0a94ded3ae52f205ce747dd605d1c67dc1cd8a434993cf86e9ebc5c98aae6f93c5a8eb73e1c33e0f99a0695175128d8b8fd2b1ed3a2e9ca6bbc,gx-no-cache=1742471074003 HTTP/1.1" 200 47
190.95.67.97 - - [20/Mar/2025:08:42:41 -0300] "POST /cormun/servlet/permisogoce?11a58c6fac294fd94106e1c8232fc870,INS,0,,,,gx-no-cache=1742471076069 HTTP/1.1" 200 93
190.95.67.97 - - [20/Mar/2025:08:42:41 -0300] "GET /cormun/servlet/hpexe_return? HTTP/1.1" 200 1025
190.95.67.97 - - [20/Mar/2025:08:42:41 -0300] "GET /cormun/servlet/trpermisosgoce?gx-no-cache=1742470882867 HTTP/1.1" 200 8419
190.95.67.97 - - [20/Mar/2025:08:42:44 -0300] "POST /cormun/servlet/trpermisosgoce?11a58c6fac294fd94106e1c8232fc870,gx-no-cache=1742470882867,gx-no-cache=1742471078735 HTTP/1.1" 200 5723
190.95.67.97 - - [20/Mar/2025:08:42:44 -0300] "GET /cormun/static/Shared/jqueryui/images/ui-bg_highlight-soft_100_c6c2c8_1x100.png HTTP/1.1" 404 1117
190.95.67.97 - - [20/Mar/2025:08:42:44 -0300] "GET /cormun/static/Shared/jqueryui/images/ui-icons_82798d_256x240.png HTTP/1.1" 404 1089
190.95.67.97 - - [20/Mar/2025:08:42:44 -0300] "GET /cormun/static/Shared/jqueryui/images/ui-bg_flat_55_fafafa_40x100.png HTTP/1.1" 404 1097
190.95.67.97 - - [20/Mar/2025:08:42:44 -0300] "GET /cormun/static/Shared/jqueryui/images/ui-icons_8d78a5_256x240.png HTTP/1.1" 404 1089
190.95.67.97 - - [20/Mar/2025:08:42:45 -0300] "GET /cormun/servlet/apermisogoceprn?7838254,P,20250320084312,PU HTTP/1.1" 200 1661
190.95.67.97 - - [20/Mar/2025:08:43:26 -0300] "GET /cormun/servlet/permisogoce?INS,0,,, HTTP/1.1" 200 6738
190.95.67.97 - - [20/Mar/2025:08:43:41 -0300] "GET /cormun/servlet/permisogoce?1f7935550b98c0a94ded3ae52f205ce789de4eaf460c2e33cbe7e1929240dea137a6ef5ac90163f2b7919a078a192fd70e86d5abbf35a2c1e6fdaa28a9ab5ea3,gx-no-cache=1742471136448 HTTP/1.1" 200 81
190.95.67.97 - - [20/Mar/2025:08:43:51 -0300] "GET /cormun/servlet/permisogoce?1f7935550b98c0a94ded3ae52f205ce7837517460e7e8e0b4060fdf87a4730da3def556caec785205cbaf03ffbd5d589cd357ac164938f0aebd844e92ae1ef2c,gx-no-cache=1742471146197 HTTP/1.1" 200 47
190.95.15.9 - - [20/Mar/2025:08:44:31 -0300] "GET /cormun/servlet/trsolicitudot? HTTP/1.1" 200 8836
190.95.15.9 - - [20/Mar/2025:08:44:35 -0300] "GET /cormun/servlet/solicitudot?INS,0,0,false, HTTP/1.1" 200 16210
91.208.206.203 - - [20/Mar/2025:08:44:40 -0300] "GET /manager/html HTTP/1.1" 401 2474
190.95.67.97 - - [20/Mar/2025:08:44:41 -0300] "POST /cormun/servlet/permisogoce?11a58c6fac294fd94106e1c8232fc870,INS,0,,,,gx-no-cache=1742471196263 HTTP/1.1" 200 93
190.95.67.97 - - [20/Mar/2025:08:44:41 -0300] "GET /cormun/servlet/hpexe_return? HTTP/1.1" 200 1025
190.95.67.97 - - [20/Mar/2025:08:44:42 -0300] "GET /cormun/servlet/trpermisosgoce?gx-no-cache=1742470882867 HTTP/1.1" 200 8642
190.95.67.97 - - [20/Mar/2025:08:44:45 -0300] "GET /cormun/servlet/apermisogoceprn?14247766,P,20250320084538,PU HTTP/1.1" 200 1664
190.95.15.9 - - [20/Mar/2025:08:45:22 -0300] "POST /cormun/servlet/solicitudot?gx-no-cache=1742471232517 HTTP/1.1" 200 4046
190.95.15.9 - - [20/Mar/2025:08:45:22 -0300] "POST /cormun/servlet/solicitudot?cd6f7b5b1740ca36bfe53357cd515c81,INS,0,0,false,,gx-no-cache=1742471232666 HTTP/1.1" 200 12899
190.95.15.9 - - [20/Mar/2025:08:45:26 -0300] "GET /cormun/servlet/solicitudot?8a4fa2172688c2449a635793740eb4699fecee70690c042f917b0d91619f4ec02f6adf83a00f1e69deac777b519093ed,gx-no-cache=1742471237377 HTTP/1.1" 200 30
190.95.2.163 - - [20/Mar/2025:08:45:39 -0300] "GET /cormun/servlet/hlogin HTTP/1.1" 200 1722
190.95.2.163 - - [20/Mar/2025:08:45:40 -0300] "GET /cormun/servlet/hlogin HTTP/1.1" 200 1733
190.95.2.163 - - [20/Mar/2025:08:45:51 -0300] "POST /cormun/servlet/hlogin?d99bdba379b820561953c118c496802c,gx-no-cache=1742471263513 HTTP/1.1" 200 90
190.95.2.163 - - [20/Mar/2025:08:45:51 -0300] "GET /cormun/servlet/hpexe_link HTTP/1.1" 200 953
190.95.2.163 - - [20/Mar/2025:08:45:52 -0300] "GET /cormun/servlet/hhome HTTP/1.1" 200 3997
190.95.2.163 - - [20/Mar/2025:08:45:59 -0300] "GET /cormun/servlet/trsolicitudot? HTTP/1.1" 200 7214
190.95.2.163 - - [20/Mar/2025:08:46:03 -0300] "GET /cormun/servlet/solicitudot?INS,0,0,false, HTTP/1.1" 200 15994
190.95.2.163 - - [20/Mar/2025:08:46:19 -0300] "POST /cormun/servlet/solicitudot?gx-no-cache=1742471291022 HTTP/1.1" 200 4039
190.95.2.163 - - [20/Mar/2025:08:46:19 -0300] "POST /cormun/servlet/solicitudot?d99bdba379b820561953c118c496802c,INS,0,0,false,,gx-no-cache=1742471291168 HTTP/1.1" 200 12612
190.95.2.163 - - [20/Mar/2025:08:46:23 -0300] "GET /cormun/servlet/solicitudot?ac0969610a2ca288b28699efb6948de2175aa09199f72411560c8cd844908bca8b4aac4ea6b1114bcfaf4fee7b4821d0,gx-no-cache=1742471295481 HTTP/1.1" 200 30
190.95.2.163 - - [20/Mar/2025:08:48:09 -0300] "GET /cormun/servlet/prbanco?,MD,,gxPopupLevel%3D0%3B HTTP/1.1" 200 6660
190.95.2.163 - - [20/Mar/2025:08:48:19 -0300] "GET /cormun/servlet/solicitudot?ac0969610a2ca288b28699efb6948de25acf908e013f94f64b5cd5ed81a64cec833070af25192cff287663b729828f3d748e1b6353cacdd87bd9ea3599a5c80a,gx-no-cache=1742471411370 HTTP/1.1" 200 30
190.95.2.163 - - [20/Mar/2025:08:48:22 -0300] "GET /cormun/servlet/solicitudot?ac0969610a2ca288b28699efb6948de26d3e65ae44136ac68b24a00394585b2b,gx-no-cache=1742471414542 HTTP/1.1" 200 51
91.208.206.203 - - [20/Mar/2025:08:48:42 -0300] "GET /manager/html HTTP/1.1" 401 2474
190.95.2.163 - - [20/Mar/2025:08:49:02 -0300] "GET /cormun/servlet/prbanco?,MD,,gxPopupLevel%3D0%3B HTTP/1.1" 200 6660
190.95.2.163 - - [20/Mar/2025:08:49:09 -0300] "POST /cormun/servlet/solicitudot?d99bdba379b820561953c118c496802c,INS,0,0,false,,gx-no-cache=1742471461347 HTTP/1.1" 200 12825
190.95.2.163 - - [20/Mar/2025:08:49:09 -0300] "GET /cormun/static/Shared/jqueryui/images/ui-icons_82798d_256x240.png HTTP/1.1" 404 1089
190.95.2.163 - - [20/Mar/2025:08:49:09 -0300] "GET /cormun/static/Shared/jqueryui/images/ui-bg_flat_55_fafafa_40x100.png HTTP/1.1" 404 1097
190.95.2.163 - - [20/Mar/2025:08:49:09 -0300] "GET /cormun/static/Shared/jqueryui/images/ui-icons_8d78a5_256x240.png HTTP/1.1" 404 1089
190.95.2.163 - - [20/Mar/2025:08:49:09 -0300] "GET /cormun/static/Shared/jqueryui/images/ui-bg_highlight-soft_100_c6c2c8_1x100.png HTTP/1.1" 404 1117
190.95.2.163 - - [20/Mar/2025:08:49:22 -0300] "GET /cormun/servlet/solicitudot?ac0969610a2ca288b28699efb6948de25acf908e013f94f64b5cd5ed81a64cec833070af25192cff287663b729828f3d6cd450264f83910916e85473f5b13517,gx-no-cache=1742471474122 HTTP/1.1" 200 30
190.95.2.163 - - [20/Mar/2025:08:49:22 -0300] "GET /cormun/servlet/solicitudot?ac0969610a2ca288b28699efb6948de2cf04fc49fc76b8bb6cce989b0454e08ada0a014b3449b9fea0ee834813b32827fafdcf2845b763ae38d02ad88f82c01c,gx-no-cache=1742471474158 HTTP/1.1" 200 53
190.95.2.163 - - [20/Mar/2025:08:49:22 -0300] "POST /cormun/servlet/solicitudot?gx-no-cache=1742471474184 HTTP/1.1" 200 297
190.95.2.163 - - [20/Mar/2025:08:49:22 -0300] "GET /cormun/servlet/solicitudot?ac0969610a2ca288b28699efb6948de2b714b91a17e066520054ca9ad063621d4695e03108df999cc78c959a3005ac7daf47ed3a9336123d21cdccda4aaa6272e23db7fd62bda9c012096458e8f46b7c0b0212c88de50f59c10eac8228234ab59fdc0529aa94c46b9c26c9494228c8152eb0e8154557bb4e6a237b3a9df0c34a99f4a9cae8fcd4f52871094b37e78a4373834fe1cae047bf746cee2f9d361d3765479516b527b50000c570038db63ab992fcaf41134a029e4daa8fe858dfedb83054f935ccd203cff34eacaf09fb30c3e03090738d109cbcb3760b4a1787426a53413e96d493d6e4b8d74d0ad23a47c942b1691c3ea3aa5f50f986c110c4046e4ad0bed4a1ec29ecf51b884d0dcf20bb2ea503202ad1e14b2134241691880abd1938259838da89bd10a738a6088cfd8881ec599038ae76728761eb7e53c06dc668ebd5380e463127e157d024e5a829e36c562ca9e06e4177009650f83a65edc68d5ce74d8a3455efa6944165cbe0ea040e27d84b70600e6d342ea1e70ff9e796135ff578e9fd6f793d916f31d196f2e0,gx-no-cache=1742471474210 HTTP/1.1" 200 30
190.95.2.163 - - [20/Mar/2025:08:49:36 -0300] "POST /cormun/servlet/solicitudot?gx-no-cache=1742471487790 HTTP/1.1" 200 30
190.95.2.163 - - [20/Mar/2025:08:49:39 -0300] "POST /cormun/servlet/solicitudot?gx-no-cache=1742471491094 HTTP/1.1" 200 1479
190.95.2.163 - - [20/Mar/2025:08:49:39 -0300] "POST /cormun/servlet/solicitudot?gx-no-cache=1742471491117 HTTP/1.1" 200 38
190.95.15.13 - - [20/Mar/2025:08:51:07 -0300] "GET /cormun/servlet/hlogin HTTP/1.1" 200 1730
190.95.2.163 - - [20/Mar/2025:08:51:12 -0300] "GET /cormun/servlet/solicitudot?ac0969610a2ca288b28699efb6948de2480b1318e133be5ccc62924f71605bbbd952a2e90f3251ef8d47345cccb41a3bbf721ab829f38d7b5b96ff9930dfc15b7bcb7144a2d50fa27e836872e6d2c9f7220f9cb9aef3188f3f2dccb385946a20f336e5b1d02bfbed46a835cdd76bb589,gx-no-cache=1742471583689 HTTP/1.1" 200 110
181.43.226.125 - - [20/Mar/2025:08:51:15 -0300] "-" 400 -
181.43.226.125 - - [20/Mar/2025:08:51:15 -0300] "-" 400 -
190.95.2.163 - - [20/Mar/2025:08:51:22 -0300] "POST /cormun/servlet/solicitudot?gx-no-cache=1742471593973 HTTP/1.1" 200 64
190.95.2.163 - - [20/Mar/2025:08:51:31 -0300] "GET /cormun/servlet/solicitudot?ac0969610a2ca288b28699efb6948de23b95e258153b88acdb5161b920527d1661e8ed7357aa12a0d7aec7980ced5da3e087127dd2c6dea58814febc4af8f6e2d014c22c7ec1c11e4063f3d737c3313138a25fe63f2df452c0caa5f96ae093f5762519a4709334c94b36d59fd7db7357,gx-no-cache=1742471603187 HTTP/1.1" 200 29
190.95.2.163 - - [20/Mar/2025:08:51:31 -0300] "GET /cormun/static/menuarrow.gif HTTP/1.1" 404 1015
190.95.2.163 - - [20/Mar/2025:08:51:55 -0300] "GET /cormun/servlet/solicitudot?ac0969610a2ca288b28699efb6948de2ea7afeaf84de98d3aae9b77c9f4b549e49365cfe38a07d25e54437a506ad4bbc,gx-no-cache=1742471627392 HTTP/1.1" 200 30
190.95.2.163 - - [20/Mar/2025:08:52:07 -0300] "POST /cormun/servlet/solicitudot?gx-no-cache=1742471638932 HTTP/1.1" 200 30
190.95.2.163 - - [20/Mar/2025:08:52:12 -0300] "POST /cormun/servlet/solicitudot?d99bdba379b820561953c118c496802c,INS,0,0,false,,gx-no-cache=1742471643818 HTTP/1.1" 200 93
190.95.2.163 - - [20/Mar/2025:08:52:12 -0300] "GET /cormun/servlet/hpexe_return? HTTP/1.1" 200 1011
190.95.2.163 - - [20/Mar/2025:08:52:13 -0300] "GET /cormun/servlet/trsolicitudot HTTP/1.1" 200 8634
190.95.1.183 - - [20/Mar/2025:08:52:16 -0300] "GET /cormun/servlet/trcontratoobservacion? HTTP/1.1" 200 5296
190.95.1.183 - - [20/Mar/2025:08:52:16 -0300] "GET /cormun/static/gxcfg.js?2022112984808 HTTP/1.1" 200 953
190.95.1.183 - - [20/Mar/2025:08:52:17 -0300] "GET /cormun/static/trcontratoobservacion.js?20221129848151 HTTP/1.1" 200 25148
190.95.1.183 - - [20/Mar/2025:08:52:17 -0300] "GET /cormun/servlet/hlogin HTTP/1.1" 200 1733
129.222.173.48 - - [20/Mar/2025:08:52:17 -0300] "GET /cormun/servlet/hlogin HTTP/1.1" 200 1716
129.222.173.48 - - [20/Mar/2025:08:52:17 -0300] "GET /cormun/servlet/hlogin HTTP/1.1" 200 1727
129.222.173.48 - - [20/Mar/2025:08:52:24 -0300] "POST /cormun/servlet/hlogin?a86eed146f5f7278be2901735d9b76e5,gx-no-cache=1742471655463 HTTP/1.1" 200 90
129.222.173.48 - - [20/Mar/2025:08:52:25 -0300] "GET /cormun/servlet/hpexe_link HTTP/1.1" 200 950
129.222.173.48 - - [20/Mar/2025:08:52:25 -0300] "GET /cormun/servlet/hhome HTTP/1.1" 200 4289
129.222.173.48 - - [20/Mar/2025:08:52:28 -0300] "GET /cormun/servlet/trautorizarsolicitud? HTTP/1.1" 200 7404
129.222.173.48 - - [20/Mar/2025:08:52:33 -0300] "GET /cormun/servlet/hlogin HTTP/1.1" 200 1741
190.95.1.183 - - [20/Mar/2025:08:52:38 -0300] "POST /cormun/servlet/hlogin?ee2a41ef3d691c7d58ebd0183d196788,gx-no-cache=1742471671306 HTTP/1.1" 200 90
190.95.1.183 - - [20/Mar/2025:08:52:38 -0300] "GET /cormun/servlet/hpexe_link HTTP/1.1" 200 953
190.95.1.183 - - [20/Mar/2025:08:52:39 -0300] "GET /cormun/servlet/trcontratoobservacion HTTP/1.1" 200 8874
91.208.206.203 - - [20/Mar/2025:08:52:40 -0300] "GET /manager/html HTTP/1.1" 401 2474
190.95.1.183 - - [20/Mar/2025:08:52:45 -0300] "GET /cormun/servlet/trsolicitudot? HTTP/1.1" 200 7181
190.95.1.183 - - [20/Mar/2025:08:52:57 -0300] "GET /cormun/servlet/trcontratoobservacion? HTTP/1.1" 200 8873
190.95.1.183 - - [20/Mar/2025:08:52:57 -0300] "GET /cormun/servlet/trvisualizadoreventos? HTTP/1.1" 200 6711
190.95.15.9 - - [20/Mar/2025:08:53:08 -0300] "GET /cormun/servlet/prbanco?,MD,,gxPopupLevel%3D0%3B HTTP/1.1" 200 6596
190.95.15.9 - - [20/Mar/2025:08:53:15 -0300] "GET /cormun/servlet/solicitudot?8a4fa2172688c2449a635793740eb46914d288c772d0fb5b32fb81aee4416c2c382a09837c27f204156570e75352717e1bcb0d57347ea45fa4f1bc730c8c4428,gx-no-cache=1742471705879 HTTP/1.1" 200 30
190.95.15.9 - - [20/Mar/2025:08:53:23 -0300] "GET /cormun/servlet/solicitudot?8a4fa2172688c2449a635793740eb46934ed5b42479c44ab587a90a278d2b850,gx-no-cache=1742471713971 HTTP/1.1" 200 60
190.95.67.93 - - [20/Mar/2025:08:53:24 -0300] "ÝÙšÓ oXqp¨gô«Xè­òÅ1ÙÆŠ¢žSt# " 400 -
190.95.67.93 - - [20/Mar/2025:08:53:24 -0300] "½¹¿r1œ¡~¢TÇbM­ªa'&£2¿Ù£ž¿-̛èfx`t ÆÙ.d¦„|iªj͋‘|FÇezäR3` ћ„™H£ êêÀ+À/À,À0̨̩ÀÀœ/5Pjj ÿ+ÚÚþ º¡ ÷%CÀ'XÝ$ôØ\?$P“oċ.Sc" 400 -
190.95.67.93 - - [20/Mar/2025:08:53:24 -0300] "GET /cormun/servlet/hlogin HTTP/1.1" 200 1716
190.95.67.93 - - [20/Mar/2025:08:53:24 -0300] "GET /cormun/static/gxtimezone.js?85251 HTTP/1.1" 200 5781
190.95.67.93 - - [20/Mar/2025:08:53:24 -0300] "GET /cormun/static/gxcfg.js?2022112219184450 HTTP/1.1" 200 953
190.95.67.93 - - [20/Mar/2025:08:53:24 -0300] "GET /cormun/static/Resources/Spanish/PXTools.css?1759030 HTTP/1.1" 200 100853
190.95.67.93 - - [20/Mar/2025:08:53:24 -0300] "GET /cormun/static/Resources/CormunLogin.png HTTP/1.1" 200 19132
190.95.67.93 - - [20/Mar/2025:08:53:24 -0300] "GET /cormun/static/messages.spa.js?85251 HTTP/1.1" 200 30736
190.95.67.93 - - [20/Mar/2025:08:53:24 -0300] "GET /cormun/static/hlogin.js?2022112219184458 HTTP/1.1" 200 2156
190.95.67.93 - - [20/Mar/2025:08:53:24 -0300] "GET /cormun/static/gxgral.js?85251 HTTP/1.1" 200 384558
190.95.67.93 - - [20/Mar/2025:08:53:24 -0300] "GET /cormun/static/Resources/PXToolsLoginTop.png HTTP/1.1" 200 1337
190.95.67.93 - - [20/Mar/2025:08:53:24 -0300] "GET /cormun/static/Resources/PXToolsButtonLeft.png HTTP/1.1" 200 1310
190.95.67.93 - - [20/Mar/2025:08:53:24 -0300] "GET /cormun/static/Resources/PXToolsLoginBackground.png HTTP/1.1" 200 1164
190.95.67.93 - - [20/Mar/2025:08:53:24 -0300] "GET /cormun/static/Resources/PXToolsButtonRight.png HTTP/1.1" 200 1294
190.95.67.93 - - [20/Mar/2025:08:53:24 -0300] "GET /cormun/static/Resources/PXToolsLoginBottom.png HTTP/1.1" 200 1389
190.95.67.93 - - [20/Mar/2025:08:53:24 -0300] "GET /cormun/static/Resources/PXToolsButtonBackground.png HTTP/1.1" 200 1176
190.95.67.93 - - [20/Mar/2025:08:53:24 -0300] "GET /cormun/static/Resources/indicator.gif HTTP/1.1" 200 1553
190.95.67.93 - - [20/Mar/2025:08:53:24 -0300] "GET /cormun/servlet/hlogin HTTP/1.1" 200 1726
190.95.67.93 - - [20/Mar/2025:08:53:24 -0300] "GET /favicon.ico HTTP/1.1" 200 21630
190.95.15.9 - - [20/Mar/2025:08:53:42 -0300] "POST /cormun/servlet/solicitudot?gx-no-cache=1742471732869 HTTP/1.1" 200 255
190.95.15.9 - - [20/Mar/2025:08:53:44 -0300] "GET /cormun/servlet/solicitudot?8a4fa2172688c2449a635793740eb469a8a04bc4a0fcfa35bfd6408e0842b33bd9b0e58979dd009f061a6f1dd651828242c23741545ff3de184b2915eaa4d4d90702c519b03671c7043b0acf6511df3752753b7904aad6118f386dbff0640dbe366b6cd2d537b41046abe5327ab395eddc8a3ff4f0814bfc4738708dc28cb39cfb6490e946e8e1d2aa08c1cece543b984c4e19b1fca6632d7ea50a6b9db38d818c0d22272819887953bae87ce721b446b686924792f7d97b6eb89585ae59e855e942ea179674ec33ca664bdf47c026cfbbd819fd9696ad593fe7bc9d1fab40163904b9a7ee07195169f7f2483c1d4ce32de1a287988c4e5fe1f3c9d02ceddbe0f8e6ecaab5f029818e1967920cb83b655f8e57b6cfccb66a24681e523cdb9ae3a8bb2984e8efea3c0d9121fd23a0e2bcde7b29d787819dd3dd542f72a9ef84da464a5cfd124758680958ab7a1c37b4b086b459f273b0e169cb15d98fbcaebb304cc4611b8a8f7d5d24e1c5a155def26e594bdf934d939b4c3b7adc592fd0c2fd,gx-no-cache=1742471735454 HTTP/1.1" 200 30
190.95.15.9 - - [20/Mar/2025:08:54:07 -0300] "POST /cormun/servlet/solicitudot?gx-no-cache=1742471757639 HTTP/1.1" 200 30
190.95.15.9 - - [20/Mar/2025:08:54:07 -0300] "POST /cormun/servlet/solicitudot?gx-no-cache=1742471757702 HTTP/1.1" 200 1480
190.95.15.9 - - [20/Mar/2025:08:54:07 -0300] "POST /cormun/servlet/solicitudot?gx-no-cache=1742471757747 HTTP/1.1" 200 38
190.95.15.9 - - [20/Mar/2025:08:55:07 -0300] "GET /cormun/servlet/solicitudot?8a4fa2172688c2449a635793740eb469aa33eaae2a22d4d85ff279b237f0a2b4b39b5d40ef13127e70bc2757aeb05c0041b7c798dcbaf583dec1ceebedf7f0aca13b18a2e8bc78e060bf3d1304310dfaba7d38829ecaed14e4e185019f1089029734c05bbd691db0268dae9f07808561,gx-no-cache=1742471817848 HTTP/1.1" 200 110
190.95.67.93 - - [20/Mar/2025:08:55:25 -0300] "GET /cormun/servlet/hlogin HTTP/1.1" 200 1716
190.95.15.9 - - [20/Mar/2025:08:55:32 -0300] "POST /cormun/servlet/solicitudot?gx-no-cache=1742471842770 HTTP/1.1" 200 97
190.95.67.93 - - [20/Mar/2025:08:55:52 -0300] "GET /cormun/servlet/hlogin HTTP/1.1" 200 1723
190.95.67.93 - - [20/Mar/2025:08:55:52 -0300] "GET /cormun/static/gxtimezone.js?85251 HTTP/1.1" 200 5781
190.95.67.93 - - [20/Mar/2025:08:55:52 -0300] "GET /cormun/static/gxcfg.js?2022112219184450 HTTP/1.1" 200 953
190.95.67.93 - - [20/Mar/2025:08:55:52 -0300] "GET /cormun/static/Resources/CormunLogin.png HTTP/1.1" 200 19132
190.95.67.93 - - [20/Mar/2025:08:55:52 -0300] "GET /cormun/static/messages.spa.js?85251 HTTP/1.1" 200 30736
190.95.67.93 - - [20/Mar/2025:08:55:52 -0300] "GET /cormun/static/hlogin.js?2022112219184458 HTTP/1.1" 200 2156
190.95.67.93 - - [20/Mar/2025:08:55:52 -0300] "GET /cormun/static/Resources/Spanish/PXTools.css?1759030 HTTP/1.1" 200 100853
190.95.67.93 - - [20/Mar/2025:08:55:53 -0300] "GET /cormun/static/gxgral.js?85251 HTTP/1.1" 200 384558
190.95.67.93 - - [20/Mar/2025:08:55:53 -0300] "GET /cormun/static/Resources/PXToolsLoginTop.png HTTP/1.1" 200 1337
190.95.67.93 - - [20/Mar/2025:08:55:53 -0300] "GET /cormun/static/Resources/PXToolsLoginBackground.png HTTP/1.1" 200 1164
190.95.67.93 - - [20/Mar/2025:08:55:53 -0300] "GET /cormun/static/Resources/PXToolsButtonRight.png HTTP/1.1" 200 1294
190.95.67.93 - - [20/Mar/2025:08:55:53 -0300] "GET /cormun/static/Resources/PXToolsButtonBackground.png HTTP/1.1" 200 1176
190.95.67.93 - - [20/Mar/2025:08:55:53 -0300] "GET /cormun/static/Resources/PXToolsButtonLeft.png HTTP/1.1" 200 1310
190.95.67.93 - - [20/Mar/2025:08:55:53 -0300] "GET /cormun/static/Resources/PXToolsLoginBottom.png HTTP/1.1" 200 1389
190.95.67.93 - - [20/Mar/2025:08:55:53 -0300] "GET /cormun/static/Resources/indicator.gif HTTP/1.1" 200 1553
190.95.67.93 - - [20/Mar/2025:08:55:53 -0300] "GET /cormun/servlet/hlogin HTTP/1.1" 200 1734
190.95.67.93 - - [20/Mar/2025:08:55:53 -0300] "GET /favicon.ico HTTP/1.1" 200 21630
190.95.15.31 - - [20/Mar/2025:08:55:55 -0300] "GET /cormun/servlet/trlicencias? HTTP/1.1" 200 6051
190.95.15.31 - - [20/Mar/2025:08:56:02 -0300] "GET /cormun/servlet/hlogin HTTP/1.1" 200 1738
190.95.15.31 - - [20/Mar/2025:08:56:07 -0300] "POST /cormun/servlet/hlogin?8b5467a47fd64ab220f8d128e7a8af7d,gx-no-cache=1742471878555 HTTP/1.1" 200 90
190.95.15.31 - - [20/Mar/2025:08:56:07 -0300] "GET /cormun/servlet/hpexe_link HTTP/1.1" 200 956
190.95.15.31 - - [20/Mar/2025:08:56:08 -0300] "GET /cormun/servlet/trlicencias HTTP/1.1" 200 10752
190.95.15.31 - - [20/Mar/2025:08:56:14 -0300] "GET /cormun/servlet/trcontratosolicitud? HTTP/1.1" 200 14627
190.95.15.31 - - [20/Mar/2025:08:56:14 -0300] "GET /cormun/static/gxcfg.js?202211298514361 HTTP/1.1" 200 953
190.95.15.31 - - [20/Mar/2025:08:56:14 -0300] "GET /cormun/static/trcontratosolicitud.js?202211298514531 HTTP/1.1" 200 28237
190.95.15.31 - - [20/Mar/2025:08:56:14 -0300] "GET /cormun//static/Resources/PXToolsGridNew.png HTTP/1.1" 200 427
91.208.206.203 - - [20/Mar/2025:08:56:38 -0300] "GET /manager/html HTTP/1.1" 401 2474
129.222.173.48 - - [20/Mar/2025:08:56:39 -0300] "GET /cormun/servlet/hlogin HTTP/1.1" 200 1716
129.222.173.48 - - [20/Mar/2025:08:56:43 -0300] "POST /cormun/servlet/hlogin?a86eed146f5f7278be2901735d9b76e5,gx-no-cache=1742471913601 HTTP/1.1" 200 90
129.222.173.48 - - [20/Mar/2025:08:56:43 -0300] "GET /cormun/servlet/hpexe_link HTTP/1.1" 200 950
129.222.173.48 - - [20/Mar/2025:08:56:43 -0300] "GET /cormun/servlet/hhome HTTP/1.1" 200 3934
129.222.173.48 - - [20/Mar/2025:08:56:46 -0300] "GET /cormun/servlet/trlicencias? HTTP/1.1" 200 10984
129.222.173.48 - - [20/Mar/2025:08:57:08 -0300] "GET /cormun/servlet/hlogin HTTP/1.1" 200 1735
190.95.15.9 - - [20/Mar/2025:08:57:27 -0300] "POST /cormun/servlet/solicitudot?gx-no-cache=1742471957807 HTTP/1.1" 200 97
190.95.15.9 - - [20/Mar/2025:08:57:38 -0300] "POST /cormun/servlet/solicitudot?gx-no-cache=1742471969416 HTTP/1.1" 200 1480
190.95.15.9 - - [20/Mar/2025:08:57:38 -0300] "POST /cormun/servlet/solicitudot?gx-no-cache=1742471969474 HTTP/1.1" 200 38
190.95.15.9 - - [20/Mar/2025:08:57:39 -0300] "GET /cormun/servlet/solicitudot?8a4fa2172688c2449a635793740eb469aa33eaae2a22d4d85ff279b237f0a2b4b39b5d40ef13127e70bc2757aeb05c0041b7c798dcbaf583dec1ceebedf7f0aca13b18a2e8bc78e060bf3d1304310dfaba7d38829ecaed14e4e185019f1089029734c05bbd691db0268dae9f07808561,gx-no-cache=1742471969498 HTTP/1.1" 200 110
190.95.15.9 - - [20/Mar/2025:08:57:39 -0300] "POST /cormun/servlet/solicitudot?gx-no-cache=1742471969522 HTTP/1.1" 200 72
190.95.15.31 - - [20/Mar/2025:08:57:58 -0300] "GET /cormun/servlet/trlicencias? HTTP/1.1" 200 10750
190.95.67.93 - - [20/Mar/2025:08:58:41 -0300] "GET /cormun/servlet/hlogin HTTP/1.1" 200 1723
190.95.15.9 - - [20/Mar/2025:08:59:15 -0300] "POST /cormun/servlet/solicitudot?gx-no-cache=1742472065644 HTTP/1.1" 200 105
190.95.15.9 - - [20/Mar/2025:08:59:20 -0300] "POST /cormun/servlet/solicitudot?gx-no-cache=1742472071077 HTTP/1.1" 200 30
190.95.15.9 - - [20/Mar/2025:08:59:25 -0300] "POST /cormun/servlet/solicitudot?gx-no-cache=1742472075608 HTTP/1.1" 200 1480
190.95.15.9 - - [20/Mar/2025:08:59:25 -0300] "POST /cormun/servlet/solicitudot?gx-no-cache=1742472075666 HTTP/1.1" 200 38
190.95.15.9 - - [20/Mar/2025:08:59:25 -0300] "GET /cormun/servlet/solicitudot?8a4fa2172688c2449a635793740eb469aa33eaae2a22d4d85ff279b237f0a2b4b39b5d40ef13127e70bc2757aeb05c0041b7c798dcbaf583dec1ceebedf7f0aca13b18a2e8bc78e060bf3d1304310dfaba7d38829ecaed14e4e185019f1089029734c05bbd691db0268dae9f07808561,gx-no-cache=1742472075692 HTTP/1.1" 200 110
156.253.227.63 - - [20/Mar/2025:08:59:57 -0300] "CONNECT google.com:443 HTTP/1.1" 400 -
91.208.206.203 - - [20/Mar/2025:09:00:38 -0300] "GET /manager/html HTTP/1.1" 401 2474
190.95.15.9 - - [20/Mar/2025:09:01:44 -0300] "GET /cormun/servlet/solicitudot?8a4fa2172688c2449a635793740eb469aa33eaae2a22d4d85ff279b237f0a2b4b39b5d40ef13127e70bc2757aeb05c0041b7c798dcbaf583dec1ceebedf7f0aca13b18a2e8bc78e060bf3d1304310dfaba7d38829ecaed14e4e185019f1089029734c05bbd691db0268dae9f07808561,gx-no-cache=1742472215012 HTTP/1.1" 200 110
190.95.15.9 - - [20/Mar/2025:09:02:04 -0300] "POST /cormun/servlet/solicitudot?gx-no-cache=1742472235360 HTTP/1.1" 200 97
190.95.1.129 - - [20/Mar/2025:09:03:08 -0300] "GET /cormun/servlet/hlogin HTTP/1.1" 200 1717
190.95.1.129 - - [20/Mar/2025:09:03:16 -0300] "POST /cormun/servlet/hlogin?24c93516320208592b7da1626e053991,gx-no-cache=1742472307321 HTTP/1.1" 200 90
190.95.1.129 - - [20/Mar/2025:09:03:16 -0300] "GET /cormun/servlet/hpexe_link HTTP/1.1" 200 948
190.95.1.129 - - [20/Mar/2025:09:03:16 -0300] "GET /cormun/servlet/hhome HTTP/1.1" 200 4290
190.95.1.129 - - [20/Mar/2025:09:03:18 -0300] "GET /cormun/servlet/trlicencias? HTTP/1.1" 200 11902
190.95.67.93 - - [20/Mar/2025:09:03:33 -0300] "POST /cormun/servlet/hlogin?dc46330d1dadede1a68d6a5f47a4ccac,gx-no-cache=1742483074470 HTTP/1.1" 200 90
190.95.67.93 - - [20/Mar/2025:09:03:33 -0300] "GET /cormun/servlet/hpexe_link HTTP/1.1" 200 951
190.95.67.93 - - [20/Mar/2025:09:03:33 -0300] "GET /cormun/static/gxcfg.js?20221129847421 HTTP/1.1" 200 953
190.95.67.93 - - [20/Mar/2025:09:03:33 -0300] "GET /cormun/static/hpexe_link.js?20221129847423 HTTP/1.1" 200 625
190.95.67.93 - - [20/Mar/2025:09:03:33 -0300] "GET /cormun/static/Resources/Spanish/PXTools.css?8354383 HTTP/1.1" 200 100853
190.95.67.93 - - [20/Mar/2025:09:03:33 -0300] "GET /cormun/servlet/hhome HTTP/1.1" 200 4339
190.95.67.93 - - [20/Mar/2025:09:03:33 -0300] "GET /cormun/static/SmoothNavMenu/resources/ddsmoothmenu.css?1112540 HTTP/1.1" 200 2223
190.95.67.93 - - [20/Mar/2025:09:03:33 -0300] "GET /cormun/static/Resources/Spanish/PXTools.css?14345360 HTTP/1.1" 200 100853
190.95.67.93 - - [20/Mar/2025:09:03:33 -0300] "GET /cormun/static/Shared/jqueryui/jquery-ui.min.css?1345370 HTTP/1.1" 200 30288
190.95.67.93 - - [20/Mar/2025:09:03:33 -0300] "GET /cormun/static/gxcfg.js?20201215495537 HTTP/1.1" 200 953
190.95.67.93 - - [20/Mar/2025:09:03:33 -0300] "GET /cormun/static/scaMessage/css/jquery.pnotify.default.css?1816380 HTTP/1.1" 200 1707
190.95.67.93 - - [20/Mar/2025:09:03:33 -0300] "GET /cormun/static/SmoothNavMenu/resources/ddsmoothmenu-v.css?1112540 HTTP/1.1" 200 1188
