190.95.2.157 - - [20/Mar/2025:09:20:11 -0300] "POST /cormun/servlet/solicitudot?gx-no-cache=1742473322195 HTTP/1.1" 200 38
91.208.206.203 - - [20/Mar/2025:09:20:45 -0300] "GET /manager/html HTTP/1.1" 401 2474
190.95.2.157 - - [20/Mar/2025:09:20:53 -0300] "GET /cormun/servlet/solicitudot?c6dce76fbbb8332940e472f107eea01cb41feb4df7830e2f2b746f1026227f0fe5592a9991391436b98dad6dbcce071134ab6cb25319e4a93cbc6ce8fe7c05ac47b03db0b4ef25d193ce85b7d5e348ef60d8f174ccc41941c2dbc8fcc35bd5395e59d7b6a4881576026311cab467556a,gx-no-cache=1742473364582 HTTP/1.1" 200 110
190.95.2.157 - - [20/Mar/2025:09:21:20 -0300] "POST /cormun/servlet/solicitudot?gx-no-cache=1742473391500 HTTP/1.1" 200 83
190.95.2.157 - - [20/Mar/2025:09:21:30 -0300] "GET /cormun/servlet/solicitudot?c6dce76fbbb8332940e472f107eea01c6974f194ff039243da6c1b7530c558253c4c3c90e8433af953ecd8f9c3214ad5e7f9bd1dfccdbf8fc73873f6b40aa2f8d37e200292146c982edad85c5f9c217cbff33daf1fc442ffb7adfc6de376fd7df908475801fdc1b7bfa58a5df201d038,gx-no-cache=1742473401137 HTTP/1.1" 200 29
190.95.2.157 - - [20/Mar/2025:09:21:44 -0300] "GET /cormun/servlet/solicitudot?c6dce76fbbb8332940e472f107eea01ce3f4fa7d6fe9043adcb6d9c0c765cf50beb5371c4267cd668e167692d1a4495a,gx-no-cache=1742473415522 HTTP/1.1" 200 30
190.95.2.157 - - [20/Mar/2025:09:21:53 -0300] "POST /cormun/servlet/solicitudot?gx-no-cache=1742473423831 HTTP/1.1" 200 30
91.208.206.203 - - [20/Mar/2025:09:24:32 -0300] "GET /manager/html HTTP/1.1" 401 2474
190.95.2.157 - - [20/Mar/2025:09:24:46 -0300] "GET /cormun/servlet/trautorizarsolicitud? HTTP/1.1" 200 7437
190.95.2.157 - - [20/Mar/2025:09:24:57 -0300] "GET /cormun/servlet/trsolicitudot? HTTP/1.1" 200 8912
47.237.112.29 - - [20/Mar/2025:09:25:25 -0300] "GET / HTTP/1.0" 200 11197
47.237.112.29 - - [20/Mar/2025:09:25:26 -0300] "GET / HTTP/1.1" 200 11217
47.237.112.29 - - [20/Mar/2025:09:25:27 -0300] "GET /favicon.ico HTTP/1.1" 200 21630
47.237.112.29 - - [20/Mar/2025:09:25:27 -0300] "GET /favicon.ico HTTP/1.1" 200 21630
190.95.2.157 - - [20/Mar/2025:09:25:28 -0300] "POST /cormun/servlet/trsolicitudot?e48ebee41f5b074f1c6b65f0e5c8524b,,gx-no-cache=1742473638725 HTTP/1.1" 200 6238
190.95.2.157 - - [20/Mar/2025:09:25:28 -0300] "GET /cormun/static/Shared/jqueryui/images/ui-bg_flat_55_fafafa_40x100.png HTTP/1.1" 404 1097
190.95.2.157 - - [20/Mar/2025:09:25:28 -0300] "GET /cormun/static/Shared/jqueryui/images/ui-icons_8d78a5_256x240.png HTTP/1.1" 404 1089
190.95.2.157 - - [20/Mar/2025:09:26:21 -0300] "GET /cormun/servlet/trsolicitudot? HTTP/1.1" 200 8911
190.95.2.157 - - [20/Mar/2025:09:26:25 -0300] "GET /cormun/servlet/solicitudot?INS,0,0,false, HTTP/1.1" 200 16305
190.95.15.9 - - [20/Mar/2025:09:26:56 -0300] "GET /cormun/servlet/solicitudot?INS,0,0,false, HTTP/1.1" 200 16210
190.95.15.9 - - [20/Mar/2025:09:27:08 -0300] "POST /cormun/servlet/solicitudot?gx-no-cache=1742473738999 HTTP/1.1" 200 4183
190.95.15.9 - - [20/Mar/2025:09:27:08 -0300] "POST /cormun/servlet/solicitudot?cd6f7b5b1740ca36bfe53357cd515c81,INS,0,0,false,,gx-no-cache=1742473739183 HTTP/1.1" 200 13060
190.95.15.9 - - [20/Mar/2025:09:27:21 -0300] "GET /cormun/servlet/solicitudot?8a4fa2172688c2449a635793740eb4695099fcf03ba64053b9c97c00d259ee332f6adf83a00f1e69deac777b519093ed,gx-no-cache=1742473751707 HTTP/1.1" 200 30
190.95.15.9 - - [20/Mar/2025:09:27:21 -0300] "GET /cormun/servlet/solicitudot?8a4fa2172688c2449a635793740eb469ec38dd145929ef36f4ff67a81e23f59711ecd7111ffb26a726109c61f52d495a1bcb0d57347ea45fa4f1bc730c8c4428,gx-no-cache=1742473751755 HTTP/1.1" 200 30
190.95.15.9 - - [20/Mar/2025:09:27:21 -0300] "GET /cormun/servlet/solicitudot?8a4fa2172688c2449a635793740eb469643196ec75dd27d0e41e8cdb0a25ac8b,gx-no-cache=1742473751777 HTTP/1.1" 200 59
190.95.15.9 - - [20/Mar/2025:09:27:21 -0300] "POST /cormun/servlet/solicitudot?gx-no-cache=1742473751807 HTTP/1.1" 200 297
190.95.15.9 - - [20/Mar/2025:09:27:21 -0300] "GET /cormun/servlet/solicitudot?8a4fa2172688c2449a635793740eb469a8a04bc4a0fcfa35bfd6408e0842b33be574a7f26e6ba8b2e2bf3bad390bf2bc42c23741545ff3de184b2915eaa4d4d90702c519b03671c7043b0acf6511df3752753b7904aad6118f386dbff0640dbe366b6cd2d537b41046abe5327ab395eddc8a3ff4f0814bfc4738708dc28cb39cfb6490e946e8e1d2aa08c1cece543b984c4e19b1fca6632d7ea50a6b9db38d818c0d22272819887953bae87ce721b446b686924792f7d97b6eb89585ae59e855e942ea179674ec33ca664bdf47c026cfbbd819fd9696ad593fe7bc9d1fab40163904b9a7ee07195169f7f2483c1d4ce3c8fa84151a7ee776bd6d5dbd8fc3172df8e6ecaab5f029818e1967920cb83b65dc830cc12c1a9a5a4a2a2acf5e2b2ea74bd3225cda0dcbb416c4c221c31973d077a4f22e29d67cfcdf923a7c72bdb60465a0ad3166c0caa3b07d958a23808de12fffeea81a95d991a5ca7005998492314c0f3f390083fccda2b28fd8924130e33a450f036facc76068bcc70af829d908c986812b03ebcfbb19e2453d9d5acfb0,gx-no-cache=1742473751840 HTTP/1.1" 200 30
190.95.15.9 - - [20/Mar/2025:09:27:21 -0300] "POST /cormun/servlet/solicitudot?gx-no-cache=1742473751867 HTTP/1.1" 200 30
190.95.15.9 - - [20/Mar/2025:09:27:21 -0300] "POST /cormun/servlet/solicitudot?gx-no-cache=1742473751906 HTTP/1.1" 200 1481
190.95.15.9 - - [20/Mar/2025:09:27:21 -0300] "POST /cormun/servlet/solicitudot?gx-no-cache=1742473751948 HTTP/1.1" 200 38
190.95.15.9 - - [20/Mar/2025:09:27:21 -0300] "GET /cormun/servlet/solicitudot?8a4fa2172688c2449a635793740eb469aa33eaae2a22d4d85ff279b237f0a2b4b39b5d40ef13127e70bc2757aeb05c0041b7c798dcbaf583dec1ceebedf7f0aca13b18a2e8bc78e060bf3d1304310dfaba7d38829ecaed14e4e185019f1089029734c05bbd691db0268dae9f07808561,gx-no-cache=1742473751972 HTTP/1.1" 200 110
190.95.15.9 - - [20/Mar/2025:09:27:21 -0300] "POST /cormun/servlet/solicitudot?gx-no-cache=1742473751998 HTTP/1.1" 200 110
190.95.1.187 - - [20/Mar/2025:09:28:03 -0300] "GET /cormun/servlet/hlogin HTTP/1.1" 200 1719
190.95.1.187 - - [20/Mar/2025:09:28:03 -0300] "GET /cormun/servlet/hlogin HTTP/1.1" 200 1730
190.95.1.187 - - [20/Mar/2025:09:28:06 -0300] "POST /cormun/servlet/hlogin?22008122ef62101172d7f3c3dd4a33d7,gx-no-cache=1742473797466 HTTP/1.1" 200 90
190.95.1.187 - - [20/Mar/2025:09:28:06 -0300] "GET /cormun/servlet/hpexe_link HTTP/1.1" 200 949
190.95.1.187 - - [20/Mar/2025:09:28:07 -0300] "GET /cormun/servlet/hhome HTTP/1.1" 200 4018
190.95.1.187 - - [20/Mar/2025:09:28:09 -0300] "GET /cormun/servlet/trlicencias? HTTP/1.1" 200 10215
91.208.206.203 - - [20/Mar/2025:09:28:21 -0300] "GET /manager/html HTTP/1.1" 401 2474
190.95.15.9 - - [20/Mar/2025:09:28:37 -0300] "POST /cormun/servlet/solicitudot?gx-no-cache=1742473828370 HTTP/1.1" 200 97
190.95.15.9 - - [20/Mar/2025:09:28:43 -0300] "POST /cormun/servlet/solicitudot?gx-no-cache=1742473834484 HTTP/1.1" 200 79
190.95.15.9 - - [20/Mar/2025:09:28:54 -0300] "GET /cormun/servlet/solicitudot?8a4fa2172688c2449a635793740eb469cc6d18d713cb27263f627cb9e1b7a0a36fad6471667cc1cdf3f29bebd4474f78ebb25753ef69888376f4ae9fcd81d90c8864721fb47c7956abd9b74c7e109b80d6b8ac2dcab37a357261233cb031236236df4ec11cf2e0e42f8e1e34cbdc7650,gx-no-cache=1742473845326 HTTP/1.1" 200 29
190.95.15.9 - - [20/Mar/2025:09:28:54 -0300] "GET /cormun/static/menuarrow.gif HTTP/1.1" 404 1015
190.95.15.9 - - [20/Mar/2025:09:28:59 -0300] "GET /cormun/servlet/solicitudot?8a4fa2172688c2449a635793740eb46999d381d321306d0189da5a92fb3573d30811a7178ce6ab2a60cc442175a51f90,gx-no-cache=1742473849570 HTTP/1.1" 200 30
190.95.15.9 - - [20/Mar/2025:09:29:29 -0300] "POST /cormun/servlet/solicitudot?gx-no-cache=1742473880443 HTTP/1.1" 200 30
190.95.15.9 - - [20/Mar/2025:09:29:36 -0300] "POST /cormun/servlet/solicitudot?cd6f7b5b1740ca36bfe53357cd515c81,INS,0,0,false,,gx-no-cache=1742473886663 HTTP/1.1" 200 93
190.95.15.9 - - [20/Mar/2025:09:29:36 -0300] "GET /cormun/servlet/hpexe_return? HTTP/1.1" 200 1008
190.95.15.9 - - [20/Mar/2025:09:29:37 -0300] "GET /cormun/servlet/trsolicitudot? HTTP/1.1" 200 9351
190.95.15.9 - - [20/Mar/2025:09:29:44 -0300] "POST /cormun/servlet/trsolicitudot?cd6f7b5b1740ca36bfe53357cd515c81,,gx-no-cache=1742473895073 HTTP/1.1" 200 112
190.95.15.9 - - [20/Mar/2025:09:29:44 -0300] "GET /cormun/servlet/solicitudot?UPD,2025,22195,false, HTTP/1.1" 200 16965
190.95.15.9 - - [20/Mar/2025:09:29:45 -0300] "POST /cormun/servlet/solicitudot?gx-no-cache=1742473896205 HTTP/1.1" 200 4135
190.95.15.9 - - [20/Mar/2025:09:29:45 -0300] "POST /cormun/servlet/solicitudot?cd6f7b5b1740ca36bfe53357cd515c81,UPD,2025,22195,false,,gx-no-cache=1742473896343 HTTP/1.1" 200 13127
190.95.15.9 - - [20/Mar/2025:09:29:45 -0300] "GET /cormun/servlet/solicitudot?8a4fa2172688c2449a635793740eb4695099fcf03ba64053b9c97c00d259ee33991619962be09d2187c85fd585afa46a,gx-no-cache=1742473896470 HTTP/1.1" 200 30
190.95.15.9 - - [20/Mar/2025:09:29:46 -0300] "GET /cormun/servlet/solicitudot?8a4fa2172688c2449a635793740eb469ec38dd145929ef36f4ff67a81e23f59711ecd7111ffb26a726109c61f52d495aa43e3f687b52fe4280c2608260c70f16,gx-no-cache=1742473896501 HTTP/1.1" 200 30
190.95.15.9 - - [20/Mar/2025:09:29:46 -0300] "GET /cormun/servlet/solicitudot?8a4fa2172688c2449a635793740eb46997dc6bb9cb8db3f5a647416b7302e7bb5578f404bac4ba0cc7b037d9948d0d5b7eb1796213c985304ca9f2102d6f3049c532ef25cc930c2c048b2d5cbbef75ee,gx-no-cache=1742473896524 HTTP/1.1" 200 59
190.95.15.9 - - [20/Mar/2025:09:29:46 -0300] "POST /cormun/servlet/solicitudot?gx-no-cache=1742473896551 HTTP/1.1" 200 297
190.95.15.9 - - [20/Mar/2025:09:29:46 -0300] "GET /cormun/servlet/solicitudot?8a4fa2172688c2449a635793740eb469a8a04bc4a0fcfa35bfd6408e0842b33be574a7f26e6ba8b2e2bf3bad390bf2bc42c23741545ff3de184b2915eaa4d4d90702c519b03671c7043b0acf6511df3752753b7904aad6118f386dbff0640dbe366b6cd2d537b41046abe5327ab395eddc8a3ff4f0814bfc4738708dc28cb39cfb6490e946e8e1d2aa08c1cece543b984c4e19b1fca6632d7ea50a6b9db38d818c0d22272819887953bae87ce721b446b686924792f7d97b6eb89585ae59e855e942ea179674ec33ca664bdf47c026cfbbd819fd9696ad593fe7bc9d1fab40163904b9a7ee07195169f7f2483c1d4ce3c8fa84151a7ee776bd6d5dbd8fc3172df8e6ecaab5f029818e1967920cb83b65dc830cc12c1a9a5a4a2a2acf5e2b2ea74bd3225cda0dcbb416c4c221c31973d077a4f22e29d67cfcdf923a7c72bdb60465a0ad3166c0caa3b07d958a23808de12fffeea81a95d991a5ca7005998492314c0f3f390083fccda2b28fd8924130e3dbd6d65d774d985cd50c426bf9ebab67c986812b03ebcfbb19e2453d9d5acfb0,gx-no-cache=1742473896581 HTTP/1.1" 200 30
190.95.15.9 - - [20/Mar/2025:09:29:46 -0300] "POST /cormun/servlet/solicitudot?gx-no-cache=1742473896609 HTTP/1.1" 200 30
190.95.15.9 - - [20/Mar/2025:09:29:46 -0300] "POST /cormun/servlet/solicitudot?gx-no-cache=1742473896639 HTTP/1.1" 200 1481
190.95.15.9 - - [20/Mar/2025:09:29:46 -0300] "POST /cormun/servlet/solicitudot?gx-no-cache=1742473896676 HTTP/1.1" 200 41
190.95.15.9 - - [20/Mar/2025:09:29:56 -0300] "GET /cormun/servlet/solicitudot?8a4fa2172688c2449a635793740eb469aa33eaae2a22d4d85ff279b237f0a2b4b39b5d40ef13127e70bc2757aeb05c0041b7c798dcbaf583dec1ceebedf7f0aca13b18a2e8bc78e060bf3d1304310dfaba7d38829ecaed14e4e185019f1089029734c05bbd691db0268dae9f07808561,gx-no-cache=1742473907325 HTTP/1.1" 200 110
190.95.15.9 - - [20/Mar/2025:09:29:56 -0300] "POST /cormun/servlet/solicitudot?gx-no-cache=1742473907383 HTTP/1.1" 200 110
190.95.15.9 - - [20/Mar/2025:09:29:56 -0300] "GET /cormun/servlet/solicitudot?8a4fa2172688c2449a635793740eb469b961a740625f05ecdfbe13632e68663b84eec15064dbf95ac8e890eab0e41827e76c64eaa043126c2dfeb70d8486ec1666a818dca7a09ac3e2912334232f6b4163a0bc6325730cf91c51b16c05c9a3a5c6a93fd37da3baa7b6ec5ee812539bdb,gx-no-cache=1742473907422 HTTP/1.1" 200 29
190.95.15.9 - - [20/Mar/2025:09:29:56 -0300] "GET /cormun/servlet/solicitudot?8a4fa2172688c2449a635793740eb46999d381d321306d0189da5a92fb3573d30811a7178ce6ab2a60cc442175a51f90,gx-no-cache=1742473907446 HTTP/1.1" 200 30
190.95.15.9 - - [20/Mar/2025:09:29:56 -0300] "POST /cormun/servlet/solicitudot?gx-no-cache=1742473907472 HTTP/1.1" 200 30
190.95.15.9 - - [20/Mar/2025:09:29:57 -0300] "POST /cormun/servlet/solicitudot?cd6f7b5b1740ca36bfe53357cd515c81,UPD,2025,22195,false,,gx-no-cache=1742473907502 HTTP/1.1" 200 93
190.95.15.9 - - [20/Mar/2025:09:29:57 -0300] "GET /cormun/servlet/hpexe_return? HTTP/1.1" 200 1014
190.95.15.9 - - [20/Mar/2025:09:29:57 -0300] "GET /cormun/servlet/trsolicitudot HTTP/1.1" 200 9351
190.95.15.9 - - [20/Mar/2025:09:30:09 -0300] "POST /cormun/servlet/trsolicitudot?cd6f7b5b1740ca36bfe53357cd515c81,gx-no-cache=1742473920410 HTTP/1.1" 200 107
190.95.15.9 - - [20/Mar/2025:09:30:09 -0300] "GET /cormun/servlet/trsolicitudadjuntos?2025,22195, HTTP/1.1" 200 6315
190.95.15.9 - - [20/Mar/2025:09:30:16 -0300] "GET /cormun/servlet/solicitudotadjuntos?INS,2025,22195,,1, HTTP/1.1" 200 6258
190.95.15.9 - - [20/Mar/2025:09:30:16 -0300] "GET /cormun/static/about:blank HTTP/1.1" 404 1011
190.95.15.9 - - [20/Mar/2025:09:30:17 -0300] "GET /cormun/servlet/solicitudotadjuntos?8a4fa2172688c2449a635793740eb4696b16b8592b901b2c40db544e9fb8d12d6585518bb2ba99e6b932042b9c0836db,gx-no-cache=1742473927634 HTTP/1.1" 200 30
190.95.15.9 - - [20/Mar/2025:09:30:17 -0300] "POST /cormun/servlet/solicitudotadjuntos?cd6f7b5b1740ca36bfe53357cd515c81,INS,2025,22195,,1,,gx-no-cache=1742473927662 HTTP/1.1" 200 4148
190.95.15.9 - - [20/Mar/2025:09:30:19 -0300] "POST /cormun/servlet/solicitudotadjuntos?gx-no-cache=1742473929683 HTTP/1.1" 200 26
190.95.15.9 - - [20/Mar/2025:09:30:30 -0300] "GET /cormun/servlet/solicitudotadjuntos?8a4fa2172688c2449a635793740eb469249ff4ead87491aefce41008cbb02203,gx-no-cache=1742473940907 HTTP/1.1" 200 30
190.95.15.9 - - [20/Mar/2025:09:30:30 -0300] "GET /cormun/servlet/solicitudotadjuntos?8a4fa2172688c2449a635793740eb469249ff4ead87491aefce41008cbb02203,gx-no-cache=1742473940925 HTTP/1.1" 200 30
190.95.15.9 - - [20/Mar/2025:09:30:30 -0300] "POST /cormun/servlet/solicitudotadjuntos?cd6f7b5b1740ca36bfe53357cd515c81,INS,2025,22195,,1, HTTP/1.1" 200 116
190.95.15.9 - - [20/Mar/2025:09:30:30 -0300] "GET /cormun/servlet/hpexe_return? HTTP/1.1" 200 1025
190.95.15.9 - - [20/Mar/2025:09:30:30 -0300] "GET /cormun/servlet/trsolicitudadjuntos?2025,22195, HTTP/1.1" 200 9366
190.95.15.9 - - [20/Mar/2025:09:30:33 -0300] "GET /cormun/servlet/solicitudotadjuntos?INS,2025,22195,,1, HTTP/1.1" 200 6258
190.95.15.9 - - [20/Mar/2025:09:30:34 -0300] "GET /cormun/static/about:blank HTTP/1.1" 404 1011
190.95.15.9 - - [20/Mar/2025:09:30:34 -0300] "GET /cormun/servlet/solicitudotadjuntos?8a4fa2172688c2449a635793740eb4696b16b8592b901b2c40db544e9fb8d12d6585518bb2ba99e6b932042b9c0836db,gx-no-cache=1742473945179 HTTP/1.1" 200 30
190.95.15.9 - - [20/Mar/2025:09:30:34 -0300] "POST /cormun/servlet/solicitudotadjuntos?cd6f7b5b1740ca36bfe53357cd515c81,INS,2025,22195,,1,,gx-no-cache=1742473945211 HTTP/1.1" 200 4148
190.95.15.9 - - [20/Mar/2025:09:30:37 -0300] "POST /cormun/servlet/solicitudotadjuntos?gx-no-cache=1742473948216 HTTP/1.1" 200 26
190.95.15.9 - - [20/Mar/2025:09:31:02 -0300] "GET /cormun/servlet/solicitudotadjuntos?8a4fa2172688c2449a635793740eb469249ff4ead87491aefce41008cbb02203,gx-no-cache=1742473973020 HTTP/1.1" 200 30
190.95.15.9 - - [20/Mar/2025:09:31:02 -0300] "GET /cormun/servlet/solicitudotadjuntos?8a4fa2172688c2449a635793740eb469249ff4ead87491aefce41008cbb02203,gx-no-cache=1742473973047 HTTP/1.1" 200 30
190.95.15.9 - - [20/Mar/2025:09:31:02 -0300] "POST /cormun/servlet/solicitudotadjuntos?cd6f7b5b1740ca36bfe53357cd515c81,INS,2025,22195,,1, HTTP/1.1" 200 116
190.95.15.9 - - [20/Mar/2025:09:31:02 -0300] "GET /cormun/servlet/hpexe_return? HTTP/1.1" 200 1025
190.95.15.9 - - [20/Mar/2025:09:31:03 -0300] "GET /cormun/servlet/trsolicitudadjuntos?2025,22195, HTTP/1.1" 200 9632
190.95.15.9 - - [20/Mar/2025:09:31:06 -0300] "GET /cormun/servlet/solicitudotadjuntos?INS,2025,22195,,1, HTTP/1.1" 200 6259
190.95.15.9 - - [20/Mar/2025:09:31:06 -0300] "GET /cormun/static/about:blank HTTP/1.1" 404 1011
190.95.15.9 - - [20/Mar/2025:09:31:06 -0300] "GET /cormun/servlet/solicitudotadjuntos?8a4fa2172688c2449a635793740eb4696b16b8592b901b2c40db544e9fb8d12d6585518bb2ba99e6b932042b9c0836db,gx-no-cache=1742473977457 HTTP/1.1" 200 30
190.95.15.9 - - [20/Mar/2025:09:31:07 -0300] "POST /cormun/servlet/solicitudotadjuntos?cd6f7b5b1740ca36bfe53357cd515c81,INS,2025,22195,,1,,gx-no-cache=1742473977485 HTTP/1.1" 200 4149
190.95.15.9 - - [20/Mar/2025:09:31:09 -0300] "POST /cormun/servlet/solicitudotadjuntos?gx-no-cache=1742473979993 HTTP/1.1" 200 26
190.95.15.9 - - [20/Mar/2025:09:31:18 -0300] "GET /cormun/servlet/solicitudotadjuntos?8a4fa2172688c2449a635793740eb469249ff4ead87491aefce41008cbb02203,gx-no-cache=1742473988684 HTTP/1.1" 200 30
190.95.15.9 - - [20/Mar/2025:09:31:18 -0300] "GET /cormun/servlet/solicitudotadjuntos?8a4fa2172688c2449a635793740eb469249ff4ead87491aefce41008cbb02203,gx-no-cache=1742473988702 HTTP/1.1" 200 30
190.95.15.9 - - [20/Mar/2025:09:31:18 -0300] "POST /cormun/servlet/solicitudotadjuntos?cd6f7b5b1740ca36bfe53357cd515c81,INS,2025,22195,,1, HTTP/1.1" 200 116
190.95.15.9 - - [20/Mar/2025:09:31:18 -0300] "GET /cormun/servlet/hpexe_return? HTTP/1.1" 200 1025
190.95.15.9 - - [20/Mar/2025:09:31:18 -0300] "GET /cormun/servlet/trsolicitudadjuntos?2025,22195, HTTP/1.1" 200 9896
190.95.15.9 - - [20/Mar/2025:09:31:21 -0300] "GET /cormun/servlet/solicitudotadjuntos?INS,2025,22195,,1, HTTP/1.1" 200 6259
190.95.15.9 - - [20/Mar/2025:09:31:21 -0300] "GET /cormun/static/about:blank HTTP/1.1" 404 1011
190.95.15.9 - - [20/Mar/2025:09:31:22 -0300] "GET /cormun/servlet/solicitudotadjuntos?8a4fa2172688c2449a635793740eb4696b16b8592b901b2c40db544e9fb8d12d6585518bb2ba99e6b932042b9c0836db,gx-no-cache=1742473993014 HTTP/1.1" 200 30
190.95.15.9 - - [20/Mar/2025:09:31:22 -0300] "POST /cormun/servlet/solicitudotadjuntos?cd6f7b5b1740ca36bfe53357cd515c81,INS,2025,22195,,1,,gx-no-cache=1742473993052 HTTP/1.1" 200 4149
190.95.15.9 - - [20/Mar/2025:09:31:25 -0300] "POST /cormun/servlet/solicitudotadjuntos?gx-no-cache=1742473995986 HTTP/1.1" 200 26
190.95.15.9 - - [20/Mar/2025:09:31:49 -0300] "GET /cormun/servlet/solicitudotadjuntos?8a4fa2172688c2449a635793740eb469249ff4ead87491aefce41008cbb02203,gx-no-cache=1742474019827 HTTP/1.1" 200 30
190.95.15.9 - - [20/Mar/2025:09:31:49 -0300] "GET /cormun/servlet/solicitudotadjuntos?8a4fa2172688c2449a635793740eb469249ff4ead87491aefce41008cbb02203,gx-no-cache=1742474019854 HTTP/1.1" 200 30
190.95.15.9 - - [20/Mar/2025:09:31:49 -0300] "POST /cormun/servlet/solicitudotadjuntos?cd6f7b5b1740ca36bfe53357cd515c81,INS,2025,22195,,1, HTTP/1.1" 200 116
190.95.15.9 - - [20/Mar/2025:09:31:49 -0300] "GET /cormun/servlet/hpexe_return? HTTP/1.1" 200 1025
190.95.15.9 - - [20/Mar/2025:09:31:49 -0300] "GET /cormun/servlet/trsolicitudadjuntos?2025,22195, HTTP/1.1" 200 10132
190.95.15.9 - - [20/Mar/2025:09:31:53 -0300] "GET /cormun/servlet/solicitudotadjuntos?INS,2025,22195,,1, HTTP/1.1" 200 6260
190.95.15.9 - - [20/Mar/2025:09:31:53 -0300] "GET /cormun/static/about:blank HTTP/1.1" 404 1011
190.95.15.9 - - [20/Mar/2025:09:31:54 -0300] "GET /cormun/servlet/solicitudotadjuntos?8a4fa2172688c2449a635793740eb4696b16b8592b901b2c40db544e9fb8d12d6585518bb2ba99e6b932042b9c0836db,gx-no-cache=1742474024692 HTTP/1.1" 200 30
190.95.15.9 - - [20/Mar/2025:09:31:54 -0300] "POST /cormun/servlet/solicitudotadjuntos?cd6f7b5b1740ca36bfe53357cd515c81,INS,2025,22195,,1,,gx-no-cache=1742474024723 HTTP/1.1" 200 4148
190.95.15.9 - - [20/Mar/2025:09:31:57 -0300] "POST /cormun/servlet/solicitudotadjuntos?gx-no-cache=1742474027850 HTTP/1.1" 200 26
190.95.15.9 - - [20/Mar/2025:09:32:08 -0300] "GET /cormun/servlet/solicitudotadjuntos?8a4fa2172688c2449a635793740eb469249ff4ead87491aefce41008cbb02203,gx-no-cache=1742474038516 HTTP/1.1" 200 30
190.95.15.9 - - [20/Mar/2025:09:32:08 -0300] "GET /cormun/servlet/solicitudotadjuntos?8a4fa2172688c2449a635793740eb469249ff4ead87491aefce41008cbb02203,gx-no-cache=1742474038533 HTTP/1.1" 200 30
190.95.15.9 - - [20/Mar/2025:09:32:08 -0300] "POST /cormun/servlet/solicitudotadjuntos?cd6f7b5b1740ca36bfe53357cd515c81,INS,2025,22195,,1, HTTP/1.1" 200 116
190.95.15.9 - - [20/Mar/2025:09:32:08 -0300] "GET /cormun/servlet/hpexe_return? HTTP/1.1" 200 1025
190.95.15.9 - - [20/Mar/2025:09:32:08 -0300] "GET /cormun/servlet/trsolicitudadjuntos?2025,22195, HTTP/1.1" 200 10431
91.208.206.203 - - [20/Mar/2025:09:32:10 -0300] "GET /manager/html HTTP/1.1" 401 2474
190.95.15.9 - - [20/Mar/2025:09:32:11 -0300] "GET /cormun/servlet/solicitudotadjuntos?INS,2025,22195,,1, HTTP/1.1" 200 6260
190.95.15.9 - - [20/Mar/2025:09:32:11 -0300] "GET /cormun/static/about:blank HTTP/1.1" 404 1011
190.95.15.9 - - [20/Mar/2025:09:32:12 -0300] "GET /cormun/servlet/solicitudotadjuntos?8a4fa2172688c2449a635793740eb4696b16b8592b901b2c40db544e9fb8d12d6585518bb2ba99e6b932042b9c0836db,gx-no-cache=1742474042515 HTTP/1.1" 200 30
190.95.15.9 - - [20/Mar/2025:09:32:12 -0300] "POST /cormun/servlet/solicitudotadjuntos?cd6f7b5b1740ca36bfe53357cd515c81,INS,2025,22195,,1,,gx-no-cache=1742474042565 HTTP/1.1" 200 4148
190.95.15.9 - - [20/Mar/2025:09:32:15 -0300] "POST /cormun/servlet/solicitudotadjuntos?gx-no-cache=1742474045736 HTTP/1.1" 200 26
190.95.15.9 - - [20/Mar/2025:09:32:24 -0300] "GET /cormun/servlet/solicitudotadjuntos?8a4fa2172688c2449a635793740eb469249ff4ead87491aefce41008cbb02203,gx-no-cache=1742474054987 HTTP/1.1" 200 30
190.95.15.9 - - [20/Mar/2025:09:32:24 -0300] "GET /cormun/servlet/solicitudotadjuntos?8a4fa2172688c2449a635793740eb469249ff4ead87491aefce41008cbb02203,gx-no-cache=1742474055004 HTTP/1.1" 200 30
190.95.15.9 - - [20/Mar/2025:09:32:24 -0300] "POST /cormun/servlet/solicitudotadjuntos?cd6f7b5b1740ca36bfe53357cd515c81,INS,2025,22195,,1, HTTP/1.1" 200 116
190.95.15.9 - - [20/Mar/2025:09:32:24 -0300] "GET /cormun/servlet/hpexe_return? HTTP/1.1" 200 1025
190.95.15.9 - - [20/Mar/2025:09:32:24 -0300] "GET /cormun/servlet/trsolicitudadjuntos?2025,22195, HTTP/1.1" 200 10598
190.95.2.157 - - [20/Mar/2025:09:32:25 -0300] "POST /cormun/servlet/solicitudot?gx-no-cache=1742474056530 HTTP/1.1" 200 4039
190.95.2.157 - - [20/Mar/2025:09:32:25 -0300] "POST /cormun/servlet/solicitudot?e48ebee41f5b074f1c6b65f0e5c8524b,INS,0,0,false,,gx-no-cache=1742474056639 HTTP/1.1" 200 12889
190.95.15.9 - - [20/Mar/2025:09:32:28 -0300] "GET /cormun/servlet/solicitudotadjuntos?INS,2025,22195,,2, HTTP/1.1" 200 6259
190.95.15.9 - - [20/Mar/2025:09:32:28 -0300] "GET /cormun/static/about:blank HTTP/1.1" 404 1011
190.95.15.9 - - [20/Mar/2025:09:32:28 -0300] "GET /cormun/servlet/solicitudotadjuntos?8a4fa2172688c2449a635793740eb4696b16b8592b901b2c40db544e9fb8d12d6585518bb2ba99e6b932042b9c0836db,gx-no-cache=1742474059379 HTTP/1.1" 200 30
190.95.15.9 - - [20/Mar/2025:09:32:28 -0300] "POST /cormun/servlet/solicitudotadjuntos?cd6f7b5b1740ca36bfe53357cd515c81,INS,2025,22195,,2,,gx-no-cache=1742474059416 HTTP/1.1" 200 4363
190.95.67.93 - - [20/Mar/2025:09:32:29 -0300] "GET /cormun/servlet/hlogin HTTP/1.1" 200 1717
190.95.15.9 - - [20/Mar/2025:09:32:31 -0300] "POST /cormun/servlet/solicitudotadjuntos?gx-no-cache=1742474062266 HTTP/1.1" 200 26
190.95.2.157 - - [20/Mar/2025:09:32:34 -0300] "GET /cormun/servlet/solicitudot?c6dce76fbbb8332940e472f107eea01ccd78810990b1229014507535470fe91925b3f8e503933eca0cae35bd26d1fe1e,gx-no-cache=1742474065245 HTTP/1.1" 200 30
190.95.67.93 - - [20/Mar/2025:09:32:35 -0300] "POST /cormun/servlet/hlogin?de9a8110dc5216362593acd70cd4cb22,gx-no-cache=1742484816611 HTTP/1.1" 200 90
190.95.67.93 - - [20/Mar/2025:09:32:35 -0300] "GET /cormun/servlet/hpexe_link HTTP/1.1" 200 948
190.95.67.93 - - [20/Mar/2025:09:32:35 -0300] "GET /cormun/servlet/hhome HTTP/1.1" 200 4333
190.95.15.9 - - [20/Mar/2025:09:32:39 -0300] "GET /cormun/servlet/solicitudotadjuntos?8a4fa2172688c2449a635793740eb469249ff4ead87491aefce41008cbb02203,gx-no-cache=1742474069811 HTTP/1.1" 200 30
190.95.15.9 - - [20/Mar/2025:09:32:39 -0300] "GET /cormun/servlet/solicitudotadjuntos?8a4fa2172688c2449a635793740eb469249ff4ead87491aefce41008cbb02203,gx-no-cache=1742474069829 HTTP/1.1" 200 30
190.95.15.9 - - [20/Mar/2025:09:32:39 -0300] "POST /cormun/servlet/solicitudotadjuntos?cd6f7b5b1740ca36bfe53357cd515c81,INS,2025,22195,,2, HTTP/1.1" 200 116
190.95.15.9 - - [20/Mar/2025:09:32:39 -0300] "GET /cormun/servlet/hpexe_return? HTTP/1.1" 200 1025
190.95.15.9 - - [20/Mar/2025:09:32:39 -0300] "GET /cormun/servlet/trsolicitudadjuntos?2025,22195, HTTP/1.1" 200 10791
190.95.15.9 - - [20/Mar/2025:09:32:47 -0300] "GET /cormun/servlet/trsolicitudot? HTTP/1.1" 200 9353
190.95.67.93 - - [20/Mar/2025:09:32:47 -0300] "GET /cormun/servlet/trlicencias? HTTP/1.1" 200 10795
52.167.144.206 - - [20/Mar/2025:09:32:52 -0300] "GET /cormun/servlet/hlogin HTTP/1.1" 200 1726
190.95.15.9 - - [20/Mar/2025:09:33:24 -0300] "POST /cormun/servlet/trsolicitudot?cd6f7b5b1740ca36bfe53357cd515c81,,gx-no-cache=1742474115001 HTTP/1.1" 200 6080
190.95.15.9 - - [20/Mar/2025:09:33:24 -0300] "GET /cormun/static/Shared/jqueryui/images/ui-bg_highlight-soft_100_c6c2c8_1x100.png HTTP/1.1" 404 1117
190.95.15.9 - - [20/Mar/2025:09:33:24 -0300] "GET /cormun/static/Shared/jqueryui/images/ui-icons_82798d_256x240.png HTTP/1.1" 404 1089
190.95.15.9 - - [20/Mar/2025:09:33:24 -0300] "GET /cormun/static/Shared/jqueryui/images/ui-bg_flat_55_fafafa_40x100.png HTTP/1.1" 404 1097
190.95.15.9 - - [20/Mar/2025:09:33:24 -0300] "GET /cormun/static/Shared/jqueryui/images/ui-icons_8d78a5_256x240.png HTTP/1.1" 404 1089
190.95.15.9 - - [20/Mar/2025:09:33:24 -0300] "POST /cormun/servlet/trsolicitudot?cd6f7b5b1740ca36bfe53357cd515c81,,gx-no-cache=1742474115245 HTTP/1.1" 200 6024
190.95.2.157 - - [20/Mar/2025:09:34:13 -0300] "GET /cormun/servlet/solicitudot?c6dce76fbbb8332940e472f107eea01c4c14eb22b250759f68bf619ebc69adbe2c66a6fe3b74fc9887173a3f77331e5d2a8062c71f30a1993c4ec9637a8eb2b5,gx-no-cache=1742474164162 HTTP/1.1" 200 30
190.95.2.157 - - [20/Mar/2025:09:34:13 -0300] "GET /cormun/servlet/solicitudot?c6dce76fbbb8332940e472f107eea01c0853d15025219ad0ee5ef21fba033d3e,gx-no-cache=1742474164187 HTTP/1.1" 200 29
190.95.2.157 - - [20/Mar/2025:09:34:17 -0300] "POST /cormun/servlet/solicitudot?gx-no-cache=1742474168541 HTTP/1.1" 200 297
190.95.2.157 - - [20/Mar/2025:09:34:17 -0300] "GET /cormun/servlet/solicitudot?c6dce76fbbb8332940e472f107eea01c4646facbbf890466527bb232de9fc50c394723dafd380517d955f5b085f1f59a07d1260d13e1077e39a2419ef3fb20b05299ad0d4e2b7f304bee9973d54bb2e5c2f72e63f251892028d68099682355ddb54454a83edee864856b10c4ad49e072ae50a71e304dabd521e898d7be140b246f4c2a4284f339620878a9927ec196cc92500e51734ce2fecebe93bf2c6d1042feb936023ab50a0f8f39d063ed83a37d9f0b31005f0d2dbdca0673187b12c686939141016891f4c5c8942eef28634735aa7ef84fe48fa78b9705a75c5661e6c58073f6b7a471e4f53bf6a6bec0ae37871fd87c7ffcd78e25eda4f2800fb1d53e4f2de9d275d78d1cdeddbf77c8e2bd5eb247fe102a747f2f6688086a214b59f0e57d971d99e7dad6fbf701b457c812477b47bc5b0c013162092277911ee1dd3a68647b33995ff9339018aed2c0fa7a2db01e6fd4ceba9c6b19e79289c505231223c7fe62c766a77934b04a93cc8e649775f2f42c421a235eca90bfb30ea94d7e2754c5db2de451052e9303d9520944e5,gx-no-cache=1742474168563 HTTP/1.1" 200 30
190.95.2.157 - - [20/Mar/2025:09:34:19 -0300] "POST /cormun/servlet/solicitudot?gx-no-cache=1742474170459 HTTP/1.1" 200 30
190.95.2.157 - - [20/Mar/2025:09:34:21 -0300] "POST /cormun/servlet/solicitudot?gx-no-cache=1742474172120 HTTP/1.1" 200 1479
190.95.2.157 - - [20/Mar/2025:09:34:21 -0300] "POST /cormun/servlet/solicitudot?gx-no-cache=1742474172145 HTTP/1.1" 200 38
91.208.206.203 - - [20/Mar/2025:09:35:58 -0300] "GET /manager/html HTTP/1.1" 401 2474
190.95.2.157 - - [20/Mar/2025:09:36:18 -0300] "GET /cormun/servlet/solicitudot?c6dce76fbbb8332940e472f107eea01cb41feb4df7830e2f2b746f1026227f0fe5592a9991391436b98dad6dbcce071134ab6cb25319e4a93cbc6ce8fe7c05ac47b03db0b4ef25d193ce85b7d5e348ef60d8f174ccc41941c2dbc8fcc35bd5395e59d7b6a4881576026311cab467556a,gx-no-cache=1742474289366 HTTP/1.1" 200 110
190.95.1.187 - - [20/Mar/2025:09:36:21 -0300] "GET /cormun/servlet/trpermisosgoce? HTTP/1.1" 200 8765
190.95.1.187 - - [20/Mar/2025:09:36:24 -0300] "GET /cormun/servlet/permisogoce?INS,0,,, HTTP/1.1" 200 6881
190.95.2.157 - - [20/Mar/2025:09:36:27 -0300] "POST /cormun/servlet/solicitudot?gx-no-cache=1742474297724 HTTP/1.1" 200 83
190.95.1.187 - - [20/Mar/2025:09:36:34 -0300] "GET /cormun/servlet/permisogoce?1f5b9fac9d1b2f5e460d93d13af8ac226204134bbf56a3c6c2427017e5c1fb9e4d445c0c8982f30678cdd71d1106d05e209abfdc925b7abc31a2ce256b41bfc6,gx-no-cache=1742474304876 HTTP/1.1" 200 179
190.95.1.187 - - [20/Mar/2025:09:36:34 -0300] "GET /cormun/static/Shared/jqueryui/images/ui-icons_82798d_256x240.png HTTP/1.1" 404 1089
190.95.1.187 - - [20/Mar/2025:09:36:34 -0300] "GET /cormun/static/Shared/jqueryui/images/ui-bg_highlight-soft_100_c6c2c8_1x100.png HTTP/1.1" 404 1117
190.95.1.187 - - [20/Mar/2025:09:36:34 -0300] "GET /cormun/static/Shared/jqueryui/images/ui-bg_flat_55_994d53_40x100.png HTTP/1.1" 404 1097
190.95.1.187 - - [20/Mar/2025:09:36:34 -0300] "GET /cormun/static/Shared/jqueryui/images/ui-icons_ebccce_256x240.png HTTP/1.1" 404 1089
190.95.2.157 - - [20/Mar/2025:09:36:38 -0300] "GET /cormun/servlet/solicitudot?c6dce76fbbb8332940e472f107eea01c6974f194ff039243da6c1b7530c558253c4c3c90e8433af953ecd8f9c3214ad5e7f9bd1dfccdbf8fc73873f6b40aa2f8d37e200292146c982edad85c5f9c217cbff33daf1fc442ffb7adfc6de376fd7df908475801fdc1b7bfa58a5df201d038,gx-no-cache=1742474309058 HTTP/1.1" 200 29
190.95.2.157 - - [20/Mar/2025:09:36:41 -0300] "GET /cormun/servlet/solicitudot?c6dce76fbbb8332940e472f107eea01ce3f4fa7d6fe9043adcb6d9c0c765cf50beb5371c4267cd668e167692d1a4495a,gx-no-cache=1742474312074 HTTP/1.1" 200 30
190.95.1.187 - - [20/Mar/2025:09:36:42 -0300] "GET /cormun/servlet/permisogoce?1f5b9fac9d1b2f5e460d93d13af8ac226204134bbf56a3c6c2427017e5c1fb9e4d445c0c8982f30678cdd71d1106d05e209abfdc925b7abc31a2ce256b41bfc6,gx-no-cache=1742474313427 HTTP/1.1" 200 179
190.95.1.183 - - [20/Mar/2025:09:36:43 -0300] "GET /cormun/servlet/trlicencias? HTTP/1.1" 200 6051
190.95.1.183 - - [20/Mar/2025:09:36:43 -0300] "GET /cormun/servlet/hlogin HTTP/1.1" 200 1731
190.95.2.157 - - [20/Mar/2025:09:36:56 -0300] "POST /cormun/servlet/solicitudot?gx-no-cache=1742474326794 HTTP/1.1" 200 30
190.95.2.163 - - [20/Mar/2025:09:37:07 -0300] "POST /cormun/servlet/trsolicitudot?d99bdba379b820561953c118c496802c,gx-no-cache=1742474338707 HTTP/1.1" 440 972
190.95.2.163 - - [20/Mar/2025:09:37:10 -0300] "GET /cormun/servlet/trsolicitudot HTTP/1.1" 200 6320
190.95.2.163 - - [20/Mar/2025:09:37:10 -0300] "GET /cormun/servlet/hlogin HTTP/1.1" 200 1733
190.95.2.163 - - [20/Mar/2025:09:37:20 -0300] "POST /cormun/servlet/hlogin?9260a69b0644f07ee4716e559fa8ba92,gx-no-cache=1742474352340 HTTP/1.1" 200 90
190.95.2.163 - - [20/Mar/2025:09:37:20 -0300] "GET /cormun/servlet/hpexe_link HTTP/1.1" 200 953
190.95.2.163 - - [20/Mar/2025:09:37:20 -0300] "GET /cormun/servlet/trsolicitudot HTTP/1.1" 200 8497
190.95.2.163 - - [20/Mar/2025:09:37:23 -0300] "POST /cormun/servlet/trsolicitudot?9260a69b0644f07ee4716e559fa8ba92,gx-no-cache=1742474355298 HTTP/1.1" 200 106
190.95.2.163 - - [20/Mar/2025:09:37:23 -0300] "GET /cormun/servlet/trsolicitudadjuntos?2025,22192, HTTP/1.1" 200 6102
190.95.2.163 - - [20/Mar/2025:09:37:23 -0300] "GET /cormun/static/gxcfg.js?20201215574222 HTTP/1.1" 200 953
190.95.2.163 - - [20/Mar/2025:09:37:23 -0300] "GET /cormun/static/trsolicitudadjuntos.js?20201215574932 HTTP/1.1" 200 17921
190.95.2.163 - - [20/Mar/2025:09:37:23 -0300] "GET /cormun/static/Resources/PXToolsGridNew.png HTTP/1.1" 200 427
190.95.2.157 - - [20/Mar/2025:09:37:35 -0300] "POST /cormun/servlet/solicitudot?e48ebee41f5b074f1c6b65f0e5c8524b,INS,0,0,false,,gx-no-cache=1742474365692 HTTP/1.1" 200 93
190.95.2.157 - - [20/Mar/2025:09:37:35 -0300] "GET /cormun/servlet/hpexe_return? HTTP/1.1" 200 1009
190.95.2.157 - - [20/Mar/2025:09:37:35 -0300] "GET /cormun/servlet/trsolicitudot HTTP/1.1" 200 9296
190.95.2.163 - - [20/Mar/2025:09:37:36 -0300] "GET /cormun/servlet/trsolicitudot? HTTP/1.1" 200 8502
190.95.2.163 - - [20/Mar/2025:09:37:40 -0300] "POST /cormun/servlet/trsolicitudot?9260a69b0644f07ee4716e559fa8ba92,,gx-no-cache=1742474371576 HTTP/1.1" 200 106
190.95.2.163 - - [20/Mar/2025:09:37:40 -0300] "GET /cormun/servlet/trsolicitudadjuntos?2025,22192, HTTP/1.1" 200 6102
190.95.2.163 - - [20/Mar/2025:09:37:51 -0300] "GET /cormun/servlet/solicitudotadjuntos?INS,2025,22192,,1, HTTP/1.1" 200 6045
190.95.2.163 - - [20/Mar/2025:09:37:51 -0300] "GET /cormun/static/gxcfg.js?202211298385187 HTTP/1.1" 200 953
190.95.2.163 - - [20/Mar/2025:09:37:51 -0300] "GET /cormun/static/solicitudotadjuntos.js?202211298385196 HTTP/1.1" 200 11771
190.95.2.163 - - [20/Mar/2025:09:37:51 -0300] "GET /cormun/static/about:blank HTTP/1.1" 404 1011
190.95.2.163 - - [20/Mar/2025:09:37:52 -0300] "GET /cormun/servlet/solicitudotadjuntos?0bf291224f93f97f9669753feeb3412c91b14c0cd0eb3d468f30d65943ab0ccf27767447e3a683c7ff3a9bb88b7d51b5,gx-no-cache=1742474383997 HTTP/1.1" 200 30
190.95.2.163 - - [20/Mar/2025:09:37:52 -0300] "POST /cormun/servlet/solicitudotadjuntos?9260a69b0644f07ee4716e559fa8ba92,INS,2025,22192,,1,,gx-no-cache=1742474384012 HTTP/1.1" 200 3866
190.95.2.163 - - [20/Mar/2025:09:37:58 -0300] "POST /cormun/servlet/solicitudotadjuntos?gx-no-cache=1742474390141 HTTP/1.1" 200 26
190.95.2.157 - - [20/Mar/2025:09:38:12 -0300] "GET /cormun/servlet/solicitudot?INS,0,0,false, HTTP/1.1" 200 16304
190.95.2.157 - - [20/Mar/2025:09:38:27 -0300] "POST /cormun/servlet/solicitudot?gx-no-cache=1742474417875 HTTP/1.1" 200 4039
190.95.2.157 - - [20/Mar/2025:09:38:27 -0300] "POST /cormun/servlet/solicitudot?e48ebee41f5b074f1c6b65f0e5c8524b,INS,0,0,false,,gx-no-cache=1742474417968 HTTP/1.1" 200 12887
190.95.2.157 - - [20/Mar/2025:09:38:38 -0300] "GET /cormun/servlet/solicitudot?c6dce76fbbb8332940e472f107eea01c9244bb4e597544cdf7b2a06b2ead885e25b3f8e503933eca0cae35bd26d1fe1e,gx-no-cache=1742474429486 HTTP/1.1" 200 30
190.95.2.163 - - [20/Mar/2025:09:39:05 -0300] "GET /cormun/servlet/solicitudotadjuntos?0bf291224f93f97f9669753feeb3412cffd02a4721db465912f9753f01daa992,gx-no-cache=1742474457241 HTTP/1.1" 200 30
190.95.2.163 - - [20/Mar/2025:09:39:05 -0300] "GET /cormun/servlet/solicitudotadjuntos?0bf291224f93f97f9669753feeb3412cffd02a4721db465912f9753f01daa992,gx-no-cache=1742474457265 HTTP/1.1" 200 30
190.95.2.163 - - [20/Mar/2025:09:39:06 -0300] "POST /cormun/servlet/solicitudotadjuntos?9260a69b0644f07ee4716e559fa8ba92,INS,2025,22192,,1, HTTP/1.1" 200 116
190.95.2.163 - - [20/Mar/2025:09:39:06 -0300] "GET /cormun/servlet/hpexe_return? HTTP/1.1" 200 1022
190.95.2.163 - - [20/Mar/2025:09:39:06 -0300] "GET /cormun/servlet/trsolicitudadjuntos?2025,22192, HTTP/1.1" 200 9106
190.95.2.163 - - [20/Mar/2025:09:39:10 -0300] "GET /cormun/servlet/solicitudotadjuntos?INS,2025,22192,,1, HTTP/1.1" 200 6044
190.95.2.163 - - [20/Mar/2025:09:39:10 -0300] "GET /cormun/static/about:blank HTTP/1.1" 404 1011
190.95.2.163 - - [20/Mar/2025:09:39:11 -0300] "GET /cormun/servlet/solicitudotadjuntos?0bf291224f93f97f9669753feeb3412c91b14c0cd0eb3d468f30d65943ab0ccf27767447e3a683c7ff3a9bb88b7d51b5,gx-no-cache=1742474462695 HTTP/1.1" 200 30
190.95.2.163 - - [20/Mar/2025:09:39:11 -0300] "POST /cormun/servlet/solicitudotadjuntos?9260a69b0644f07ee4716e559fa8ba92,INS,2025,22192,,1,,gx-no-cache=1742474462710 HTTP/1.1" 200 3865
190.95.2.163 - - [20/Mar/2025:09:39:14 -0300] "POST /cormun/servlet/solicitudotadjuntos?gx-no-cache=1742474466527 HTTP/1.1" 200 26
190.95.2.163 - - [20/Mar/2025:09:39:44 -0300] "GET /cormun/servlet/solicitudotadjuntos?0bf291224f93f97f9669753feeb3412cffd02a4721db465912f9753f01daa992,gx-no-cache=1742474495869 HTTP/1.1" 200 30
190.95.2.163 - - [20/Mar/2025:09:39:44 -0300] "GET /cormun/servlet/solicitudotadjuntos?0bf291224f93f97f9669753feeb3412cffd02a4721db465912f9753f01daa992,gx-no-cache=1742474495892 HTTP/1.1" 200 30
190.95.2.163 - - [20/Mar/2025:09:39:44 -0300] "POST /cormun/servlet/solicitudotadjuntos?9260a69b0644f07ee4716e559fa8ba92,INS,2025,22192,,1, HTTP/1.1" 200 116
190.95.2.163 - - [20/Mar/2025:09:39:44 -0300] "GET /cormun/servlet/hpexe_return? HTTP/1.1" 200 1022
190.95.2.163 - - [20/Mar/2025:09:39:44 -0300] "GET /cormun/servlet/trsolicitudadjuntos?2025,22192, HTTP/1.1" 200 9363
190.95.2.163 - - [20/Mar/2025:09:39:47 -0300] "GET /cormun/servlet/solicitudotadjuntos?INS,2025,22192,,1, HTTP/1.1" 200 6044
190.95.2.163 - - [20/Mar/2025:09:39:47 -0300] "GET /cormun/static/about:blank HTTP/1.1" 404 1011
91.208.206.203 - - [20/Mar/2025:09:39:47 -0300] "GET /manager/html HTTP/1.1" 401 2474
190.95.2.163 - - [20/Mar/2025:09:39:48 -0300] "GET /cormun/servlet/solicitudotadjuntos?0bf291224f93f97f9669753feeb3412c91b14c0cd0eb3d468f30d65943ab0ccf27767447e3a683c7ff3a9bb88b7d51b5,gx-no-cache=1742474499728 HTTP/1.1" 200 30
190.95.2.163 - - [20/Mar/2025:09:39:48 -0300] "POST /cormun/servlet/solicitudotadjuntos?9260a69b0644f07ee4716e559fa8ba92,INS,2025,22192,,1,,gx-no-cache=1742474499743 HTTP/1.1" 200 3865
190.95.2.163 - - [20/Mar/2025:09:39:55 -0300] "POST /cormun/servlet/solicitudotadjuntos?gx-no-cache=1742474507055 HTTP/1.1" 200 26
190.95.2.163 - - [20/Mar/2025:09:40:20 -0300] "GET /cormun/servlet/solicitudotadjuntos?0bf291224f93f97f9669753feeb3412cffd02a4721db465912f9753f01daa992,gx-no-cache=1742474531603 HTTP/1.1" 200 30
190.95.2.163 - - [20/Mar/2025:09:40:20 -0300] "GET /cormun/servlet/solicitudotadjuntos?0bf291224f93f97f9669753feeb3412cffd02a4721db465912f9753f01daa992,gx-no-cache=1742474531630 HTTP/1.1" 200 30
190.95.2.163 - - [20/Mar/2025:09:40:20 -0300] "POST /cormun/servlet/solicitudotadjuntos?9260a69b0644f07ee4716e559fa8ba92,INS,2025,22192,,1, HTTP/1.1" 200 116
190.95.2.163 - - [20/Mar/2025:09:40:20 -0300] "GET /cormun/servlet/hpexe_return? HTTP/1.1" 200 1022
190.95.2.163 - - [20/Mar/2025:09:40:20 -0300] "GET /cormun/servlet/trsolicitudadjuntos?2025,22192, HTTP/1.1" 200 9584
190.95.2.163 - - [20/Mar/2025:09:40:24 -0300] "GET /cormun/servlet/solicitudotadjuntos?INS,2025,22192,,1, HTTP/1.1" 200 6043
190.95.2.163 - - [20/Mar/2025:09:40:24 -0300] "GET /cormun/static/about:blank HTTP/1.1" 404 1011
190.95.2.163 - - [20/Mar/2025:09:40:25 -0300] "GET /cormun/servlet/solicitudotadjuntos?0bf291224f93f97f9669753feeb3412c91b14c0cd0eb3d468f30d65943ab0ccf27767447e3a683c7ff3a9bb88b7d51b5,gx-no-cache=1742474537012 HTTP/1.1" 200 30
190.95.2.163 - - [20/Mar/2025:09:40:25 -0300] "POST /cormun/servlet/solicitudotadjuntos?9260a69b0644f07ee4716e559fa8ba92,INS,2025,22192,,1,,gx-no-cache=1742474537030 HTTP/1.1" 200 3865
190.95.2.163 - - [20/Mar/2025:09:40:30 -0300] "POST /cormun/servlet/solicitudotadjuntos?gx-no-cache=1742474541619 HTTP/1.1" 200 26
190.95.2.163 - - [20/Mar/2025:09:40:42 -0300] "GET /cormun/servlet/solicitudotadjuntos?0bf291224f93f97f9669753feeb3412cffd02a4721db465912f9753f01daa992,gx-no-cache=1742474553583 HTTP/1.1" 200 30
190.95.2.163 - - [20/Mar/2025:09:40:42 -0300] "GET /cormun/servlet/solicitudotadjuntos?0bf291224f93f97f9669753feeb3412cffd02a4721db465912f9753f01daa992,gx-no-cache=1742474553608 HTTP/1.1" 200 30
190.95.2.163 - - [20/Mar/2025:09:40:42 -0300] "POST /cormun/servlet/solicitudotadjuntos?9260a69b0644f07ee4716e559fa8ba92,INS,2025,22192,,1, HTTP/1.1" 200 116
190.95.2.163 - - [20/Mar/2025:09:40:42 -0300] "GET /cormun/servlet/hpexe_return? HTTP/1.1" 200 1022
190.95.2.163 - - [20/Mar/2025:09:40:42 -0300] "GET /cormun/servlet/trsolicitudadjuntos?2025,22192, HTTP/1.1" 200 9854
190.95.2.163 - - [20/Mar/2025:09:40:45 -0300] "GET /cormun/servlet/solicitudotadjuntos?INS,2025,22192,,1, HTTP/1.1" 200 6043
190.95.2.163 - - [20/Mar/2025:09:40:45 -0300] "GET /cormun/static/about:blank HTTP/1.1" 404 1011
190.95.2.163 - - [20/Mar/2025:09:40:46 -0300] "GET /cormun/servlet/solicitudotadjuntos?0bf291224f93f97f9669753feeb3412c91b14c0cd0eb3d468f30d65943ab0ccf27767447e3a683c7ff3a9bb88b7d51b5,gx-no-cache=1742474558111 HTTP/1.1" 200 30
190.95.2.163 - - [20/Mar/2025:09:40:46 -0300] "POST /cormun/servlet/solicitudotadjuntos?9260a69b0644f07ee4716e559fa8ba92,INS,2025,22192,,1,,gx-no-cache=1742474558128 HTTP/1.1" 200 3865
190.95.2.163 - - [20/Mar/2025:09:40:54 -0300] "POST /cormun/servlet/solicitudotadjuntos?gx-no-cache=1742474566305 HTTP/1.1" 200 26
190.95.2.157 - - [20/Mar/2025:09:41:02 -0300] "POST /cormun/servlet/solicitudot?e48ebee41f5b074f1c6b65f0e5c8524b,INS,0,0,false,,gx-no-cache=1742474573539 HTTP/1.1" 200 93
190.95.2.157 - - [20/Mar/2025:09:41:02 -0300] "GET /cormun/servlet/hpexe_return? HTTP/1.1" 200 1009
190.95.2.157 - - [20/Mar/2025:09:41:02 -0300] "GET /cormun/servlet/trsolicitudot HTTP/1.1" 200 9296
190.95.2.163 - - [20/Mar/2025:09:41:14 -0300] "GET /cormun/servlet/solicitudotadjuntos?0bf291224f93f97f9669753feeb3412cffd02a4721db465912f9753f01daa992,gx-no-cache=1742474585785 HTTP/1.1" 200 30
190.95.2.163 - - [20/Mar/2025:09:41:14 -0300] "GET /cormun/servlet/solicitudotadjuntos?0bf291224f93f97f9669753feeb3412cffd02a4721db465912f9753f01daa992,gx-no-cache=1742474585810 HTTP/1.1" 200 30
190.95.2.163 - - [20/Mar/2025:09:41:14 -0300] "POST /cormun/servlet/solicitudotadjuntos?9260a69b0644f07ee4716e559fa8ba92,INS,2025,22192,,1, HTTP/1.1" 200 116
190.95.2.163 - - [20/Mar/2025:09:41:14 -0300] "GET /cormun/servlet/hpexe_return? HTTP/1.1" 200 1022
190.95.2.163 - - [20/Mar/2025:09:41:14 -0300] "GET /cormun/servlet/trsolicitudadjuntos?2025,22192, HTTP/1.1" 200 10100
190.95.2.163 - - [20/Mar/2025:09:41:28 -0300] "GET /cormun/servlet/solicitudotadjuntos?INS,2025,22192,,1, HTTP/1.1" 200 6044
190.95.2.163 - - [20/Mar/2025:09:41:28 -0300] "GET /cormun/static/about:blank HTTP/1.1" 404 1011
190.95.2.163 - - [20/Mar/2025:09:41:28 -0300] "GET /cormun/servlet/solicitudotadjuntos?0bf291224f93f97f9669753feeb3412c91b14c0cd0eb3d468f30d65943ab0ccf27767447e3a683c7ff3a9bb88b7d51b5,gx-no-cache=1742474600277 HTTP/1.1" 200 30
190.95.2.163 - - [20/Mar/2025:09:41:28 -0300] "POST /cormun/servlet/solicitudotadjuntos?9260a69b0644f07ee4716e559fa8ba92,INS,2025,22192,,1,,gx-no-cache=1742474600294 HTTP/1.1" 200 3866
190.95.2.163 - - [20/Mar/2025:09:41:33 -0300] "POST /cormun/servlet/solicitudotadjuntos?gx-no-cache=1742474605183 HTTP/1.1" 200 26
190.95.2.163 - - [20/Mar/2025:09:41:47 -0300] "GET /cormun/servlet/solicitudotadjuntos?0bf291224f93f97f9669753feeb3412cffd02a4721db465912f9753f01daa992,gx-no-cache=1742474618979 HTTP/1.1" 200 30
190.95.2.163 - - [20/Mar/2025:09:41:47 -0300] "GET /cormun/servlet/solicitudotadjuntos?0bf291224f93f97f9669753feeb3412cffd02a4721db465912f9753f01daa992,gx-no-cache=1742474619005 HTTP/1.1" 200 30
190.95.2.163 - - [20/Mar/2025:09:41:47 -0300] "POST /cormun/servlet/solicitudotadjuntos?9260a69b0644f07ee4716e559fa8ba92,INS,2025,22192,,1, HTTP/1.1" 200 116
190.95.2.163 - - [20/Mar/2025:09:41:47 -0300] "GET /cormun/servlet/hpexe_return? HTTP/1.1" 200 1022
190.95.2.163 - - [20/Mar/2025:09:41:47 -0300] "GET /cormun/servlet/trsolicitudadjuntos?2025,22192, HTTP/1.1" 200 10301
190.95.2.163 - - [20/Mar/2025:09:41:54 -0300] "GET /cormun/servlet/trsolicitudot? HTTP/1.1" 200 8502
190.95.2.163 - - [20/Mar/2025:09:42:00 -0300] "POST /cormun/servlet/trsolicitudot?9260a69b0644f07ee4716e559fa8ba92,,gx-no-cache=1742474632508 HTTP/1.1" 200 4323
190.95.2.163 - - [20/Mar/2025:09:42:01 -0300] "GET /cormun/static/Shared/jqueryui/images/ui-bg_highlight-soft_100_c6c2c8_1x100.png HTTP/1.1" 404 1117
190.95.2.163 - - [20/Mar/2025:09:42:01 -0300] "GET /cormun/static/Shared/jqueryui/images/ui-icons_82798d_256x240.png HTTP/1.1" 404 1089
190.95.2.163 - - [20/Mar/2025:09:42:01 -0300] "GET /cormun/static/Shared/jqueryui/images/ui-icons_8d78a5_256x240.png HTTP/1.1" 404 1089
190.95.2.163 - - [20/Mar/2025:09:42:01 -0300] "GET /cormun/static/Shared/jqueryui/images/ui-bg_flat_55_fafafa_40x100.png HTTP/1.1" 404 1097
190.95.2.163 - - [20/Mar/2025:09:42:01 -0300] "POST /cormun/servlet/trsolicitudot?9260a69b0644f07ee4716e559fa8ba92,,gx-no-cache=1742474632609 HTTP/1.1" 200 4078
190.95.2.163 - - [20/Mar/2025:09:43:24 -0300] "GET /cormun/servlet/hlogin HTTP/1.1" 200 1716
190.95.2.163 - - [20/Mar/2025:09:43:30 -0300] "POST /cormun/servlet/hlogin?9260a69b0644f07ee4716e559fa8ba92,gx-no-cache=1742474722466 HTTP/1.1" 200 90
190.95.2.163 - - [20/Mar/2025:09:43:30 -0300] "GET /cormun/servlet/hpexe_link HTTP/1.1" 200 947
190.95.2.163 - - [20/Mar/2025:09:43:31 -0300] "GET /cormun/servlet/hhome HTTP/1.1" 200 4164
190.95.2.163 - - [20/Mar/2025:09:43:34 -0300] "GET /cormun/servlet/trautorizarsolicitud? HTTP/1.1" 200 8680
91.208.206.203 - - [20/Mar/2025:09:43:36 -0300] "GET /manager/html HTTP/1.1" 401 2474
190.95.2.163 - - [20/Mar/2025:09:43:42 -0300] "POST /cormun/servlet/trautorizarsolicitud?9260a69b0644f07ee4716e559fa8ba92,,gx-no-cache=1742474734084 HTTP/1.1" 200 116
190.95.2.163 - - [20/Mar/2025:09:43:42 -0300] "GET /cormun/servlet/solicitudotlog?INS,2025,22192,0,ANU, HTTP/1.1" 200 5987
190.95.2.163 - - [20/Mar/2025:09:43:42 -0300] "GET /cormun/static/gxcfg.js?202211298384126 HTTP/1.1" 200 953
190.95.2.163 - - [20/Mar/2025:09:43:42 -0300] "GET /cormun/static/solicitudotlog.js?202211298384130 HTTP/1.1" 200 8934
190.95.2.163 - - [20/Mar/2025:09:43:43 -0300] "GET /cormun/servlet/solicitudotlog?0bf291224f93f97f9669753feeb3412c91b14c0cd0eb3d468f30d65943ab0ccf65c3408dd71f13805aa2bb7537bda4bad2474bb7e82342036c5c7b2d44f2384ec83c8330cb9ca2dc51725080f680c97828896392237626b280511d6a397eeac405c39d96d8a698a4038ff5d20a429414bbf7c865d48e45fe4a71d033409a329b36be8b50ab949a45f8c77d3afdf98c734d7cd7c971791b536acb6896a244e95c,gx-no-cache=1742474734915 HTTP/1.1" 200 94
190.95.2.163 - - [20/Mar/2025:09:43:49 -0300] "POST /cormun/servlet/solicitudotlog?9260a69b0644f07ee4716e559fa8ba92,INS,2025,22192,0,ANU,,gx-no-cache=1742474740816 HTTP/1.1" 200 93
190.95.2.163 - - [20/Mar/2025:09:43:49 -0300] "GET /cormun/servlet/hpexe_return? HTTP/1.1" 200 1024
190.95.2.163 - - [20/Mar/2025:09:43:49 -0300] "GET /cormun/servlet/trautorizarsolicitud HTTP/1.1" 200 8682
190.95.2.163 - - [20/Mar/2025:09:44:05 -0300] "POST /cormun/servlet/trautorizarsolicitud?9260a69b0644f07ee4716e559fa8ba92,gx-no-cache=1742474757349 HTTP/1.1" 200 4781
190.95.2.163 - - [20/Mar/2025:09:44:05 -0300] "GET /cormun/static/Shared/jqueryui/images/ui-bg_highlight-soft_100_c6c2c8_1x100.png HTTP/1.1" 404 1117
190.95.2.163 - - [20/Mar/2025:09:44:05 -0300] "GET /cormun/static/Shared/jqueryui/images/ui-icons_82798d_256x240.png HTTP/1.1" 404 1089
190.95.2.163 - - [20/Mar/2025:09:44:05 -0300] "GET /cormun/static/Shared/jqueryui/images/ui-icons_8d78a5_256x240.png HTTP/1.1" 404 1089
190.95.2.163 - - [20/Mar/2025:09:44:05 -0300] "GET /cormun/static/Shared/jqueryui/images/ui-bg_flat_55_fafafa_40x100.png HTTP/1.1" 404 1097
190.95.2.163 - - [20/Mar/2025:09:44:05 -0300] "POST /cormun/servlet/trautorizarsolicitud?9260a69b0644f07ee4716e559fa8ba92,gx-no-cache=1742474757491 HTTP/1.1" 200 4533
190.95.67.95 - - [20/Mar/2025:09:44:08 -0300] "GET /cormun/servlet/hlogin HTTP/1.1" 200 1720
190.95.67.95 - - [20/Mar/2025:09:44:08 -0300] "GET /cormun/static/gxtimezone.js?85251 HTTP/1.1" 200 5781
190.95.67.95 - - [20/Mar/2025:09:44:08 -0300] "GET /cormun/static/gxcfg.js?2022112219184450 HTTP/1.1" 200 953
190.95.67.95 - - [20/Mar/2025:09:44:08 -0300] "GET /cormun/static/Resources/CormunLogin.png HTTP/1.1" 200 19132
190.95.67.95 - - [20/Mar/2025:09:44:08 -0300] "GET /cormun/static/messages.spa.js?85251 HTTP/1.1" 200 30736
190.95.67.95 - - [20/Mar/2025:09:44:08 -0300] "GET /cormun/static/hlogin.js?2022112219184458 HTTP/1.1" 200 2156
190.95.67.95 - - [20/Mar/2025:09:44:08 -0300] "GET /cormun/static/Resources/Spanish/PXTools.css?1759030 HTTP/1.1" 200 100853
190.95.67.95 - - [20/Mar/2025:09:44:08 -0300] "GET /cormun/static/gxgral.js?85251 HTTP/1.1" 200 384558
190.95.67.95 - - [20/Mar/2025:09:44:08 -0300] "GET /cormun/static/Resources/PXToolsLoginBackground.png HTTP/1.1" 200 1164
190.95.67.95 - - [20/Mar/2025:09:44:08 -0300] "GET /cormun/static/Resources/PXToolsLoginTop.png HTTP/1.1" 200 1337
190.95.67.95 - - [20/Mar/2025:09:44:08 -0300] "GET /cormun/static/Resources/PXToolsButtonLeft.png HTTP/1.1" 200 1310
190.95.67.95 - - [20/Mar/2025:09:44:08 -0300] "GET /cormun/static/Resources/PXToolsButtonRight.png HTTP/1.1" 200 1294
190.95.67.95 - - [20/Mar/2025:09:44:08 -0300] "GET /cormun/static/Resources/PXToolsButtonBackground.png HTTP/1.1" 200 1176
190.95.67.95 - - [20/Mar/2025:09:44:08 -0300] "GET /cormun/static/Resources/PXToolsLoginBottom.png HTTP/1.1" 200 1389
190.95.67.95 - - [20/Mar/2025:09:44:08 -0300] "GET /cormun/static/Resources/indicator.gif HTTP/1.1" 200 1553
190.95.67.95 - - [20/Mar/2025:09:44:08 -0300] "GET /cormun/servlet/hlogin HTTP/1.1" 200 1731
190.95.67.95 - - [20/Mar/2025:09:44:08 -0300] "GET /cormun/static/Resources/CormunLogin.png HTTP/1.1" 206 1
190.95.67.95 - - [20/Mar/2025:09:44:08 -0300] "GET /cormun/static/Resources/CormunLogin.png HTTP/1.1" 206 5982
190.95.67.95 - - [20/Mar/2025:09:44:25 -0300] "POST /cormun/servlet/hlogin?14b0346caeaebc932015690efb30b3da,gx-no-cache=1742474774283 HTTP/1.1" 200 90
190.95.67.95 - - [20/Mar/2025:09:44:25 -0300] "GET /cormun/servlet/hpexe_link HTTP/1.1" 200 952
190.95.67.95 - - [20/Mar/2025:09:44:25 -0300] "GET /cormun/static/gxcfg.js?20221129847421 HTTP/1.1" 200 953
190.95.67.95 - - [20/Mar/2025:09:44:25 -0300] "GET /cormun/static/hpexe_link.js?20221129847423 HTTP/1.1" 200 625
190.95.67.95 - - [20/Mar/2025:09:44:25 -0300] "GET /cormun/static/Resources/Spanish/PXTools.css?8354383 HTTP/1.1" 200 100853
190.95.67.95 - - [20/Mar/2025:09:44:26 -0300] "GET /cormun/servlet/hhome HTTP/1.1" 200 4005
190.95.67.95 - - [20/Mar/2025:09:44:26 -0300] "GET /cormun/static/SmoothNavMenu/resources/ddsmoothmenu-v.css?1112540 HTTP/1.1" 200 1188
190.95.67.95 - - [20/Mar/2025:09:44:26 -0300] "GET /cormun/static/Shared/jqueryui/jquery-ui.min.css?1345370 HTTP/1.1" 200 30288
190.95.67.95 - - [20/Mar/2025:09:44:26 -0300] "GET /cormun/static/SmoothNavMenu/resources/ddsmoothmenu.css?1112540 HTTP/1.1" 200 2223
190.95.67.95 - - [20/Mar/2025:09:44:26 -0300] "GET /cormun/static/scaMessage/css/jquery.pnotify.default.css?1816380 HTTP/1.1" 200 1707
190.95.67.95 - - [20/Mar/2025:09:44:26 -0300] "GET /cormun/static/gxcfg.js?20201215495537 HTTP/1.1" 200 953
190.95.67.95 - - [20/Mar/2025:09:44:26 -0300] "GET /cormun/static/PXToolsJavascripts/pexe_autoreload.js HTTP/1.1" 200 1762
190.95.67.95 - - [20/Mar/2025:09:44:26 -0300] "GET /cormun/static/PXToolsJavascripts/pexe_cookies.js HTTP/1.1" 200 792
190.95.67.95 - - [20/Mar/2025:09:44:26 -0300] "GET /cormun/static/PXToolsJavascripts/pexe_grid.js HTTP/1.1" 200 7559
190.95.67.95 - - [20/Mar/2025:09:44:26 -0300] "GET /cormun/static/PXToolsJavascripts/pexe_windows.js HTTP/1.1" 200 15249
