190.95.1.187 - - [20/Mar/2025:10:50:11 -0300] "GET /cormun/static/Shared/jqueryui/images/ui-icons_82798d_256x240.png HTTP/1.1" 404 1089
190.95.1.187 - - [20/Mar/2025:10:50:11 -0300] "GET /cormun/static/Shared/jqueryui/images/ui-bg_flat_55_fafafa_40x100.png HTTP/1.1" 404 1097
190.95.1.187 - - [20/Mar/2025:10:50:11 -0300] "GET /cormun/static/Shared/jqueryui/images/ui-icons_8d78a5_256x240.png HTTP/1.1" 404 1089
190.95.1.187 - - [20/Mar/2025:10:50:11 -0300] "POST /cormun/servlet/trautorizarsolicitud?be284ce1da13c4ee7d0d55c9df1660d7,,gx-no-cache=1742478720142 HTTP/1.1" 200 4549
91.208.206.203 - - [20/Mar/2025:10:51:47 -0300] "GET /manager/html HTTP/1.1" 401 2474
190.95.67.95 - - [20/Mar/2025:10:53:09 -0300] "GET /cormun/servlet/hlogin HTTP/1.1" 200 1724
190.95.67.95 - - [20/Mar/2025:10:53:14 -0300] "POST /cormun/servlet/hlogin?35269eb348ca9f9f56be0c7772a1502d,gx-no-cache=1742478902491 HTTP/1.1" 200 90
190.95.67.95 - - [20/Mar/2025:10:53:20 -0300] "GET /cormun/servlet/hpexe_link HTTP/1.1" 200 959
190.95.67.95 - - [20/Mar/2025:10:53:21 -0300] "GET /cormun/servlet/trlicencias HTTP/1.1" 200 9676
91.208.206.203 - - [20/Mar/2025:10:55:49 -0300] "GET /manager/html HTTP/1.1" 401 2474
201.186.225.191 - - [20/Mar/2025:10:56:49 -0300] "GET /cormun/servlet/hlogin HTTP/1.1" 200 1721
201.186.225.191 - - [20/Mar/2025:10:56:50 -0300] "GET /cormun/servlet/hlogin HTTP/1.1" 200 1732
201.186.225.191 - - [20/Mar/2025:10:57:00 -0300] "POST /cormun/servlet/hlogin?d866b488f7e368070a20dd14b064b5c9,gx-no-cache=1742479131167 HTTP/1.1" 200 90
201.186.225.191 - - [20/Mar/2025:10:57:00 -0300] "GET /cormun/servlet/hpexe_link HTTP/1.1" 200 952
201.186.225.191 - - [20/Mar/2025:10:57:00 -0300] "GET /cormun/servlet/hhome HTTP/1.1" 200 4191
201.186.225.191 - - [20/Mar/2025:10:57:06 -0300] "GET /cormun/servlet/trlicencias? HTTP/1.1" 200 10476
201.186.225.191 - - [20/Mar/2025:10:57:57 -0300] "GET /cormun/servlet/licenciaspermisos?DSP,18039171,L,20250316000000, HTTP/1.1" 200 7323
201.186.225.191 - - [20/Mar/2025:10:57:57 -0300] "GET /cormun/static/gxcfg.js?202012153173 HTTP/1.1" 200 953
201.186.225.191 - - [20/Mar/2025:10:57:57 -0300] "GET /cormun/static/licenciaspermisos.js?2020121532136 HTTP/1.1" 200 38753
201.186.225.191 - - [20/Mar/2025:10:58:15 -0300] "GET /cormun/servlet/hlogin HTTP/1.1" 200 1766
181.43.150.39 - - [20/Mar/2025:10:59:09 -0300] "GET /cormun/servlet/hlogin HTTP/1.1" 200 1717
181.43.150.39 - - [20/Mar/2025:10:59:09 -0300] "GET /cormun/static/gxtimezone.js?85251 HTTP/1.1" 200 5781
181.43.150.39 - - [20/Mar/2025:10:59:09 -0300] "GET /cormun/static/gxcfg.js?2022112219184450 HTTP/1.1" 200 953
181.43.150.39 - - [20/Mar/2025:10:59:09 -0300] "GET /cormun/static/Resources/Spanish/PXTools.css?1759030 HTTP/1.1" 200 100853
181.43.150.39 - - [20/Mar/2025:10:59:09 -0300] "GET /cormun/static/Resources/CormunLogin.png HTTP/1.1" 200 19132
181.43.150.39 - - [20/Mar/2025:10:59:09 -0300] "GET /cormun/static/messages.spa.js?85251 HTTP/1.1" 200 30736
181.43.150.39 - - [20/Mar/2025:10:59:09 -0300] "GET /cormun/static/hlogin.js?2022112219184458 HTTP/1.1" 200 2156
181.43.150.39 - - [20/Mar/2025:10:59:09 -0300] "GET /cormun/static/gxgral.js?85251 HTTP/1.1" 200 384558
181.43.150.39 - - [20/Mar/2025:10:59:09 -0300] "GET /cormun/static/Resources/PXToolsLoginBackground.png HTTP/1.1" 200 1164
181.43.150.39 - - [20/Mar/2025:10:59:09 -0300] "GET /cormun/static/Resources/PXToolsLoginTop.png HTTP/1.1" 200 1337
181.43.150.39 - - [20/Mar/2025:10:59:09 -0300] "GET /cormun/static/Resources/PXToolsButtonBackground.png HTTP/1.1" 200 1176
181.43.150.39 - - [20/Mar/2025:10:59:09 -0300] "GET /cormun/static/Resources/PXToolsButtonLeft.png HTTP/1.1" 200 1310
181.43.150.39 - - [20/Mar/2025:10:59:09 -0300] "GET /cormun/static/Resources/PXToolsButtonRight.png HTTP/1.1" 200 1294
181.43.150.39 - - [20/Mar/2025:10:59:09 -0300] "GET /cormun/static/Resources/PXToolsLoginBottom.png HTTP/1.1" 200 1389
181.43.150.39 - - [20/Mar/2025:10:59:09 -0300] "GET /cormun/servlet/hlogin HTTP/1.1" 200 1728
181.43.150.39 - - [20/Mar/2025:10:59:09 -0300] "GET /cormun/static/Resources/indicator.gif HTTP/1.1" 200 1553
181.43.150.39 - - [20/Mar/2025:10:59:09 -0300] "GET /cormun/static/Resources/indicator.gif HTTP/1.1" 200 1553
181.43.150.39 - - [20/Mar/2025:10:59:10 -0300] "GET /favicon.ico HTTP/1.1" 200 21630
91.208.206.203 - - [20/Mar/2025:10:59:48 -0300] "GET /manager/html HTTP/1.1" 401 2474
91.208.206.203 - - [20/Mar/2025:11:03:45 -0300] "GET /manager/html HTTP/1.1" 401 2474
91.208.206.203 - - [20/Mar/2025:11:07:43 -0300] "GET /manager/html HTTP/1.1" 401 2474
181.43.150.39 - - [20/Mar/2025:11:07:51 -0300] "GET /cormun/servlet/hlogin HTTP/1.1" 200 1717
201.186.225.187 - - [20/Mar/2025:11:09:19 -0300] "GET /cormun/servlet/hlogin HTTP/1.1" 200 1724
201.186.225.187 - - [20/Mar/2025:11:09:20 -0300] "GET /cormun/servlet/hlogin HTTP/1.1" 200 1735
201.186.225.187 - - [20/Mar/2025:11:09:29 -0300] "POST /cormun/servlet/hlogin?5e426a213cfa70cbb1feb37e7b66778f,gx-no-cache=1742483404491 HTTP/1.1" 200 90
201.186.225.187 - - [20/Mar/2025:11:09:29 -0300] "GET /cormun/servlet/hpexe_link HTTP/1.1" 200 953
201.186.225.187 - - [20/Mar/2025:11:09:29 -0300] "GET /cormun/servlet/hhome HTTP/1.1" 200 3973
201.186.225.187 - - [20/Mar/2025:11:09:33 -0300] "GET /cormun/servlet/trlicencias? HTTP/1.1" 200 8616
190.95.67.91 - - [20/Mar/2025:11:11:07 -0300] "GET /cormun/servlet/trsolicitudot? HTTP/1.1" 200 6324
190.95.67.91 - - [20/Mar/2025:11:11:08 -0300] "GET /cormun/servlet/trsolicitudot? HTTP/1.1" 200 6322
190.95.67.91 - - [20/Mar/2025:11:11:08 -0300] "GET /cormun/servlet/hlogin HTTP/1.1" 200 1736
190.95.67.91 - - [20/Mar/2025:11:11:15 -0300] "POST /cormun/servlet/hlogin?168253f05c7100fbad74d2ea141e94b1,gx-no-cache=1742479987288 HTTP/1.1" 200 90
190.95.67.91 - - [20/Mar/2025:11:11:15 -0300] "GET /cormun/servlet/hpexe_link HTTP/1.1" 200 956
190.95.67.91 - - [20/Mar/2025:11:11:16 -0300] "GET /cormun/servlet/trsolicitudot HTTP/1.1" 200 7272
190.95.67.91 - - [20/Mar/2025:11:11:18 -0300] "GET /cormun/servlet/solicitudot?INS,0,0,false, HTTP/1.1" 200 16216
190.95.15.9 - - [20/Mar/2025:11:11:30 -0300] "GET /cormun/servlet/prbanco?,MD,,gxPopupLevel%3D0%3B HTTP/1.1" 200 6594
190.95.15.9 - - [20/Mar/2025:11:11:45 -0300] "GET /cormun/servlet/solicitudot?2355dd15d4927ce154dcb45e9e6ec985cc9806214cd33fb2dd131234f493b3f42ba70898dabace6f291eec0ec2b496189d192e6038836a866a71720bc55c5e5f,gx-no-cache=1742480015788 HTTP/1.1" 200 30
91.208.206.203 - - [20/Mar/2025:11:11:51 -0300] "GET /manager/html HTTP/1.1" 401 2474
190.95.15.9 - - [20/Mar/2025:11:11:52 -0300] "GET /cormun/servlet/solicitudot?2355dd15d4927ce154dcb45e9e6ec985152adada087522b3f2c44a84bf7ba470,gx-no-cache=1742480023430 HTTP/1.1" 200 45
190.95.15.9 - - [20/Mar/2025:11:13:59 -0300] "POST /cormun/servlet/solicitudot?gx-no-cache=1742480149819 HTTP/1.1" 200 297
190.95.15.9 - - [20/Mar/2025:11:13:59 -0300] "GET /cormun/servlet/solicitudot?2355dd15d4927ce154dcb45e9e6ec9856ee0880ce0373b926157b9ae3056944c8f38bfebd84b40a880dd47c926acf8db65fb16c5fd09bf0e75baf747d7b32a6883da189fcd9a10cfda9df5f470fdd48fbabd3851510cc4f176d83d39031eee0397f080d170bd7ad31e72369627c435819f4afd3a6742ec6b95e0046fdff36dba087864e43268f365fa612651c423e094f46b02ea12e9a81f513dd7583088d869b7137c73aa07beb7da997253987b3fabf2fb6ec331b6c7f3c021d1dffa959c66336a125db3ca3d8c559bb5882058c0ca47f9acec36af3f6d77fd76c90981cd8a25865dfafc9138197dd4f4b4613c472e4a0cb55601ed46263b2cedb72d270422ee46dae5513a9b9e918778f286ff7bb419dd003ecc50434c79abba00ced87e665d540a765126e3e486674d33b6d3a82464956350b18e26af3f23196d10468905cd597bfc2e449ae7237a59771745792ec9fe8e90c9464f61821b9609f6c21dcd392905d0c7141aebafffeca6f631377fdccd155fd896a4a1c02b370a4db0d4465698e63d794aff87db0bf383da752734,gx-no-cache=1742480149862 HTTP/1.1" 200 30
190.95.15.9 - - [20/Mar/2025:11:14:03 -0300] "POST /cormun/servlet/solicitudot?gx-no-cache=1742480154206 HTTP/1.1" 200 30
190.95.15.9 - - [20/Mar/2025:11:14:08 -0300] "POST /cormun/servlet/solicitudot?gx-no-cache=1742480158670 HTTP/1.1" 200 30
190.95.15.9 - - [20/Mar/2025:11:14:12 -0300] "POST /cormun/servlet/solicitudot?gx-no-cache=1742480163021 HTTP/1.1" 200 1481
190.95.15.9 - - [20/Mar/2025:11:14:12 -0300] "POST /cormun/servlet/solicitudot?gx-no-cache=1742480163069 HTTP/1.1" 200 38
91.208.206.203 - - [20/Mar/2025:11:15:59 -0300] "GET /manager/html HTTP/1.1" 401 2474
190.95.15.9 - - [20/Mar/2025:11:17:53 -0300] "GET /cormun/servlet/solicitudot?2355dd15d4927ce154dcb45e9e6ec985f15199362350039ecb1a84b1504387678e4fefc9401eb9d87dffaf5d7c4acef53b86656fa9287717e4347696c7aeace71038e825de22f407c340756a7e4a8a4fc3c6e809cdefef8021fc0f9818fdfe7b55b7ab9f45e6dbe52f8c8652f7e31693,gx-no-cache=1742480384262 HTTP/1.1" 200 110
190.95.15.9 - - [20/Mar/2025:11:18:29 -0300] "POST /cormun/servlet/solicitudot?gx-no-cache=1742480419594 HTTP/1.1" 200 83
190.95.15.9 - - [20/Mar/2025:11:19:05 -0300] "GET /cormun/servlet/solicitudot?2355dd15d4927ce154dcb45e9e6ec98540c93813e317ba40aecc580e0ae1442d26db157b4cba87e1ebaae9b501e07f7233a475f415c16c27d244f3511dfa7cd0052454b1171c93f66861818c2fbe84821839bdddd81a3d782e4d6f0e98c9e94268ab48e6d43f81426d60b2bd6a7562d6,gx-no-cache=1742480455607 HTTP/1.1" 200 29
190.95.15.9 - - [20/Mar/2025:11:19:05 -0300] "GET /cormun/static/menuarrow.gif HTTP/1.1" 404 1015
190.95.15.9 - - [20/Mar/2025:11:19:10 -0300] "GET /cormun/servlet/solicitudot?2355dd15d4927ce154dcb45e9e6ec985f8b3b77ce0a6fa4b92f1890893ea6ee5063d2c291f85b001d9afa470189ade91,gx-no-cache=1742480461094 HTTP/1.1" 200 30
190.95.15.9 - - [20/Mar/2025:11:19:19 -0300] "POST /cormun/servlet/solicitudot?gx-no-cache=1742480470024 HTTP/1.1" 200 30
91.208.206.203 - - [20/Mar/2025:11:20:03 -0300] "GET /manager/html HTTP/1.1" 401 2474
190.95.15.9 - - [20/Mar/2025:11:20:22 -0300] "GET /cormun/servlet/trsolicitudot? HTTP/1.1" 200 9329
190.95.15.9 - - [20/Mar/2025:11:20:28 -0300] "POST /cormun/servlet/trsolicitudot?5762322c1eef61515035051b321d7a68,,gx-no-cache=1742480538677 HTTP/1.1" 200 112
190.95.15.9 - - [20/Mar/2025:11:20:28 -0300] "GET /cormun/servlet/solicitudot?UPD,2025,22197,false, HTTP/1.1" 200 16668
190.95.15.9 - - [20/Mar/2025:11:20:29 -0300] "POST /cormun/servlet/solicitudot?gx-no-cache=1742480539857 HTTP/1.1" 200 4120
190.95.15.9 - - [20/Mar/2025:11:20:29 -0300] "POST /cormun/servlet/solicitudot?5762322c1eef61515035051b321d7a68,UPD,2025,22197,false,,gx-no-cache=1742480539982 HTTP/1.1" 200 12790
190.95.15.9 - - [20/Mar/2025:11:20:29 -0300] "GET /cormun/servlet/solicitudot?2355dd15d4927ce154dcb45e9e6ec985f8ddcb3c24c53eebe6b53d928cd1021246da5c6d4c4e3b50d954e9bccca21cea,gx-no-cache=1742480540111 HTTP/1.1" 200 30
190.95.15.9 - - [20/Mar/2025:11:20:29 -0300] "GET /cormun/servlet/solicitudot?2355dd15d4927ce154dcb45e9e6ec985cc9806214cd33fb2dd131234f493b3f42ba70898dabace6f291eec0ec2b49618bb07fde2bdcc1bec2c558545ebf3d1db,gx-no-cache=1742480540143 HTTP/1.1" 200 30
190.95.15.9 - - [20/Mar/2025:11:20:29 -0300] "GET /cormun/servlet/solicitudot?2355dd15d4927ce154dcb45e9e6ec9856873addc37d5b30dc7508447573d3d1e129fc9fdd62e4a62bec8c2bd0300c802,gx-no-cache=1742480540173 HTTP/1.1" 200 45
190.95.15.9 - - [20/Mar/2025:11:20:29 -0300] "POST /cormun/servlet/solicitudot?gx-no-cache=1742480540200 HTTP/1.1" 200 297
190.95.15.9 - - [20/Mar/2025:11:20:29 -0300] "GET /cormun/servlet/solicitudot?2355dd15d4927ce154dcb45e9e6ec9856ee0880ce0373b926157b9ae3056944c8f38bfebd84b40a880dd47c926acf8db65fb16c5fd09bf0e75baf747d7b32a6883da189fcd9a10cfda9df5f470fdd48fbabd3851510cc4f176d83d39031eee0397f080d170bd7ad31e72369627c435819f4afd3a6742ec6b95e0046fdff36dba087864e43268f365fa612651c423e094f46b02ea12e9a81f513dd7583088d869b7137c73aa07beb7da997253987b3fabf2fb6ec331b6c7f3c021d1dffa959c66336a125db3ca3d8c559bb5882058c0ca47f9acec36af3f6d77fd76c90981cd8a25865dfafc9138197dd4f4b4613c472e4a0cb55601ed46263b2cedb72d270422ee46dae5513a9b9e918778f286ff7bb419dd003ecc50434c79abba00ced87e665d540a765126e3e486674d33b6d3a82464956350b18e26af3f23196d10468905cd597bfc2e449ae7237a59771745792ec9fe8e90c9464f61821b9609f6c21dcd392905d0c7141aebafffeca6f631377f8be394e625f7b2bf856410e8b3c2b3df5698e63d794aff87db0bf383da752734,gx-no-cache=1742480540228 HTTP/1.1" 200 30
190.95.15.9 - - [20/Mar/2025:11:20:29 -0300] "POST /cormun/servlet/solicitudot?gx-no-cache=1742480540252 HTTP/1.1" 200 30
190.95.15.9 - - [20/Mar/2025:11:20:29 -0300] "POST /cormun/servlet/solicitudot?gx-no-cache=1742480540283 HTTP/1.1" 200 1481
190.95.15.9 - - [20/Mar/2025:11:20:29 -0300] "POST /cormun/servlet/solicitudot?gx-no-cache=1742480540324 HTTP/1.1" 200 41
190.95.15.9 - - [20/Mar/2025:11:20:42 -0300] "POST /cormun/servlet/solicitudot?5762322c1eef61515035051b321d7a68,INS,0,0,false,,gx-no-cache=1742480473132 HTTP/1.1" 200 93
190.95.15.9 - - [20/Mar/2025:11:21:19 -0300] "GET /cormun/servlet/solicitudot?2355dd15d4927ce154dcb45e9e6ec985f15199362350039ecb1a84b1504387678e4fefc9401eb9d87dffaf5d7c4acef53b86656fa9287717e4347696c7aeace71038e825de22f407c340756a7e4a8a4fc3c6e809cdefef8021fc0f9818fdfe7b55b7ab9f45e6dbe52f8c8652f7e31693,gx-no-cache=1742480590157 HTTP/1.1" 200 110
185.247.137.106 - - [20/Mar/2025:11:22:29 -0300] "GET / HTTP/1.1" 200 11217
87.236.176.166 - - [20/Mar/2025:11:22:30 -0300] "GET /favicon.ico HTTP/1.1" 200 21630
91.208.206.203 - - [20/Mar/2025:11:23:59 -0300] "GET /manager/html HTTP/1.1" 401 2474
91.208.206.203 - - [20/Mar/2025:11:28:05 -0300] "GET /manager/html HTTP/1.1" 401 2474
190.95.2.157 - - [20/Mar/2025:11:30:26 -0300] "GET /cormun/servlet/hlogin HTTP/1.1" 200 1730
190.95.2.157 - - [20/Mar/2025:11:30:32 -0300] "POST /cormun/servlet/hlogin?f0c43d755b6e9167785ad11805f65059,gx-no-cache=1742481143551 HTTP/1.1" 200 90
190.95.2.157 - - [20/Mar/2025:11:30:32 -0300] "GET /cormun/servlet/hpexe_link HTTP/1.1" 200 957
190.95.2.157 - - [20/Mar/2025:11:30:33 -0300] "GET /cormun/servlet/hhome HTTP/1.1" 200 4319
190.95.2.157 - - [20/Mar/2025:11:30:36 -0300] "GET /cormun/servlet/trsolicitudot? HTTP/1.1" 200 7538
190.95.2.157 - - [20/Mar/2025:11:30:41 -0300] "GET /cormun/servlet/solicitudot?INS,0,0,false, HTTP/1.1" 200 16312
201.186.225.185 - - [20/Mar/2025:11:31:41 -0300] "GET /cormun/servlet/hlogin HTTP/1.1" 200 1719
201.186.225.185 - - [20/Mar/2025:11:31:41 -0300] "GET /cormun/servlet/hlogin HTTP/1.1" 200 1730
201.186.225.185 - - [20/Mar/2025:11:31:45 -0300] "POST /cormun/servlet/hlogin?8abd16c257d55c21c5535fcd901f711f,gx-no-cache=1742481215963 HTTP/1.1" 200 90
201.186.225.185 - - [20/Mar/2025:11:31:45 -0300] "GET /cormun/servlet/hpexe_link HTTP/1.1" 200 950
201.186.225.185 - - [20/Mar/2025:11:31:45 -0300] "GET /cormun/servlet/hhome HTTP/1.1" 200 4219
201.186.225.185 - - [20/Mar/2025:11:31:48 -0300] "GET /cormun/servlet/trlicencias? HTTP/1.1" 200 10470
190.95.2.157 - - [20/Mar/2025:11:31:58 -0300] "POST /cormun/servlet/solicitudot?gx-no-cache=1742481228677 HTTP/1.1" 200 4039
190.95.2.157 - - [20/Mar/2025:11:31:58 -0300] "POST /cormun/servlet/solicitudot?f0c43d755b6e9167785ad11805f65059,INS,0,0,false,,gx-no-cache=1742481228770 HTTP/1.1" 200 12895
190.95.2.157 - - [20/Mar/2025:11:32:03 -0300] "GET /cormun/servlet/solicitudot?d6cedd982acc5dcde6100cab39e6da1198a8ee697c533015e351db3a96a3a8ef41906dd5cb1ffad9b61913352aa59287,gx-no-cache=1742481234474 HTTP/1.1" 200 30
91.208.206.203 - - [20/Mar/2025:11:32:11 -0300] "GET /manager/html HTTP/1.1" 401 2474
190.95.2.157 - - [20/Mar/2025:11:33:15 -0300] "GET /cormun/servlet/solicitudot?d6cedd982acc5dcde6100cab39e6da11642d74a071b1ecfe820307f899da0566,gx-no-cache=1742481306145 HTTP/1.1" 200 94
190.95.2.157 - - [20/Mar/2025:11:33:15 -0300] "GET /cormun/static/Shared/jqueryui/images/ui-bg_highlight-soft_100_c6c2c8_1x100.png HTTP/1.1" 404 1117
190.95.2.157 - - [20/Mar/2025:11:33:15 -0300] "GET /cormun/static/Shared/jqueryui/images/ui-bg_flat_55_994d53_40x100.png HTTP/1.1" 404 1097
190.95.2.157 - - [20/Mar/2025:11:33:15 -0300] "GET /cormun/static/Shared/jqueryui/images/ui-icons_82798d_256x240.png HTTP/1.1" 404 1089
190.95.2.157 - - [20/Mar/2025:11:33:15 -0300] "GET /cormun/static/Shared/jqueryui/images/ui-icons_ebccce_256x240.png HTTP/1.1" 404 1089
190.95.2.157 - - [20/Mar/2025:11:33:15 -0300] "GET /cormun/servlet/solicitudot?d6cedd982acc5dcde6100cab39e6da11895808249f3ab680b25614e90fd878a7,gx-no-cache=1742481306192 HTTP/1.1" 200 29
190.95.2.157 - - [20/Mar/2025:11:33:26 -0300] "POST /cormun/servlet/solicitudot?gx-no-cache=1742481317523 HTTP/1.1" 200 297
190.95.2.157 - - [20/Mar/2025:11:33:26 -0300] "GET /cormun/servlet/solicitudot?d6cedd982acc5dcde6100cab39e6da1156a4cc68afc8fcd08ba7897c4192416a79ded27ecf66778060cb5360b488699c51e8d339b812cb48564cf02cc7ccff913c334c5ea0c2872bcd160b7abf7588ca08807516a58a16b62732b733701d400e623d0fdfc22f0ce09e3cd1b58d7e8f469e0cd8fb76d260897b5589822b635c5744b7ec39b7b11d13814727ece76c94c2835d4158349b2a07504118f32343114b2385ce837ddc66fdf5a74fa3146c27bdbd30ed30300f370c2a6fa84fbd42e8b1048a08d09a4bb5e0705d601cde0ca7bfd5f2e5fdb8577870bee83e017eb596f6dfd2d89f842d0ff9a299d5c39fd39efc9d47a83ececbb7ea0670a830167c99ae2eda86313d48145fedd1387554009948a7b964ac1a4876ab3f1a51464c7af4cfb6833db3012fe0fdc16e20ea2336a67aa2d2144c44b4611c23a1bc0d1b474e4d3a1df2cf05820500e2b05ac4deb09bb2a1050cd4397c43fda80a91c6ee2139780ddd0714e1ece74d36b2d9fab480068671a83c185ee14f02e8e5fb6cef46cbb4478b0a6706f98bfbd06709ac564340ae,gx-no-cache=1742481317547 HTTP/1.1" 200 30
190.95.2.157 - - [20/Mar/2025:11:33:31 -0300] "POST /cormun/servlet/solicitudot?gx-no-cache=1742481322223 HTTP/1.1" 200 30
190.95.2.157 - - [20/Mar/2025:11:33:33 -0300] "POST /cormun/servlet/solicitudot?gx-no-cache=1742481323862 HTTP/1.1" 200 1479
190.95.2.157 - - [20/Mar/2025:11:33:33 -0300] "POST /cormun/servlet/solicitudot?gx-no-cache=1742481323886 HTTP/1.1" 200 38
190.95.2.157 - - [20/Mar/2025:11:34:07 -0300] "GET /cormun/servlet/solicitudot?d6cedd982acc5dcde6100cab39e6da113bccd7b4f54bc865e0e0b168c9db32b6fd14a2f7ae819c4a7bdc8f75b23b7ae6d54b413c3bc28bb870a75287bc7e6e2ce60ba98d4cc6065293fe57e80cd6265093e17591083fb484227bd6e0beb15ea9ad80f5e25103da50384c79fc149e8ee1,gx-no-cache=1742481358074 HTTP/1.1" 200 110
190.95.2.157 - - [20/Mar/2025:11:34:16 -0300] "POST /cormun/servlet/solicitudot?gx-no-cache=1742481367240 HTTP/1.1" 200 83
190.95.2.157 - - [20/Mar/2025:11:34:27 -0300] "GET /cormun/servlet/solicitudot?d6cedd982acc5dcde6100cab39e6da11045f915bf303772eb7116389078d56733427ed2fb6ff7399dacdb4baf3a1aff0c509a2d379165f2251921ee7af0ebc9d3dac2f37b486065041d14d964e00b66074e1b45018172bf14f255314815eb5e8d02158e7553ed0d7c8f22073152dce0a,gx-no-cache=1742481378519 HTTP/1.1" 200 29
190.95.2.157 - - [20/Mar/2025:11:34:27 -0300] "GET /cormun/static/menuarrow.gif HTTP/1.1" 404 1015
190.95.2.157 - - [20/Mar/2025:11:34:41 -0300] "GET /cormun/servlet/solicitudot?d6cedd982acc5dcde6100cab39e6da11a9020551d729259097738148190e572b5a7d2bf9b240f9bcff2df1f23fe8b55b,gx-no-cache=1742481392598 HTTP/1.1" 200 30
190.95.2.157 - - [20/Mar/2025:11:34:49 -0300] "POST /cormun/servlet/solicitudot?gx-no-cache=1742481399682 HTTP/1.1" 200 30
190.95.2.157 - - [20/Mar/2025:11:35:12 -0300] "POST /cormun/servlet/solicitudot?f0c43d755b6e9167785ad11805f65059,INS,0,0,false,,gx-no-cache=1742481422672 HTTP/1.1" 200 13266
190.95.2.157 - - [20/Mar/2025:11:36:00 -0300] "GET /cormun/servlet/solicitudot?d6cedd982acc5dcde6100cab39e6da11cfc863585cc297d89219801317ac9377356c8e804426a46fc5e124136e05b7cb62519314c52946514a04eaf1a9539343,gx-no-cache=1742481471470 HTTP/1.1" 200 30
190.95.2.157 - - [20/Mar/2025:11:36:00 -0300] "GET /cormun/servlet/solicitudot?d6cedd982acc5dcde6100cab39e6da1156a4cc68afc8fcd08ba7897c4192416a79ded27ecf66778060cb5360b488699c51e8d339b812cb48564cf02cc7ccff913c334c5ea0c2872bcd160b7abf7588ca08807516a58a16b62732b733701d400e623d0fdfc22f0ce09e3cd1b58d7e8f469e0cd8fb76d260897b5589822b635c5744b7ec39b7b11d13814727ece76c94c2835d4158349b2a07504118f32343114b2385ce837ddc66fdf5a74fa3146c27bdbd30ed30300f370c2a6fa84fbd42e8b1048a08d09a4bb5e0705d601cde0ca7bfd5f2e5fdb8577870bee83e017eb596f6dfd2d89f842d0ff9a299d5c39fd39efc9d47a83ececbb7ea0670a830167c99ae2eda86313d48145fedd1387554009948a7b964ac1a4876ab3f1a51464c7af4cfb6833db3012fe0fdc16e20ea2336a67aa2d2144c44b4611c23a1bc0d1b474e4d3a1df2cf05820500e2b05ac4deb09bb2a1050cd4397c43fda80a91c6ee2139780ddd0714e1ece74d36b2d9fab4800686beebd87309e7aefbc23e081b8c236513478b0a6706f98bfbd06709ac564340ae,gx-no-cache=1742481471503 HTTP/1.1" 200 30
190.95.2.157 - - [20/Mar/2025:11:36:00 -0300] "POST /cormun/servlet/solicitudot?gx-no-cache=1742481471518 HTTP/1.1" 200 30
190.95.2.157 - - [20/Mar/2025:11:36:00 -0300] "POST /cormun/servlet/solicitudot?gx-no-cache=1742481471534 HTTP/1.1" 200 1482
190.95.2.157 - - [20/Mar/2025:11:36:00 -0300] "POST /cormun/servlet/solicitudot?gx-no-cache=1742481471550 HTTP/1.1" 200 41
190.95.2.157 - - [20/Mar/2025:11:36:00 -0300] "GET /cormun/servlet/solicitudot?d6cedd982acc5dcde6100cab39e6da113bccd7b4f54bc865e0e0b168c9db32b6fd14a2f7ae819c4a7bdc8f75b23b7ae6d54b413c3bc28bb870a75287bc7e6e2ce60ba98d4cc6065293fe57e80cd6265093e17591083fb484227bd6e0beb15ea9ad80f5e25103da50384c79fc149e8ee1,gx-no-cache=1742481471562 HTTP/1.1" 200 110
190.95.2.157 - - [20/Mar/2025:11:36:00 -0300] "POST /cormun/servlet/solicitudot?gx-no-cache=1742481471576 HTTP/1.1" 200 83
190.95.2.157 - - [20/Mar/2025:11:36:00 -0300] "GET /cormun/servlet/solicitudot?d6cedd982acc5dcde6100cab39e6da11a9020551d729259097738148190e572b5a7d2bf9b240f9bcff2df1f23fe8b55b,gx-no-cache=1742481471591 HTTP/1.1" 200 30
190.95.2.157 - - [20/Mar/2025:11:36:00 -0300] "POST /cormun/servlet/solicitudot?gx-no-cache=1742481471604 HTTP/1.1" 200 30
190.95.2.157 - - [20/Mar/2025:11:36:01 -0300] "POST /cormun/servlet/solicitudot?f0c43d755b6e9167785ad11805f65059,INS,0,0,false,,gx-no-cache=1742481471619 HTTP/1.1" 200 93
190.95.2.157 - - [20/Mar/2025:11:36:01 -0300] "GET /cormun/servlet/hpexe_return? HTTP/1.1" 200 1015
190.95.2.157 - - [20/Mar/2025:11:36:01 -0300] "GET /cormun/servlet/trsolicitudot HTTP/1.1" 200 8927
190.95.2.157 - - [20/Mar/2025:11:36:06 -0300] "POST /cormun/servlet/trsolicitudot?f0c43d755b6e9167785ad11805f65059,gx-no-cache=1742481477401 HTTP/1.1" 200 107
190.95.2.157 - - [20/Mar/2025:11:36:06 -0300] "GET /cormun/servlet/trsolicitudadjuntos?2025,22198, HTTP/1.1" 200 6423
190.95.2.157 - - [20/Mar/2025:11:36:09 -0300] "GET /cormun/servlet/solicitudotadjuntos?INS,2025,22198,,1, HTTP/1.1" 200 6364
190.95.2.157 - - [20/Mar/2025:11:36:09 -0300] "GET /cormun/static/about:blank HTTP/1.1" 404 1011
91.208.206.203 - - [20/Mar/2025:11:36:09 -0300] "GET /manager/html HTTP/1.1" 401 2474
190.95.2.157 - - [20/Mar/2025:11:36:09 -0300] "GET /cormun/servlet/solicitudotadjuntos?d6cedd982acc5dcde6100cab39e6da11c186dfb373cb34adcbd60cd048134ba6ba98e3a87a8b04e5c50ef5a732b7b6c1,gx-no-cache=1742481480517 HTTP/1.1" 200 30
190.95.2.157 - - [20/Mar/2025:11:36:09 -0300] "POST /cormun/servlet/solicitudotadjuntos?f0c43d755b6e9167785ad11805f65059,INS,2025,22198,,1,,gx-no-cache=1742481480546 HTTP/1.1" 200 4154
190.95.2.157 - - [20/Mar/2025:11:36:11 -0300] "POST /cormun/servlet/solicitudotadjuntos?gx-no-cache=1742481482402 HTTP/1.1" 200 26
190.95.2.157 - - [20/Mar/2025:11:36:20 -0300] "GET /cormun/servlet/solicitudotadjuntos?d6cedd982acc5dcde6100cab39e6da11067bcc5fd8a3ee6a444cae6a4d16358b,gx-no-cache=1742481491605 HTTP/1.1" 200 30
190.95.2.157 - - [20/Mar/2025:11:36:20 -0300] "GET /cormun/servlet/solicitudotadjuntos?d6cedd982acc5dcde6100cab39e6da11067bcc5fd8a3ee6a444cae6a4d16358b,gx-no-cache=1742481491615 HTTP/1.1" 200 30
190.95.2.157 - - [20/Mar/2025:11:36:21 -0300] "POST /cormun/servlet/solicitudotadjuntos?f0c43d755b6e9167785ad11805f65059,INS,2025,22198,,1, HTTP/1.1" 200 116
190.95.2.157 - - [20/Mar/2025:11:36:21 -0300] "GET /cormun/servlet/hpexe_return? HTTP/1.1" 200 1032
190.95.2.157 - - [20/Mar/2025:11:36:21 -0300] "GET /cormun/servlet/trsolicitudadjuntos?2025,22198, HTTP/1.1" 200 9436
190.95.2.157 - - [20/Mar/2025:11:36:23 -0300] "GET /cormun/servlet/solicitudotadjuntos?INS,2025,22198,,1, HTTP/1.1" 200 6364
190.95.2.157 - - [20/Mar/2025:11:36:23 -0300] "GET /cormun/static/about:blank HTTP/1.1" 404 1011
190.95.2.157 - - [20/Mar/2025:11:36:23 -0300] "GET /cormun/servlet/solicitudotadjuntos?d6cedd982acc5dcde6100cab39e6da11c186dfb373cb34adcbd60cd048134ba6ba98e3a87a8b04e5c50ef5a732b7b6c1,gx-no-cache=1742481494633 HTTP/1.1" 200 30
190.95.2.157 - - [20/Mar/2025:11:36:24 -0300] "POST /cormun/servlet/solicitudotadjuntos?f0c43d755b6e9167785ad11805f65059,INS,2025,22198,,1,,gx-no-cache=1742481494649 HTTP/1.1" 200 4154
190.95.2.157 - - [20/Mar/2025:11:36:26 -0300] "POST /cormun/servlet/solicitudotadjuntos?gx-no-cache=1742481497542 HTTP/1.1" 200 26
190.95.2.157 - - [20/Mar/2025:11:36:37 -0300] "GET /cormun/servlet/solicitudotadjuntos?d6cedd982acc5dcde6100cab39e6da11067bcc5fd8a3ee6a444cae6a4d16358b,gx-no-cache=1742481507751 HTTP/1.1" 200 30
190.95.2.157 - - [20/Mar/2025:11:36:37 -0300] "GET /cormun/servlet/solicitudotadjuntos?d6cedd982acc5dcde6100cab39e6da11067bcc5fd8a3ee6a444cae6a4d16358b,gx-no-cache=1742481507769 HTTP/1.1" 200 30
190.95.2.157 - - [20/Mar/2025:11:36:37 -0300] "POST /cormun/servlet/solicitudotadjuntos?f0c43d755b6e9167785ad11805f65059,INS,2025,22198,,1, HTTP/1.1" 200 116
190.95.2.157 - - [20/Mar/2025:11:36:37 -0300] "GET /cormun/servlet/hpexe_return? HTTP/1.1" 200 1032
190.95.2.157 - - [20/Mar/2025:11:36:37 -0300] "GET /cormun/servlet/trsolicitudadjuntos?2025,22198, HTTP/1.1" 200 9665
190.95.2.157 - - [20/Mar/2025:11:36:39 -0300] "GET /cormun/servlet/solicitudotadjuntos?INS,2025,22198,,1, HTTP/1.1" 200 6364
190.95.2.157 - - [20/Mar/2025:11:36:39 -0300] "GET /cormun/static/about:blank HTTP/1.1" 404 1011
190.95.2.157 - - [20/Mar/2025:11:36:39 -0300] "GET /cormun/servlet/solicitudotadjuntos?d6cedd982acc5dcde6100cab39e6da11c186dfb373cb34adcbd60cd048134ba6ba98e3a87a8b04e5c50ef5a732b7b6c1,gx-no-cache=1742481510438 HTTP/1.1" 200 30
190.95.2.157 - - [20/Mar/2025:11:36:39 -0300] "POST /cormun/servlet/solicitudotadjuntos?f0c43d755b6e9167785ad11805f65059,INS,2025,22198,,1,,gx-no-cache=1742481510485 HTTP/1.1" 200 4154
190.95.2.157 - - [20/Mar/2025:11:36:42 -0300] "POST /cormun/servlet/solicitudotadjuntos?gx-no-cache=1742481513087 HTTP/1.1" 200 26
190.95.2.157 - - [20/Mar/2025:11:36:54 -0300] "GET /cormun/servlet/solicitudotadjuntos?d6cedd982acc5dcde6100cab39e6da11067bcc5fd8a3ee6a444cae6a4d16358b,gx-no-cache=1742481525174 HTTP/1.1" 200 30
190.95.2.157 - - [20/Mar/2025:11:36:54 -0300] "GET /cormun/servlet/solicitudotadjuntos?d6cedd982acc5dcde6100cab39e6da11067bcc5fd8a3ee6a444cae6a4d16358b,gx-no-cache=1742481525185 HTTP/1.1" 200 30
190.95.2.157 - - [20/Mar/2025:11:36:54 -0300] "POST /cormun/servlet/solicitudotadjuntos?f0c43d755b6e9167785ad11805f65059,INS,2025,22198,,1, HTTP/1.1" 200 116
190.95.2.157 - - [20/Mar/2025:11:36:54 -0300] "GET /cormun/servlet/hpexe_return? HTTP/1.1" 200 1032
190.95.2.157 - - [20/Mar/2025:11:36:54 -0300] "GET /cormun/servlet/trsolicitudadjuntos?2025,22198, HTTP/1.1" 200 9916
190.95.2.157 - - [20/Mar/2025:11:36:57 -0300] "GET /cormun/servlet/solicitudotadjuntos?INS,2025,22198,,1, HTTP/1.1" 200 6365
190.95.2.157 - - [20/Mar/2025:11:36:57 -0300] "GET /cormun/static/about:blank HTTP/1.1" 404 1011
190.95.2.157 - - [20/Mar/2025:11:36:57 -0300] "GET /cormun/servlet/solicitudotadjuntos?d6cedd982acc5dcde6100cab39e6da11c186dfb373cb34adcbd60cd048134ba6ba98e3a87a8b04e5c50ef5a732b7b6c1,gx-no-cache=1742481528640 HTTP/1.1" 200 30
190.95.2.157 - - [20/Mar/2025:11:36:58 -0300] "POST /cormun/servlet/solicitudotadjuntos?f0c43d755b6e9167785ad11805f65059,INS,2025,22198,,1,,gx-no-cache=1742481528657 HTTP/1.1" 200 4156
190.95.2.157 - - [20/Mar/2025:11:37:03 -0300] "POST /cormun/servlet/solicitudotadjuntos?gx-no-cache=1742481533886 HTTP/1.1" 200 26
190.95.2.157 - - [20/Mar/2025:11:37:15 -0300] "GET /cormun/servlet/solicitudotadjuntos?d6cedd982acc5dcde6100cab39e6da11067bcc5fd8a3ee6a444cae6a4d16358b,gx-no-cache=1742481545687 HTTP/1.1" 200 30
190.95.2.157 - - [20/Mar/2025:11:37:15 -0300] "GET /cormun/servlet/solicitudotadjuntos?d6cedd982acc5dcde6100cab39e6da11067bcc5fd8a3ee6a444cae6a4d16358b,gx-no-cache=1742481545700 HTTP/1.1" 200 30
190.95.2.157 - - [20/Mar/2025:11:37:15 -0300] "POST /cormun/servlet/solicitudotadjuntos?f0c43d755b6e9167785ad11805f65059,INS,2025,22198,,1, HTTP/1.1" 200 116
190.95.2.157 - - [20/Mar/2025:11:37:15 -0300] "GET /cormun/servlet/hpexe_return? HTTP/1.1" 200 1032
190.95.2.157 - - [20/Mar/2025:11:37:15 -0300] "GET /cormun/servlet/trsolicitudadjuntos?2025,22198, HTTP/1.1" 200 10141
190.95.2.157 - - [20/Mar/2025:11:37:24 -0300] "GET /cormun/servlet/solicitudotadjuntos?INS,2025,22198,,1, HTTP/1.1" 200 6365
190.95.2.157 - - [20/Mar/2025:11:37:24 -0300] "GET /cormun/static/about:blank HTTP/1.1" 404 1011
190.95.2.157 - - [20/Mar/2025:11:37:24 -0300] "GET /cormun/servlet/solicitudotadjuntos?d6cedd982acc5dcde6100cab39e6da11c186dfb373cb34adcbd60cd048134ba6ba98e3a87a8b04e5c50ef5a732b7b6c1,gx-no-cache=1742481555633 HTTP/1.1" 200 30
190.95.2.157 - - [20/Mar/2025:11:37:25 -0300] "POST /cormun/servlet/solicitudotadjuntos?f0c43d755b6e9167785ad11805f65059,INS,2025,22198,,1,,gx-no-cache=1742481555648 HTTP/1.1" 200 4156
190.95.2.157 - - [20/Mar/2025:11:37:28 -0300] "POST /cormun/servlet/solicitudotadjuntos?gx-no-cache=1742481559175 HTTP/1.1" 200 26
190.95.15.9 - - [20/Mar/2025:11:37:38 -0300] "POST /cormun/servlet/solicitudot?gx-no-cache=1742481569266 HTTP/1.1" 200 83
190.95.15.9 - - [20/Mar/2025:11:37:38 -0300] "GET /cormun/servlet/solicitudot?2355dd15d4927ce154dcb45e9e6ec9852a5d1f2dcd17696fecbca320efb1d8300daca6cba9bd15e669f66d85668e2d260cf3077a97e386d5e19eb10e1d3ba0850745cde22a20874a311a389615509c001cd9d1734d6fead13e16a835d26bc006859e454a7592ea6c968002da6b0eafa9,gx-no-cache=1742481569318 HTTP/1.1" 200 29
190.95.15.9 - - [20/Mar/2025:11:37:38 -0300] "GET /cormun/servlet/solicitudot?2355dd15d4927ce154dcb45e9e6ec985f8b3b77ce0a6fa4b92f1890893ea6ee5063d2c291f85b001d9afa470189ade91,gx-no-cache=1742481569340 HTTP/1.1" 200 30
190.95.15.9 - - [20/Mar/2025:11:37:38 -0300] "POST /cormun/servlet/solicitudot?gx-no-cache=1742481569366 HTTP/1.1" 200 30
190.95.15.9 - - [20/Mar/2025:11:37:39 -0300] "POST /cormun/servlet/solicitudot?5762322c1eef61515035051b321d7a68,UPD,2025,22197,false,,gx-no-cache=1742481569396 HTTP/1.1" 200 93
190.95.15.9 - - [20/Mar/2025:11:37:39 -0300] "GET /cormun/servlet/hpexe_return? HTTP/1.1" 200 1014
190.95.15.9 - - [20/Mar/2025:11:37:39 -0300] "GET /cormun/servlet/hhome HTTP/1.1" 200 4212
190.95.2.157 - - [20/Mar/2025:11:37:39 -0300] "GET /cormun/servlet/solicitudotadjuntos?d6cedd982acc5dcde6100cab39e6da11067bcc5fd8a3ee6a444cae6a4d16358b,gx-no-cache=1742481570311 HTTP/1.1" 200 30
190.95.2.157 - - [20/Mar/2025:11:37:39 -0300] "GET /cormun/servlet/solicitudotadjuntos?d6cedd982acc5dcde6100cab39e6da11067bcc5fd8a3ee6a444cae6a4d16358b,gx-no-cache=1742481570321 HTTP/1.1" 200 30
190.95.2.157 - - [20/Mar/2025:11:37:39 -0300] "POST /cormun/servlet/solicitudotadjuntos?f0c43d755b6e9167785ad11805f65059,INS,2025,22198,,1, HTTP/1.1" 200 116
190.95.2.157 - - [20/Mar/2025:11:37:39 -0300] "GET /cormun/servlet/hpexe_return? HTTP/1.1" 200 1032
190.95.2.157 - - [20/Mar/2025:11:37:39 -0300] "GET /cormun/servlet/trsolicitudadjuntos?2025,22198, HTTP/1.1" 200 10391
190.95.2.157 - - [20/Mar/2025:11:37:41 -0300] "GET /cormun/servlet/solicitudotadjuntos?INS,2025,22198,,1, HTTP/1.1" 200 6365
190.95.2.157 - - [20/Mar/2025:11:37:41 -0300] "GET /cormun/static/about:blank HTTP/1.1" 404 1011
190.95.2.157 - - [20/Mar/2025:11:37:42 -0300] "GET /cormun/servlet/solicitudotadjuntos?d6cedd982acc5dcde6100cab39e6da11c186dfb373cb34adcbd60cd048134ba6ba98e3a87a8b04e5c50ef5a732b7b6c1,gx-no-cache=1742481573114 HTTP/1.1" 200 30
190.95.2.157 - - [20/Mar/2025:11:37:42 -0300] "POST /cormun/servlet/solicitudotadjuntos?f0c43d755b6e9167785ad11805f65059,INS,2025,22198,,1,,gx-no-cache=1742481573127 HTTP/1.1" 200 4156
190.95.15.9 - - [20/Mar/2025:11:37:44 -0300] "GET /cormun/servlet/trsolicitudot? HTTP/1.1" 200 9340
190.95.2.157 - - [20/Mar/2025:11:37:45 -0300] "POST /cormun/servlet/solicitudotadjuntos?gx-no-cache=1742481575982 HTTP/1.1" 200 26
190.95.15.9 - - [20/Mar/2025:11:37:52 -0300] "POST /cormun/servlet/trsolicitudot?5762322c1eef61515035051b321d7a68,,gx-no-cache=1742481583052 HTTP/1.1" 200 107
190.95.15.9 - - [20/Mar/2025:11:37:52 -0300] "GET /cormun/servlet/trsolicitudadjuntos?2025,22197, HTTP/1.1" 200 6314
190.95.2.157 - - [20/Mar/2025:11:37:52 -0300] "GET /cormun/servlet/solicitudotadjuntos?d6cedd982acc5dcde6100cab39e6da11067bcc5fd8a3ee6a444cae6a4d16358b,gx-no-cache=1742481583463 HTTP/1.1" 200 30
190.95.2.157 - - [20/Mar/2025:11:37:52 -0300] "GET /cormun/servlet/solicitudotadjuntos?d6cedd982acc5dcde6100cab39e6da11067bcc5fd8a3ee6a444cae6a4d16358b,gx-no-cache=1742481583485 HTTP/1.1" 200 30
190.95.2.157 - - [20/Mar/2025:11:37:52 -0300] "POST /cormun/servlet/solicitudotadjuntos?f0c43d755b6e9167785ad11805f65059,INS,2025,22198,,1, HTTP/1.1" 200 116
190.95.2.157 - - [20/Mar/2025:11:37:52 -0300] "GET /cormun/servlet/hpexe_return? HTTP/1.1" 200 1032
190.95.2.157 - - [20/Mar/2025:11:37:53 -0300] "GET /cormun/servlet/trsolicitudadjuntos?2025,22198, HTTP/1.1" 200 10557
190.95.15.9 - - [20/Mar/2025:11:37:55 -0300] "GET /cormun/servlet/solicitudotadjuntos?INS,2025,22197,,1, HTTP/1.1" 200 6259
190.95.15.9 - - [20/Mar/2025:11:37:55 -0300] "GET /cormun/static/about:blank HTTP/1.1" 404 1011
190.95.15.9 - - [20/Mar/2025:11:37:55 -0300] "GET /cormun/servlet/solicitudotadjuntos?2355dd15d4927ce154dcb45e9e6ec985171aa91f26725da289d9bde1d630081fc2fc7d19fec16d9935621b6a30efd45a,gx-no-cache=1742481586452 HTTP/1.1" 200 30
190.95.15.9 - - [20/Mar/2025:11:37:55 -0300] "POST /cormun/servlet/solicitudotadjuntos?5762322c1eef61515035051b321d7a68,INS,2025,22197,,1,,gx-no-cache=1742481586482 HTTP/1.1" 200 4148
190.95.15.9 - - [20/Mar/2025:11:37:57 -0300] "POST /cormun/servlet/solicitudotadjuntos?gx-no-cache=1742481588473 HTTP/1.1" 200 26
190.95.2.157 - - [20/Mar/2025:11:37:58 -0300] "POST /cormun/servlet/trsolicitudadjuntos?f0c43d755b6e9167785ad11805f65059,2025,22198,,gx-no-cache=1742481589521 HTTP/1.1" 200 90
190.95.2.157 - - [20/Mar/2025:11:37:58 -0300] "GET /cormun/servlet/hpexe_link HTTP/1.1" 200 975
190.95.2.157 - - [20/Mar/2025:11:37:58 -0300] "GET /cormun/servlet/trsolicitudot HTTP/1.1" 200 8924
190.95.2.157 - - [20/Mar/2025:11:38:09 -0300] "POST /cormun/servlet/trsolicitudot?f0c43d755b6e9167785ad11805f65059,gx-no-cache=1742481599601 HTTP/1.1" 200 4865
190.95.2.157 - - [20/Mar/2025:11:38:09 -0300] "GET /cormun/static/Shared/jqueryui/images/ui-bg_flat_55_fafafa_40x100.png HTTP/1.1" 404 1097
190.95.2.157 - - [20/Mar/2025:11:38:09 -0300] "GET /cormun/static/Shared/jqueryui/images/ui-icons_8d78a5_256x240.png HTTP/1.1" 404 1089
190.95.2.157 - - [20/Mar/2025:11:38:09 -0300] "POST /cormun/servlet/trsolicitudot?f0c43d755b6e9167785ad11805f65059,gx-no-cache=1742481599742 HTTP/1.1" 200 4615
190.95.2.157 - - [20/Mar/2025:11:38:12 -0300] "GET /cormun/servlet/trautorizarsolicitud? HTTP/1.1" 200 8817
190.95.2.157 - - [20/Mar/2025:11:38:17 -0300] "POST /cormun/servlet/trautorizarsolicitud?f0c43d755b6e9167785ad11805f65059,,gx-no-cache=1742481608009 HTTP/1.1" 200 4795
190.95.2.157 - - [20/Mar/2025:11:38:17 -0300] "POST /cormun/servlet/trautorizarsolicitud?f0c43d755b6e9167785ad11805f65059,,gx-no-cache=1742481608132 HTTP/1.1" 200 4547
190.95.15.9 - - [20/Mar/2025:11:38:48 -0300] "GET /cormun/servlet/solicitudotadjuntos?2355dd15d4927ce154dcb45e9e6ec985c94dea90df52e90a02fdbfb255ebeb8c,gx-no-cache=1742481638998 HTTP/1.1" 200 30
190.95.15.9 - - [20/Mar/2025:11:38:48 -0300] "GET /cormun/servlet/solicitudotadjuntos?2355dd15d4927ce154dcb45e9e6ec985c94dea90df52e90a02fdbfb255ebeb8c,gx-no-cache=1742481639021 HTTP/1.1" 200 30
190.95.15.9 - - [20/Mar/2025:11:38:48 -0300] "POST /cormun/servlet/solicitudotadjuntos?5762322c1eef61515035051b321d7a68,INS,2025,22197,,1, HTTP/1.1" 200 116
190.95.15.9 - - [20/Mar/2025:11:38:48 -0300] "GET /cormun/servlet/hpexe_return? HTTP/1.1" 200 1024
190.95.15.9 - - [20/Mar/2025:11:38:48 -0300] "GET /cormun/servlet/trsolicitudadjuntos?2025,22197, HTTP/1.1" 200 9330
190.95.15.9 - - [20/Mar/2025:11:38:51 -0300] "GET /cormun/servlet/solicitudotadjuntos?INS,2025,22197,,1, HTTP/1.1" 200 6258
190.95.15.9 - - [20/Mar/2025:11:38:51 -0300] "GET /cormun/static/about:blank HTTP/1.1" 404 1011
190.95.15.9 - - [20/Mar/2025:11:38:52 -0300] "GET /cormun/servlet/solicitudotadjuntos?2355dd15d4927ce154dcb45e9e6ec985171aa91f26725da289d9bde1d630081fc2fc7d19fec16d9935621b6a30efd45a,gx-no-cache=1742481642943 HTTP/1.1" 200 30
190.95.15.9 - - [20/Mar/2025:11:38:52 -0300] "POST /cormun/servlet/solicitudotadjuntos?5762322c1eef61515035051b321d7a68,INS,2025,22197,,1,,gx-no-cache=1742481642980 HTTP/1.1" 200 4148
190.95.15.9 - - [20/Mar/2025:11:38:54 -0300] "POST /cormun/servlet/solicitudotadjuntos?gx-no-cache=1742481645314 HTTP/1.1" 200 26
190.95.67.99 - - [20/Mar/2025:11:39:06 -0300] "GET /cormun/servlet/hlogin HTTP/1.1" 200 1720
190.95.67.99 - - [20/Mar/2025:11:39:06 -0300] "GET /cormun/servlet/hlogin HTTP/1.1" 200 1730
190.95.15.9 - - [20/Mar/2025:11:39:07 -0300] "GET /cormun/servlet/solicitudotadjuntos?2355dd15d4927ce154dcb45e9e6ec985c94dea90df52e90a02fdbfb255ebeb8c,gx-no-cache=1742481657902 HTTP/1.1" 200 30
190.95.15.9 - - [20/Mar/2025:11:39:07 -0300] "GET /cormun/servlet/solicitudotadjuntos?2355dd15d4927ce154dcb45e9e6ec985c94dea90df52e90a02fdbfb255ebeb8c,gx-no-cache=1742481657919 HTTP/1.1" 200 30
190.95.15.9 - - [20/Mar/2025:11:39:07 -0300] "POST /cormun/servlet/solicitudotadjuntos?5762322c1eef61515035051b321d7a68,INS,2025,22197,,1, HTTP/1.1" 200 116
190.95.15.9 - - [20/Mar/2025:11:39:08 -0300] "GET /cormun/servlet/hpexe_return? HTTP/1.1" 200 1024
190.95.15.9 - - [20/Mar/2025:11:39:08 -0300] "GET /cormun/servlet/trsolicitudadjuntos?2025,22197, HTTP/1.1" 200 9579
190.95.67.99 - - [20/Mar/2025:11:39:09 -0300] "POST /cormun/servlet/hlogin?e559cc259e1903b61fe218f359362358,gx-no-cache=1742481568212 HTTP/1.1" 200 90
190.95.67.99 - - [20/Mar/2025:11:39:09 -0300] "GET /cormun/servlet/hpexe_link HTTP/1.1" 200 951
190.95.67.99 - - [20/Mar/2025:11:39:09 -0300] "GET /cormun/servlet/hhome HTTP/1.1" 200 4304
190.95.15.9 - - [20/Mar/2025:11:39:10 -0300] "GET /cormun/servlet/solicitudotadjuntos?INS,2025,22197,,1, HTTP/1.1" 200 6258
190.95.15.9 - - [20/Mar/2025:11:39:11 -0300] "GET /cormun/static/about:blank HTTP/1.1" 404 1011
190.95.15.9 - - [20/Mar/2025:11:39:11 -0300] "GET /cormun/servlet/solicitudotadjuntos?2355dd15d4927ce154dcb45e9e6ec985171aa91f26725da289d9bde1d630081fc2fc7d19fec16d9935621b6a30efd45a,gx-no-cache=1742481662162 HTTP/1.1" 200 30
190.95.15.9 - - [20/Mar/2025:11:39:11 -0300] "POST /cormun/servlet/solicitudotadjuntos?5762322c1eef61515035051b321d7a68,INS,2025,22197,,1,,gx-no-cache=1742481662194 HTTP/1.1" 200 4148
190.95.15.9 - - [20/Mar/2025:11:39:15 -0300] "POST /cormun/servlet/solicitudotadjuntos?gx-no-cache=1742481666027 HTTP/1.1" 200 26
190.95.67.99 - - [20/Mar/2025:11:39:20 -0300] "GET /cormun/servlet/trlicencias? HTTP/1.1" 200 10262
190.95.67.99 - - [20/Mar/2025:11:39:24 -0300] "GET /cormun/servlet/licenciaspermisos?DSP,13957012,L,20250318000000, HTTP/1.1" 200 7437
91.208.206.203 - - [20/Mar/2025:11:40:07 -0300] "GET /manager/html HTTP/1.1" 401 2474
190.95.67.99 - - [20/Mar/2025:11:40:31 -0300] "POST /cormun/servlet/licenciaspermisos?e559cc259e1903b61fe218f359362358,DSP,13957012,L,20250318000000,,gx-no-cache=1742481649858 HTTP/1.1" 200 93
190.95.67.99 - - [20/Mar/2025:11:40:31 -0300] "GET /cormun/servlet/hpexe_return? HTTP/1.1" 200 1027
190.95.67.99 - - [20/Mar/2025:11:40:31 -0300] "GET /cormun/servlet/trlicencias HTTP/1.1" 200 10270
190.95.67.99 - - [20/Mar/2025:11:40:34 -0300] "GET /cormun/servlet/licenciaspermisos?DSP,12515149,L,20250318000000, HTTP/1.1" 200 7451
190.95.15.9 - - [20/Mar/2025:11:41:24 -0300] "GET /cormun/servlet/solicitudotadjuntos?2355dd15d4927ce154dcb45e9e6ec985c94dea90df52e90a02fdbfb255ebeb8c,gx-no-cache=1742481795037 HTTP/1.1" 200 30
190.95.15.9 - - [20/Mar/2025:11:41:24 -0300] "GET /cormun/servlet/solicitudotadjuntos?2355dd15d4927ce154dcb45e9e6ec985c94dea90df52e90a02fdbfb255ebeb8c,gx-no-cache=1742481795060 HTTP/1.1" 200 30
190.95.15.9 - - [20/Mar/2025:11:41:24 -0300] "POST /cormun/servlet/solicitudotadjuntos?5762322c1eef61515035051b321d7a68,INS,2025,22197,,1, HTTP/1.1" 200 116
190.95.15.9 - - [20/Mar/2025:11:41:24 -0300] "GET /cormun/servlet/hpexe_return? HTTP/1.1" 200 1024
190.95.15.9 - - [20/Mar/2025:11:41:25 -0300] "GET /cormun/servlet/trsolicitudadjuntos?2025,22197, HTTP/1.1" 200 9889
190.95.15.9 - - [20/Mar/2025:11:41:29 -0300] "GET /cormun/servlet/solicitudotadjuntos?INS,2025,22197,,1, HTTP/1.1" 200 6258
190.95.15.9 - - [20/Mar/2025:11:41:29 -0300] "GET /cormun/static/about:blank HTTP/1.1" 404 1011
190.95.15.9 - - [20/Mar/2025:11:41:30 -0300] "GET /cormun/servlet/solicitudotadjuntos?2355dd15d4927ce154dcb45e9e6ec985171aa91f26725da289d9bde1d630081fc2fc7d19fec16d9935621b6a30efd45a,gx-no-cache=1742481800950 HTTP/1.1" 200 30
190.95.15.9 - - [20/Mar/2025:11:41:30 -0300] "POST /cormun/servlet/solicitudotadjuntos?5762322c1eef61515035051b321d7a68,INS,2025,22197,,1,,gx-no-cache=1742481800977 HTTP/1.1" 200 4149
190.95.15.9 - - [20/Mar/2025:11:41:33 -0300] "POST /cormun/servlet/solicitudotadjuntos?gx-no-cache=1742481803747 HTTP/1.1" 200 26
190.95.15.9 - - [20/Mar/2025:11:41:39 -0300] "GET /cormun/servlet/solicitudotadjuntos?2355dd15d4927ce154dcb45e9e6ec985c94dea90df52e90a02fdbfb255ebeb8c,gx-no-cache=1742481810038 HTTP/1.1" 200 30
190.95.15.9 - - [20/Mar/2025:11:41:39 -0300] "GET /cormun/servlet/solicitudotadjuntos?2355dd15d4927ce154dcb45e9e6ec985c94dea90df52e90a02fdbfb255ebeb8c,gx-no-cache=1742481810054 HTTP/1.1" 200 30
190.95.15.9 - - [20/Mar/2025:11:41:39 -0300] "POST /cormun/servlet/solicitudotadjuntos?5762322c1eef61515035051b321d7a68,INS,2025,22197,,1, HTTP/1.1" 200 116
190.95.15.9 - - [20/Mar/2025:11:41:39 -0300] "GET /cormun/servlet/hpexe_return? HTTP/1.1" 200 1024
190.95.15.9 - - [20/Mar/2025:11:41:39 -0300] "GET /cormun/servlet/trsolicitudadjuntos?2025,22197, HTTP/1.1" 200 10115
190.95.15.9 - - [20/Mar/2025:11:41:43 -0300] "GET /cormun/servlet/solicitudotadjuntos?INS,2025,22197,,1, HTTP/1.1" 200 6258
190.95.15.9 - - [20/Mar/2025:11:41:43 -0300] "GET /cormun/static/about:blank HTTP/1.1" 404 1011
190.95.15.9 - - [20/Mar/2025:11:41:44 -0300] "GET /cormun/servlet/solicitudotadjuntos?2355dd15d4927ce154dcb45e9e6ec985171aa91f26725da289d9bde1d630081fc2fc7d19fec16d9935621b6a30efd45a,gx-no-cache=1742481814590 HTTP/1.1" 200 30
190.95.15.9 - - [20/Mar/2025:11:41:44 -0300] "POST /cormun/servlet/solicitudotadjuntos?5762322c1eef61515035051b321d7a68,INS,2025,22197,,1,,gx-no-cache=1742481814624 HTTP/1.1" 200 4149
190.95.15.9 - - [20/Mar/2025:11:41:46 -0300] "POST /cormun/servlet/solicitudotadjuntos?gx-no-cache=1742481817146 HTTP/1.1" 200 26
190.95.15.9 - - [20/Mar/2025:11:41:55 -0300] "GET /cormun/servlet/solicitudotadjuntos?2355dd15d4927ce154dcb45e9e6ec985c94dea90df52e90a02fdbfb255ebeb8c,gx-no-cache=1742481825628 HTTP/1.1" 200 30
190.95.15.9 - - [20/Mar/2025:11:41:55 -0300] "GET /cormun/servlet/solicitudotadjuntos?2355dd15d4927ce154dcb45e9e6ec985c94dea90df52e90a02fdbfb255ebeb8c,gx-no-cache=1742481825648 HTTP/1.1" 200 30
190.95.15.9 - - [20/Mar/2025:11:41:55 -0300] "POST /cormun/servlet/solicitudotadjuntos?5762322c1eef61515035051b321d7a68,INS,2025,22197,,1, HTTP/1.1" 200 116
190.95.15.9 - - [20/Mar/2025:11:41:55 -0300] "GET /cormun/servlet/hpexe_return? HTTP/1.1" 200 1024
190.95.15.9 - - [20/Mar/2025:11:41:55 -0300] "GET /cormun/servlet/trsolicitudadjuntos?2025,22197, HTTP/1.1" 200 10383
190.95.67.99 - - [20/Mar/2025:11:41:57 -0300] "POST /cormun/servlet/licenciaspermisos?e559cc259e1903b61fe218f359362358,DSP,12515149,L,20250318000000,,gx-no-cache=1742481736217 HTTP/1.1" 200 93
190.95.67.99 - - [20/Mar/2025:11:41:57 -0300] "GET /cormun/servlet/hpexe_return? HTTP/1.1" 200 1027
190.95.67.99 - - [20/Mar/2025:11:41:57 -0300] "GET /cormun/servlet/trlicencias HTTP/1.1" 200 10270
190.95.15.9 - - [20/Mar/2025:11:41:59 -0300] "GET /cormun/servlet/solicitudotadjuntos?INS,2025,22197,,1, HTTP/1.1" 200 6258
190.95.15.9 - - [20/Mar/2025:11:41:59 -0300] "GET /cormun/static/about:blank HTTP/1.1" 404 1011
190.95.15.9 - - [20/Mar/2025:11:42:00 -0300] "GET /cormun/servlet/solicitudotadjuntos?2355dd15d4927ce154dcb45e9e6ec985171aa91f26725da289d9bde1d630081fc2fc7d19fec16d9935621b6a30efd45a,gx-no-cache=1742481830701 HTTP/1.1" 200 30
190.95.15.9 - - [20/Mar/2025:11:42:00 -0300] "POST /cormun/servlet/solicitudotadjuntos?5762322c1eef61515035051b321d7a68,INS,2025,22197,,1,,gx-no-cache=1742481830733 HTTP/1.1" 200 4149
190.95.67.99 - - [20/Mar/2025:11:42:01 -0300] "GET /cormun/servlet/licenciaspermisos?DSP,17991546,L,20250303000000, HTTP/1.1" 200 7445
190.95.15.9 - - [20/Mar/2025:11:42:02 -0300] "POST /cormun/servlet/solicitudotadjuntos?gx-no-cache=1742481832931 HTTP/1.1" 200 26
190.95.15.9 - - [20/Mar/2025:11:42:08 -0300] "GET /cormun/servlet/solicitudotadjuntos?2355dd15d4927ce154dcb45e9e6ec985c94dea90df52e90a02fdbfb255ebeb8c,gx-no-cache=1742481839334 HTTP/1.1" 200 30
190.95.15.9 - - [20/Mar/2025:11:42:08 -0300] "GET /cormun/servlet/solicitudotadjuntos?2355dd15d4927ce154dcb45e9e6ec985c94dea90df52e90a02fdbfb255ebeb8c,gx-no-cache=1742481839349 HTTP/1.1" 200 30
190.95.15.9 - - [20/Mar/2025:11:42:08 -0300] "POST /cormun/servlet/solicitudotadjuntos?5762322c1eef61515035051b321d7a68,INS,2025,22197,,1, HTTP/1.1" 200 116
190.95.15.9 - - [20/Mar/2025:11:42:09 -0300] "GET /cormun/servlet/hpexe_return? HTTP/1.1" 200 1024
190.95.15.9 - - [20/Mar/2025:11:42:09 -0300] "GET /cormun/servlet/trsolicitudadjuntos?2025,22197, HTTP/1.1" 200 10592
190.95.15.9 - - [20/Mar/2025:11:42:14 -0300] "GET /cormun/servlet/trsolicitudot? HTTP/1.1" 200 9345
190.95.15.9 - - [20/Mar/2025:11:42:18 -0300] "POST /cormun/servlet/trsolicitudot?5762322c1eef61515035051b321d7a68,,gx-no-cache=1742481849258 HTTP/1.1" 200 6081
190.95.15.9 - - [20/Mar/2025:11:42:18 -0300] "GET /cormun/static/Shared/jqueryui/images/ui-bg_highlight-soft_100_c6c2c8_1x100.png HTTP/1.1" 404 1117
190.95.15.9 - - [20/Mar/2025:11:42:18 -0300] "GET /cormun/static/Shared/jqueryui/images/ui-bg_flat_55_fafafa_40x100.png HTTP/1.1" 404 1097
190.95.15.9 - - [20/Mar/2025:11:42:18 -0300] "GET /cormun/static/Shared/jqueryui/images/ui-icons_8d78a5_256x240.png HTTP/1.1" 404 1089
190.95.15.9 - - [20/Mar/2025:11:42:18 -0300] "GET /cormun/static/Shared/jqueryui/images/ui-icons_82798d_256x240.png HTTP/1.1" 404 1089
190.95.15.9 - - [20/Mar/2025:11:42:18 -0300] "POST /cormun/servlet/trsolicitudot?5762322c1eef61515035051b321d7a68,,gx-no-cache=1742481849459 HTTP/1.1" 200 6025
78.108.177.50 - - [20/Mar/2025:11:42:51 -0300] "GET / HTTP/1.0" 200 11197
91.208.206.203 - - [20/Mar/2025:11:44:04 -0300] "GET /manager/html HTTP/1.1" 401 2474
190.95.2.157 - - [20/Mar/2025:11:44:49 -0300] "GET /cormun/servlet/trsolicitudot? HTTP/1.1" 200 7536
190.95.2.157 - - [20/Mar/2025:11:44:52 -0300] "GET /cormun/servlet/solicitudot?INS,0,0,false, HTTP/1.1" 200 16313
190.95.2.157 - - [20/Mar/2025:11:45:21 -0300] "POST /cormun/servlet/solicitudot?gx-no-cache=1742482031943 HTTP/1.1" 200 4046
190.95.2.157 - - [20/Mar/2025:11:45:21 -0300] "POST /cormun/servlet/solicitudot?f0c43d755b6e9167785ad11805f65059,INS,0,0,false,,gx-no-cache=1742482032044 HTTP/1.1" 200 12898
190.95.2.157 - - [20/Mar/2025:11:45:24 -0300] "GET /cormun/servlet/solicitudot?d6cedd982acc5dcde6100cab39e6da11001976f723ffd40fc7b081b9a2a33b6841906dd5cb1ffad9b61913352aa59287,gx-no-cache=1742482035034 HTTP/1.1" 200 30
190.95.15.9 - - [20/Mar/2025:11:45:34 -0300] "POST /cormun/servlet/trsolicitudot?5762322c1eef61515035051b321d7a68,,gx-no-cache=1742482045039 HTTP/1.1" 200 4888
190.95.15.9 - - [20/Mar/2025:11:45:34 -0300] "POST /cormun/servlet/trsolicitudot?5762322c1eef61515035051b321d7a68,,gx-no-cache=1742482045205 HTTP/1.1" 200 4625
190.95.15.9 - - [20/Mar/2025:11:45:39 -0300] "GET /cormun/servlet/trsolicitudadjuntos?2025,22197, HTTP/1.1" 200 10481
190.95.15.9 - - [20/Mar/2025:11:45:40 -0300] "GET /cormun//static/Resources/PXToolsActionDisabled.gif HTTP/1.1" 200 53
10.40.40.2 - - [20/Mar/2025:11:45:43 -0300] "GET /cormun/servlet/hlogin HTTP/1.1" 200 1722
10.40.40.2 - - [20/Mar/2025:11:45:43 -0300] "GET /cormun/static/gxtimezone.js?85251 HTTP/1.1" 200 5781
10.40.40.2 - - [20/Mar/2025:11:45:43 -0300] "GET /cormun/static/gxcfg.js?2022112219184450 HTTP/1.1" 200 953
10.40.40.2 - - [20/Mar/2025:11:45:43 -0300] "GET /cormun/static/messages.spa.js?85251 HTTP/1.1" 200 30736
10.40.40.2 - - [20/Mar/2025:11:45:43 -0300] "GET /cormun/static/Resources/CormunLogin.png HTTP/1.1" 200 19132
10.40.40.2 - - [20/Mar/2025:11:45:43 -0300] "GET /cormun/static/Resources/Spanish/PXTools.css?1759030 HTTP/1.1" 200 100853
10.40.40.2 - - [20/Mar/2025:11:45:43 -0300] "GET /cormun/static/hlogin.js?2022112219184458 HTTP/1.1" 200 2156
10.40.40.2 - - [20/Mar/2025:11:45:43 -0300] "GET /cormun/static/gxgral.js?85251 HTTP/1.1" 200 384558
10.40.40.2 - - [20/Mar/2025:11:45:43 -0300] "GET /cormun/static/Resources/PXToolsLoginTop.png HTTP/1.1" 200 1337
10.40.40.2 - - [20/Mar/2025:11:45:43 -0300] "GET /cormun/static/Resources/PXToolsLoginBackground.png HTTP/1.1" 200 1164
10.40.40.2 - - [20/Mar/2025:11:45:43 -0300] "GET /cormun/static/Resources/PXToolsButtonRight.png HTTP/1.1" 200 1294
10.40.40.2 - - [20/Mar/2025:11:45:43 -0300] "GET /cormun/static/Resources/PXToolsLoginBottom.png HTTP/1.1" 200 1389
10.40.40.2 - - [20/Mar/2025:11:45:43 -0300] "GET /cormun/static/Resources/PXToolsButtonBackground.png HTTP/1.1" 200 1176
10.40.40.2 - - [20/Mar/2025:11:45:43 -0300] "GET /cormun/static/Resources/PXToolsButtonLeft.png HTTP/1.1" 200 1310
10.40.40.2 - - [20/Mar/2025:11:45:43 -0300] "GET /cormun/servlet/hlogin HTTP/1.1" 200 1733
10.40.40.2 - - [20/Mar/2025:11:45:43 -0300] "GET /cormun/static/Resources/indicator.gif HTTP/1.1" 200 1553
10.40.40.2 - - [20/Mar/2025:11:45:43 -0300] "GET /favicon.ico HTTP/1.1" 200 21630
190.95.15.9 - - [20/Mar/2025:11:45:44 -0300] "GET /cormun/servlet/trsolicitudot? HTTP/1.1" 200 7440
10.40.40.2 - - [20/Mar/2025:11:45:46 -0300] "POST /cormun/servlet/hlogin?901f790fe0083418c6020a9d18ae7e42,gx-no-cache=1742482301705 HTTP/1.1" 200 90
10.40.40.2 - - [20/Mar/2025:11:45:46 -0300] "GET /cormun/servlet/hpexe_link HTTP/1.1" 200 951
10.40.40.2 - - [20/Mar/2025:11:45:46 -0300] "GET /cormun/static/gxcfg.js?20221129847421 HTTP/1.1" 200 953
