190.95.15.31 - - [20/Mar/2025:14:04:34 -0300] "GET /cormun/servlet/trsolicitudot HTTP/1.1" 200 8978
190.95.15.31 - - [20/Mar/2025:14:04:49 -0300] "POST /cormun/servlet/trsolicitudot?a34deeb7a4ca7f988fed97ff47bc7dc6,gx-no-cache=1742490399949 HTTP/1.1" 200 107
190.95.15.31 - - [20/Mar/2025:14:04:49 -0300] "GET /cormun/servlet/trsolicitudadjuntos?2025,22206, HTTP/1.1" 200 6464
190.95.15.31 - - [20/Mar/2025:14:04:52 -0300] "GET /cormun/servlet/solicitudotadjuntos?INS,2025,22206,,1, HTTP/1.1" 200 6406
190.95.15.31 - - [20/Mar/2025:14:04:52 -0300] "GET /cormun/static/about:blank HTTP/1.1" 404 1011
190.95.15.31 - - [20/Mar/2025:14:04:53 -0300] "GET /cormun/servlet/solicitudotadjuntos?76bd813f3cbb9461ac6f9744ec936fb7ac5f441a895fae993e112db0e62ff3e15b653b6f5f791c00bb21ee673f4ecb4f,gx-no-cache=1742490403921 HTTP/1.1" 200 30
190.95.15.31 - - [20/Mar/2025:14:04:53 -0300] "POST /cormun/servlet/solicitudotadjuntos?a34deeb7a4ca7f988fed97ff47bc7dc6,INS,2025,22206,,1,,gx-no-cache=1742490404050 HTTP/1.1" 200 4159
190.95.15.31 - - [20/Mar/2025:14:04:55 -0300] "POST /cormun/servlet/solicitudotadjuntos?gx-no-cache=1742490406088 HTTP/1.1" 200 26
190.95.15.31 - - [20/Mar/2025:14:05:10 -0300] "GET /cormun/servlet/solicitudotadjuntos?76bd813f3cbb9461ac6f9744ec936fb7fd488a517d45fdd0eaadbc1e3f45f58b,gx-no-cache=1742490421474 HTTP/1.1" 200 30
190.95.15.31 - - [20/Mar/2025:14:05:10 -0300] "GET /cormun/servlet/solicitudotadjuntos?76bd813f3cbb9461ac6f9744ec936fb7fd488a517d45fdd0eaadbc1e3f45f58b,gx-no-cache=1742490421498 HTTP/1.1" 200 30
190.95.15.31 - - [20/Mar/2025:14:05:10 -0300] "POST /cormun/servlet/solicitudotadjuntos?a34deeb7a4ca7f988fed97ff47bc7dc6,INS,2025,22206,,1, HTTP/1.1" 200 116
190.95.15.31 - - [20/Mar/2025:14:05:10 -0300] "GET /cormun/servlet/hpexe_return? HTTP/1.1" 200 1028
190.95.15.31 - - [20/Mar/2025:14:05:11 -0300] "GET /cormun/servlet/trsolicitudadjuntos?2025,22206, HTTP/1.1" 200 9543
190.95.1.183 - - [20/Mar/2025:14:05:11 -0300] "GET /cormun/servlet/trlicencias? HTTP/1.1" 200 6069
190.95.1.183 - - [20/Mar/2025:14:05:11 -0300] "GET /cormun/servlet/hlogin HTTP/1.1" 200 1735
190.95.15.31 - - [20/Mar/2025:14:05:14 -0300] "GET /cormun/servlet/solicitudotadjuntos?INS,2025,22206,,1, HTTP/1.1" 200 6406
190.95.15.31 - - [20/Mar/2025:14:05:14 -0300] "GET /cormun/static/about:blank HTTP/1.1" 404 1011
190.95.15.31 - - [20/Mar/2025:14:05:15 -0300] "GET /cormun/servlet/solicitudotadjuntos?76bd813f3cbb9461ac6f9744ec936fb7ac5f441a895fae993e112db0e62ff3e15b653b6f5f791c00bb21ee673f4ecb4f,gx-no-cache=1742490426007 HTTP/1.1" 200 30
190.95.15.31 - - [20/Mar/2025:14:05:15 -0300] "POST /cormun/servlet/solicitudotadjuntos?a34deeb7a4ca7f988fed97ff47bc7dc6,INS,2025,22206,,1,,gx-no-cache=1742490426030 HTTP/1.1" 200 4159
190.95.15.31 - - [20/Mar/2025:14:05:19 -0300] "POST /cormun/servlet/solicitudotadjuntos?gx-no-cache=1742490429986 HTTP/1.1" 200 26
190.95.15.31 - - [20/Mar/2025:14:05:25 -0300] "GET /cormun/servlet/solicitudotadjuntos?76bd813f3cbb9461ac6f9744ec936fb7fd488a517d45fdd0eaadbc1e3f45f58b,gx-no-cache=1742490436257 HTTP/1.1" 200 30
190.95.15.31 - - [20/Mar/2025:14:05:25 -0300] "GET /cormun/servlet/solicitudotadjuntos?76bd813f3cbb9461ac6f9744ec936fb7fd488a517d45fdd0eaadbc1e3f45f58b,gx-no-cache=1742490436280 HTTP/1.1" 200 30
190.95.15.31 - - [20/Mar/2025:14:05:25 -0300] "POST /cormun/servlet/solicitudotadjuntos?a34deeb7a4ca7f988fed97ff47bc7dc6,INS,2025,22206,,1, HTTP/1.1" 200 116
190.95.15.31 - - [20/Mar/2025:14:05:25 -0300] "GET /cormun/servlet/hpexe_return? HTTP/1.1" 200 1028
190.95.15.31 - - [20/Mar/2025:14:05:25 -0300] "GET /cormun/servlet/trsolicitudadjuntos?2025,22206, HTTP/1.1" 200 9783
190.95.15.31 - - [20/Mar/2025:14:05:29 -0300] "GET /cormun/servlet/solicitudotadjuntos?INS,2025,22206,,1, HTTP/1.1" 200 6406
190.95.15.31 - - [20/Mar/2025:14:05:29 -0300] "GET /cormun/static/about:blank HTTP/1.1" 404 1011
190.95.15.31 - - [20/Mar/2025:14:05:29 -0300] "GET /cormun/servlet/solicitudotadjuntos?76bd813f3cbb9461ac6f9744ec936fb7ac5f441a895fae993e112db0e62ff3e15b653b6f5f791c00bb21ee673f4ecb4f,gx-no-cache=1742490440473 HTTP/1.1" 200 30
190.95.15.31 - - [20/Mar/2025:14:05:29 -0300] "POST /cormun/servlet/solicitudotadjuntos?a34deeb7a4ca7f988fed97ff47bc7dc6,INS,2025,22206,,1,,gx-no-cache=1742490440496 HTTP/1.1" 200 4159
200.126.117.15 - - [20/Mar/2025:14:05:30 -0300] "GET /cormun/servlet/permisogoce?INS,0,,, HTTP/1.1" 200 7210
190.95.15.31 - - [20/Mar/2025:14:05:35 -0300] "POST /cormun/servlet/solicitudotadjuntos?gx-no-cache=1742490445842 HTTP/1.1" 200 26
190.95.15.31 - - [20/Mar/2025:14:05:42 -0300] "GET /cormun/servlet/solicitudotadjuntos?76bd813f3cbb9461ac6f9744ec936fb7fd488a517d45fdd0eaadbc1e3f45f58b,gx-no-cache=1742490452713 HTTP/1.1" 200 30
190.95.15.31 - - [20/Mar/2025:14:05:42 -0300] "GET /cormun/servlet/solicitudotadjuntos?76bd813f3cbb9461ac6f9744ec936fb7fd488a517d45fdd0eaadbc1e3f45f58b,gx-no-cache=1742490452726 HTTP/1.1" 200 30
190.95.15.31 - - [20/Mar/2025:14:05:42 -0300] "POST /cormun/servlet/solicitudotadjuntos?a34deeb7a4ca7f988fed97ff47bc7dc6,INS,2025,22206,,1, HTTP/1.1" 200 116
190.95.15.31 - - [20/Mar/2025:14:05:42 -0300] "GET /cormun/servlet/hpexe_return? HTTP/1.1" 200 1028
190.95.15.31 - - [20/Mar/2025:14:05:42 -0300] "GET /cormun/servlet/trsolicitudadjuntos?2025,22206, HTTP/1.1" 200 10023
190.95.15.31 - - [20/Mar/2025:14:05:45 -0300] "GET /cormun/servlet/solicitudotadjuntos?INS,2025,22206,,1, HTTP/1.1" 200 6406
190.95.15.31 - - [20/Mar/2025:14:05:45 -0300] "GET /cormun/static/about:blank HTTP/1.1" 404 1011
190.95.15.31 - - [20/Mar/2025:14:05:45 -0300] "GET /cormun/servlet/solicitudotadjuntos?76bd813f3cbb9461ac6f9744ec936fb7ac5f441a895fae993e112db0e62ff3e15b653b6f5f791c00bb21ee673f4ecb4f,gx-no-cache=1742490456508 HTTP/1.1" 200 30
190.95.15.31 - - [20/Mar/2025:14:05:45 -0300] "POST /cormun/servlet/solicitudotadjuntos?a34deeb7a4ca7f988fed97ff47bc7dc6,INS,2025,22206,,1,,gx-no-cache=1742490456535 HTTP/1.1" 200 4159
190.95.15.31 - - [20/Mar/2025:14:05:52 -0300] "POST /cormun/servlet/solicitudotadjuntos?gx-no-cache=1742490463338 HTTP/1.1" 200 26
190.95.15.31 - - [20/Mar/2025:14:05:59 -0300] "GET /cormun/servlet/solicitudotadjuntos?76bd813f3cbb9461ac6f9744ec936fb7fd488a517d45fdd0eaadbc1e3f45f58b,gx-no-cache=1742490470065 HTTP/1.1" 200 30
190.95.15.31 - - [20/Mar/2025:14:05:59 -0300] "GET /cormun/servlet/solicitudotadjuntos?76bd813f3cbb9461ac6f9744ec936fb7fd488a517d45fdd0eaadbc1e3f45f58b,gx-no-cache=1742490470088 HTTP/1.1" 200 30
190.95.15.31 - - [20/Mar/2025:14:05:59 -0300] "POST /cormun/servlet/solicitudotadjuntos?a34deeb7a4ca7f988fed97ff47bc7dc6,INS,2025,22206,,1, HTTP/1.1" 200 116
190.95.15.31 - - [20/Mar/2025:14:05:59 -0300] "GET /cormun/servlet/hpexe_return? HTTP/1.1" 200 1028
190.95.15.31 - - [20/Mar/2025:14:05:59 -0300] "GET /cormun/servlet/trsolicitudadjuntos?2025,22206, HTTP/1.1" 200 10280
190.95.15.31 - - [20/Mar/2025:14:06:06 -0300] "GET /cormun/servlet/solicitudotadjuntos?INS,2025,22206,,1, HTTP/1.1" 200 6406
190.95.15.31 - - [20/Mar/2025:14:06:06 -0300] "GET /cormun/static/about:blank HTTP/1.1" 404 1011
200.126.117.15 - - [20/Mar/2025:14:06:06 -0300] "GET /cormun/servlet/permisogoce?83dd6f48a008c7bb3c364107facd098e6da519dc502583c9a0b279fcee1a09523edd6d418e5d15921f45258ce397714d201e0e4870b2fac03282a1cb5d2de1da,gx-no-cache=1742490476964 HTTP/1.1" 200 175
190.95.15.31 - - [20/Mar/2025:14:06:07 -0300] "GET /cormun/servlet/solicitudotadjuntos?76bd813f3cbb9461ac6f9744ec936fb7ac5f441a895fae993e112db0e62ff3e15b653b6f5f791c00bb21ee673f4ecb4f,gx-no-cache=1742490477661 HTTP/1.1" 200 30
190.95.15.31 - - [20/Mar/2025:14:06:07 -0300] "POST /cormun/servlet/solicitudotadjuntos?a34deeb7a4ca7f988fed97ff47bc7dc6,INS,2025,22206,,1,,gx-no-cache=1742490477745 HTTP/1.1" 200 4158
190.95.15.31 - - [20/Mar/2025:14:06:11 -0300] "POST /cormun/servlet/solicitudotadjuntos?gx-no-cache=1742490482634 HTTP/1.1" 200 26
190.95.15.31 - - [20/Mar/2025:14:06:21 -0300] "GET /cormun/servlet/solicitudotadjuntos?76bd813f3cbb9461ac6f9744ec936fb7fd488a517d45fdd0eaadbc1e3f45f58b,gx-no-cache=1742490491681 HTTP/1.1" 200 30
190.95.15.31 - - [20/Mar/2025:14:06:21 -0300] "GET /cormun/servlet/solicitudotadjuntos?76bd813f3cbb9461ac6f9744ec936fb7fd488a517d45fdd0eaadbc1e3f45f58b,gx-no-cache=1742490491749 HTTP/1.1" 200 30
190.95.15.31 - - [20/Mar/2025:14:06:21 -0300] "POST /cormun/servlet/solicitudotadjuntos?a34deeb7a4ca7f988fed97ff47bc7dc6,INS,2025,22206,,1, HTTP/1.1" 200 116
190.95.15.31 - - [20/Mar/2025:14:06:21 -0300] "GET /cormun/servlet/hpexe_return? HTTP/1.1" 200 1028
190.95.15.31 - - [20/Mar/2025:14:06:21 -0300] "GET /cormun/servlet/trsolicitudadjuntos?2025,22206, HTTP/1.1" 200 10543
200.126.117.15 - - [20/Mar/2025:14:06:22 -0300] "GET /cormun/servlet/trpermisosgoce? HTTP/1.1" 200 8091
190.95.15.31 - - [20/Mar/2025:14:06:28 -0300] "GET /cormun/PublicTempStorage/certificado_antecedentes5214129.pdf HTTP/1.1" 200 34376
200.126.117.15 - - [20/Mar/2025:14:06:29 -0300] "GET /cormun/servlet/trpermisosgoce? HTTP/1.1" 200 8090
200.126.117.15 - - [20/Mar/2025:14:06:31 -0300] "GET /cormun/servlet/permisogoce?INS,0,,, HTTP/1.1" 200 7210
200.126.117.15 - - [20/Mar/2025:14:06:33 -0300] "GET /cormun/static/Resources/resize.gif HTTP/1.1" 200 77
200.126.117.15 - - [20/Mar/2025:14:06:33 -0300] "GET /cormun/static/Resources/PXTools/ClosePrompt.png HTTP/1.1" 200 1036
200.126.117.15 - - [20/Mar/2025:14:06:34 -0300] "GET /cormun/servlet/prfichaempleado?,MD,,gxPopupLevel%3D0%3B HTTP/1.1" 200 9356
200.126.117.15 - - [20/Mar/2025:14:06:34 -0300] "GET /cormun/static/gxcfg.js?20201215571085 HTTP/1.1" 200 953
200.126.117.15 - - [20/Mar/2025:14:06:34 -0300] "GET /cormun/static/Resources/PXToolsMenuSearch.png HTTP/1.1" 200 336
200.126.117.15 - - [20/Mar/2025:14:06:34 -0300] "GET /cormun/static/Resources/PXToolsMenuSearchCancel.png HTTP/1.1" 200 306
200.126.117.15 - - [20/Mar/2025:14:06:34 -0300] "GET /cormun/static/prfichaempleado.js?20201215572193 HTTP/1.1" 200 16005
200.126.117.15 - - [20/Mar/2025:14:06:34 -0300] "GET /cormun/static/menusearch.js?20201214473581 HTTP/1.1" 200 1424
200.126.117.15 - - [20/Mar/2025:14:06:34 -0300] "GET /cormun/static/hmpwkw011.js?202211298443482 HTTP/1.1" 200 1968
190.95.15.31 - - [20/Mar/2025:14:06:44 -0300] "GET /cormun/servlet/hlogin HTTP/1.1" 200 1726
190.95.15.31 - - [20/Mar/2025:14:06:49 -0300] "POST /cormun/servlet/hlogin?a34deeb7a4ca7f988fed97ff47bc7dc6,gx-no-cache=1742490520018 HTTP/1.1" 200 90
190.95.15.31 - - [20/Mar/2025:14:06:49 -0300] "GET /cormun/servlet/hpexe_link HTTP/1.1" 200 973
190.95.15.31 - - [20/Mar/2025:14:06:49 -0300] "GET /cormun/servlet/trsolicitudadjuntos?2025,22206, HTTP/1.1" 200 10537
200.126.117.15 - - [20/Mar/2025:14:06:52 -0300] "POST /cormun/servlet/prfichaempleado?0166949dd6f741a495e7edd504b31612,,MD,,gxPopupLevel%3D0%3B,gx-no-cache=1742490522413 HTTP/1.1" 200 3401
190.95.15.31 - - [20/Mar/2025:14:06:55 -0300] "GET /cormun/servlet/solicitudotadjuntos?INS,2025,22206,,1, HTTP/1.1" 200 6405
190.95.15.31 - - [20/Mar/2025:14:06:55 -0300] "GET /cormun/static/about:blank HTTP/1.1" 404 1011
190.95.15.31 - - [20/Mar/2025:14:06:56 -0300] "GET /cormun/servlet/solicitudotadjuntos?76bd813f3cbb9461ac6f9744ec936fb7ac5f441a895fae993e112db0e62ff3e15b653b6f5f791c00bb21ee673f4ecb4f,gx-no-cache=1742490526953 HTTP/1.1" 200 30
200.126.117.15 - - [20/Mar/2025:14:06:56 -0300] "GET /cormun/servlet/permisogoce?83dd6f48a008c7bb3c364107facd098e6da519dc502583c9a0b279fcee1a09523edd6d418e5d15921f45258ce397714d201e0e4870b2fac03282a1cb5d2de1da,gx-no-cache=1742490526340 HTTP/1.1" 200 175
190.95.15.31 - - [20/Mar/2025:14:06:56 -0300] "POST /cormun/servlet/solicitudotadjuntos?a34deeb7a4ca7f988fed97ff47bc7dc6,INS,2025,22206,,1,,gx-no-cache=1742490526983 HTTP/1.1" 200 4158
190.95.15.31 - - [20/Mar/2025:14:06:59 -0300] "POST /cormun/servlet/solicitudotadjuntos?gx-no-cache=1742490530570 HTTP/1.1" 200 26
190.95.15.31 - - [20/Mar/2025:14:07:09 -0300] "GET /cormun/servlet/solicitudotadjuntos?76bd813f3cbb9461ac6f9744ec936fb7fd488a517d45fdd0eaadbc1e3f45f58b,gx-no-cache=1742490539729 HTTP/1.1" 200 30
190.95.15.31 - - [20/Mar/2025:14:07:09 -0300] "GET /cormun/servlet/solicitudotadjuntos?76bd813f3cbb9461ac6f9744ec936fb7fd488a517d45fdd0eaadbc1e3f45f58b,gx-no-cache=1742490539793 HTTP/1.1" 200 30
190.95.15.31 - - [20/Mar/2025:14:07:09 -0300] "POST /cormun/servlet/solicitudotadjuntos?a34deeb7a4ca7f988fed97ff47bc7dc6,INS,2025,22206,,1, HTTP/1.1" 200 116
190.95.15.31 - - [20/Mar/2025:14:07:09 -0300] "GET /cormun/servlet/hpexe_return? HTTP/1.1" 200 1028
190.95.15.31 - - [20/Mar/2025:14:07:09 -0300] "GET /cormun/servlet/trsolicitudadjuntos?2025,22206, HTTP/1.1" 200 10729
91.208.206.203 - - [20/Mar/2025:14:08:39 -0300] "GET /manager/html HTTP/1.1" 401 2474
91.208.206.203 - - [20/Mar/2025:14:12:44 -0300] "GET /manager/html HTTP/1.1" 401 2474
190.95.67.95 - - [20/Mar/2025:14:16:41 -0300] "GET /cormun/servlet/solicitudot?INS,0,0,false, HTTP/1.1" 200 15143
190.95.67.95 - - [20/Mar/2025:14:16:41 -0300] "GET /cormun/servlet/hlogin HTTP/1.1" 200 1745
91.208.206.203 - - [20/Mar/2025:14:16:58 -0300] "GET /manager/html HTTP/1.1" 401 2474
190.95.67.95 - - [20/Mar/2025:14:17:41 -0300] "POST /cormun/servlet/hlogin?df0a1c9f9f0761bfef8339d34b809293,gx-no-cache=1742491166983 HTTP/1.1" 200 90
190.95.67.95 - - [20/Mar/2025:14:17:41 -0300] "GET /cormun/servlet/hpexe_link HTTP/1.1" 200 966
190.95.67.95 - - [20/Mar/2025:14:17:42 -0300] "GET /cormun/servlet/solicitudot?INS,0,0,false, HTTP/1.1" 200 15843
190.95.67.95 - - [20/Mar/2025:14:19:40 -0300] "GET /cormun/servlet/hlogin HTTP/1.1" 200 1721
190.95.67.95 - - [20/Mar/2025:14:19:43 -0300] "POST /cormun/servlet/hlogin?df0a1c9f9f0761bfef8339d34b809293,gx-no-cache=1742491291481 HTTP/1.1" 200 90
190.95.67.95 - - [20/Mar/2025:14:19:43 -0300] "GET /cormun/servlet/hpexe_link HTTP/1.1" 200 966
190.95.67.95 - - [20/Mar/2025:14:19:43 -0300] "GET /cormun/servlet/solicitudot?INS,0,0,false, HTTP/1.1" 200 15842
190.95.67.95 - - [20/Mar/2025:14:20:00 -0300] "POST /cormun/servlet/solicitudot?gx-no-cache=1742491309159 HTTP/1.1" 200 4124
190.95.67.95 - - [20/Mar/2025:14:20:00 -0300] "POST /cormun/servlet/solicitudot?df0a1c9f9f0761bfef8339d34b809293,INS,0,0,false,,gx-no-cache=1742491309280 HTTP/1.1" 200 12432
190.95.67.95 - - [20/Mar/2025:14:20:11 -0300] "GET /cormun/servlet/solicitudot?2bb64d4691137bbde3f42ab7e04e2969cb313eafdf47aa99a654046cacc423a63b3815bf897a7bfdefb695231530b394,gx-no-cache=1742491319731 HTTP/1.1" 200 30
190.95.67.95 - - [20/Mar/2025:14:20:11 -0300] "GET /cormun/servlet/solicitudot?2bb64d4691137bbde3f42ab7e04e2969bb65591dc210cb87614181f32f32d78f,gx-no-cache=1742491319766 HTTP/1.1" 200 94
190.95.67.95 - - [20/Mar/2025:14:20:11 -0300] "GET /cormun/static/Shared/jqueryui/images/ui-bg_highlight-soft_100_c6c2c8_1x100.png HTTP/1.1" 404 1117
190.95.67.95 - - [20/Mar/2025:14:20:11 -0300] "GET /cormun/static/Shared/jqueryui/images/ui-bg_flat_55_994d53_40x100.png HTTP/1.1" 404 1097
190.95.67.95 - - [20/Mar/2025:14:20:11 -0300] "GET /cormun/static/Shared/jqueryui/images/ui-icons_82798d_256x240.png HTTP/1.1" 404 1089
190.95.67.95 - - [20/Mar/2025:14:20:11 -0300] "GET /cormun/static/Shared/jqueryui/images/ui-icons_ebccce_256x240.png HTTP/1.1" 404 1089
190.95.67.95 - - [20/Mar/2025:14:20:11 -0300] "GET /cormun/servlet/solicitudot?2bb64d4691137bbde3f42ab7e04e2969368aa3156c0a9df2f37cc1d040b9b0e6,gx-no-cache=1742491319797 HTTP/1.1" 200 51
190.95.67.95 - - [20/Mar/2025:14:20:11 -0300] "POST /cormun/servlet/solicitudot?gx-no-cache=1742491319824 HTTP/1.1" 200 255
190.95.67.95 - - [20/Mar/2025:14:20:11 -0300] "GET /cormun/servlet/solicitudot?2bb64d4691137bbde3f42ab7e04e2969738c379beec334e7ce5fd09d8c4069c7c5114e905e709d060fe0c4a9dc1b3a3ee6a8a3e118c50df84130ce10b3fe9f82aa5e112d287fa9fe5d493ed9811458737e410c2c7c7d6a7afeba886bfdbcf7b70033a768b797730d56aa2ff7cf0deb13b62526141d123fe4f3ed83aafccdd7895d56531615e91a2095fb734b6b828d128f5d16b6902cad26e808920a3367cad3f51e92bb3798ad95c99d0533c22b73b9773a589453854c1eff02ba120a4f70760addaa8593d197a5ee7965a0cb0e9252c24d813d8c640c7efaaf701c3232f4a2c0958b3963d862453b681858090666e0c9913913f2958518d536578ed1ccf0d7ed42986d1ee231f43088a7638b15829c972dbcf95da0064700485c4980fa4bda3cd1293d6ad32823509d142c3a9a043b954e1ad11ecad25ec4edb6978d700aa5cc1b2df4819034707f5b91805011f250a7bb4e9ce9c8ce018be089c61953a1620bd408087122a214fc3cae3442e390447e1862cd0b07f2f2d059071a0a4ce8c5,gx-no-cache=1742491319853 HTTP/1.1" 200 30
91.208.206.203 - - [20/Mar/2025:14:21:06 -0300] "GET /manager/html HTTP/1.1" 401 2474
201.186.225.193 - - [20/Mar/2025:14:22:52 -0300] "GET /cormun/servlet/hhome HTTP/1.1" 200 3322
201.186.225.193 - - [20/Mar/2025:14:22:53 -0300] "GET /cormun/servlet/hlogin HTTP/1.1" 200 1734
201.186.225.193 - - [20/Mar/2025:14:22:57 -0300] "POST /cormun/servlet/hlogin?74c1861f63e9c39938042ebb77afd924,gx-no-cache=1742491487660 HTTP/1.1" 200 90
201.186.225.193 - - [20/Mar/2025:14:22:57 -0300] "GET /cormun/servlet/hpexe_link HTTP/1.1" 200 950
201.186.225.193 - - [20/Mar/2025:14:22:57 -0300] "GET /cormun/servlet/hhome HTTP/1.1" 200 4295
201.186.225.193 - - [20/Mar/2025:14:23:01 -0300] "GET /cormun/servlet/trlicencias? HTTP/1.1" 200 11609
201.186.225.193 - - [20/Mar/2025:14:23:11 -0300] "GET /cormun/servlet/licenciaspermisos?DSP,20030815,L,20250320000000, HTTP/1.1" 200 7415
201.186.225.193 - - [20/Mar/2025:14:23:11 -0300] "GET /cormun/static/gxcfg.js?202012153173 HTTP/1.1" 200 953
201.186.225.193 - - [20/Mar/2025:14:23:11 -0300] "GET /cormun/static/Resources/prompt.gif HTTP/1.1" 200 902
201.186.225.193 - - [20/Mar/2025:14:23:11 -0300] "GET /cormun/static/licenciaspermisos.js?2020121532136 HTTP/1.1" 200 38753
201.186.225.193 - - [20/Mar/2025:14:23:19 -0300] "GET /cormun/servlet/trlicencias? HTTP/1.1" 200 11609
191.127.224.211 - - [20/Mar/2025:14:23:33 -0300] "GET /cormun/servlet/hlogin HTTP/1.1" 200 1724
191.127.224.211 - - [20/Mar/2025:14:23:36 -0300] "POST /cormun/servlet/hlogin?7096fa47e27d65f3d560a970b05bf7f8,gx-no-cache=1742491527807 HTTP/1.1" 200 90
191.127.224.211 - - [20/Mar/2025:14:23:36 -0300] "GET /cormun/servlet/hpexe_link HTTP/1.1" 200 953
191.127.224.211 - - [20/Mar/2025:14:23:36 -0300] "GET /cormun/servlet/hhome HTTP/1.1" 200 3911
191.127.224.211 - - [20/Mar/2025:14:23:38 -0300] "GET /cormun/servlet/trsolicitudot? HTTP/1.1" 200 10154
201.186.225.193 - - [20/Mar/2025:14:23:42 -0300] "GET /cormun/servlet/licenciaspermisos?DSP,15102853,L,20250221000000, HTTP/1.1" 200 7412
201.186.225.193 - - [20/Mar/2025:14:23:49 -0300] "GET /cormun/servlet/trlicencias? HTTP/1.1" 200 11609
190.95.67.95 - - [20/Mar/2025:14:24:00 -0300] "POST /cormun/servlet/solicitudot?gx-no-cache=1742491542307 HTTP/1.1" 200 30
190.95.67.95 - - [20/Mar/2025:14:24:00 -0300] "POST /cormun/servlet/solicitudot?gx-no-cache=1742491548661 HTTP/1.1" 200 1481
190.95.67.95 - - [20/Mar/2025:14:24:00 -0300] "POST /cormun/servlet/solicitudot?gx-no-cache=1742491548701 HTTP/1.1" 200 38
201.186.225.193 - - [20/Mar/2025:14:24:00 -0300] "GET /cormun/servlet/hhome HTTP/1.1" 200 4295
190.95.67.95 - - [20/Mar/2025:14:24:00 -0300] "GET /cormun/servlet/solicitudot?2bb64d4691137bbde3f42ab7e04e29697f098e061bd8b1b93d75365f30b977e00f74951f486ed2d4fe6d77f09a50f2c1ec9e5ba317c15747ac3b174f49b0e7fed8d530701949e8d07fdfe7cb213de664d34a89e377c507ee928e2232b3ab347efd9ec42f517e836b60acccc9b5411bbc,gx-no-cache=1742491548731 HTTP/1.1" 200 110
191.127.224.211 - - [20/Mar/2025:14:24:02 -0300] "POST /cormun/servlet/trsolicitudot?7096fa47e27d65f3d560a970b05bf7f8,,gx-no-cache=1742491553915 HTTP/1.1" 200 107
191.127.224.211 - - [20/Mar/2025:14:24:02 -0300] "GET /cormun/servlet/trsolicitudadjuntos?2025,22106, HTTP/1.1" 200 10062
191.127.224.211 - - [20/Mar/2025:14:24:07 -0300] "GET /cormun/servlet/trsolicitudot? HTTP/1.1" 200 10159
191.127.224.211 - - [20/Mar/2025:14:24:11 -0300] "POST /cormun/servlet/trsolicitudot?7096fa47e27d65f3d560a970b05bf7f8,,gx-no-cache=1742491563458 HTTP/1.1" 200 107
191.127.224.211 - - [20/Mar/2025:14:24:12 -0300] "GET /cormun/servlet/trsolicitudadjuntos?2025,22080, HTTP/1.1" 200 6024
191.127.224.211 - - [20/Mar/2025:14:24:17 -0300] "GET /cormun/servlet/trsolicitudot? HTTP/1.1" 200 10159
191.127.224.211 - - [20/Mar/2025:14:24:20 -0300] "GET /cormun/servlet/trsolicitudot? HTTP/1.1" 200 10152
190.95.15.31 - - [20/Mar/2025:14:25:09 -0300] "GET /cormun/servlet/trsolicitudot? HTTP/1.1" 200 8981
91.208.206.203 - - [20/Mar/2025:14:25:13 -0300] "GET /manager/html HTTP/1.1" 401 2474
190.95.15.31 - - [20/Mar/2025:14:25:26 -0300] "POST /cormun/servlet/trsolicitudot?a34deeb7a4ca7f988fed97ff47bc7dc6,,gx-no-cache=1742491637038 HTTP/1.1" 200 112
190.95.15.31 - - [20/Mar/2025:14:25:26 -0300] "GET /cormun/servlet/solicitudot?UPD,2025,22206,false, HTTP/1.1" 200 16937
190.95.15.31 - - [20/Mar/2025:14:25:27 -0300] "POST /cormun/servlet/solicitudot?gx-no-cache=1742491638442 HTTP/1.1" 200 4117
190.95.15.31 - - [20/Mar/2025:14:25:27 -0300] "POST /cormun/servlet/solicitudot?a34deeb7a4ca7f988fed97ff47bc7dc6,UPD,2025,22206,false,,gx-no-cache=1742491638537 HTTP/1.1" 200 13028
190.95.15.31 - - [20/Mar/2025:14:25:27 -0300] "GET /cormun/servlet/solicitudot?76bd813f3cbb9461ac6f9744ec936fb73ecb7232d93cb94058b0fbba115e754811ecfb97aa0bbe54f5b72307c3e2a505,gx-no-cache=1742491638645 HTTP/1.1" 200 30
190.95.15.31 - - [20/Mar/2025:14:25:27 -0300] "GET /cormun/servlet/solicitudot?76bd813f3cbb9461ac6f9744ec936fb729bf59cd80e7030ce4144cdf2893209d8733d444b3413835756fdaeaf3e7aa119ec327b4aea48a18a84924ab5f4738ea,gx-no-cache=1742491638666 HTTP/1.1" 200 30
190.95.15.31 - - [20/Mar/2025:14:25:28 -0300] "GET /cormun/servlet/solicitudot?76bd813f3cbb9461ac6f9744ec936fb73b3e2e9c9536bb7dfce8088c4357102b,gx-no-cache=1742491638682 HTTP/1.1" 200 29
190.95.15.31 - - [20/Mar/2025:14:25:28 -0300] "POST /cormun/servlet/solicitudot?gx-no-cache=1742491638703 HTTP/1.1" 200 297
190.95.15.31 - - [20/Mar/2025:14:25:28 -0300] "GET /cormun/servlet/solicitudot?76bd813f3cbb9461ac6f9744ec936fb7ed03a2759777dd81fd5431462138b609b3c7379c312989d78957d3fbc28372ff5ad5688d25689cd8b44650dd645016c617e90bea7903b72a09964dbf53bf513c8280459a72585172ae6beab709412932e1e4911859d18042524d76ad3323561a544a170e19b059e8928198523c01bab4cb8fd7d21a497580c9d39946b865e83a99047f63af24d911fb7490a68db0b1f52171531c143faaa84e2b08414a1a1828202212272ad00a2406917557359149cbbd8d0d5c6dc1f81bc4f26e98191f9eac379faeb5f4ed27f7c2f729a4fe5b43a44d09df2e745c7a0b25ce24c4926ad065b8d55d021fe546d3ac77b82f81106a1ea03f10cd6dfb0f3b9289bfb92b3ebb17fc5e19cf66777d7480593ea1aae199eb929b516d1a151e8cdc66ad82ba6e5991da5883f62eb5af597dfed80f4b1c7469442adb64de71c4c8036f72012a7ca786e651994e9fc5a0634f11a3ae18fc121bf5f34a82b9a6af02c92017ba7c782ba3aac57b6d4392858490740119c9ef68c4de63c51f908264061f752c96689f6615,gx-no-cache=1742491638724 HTTP/1.1" 200 30
190.95.15.31 - - [20/Mar/2025:14:25:28 -0300] "POST /cormun/servlet/solicitudot?gx-no-cache=1742491638754 HTTP/1.1" 200 30
190.95.15.31 - - [20/Mar/2025:14:25:28 -0300] "POST /cormun/servlet/solicitudot?gx-no-cache=1742491638780 HTTP/1.1" 200 1481
190.95.15.31 - - [20/Mar/2025:14:25:28 -0300] "POST /cormun/servlet/solicitudot?gx-no-cache=1742491638806 HTTP/1.1" 200 41
190.95.15.31 - - [20/Mar/2025:14:25:30 -0300] "GET /cormun/servlet/solicitudot?76bd813f3cbb9461ac6f9744ec936fb713825befa21b33c509abb4f0b4dd61b4462eb5747805dc59f19c2b770a94b61e803f26503b5f8655e4a92c43bf84462fd1bf66f90f3e73fb18fb8c98ed1772477561982402cf915fa8ffbf773b70930b18a42a8936299f1a681b5e12c4bb75e4,gx-no-cache=1742491641532 HTTP/1.1" 200 110
190.95.67.95 - - [20/Mar/2025:14:25:39 -0300] "GET /cormun/servlet/solicitudot?INS,0,0,false, HTTP/1.1" 200 15132
190.95.15.31 - - [20/Mar/2025:14:25:58 -0300] "POST /cormun/servlet/solicitudot?gx-no-cache=1742491668795 HTTP/1.1" 200 83
190.95.15.31 - - [20/Mar/2025:14:25:58 -0300] "GET /cormun/servlet/solicitudot?76bd813f3cbb9461ac6f9744ec936fb7626f378b15880caf33120a2e1c19c887c3eda93dab5847606b8b94ef5def1f742244d53f9111a742f8ae64a654086455afb4a152539aaff8e647b1035de9ff5270767a5617fe53bce10b9487057f5bce431c6b843abcf42ca01b8910c3e1e487,gx-no-cache=1742491668835 HTTP/1.1" 200 29
190.95.15.31 - - [20/Mar/2025:14:25:58 -0300] "GET /cormun/servlet/solicitudot?76bd813f3cbb9461ac6f9744ec936fb741a713b1358dbfecf117b24e779f4203f53b35980baddeaddb4b7e750996d32f,gx-no-cache=1742491668859 HTTP/1.1" 200 30
190.95.15.31 - - [20/Mar/2025:14:25:58 -0300] "POST /cormun/servlet/solicitudot?gx-no-cache=1742491668883 HTTP/1.1" 200 30
191.127.224.211 - - [20/Mar/2025:14:26:18 -0300] "GET /cormun/servlet/solicitudot?INS,0,0,false, HTTP/1.1" 200 15920
190.95.15.31 - - [20/Mar/2025:14:26:31 -0300] "POST /cormun/servlet/solicitudot?a34deeb7a4ca7f988fed97ff47bc7dc6,UPD,2025,22206,false,,gx-no-cache=1742491701883 HTTP/1.1" 200 93
190.95.15.31 - - [20/Mar/2025:14:26:31 -0300] "GET /cormun/servlet/hpexe_return? HTTP/1.1" 200 1017
190.95.15.31 - - [20/Mar/2025:14:26:31 -0300] "GET /cormun/servlet/trsolicitudot HTTP/1.1" 200 8978
191.127.224.211 - - [20/Mar/2025:14:26:33 -0300] "POST /cormun/servlet/solicitudot?gx-no-cache=1742491704804 HTTP/1.1" 200 4159
191.127.224.211 - - [20/Mar/2025:14:26:33 -0300] "POST /cormun/servlet/solicitudot?7096fa47e27d65f3d560a970b05bf7f8,INS,0,0,false,,gx-no-cache=1742491705019 HTTP/1.1" 200 12745
190.95.15.31 - - [20/Mar/2025:14:26:35 -0300] "POST /cormun/servlet/trsolicitudot?a34deeb7a4ca7f988fed97ff47bc7dc6,gx-no-cache=1742491706173 HTTP/1.1" 200 4867
190.95.15.31 - - [20/Mar/2025:14:26:35 -0300] "GET /cormun/static/Shared/jqueryui/images/ui-bg_highlight-soft_100_c6c2c8_1x100.png HTTP/1.1" 404 1117
190.95.15.31 - - [20/Mar/2025:14:26:35 -0300] "GET /cormun/static/Shared/jqueryui/images/ui-icons_82798d_256x240.png HTTP/1.1" 404 1089
190.95.15.31 - - [20/Mar/2025:14:26:35 -0300] "GET /cormun/static/Shared/jqueryui/images/ui-bg_flat_55_fafafa_40x100.png HTTP/1.1" 404 1097
190.95.15.31 - - [20/Mar/2025:14:26:35 -0300] "GET /cormun/static/Shared/jqueryui/images/ui-icons_8d78a5_256x240.png HTTP/1.1" 404 1089
190.95.15.31 - - [20/Mar/2025:14:26:35 -0300] "POST /cormun/servlet/trsolicitudot?a34deeb7a4ca7f988fed97ff47bc7dc6,gx-no-cache=1742491706540 HTTP/1.1" 200 4622
190.95.15.31 - - [20/Mar/2025:14:26:39 -0300] "GET /cormun/servlet/trautorizarsolicitud? HTTP/1.1" 200 8871
191.127.224.211 - - [20/Mar/2025:14:26:40 -0300] "GET /cormun/servlet/solicitudot?a624e268d63f4f4827dd38d6af0b86bf1a136f032d3cdcdedbd38e879d3a01f7369af65dc33b1b8ef4ae6fc4993d8cf5,gx-no-cache=1742491711982 HTTP/1.1" 200 30
191.127.224.211 - - [20/Mar/2025:14:26:40 -0300] "GET /cormun/servlet/solicitudot?a624e268d63f4f4827dd38d6af0b86bf983cda02dbe42ac38e8d815c15c4a92187732393f7e89b2e42c6d0b1b36e64b70ca4dbeb6bcaac82e74dcaa05e9fb732,gx-no-cache=1742491712056 HTTP/1.1" 200 30
191.127.224.211 - - [20/Mar/2025:14:26:40 -0300] "GET /cormun/servlet/solicitudot?a624e268d63f4f4827dd38d6af0b86bfac5891f7e74e6898d6d507f7b5a7c93e,gx-no-cache=1742491712122 HTTP/1.1" 200 45
191.127.224.211 - - [20/Mar/2025:14:26:40 -0300] "POST /cormun/servlet/solicitudot?gx-no-cache=1742491712169 HTTP/1.1" 200 255
191.127.224.211 - - [20/Mar/2025:14:26:40 -0300] "GET /cormun/servlet/solicitudot?a624e268d63f4f4827dd38d6af0b86bf2ca585170f4d9748058f8f63bc7fa4b61648a34b0c19f4bfad01b8bb2d0783fc0218ad9cc40af22332eaf3413a2d1111966a6efecbaeb971da2e86e952ef57edb42a9a9e71bea30f1a510b251e4d3cd53c28886104c95ad1f633d531dcd875bb1c1490a3e11af5b33b704948e5fcfa2851e35701e899ca9b9d4f6270728ba2a517a07e91efdc5be37ee76c08c2b4cb30afc5e4aa98258c51b191ade0601d402ff91044458c90f38f45c2a1eae2d64e7a5ef28186e7eef7a86a43012fa87ffb78209bcf35f0eabcca13bf969544cd4cc3e410096c2f9077ffe0671bb6b71edcc3c249f181528fed4cd0dca5c016a8792be28b9b18357171f489c77197d21c12cefed34a7e02ec17a4e845beca2df19cb706030033c5448056ecf77f2e3cb82993fd0813741814a198bcb41078a60793b0c62814477bca61c3b5fae28c185b158aba7daf62470832766918db2730ab0ce8ccc958c4e343bf8f7904e3b2f5283d33712ab039255b0550de8e42291d40322c,gx-no-cache=1742491712250 HTTP/1.1" 200 30
191.127.224.211 - - [20/Mar/2025:14:26:40 -0300] "POST /cormun/servlet/solicitudot?gx-no-cache=1742491712316 HTTP/1.1" 200 30
191.127.224.211 - - [20/Mar/2025:14:26:40 -0300] "POST /cormun/servlet/solicitudot?gx-no-cache=1742491712450 HTTP/1.1" 200 1481
191.127.224.211 - - [20/Mar/2025:14:26:41 -0300] "POST /cormun/servlet/solicitudot?gx-no-cache=1742491712578 HTTP/1.1" 200 38
190.95.67.95 - - [20/Mar/2025:14:26:45 -0300] "GET /cormun/servlet/hlogin HTTP/1.1" 200 1721
190.95.15.31 - - [20/Mar/2025:14:26:45 -0300] "POST /cormun/servlet/trautorizarsolicitud?a34deeb7a4ca7f988fed97ff47bc7dc6,,gx-no-cache=1742491716300 HTTP/1.1" 200 4794
190.95.15.31 - - [20/Mar/2025:14:26:45 -0300] "POST /cormun/servlet/trautorizarsolicitud?a34deeb7a4ca7f988fed97ff47bc7dc6,,gx-no-cache=1742491716433 HTTP/1.1" 200 4551
190.95.67.95 - - [20/Mar/2025:14:26:48 -0300] "POST /cormun/servlet/hlogin?df0a1c9f9f0761bfef8339d34b809293,gx-no-cache=1742491717097 HTTP/1.1" 200 90
190.95.67.95 - - [20/Mar/2025:14:26:48 -0300] "GET /cormun/servlet/hpexe_link HTTP/1.1" 200 966
190.95.67.95 - - [20/Mar/2025:14:26:48 -0300] "GET /cormun/servlet/solicitudot?INS,0,0,false, HTTP/1.1" 200 15843
190.95.67.95 - - [20/Mar/2025:14:26:58 -0300] "POST /cormun/servlet/solicitudot?gx-no-cache=1742491722426 HTTP/1.1" 200 4096
190.95.67.95 - - [20/Mar/2025:14:26:58 -0300] "GET /cormun/static/Shared/jqueryui/images/ui-bg_highlight-soft_100_c6c2c8_1x100.png HTTP/1.1" 404 1117
190.95.67.95 - - [20/Mar/2025:14:26:58 -0300] "GET /cormun/static/Shared/jqueryui/images/ui-icons_82798d_256x240.png HTTP/1.1" 404 1089
190.95.67.95 - - [20/Mar/2025:14:26:58 -0300] "GET /cormun/static/Shared/jqueryui/images/ui-bg_flat_55_994d53_40x100.png HTTP/1.1" 404 1097
190.95.67.95 - - [20/Mar/2025:14:26:58 -0300] "GET /cormun/static/Shared/jqueryui/images/ui-icons_ebccce_256x240.png HTTP/1.1" 404 1089
190.95.67.95 - - [20/Mar/2025:14:26:58 -0300] "GET /cormun/servlet/solicitudot?2bb64d4691137bbde3f42ab7e04e29699774ee09c8d6cfdb3a988519ebc4d5ca,gx-no-cache=1742491727067 HTTP/1.1" 200 111
190.95.67.95 - - [20/Mar/2025:14:26:58 -0300] "GET /cormun/servlet/solicitudot?2bb64d4691137bbde3f42ab7e04e2969bb65591dc210cb87614181f32f32d78f,gx-no-cache=1742491727100 HTTP/1.1" 200 94
190.95.67.95 - - [20/Mar/2025:14:26:58 -0300] "GET /cormun/servlet/solicitudot?2bb64d4691137bbde3f42ab7e04e2969cea94bf585f17711d523d7ff4b0f9fe6,gx-no-cache=1742491727124 HTTP/1.1" 200 29
190.95.15.31 - - [20/Mar/2025:14:27:01 -0300] "POST /cormun/servlet/trautorizarsolicitud?a34deeb7a4ca7f988fed97ff47bc7dc6,,gx-no-cache=1742491732458 HTTP/1.1" 200 8949
191.127.224.211 - - [20/Mar/2025:14:27:12 -0300] "GET /cormun/servlet/solicitudot?a624e268d63f4f4827dd38d6af0b86bfa462089ddd687a1452b6ec19db78888fd26bd78cc0437195f22779671cdf32b541caa96a1d1308459ea6ada83dfa7166423428e738a6d70e286bada21998eec1639623e808fb6a13dbaad5121308188f98807b5c2cda14e282adc9a50c391f91,gx-no-cache=1742491743896 HTTP/1.1" 200 110
191.127.224.211 - - [20/Mar/2025:14:27:12 -0300] "POST /cormun/servlet/solicitudot?gx-no-cache=1742491743999 HTTP/1.1" 200 110
191.127.224.211 - - [20/Mar/2025:14:27:19 -0300] "GET /cormun/servlet/solicitudot?a624e268d63f4f4827dd38d6af0b86bfc7e3e38f409e8bb4efd088bd9018b9703fdcffed041902d3afd71ab2089586e8ee3338509838939d2c0a97dda8c766be6c4457036c097175ad4f63f73c89e4597a3dab73fa6641c462b186d97e8079f2c3e7bdc56d967bc253e85b120d5dac6bd9c65796cb628f5ac12e4e63e0e3df9fe6a96dbac22a3af7a2433ea3cbb68535054157977c802e6aa313d6e1357f3289,gx-no-cache=1742491751353 HTTP/1.1" 200 29
191.127.224.211 - - [20/Mar/2025:14:27:19 -0300] "GET /cormun/static/menuarrow.gif HTTP/1.1" 404 1015
190.95.67.95 - - [20/Mar/2025:14:27:24 -0300] "POST /cormun/servlet/solicitudot?gx-no-cache=1742491752545 HTTP/1.1" 200 4124
190.95.67.95 - - [20/Mar/2025:14:27:24 -0300] "POST /cormun/servlet/solicitudot?df0a1c9f9f0761bfef8339d34b809293,INS,0,0,false,,gx-no-cache=1742491752669 HTTP/1.1" 200 12432
191.127.224.211 - - [20/Mar/2025:14:27:29 -0300] "GET /cormun/servlet/solicitudot?a624e268d63f4f4827dd38d6af0b86bf404414d0f70a7f1448fd8a1f542215c2dded4d5bad97456383a4f269457554c2,gx-no-cache=1742491760614 HTTP/1.1" 200 30
190.95.67.95 - - [20/Mar/2025:14:27:37 -0300] "GET /cormun/servlet/solicitudot?2bb64d4691137bbde3f42ab7e04e2969cb313eafdf47aa99a654046cacc423a63b3815bf897a7bfdefb695231530b394,gx-no-cache=1742491766227 HTTP/1.1" 200 30
190.95.67.95 - - [20/Mar/2025:14:28:52 -0300] "GET /cormun/servlet/solicitudot?2bb64d4691137bbde3f42ab7e04e2969fb455176012f9f18b45651cc593552d801980523973ec2b2cc66a039ddebd9e033385f2f9264daa46ab4be0c3c83a02b,gx-no-cache=1742491840700 HTTP/1.1" 200 30
190.95.67.95 - - [20/Mar/2025:14:28:52 -0300] "GET /cormun/servlet/solicitudot?2bb64d4691137bbde3f42ab7e04e2969368aa3156c0a9df2f37cc1d040b9b0e6,gx-no-cache=1742491840760 HTTP/1.1" 200 51
190.95.67.95 - - [20/Mar/2025:14:28:52 -0300] "POST /cormun/servlet/solicitudot?gx-no-cache=1742491840796 HTTP/1.1" 200 255
190.95.67.95 - - [20/Mar/2025:14:28:52 -0300] "GET /cormun/servlet/solicitudot?2bb64d4691137bbde3f42ab7e04e2969738c379beec334e7ce5fd09d8c4069c7c5114e905e709d060fe0c4a9dc1b3a3ee6a8a3e118c50df84130ce10b3fe9f82aa5e112d287fa9fe5d493ed9811458737e410c2c7c7d6a7afeba886bfdbcf7b70033a768b797730d56aa2ff7cf0deb13b62526141d123fe4f3ed83aafccdd7895d56531615e91a2095fb734b6b828d128f5d16b6902cad26e808920a3367cad3f51e92bb3798ad95c99d0533c22b73b9773a589453854c1eff02ba120a4f70760addaa8593d197a5ee7965a0cb0e9252c24d813d8c640c7efaaf701c3232f4a2c0958b3963d862453b681858090666e0c9913913f2958518d536578ed1ccf0d7ed42986d1ee231f43088a7638b15829c972dbcf95da0064700485c4980fa4bda3cd1293d6ad32823509d142c3a9a043b954e1ad11ecad25ec4edb6978d700aa5cc1b2df4819034707f5b91805011f250a7bb4e9ce9c8ce018be089c61953a1620bd408087122a214fc3cae3442e390447e1862cd0b07f2f2d059071a0a4ce8c5,gx-no-cache=1742491840830 HTTP/1.1" 200 30
190.95.67.95 - - [20/Mar/2025:14:28:52 -0300] "POST /cormun/servlet/solicitudot?gx-no-cache=1742491840859 HTTP/1.1" 200 30
190.95.67.95 - - [20/Mar/2025:14:28:52 -0300] "POST /cormun/servlet/solicitudot?gx-no-cache=1742491840900 HTTP/1.1" 200 1481
190.95.67.95 - - [20/Mar/2025:14:28:52 -0300] "POST /cormun/servlet/solicitudot?gx-no-cache=1742491840944 HTTP/1.1" 200 38
190.95.67.95 - - [20/Mar/2025:14:28:52 -0300] "GET /cormun/servlet/solicitudot?2bb64d4691137bbde3f42ab7e04e29697f098e061bd8b1b93d75365f30b977e00f74951f486ed2d4fe6d77f09a50f2c1ec9e5ba317c15747ac3b174f49b0e7fed8d530701949e8d07fdfe7cb213de664d34a89e377c507ee928e2232b3ab347efd9ec42f517e836b60acccc9b5411bbc,gx-no-cache=1742491840971 HTTP/1.1" 200 110
190.95.67.95 - - [20/Mar/2025:14:29:07 -0300] "POST /cormun/servlet/solicitudot?gx-no-cache=1742491856411 HTTP/1.1" 200 97
91.208.206.203 - - [20/Mar/2025:14:29:13 -0300] "GET /manager/html HTTP/1.1" 401 2474
190.95.67.95 - - [20/Mar/2025:14:30:44 -0300] "GET /cormun/servlet/solicitudot?2bb64d4691137bbde3f42ab7e04e29691ad21026c7ffd7a88d7c88cb915930e21541b9da78345af685cca03f59c44d3447e62d0d0e5ebd2f801bef5ca0421b74f5f2be0f033ee1e630bca324ed2aa6025452d820aa45ae3c2cda600c81b19efb088bd4e3d68dcff7b80f0cf7e7603720f1ea8a1fddec658ea1cb4cf09635d6c42116c44e337cfc48bb69223968d9da2f3be89947242929cfcc11de23c256e633,gx-no-cache=1742491952801 HTTP/1.1" 200 29
190.95.67.95 - - [20/Mar/2025:14:30:44 -0300] "GET /cormun/static/menuarrow.gif HTTP/1.1" 404 1015
190.95.67.95 - - [20/Mar/2025:14:30:51 -0300] "GET /cormun/servlet/solicitudot?2bb64d4691137bbde3f42ab7e04e2969833b1af90204ce34bc04b7a562667ea4b74f4c1d77ec5455c5ddf3b6b4ca8969,gx-no-cache=1742491959559 HTTP/1.1" 200 30
190.95.67.95 - - [20/Mar/2025:14:31:01 -0300] "POST /cormun/servlet/solicitudot?gx-no-cache=1742491970329 HTTP/1.1" 200 30
191.127.224.211 - - [20/Mar/2025:14:31:56 -0300] "POST /cormun/servlet/solicitudot?gx-no-cache=1742492028082 HTTP/1.1" 200 30
191.127.224.211 - - [20/Mar/2025:14:32:00 -0300] "POST /cormun/servlet/solicitudot?7096fa47e27d65f3d560a970b05bf7f8,INS,0,0,false,,gx-no-cache=1742492031484 HTTP/1.1" 200 13090
191.127.224.211 - - [20/Mar/2025:14:32:00 -0300] "GET /cormun/static/Shared/jqueryui/images/ui-bg_highlight-soft_100_c6c2c8_1x100.png HTTP/1.1" 404 1117
191.127.224.211 - - [20/Mar/2025:14:32:00 -0300] "GET /cormun/static/Shared/jqueryui/images/ui-icons_82798d_256x240.png HTTP/1.1" 404 1089
191.127.224.211 - - [20/Mar/2025:14:32:00 -0300] "GET /cormun/static/Shared/jqueryui/images/ui-icons_ebccce_256x240.png HTTP/1.1" 404 1089
191.127.224.211 - - [20/Mar/2025:14:32:00 -0300] "GET /cormun/static/Shared/jqueryui/images/ui-bg_flat_55_994d53_40x100.png HTTP/1.1" 404 1097
191.127.224.211 - - [20/Mar/2025:14:32:03 -0300] "POST /cormun/servlet/solicitudot?gx-no-cache=1742492035506 HTTP/1.1" 200 30
200.126.116.145 - - [20/Mar/2025:14:32:12 -0300] "GET /cormun/servlet/trpermisosgoce? HTTP/1.1" 200 6032
200.126.116.145 - - [20/Mar/2025:14:32:12 -0300] "GET /cormun/static/gxcfg.js?2020121631564 HTTP/1.1" 200 953
200.126.116.145 - - [20/Mar/2025:14:32:12 -0300] "GET /cormun/static/trpermisosgoce.js?2020121633681 HTTP/1.1" 200 35904
200.126.116.145 - - [20/Mar/2025:14:32:12 -0300] "GET /cormun/servlet/hlogin HTTP/1.1" 200 1739
191.127.224.211 - - [20/Mar/2025:14:32:13 -0300] "POST /cormun/servlet/solicitudot?gx-no-cache=1742492044827 HTTP/1.1" 200 1481
191.127.224.211 - - [20/Mar/2025:14:32:13 -0300] "POST /cormun/servlet/solicitudot?gx-no-cache=1742492044913 HTTP/1.1" 200 41
191.127.224.211 - - [20/Mar/2025:14:32:13 -0300] "GET /cormun/servlet/solicitudot?a624e268d63f4f4827dd38d6af0b86bfa462089ddd687a1452b6ec19db78888fd26bd78cc0437195f22779671cdf32b541caa96a1d1308459ea6ada83dfa7166423428e738a6d70e286bada21998eec1639623e808fb6a13dbaad5121308188f98807b5c2cda14e282adc9a50c391f91,gx-no-cache=1742492044974 HTTP/1.1" 200 110
191.127.224.211 - - [20/Mar/2025:14:32:13 -0300] "POST /cormun/servlet/solicitudot?gx-no-cache=1742492045048 HTTP/1.1" 200 110
191.127.224.211 - - [20/Mar/2025:14:32:13 -0300] "GET /cormun/servlet/solicitudot?a624e268d63f4f4827dd38d6af0b86bf404414d0f70a7f1448fd8a1f542215c2dded4d5bad97456383a4f269457554c2,gx-no-cache=1742492045164 HTTP/1.1" 200 30
191.127.224.211 - - [20/Mar/2025:14:32:13 -0300] "POST /cormun/servlet/solicitudot?gx-no-cache=1742492045251 HTTP/1.1" 200 30
191.127.224.211 - - [20/Mar/2025:14:32:14 -0300] "POST /cormun/servlet/solicitudot?7096fa47e27d65f3d560a970b05bf7f8,INS,0,0,false,,gx-no-cache=1742492045333 HTTP/1.1" 200 93
191.127.224.211 - - [20/Mar/2025:14:32:14 -0300] "GET /cormun/servlet/hpexe_return? HTTP/1.1" 200 1011
191.127.224.211 - - [20/Mar/2025:14:32:14 -0300] "GET /cormun/servlet/trsolicitudot HTTP/1.1" 200 10545
200.126.116.145 - - [20/Mar/2025:14:32:48 -0300] "POST /cormun/servlet/hlogin?e63df7e3e76db9564edac3ed0c96a948,gx-no-cache=1742492081579 HTTP/1.1" 200 90
200.126.116.145 - - [20/Mar/2025:14:32:48 -0300] "GET /cormun/servlet/hpexe_link HTTP/1.1" 200 955
200.126.116.145 - - [20/Mar/2025:14:32:48 -0300] "GET /cormun/servlet/trpermisosgoce HTTP/1.1" 200 7082
200.126.116.145 - - [20/Mar/2025:14:32:53 -0300] "GET /cormun/servlet/trpermisosgoce? HTTP/1.1" 200 7080
200.126.116.145 - - [20/Mar/2025:14:32:55 -0300] "GET /cormun/servlet/permisogoce?INS,0,,, HTTP/1.1" 200 7222
200.126.116.145 - - [20/Mar/2025:14:32:55 -0300] "GET /cormun/static/gxcfg.js?20201215124560 HTTP/1.1" 200 953
200.126.116.145 - - [20/Mar/2025:14:32:55 -0300] "GET /cormun/static/permisogoce.js?20201215124939 HTTP/1.1" 200 27790
191.127.224.211 - - [20/Mar/2025:14:32:58 -0300] "GET /cormun/servlet/solicitudot?INS,0,0,false, HTTP/1.1" 200 15919
191.127.224.211 - - [20/Mar/2025:14:33:09 -0300] "POST /cormun/servlet/solicitudot?gx-no-cache=1742492100435 HTTP/1.1" 200 4160
191.127.224.211 - - [20/Mar/2025:14:33:09 -0300] "POST /cormun/servlet/solicitudot?7096fa47e27d65f3d560a970b05bf7f8,INS,0,0,false,,gx-no-cache=1742492100652 HTTP/1.1" 200 12742
91.208.206.203 - - [20/Mar/2025:14:33:10 -0300] "GET /manager/html HTTP/1.1" 401 2474
191.127.224.211 - - [20/Mar/2025:14:33:12 -0300] "GET /cormun/servlet/solicitudot?a624e268d63f4f4827dd38d6af0b86bfafb85fff30002640c69df6eaa58cd0a8369af65dc33b1b8ef4ae6fc4993d8cf5,gx-no-cache=1742492103613 HTTP/1.1" 200 30
191.127.224.211 - - [20/Mar/2025:14:33:12 -0300] "GET /cormun/servlet/solicitudot?a624e268d63f4f4827dd38d6af0b86bf875e340938eee2e1bb1cf80a04120be6e2994bb4c1459a3a973ebe93dc71afb0,gx-no-cache=1742492103683 HTTP/1.1" 200 30
191.127.224.211 - - [20/Mar/2025:14:33:12 -0300] "GET /cormun/servlet/solicitudot?a624e268d63f4f4827dd38d6af0b86bfdba468e9af0b8a29c2b2391c1368a4a5,gx-no-cache=1742492103740 HTTP/1.1" 200 53
191.127.224.211 - - [20/Mar/2025:14:33:12 -0300] "POST /cormun/servlet/solicitudot?gx-no-cache=1742492103791 HTTP/1.1" 200 255
191.127.224.211 - - [20/Mar/2025:14:33:12 -0300] "GET /cormun/servlet/solicitudot?a624e268d63f4f4827dd38d6af0b86bf2ca585170f4d9748058f8f63bc7fa4b61648a34b0c19f4bfad01b8bb2d0783fc0218ad9cc40af22332eaf3413a2d1111966a6efecbaeb971da2e86e952ef57edb42a9a9e71bea30f1a510b251e4d3cd53c28886104c95ad1f633d531dcd875bb1c1490a3e11af5b33b704948e5fcfa2851e35701e899ca9b9d4f6270728ba2a517a07e91efdc5be37ee76c08c2b4cb30afc5e4aa98258c51b191ade0601d402ff91044458c90f38f45c2a1eae2d64e7a5ef28186e7eef7a86a43012fa87ffb78209bcf35f0eabcca13bf969544cd4cc3e410096c2f9077ffe0671bb6b71edcc3c249f181528fed4cd0dca5c016a8792be28b9b18357171f489c77197d21c12cefed34a7e02ec17a4e845beca2df19cb706030033c5448056ecf77f2e3cb82993fd0813741814a198bcb41078a60793b0c62814477bca61c3b5fae28c185b158aba7daf62470832766918db2730ab0ce8ccc958c4e343bf8f7904e3b2f5283d33712ab039255b0550de8e42291d40322c,gx-no-cache=1742492103850 HTTP/1.1" 200 30
191.127.224.211 - - [20/Mar/2025:14:33:14 -0300] "POST /cormun/servlet/solicitudot?gx-no-cache=1742492106421 HTTP/1.1" 200 30
191.127.224.211 - - [20/Mar/2025:14:33:17 -0300] "POST /cormun/servlet/solicitudot?gx-no-cache=1742492109319 HTTP/1.1" 200 1481
191.127.224.211 - - [20/Mar/2025:14:33:17 -0300] "POST /cormun/servlet/solicitudot?gx-no-cache=1742492109438 HTTP/1.1" 200 38
191.127.224.211 - - [20/Mar/2025:14:33:18 -0300] "GET /cormun/servlet/solicitudot?a624e268d63f4f4827dd38d6af0b86bfa462089ddd687a1452b6ec19db78888fd26bd78cc0437195f22779671cdf32b541caa96a1d1308459ea6ada83dfa7166423428e738a6d70e286bada21998eec1639623e808fb6a13dbaad5121308188f98807b5c2cda14e282adc9a50c391f91,gx-no-cache=1742492109534 HTTP/1.1" 200 110
191.127.224.211 - - [20/Mar/2025:14:33:18 -0300] "POST /cormun/servlet/solicitudot?gx-no-cache=1742492109617 HTTP/1.1" 200 110
191.127.224.211 - - [20/Mar/2025:14:33:23 -0300] "GET /cormun/servlet/solicitudot?a624e268d63f4f4827dd38d6af0b86bfc7e3e38f409e8bb4efd088bd9018b9703fdcffed041902d3afd71ab2089586e8ee3338509838939d2c0a97dda8c766be6c4457036c097175ad4f63f73c89e4597a3dab73fa6641c462b186d97e8079f2c3e7bdc56d967bc253e85b120d5dac6bd9c65796cb628f5ac12e4e63e0e3df9fe6a96dbac22a3af7a2433ea3cbb68535054157977c802e6aa313d6e1357f3289,gx-no-cache=1742492114637 HTTP/1.1" 200 29
191.127.224.211 - - [20/Mar/2025:14:33:28 -0300] "GET /cormun/servlet/solicitudot?a624e268d63f4f4827dd38d6af0b86bf404414d0f70a7f1448fd8a1f542215c2dded4d5bad97456383a4f269457554c2,gx-no-cache=1742492119859 HTTP/1.1" 200 30
190.95.67.95 - - [20/Mar/2025:14:33:45 -0300] "GET /cormun/servlet/hlogin HTTP/1.1" 200 1721
190.95.67.95 - - [20/Mar/2025:14:33:47 -0300] "POST /cormun/servlet/hlogin?df0a1c9f9f0761bfef8339d34b809293,gx-no-cache=1742492135873 HTTP/1.1" 200 90
190.95.67.95 - - [20/Mar/2025:14:33:54 -0300] "GET /cormun/servlet/hpexe_link HTTP/1.1" 200 966
190.95.67.95 - - [20/Mar/2025:14:33:54 -0300] "GET /cormun/servlet/solicitudot?INS,0,0,false, HTTP/1.1" 200 15843
190.95.15.15 - - [20/Mar/2025:14:33:59 -0300] "GET /cormun/servlet/trlicencias? HTTP/1.1" 200 6041
190.95.15.15 - - [20/Mar/2025:14:33:59 -0300] "GET /cormun/servlet/hlogin HTTP/1.1" 200 1731
190.95.15.15 - - [20/Mar/2025:14:34:06 -0300] "POST /cormun/servlet/hlogin?e859aafe25fe2b2b19fe56c34b3819ad,gx-no-cache=1742492157283 HTTP/1.1" 200 90
190.95.15.15 - - [20/Mar/2025:14:34:06 -0300] "GET /cormun/servlet/hpexe_link HTTP/1.1" 200 949
190.95.15.15 - - [20/Mar/2025:14:34:07 -0300] "GET /cormun/servlet/trlicencias HTTP/1.1" 200 11740
200.126.116.145 - - [20/Mar/2025:14:34:07 -0300] "GET /cormun/servlet/permisogoce?7dcb2c0767036b8aa3b7b3810bbd492fbb78dbdef9f2960e906564ce942ea333cc2e483c39ad62691abab1c1fd45d5750fc0c2cc19aab254255c6b62d2e548a4,gx-no-cache=1742492160328 HTTP/1.1" 200 81
200.126.116.145 - - [20/Mar/2025:14:34:10 -0300] "GET /cormun/static/menuarrow.gif HTTP/1.1" 404 1015
200.126.116.145 - - [20/Mar/2025:14:34:18 -0300] "GET /cormun/servlet/permisogoce?7dcb2c0767036b8aa3b7b3810bbd492f1bb69a1ed8b288cd3b72ac3f3360bd0cfde8a227652add342b41fadac14e1e728bb20e33bb093cd18f4bc89852c155b6,gx-no-cache=1742492171834 HTTP/1.1" 200 47
200.126.116.145 - - [20/Mar/2025:14:34:21 -0300] "POST /cormun/servlet/permisogoce?e63df7e3e76db9564edac3ed0c96a948,INS,0,,,,gx-no-cache=1742492173478 HTTP/1.1" 200 93
200.126.116.145 - - [20/Mar/2025:14:34:21 -0300] "GET /cormun/servlet/hpexe_return? HTTP/1.1" 200 1009
200.126.116.145 - - [20/Mar/2025:14:34:21 -0300] "GET /cormun/servlet/trpermisosgoce HTTP/1.1" 200 8013
200.126.116.145 - - [20/Mar/2025:14:34:24 -0300] "GET /cormun/servlet/apermisogoceprn?10825194,P,20250320143505,PU HTTP/1.1" 200 1663
191.127.224.211 - - [20/Mar/2025:14:34:57 -0300] "POST /cormun/servlet/solicitudot?gx-no-cache=1742492209311 HTTP/1.1" 200 30
191.127.224.211 - - [20/Mar/2025:14:34:58 -0300] "POST /cormun/servlet/solicitudot?7096fa47e27d65f3d560a970b05bf7f8,INS,0,0,false,,gx-no-cache=1742492209427 HTTP/1.1" 200 93
191.127.224.211 - - [20/Mar/2025:14:34:58 -0300] "GET /cormun/servlet/hpexe_return? HTTP/1.1" 200 1011
191.127.224.211 - - [20/Mar/2025:14:34:58 -0300] "GET /cormun/servlet/trsolicitudot HTTP/1.1" 200 10932
191.127.224.211 - - [20/Mar/2025:14:36:14 -0300] "GET /cormun/servlet/solicitudot?INS,0,0,false, HTTP/1.1" 200 15920
191.127.224.211 - - [20/Mar/2025:14:36:27 -0300] "POST /cormun/servlet/solicitudot?gx-no-cache=1742492298864 HTTP/1.1" 200 4046
191.127.224.211 - - [20/Mar/2025:14:36:27 -0300] "POST /cormun/servlet/solicitudot?7096fa47e27d65f3d560a970b05bf7f8,INS,0,0,false,,gx-no-cache=1742492299054 HTTP/1.1" 200 12618
191.127.224.211 - - [20/Mar/2025:14:36:30 -0300] "GET /cormun/servlet/solicitudot?a624e268d63f4f4827dd38d6af0b86bfdd625248dee58d6278209d4d1cae0d8b369af65dc33b1b8ef4ae6fc4993d8cf5,gx-no-cache=1742492302331 HTTP/1.1" 200 30
91.208.206.203 - - [20/Mar/2025:14:37:05 -0300] "GET /manager/html HTTP/1.1" 401 2474
190.95.67.95 - - [20/Mar/2025:14:38:16 -0300] "GET /cormun/servlet/hlogin HTTP/1.1" 200 1721
190.95.67.95 - - [20/Mar/2025:14:38:20 -0300] "POST /cormun/servlet/hlogin?df0a1c9f9f0761bfef8339d34b809293,gx-no-cache=1742492408513 HTTP/1.1" 200 90
190.95.67.95 - - [20/Mar/2025:14:38:26 -0300] "GET /cormun/servlet/hpexe_link HTTP/1.1" 200 966
190.95.67.95 - - [20/Mar/2025:14:38:26 -0300] "GET /cormun/servlet/solicitudot?INS,0,0,false, HTTP/1.1" 200 15842
191.127.224.211 - - [20/Mar/2025:14:39:01 -0300] "GET /cormun/servlet/solicitudot?a624e268d63f4f4827dd38d6af0b86bf8b98d3219264325e5107713cc817dd01cb08c7ffaa52a69226d97a73ba5afb974163f3564373c42a45f8d374585aefab,gx-no-cache=1742492452483 HTTP/1.1" 200 30
191.127.224.211 - - [20/Mar/2025:14:39:02 -0300] "GET /cormun/servlet/prbanco?,MD,,gxPopupLevel%3D0%3B HTTP/1.1" 200 6568
191.127.224.211 - - [20/Mar/2025:14:39:18 -0300] "GET /cormun/servlet/solicitudot?a624e268d63f4f4827dd38d6af0b86bfac5891f7e74e6898d6d507f7b5a7c93e,gx-no-cache=1742492470001 HTTP/1.1" 200 45
191.127.224.211 - - [20/Mar/2025:14:39:50 -0300] "POST /cormun/servlet/solicitudot?gx-no-cache=1742492502147 HTTP/1.1" 200 297
191.127.224.211 - - [20/Mar/2025:14:39:50 -0300] "GET /cormun/servlet/solicitudot?a624e268d63f4f4827dd38d6af0b86bf2ca585170f4d9748058f8f63bc7fa4b6ec76a859fc40304bf5c008ca1a58eb3a0218ad9cc40af22332eaf3413a2d1111966a6efecbaeb971da2e86e952ef57edb42a9a9e71bea30f1a510b251e4d3cd53c28886104c95ad1f633d531dcd875bb1c1490a3e11af5b33b704948e5fcfa2851e35701e899ca9b9d4f6270728ba2a517a07e91efdc5be37ee76c08c2b4cb30afc5e4aa98258c51b191ade0601d402ff91044458c90f38f45c2a1eae2d64e7a5ef28186e7eef7a86a43012fa87ffb78209bcf35f0eabcca13bf969544cd4cc3e410096c2f9077ffe0671bb6b71edcc381751dca6ee3be86e10cc1d22877ccd1e28b9b18357171f489c77197d21c12ce24cef7a21f0ea55a024b5ae5ffc174de7f2d74e046ad9bea4601a7815ff7253dceff8edf823b9905c9e366621a23fe6d195cdba980c3c9463e51eec98d52e00093d2032beb84e48ab05539911ebae622ac221e9cd163cea27f0697182323fc47d1eaaf6817a0a6aeea29bb8d362fe8cc0ca4dbeb6bcaac82e74dcaa05e9fb732,gx-no-cache=1742492502298 HTTP/1.1" 200 30
191.127.224.211 - - [20/Mar/2025:14:39:54 -0300] "POST /cormun/servlet/solicitudot?gx-no-cache=1742492506211 HTTP/1.1" 200 255
191.127.224.211 - - [20/Mar/2025:14:39:56 -0300] "GET /cormun/servlet/solicitudot?a624e268d63f4f4827dd38d6af0b86bf2ca585170f4d9748058f8f63bc7fa4b61648a34b0c19f4bfad01b8bb2d0783fc0218ad9cc40af22332eaf3413a2d1111966a6efecbaeb971da2e86e952ef57edb42a9a9e71bea30f1a510b251e4d3cd53c28886104c95ad1f633d531dcd875bb1c1490a3e11af5b33b704948e5fcfa2851e35701e899ca9b9d4f6270728ba2a517a07e91efdc5be37ee76c08c2b4cb30afc5e4aa98258c51b191ade0601d402ff91044458c90f38f45c2a1eae2d64e7a5ef28186e7eef7a86a43012fa87ffb78209bcf35f0eabcca13bf969544cd4cc3e410096c2f9077ffe0671bb6b71edcc3c249f181528fed4cd0dca5c016a8792be28b9b18357171f489c77197d21c12cefed34a7e02ec17a4e845beca2df19cb706030033c5448056ecf77f2e3cb82993fd0813741814a198bcb41078a60793b0c62814477bca61c3b5fae28c185b158aba7daf62470832766918db2730ab0ce8ccc958c4e343bf8f7904e3b2f5283d33c2790680f95b47b2d495093b44ab765d,gx-no-cache=1742492507892 HTTP/1.1" 200 30
191.127.224.211 - - [20/Mar/2025:14:40:00 -0300] "POST /cormun/servlet/solicitudot?gx-no-cache=1742492511891 HTTP/1.1" 200 30
191.127.224.211 - - [20/Mar/2025:14:40:02 -0300] "POST /cormun/servlet/solicitudot?gx-no-cache=1742492513694 HTTP/1.1" 200 1481
191.127.224.211 - - [20/Mar/2025:14:40:02 -0300] "POST /cormun/servlet/solicitudot?gx-no-cache=1742492513773 HTTP/1.1" 200 38
191.127.224.211 - - [20/Mar/2025:14:40:09 -0300] "GET /cormun/servlet/solicitudot?a624e268d63f4f4827dd38d6af0b86bfa462089ddd687a1452b6ec19db78888fd26bd78cc0437195f22779671cdf32b541caa96a1d1308459ea6ada83dfa7166423428e738a6d70e286bada21998eec1639623e808fb6a13dbaad5121308188f98807b5c2cda14e282adc9a50c391f91,gx-no-cache=1742492520932 HTTP/1.1" 200 110
191.127.224.211 - - [20/Mar/2025:14:40:09 -0300] "POST /cormun/servlet/solicitudot?gx-no-cache=1742492521012 HTTP/1.1" 200 110
