91.208.206.203 - - [19/Mar/2025:00:02:39 -0300] "GET /manager/html HTTP/1.1" 401 2474
91.208.206.203 - - [19/Mar/2025:00:06:47 -0300] "GET /manager/html HTTP/1.1" 401 2474
91.208.206.203 - - [19/Mar/2025:00:10:52 -0300] "GET /manager/html HTTP/1.1" 401 2474
185.91.127.81 - - [19/Mar/2025:00:12:57 -0300] "CONNECT api.ip.pn:443 HTTP/1.1" 400 -
91.208.206.203 - - [19/Mar/2025:00:15:00 -0300] "GET /manager/html HTTP/1.1" 401 2474
91.208.206.203 - - [19/Mar/2025:00:19:08 -0300] "GET /manager/html HTTP/1.1" 401 2474
91.208.206.203 - - [19/Mar/2025:00:23:16 -0300] "GET /manager/html HTTP/1.1" 401 2474
91.208.206.203 - - [19/Mar/2025:00:27:25 -0300] "GET /manager/html HTTP/1.1" 401 2474
91.208.206.203 - - [19/Mar/2025:00:31:36 -0300] "GET /manager/html HTTP/1.1" 401 2474
167.94.146.59 - - [19/Mar/2025:00:34:11 -0300] "GET / HTTP/1.1" 200 11217
167.94.146.59 - - [19/Mar/2025:00:34:15 -0300] "GET / HTTP/1.1" 200 11217
167.94.146.59 - - [19/Mar/2025:00:34:16 -0300] "GET /favicon.ico HTTP/1.1" 200 21630
167.94.146.59 - - [19/Mar/2025:00:34:16 -0300] "PRI * HTTP/2.0" 505 -
91.208.206.203 - - [19/Mar/2025:00:35:49 -0300] "GET /manager/html HTTP/1.1" 401 2474
91.208.206.203 - - [19/Mar/2025:00:39:57 -0300] "GET /manager/html HTTP/1.1" 401 2474
91.208.206.203 - - [19/Mar/2025:00:44:09 -0300] "GET /manager/html HTTP/1.1" 401 2474
91.208.206.203 - - [19/Mar/2025:00:48:19 -0300] "GET /manager/html HTTP/1.1" 401 2474
91.208.206.203 - - [19/Mar/2025:00:52:28 -0300] "GET /manager/html HTTP/1.1" 401 2474
91.208.206.203 - - [19/Mar/2025:00:56:47 -0300] "GET /manager/html HTTP/1.1" 401 2474
91.208.206.203 - - [19/Mar/2025:01:01:31 -0300] "GET /manager/html HTTP/1.1" 401 2474
91.208.206.203 - - [19/Mar/2025:01:05:49 -0300] "GET /manager/html HTTP/1.1" 401 2474
91.208.206.203 - - [19/Mar/2025:01:10:09 -0300] "GET /manager/html HTTP/1.1" 401 2474
91.208.206.203 - - [19/Mar/2025:01:14:29 -0300] "GET /manager/html HTTP/1.1" 401 2474
91.208.206.203 - - [19/Mar/2025:01:18:36 -0300] "GET /manager/html HTTP/1.1" 401 2474
91.208.206.203 - - [19/Mar/2025:01:22:37 -0300] "GET /manager/html HTTP/1.1" 401 2474
91.208.206.203 - - [19/Mar/2025:01:26:47 -0300] "GET /manager/html HTTP/1.1" 401 2474
91.208.206.203 - - [19/Mar/2025:01:30:59 -0300] "GET /manager/html HTTP/1.1" 401 2474
20.65.195.120 - - [19/Mar/2025:01:32:17 -0300] "GET / HTTP/1.1" 200 11217
111.89.54.208 - - [19/Mar/2025:01:33:23 -0300] "GET / HTTP/1.0" 200 11197
91.208.206.203 - - [19/Mar/2025:01:35:15 -0300] "GET /manager/html HTTP/1.1" 401 2474
91.208.206.203 - - [19/Mar/2025:01:39:21 -0300] "GET /manager/html HTTP/1.1" 401 2474
107.175.77.206 - - [19/Mar/2025:01:41:48 -0300] "POST /tplus/ajaxpro/Ufida.T.CodeBehind._PriorityLevel,App_Code.ashx?method=GetStoreWarehouseByStore HTTP/1.1" 404 1083
91.208.206.203 - - [19/Mar/2025:01:43:21 -0300] "GET /manager/html HTTP/1.1" 401 2474
91.208.206.203 - - [19/Mar/2025:01:47:22 -0300] "GET /manager/html HTTP/1.1" 401 2474
91.208.206.203 - - [19/Mar/2025:01:51:41 -0300] "GET /manager/html HTTP/1.1" 401 2474
91.208.206.203 - - [19/Mar/2025:01:55:55 -0300] "GET /manager/html HTTP/1.1" 401 2474
185.91.127.81 - - [19/Mar/2025:01:56:09 -0300] "CONNECT api.ip.pn:443 HTTP/1.1" 400 -
91.208.206.203 - - [19/Mar/2025:02:00:18 -0300] "GET /manager/html HTTP/1.1" 401 2474
91.208.206.203 - - [19/Mar/2025:02:04:36 -0300] "GET /manager/html HTTP/1.1" 401 2474
91.208.206.203 - - [19/Mar/2025:02:08:52 -0300] "GET /manager/html HTTP/1.1" 401 2474
91.208.206.203 - - [19/Mar/2025:02:13:13 -0300] "GET /manager/html HTTP/1.1" 401 2474
91.208.206.203 - - [19/Mar/2025:02:17:26 -0300] "GET /manager/html HTTP/1.1" 401 2474
91.208.206.203 - - [19/Mar/2025:02:21:35 -0300] "GET /manager/html HTTP/1.1" 401 2474
91.208.206.203 - - [19/Mar/2025:02:25:46 -0300] "GET /manager/html HTTP/1.1" 401 2474
91.208.206.203 - - [19/Mar/2025:02:29:54 -0300] "GET /manager/html HTTP/1.1" 401 2474
91.208.206.203 - - [19/Mar/2025:02:33:56 -0300] "GET /manager/html HTTP/1.1" 401 2474
91.208.206.203 - - [19/Mar/2025:02:37:54 -0300] "GET /manager/html HTTP/1.1" 401 2474
91.208.206.203 - - [19/Mar/2025:02:41:56 -0300] "GET /manager/html HTTP/1.1" 401 2474
91.208.206.203 - - [19/Mar/2025:02:46:01 -0300] "GET /manager/html HTTP/1.1" 401 2474
91.208.206.203 - - [19/Mar/2025:02:50:06 -0300] "GET /manager/html HTTP/1.1" 401 2474
91.208.206.203 - - [19/Mar/2025:02:54:16 -0300] "GET /manager/html HTTP/1.1" 401 2474
91.208.206.203 - - [19/Mar/2025:02:58:37 -0300] "GET /manager/html HTTP/1.1" 401 2474
91.208.206.203 - - [19/Mar/2025:03:02:48 -0300] "GET /manager/html HTTP/1.1" 401 2474
87.121.84.196 - - [19/Mar/2025:03:03:11 -0300] "GET /cgi-bin/luci/;stok=/locale HTTP/1.1" 404 1013
147.185.132.94 - - [19/Mar/2025:03:03:15 -0300] "îê |cÌ®ÎI=Ò¦L¶v%ÞóœaˆÞ²%š6éý|.„w F­˜þ¡×ž“ ¯ÞÙcHˆÉ6¢Î; önUç|&À+À/À,À0̨̩À ÀÀ" 400 -
147.185.132.94 - - [19/Mar/2025:03:03:15 -0300] "ÊÆAÓ-N[#¬ˆ®~œu<]³@±Rdé€M&xA¦ hÌÌÀ/À+À0À,ÀÀÀ'À#ÀÀ À(À$ÀÀ" 400 -
91.208.206.203 - - [19/Mar/2025:03:06:53 -0300] "GET /manager/html HTTP/1.1" 401 2474
91.208.206.203 - - [19/Mar/2025:03:10:55 -0300] "GET /manager/html HTTP/1.1" 401 2474
91.208.206.203 - - [19/Mar/2025:03:14:56 -0300] "GET /manager/html HTTP/1.1" 401 2474
91.208.206.203 - - [19/Mar/2025:03:18:57 -0300] "GET /manager/html HTTP/1.1" 401 2474
91.208.206.203 - - [19/Mar/2025:03:22:54 -0300] "GET /manager/html HTTP/1.1" 401 2474
91.208.206.203 - - [19/Mar/2025:03:27:06 -0300] "GET /manager/html HTTP/1.1" 401 2474
47.237.110.5 - - [19/Mar/2025:03:29:52 -0300] "GET / HTTP/1.0" 200 11197
47.237.110.5 - - [19/Mar/2025:03:29:53 -0300] "GET / HTTP/1.1" 200 11217
47.237.110.5 - - [19/Mar/2025:03:29:54 -0300] "GET /favicon.ico HTTP/1.1" 200 21630
47.237.110.5 - - [19/Mar/2025:03:29:54 -0300] "GET /favicon.ico HTTP/1.1" 200 21630
91.208.206.203 - - [19/Mar/2025:03:30:58 -0300] "GET /manager/html HTTP/1.1" 401 2474
91.208.206.203 - - [19/Mar/2025:03:34:59 -0300] "GET /manager/html HTTP/1.1" 401 2474
91.208.206.203 - - [19/Mar/2025:03:38:55 -0300] "GET /manager/html HTTP/1.1" 401 2474
91.208.206.203 - - [19/Mar/2025:03:42:46 -0300] "GET /manager/html HTTP/1.1" 401 2474
91.208.206.203 - - [19/Mar/2025:03:46:40 -0300] "GET /manager/html HTTP/1.1" 401 2474
91.208.206.203 - - [19/Mar/2025:03:50:47 -0300] "GET /manager/html HTTP/1.1" 401 2474
172.212.103.55 - - [19/Mar/2025:03:53:00 -0300] "GET / HTTP/1.1" 200 11217
91.208.206.203 - - [19/Mar/2025:03:54:53 -0300] "GET /manager/html HTTP/1.1" 401 2474
91.208.206.203 - - [19/Mar/2025:03:58:59 -0300] "GET /manager/html HTTP/1.1" 401 2474
91.208.206.203 - - [19/Mar/2025:04:03:08 -0300] "GET /manager/html HTTP/1.1" 401 2474
31.192.149.1 - - [19/Mar/2025:04:06:38 -0300] "GET / HTTP/1.1" 200 11217
91.208.206.203 - - [19/Mar/2025:04:07:18 -0300] "GET /manager/html HTTP/1.1" 401 2474
91.208.206.203 - - [19/Mar/2025:04:11:23 -0300] "GET /manager/html HTTP/1.1" 401 2474
91.208.206.203 - - [19/Mar/2025:04:15:26 -0300] "GET /manager/html HTTP/1.1" 401 2474
36.77.175.74 - - [19/Mar/2025:04:16:14 -0300] "GET / HTTP/1.1" 200 11217
91.208.206.203 - - [19/Mar/2025:04:19:31 -0300] "GET /manager/html HTTP/1.1" 401 2474
91.208.206.203 - - [19/Mar/2025:04:23:33 -0300] "GET /manager/html HTTP/1.1" 401 2474
91.208.206.203 - - [19/Mar/2025:04:27:35 -0300] "GET /manager/html HTTP/1.1" 401 2474
91.208.206.203 - - [19/Mar/2025:04:31:37 -0300] "GET /manager/html HTTP/1.1" 401 2474
91.208.206.203 - - [19/Mar/2025:04:35:39 -0300] "GET /manager/html HTTP/1.1" 401 2474
91.208.206.203 - - [19/Mar/2025:04:39:39 -0300] "GET /manager/html HTTP/1.1" 401 2474
91.208.206.203 - - [19/Mar/2025:04:43:39 -0300] "GET /manager/html HTTP/1.1" 401 2474
91.208.206.203 - - [19/Mar/2025:04:47:46 -0300] "GET /manager/html HTTP/1.1" 401 2474
91.208.206.203 - - [19/Mar/2025:04:51:51 -0300] "GET /manager/html HTTP/1.1" 401 2474
91.208.206.203 - - [19/Mar/2025:04:55:56 -0300] "GET /manager/html HTTP/1.1" 401 2474
91.208.206.203 - - [19/Mar/2025:05:00:02 -0300] "GET /manager/html HTTP/1.1" 401 2474
91.208.206.203 - - [19/Mar/2025:05:04:02 -0300] "GET /manager/html HTTP/1.1" 401 2474
91.208.206.203 - - [19/Mar/2025:05:08:00 -0300] "GET /manager/html HTTP/1.1" 401 2474
91.208.206.203 - - [19/Mar/2025:05:12:01 -0300] "GET /manager/html HTTP/1.1" 401 2474
91.208.206.203 - - [19/Mar/2025:05:16:02 -0300] "GET /manager/html HTTP/1.1" 401 2474
91.208.206.203 - - [19/Mar/2025:05:20:02 -0300] "GET /manager/html HTTP/1.1" 401 2474
91.208.206.203 - - [19/Mar/2025:05:24:04 -0300] "GET /manager/html HTTP/1.1" 401 2474
91.208.206.203 - - [19/Mar/2025:05:28:07 -0300] "GET /manager/html HTTP/1.1" 401 2474
91.208.206.203 - - [19/Mar/2025:05:32:01 -0300] "GET /manager/html HTTP/1.1" 401 2474
91.208.206.203 - - [19/Mar/2025:05:35:50 -0300] "GET /manager/html HTTP/1.1" 401 2474
91.208.206.203 - - [19/Mar/2025:05:39:43 -0300] "GET /manager/html HTTP/1.1" 401 2474
91.208.206.203 - - [19/Mar/2025:05:43:31 -0300] "GET /manager/html HTTP/1.1" 401 2474
91.208.206.203 - - [19/Mar/2025:05:47:15 -0300] "GET /manager/html HTTP/1.1" 401 2474
91.208.206.203 - - [19/Mar/2025:05:51:10 -0300] "GET /manager/html HTTP/1.1" 401 2474
156.229.232.48 - - [19/Mar/2025:05:54:20 -0300] "CONNECT 193.149.189.126:7227 HTTP/1.1" 400 -
91.208.206.203 - - [19/Mar/2025:05:55:05 -0300] "GET /manager/html HTTP/1.1" 401 2474
91.208.206.203 - - [19/Mar/2025:05:58:57 -0300] "GET /manager/html HTTP/1.1" 401 2474
91.208.206.203 - - [19/Mar/2025:06:02:59 -0300] "GET /manager/html HTTP/1.1" 401 2474
91.208.206.203 - - [19/Mar/2025:06:07:07 -0300] "GET /manager/html HTTP/1.1" 401 2474
91.208.206.203 - - [19/Mar/2025:06:11:06 -0300] "GET /manager/html HTTP/1.1" 401 2474
91.208.206.203 - - [19/Mar/2025:06:15:10 -0300] "GET /manager/html HTTP/1.1" 401 2474
78.108.177.52 - - [19/Mar/2025:06:15:42 -0300] "GET / HTTP/1.0" 200 11197
91.208.206.203 - - [19/Mar/2025:06:19:11 -0300] "GET /manager/html HTTP/1.1" 401 2474
209.189.232.134 - - [19/Mar/2025:06:20:34 -0300] "PUT /dzBiiH.session HTTP/1.1" 403 970
209.189.232.134 - - [19/Mar/2025:06:20:40 -0300] "PUT /dzBiiH.session HTTP/1.1" 403 970
156.253.227.63 - - [19/Mar/2025:06:20:43 -0300] "CONNECT google.com:443 HTTP/1.1" 400 -
91.208.206.203 - - [19/Mar/2025:06:23:17 -0300] "GET /manager/html HTTP/1.1" 401 2474
148.113.193.79 - - [19/Mar/2025:06:26:34 -0300] "GET / HTTP/1.1" 200 11217
91.208.206.203 - - [19/Mar/2025:06:27:13 -0300] "GET /manager/html HTTP/1.1" 401 2474
91.208.206.203 - - [19/Mar/2025:06:31:15 -0300] "GET /manager/html HTTP/1.1" 401 2474
91.208.206.203 - - [19/Mar/2025:06:35:18 -0300] "GET /manager/html HTTP/1.1" 401 2474
91.208.206.203 - - [19/Mar/2025:06:39:26 -0300] "GET /manager/html HTTP/1.1" 401 2474
87.121.84.132 - - [19/Mar/2025:06:42:24 -0300] "CONNECT ifconfig.co:443 HTTP/1.1" 400 -
87.121.84.132 - - [19/Mar/2025:06:42:24 -0300] "âÞ½”›1õlQ,“ãò§ÃÊÉOk.}o^†û v…Lüp ,„ø¡¿+CfCbÆZ¯Ã&U¶ëe0ZðÑ}›ÂÕÀ+À/À,À0̨̩À ÀÀ" 400 -
91.208.206.203 - - [19/Mar/2025:06:43:30 -0300] "GET /manager/html HTTP/1.1" 401 2474
91.208.206.203 - - [19/Mar/2025:06:47:25 -0300] "GET /manager/html HTTP/1.1" 401 2474
91.208.206.203 - - [19/Mar/2025:06:51:20 -0300] "GET /manager/html HTTP/1.1" 401 2474
91.208.206.203 - - [19/Mar/2025:06:55:16 -0300] "GET /manager/html HTTP/1.1" 401 2474
91.208.206.203 - - [19/Mar/2025:06:59:12 -0300] "GET /manager/html HTTP/1.1" 401 2474
91.208.206.203 - - [19/Mar/2025:07:03:06 -0300] "GET /manager/html HTTP/1.1" 401 2474
91.208.206.203 - - [19/Mar/2025:07:06:57 -0300] "GET /manager/html HTTP/1.1" 401 2474
91.208.206.203 - - [19/Mar/2025:07:10:49 -0300] "GET /manager/html HTTP/1.1" 401 2474
91.208.206.203 - - [19/Mar/2025:07:14:45 -0300] "GET /manager/html HTTP/1.1" 401 2474
190.95.67.91 - - [19/Mar/2025:07:17:27 -0300] "GET /cormun/servlet/trsolicitudot HTTP/1.1" 200 6328
190.95.67.91 - - [19/Mar/2025:07:17:28 -0300] "GET /cormun/servlet/hlogin HTTP/1.1" 200 1738
91.208.206.203 - - [19/Mar/2025:07:18:39 -0300] "GET /manager/html HTTP/1.1" 401 2474
201.186.226.3 - - [19/Mar/2025:07:20:25 -0300] "GET /cormun/servlet/hlogin HTTP/1.1" 200 1720
201.186.226.3 - - [19/Mar/2025:07:20:45 -0300] "POST /cormun/servlet/hlogin?16ee63190ccc21e25d473577f99cbaa4,gx-no-cache=1742379758464 HTTP/1.1" 200 90
201.186.226.3 - - [19/Mar/2025:07:20:45 -0300] "GET /cormun/servlet/hpexe_link HTTP/1.1" 200 950
201.186.226.3 - - [19/Mar/2025:07:20:46 -0300] "GET /cormun/servlet/hhome HTTP/1.1" 200 3868
201.186.226.3 - - [19/Mar/2025:07:20:53 -0300] "GET /cormun/servlet/trlicencias? HTTP/1.1" 200 10568
201.186.226.3 - - [19/Mar/2025:07:21:50 -0300] "GET /cormun/servlet/alicenciaprn?10263957,L,20250319000000,PU HTTP/1.1" 200 1550
91.208.206.203 - - [19/Mar/2025:07:22:34 -0300] "GET /manager/html HTTP/1.1" 401 2474
190.95.67.91 - - [19/Mar/2025:07:24:30 -0300] "POST /cormun/servlet/hlogin?9788770f214d6db218336a107fad973e,gx-no-cache=1742379983855 HTTP/1.1" 200 90
190.95.67.91 - - [19/Mar/2025:07:24:30 -0300] "GET /cormun/servlet/hpexe_link HTTP/1.1" 200 958
190.95.67.91 - - [19/Mar/2025:07:24:31 -0300] "GET /cormun/servlet/trsolicitudot HTTP/1.1" 200 8734
201.186.226.3 - - [19/Mar/2025:07:24:55 -0300] "GET /cormun/servlet/trpermisosgoce? HTTP/1.1" 200 8175
201.186.226.3 - - [19/Mar/2025:07:25:11 -0300] "GET /cormun/servlet/hlogin HTTP/1.1" 200 1738
190.95.67.91 - - [19/Mar/2025:07:25:34 -0300] "GET /cormun/servlet/trlicencias? HTTP/1.1" 200 12414
91.208.206.203 - - [19/Mar/2025:07:26:27 -0300] "GET /manager/html HTTP/1.1" 401 2474
165.232.85.204 - - [19/Mar/2025:07:29:05 -0300] "PUT /zP9WVS.session HTTP/1.1" 403 970
165.232.85.204 - - [19/Mar/2025:07:29:06 -0300] "PUT /zP9WVS.session HTTP/1.1" 403 970
91.208.206.203 - - [19/Mar/2025:07:30:21 -0300] "GET /manager/html HTTP/1.1" 401 2474
148.113.193.79 - - [19/Mar/2025:07:32:49 -0300] "GET / HTTP/1.1" 200 11217
91.208.206.203 - - [19/Mar/2025:07:34:16 -0300] "GET /manager/html HTTP/1.1" 401 2474
91.208.206.203 - - [19/Mar/2025:07:38:05 -0300] "GET /manager/html HTTP/1.1" 401 2474
91.208.206.203 - - [19/Mar/2025:07:41:54 -0300] "GET /manager/html HTTP/1.1" 401 2474
91.208.206.203 - - [19/Mar/2025:07:45:42 -0300] "GET /manager/html HTTP/1.1" 401 2474
190.95.1.129 - - [19/Mar/2025:07:46:26 -0300] "GET /cormun/servlet/hlogin HTTP/1.1" 200 1720
190.95.1.129 - - [19/Mar/2025:07:46:34 -0300] "POST /cormun/servlet/hlogin?880bac0d8344dd64f747a0278c974fb6,gx-no-cache=1742381307348 HTTP/1.1" 200 90
190.95.1.129 - - [19/Mar/2025:07:46:34 -0300] "GET /cormun/servlet/hpexe_link HTTP/1.1" 200 950
190.95.1.129 - - [19/Mar/2025:07:46:34 -0300] "GET /cormun/servlet/hhome HTTP/1.1" 200 4292
190.95.1.129 - - [19/Mar/2025:07:46:38 -0300] "GET /cormun/servlet/trlicencias? HTTP/1.1" 200 11901
190.95.1.129 - - [19/Mar/2025:07:49:14 -0300] "POST /cormun/servlet/trlicencias?880bac0d8344dd64f747a0278c974fb6,,gx-no-cache=1742381467150 HTTP/1.1" 200 101
190.95.1.129 - - [19/Mar/2025:07:49:14 -0300] "POST /cormun/servlet/trlicencias?880bac0d8344dd64f747a0278c974fb6,,gx-no-cache=1742381467338 HTTP/1.1" 200 9367
190.95.1.129 - - [19/Mar/2025:07:49:14 -0300] "GET /cormun/Licencias-6443.xls HTTP/1.1" 200 8704
91.208.206.203 - - [19/Mar/2025:07:49:32 -0300] "GET /manager/html HTTP/1.1" 401 2474
91.208.206.203 - - [19/Mar/2025:07:53:23 -0300] "GET /manager/html HTTP/1.1" 401 2474
190.95.1.129 - - [19/Mar/2025:07:54:37 -0300] "POST /cormun/servlet/trlicencias?880bac0d8344dd64f747a0278c974fb6,,gx-no-cache=1742381790692 HTTP/1.1" 200 101
190.95.1.129 - - [19/Mar/2025:07:54:38 -0300] "POST /cormun/servlet/trlicencias?880bac0d8344dd64f747a0278c974fb6,,gx-no-cache=1742381790842 HTTP/1.1" 200 9367
190.95.1.129 - - [19/Mar/2025:07:54:38 -0300] "GET /cormun/Licencias-7600.xls HTTP/1.1" 200 8704
91.208.206.203 - - [19/Mar/2025:07:57:10 -0300] "GET /manager/html HTTP/1.1" 401 2474
165.232.85.204 - - [19/Mar/2025:07:58:50 -0300] "èäq8Ž$')hÐuÌU> •XIØl›¶ÅQ ÷Õ´2 ˈö†ÀÈ~ÿȼîPÕI1Ü{§~€´gëXV¿ÌÀ+À/À,À0̨̩À ÀÀ" 400 -
165.232.85.204 - - [19/Mar/2025:07:58:51 -0300] "è䚬g8älҏµÏk¼¹Ë>ûð:U´ê÷Ë¥Õ& ÛüKÝú÷Pë#tj»Ôað½DãÃò3*÷,ššÀ,À+Ì©À0À/̨À " 400 -
190.95.67.93 - - [19/Mar/2025:13:07:22 -0300] "-" 400 -
190.95.15.9 - - [19/Mar/2025:13:07:57 -0300] "GET /cormun/servlet/solicitudot?INS,0,0,false, HTTP/1.1" 200 16210
190.95.15.9 - - [19/Mar/2025:13:08:16 -0300] "POST /cormun/servlet/solicitudot?gx-no-cache=1742400608459 HTTP/1.1" 200 4039
190.95.15.9 - - [19/Mar/2025:13:08:16 -0300] "POST /cormun/servlet/solicitudot?685734a0a156c9b90ab34c3454405ced,INS,0,0,false,,gx-no-cache=1742400608608 HTTP/1.1" 200 12894
190.95.15.9 - - [19/Mar/2025:13:08:24 -0300] "GET /cormun/servlet/solicitudot?3930e7a05a99a6d34e3ee18c92e7b808d6eb3c04b72872647d330444184b1bce3675d7100c92bf8d1a7355a45aef6ef9,gx-no-cache=1742400616382 HTTP/1.1" 200 30
91.208.206.203 - - [19/Mar/2025:13:09:22 -0300] "GET /manager/html HTTP/1.1" 401 2474
201.186.226.3 - - [19/Mar/2025:13:10:51 -0300] "GET /cormun/servlet/hlogin HTTP/1.1" 200 1748
190.95.15.9 - - [19/Mar/2025:13:11:08 -0300] "GET /cormun/servlet/prbanco?,MD,,gxPopupLevel%3D0%3B HTTP/1.1" 200 6599
190.95.15.9 - - [19/Mar/2025:13:11:13 -0300] "GET /cormun/servlet/solicitudot?3930e7a05a99a6d34e3ee18c92e7b80859ae71845c54f387d2725ef8c57984237b9f35e4633ad3afd733397e204fdb83c219b8d41e6608be31cac97de8fd5cb2,gx-no-cache=1742400785780 HTTP/1.1" 200 30
190.95.15.9 - - [19/Mar/2025:13:11:15 -0300] "GET /cormun/servlet/solicitudot?3930e7a05a99a6d34e3ee18c92e7b808382c661fb34524c4240934e11110dd53,gx-no-cache=1742400787468 HTTP/1.1" 200 53
190.95.15.9 - - [19/Mar/2025:13:11:42 -0300] "POST /cormun/servlet/solicitudot?gx-no-cache=1742400814383 HTTP/1.1" 200 297
190.95.15.9 - - [19/Mar/2025:13:11:46 -0300] "GET /cormun/servlet/solicitudot?3930e7a05a99a6d34e3ee18c92e7b8083611f9306fd283179b9386dba7dc975650ad318ef47b776ec68645545bef8d2c678dfad476761334619d4664287d999817245f192af1efec261d7795061d97f25bb6bd6c95c981b72ff58da943109b74ce516766b2b411421f504e98e770d81773f3710b8c30b7accf8c8da765ca71511bfbf828b9e8b8ec80f4bfe011f626bb6fa91fd58bc5c3a376aa4d1c45ce028e5c9b65c9c66ea0bffca3290360997486168f19599826f7439c516abcc9e50fd6add8ba978866fa6b7ed6ccc0493a9a1e8d139a319639df3039a69ba295f9bd10db4001e2e9f8f49b8d864f9155dd0d876aa636faf2d413ca52555c76f657cf716a0fefeeaeebd86652ad3ad14fb0ccf3e1876c4a72f6d84ca7a35d6105efd38d43e1321a05498d9496d07590b3fedff9947f61d9234a079563f573c1e1e0edc55f30efcc97a4aa7ba5b2362ec815fd33e78e1533f124748499759d4465aa7061eb36eac1878a8db62748711768cf0534cfa4bd39275bc3d570d77bdcf9ddc62a2e017e32420f6d33ab2d8941a12d69d9,gx-no-cache=1742400818709 HTTP/1.1" 200 30
190.95.15.9 - - [19/Mar/2025:13:11:49 -0300] "POST /cormun/servlet/solicitudot?gx-no-cache=1742400822187 HTTP/1.1" 200 30
190.95.15.9 - - [19/Mar/2025:13:11:57 -0300] "POST /cormun/servlet/solicitudot?gx-no-cache=1742400830197 HTTP/1.1" 200 1479
190.95.15.9 - - [19/Mar/2025:13:11:57 -0300] "POST /cormun/servlet/solicitudot?gx-no-cache=1742400830241 HTTP/1.1" 200 38
190.95.15.9 - - [19/Mar/2025:13:12:25 -0300] "GET /cormun/servlet/solicitudot?3930e7a05a99a6d34e3ee18c92e7b8088fbc6c4b716988ef1c11b49cfad7917b028dd9791ca9ee621347aa0a7f6c03a5e780d901fad8ba99ca9c885bf474742affb7a5aef2b5128833d98d03e23c30dadcadae4fa85c087bd2c889156c0e1f94193b03938a8e7a04b41c25394de8e0ee,gx-no-cache=1742400857460 HTTP/1.1" 200 110
190.95.15.9 - - [19/Mar/2025:13:12:59 -0300] "POST /cormun/servlet/solicitudot?gx-no-cache=1742400892056 HTTP/1.1" 200 110
190.95.15.9 - - [19/Mar/2025:13:13:22 -0300] "GET /cormun/servlet/solicitudot?3930e7a05a99a6d34e3ee18c92e7b808dbc1cde8cd5bfc0bcd152190c817ba7f46807e6c26f6553fb1bc2e46c04f0812f48eb8c560e415d6dc05fa667d32905a0af2c525bcfdee1973e00cd72bbd3db985d8b917b9b40301ee31317130ec2aedd7c07f2f82f2ebd9b455277e11e10cb0,gx-no-cache=1742400914590 HTTP/1.1" 200 29
91.208.206.203 - - [19/Mar/2025:13:13:23 -0300] "GET /manager/html HTTP/1.1" 401 2474
190.95.15.9 - - [19/Mar/2025:13:13:29 -0300] "GET /cormun/servlet/solicitudot?3930e7a05a99a6d34e3ee18c92e7b8088dbc1198fca9d79cc1d2d1a18a3ab680bc8370164bd4040cb29b9cf9811dde2d,gx-no-cache=1742400922199 HTTP/1.1" 200 30
190.95.15.9 - - [19/Mar/2025:13:13:39 -0300] "POST /cormun/servlet/solicitudot?gx-no-cache=1742400931757 HTTP/1.1" 200 30
190.95.15.9 - - [19/Mar/2025:13:13:43 -0300] "POST /cormun/servlet/solicitudot?685734a0a156c9b90ab34c3454405ced,INS,0,0,false,,gx-no-cache=1742400935899 HTTP/1.1" 200 93
190.95.15.9 - - [19/Mar/2025:13:13:43 -0300] "GET /cormun/servlet/hpexe_return? HTTP/1.1" 200 1007
190.95.15.9 - - [19/Mar/2025:13:13:44 -0300] "GET /cormun/servlet/trsolicitudot? HTTP/1.1" 200 8820
190.95.15.9 - - [19/Mar/2025:13:13:47 -0300] "POST /cormun/servlet/trsolicitudot?685734a0a156c9b90ab34c3454405ced,,gx-no-cache=1742400940052 HTTP/1.1" 200 106
190.95.15.9 - - [19/Mar/2025:13:13:47 -0300] "GET /cormun/servlet/trsolicitudadjuntos?2025,22182, HTTP/1.1" 200 6314
190.95.15.9 - - [19/Mar/2025:13:13:51 -0300] "GET /cormun/servlet/solicitudotadjuntos?INS,2025,22182,,1, HTTP/1.1" 200 6260
190.95.15.9 - - [19/Mar/2025:13:13:51 -0300] "GET /cormun/static/about:blank HTTP/1.1" 404 1011
190.95.15.9 - - [19/Mar/2025:13:13:51 -0300] "GET /cormun/servlet/solicitudotadjuntos?3930e7a05a99a6d34e3ee18c92e7b8081748f6353ebba0fcf8911e52adf0d38f7c6d9d106d0d07ee14652091e22a35a5,gx-no-cache=1742400944253 HTTP/1.1" 200 30
190.95.15.9 - - [19/Mar/2025:13:13:52 -0300] "POST /cormun/servlet/solicitudotadjuntos?685734a0a156c9b90ab34c3454405ced,INS,2025,22182,,1,,gx-no-cache=1742400944283 HTTP/1.1" 200 4150
190.95.15.9 - - [19/Mar/2025:13:13:54 -0300] "POST /cormun/servlet/solicitudotadjuntos?gx-no-cache=1742400946941 HTTP/1.1" 200 26
190.95.1.129 - - [19/Mar/2025:13:14:40 -0300] "GET /cormun/servlet/hlogin HTTP/1.1" 200 1718
190.95.67.93 - - [19/Mar/2025:13:14:54 -0300] "GET /cormun/servlet/hlogin HTTP/1.1" 200 1722
190.95.15.9 - - [19/Mar/2025:13:15:18 -0300] "GET /cormun/servlet/solicitudotadjuntos?3930e7a05a99a6d34e3ee18c92e7b8083bf09c03bcdfa22d7f1ccc56b0702f2f,gx-no-cache=1742401031246 HTTP/1.1" 200 30
190.95.15.9 - - [19/Mar/2025:13:15:18 -0300] "GET /cormun/servlet/solicitudotadjuntos?3930e7a05a99a6d34e3ee18c92e7b8083bf09c03bcdfa22d7f1ccc56b0702f2f,gx-no-cache=1742401031271 HTTP/1.1" 200 30
190.95.15.9 - - [19/Mar/2025:13:15:19 -0300] "POST /cormun/servlet/solicitudotadjuntos?685734a0a156c9b90ab34c3454405ced,INS,2025,22182,,1, HTTP/1.1" 200 116
190.95.15.9 - - [19/Mar/2025:13:15:19 -0300] "GET /cormun/servlet/hpexe_return? HTTP/1.1" 200 1025
190.95.15.9 - - [19/Mar/2025:13:15:19 -0300] "GET /cormun/servlet/trsolicitudadjuntos?2025,22182, HTTP/1.1" 200 9332
91.208.206.203 - - [19/Mar/2025:13:17:24 -0300] "GET /manager/html HTTP/1.1" 401 2474
91.208.206.203 - - [19/Mar/2025:13:21:24 -0300] "GET /manager/html HTTP/1.1" 401 2474
190.95.15.9 - - [19/Mar/2025:13:24:28 -0300] "GET /cormun/servlet/solicitudotadjuntos?INS,2025,22182,,1, HTTP/1.1" 200 6261
190.95.15.9 - - [19/Mar/2025:13:24:28 -0300] "GET /cormun/static/about:blank HTTP/1.1" 404 1011
190.95.15.9 - - [19/Mar/2025:13:24:29 -0300] "GET /cormun/servlet/solicitudotadjuntos?3930e7a05a99a6d34e3ee18c92e7b8081748f6353ebba0fcf8911e52adf0d38f7c6d9d106d0d07ee14652091e22a35a5,gx-no-cache=1742401581729 HTTP/1.1" 200 30
190.95.15.9 - - [19/Mar/2025:13:24:29 -0300] "POST /cormun/servlet/solicitudotadjuntos?685734a0a156c9b90ab34c3454405ced,INS,2025,22182,,1,,gx-no-cache=1742401582031 HTTP/1.1" 200 4150
190.95.15.9 - - [19/Mar/2025:13:24:34 -0300] "POST /cormun/servlet/solicitudotadjuntos?gx-no-cache=1742401587017 HTTP/1.1" 200 26
91.208.206.203 - - [19/Mar/2025:13:25:24 -0300] "GET /manager/html HTTP/1.1" 401 2474
200.126.110.43 - - [19/Mar/2025:13:26:48 -0300] "GET /cormun/servlet/trlicencias HTTP/1.1" 200 6040
200.126.110.43 - - [19/Mar/2025:13:26:50 -0300] "GET /cormun/servlet/hlogin HTTP/1.1" 200 1738
200.126.110.43 - - [19/Mar/2025:13:26:50 -0300] "GET /cormun/servlet/trlicencias HTTP/1.1" 200 6049
200.126.110.43 - - [19/Mar/2025:13:26:50 -0300] "GET /cormun/servlet/trlicencias HTTP/1.1" 200 6049
200.126.110.43 - - [19/Mar/2025:13:26:59 -0300] "POST /cormun/servlet/hlogin?752470cb4038560f1511e356c79e31c9,gx-no-cache=1742401731726 HTTP/1.1" 200 90
200.126.110.43 - - [19/Mar/2025:13:26:59 -0300] "GET /cormun/servlet/hpexe_link HTTP/1.1" 200 957
200.126.110.43 - - [19/Mar/2025:13:26:59 -0300] "GET /cormun/static/gxcfg.js?20221129847421 HTTP/1.1" 200 953
200.126.110.43 - - [19/Mar/2025:13:26:59 -0300] "GET /cormun/static/hpexe_link.js?20221129847423 HTTP/1.1" 200 625
200.126.110.43 - - [19/Mar/2025:13:26:59 -0300] "GET /cormun/servlet/trlicencias HTTP/1.1" 200 9198
200.126.110.43 - - [19/Mar/2025:13:27:00 -0300] "GET /cormun//static/Resources/PXToolsActionDisabled.gif HTTP/1.1" 200 53
200.126.110.43 - - [19/Mar/2025:13:27:00 -0300] "GET /cormun//static/Resources/PXToolsGridDisplay.png HTTP/1.1" 200 525
200.126.110.43 - - [19/Mar/2025:13:27:00 -0300] "GET /cormun//static/Resources/PXTools/ActionInsert.png HTTP/1.1" 200 1482
200.126.110.43 - - [19/Mar/2025:13:27:00 -0300] "GET /cormun//static/Resources/PXToolsActionPrint.png HTTP/1.1" 200 404
200.126.110.43 - - [19/Mar/2025:13:27:00 -0300] "GET /cormun//static/Resources/PXToolsHeaderHelp.png HTTP/1.1" 200 1333
200.126.110.43 - - [19/Mar/2025:13:27:00 -0300] "GET /cormun//static/Resources/PXToolsHeaderFavorites.png HTTP/1.1" 200 1414
200.126.110.43 - - [19/Mar/2025:13:27:00 -0300] "GET /cormun/static/SmoothNavMenu/resources/images/down.gif HTTP/1.1" 200 854
200.126.110.43 - - [19/Mar/2025:13:27:00 -0300] "GET /cormun/servlet/trlicencias HTTP/1.1" 200 9196
200.126.110.43 - - [19/Mar/2025:13:27:16 -0300] "GET /cormun/servlet/hlogin HTTP/1.1" 200 1738
190.95.123.102 - - [19/Mar/2025:13:27:43 -0300] "GET /cormun/servlet/hlogin HTTP/1.1" 200 1734
91.208.206.203 - - [19/Mar/2025:13:29:23 -0300] "GET /manager/html HTTP/1.1" 401 2474
91.208.206.203 - - [19/Mar/2025:13:33:23 -0300] "GET /manager/html HTTP/1.1" 401 2474
190.95.15.9 - - [19/Mar/2025:13:33:50 -0300] "GET /cormun/servlet/trautorizarsolicitud? HTTP/1.1" 200 9731
190.95.15.9 - - [19/Mar/2025:13:34:12 -0300] "POST /cormun/servlet/trautorizarsolicitud?685734a0a156c9b90ab34c3454405ced,,gx-no-cache=1742402164546 HTTP/1.1" 200 116
190.95.15.9 - - [19/Mar/2025:13:34:12 -0300] "GET /cormun/servlet/solicitudotlog?INS,2025,22167,0,ANU, HTTP/1.1" 200 6042
190.95.15.9 - - [19/Mar/2025:13:34:12 -0300] "GET /cormun/static/gxcfg.js?202211298384126 HTTP/1.1" 200 953
190.95.15.9 - - [19/Mar/2025:13:34:12 -0300] "GET /cormun/static/solicitudotlog.js?202211298384130 HTTP/1.1" 200 8934
190.95.15.9 - - [19/Mar/2025:13:34:13 -0300] "GET /cormun/servlet/solicitudotlog?3930e7a05a99a6d34e3ee18c92e7b80880b730a23c42026a78441eeb5c223979be5290c806765e26a6e3821de3190cd94bee70b136b97dbee08b4f25805655f8acf005bad240e369894a77065ad9ad68dfe9e8a037912a3546640c8ff59db3bfdf3952e886b846965f4fb6a85a0e732dc2287e9678b532a8c1494ede20b43db842872daed7fd787f20ef711c88ff26daf6896eedc01f9d0fe93940da9a9e84ac,gx-no-cache=1742402165734 HTTP/1.1" 200 94
190.95.15.9 - - [19/Mar/2025:13:34:25 -0300] "GET /cormun/servlet/trsolicitudot? HTTP/1.1" 200 8834
190.95.15.9 - - [19/Mar/2025:13:34:32 -0300] "POST /cormun/servlet/trsolicitudot?685734a0a156c9b90ab34c3454405ced,,gx-no-cache=1742402184721 HTTP/1.1" 200 112
190.95.15.9 - - [19/Mar/2025:13:34:32 -0300] "GET /cormun/servlet/solicitudot?UPD,2025,22182,false, HTTP/1.1" 200 16872
190.95.15.9 - - [19/Mar/2025:13:34:33 -0300] "POST /cormun/servlet/solicitudot?gx-no-cache=1742402185868 HTTP/1.1" 200 4130
190.95.15.9 - - [19/Mar/2025:13:34:33 -0300] "POST /cormun/servlet/solicitudot?685734a0a156c9b90ab34c3454405ced,UPD,2025,22182,false,,gx-no-cache=1742402185995 HTTP/1.1" 200 13088
190.95.15.9 - - [19/Mar/2025:13:34:33 -0300] "GET /cormun/servlet/solicitudot?3930e7a05a99a6d34e3ee18c92e7b808d6eb3c04b72872647d330444184b1bce3fa7b1f4774994027310d575c9565f67,gx-no-cache=1742402186150 HTTP/1.1" 200 30
190.95.15.9 - - [19/Mar/2025:13:34:33 -0300] "GET /cormun/servlet/solicitudot?3930e7a05a99a6d34e3ee18c92e7b80859ae71845c54f387d2725ef8c57984237b9f35e4633ad3afd733397e204fdb834d80ab707fb29cb783c2ef586fd37ecf,gx-no-cache=1742402186181 HTTP/1.1" 200 30
190.95.15.9 - - [19/Mar/2025:13:34:33 -0300] "GET /cormun/servlet/solicitudot?3930e7a05a99a6d34e3ee18c92e7b8089404b8db6b22ccf4717a8126f57003518f2a981cfd76ebf7ede5d8f58ba9fa526d532f96c0e45087b15420797e231b2c,gx-no-cache=1742402186203 HTTP/1.1" 200 53
190.95.15.9 - - [19/Mar/2025:13:34:33 -0300] "POST /cormun/servlet/solicitudot?gx-no-cache=1742402186230 HTTP/1.1" 200 297
190.95.15.9 - - [19/Mar/2025:13:34:33 -0300] "GET /cormun/servlet/solicitudot?3930e7a05a99a6d34e3ee18c92e7b8083611f9306fd283179b9386dba7dc975650ad318ef47b776ec68645545bef8d2c678dfad476761334619d4664287d999817245f192af1efec261d7795061d97f25bb6bd6c95c981b72ff58da943109b74ce516766b2b411421f504e98e770d81773f3710b8c30b7accf8c8da765ca71511bfbf828b9e8b8ec80f4bfe011f626bb6fa91fd58bc5c3a376aa4d1c45ce028e5c9b65c9c66ea0bffca3290360997486168f19599826f7439c516abcc9e50fd6add8ba978866fa6b7ed6ccc0493a9a1e8d139a319639df3039a69ba295f9bd10db4001e2e9f8f49b8d864f9155dd0d876aa636faf2d413ca52555c76f657cf716a0fefeeaeebd86652ad3ad14fb0ccf3e1876c4a72f6d84ca7a35d6105efd38d43e1321a05498d9496d07590b3fedff9947f61d9234a079563f573c1e1e0edc55f30efcc97a4aa7ba5b2362ec815fd33e78e1533f124748499759d4465aa7061eb36eac1878a8db62748711768cf0534cfb9f04c2b1d720c78ac321a6a3402ea2e017e32420f6d33ab2d8941a12d69d9,gx-no-cache=1742402186258 HTTP/1.1" 200 30
190.95.15.9 - - [19/Mar/2025:13:34:33 -0300] "POST /cormun/servlet/solicitudot?gx-no-cache=1742402186282 HTTP/1.1" 200 30
190.95.15.9 - - [19/Mar/2025:13:34:34 -0300] "POST /cormun/servlet/solicitudot?gx-no-cache=1742402186315 HTTP/1.1" 200 1481
190.95.15.9 - - [19/Mar/2025:13:34:34 -0300] "POST /cormun/servlet/solicitudot?gx-no-cache=1742402186353 HTTP/1.1" 200 41
190.95.15.9 - - [19/Mar/2025:13:35:04 -0300] "GET /cormun/servlet/solicitudot?3930e7a05a99a6d34e3ee18c92e7b8088fbc6c4b716988ef1c11b49cfad7917b028dd9791ca9ee621347aa0a7f6c03a5e780d901fad8ba99ca9c885bf474742affb7a5aef2b5128833d98d03e23c30dadcadae4fa85c087bd2c889156c0e1f94193b03938a8e7a04b41c25394de8e0ee,gx-no-cache=1742402216916 HTTP/1.1" 200 110
190.95.15.9 - - [19/Mar/2025:13:35:04 -0300] "POST /cormun/servlet/solicitudot?gx-no-cache=1742402216952 HTTP/1.1" 200 109
190.95.15.9 - - [19/Mar/2025:13:35:04 -0300] "GET /cormun/servlet/solicitudot?3930e7a05a99a6d34e3ee18c92e7b8081759b3e8af25f0d93cf57769d5924eccbe5290c806765e26a6e3821de3190cd92d6f9217194abfc47f4212d6af9a6c01eaa1976f0b332b1a580292c0cf39465ffd76314bb90b5c5e3b7f85d2397a119744d3cadc199ffa4dfe6d9b73266d88dc,gx-no-cache=1742402216983 HTTP/1.1" 200 29
190.95.15.9 - - [19/Mar/2025:13:35:04 -0300] "GET /cormun/servlet/solicitudot?3930e7a05a99a6d34e3ee18c92e7b8088dbc1198fca9d79cc1d2d1a18a3ab680bc8370164bd4040cb29b9cf9811dde2d,gx-no-cache=1742402217005 HTTP/1.1" 200 30
190.95.15.9 - - [19/Mar/2025:13:35:04 -0300] "POST /cormun/servlet/solicitudot?gx-no-cache=1742402217027 HTTP/1.1" 200 30
190.95.15.9 - - [19/Mar/2025:13:35:04 -0300] "POST /cormun/servlet/solicitudot?685734a0a156c9b90ab34c3454405ced,UPD,2025,22182,false,,gx-no-cache=1742402217055 HTTP/1.1" 200 93
190.95.15.9 - - [19/Mar/2025:13:35:05 -0300] "GET /cormun/servlet/hpexe_return? HTTP/1.1" 200 1013
190.95.15.9 - - [19/Mar/2025:13:35:05 -0300] "GET /cormun/servlet/trsolicitudot HTTP/1.1" 200 8820
91.208.206.203 - - [19/Mar/2025:13:37:22 -0300] "GET /manager/html HTTP/1.1" 401 2474
190.95.67.91 - - [19/Mar/2025:13:37:42 -0300] "GET /cormun/servlet/trlicencias? HTTP/1.1" 200 6052
190.95.67.91 - - [19/Mar/2025:13:37:43 -0300] "GET /cormun/servlet/hlogin HTTP/1.1" 200 1735
190.95.67.91 - - [19/Mar/2025:13:38:08 -0300] "POST /cormun/servlet/hlogin?a85baccf5535682cad90c5433eef76c1,gx-no-cache=1742402400055 HTTP/1.1" 200 90
190.95.67.91 - - [19/Mar/2025:13:38:08 -0300] "GET /cormun/servlet/hpexe_link HTTP/1.1" 200 952
190.95.67.91 - - [19/Mar/2025:13:38:08 -0300] "GET /cormun/servlet/trlicencias HTTP/1.1" 200 12457
190.95.67.91 - - [19/Mar/2025:13:38:24 -0300] "GET /cormun/servlet/trpermisosgoce? HTTP/1.1" 200 11113
190.95.67.91 - - [19/Mar/2025:13:38:27 -0300] "GET /cormun/servlet/permisogoce?INS,0,,, HTTP/1.1" 200 7112
190.95.67.91 - - [19/Mar/2025:13:38:36 -0300] "GET /cormun/servlet/permisogoce?8e9c454d4c7e5b195b5c98a6593f922a400ee3d5703e8064621539509bf98499ed17db94c79e339f004eb12bcf22636ec0ff318da1076077a5aba4db8f8af917,gx-no-cache=1742402428524 HTTP/1.1" 200 183
190.95.67.91 - - [19/Mar/2025:13:38:36 -0300] "GET /cormun/static/Shared/jqueryui/images/ui-icons_82798d_256x240.png HTTP/1.1" 404 1089
190.95.67.91 - - [19/Mar/2025:13:38:36 -0300] "GET /cormun/static/Shared/jqueryui/images/ui-bg_highlight-soft_100_c6c2c8_1x100.png HTTP/1.1" 404 1117
190.95.67.91 - - [19/Mar/2025:13:38:36 -0300] "GET /cormun/static/Shared/jqueryui/images/ui-bg_flat_55_994d53_40x100.png HTTP/1.1" 404 1097
190.95.67.91 - - [19/Mar/2025:13:38:36 -0300] "GET /cormun/static/Shared/jqueryui/images/ui-icons_ebccce_256x240.png HTTP/1.1" 404 1089
190.95.1.185 - - [19/Mar/2025:13:39:14 -0300] "GET /cormun/servlet/hlogin HTTP/1.1" 200 1718
190.95.1.185 - - [19/Mar/2025:13:39:17 -0300] "POST /cormun/servlet/hlogin?8d252d6ec31b7421fc56cdc41dfc7d8f,gx-no-cache=1742402469680 HTTP/1.1" 200 90
190.95.1.185 - - [19/Mar/2025:13:39:17 -0300] "GET /cormun/servlet/hpexe_link HTTP/1.1" 200 949
190.95.1.185 - - [19/Mar/2025:13:39:17 -0300] "GET /cormun/servlet/hhome HTTP/1.1" 200 4475
190.95.1.185 - - [19/Mar/2025:13:39:20 -0300] "GET /cormun/servlet/trlicencias? HTTP/1.1" 200 11238
190.95.67.91 - - [19/Mar/2025:13:39:29 -0300] "GET /cormun/servlet/permisogoce?8e9c454d4c7e5b195b5c98a6593f922aaef9aeb224d0bb1c9b2f30f3c1f30ac3ed17db94c79e339f004eb12bcf22636ec0ff318da1076077a5aba4db8f8af917,gx-no-cache=1742402481480 HTTP/1.1" 200 75
190.95.67.91 - - [19/Mar/2025:13:39:32 -0300] "GET /cormun/static/menuarrow.gif HTTP/1.1" 404 1015
190.95.67.91 - - [19/Mar/2025:13:41:22 -0300] "GET /cormun/servlet/permisogoce?8e9c454d4c7e5b195b5c98a6593f922ae13a2b18bc4a82088528d64598fb8b9f10913ca6ab3fe189573cabccbcdde4e43294c297087462e446e7932c5986f0e0,gx-no-cache=1742402593945 HTTP/1.1" 200 47
91.208.206.203 - - [19/Mar/2025:13:41:22 -0300] "GET /manager/html HTTP/1.1" 401 2474
190.95.67.91 - - [19/Mar/2025:13:41:27 -0300] "POST /cormun/servlet/permisogoce?a85baccf5535682cad90c5433eef76c1,INS,0,,,,gx-no-cache=1742402599232 HTTP/1.1" 200 93
190.95.67.91 - - [19/Mar/2025:13:41:27 -0300] "GET /cormun/servlet/hpexe_return? HTTP/1.1" 200 1006
190.95.67.91 - - [19/Mar/2025:13:41:28 -0300] "GET /cormun/servlet/trpermisosgoce HTTP/1.1" 200 11414
190.95.67.91 - - [19/Mar/2025:13:41:30 -0300] "POST /cormun/servlet/trpermisosgoce?a85baccf5535682cad90c5433eef76c1,gx-no-cache=1742402601690 HTTP/1.1" 200 8777
190.95.67.91 - - [19/Mar/2025:13:41:30 -0300] "GET /cormun/static/Shared/jqueryui/images/ui-bg_flat_55_fafafa_40x100.png HTTP/1.1" 404 1097
190.95.67.91 - - [19/Mar/2025:13:41:30 -0300] "GET /cormun/static/Shared/jqueryui/images/ui-icons_8d78a5_256x240.png HTTP/1.1" 404 1089
190.95.67.91 - - [19/Mar/2025:13:41:32 -0300] "GET /cormun/servlet/trpermisosadjuntos?10409144,20250319134041,P, HTTP/1.1" 200 6540
190.95.67.91 - - [19/Mar/2025:13:41:33 -0300] "GET /cormun/servlet/permisosadjuntos?INS,10409144,P,20250319134041,, HTTP/1.1" 200 5861
190.95.67.91 - - [19/Mar/2025:13:41:33 -0300] "GET /cormun/static/about:blank HTTP/1.1" 404 1011
190.95.67.91 - - [19/Mar/2025:13:41:43 -0300] "POST /cormun/servlet/permisosadjuntos?a85baccf5535682cad90c5433eef76c1,INS,10409144,P,20250319134041,, HTTP/1.1" 200 116
190.95.67.91 - - [19/Mar/2025:13:41:43 -0300] "GET /cormun/servlet/hpexe_return? HTTP/1.1" 200 1036
190.95.67.91 - - [19/Mar/2025:13:41:43 -0300] "GET /cormun/servlet/trpermisosadjuntos?10409144,20250319134041,P, HTTP/1.1" 200 7084
190.95.67.91 - - [19/Mar/2025:13:41:46 -0300] "POST /cormun/servlet/trpermisosadjuntos?a85baccf5535682cad90c5433eef76c1,10409144,20250319134041,P,,gx-no-cache=1742402618225 HTTP/1.1" 200 90
190.95.67.91 - - [19/Mar/2025:13:41:46 -0300] "GET /cormun/servlet/hpexe_link HTTP/1.1" 200 1001
190.95.67.91 - - [19/Mar/2025:13:41:46 -0300] "GET /cormun/servlet/trpermisosgoce?gx-no-cache=1742402601690 HTTP/1.1" 200 11411
190.95.67.91 - - [19/Mar/2025:13:41:48 -0300] "POST /cormun/servlet/trpermisosgoce?a85baccf5535682cad90c5433eef76c1,gx-no-cache=1742402601690,gx-no-cache=1742402620489 HTTP/1.1" 200 8718
190.95.15.9 - - [19/Mar/2025:13:42:07 -0300] "POST /cormun/servlet/trsolicitudot?685734a0a156c9b90ab34c3454405ced,gx-no-cache=1742402639748 HTTP/1.1" 200 106
190.95.15.9 - - [19/Mar/2025:13:42:07 -0300] "GET /cormun/servlet/trsolicitudadjuntos?2025,22182, HTTP/1.1" 200 9329
190.95.15.9 - - [19/Mar/2025:13:42:11 -0300] "GET /cormun/servlet/solicitudotadjuntos?INS,2025,22182,,1, HTTP/1.1" 200 6260
190.95.15.9 - - [19/Mar/2025:13:42:11 -0300] "GET /cormun/static/about:blank HTTP/1.1" 404 1011
190.95.15.9 - - [19/Mar/2025:13:42:12 -0300] "GET /cormun/servlet/solicitudotadjuntos?3930e7a05a99a6d34e3ee18c92e7b8081748f6353ebba0fcf8911e52adf0d38f7c6d9d106d0d07ee14652091e22a35a5,gx-no-cache=1742402644527 HTTP/1.1" 200 30
190.95.15.9 - - [19/Mar/2025:13:42:12 -0300] "POST /cormun/servlet/solicitudotadjuntos?685734a0a156c9b90ab34c3454405ced,INS,2025,22182,,1,,gx-no-cache=1742402644574 HTTP/1.1" 200 4150
190.95.15.9 - - [19/Mar/2025:13:42:14 -0300] "POST /cormun/servlet/solicitudotadjuntos?gx-no-cache=1742402647081 HTTP/1.1" 200 26
190.95.67.91 - - [19/Mar/2025:13:42:21 -0300] "GET /cormun/servlet/permisogoce?INS,0,,, HTTP/1.1" 200 7135
190.95.67.91 - - [19/Mar/2025:13:42:26 -0300] "GET /cormun/servlet/permisogoce?8e9c454d4c7e5b195b5c98a6593f922a722558ee57bc23b0d20e2d8a58759d79a58dad6ecab801b26afd69448606cdf857a3c093a0cb57ffa5e7bf458ade1d97,gx-no-cache=1742402658745 HTTP/1.1" 200 91
190.95.67.91 - - [19/Mar/2025:13:42:35 -0300] "GET /cormun/servlet/permisogoce?8e9c454d4c7e5b195b5c98a6593f922ab390b68481b58129b5ea4a089844ee8d5c49d6a7663a080e5e0bf1243b765ada763b63e4e22acc8b7dd0e726fdd095c0,gx-no-cache=1742402667120 HTTP/1.1" 200 47
190.95.15.9 - - [19/Mar/2025:13:42:43 -0300] "GET /cormun/servlet/solicitudotadjuntos?3930e7a05a99a6d34e3ee18c92e7b8083bf09c03bcdfa22d7f1ccc56b0702f2f,gx-no-cache=1742402675322 HTTP/1.1" 200 30
190.95.15.9 - - [19/Mar/2025:13:42:43 -0300] "GET /cormun/servlet/solicitudotadjuntos?3930e7a05a99a6d34e3ee18c92e7b8083bf09c03bcdfa22d7f1ccc56b0702f2f,gx-no-cache=1742402675348 HTTP/1.1" 200 30
190.95.15.9 - - [19/Mar/2025:13:42:43 -0300] "POST /cormun/servlet/solicitudotadjuntos?685734a0a156c9b90ab34c3454405ced,INS,2025,22182,,1, HTTP/1.1" 200 116
190.95.15.9 - - [19/Mar/2025:13:42:43 -0300] "GET /cormun/servlet/hpexe_return? HTTP/1.1" 200 1025
190.95.15.9 - - [19/Mar/2025:13:42:43 -0300] "GET /cormun/servlet/trsolicitudadjuntos?2025,22182, HTTP/1.1" 200 9610
190.95.67.91 - - [19/Mar/2025:13:42:45 -0300] "POST /cormun/servlet/permisogoce?a85baccf5535682cad90c5433eef76c1,INS,0,,,,gx-no-cache=1742402676879 HTTP/1.1" 200 93
190.95.67.91 - - [19/Mar/2025:13:42:45 -0300] "GET /cormun/servlet/hpexe_return? HTTP/1.1" 200 1028
190.95.67.91 - - [19/Mar/2025:13:42:45 -0300] "GET /cormun/servlet/trpermisosgoce?gx-no-cache=1742402601690 HTTP/1.1" 200 11666
190.95.67.91 - - [19/Mar/2025:13:42:48 -0300] "GET /cormun/servlet/trpermisosadjuntos?9211222,20250319134436,P, HTTP/1.1" 200 6574
190.95.15.9 - - [19/Mar/2025:13:42:49 -0300] "GET /cormun/servlet/solicitudotadjuntos?INS,2025,22182,,1, HTTP/1.1" 200 6260
190.95.15.9 - - [19/Mar/2025:13:42:49 -0300] "GET /cormun/static/about:blank HTTP/1.1" 404 1011
190.95.67.91 - - [19/Mar/2025:13:42:49 -0300] "GET /cormun/servlet/permisosadjuntos?INS,9211222,P,20250319134436,, HTTP/1.1" 200 5876
190.95.67.91 - - [19/Mar/2025:13:42:50 -0300] "GET /cormun/static/about:blank HTTP/1.1" 404 1011
190.95.15.9 - - [19/Mar/2025:13:42:50 -0300] "GET /cormun/servlet/solicitudotadjuntos?3930e7a05a99a6d34e3ee18c92e7b8081748f6353ebba0fcf8911e52adf0d38f7c6d9d106d0d07ee14652091e22a35a5,gx-no-cache=1742402682521 HTTP/1.1" 200 30
190.95.15.9 - - [19/Mar/2025:13:42:50 -0300] "POST /cormun/servlet/solicitudotadjuntos?685734a0a156c9b90ab34c3454405ced,INS,2025,22182,,1,,gx-no-cache=1742402682551 HTTP/1.1" 200 4149
190.95.15.9 - - [19/Mar/2025:13:42:53 -0300] "POST /cormun/servlet/solicitudotadjuntos?gx-no-cache=1742402686072 HTTP/1.1" 200 26
190.95.67.91 - - [19/Mar/2025:13:42:55 -0300] "POST /cormun/servlet/permisosadjuntos?a85baccf5535682cad90c5433eef76c1,INS,9211222,P,20250319134436,, HTTP/1.1" 200 116
190.95.67.91 - - [19/Mar/2025:13:42:55 -0300] "GET /cormun/servlet/hpexe_return? HTTP/1.1" 200 1034
190.95.67.91 - - [19/Mar/2025:13:42:55 -0300] "GET /cormun/servlet/trpermisosadjuntos?9211222,20250319134436,P, HTTP/1.1" 200 7097
190.95.67.91 - - [19/Mar/2025:13:42:57 -0300] "POST /cormun/servlet/trpermisosadjuntos?a85baccf5535682cad90c5433eef76c1,9211222,20250319134436,P,,gx-no-cache=1742402689177 HTTP/1.1" 200 90
190.95.67.91 - - [19/Mar/2025:13:42:57 -0300] "GET /cormun/servlet/hpexe_link HTTP/1.1" 200 1000
190.95.67.91 - - [19/Mar/2025:13:42:57 -0300] "GET /cormun/servlet/trpermisosgoce?gx-no-cache=1742402601690 HTTP/1.1" 200 11663
190.95.67.91 - - [19/Mar/2025:13:42:59 -0300] "POST /cormun/servlet/trpermisosgoce?a85baccf5535682cad90c5433eef76c1,gx-no-cache=1742402601690,gx-no-cache=1742402690921 HTTP/1.1" 200 8976
190.95.15.9 - - [19/Mar/2025:13:43:13 -0300] "GET /cormun/servlet/solicitudotadjuntos?3930e7a05a99a6d34e3ee18c92e7b8083bf09c03bcdfa22d7f1ccc56b0702f2f,gx-no-cache=1742402705371 HTTP/1.1" 200 30
190.95.15.9 - - [19/Mar/2025:13:43:13 -0300] "GET /cormun/servlet/solicitudotadjuntos?3930e7a05a99a6d34e3ee18c92e7b8083bf09c03bcdfa22d7f1ccc56b0702f2f,gx-no-cache=1742402705388 HTTP/1.1" 200 30
190.95.15.9 - - [19/Mar/2025:13:43:13 -0300] "POST /cormun/servlet/solicitudotadjuntos?685734a0a156c9b90ab34c3454405ced,INS,2025,22182,,1, HTTP/1.1" 200 116
190.95.15.9 - - [19/Mar/2025:13:43:13 -0300] "GET /cormun/servlet/hpexe_return? HTTP/1.1" 200 1025
190.95.15.9 - - [19/Mar/2025:13:43:13 -0300] "GET /cormun/servlet/trsolicitudadjuntos?2025,22182, HTTP/1.1" 200 9861
190.95.15.9 - - [19/Mar/2025:13:43:17 -0300] "GET /cormun/servlet/solicitudotadjuntos?INS,2025,22182,,1, HTTP/1.1" 200 6260
190.95.15.9 - - [19/Mar/2025:13:43:17 -0300] "GET /cormun/static/about:blank HTTP/1.1" 404 1011
190.95.15.9 - - [19/Mar/2025:13:43:18 -0300] "GET /cormun/servlet/solicitudotadjuntos?3930e7a05a99a6d34e3ee18c92e7b8081748f6353ebba0fcf8911e52adf0d38f7c6d9d106d0d07ee14652091e22a35a5,gx-no-cache=1742402710393 HTTP/1.1" 200 30
190.95.15.9 - - [19/Mar/2025:13:43:18 -0300] "POST /cormun/servlet/solicitudotadjuntos?685734a0a156c9b90ab34c3454405ced,INS,2025,22182,,1,,gx-no-cache=1742402710427 HTTP/1.1" 200 4149
190.95.15.9 - - [19/Mar/2025:13:43:21 -0300] "POST /cormun/servlet/solicitudotadjuntos?gx-no-cache=1742402713512 HTTP/1.1" 200 26
179.57.78.55 - - [19/Mar/2025:13:43:23 -0300] "GET /cormun/servlet/trpermisosgoce? HTTP/1.1" 200 6022
179.57.78.55 - - [19/Mar/2025:13:43:24 -0300] "GET /cormun/servlet/hlogin HTTP/1.1" 200 1741
179.57.78.55 - - [19/Mar/2025:13:43:29 -0300] "POST /cormun/servlet/hlogin?27802b3f54154fdccfa33dd8d7faac97,gx-no-cache=1742402719503 HTTP/1.1" 200 90
179.57.78.55 - - [19/Mar/2025:13:43:29 -0300] "GET /cormun/servlet/hpexe_link HTTP/1.1" 200 959
179.57.78.55 - - [19/Mar/2025:13:43:29 -0300] "GET /cormun/servlet/trpermisosgoce HTTP/1.1" 200 9856
190.95.15.9 - - [19/Mar/2025:13:43:31 -0300] "GET /cormun/servlet/solicitudotadjuntos?3930e7a05a99a6d34e3ee18c92e7b8083bf09c03bcdfa22d7f1ccc56b0702f2f,gx-no-cache=1742402723411 HTTP/1.1" 200 30
190.95.15.9 - - [19/Mar/2025:13:43:31 -0300] "GET /cormun/servlet/solicitudotadjuntos?3930e7a05a99a6d34e3ee18c92e7b8083bf09c03bcdfa22d7f1ccc56b0702f2f,gx-no-cache=1742402723430 HTTP/1.1" 200 30
190.95.15.9 - - [19/Mar/2025:13:43:31 -0300] "POST /cormun/servlet/solicitudotadjuntos?685734a0a156c9b90ab34c3454405ced,INS,2025,22182,,1, HTTP/1.1" 200 116
190.95.15.9 - - [19/Mar/2025:13:43:31 -0300] "GET /cormun/servlet/hpexe_return? HTTP/1.1" 200 1025
190.95.15.9 - - [19/Mar/2025:13:43:31 -0300] "GET /cormun/servlet/trsolicitudadjuntos?2025,22182, HTTP/1.1" 200 10086
190.95.15.9 - - [19/Mar/2025:13:43:34 -0300] "GET /cormun/servlet/solicitudotadjuntos?INS,2025,22182,,1, HTTP/1.1" 200 6260
190.95.15.9 - - [19/Mar/2025:13:43:34 -0300] "GET /cormun/static/about:blank HTTP/1.1" 404 1011
190.95.15.9 - - [19/Mar/2025:13:43:35 -0300] "GET /cormun/servlet/solicitudotadjuntos?3930e7a05a99a6d34e3ee18c92e7b8081748f6353ebba0fcf8911e52adf0d38f7c6d9d106d0d07ee14652091e22a35a5,gx-no-cache=1742402727592 HTTP/1.1" 200 30
190.95.15.9 - - [19/Mar/2025:13:43:35 -0300] "POST /cormun/servlet/solicitudotadjuntos?685734a0a156c9b90ab34c3454405ced,INS,2025,22182,,1,,gx-no-cache=1742402727625 HTTP/1.1" 200 4149
190.95.15.9 - - [19/Mar/2025:13:43:39 -0300] "POST /cormun/servlet/solicitudotadjuntos?gx-no-cache=1742402731448 HTTP/1.1" 200 26
190.95.15.9 - - [19/Mar/2025:13:43:49 -0300] "GET /cormun/servlet/solicitudotadjuntos?3930e7a05a99a6d34e3ee18c92e7b8083bf09c03bcdfa22d7f1ccc56b0702f2f,gx-no-cache=1742402741610 HTTP/1.1" 200 30
190.95.15.9 - - [19/Mar/2025:13:43:49 -0300] "GET /cormun/servlet/solicitudotadjuntos?3930e7a05a99a6d34e3ee18c92e7b8083bf09c03bcdfa22d7f1ccc56b0702f2f,gx-no-cache=1742402741627 HTTP/1.1" 200 30
190.95.15.9 - - [19/Mar/2025:13:43:49 -0300] "POST /cormun/servlet/solicitudotadjuntos?685734a0a156c9b90ab34c3454405ced,INS,2025,22182,,1, HTTP/1.1" 200 116
190.95.15.9 - - [19/Mar/2025:13:43:49 -0300] "GET /cormun/servlet/hpexe_return? HTTP/1.1" 200 1025
190.95.15.9 - - [19/Mar/2025:13:43:49 -0300] "GET /cormun/servlet/trsolicitudadjuntos?2025,22182, HTTP/1.1" 200 10346
190.95.15.9 - - [19/Mar/2025:13:43:52 -0300] "GET /cormun/servlet/solicitudotadjuntos?INS,2025,22182,,1, HTTP/1.1" 200 6261
190.95.15.9 - - [19/Mar/2025:13:43:52 -0300] "GET /cormun/static/about:blank HTTP/1.1" 404 1011
179.57.78.55 - - [19/Mar/2025:13:43:53 -0300] "GET /cormun/servlet/trsolicitudot? HTTP/1.1" 200 7203
190.95.15.9 - - [19/Mar/2025:13:43:53 -0300] "GET /cormun/servlet/solicitudotadjuntos?3930e7a05a99a6d34e3ee18c92e7b8081748f6353ebba0fcf8911e52adf0d38f7c6d9d106d0d07ee14652091e22a35a5,gx-no-cache=1742402745772 HTTP/1.1" 200 30
190.95.15.9 - - [19/Mar/2025:13:43:53 -0300] "POST /cormun/servlet/solicitudotadjuntos?685734a0a156c9b90ab34c3454405ced,INS,2025,22182,,1,,gx-no-cache=1742402745806 HTTP/1.1" 200 4150
179.57.78.55 - - [19/Mar/2025:13:43:56 -0300] "GET /cormun/servlet/solicitudot?INS,0,0,false, HTTP/1.1" 200 15984
190.95.15.9 - - [19/Mar/2025:13:43:56 -0300] "POST /cormun/servlet/solicitudotadjuntos?gx-no-cache=1742402749207 HTTP/1.1" 200 26
179.57.78.55 - - [19/Mar/2025:13:44:05 -0300] "POST /cormun/servlet/solicitudot?gx-no-cache=1742402755410 HTTP/1.1" 200 4046
190.95.15.9 - - [19/Mar/2025:13:44:05 -0300] "GET /cormun/servlet/solicitudotadjuntos?3930e7a05a99a6d34e3ee18c92e7b8083bf09c03bcdfa22d7f1ccc56b0702f2f,gx-no-cache=1742402757682 HTTP/1.1" 200 30
190.95.15.9 - - [19/Mar/2025:13:44:05 -0300] "GET /cormun/servlet/solicitudotadjuntos?3930e7a05a99a6d34e3ee18c92e7b8083bf09c03bcdfa22d7f1ccc56b0702f2f,gx-no-cache=1742402757704 HTTP/1.1" 200 30
179.57.78.55 - - [19/Mar/2025:13:44:05 -0300] "POST /cormun/servlet/solicitudot?27802b3f54154fdccfa33dd8d7faac97,INS,0,0,false,,gx-no-cache=1742402755551 HTTP/1.1" 200 12618
190.95.15.9 - - [19/Mar/2025:13:44:05 -0300] "POST /cormun/servlet/solicitudotadjuntos?685734a0a156c9b90ab34c3454405ced,INS,2025,22182,,1, HTTP/1.1" 200 116
190.95.15.9 - - [19/Mar/2025:13:44:05 -0300] "GET /cormun/servlet/hpexe_return? HTTP/1.1" 200 1025
190.95.15.9 - - [19/Mar/2025:13:44:05 -0300] "GET /cormun/servlet/trsolicitudadjuntos?2025,22182, HTTP/1.1" 200 10548
179.57.78.55 - - [19/Mar/2025:13:44:06 -0300] "GET /cormun/servlet/solicitudot?78a42f00ad1981c711a9d441f76654a1f76e66a4a738f7c9ea46a416f4fb9f379a852c3fb2148751221ee7934f1eddfe,gx-no-cache=1742402756985 HTTP/1.1" 200 30
190.95.15.9 - - [19/Mar/2025:13:44:10 -0300] "GET /cormun/servlet/trsolicitudot? HTTP/1.1" 200 8823
190.95.15.9 - - [19/Mar/2025:13:44:15 -0300] "POST /cormun/servlet/trsolicitudot?685734a0a156c9b90ab34c3454405ced,,gx-no-cache=1742402767344 HTTP/1.1" 200 4866
190.95.15.9 - - [19/Mar/2025:13:44:15 -0300] "GET /cormun/static/Shared/jqueryui/images/ui-bg_highlight-soft_100_c6c2c8_1x100.png HTTP/1.1" 404 1117
190.95.15.9 - - [19/Mar/2025:13:44:15 -0300] "GET /cormun/static/Shared/jqueryui/images/ui-icons_82798d_256x240.png HTTP/1.1" 404 1089
190.95.15.9 - - [19/Mar/2025:13:44:15 -0300] "GET /cormun/static/Shared/jqueryui/images/ui-bg_flat_55_fafafa_40x100.png HTTP/1.1" 404 1097
190.95.15.9 - - [19/Mar/2025:13:44:15 -0300] "GET /cormun/static/Shared/jqueryui/images/ui-icons_8d78a5_256x240.png HTTP/1.1" 404 1089
190.95.15.9 - - [19/Mar/2025:13:44:15 -0300] "POST /cormun/servlet/trsolicitudot?685734a0a156c9b90ab34c3454405ced,,gx-no-cache=1742402767499 HTTP/1.1" 200 4627
179.57.78.55 - - [19/Mar/2025:13:45:20 -0300] "GET /cormun/servlet/solicitudot?78a42f00ad1981c711a9d441f76654a1036277a94dd32e09b2eb767d81cf269c,gx-no-cache=1742402830577 HTTP/1.1" 200 94
179.57.78.55 - - [19/Mar/2025:13:45:20 -0300] "GET /cormun/static/Shared/jqueryui/images/ui-bg_highlight-soft_100_c6c2c8_1x100.png HTTP/1.1" 404 1117
179.57.78.55 - - [19/Mar/2025:13:45:20 -0300] "GET /cormun/static/Shared/jqueryui/images/ui-icons_ebccce_256x240.png HTTP/1.1" 404 1089
179.57.78.55 - - [19/Mar/2025:13:45:20 -0300] "GET /cormun/static/Shared/jqueryui/images/ui-icons_82798d_256x240.png HTTP/1.1" 404 1089
179.57.78.55 - - [19/Mar/2025:13:45:20 -0300] "GET /cormun/static/Shared/jqueryui/images/ui-bg_flat_55_994d53_40x100.png HTTP/1.1" 404 1097
179.57.78.55 - - [19/Mar/2025:13:45:20 -0300] "GET /cormun/servlet/solicitudot?78a42f00ad1981c711a9d441f76654a1c3956dd35e380cb6fa48ace51e2e85ae,gx-no-cache=1742402830624 HTTP/1.1" 200 29
179.57.78.55 - - [19/Mar/2025:13:45:21 -0300] "POST /cormun/servlet/solicitudot?gx-no-cache=1742402831654 HTTP/1.1" 200 255
91.208.206.203 - - [19/Mar/2025:13:45:22 -0300] "GET /manager/html HTTP/1.1" 401 2474
