190.95.15.17 - - [18/Mar/2025:12:03:50 -0300] "POST /cormun/servlet/trsolicitudot?9075d14bb058c07f14e010eaabb1ed6e,gx-no-cache=1742310660134 HTTP/1.1" 200 90
190.95.15.17 - - [18/Mar/2025:12:03:50 -0300] "GET /cormun/servlet/hpexe_link HTTP/1.1" 200 956
190.95.15.17 - - [18/Mar/2025:12:03:50 -0300] "GET /cormun/servlet/hhome HTTP/1.1" 200 4377
190.95.15.17 - - [18/Mar/2025:12:03:55 -0300] "GET /cormun/servlet/trsolicitudot? HTTP/1.1" 200 10399
190.95.15.17 - - [18/Mar/2025:12:04:16 -0300] "POST /cormun/servlet/trsolicitudot?9075d14bb058c07f14e010eaabb1ed6e,,gx-no-cache=1742310685519 HTTP/1.1" 200 4641
190.95.15.17 - - [18/Mar/2025:12:04:20 -0300] "POST /cormun/servlet/trsolicitudot?9075d14bb058c07f14e010eaabb1ed6e,,gx-no-cache=1742310689766 HTTP/1.1" 200 4641
190.95.15.17 - - [18/Mar/2025:12:04:21 -0300] "POST /cormun/servlet/trsolicitudot?9075d14bb058c07f14e010eaabb1ed6e,,gx-no-cache=1742310691038 HTTP/1.1" 200 4641
201.186.226.5 - - [18/Mar/2025:12:04:29 -0300] "GET /cormun/servlet/hlogin HTTP/1.1" 200 1717
201.186.226.5 - - [18/Mar/2025:12:04:32 -0300] "POST /cormun/servlet/hlogin?e7608ed5d1db908f516d38f29e74ec7a,gx-no-cache=1742310386344 HTTP/1.1" 200 90
201.186.226.5 - - [18/Mar/2025:12:04:32 -0300] "GET /cormun/servlet/hpexe_link HTTP/1.1" 200 948
201.186.226.5 - - [18/Mar/2025:12:04:33 -0300] "GET /cormun/servlet/hhome HTTP/1.1" 200 3993
201.186.226.5 - - [18/Mar/2025:12:04:37 -0300] "GET /cormun/servlet/trsolicitudot? HTTP/1.1" 200 9512
201.186.226.5 - - [18/Mar/2025:12:04:41 -0300] "POST /cormun/servlet/trsolicitudot?e7608ed5d1db908f516d38f29e74ec7a,,gx-no-cache=1742310395154 HTTP/1.1" 200 106
201.186.226.5 - - [18/Mar/2025:12:04:41 -0300] "GET /cormun/servlet/trsolicitudadjuntos?2025,22131, HTTP/1.1" 200 6106
201.186.226.5 - - [18/Mar/2025:12:04:45 -0300] "GET /cormun/servlet/solicitudotadjuntos?INS,2025,22131,,1, HTTP/1.1" 200 6051
201.186.226.5 - - [18/Mar/2025:12:04:45 -0300] "GET /cormun/static/about:blank HTTP/1.1" 404 1011
201.186.226.5 - - [18/Mar/2025:12:04:45 -0300] "GET /cormun/servlet/solicitudotadjuntos?bee86eaf704c4a3c860f8bf5e12803479c0131e0d98d8603fb3f5cabcdc22315c3c39625b564a590096f309123af986a,gx-no-cache=1742310399163 HTTP/1.1" 200 30
201.186.226.5 - - [18/Mar/2025:12:04:45 -0300] "POST /cormun/servlet/solicitudotadjuntos?e7608ed5d1db908f516d38f29e74ec7a,INS,2025,22131,,1,,gx-no-cache=1742310399197 HTTP/1.1" 200 3905
201.186.226.5 - - [18/Mar/2025:12:04:48 -0300] "POST /cormun/servlet/solicitudotadjuntos?gx-no-cache=1742310401581 HTTP/1.1" 200 26
91.208.206.203 - - [18/Mar/2025:12:04:55 -0300] "GET /manager/html HTTP/1.1" 401 2474
201.186.226.5 - - [18/Mar/2025:12:04:57 -0300] "GET /cormun/servlet/solicitudotadjuntos?bee86eaf704c4a3c860f8bf5e1280347053a7f87ec0dc3568ed7a67f477ae259,gx-no-cache=1742310411152 HTTP/1.1" 200 30
201.186.226.5 - - [18/Mar/2025:12:04:57 -0300] "GET /cormun/servlet/solicitudotadjuntos?bee86eaf704c4a3c860f8bf5e1280347053a7f87ec0dc3568ed7a67f477ae259,gx-no-cache=1742310411166 HTTP/1.1" 200 30
201.186.226.5 - - [18/Mar/2025:12:04:57 -0300] "POST /cormun/servlet/solicitudotadjuntos?e7608ed5d1db908f516d38f29e74ec7a,INS,2025,22131,,1, HTTP/1.1" 200 116
201.186.226.5 - - [18/Mar/2025:12:04:57 -0300] "GET /cormun/servlet/hpexe_return? HTTP/1.1" 200 1022
201.186.226.5 - - [18/Mar/2025:12:04:58 -0300] "GET /cormun/servlet/trsolicitudadjuntos?2025,22131, HTTP/1.1" 200 9136
201.186.226.5 - - [18/Mar/2025:12:05:00 -0300] "GET /cormun/servlet/solicitudotadjuntos?INS,2025,22131,,1, HTTP/1.1" 200 6051
201.186.226.5 - - [18/Mar/2025:12:05:01 -0300] "GET /cormun/static/about:blank HTTP/1.1" 404 1011
201.186.226.5 - - [18/Mar/2025:12:05:01 -0300] "GET /cormun/servlet/solicitudotadjuntos?bee86eaf704c4a3c860f8bf5e12803479c0131e0d98d8603fb3f5cabcdc22315c3c39625b564a590096f309123af986a,gx-no-cache=1742310414973 HTTP/1.1" 200 30
201.186.226.5 - - [18/Mar/2025:12:05:01 -0300] "POST /cormun/servlet/solicitudotadjuntos?e7608ed5d1db908f516d38f29e74ec7a,INS,2025,22131,,1,,gx-no-cache=1742310415001 HTTP/1.1" 200 3905
201.186.226.5 - - [18/Mar/2025:12:05:04 -0300] "POST /cormun/servlet/solicitudotadjuntos?gx-no-cache=1742310417504 HTTP/1.1" 200 26
201.186.226.5 - - [18/Mar/2025:12:05:13 -0300] "GET /cormun/servlet/solicitudotadjuntos?bee86eaf704c4a3c860f8bf5e1280347053a7f87ec0dc3568ed7a67f477ae259,gx-no-cache=1742310426447 HTTP/1.1" 200 30
201.186.226.5 - - [18/Mar/2025:12:05:13 -0300] "GET /cormun/servlet/solicitudotadjuntos?bee86eaf704c4a3c860f8bf5e1280347053a7f87ec0dc3568ed7a67f477ae259,gx-no-cache=1742310426461 HTTP/1.1" 200 30
201.186.226.5 - - [18/Mar/2025:12:05:13 -0300] "POST /cormun/servlet/solicitudotadjuntos?e7608ed5d1db908f516d38f29e74ec7a,INS,2025,22131,,1, HTTP/1.1" 200 116
201.186.226.5 - - [18/Mar/2025:12:05:13 -0300] "GET /cormun/servlet/hpexe_return? HTTP/1.1" 200 1022
201.186.226.5 - - [18/Mar/2025:12:05:13 -0300] "GET /cormun/servlet/trsolicitudadjuntos?2025,22131, HTTP/1.1" 200 9389
201.186.226.5 - - [18/Mar/2025:12:05:15 -0300] "GET /cormun/servlet/solicitudotadjuntos?INS,2025,22131,,1, HTTP/1.1" 200 6051
201.186.226.5 - - [18/Mar/2025:12:05:15 -0300] "GET /cormun/static/about:blank HTTP/1.1" 404 1011
201.186.226.5 - - [18/Mar/2025:12:05:16 -0300] "GET /cormun/servlet/solicitudotadjuntos?bee86eaf704c4a3c860f8bf5e12803479c0131e0d98d8603fb3f5cabcdc22315c3c39625b564a590096f309123af986a,gx-no-cache=1742310429708 HTTP/1.1" 200 30
201.186.226.5 - - [18/Mar/2025:12:05:16 -0300] "POST /cormun/servlet/solicitudotadjuntos?e7608ed5d1db908f516d38f29e74ec7a,INS,2025,22131,,1,,gx-no-cache=1742310429736 HTTP/1.1" 200 3905
190.95.15.17 - - [18/Mar/2025:12:05:17 -0300] "POST /cormun/servlet/trsolicitudot?9075d14bb058c07f14e010eaabb1ed6e,,gx-no-cache=1742310747078 HTTP/1.1" 200 4672
190.95.15.17 - - [18/Mar/2025:12:05:19 -0300] "POST /cormun/servlet/trsolicitudot?9075d14bb058c07f14e010eaabb1ed6e,,gx-no-cache=1742310748813 HTTP/1.1" 200 4671
201.186.226.5 - - [18/Mar/2025:12:05:19 -0300] "POST /cormun/servlet/solicitudotadjuntos?gx-no-cache=1742310433368 HTTP/1.1" 200 26
190.95.15.17 - - [18/Mar/2025:12:05:23 -0300] "POST /cormun/servlet/trsolicitudot?9075d14bb058c07f14e010eaabb1ed6e,,gx-no-cache=1742310753198 HTTP/1.1" 200 4671
190.95.15.17 - - [18/Mar/2025:12:05:27 -0300] "POST /cormun/servlet/trsolicitudot?9075d14bb058c07f14e010eaabb1ed6e,,gx-no-cache=1742310757334 HTTP/1.1" 200 4670
190.95.15.17 - - [18/Mar/2025:12:05:28 -0300] "POST /cormun/servlet/trsolicitudot?9075d14bb058c07f14e010eaabb1ed6e,,gx-no-cache=1742310758077 HTTP/1.1" 200 4671
190.95.15.17 - - [18/Mar/2025:12:05:29 -0300] "POST /cormun/servlet/trsolicitudot?9075d14bb058c07f14e010eaabb1ed6e,,gx-no-cache=1742310758765 HTTP/1.1" 200 4670
190.95.15.17 - - [18/Mar/2025:12:05:37 -0300] "POST /cormun/servlet/trsolicitudot?9075d14bb058c07f14e010eaabb1ed6e,,gx-no-cache=1742310766990 HTTP/1.1" 200 4674
190.95.15.17 - - [18/Mar/2025:12:05:43 -0300] "POST /cormun/servlet/trsolicitudot?9075d14bb058c07f14e010eaabb1ed6e,,gx-no-cache=1742310772726 HTTP/1.1" 200 6388
201.186.226.5 - - [18/Mar/2025:12:05:43 -0300] "GET /cormun/servlet/solicitudotadjuntos?bee86eaf704c4a3c860f8bf5e1280347053a7f87ec0dc3568ed7a67f477ae259,gx-no-cache=1742310456719 HTTP/1.1" 200 30
201.186.226.5 - - [18/Mar/2025:12:05:43 -0300] "GET /cormun/servlet/solicitudotadjuntos?bee86eaf704c4a3c860f8bf5e1280347053a7f87ec0dc3568ed7a67f477ae259,gx-no-cache=1742310456741 HTTP/1.1" 200 30
201.186.226.5 - - [18/Mar/2025:12:05:43 -0300] "POST /cormun/servlet/solicitudotadjuntos?e7608ed5d1db908f516d38f29e74ec7a,INS,2025,22131,,1, HTTP/1.1" 200 116
201.186.226.5 - - [18/Mar/2025:12:05:43 -0300] "GET /cormun/servlet/hpexe_return? HTTP/1.1" 200 1022
201.186.226.5 - - [18/Mar/2025:12:05:43 -0300] "GET /cormun/servlet/trsolicitudadjuntos?2025,22131, HTTP/1.1" 200 9625
201.186.226.5 - - [18/Mar/2025:12:05:47 -0300] "GET /cormun/servlet/solicitudotadjuntos?INS,2025,22131,,1, HTTP/1.1" 200 6050
201.186.226.5 - - [18/Mar/2025:12:05:47 -0300] "GET /cormun/static/about:blank HTTP/1.1" 404 1011
201.186.226.5 - - [18/Mar/2025:12:05:47 -0300] "GET /cormun/servlet/solicitudotadjuntos?bee86eaf704c4a3c860f8bf5e12803479c0131e0d98d8603fb3f5cabcdc22315c3c39625b564a590096f309123af986a,gx-no-cache=1742310461279 HTTP/1.1" 200 30
201.186.226.5 - - [18/Mar/2025:12:05:47 -0300] "POST /cormun/servlet/solicitudotadjuntos?e7608ed5d1db908f516d38f29e74ec7a,INS,2025,22131,,1,,gx-no-cache=1742310461308 HTTP/1.1" 200 3904
201.186.226.5 - - [18/Mar/2025:12:05:50 -0300] "POST /cormun/servlet/solicitudotadjuntos?gx-no-cache=1742310464016 HTTP/1.1" 200 26
190.95.15.17 - - [18/Mar/2025:12:05:56 -0300] "POST /cormun/servlet/trsolicitudot?9075d14bb058c07f14e010eaabb1ed6e,,gx-no-cache=1742310786169 HTTP/1.1" 200 6093
190.95.15.17 - - [18/Mar/2025:12:05:56 -0300] "POST /cormun/servlet/trsolicitudot?9075d14bb058c07f14e010eaabb1ed6e,,gx-no-cache=1742310786325 HTTP/1.1" 200 6072
201.186.226.5 - - [18/Mar/2025:12:06:00 -0300] "GET /cormun/servlet/solicitudotadjuntos?bee86eaf704c4a3c860f8bf5e1280347053a7f87ec0dc3568ed7a67f477ae259,gx-no-cache=1742310474240 HTTP/1.1" 200 30
201.186.226.5 - - [18/Mar/2025:12:06:00 -0300] "GET /cormun/servlet/solicitudotadjuntos?bee86eaf704c4a3c860f8bf5e1280347053a7f87ec0dc3568ed7a67f477ae259,gx-no-cache=1742310474255 HTTP/1.1" 200 30
201.186.226.5 - - [18/Mar/2025:12:06:00 -0300] "POST /cormun/servlet/solicitudotadjuntos?e7608ed5d1db908f516d38f29e74ec7a,INS,2025,22131,,1, HTTP/1.1" 200 116
201.186.226.5 - - [18/Mar/2025:12:06:00 -0300] "GET /cormun/servlet/hpexe_return? HTTP/1.1" 200 1022
201.186.226.5 - - [18/Mar/2025:12:06:01 -0300] "GET /cormun/servlet/trsolicitudadjuntos?2025,22131, HTTP/1.1" 200 9897
190.95.15.17 - - [18/Mar/2025:12:06:01 -0300] "POST /cormun/servlet/trsolicitudot?9075d14bb058c07f14e010eaabb1ed6e,,gx-no-cache=1742310790590 HTTP/1.1" 200 4898
190.95.15.17 - - [18/Mar/2025:12:06:01 -0300] "GET /cormun/static/Shared/jqueryui/images/ui-bg_flat_55_fafafa_40x100.png HTTP/1.1" 404 1097
190.95.15.17 - - [18/Mar/2025:12:06:01 -0300] "GET /cormun/static/Shared/jqueryui/images/ui-icons_8d78a5_256x240.png HTTP/1.1" 404 1089
190.95.15.17 - - [18/Mar/2025:12:06:01 -0300] "POST /cormun/servlet/trsolicitudot?9075d14bb058c07f14e010eaabb1ed6e,,gx-no-cache=1742310790686 HTTP/1.1" 200 4651
190.95.15.17 - - [18/Mar/2025:12:06:03 -0300] "GET /cormun/servlet/trautorizarsolicitud? HTTP/1.1" 200 10267
201.186.226.5 - - [18/Mar/2025:12:06:04 -0300] "GET /cormun/servlet/solicitudotadjuntos?INS,2025,22131,,1, HTTP/1.1" 200 6050
201.186.226.5 - - [18/Mar/2025:12:06:04 -0300] "GET /cormun/static/about:blank HTTP/1.1" 404 1011
201.186.226.5 - - [18/Mar/2025:12:06:04 -0300] "GET /cormun/servlet/solicitudotadjuntos?bee86eaf704c4a3c860f8bf5e12803479c0131e0d98d8603fb3f5cabcdc22315c3c39625b564a590096f309123af986a,gx-no-cache=1742310478296 HTTP/1.1" 200 30
201.186.226.5 - - [18/Mar/2025:12:06:04 -0300] "POST /cormun/servlet/solicitudotadjuntos?e7608ed5d1db908f516d38f29e74ec7a,INS,2025,22131,,1,,gx-no-cache=1742310478323 HTTP/1.1" 200 3904
201.186.226.5 - - [18/Mar/2025:12:06:09 -0300] "POST /cormun/servlet/solicitudotadjuntos?gx-no-cache=1742310482432 HTTP/1.1" 200 26
201.186.226.5 - - [18/Mar/2025:12:06:16 -0300] "GET /cormun/servlet/solicitudotadjuntos?bee86eaf704c4a3c860f8bf5e1280347053a7f87ec0dc3568ed7a67f477ae259,gx-no-cache=1742310489503 HTTP/1.1" 200 30
201.186.226.5 - - [18/Mar/2025:12:06:16 -0300] "GET /cormun/servlet/solicitudotadjuntos?bee86eaf704c4a3c860f8bf5e1280347053a7f87ec0dc3568ed7a67f477ae259,gx-no-cache=1742310489518 HTTP/1.1" 200 30
201.186.226.5 - - [18/Mar/2025:12:06:16 -0300] "POST /cormun/servlet/solicitudotadjuntos?e7608ed5d1db908f516d38f29e74ec7a,INS,2025,22131,,1, HTTP/1.1" 200 116
201.186.226.5 - - [18/Mar/2025:12:06:16 -0300] "GET /cormun/servlet/hpexe_return? HTTP/1.1" 200 1022
201.186.226.5 - - [18/Mar/2025:12:06:16 -0300] "GET /cormun/servlet/trsolicitudadjuntos?2025,22131, HTTP/1.1" 200 10184
201.186.226.5 - - [18/Mar/2025:12:06:18 -0300] "GET /cormun/servlet/solicitudotadjuntos?INS,2025,22131,,1, HTTP/1.1" 200 6050
201.186.226.5 - - [18/Mar/2025:12:06:18 -0300] "GET /cormun/static/about:blank HTTP/1.1" 404 1011
201.186.226.5 - - [18/Mar/2025:12:06:19 -0300] "GET /cormun/servlet/solicitudotadjuntos?bee86eaf704c4a3c860f8bf5e12803479c0131e0d98d8603fb3f5cabcdc22315c3c39625b564a590096f309123af986a,gx-no-cache=1742310492855 HTTP/1.1" 200 30
201.186.226.5 - - [18/Mar/2025:12:06:19 -0300] "POST /cormun/servlet/solicitudotadjuntos?e7608ed5d1db908f516d38f29e74ec7a,INS,2025,22131,,1,,gx-no-cache=1742310492884 HTTP/1.1" 200 3904
190.95.15.17 - - [18/Mar/2025:12:06:19 -0300] "POST /cormun/servlet/trautorizarsolicitud?9075d14bb058c07f14e010eaabb1ed6e,,gx-no-cache=1742310809063 HTTP/1.1" 200 4564
190.95.15.17 - - [18/Mar/2025:12:06:21 -0300] "POST /cormun/servlet/trautorizarsolicitud?9075d14bb058c07f14e010eaabb1ed6e,,gx-no-cache=1742310810973 HTTP/1.1" 200 4564
201.186.226.5 - - [18/Mar/2025:12:06:24 -0300] "POST /cormun/servlet/solicitudotadjuntos?gx-no-cache=1742310497624 HTTP/1.1" 200 26
190.95.15.17 - - [18/Mar/2025:12:06:34 -0300] "POST /cormun/servlet/trautorizarsolicitud?9075d14bb058c07f14e010eaabb1ed6e,,gx-no-cache=1742310823678 HTTP/1.1" 200 7359
201.186.226.5 - - [18/Mar/2025:12:06:43 -0300] "GET /cormun/servlet/solicitudotadjuntos?bee86eaf704c4a3c860f8bf5e1280347053a7f87ec0dc3568ed7a67f477ae259,gx-no-cache=1742310516848 HTTP/1.1" 200 30
201.186.226.5 - - [18/Mar/2025:12:06:43 -0300] "GET /cormun/servlet/solicitudotadjuntos?bee86eaf704c4a3c860f8bf5e1280347053a7f87ec0dc3568ed7a67f477ae259,gx-no-cache=1742310516861 HTTP/1.1" 200 30
201.186.226.5 - - [18/Mar/2025:12:06:43 -0300] "POST /cormun/servlet/solicitudotadjuntos?e7608ed5d1db908f516d38f29e74ec7a,INS,2025,22131,,1, HTTP/1.1" 200 116
201.186.226.5 - - [18/Mar/2025:12:06:43 -0300] "GET /cormun/servlet/hpexe_return? HTTP/1.1" 200 1022
201.186.226.5 - - [18/Mar/2025:12:06:43 -0300] "GET /cormun/servlet/trsolicitudadjuntos?2025,22131, HTTP/1.1" 200 10328
201.186.226.5 - - [18/Mar/2025:12:06:47 -0300] "GET /cormun/servlet/trsolicitudot? HTTP/1.1" 200 9517
201.186.226.5 - - [18/Mar/2025:12:06:52 -0300] "POST /cormun/servlet/trsolicitudot?e7608ed5d1db908f516d38f29e74ec7a,,gx-no-cache=1742310526146 HTTP/1.1" 200 6232
201.186.226.5 - - [18/Mar/2025:12:06:52 -0300] "GET /cormun/static/Shared/jqueryui/images/ui-bg_highlight-soft_100_c6c2c8_1x100.png HTTP/1.1" 404 1117
201.186.226.5 - - [18/Mar/2025:12:06:52 -0300] "GET /cormun/static/Shared/jqueryui/images/ui-icons_82798d_256x240.png HTTP/1.1" 404 1089
201.186.226.5 - - [18/Mar/2025:12:06:52 -0300] "GET /cormun/static/Shared/jqueryui/images/ui-bg_flat_55_fafafa_40x100.png HTTP/1.1" 404 1097
201.186.226.5 - - [18/Mar/2025:12:06:52 -0300] "GET /cormun/static/Shared/jqueryui/images/ui-icons_8d78a5_256x240.png HTTP/1.1" 404 1089
201.186.226.5 - - [18/Mar/2025:12:06:53 -0300] "POST /cormun/servlet/trsolicitudot?e7608ed5d1db908f516d38f29e74ec7a,,gx-no-cache=1742310526347 HTTP/1.1" 200 6176
190.95.15.17 - - [18/Mar/2025:12:06:55 -0300] "POST /cormun/servlet/trautorizarsolicitud?9075d14bb058c07f14e010eaabb1ed6e,,gx-no-cache=1742310845429 HTTP/1.1" 200 7357
190.95.15.17 - - [18/Mar/2025:12:07:02 -0300] "POST /cormun/servlet/trautorizarsolicitud?9075d14bb058c07f14e010eaabb1ed6e,,gx-no-cache=1742310851782 HTTP/1.1" 200 5998
190.95.15.17 - - [18/Mar/2025:12:07:05 -0300] "POST /cormun/servlet/trautorizarsolicitud?9075d14bb058c07f14e010eaabb1ed6e,,gx-no-cache=1742310854534 HTTP/1.1" 200 4805
190.95.15.17 - - [18/Mar/2025:12:07:05 -0300] "POST /cormun/servlet/trautorizarsolicitud?9075d14bb058c07f14e010eaabb1ed6e,,gx-no-cache=1742310854675 HTTP/1.1" 200 4545
190.95.15.17 - - [18/Mar/2025:12:07:08 -0300] "GET /cormun/servlet/trautorizarsolicitud? HTTP/1.1" 200 7496
190.95.15.17 - - [18/Mar/2025:12:07:12 -0300] "POST /cormun/servlet/acontrolpreferencessavestate?None,RPEREZ,true HTTP/1.1" 200 35
190.95.15.17 - - [18/Mar/2025:12:07:12 -0300] "POST /cormun/servlet/trautorizarsolicitud?9075d14bb058c07f14e010eaabb1ed6e,,gx-no-cache=1742310862246 HTTP/1.1" 200 90
190.95.15.17 - - [18/Mar/2025:12:07:12 -0300] "GET /cormun/servlet/hpexe_link HTTP/1.1" 200 964
190.95.15.17 - - [18/Mar/2025:12:07:12 -0300] "GET /cormun/servlet/trsolicitudot? HTTP/1.1" 200 7649
190.95.15.17 - - [18/Mar/2025:12:07:17 -0300] "POST /cormun/servlet/trsolicitudot?9075d14bb058c07f14e010eaabb1ed6e,,gx-no-cache=1742310866903 HTTP/1.1" 200 4671
190.95.15.17 - - [18/Mar/2025:12:07:26 -0300] "GET /cormun/servlet/trsolicitudot? HTTP/1.1" 200 7647
190.95.15.17 - - [18/Mar/2025:12:07:30 -0300] "POST /cormun/servlet/trsolicitudot?9075d14bb058c07f14e010eaabb1ed6e,,gx-no-cache=1742310879839 HTTP/1.1" 200 4669
190.95.15.17 - - [18/Mar/2025:12:07:33 -0300] "POST /cormun/servlet/trsolicitudot?9075d14bb058c07f14e010eaabb1ed6e,,gx-no-cache=1742310883326 HTTP/1.1" 200 4669
190.95.15.17 - - [18/Mar/2025:12:07:38 -0300] "GET /cormun/servlet/trautorizarsolicitud? HTTP/1.1" 200 7498
186.40.30.235 - - [18/Mar/2025:12:08:53 -0300] "GET /cormun/servlet/hlogin HTTP/1.1" 200 1724
186.40.30.235 - - [18/Mar/2025:12:08:56 -0300] "POST /cormun/servlet/hlogin?41d529d84b8adaefd855070a50181c32,gx-no-cache=1742310650670 HTTP/1.1" 200 90
186.40.30.235 - - [18/Mar/2025:12:08:56 -0300] "GET /cormun/servlet/hpexe_link HTTP/1.1" 200 959
186.40.30.235 - - [18/Mar/2025:12:08:57 -0300] "GET /cormun/servlet/trsolicitudot HTTP/1.1" 200 20982
190.95.15.27 - - [18/Mar/2025:12:08:58 -0300] "GET /cormun/servlet/trpermisosadjuntos?17504371,20250318110425,P, HTTP/1.1" 200 6505
190.95.15.27 - - [18/Mar/2025:12:08:59 -0300] "GET /cormun/static/gxcfg.js?2020121641683 HTTP/1.1" 200 953
190.95.15.27 - - [18/Mar/2025:12:08:59 -0300] "GET /cormun/static/trpermisosadjuntos.js?2020121642996 HTTP/1.1" 200 20158
91.208.206.203 - - [18/Mar/2025:12:09:01 -0300] "GET /manager/html HTTP/1.1" 401 2474
190.95.15.27 - - [18/Mar/2025:12:09:02 -0300] "GET /cormun/servlet/permisosadjuntos?INS,17504371,P,20250318110425,, HTTP/1.1" 200 5829
190.95.15.27 - - [18/Mar/2025:12:09:02 -0300] "GET /cormun/static/gxcfg.js?20201215134212 HTTP/1.1" 200 953
190.95.15.27 - - [18/Mar/2025:12:09:02 -0300] "GET /cormun/static/permisosadjuntos.js?20201215134285 HTTP/1.1" 200 8724
190.95.15.27 - - [18/Mar/2025:12:09:02 -0300] "GET /cormun/static/about:blank HTTP/1.1" 404 1011
190.95.15.27 - - [18/Mar/2025:12:09:12 -0300] "POST /cormun/servlet/permisosadjuntos?bc0b5526aedafc69d01727511cea06c4,INS,17504371,P,20250318110425,, HTTP/1.1" 200 116
190.95.15.27 - - [18/Mar/2025:12:09:12 -0300] "GET /cormun/servlet/hpexe_return? HTTP/1.1" 200 1041
190.95.15.27 - - [18/Mar/2025:12:09:12 -0300] "GET /cormun/servlet/trpermisosadjuntos?17504371,20250318110425,P, HTTP/1.1" 200 7059
190.95.15.27 - - [18/Mar/2025:12:09:16 -0300] "POST /cormun/servlet/trpermisosadjuntos?bc0b5526aedafc69d01727511cea06c4,17504371,20250318110425,P,,gx-no-cache=1742310670430 HTTP/1.1" 200 90
190.95.15.27 - - [18/Mar/2025:12:09:16 -0300] "GET /cormun/servlet/hpexe_link HTTP/1.1" 200 996
190.95.15.27 - - [18/Mar/2025:12:09:16 -0300] "GET /cormun/servlet/trautorizarpermisogoce? HTTP/1.1" 200 7839
186.40.30.235 - - [18/Mar/2025:12:09:16 -0300] "POST /cormun/servlet/trsolicitudot?41d529d84b8adaefd855070a50181c32,gx-no-cache=1742310670454 HTTP/1.1" 200 106
186.40.30.235 - - [18/Mar/2025:12:09:16 -0300] "GET /cormun/servlet/trsolicitudadjuntos?2025,22153, HTTP/1.1" 200 10237
186.40.30.235 - - [18/Mar/2025:12:09:21 -0300] "GET /cormun/servlet/trsolicitudot? HTTP/1.1" 200 20987
190.95.15.27 - - [18/Mar/2025:12:09:25 -0300] "POST /cormun/servlet/trautorizarpermisogoce?bc0b5526aedafc69d01727511cea06c4,,gx-no-cache=1742310679351 HTTP/1.1" 200 5270
186.40.30.235 - - [18/Mar/2025:12:09:31 -0300] "POST /cormun/servlet/trsolicitudot?41d529d84b8adaefd855070a50181c32,,gx-no-cache=1742310685351 HTTP/1.1" 200 107
186.40.30.235 - - [18/Mar/2025:12:09:31 -0300] "GET /cormun/servlet/trsolicitudadjuntos?2025,22088, HTTP/1.1" 200 6026
190.95.15.27 - - [18/Mar/2025:12:09:33 -0300] "POST /cormun/servlet/trautorizarpermisogoce?bc0b5526aedafc69d01727511cea06c4,,gx-no-cache=1742310687007 HTTP/1.1" 200 5270
186.40.30.235 - - [18/Mar/2025:12:09:33 -0300] "GET /cormun/servlet/solicitudotadjuntos?INS,2025,22088,,1, HTTP/1.1" 200 5966
186.40.30.235 - - [18/Mar/2025:12:09:34 -0300] "GET /cormun/static/about:blank HTTP/1.1" 404 1011
186.40.30.235 - - [18/Mar/2025:12:09:34 -0300] "GET /cormun/servlet/solicitudotadjuntos?c1117bad13d1f58dcdb5bce55a5de8b7ff434b9eea1e7b541e7915c26159f726ea4ba2d85ce0672e99660bdef1e32275,gx-no-cache=1742310688532 HTTP/1.1" 200 30
186.40.30.235 - - [18/Mar/2025:12:09:34 -0300] "POST /cormun/servlet/solicitudotadjuntos?41d529d84b8adaefd855070a50181c32,INS,2025,22088,,1,,gx-no-cache=1742310688637 HTTP/1.1" 200 3873
186.40.30.235 - - [18/Mar/2025:12:09:36 -0300] "POST /cormun/servlet/solicitudotadjuntos?gx-no-cache=1742310690585 HTTP/1.1" 200 26
190.95.15.27 - - [18/Mar/2025:12:09:38 -0300] "GET /cormun/servlet/trpermisosadjuntos?17504371,20250318110425,P, HTTP/1.1" 200 7057
190.95.15.27 - - [18/Mar/2025:12:09:45 -0300] "GET /cormun/servlet/trpermisosadjuntos?17504371,20250318110425,P, HTTP/1.1" 200 7057
190.95.15.27 - - [18/Mar/2025:12:09:53 -0300] "POST /cormun/servlet/trpermisosadjuntos?bc0b5526aedafc69d01727511cea06c4,17504371,20250318110425,P,,gx-no-cache=1742310707216 HTTP/1.1" 200 90
190.95.15.27 - - [18/Mar/2025:12:09:53 -0300] "GET /cormun/servlet/hpexe_link HTTP/1.1" 200 996
190.95.15.27 - - [18/Mar/2025:12:09:53 -0300] "GET /cormun/servlet/trautorizarpermisogoce? HTTP/1.1" 200 7839
190.95.15.27 - - [18/Mar/2025:12:09:57 -0300] "POST /cormun/servlet/trautorizarpermisogoce?bc0b5526aedafc69d01727511cea06c4,,gx-no-cache=1742310711650 HTTP/1.1" 200 5270
190.95.15.27 - - [18/Mar/2025:12:09:59 -0300] "POST /cormun/servlet/trautorizarpermisogoce?bc0b5526aedafc69d01727511cea06c4,,gx-no-cache=1742310713131 HTTP/1.1" 200 5270
190.95.15.27 - - [18/Mar/2025:12:10:07 -0300] "GET /cormun/servlet/trpermisosadjuntos?17504371,20250318110425,P, HTTP/1.1" 200 7057
190.95.15.27 - - [18/Mar/2025:12:10:13 -0300] "GET /cormun/servlet/permisosadjuntos?DLT,17504371,P,20250318110425,20250318121119, HTTP/1.1" 200 5906
190.95.15.27 - - [18/Mar/2025:12:10:13 -0300] "GET /cormun/PublicTempStorage/permiso_administrativo_genesis_cueto_cumplea%F1os77193.pdf HTTP/1.1" 200 221574
190.95.15.27 - - [18/Mar/2025:12:10:16 -0300] "POST /cormun/servlet/permisosadjuntos?bc0b5526aedafc69d01727511cea06c4,DLT,17504371,P,20250318110425,20250318121119,,gx-no-cache=1742310730521 HTTP/1.1" 200 93
190.95.15.27 - - [18/Mar/2025:12:10:16 -0300] "GET /cormun/servlet/hpexe_return? HTTP/1.1" 200 1049
190.95.15.27 - - [18/Mar/2025:12:10:16 -0300] "GET /cormun/servlet/trpermisosadjuntos?17504371,20250318110425,P, HTTP/1.1" 200 7058
190.95.15.27 - - [18/Mar/2025:12:10:20 -0300] "GET /cormun/PublicTempStorage/permiso_administrativo_genesis_cueto_cumplea%F1os56073.pdf HTTP/1.1" 200 221574
190.95.15.27 - - [18/Mar/2025:12:10:28 -0300] "GET /cormun/servlet/trpermisosadjuntos?17504371,20250318110425,P, HTTP/1.1" 200 7060
190.95.15.27 - - [18/Mar/2025:12:10:35 -0300] "GET /cormun/servlet/trautorizarpermisogoce? HTTP/1.1" 200 7839
190.95.15.27 - - [18/Mar/2025:12:10:39 -0300] "POST /cormun/servlet/trautorizarpermisogoce?bc0b5526aedafc69d01727511cea06c4,,gx-no-cache=1742310752971 HTTP/1.1" 200 5272
190.95.15.27 - - [18/Mar/2025:12:10:43 -0300] "GET /cormun/servlet/trpermisosgoce? HTTP/1.1" 200 7967
190.95.15.27 - - [18/Mar/2025:12:10:47 -0300] "POST /cormun/servlet/trpermisosgoce?bc0b5526aedafc69d01727511cea06c4,,gx-no-cache=1742310761621 HTTP/1.1" 200 5344
190.95.15.27 - - [18/Mar/2025:12:10:59 -0300] "GET /cormun/servlet/trautorizarpermisogoce? HTTP/1.1" 200 7008
190.95.15.27 - - [18/Mar/2025:12:11:09 -0300] "GET /cormun/servlet/trautorizarpermisogoce? HTTP/1.1" 200 7007
190.95.15.27 - - [18/Mar/2025:12:11:14 -0300] "GET /cormun/servlet/trpermisosgoce? HTTP/1.1" 200 7948
190.95.15.27 - - [18/Mar/2025:12:11:17 -0300] "POST /cormun/servlet/trpermisosgoce?bc0b5526aedafc69d01727511cea06c4,,gx-no-cache=1742310791622 HTTP/1.1" 200 5346
190.95.15.27 - - [18/Mar/2025:12:11:24 -0300] "GET /cormun/servlet/permisogoce?DSP,17504371,P,20250318110425, HTTP/1.1" 200 6891
190.95.15.27 - - [18/Mar/2025:12:11:37 -0300] "POST /cormun/servlet/permisogoce?bc0b5526aedafc69d01727511cea06c4,DSP,17504371,P,20250318110425,,gx-no-cache=1742310810982 HTTP/1.1" 200 93
190.95.15.27 - - [18/Mar/2025:12:11:37 -0300] "GET /cormun/servlet/hpexe_return? HTTP/1.1" 200 1033
190.95.15.27 - - [18/Mar/2025:12:11:37 -0300] "GET /cormun/servlet/trpermisosgoce? HTTP/1.1" 200 7951
190.95.15.27 - - [18/Mar/2025:12:11:57 -0300] "GET /cormun/servlet/trautorizarpermisogoce? HTTP/1.1" 200 7008
190.95.15.27 - - [18/Mar/2025:12:12:16 -0300] "POST /cormun/servlet/trautorizarpermisogoce?bc0b5526aedafc69d01727511cea06c4,,gx-no-cache=1742310850416 HTTP/1.1" 200 4433
190.95.15.27 - - [18/Mar/2025:12:12:17 -0300] "POST /cormun/servlet/trautorizarpermisogoce?bc0b5526aedafc69d01727511cea06c4,,gx-no-cache=1742310851534 HTTP/1.1" 200 4431
190.95.1.185 - - [18/Mar/2025:12:13:01 -0300] "GET /cormun/servlet/hlogin HTTP/1.1" 200 1715
190.95.1.185 - - [18/Mar/2025:12:13:01 -0300] "GET /cormun/servlet/hlogin HTTP/1.1" 200 1725
190.95.1.185 - - [18/Mar/2025:12:13:04 -0300] "POST /cormun/servlet/hlogin?25867ca24a63be0eb443412daf0cfad8,gx-no-cache=1742310897670 HTTP/1.1" 200 90
190.95.1.185 - - [18/Mar/2025:12:13:04 -0300] "GET /cormun/servlet/hpexe_link HTTP/1.1" 200 946
190.95.1.185 - - [18/Mar/2025:12:13:04 -0300] "GET /cormun/servlet/hhome HTTP/1.1" 200 4472
190.95.1.185 - - [18/Mar/2025:12:13:07 -0300] "GET /cormun/servlet/trlicencias? HTTP/1.1" 200 11235
186.40.30.235 - - [18/Mar/2025:12:13:08 -0300] "POST /cormun/servlet/trsolicitudot?41d529d84b8adaefd855070a50181c32,,gx-no-cache=1742310902320 HTTP/1.1" 200 107
186.40.30.235 - - [18/Mar/2025:12:13:08 -0300] "GET /cormun/servlet/trsolicitudadjuntos?2025,22088, HTTP/1.1" 200 6026
186.40.30.235 - - [18/Mar/2025:12:13:10 -0300] "GET /cormun/servlet/solicitudotadjuntos?INS,2025,22088,,1, HTTP/1.1" 200 5967
186.40.30.235 - - [18/Mar/2025:12:13:10 -0300] "GET /cormun/static/about:blank HTTP/1.1" 404 1011
186.40.30.235 - - [18/Mar/2025:12:13:11 -0300] "GET /cormun/servlet/solicitudotadjuntos?c1117bad13d1f58dcdb5bce55a5de8b7ff434b9eea1e7b541e7915c26159f726ea4ba2d85ce0672e99660bdef1e32275,gx-no-cache=1742310905433 HTTP/1.1" 200 30
186.40.30.235 - - [18/Mar/2025:12:13:11 -0300] "POST /cormun/servlet/solicitudotadjuntos?41d529d84b8adaefd855070a50181c32,INS,2025,22088,,1,,gx-no-cache=1742310905500 HTTP/1.1" 200 3874
186.40.30.235 - - [18/Mar/2025:12:13:13 -0300] "POST /cormun/servlet/solicitudotadjuntos?gx-no-cache=1742310907273 HTTP/1.1" 200 26
91.208.206.203 - - [18/Mar/2025:12:13:14 -0300] "GET /manager/html HTTP/1.1" 401 2474
190.95.1.185 - - [18/Mar/2025:12:13:24 -0300] "GET /cormun/servlet/trpermisosgoce? HTTP/1.1" 200 9093
190.95.1.185 - - [18/Mar/2025:12:13:24 -0300] "GET /cormun/static/gxcfg.js?2020121631564 HTTP/1.1" 200 953
190.95.1.185 - - [18/Mar/2025:12:13:24 -0300] "GET /cormun/static/trpermisosgoce.js?2020121633681 HTTP/1.1" 200 35904
190.95.1.185 - - [18/Mar/2025:12:13:27 -0300] "GET /cormun/servlet/permisogoce?INS,0,,, HTTP/1.1" 200 7372
190.95.1.185 - - [18/Mar/2025:12:13:27 -0300] "GET /cormun/static/gxcfg.js?20201215124560 HTTP/1.1" 200 953
190.95.1.185 - - [18/Mar/2025:12:13:27 -0300] "GET /cormun/static/permisogoce.js?20201215124939 HTTP/1.1" 200 27790
190.95.1.185 - - [18/Mar/2025:12:13:31 -0300] "GET /cormun/static/Resources/resize.gif HTTP/1.1" 200 77
190.95.1.185 - - [18/Mar/2025:12:13:31 -0300] "GET /cormun/static/Resources/PXTools/ClosePrompt.png HTTP/1.1" 200 1036
190.95.1.185 - - [18/Mar/2025:12:13:31 -0300] "GET /cormun/servlet/prfichaempleado?,MD,,gxPopupLevel%3D0%3B HTTP/1.1" 200 9514
190.95.1.185 - - [18/Mar/2025:12:13:32 -0300] "GET /cormun/static/gxcfg.js?20201215571085 HTTP/1.1" 200 953
190.95.1.185 - - [18/Mar/2025:12:13:32 -0300] "GET /cormun/static/Resources/PXToolsMenuSearch.png HTTP/1.1" 200 336
190.95.1.185 - - [18/Mar/2025:12:13:32 -0300] "GET /cormun/static/menusearch.js?20201214473581 HTTP/1.1" 200 1424
190.95.1.185 - - [18/Mar/2025:12:13:32 -0300] "GET /cormun/static/prfichaempleado.js?20201215572193 HTTP/1.1" 200 16005
190.95.1.185 - - [18/Mar/2025:12:13:32 -0300] "GET /cormun/static/Resources/PXToolsMenuSearchCancel.png HTTP/1.1" 200 306
190.95.1.185 - - [18/Mar/2025:12:13:32 -0300] "GET /cormun/static/hmpwkw011.js?202211298443482 HTTP/1.1" 200 1968
186.40.30.235 - - [18/Mar/2025:12:13:35 -0300] "GET /cormun/servlet/solicitudotadjuntos?c1117bad13d1f58dcdb5bce55a5de8b7679ad215667ef3b72a1e44ee5a33de94,gx-no-cache=1742310928999 HTTP/1.1" 200 30
186.40.30.235 - - [18/Mar/2025:12:13:35 -0300] "GET /cormun/servlet/solicitudotadjuntos?c1117bad13d1f58dcdb5bce55a5de8b7679ad215667ef3b72a1e44ee5a33de94,gx-no-cache=1742310929371 HTTP/1.1" 200 30
186.40.30.235 - - [18/Mar/2025:12:13:35 -0300] "POST /cormun/servlet/solicitudotadjuntos?41d529d84b8adaefd855070a50181c32,INS,2025,22088,,1, HTTP/1.1" 200 116
186.40.30.235 - - [18/Mar/2025:12:13:35 -0300] "GET /cormun/servlet/hpexe_return? HTTP/1.1" 200 1029
186.40.30.235 - - [18/Mar/2025:12:13:36 -0300] "GET /cormun/servlet/trsolicitudadjuntos?2025,22088, HTTP/1.1" 200 9021
190.95.1.185 - - [18/Mar/2025:12:13:47 -0300] "POST /cormun/servlet/prfichaempleado?25867ca24a63be0eb443412daf0cfad8,,MD,,gxPopupLevel%3D0%3B,gx-no-cache=1742310940902 HTTP/1.1" 200 3462
186.40.30.235 - - [18/Mar/2025:12:13:48 -0300] "GET /cormun/servlet/solicitudotadjuntos?INS,2025,22088,,1, HTTP/1.1" 200 5967
186.40.30.235 - - [18/Mar/2025:12:13:48 -0300] "GET /cormun/static/about:blank HTTP/1.1" 404 1011
186.40.30.235 - - [18/Mar/2025:12:13:49 -0300] "GET /cormun/servlet/solicitudotadjuntos?c1117bad13d1f58dcdb5bce55a5de8b7ff434b9eea1e7b541e7915c26159f726ea4ba2d85ce0672e99660bdef1e32275,gx-no-cache=1742310942988 HTTP/1.1" 200 30
186.40.30.235 - - [18/Mar/2025:12:13:49 -0300] "POST /cormun/servlet/solicitudotadjuntos?41d529d84b8adaefd855070a50181c32,INS,2025,22088,,1,,gx-no-cache=1742310943059 HTTP/1.1" 200 3874
190.95.1.185 - - [18/Mar/2025:12:13:50 -0300] "GET /cormun/servlet/permisogoce?b0a690b1d451a683c4ce56287dc47da58f006164e0c83a074ab421b01a83b486dda1073e72a5a8d06e806cc3950dbdea80bce0ebeafde824e4aab5f8d50401e5,gx-no-cache=1742310944126 HTTP/1.1" 200 176
190.95.1.185 - - [18/Mar/2025:12:13:50 -0300] "GET /cormun/static/Shared/jqueryui/images/ui-icons_82798d_256x240.png HTTP/1.1" 404 1089
190.95.1.185 - - [18/Mar/2025:12:13:50 -0300] "GET /cormun/static/Shared/jqueryui/images/ui-bg_flat_55_994d53_40x100.png HTTP/1.1" 404 1097
190.95.1.185 - - [18/Mar/2025:12:13:50 -0300] "GET /cormun/static/Shared/jqueryui/images/ui-bg_highlight-soft_100_c6c2c8_1x100.png HTTP/1.1" 404 1117
190.95.1.185 - - [18/Mar/2025:12:13:50 -0300] "GET /cormun/static/Shared/jqueryui/images/ui-icons_ebccce_256x240.png HTTP/1.1" 404 1089
186.40.30.235 - - [18/Mar/2025:12:13:51 -0300] "POST /cormun/servlet/solicitudotadjuntos?gx-no-cache=1742310945202 HTTP/1.1" 200 26
190.95.1.185 - - [18/Mar/2025:12:13:52 -0300] "GET /cormun/static/menuarrow.gif HTTP/1.1" 404 1015
190.95.1.185 - - [18/Mar/2025:12:13:54 -0300] "GET /cormun/servlet/permisogoce?b0a690b1d451a683c4ce56287dc47da58f006164e0c83a074ab421b01a83b486dda1073e72a5a8d06e806cc3950dbdea80bce0ebeafde824e4aab5f8d50401e5,gx-no-cache=1742310947749 HTTP/1.1" 200 176
190.95.1.185 - - [18/Mar/2025:12:13:57 -0300] "POST /cormun/servlet/permisogoce?25867ca24a63be0eb443412daf0cfad8,INS,0,,,,gx-no-cache=1742310950359 HTTP/1.1" 200 4740
186.40.30.235 - - [18/Mar/2025:12:13:59 -0300] "GET /cormun/servlet/solicitudotadjuntos?c1117bad13d1f58dcdb5bce55a5de8b7679ad215667ef3b72a1e44ee5a33de94,gx-no-cache=1742310953104 HTTP/1.1" 200 30
186.40.30.235 - - [18/Mar/2025:12:13:59 -0300] "GET /cormun/servlet/solicitudotadjuntos?c1117bad13d1f58dcdb5bce55a5de8b7679ad215667ef3b72a1e44ee5a33de94,gx-no-cache=1742310953194 HTTP/1.1" 200 30
190.95.1.185 - - [18/Mar/2025:12:13:59 -0300] "GET /cormun/servlet/prfichaempleado?,MD,,gxPopupLevel%3D0%3B HTTP/1.1" 200 9514
186.40.30.235 - - [18/Mar/2025:12:13:59 -0300] "POST /cormun/servlet/solicitudotadjuntos?41d529d84b8adaefd855070a50181c32,INS,2025,22088,,1, HTTP/1.1" 200 116
186.40.30.235 - - [18/Mar/2025:12:13:59 -0300] "GET /cormun/servlet/hpexe_return? HTTP/1.1" 200 1029
186.40.30.235 - - [18/Mar/2025:12:14:00 -0300] "GET /cormun/servlet/trsolicitudadjuntos?2025,22088, HTTP/1.1" 200 9263
186.40.30.235 - - [18/Mar/2025:12:14:02 -0300] "GET /cormun/servlet/solicitudotadjuntos?INS,2025,22088,,1, HTTP/1.1" 200 5967
186.40.30.235 - - [18/Mar/2025:12:14:02 -0300] "GET /cormun/static/about:blank HTTP/1.1" 404 1011
186.40.30.235 - - [18/Mar/2025:12:14:02 -0300] "GET /cormun/servlet/solicitudotadjuntos?c1117bad13d1f58dcdb5bce55a5de8b7ff434b9eea1e7b541e7915c26159f726ea4ba2d85ce0672e99660bdef1e32275,gx-no-cache=1742310956718 HTTP/1.1" 200 30
186.40.30.235 - - [18/Mar/2025:12:14:02 -0300] "POST /cormun/servlet/solicitudotadjuntos?41d529d84b8adaefd855070a50181c32,INS,2025,22088,,1,,gx-no-cache=1742310956820 HTTP/1.1" 200 3874
186.40.30.235 - - [18/Mar/2025:12:14:05 -0300] "POST /cormun/servlet/solicitudotadjuntos?gx-no-cache=1742310958994 HTTP/1.1" 200 26
190.95.1.185 - - [18/Mar/2025:12:14:05 -0300] "GET /cormun/servlet/permisogoce?INS,0,,, HTTP/1.1" 200 7372
190.95.1.185 - - [18/Mar/2025:12:14:06 -0300] "GET /favicon.ico HTTP/1.1" 200 21630
190.95.1.185 - - [18/Mar/2025:12:14:09 -0300] "GET /cormun/servlet/permisogoce?b0a690b1d451a683c4ce56287dc47da58f006164e0c83a074ab421b01a83b486dda1073e72a5a8d06e806cc3950dbdea80bce0ebeafde824e4aab5f8d50401e5,gx-no-cache=1742310962557 HTTP/1.1" 200 176
190.95.1.185 - - [18/Mar/2025:12:14:09 -0300] "GET /cormun/static/Shared/jqueryui/images/ui-bg_highlight-soft_100_c6c2c8_1x100.png HTTP/1.1" 404 1117
190.95.1.185 - - [18/Mar/2025:12:14:09 -0300] "GET /cormun/static/Shared/jqueryui/images/ui-icons_ebccce_256x240.png HTTP/1.1" 404 1089
190.95.1.185 - - [18/Mar/2025:12:14:09 -0300] "GET /cormun/static/Shared/jqueryui/images/ui-bg_flat_55_994d53_40x100.png HTTP/1.1" 404 1097
190.95.1.185 - - [18/Mar/2025:12:14:09 -0300] "GET /cormun/static/Shared/jqueryui/images/ui-icons_82798d_256x240.png HTTP/1.1" 404 1089
190.95.1.185 - - [18/Mar/2025:12:14:12 -0300] "GET /cormun/servlet/trcontratounov2? HTTP/1.1" 200 18570
186.40.30.235 - - [18/Mar/2025:12:14:33 -0300] "GET /cormun/servlet/solicitudotadjuntos?c1117bad13d1f58dcdb5bce55a5de8b7679ad215667ef3b72a1e44ee5a33de94,gx-no-cache=1742310987602 HTTP/1.1" 200 30
186.40.30.235 - - [18/Mar/2025:12:14:33 -0300] "GET /cormun/servlet/solicitudotadjuntos?c1117bad13d1f58dcdb5bce55a5de8b7679ad215667ef3b72a1e44ee5a33de94,gx-no-cache=1742310987671 HTTP/1.1" 200 30
186.40.30.235 - - [18/Mar/2025:12:14:33 -0300] "POST /cormun/servlet/solicitudotadjuntos?41d529d84b8adaefd855070a50181c32,INS,2025,22088,,1, HTTP/1.1" 200 116
186.40.30.235 - - [18/Mar/2025:12:14:33 -0300] "GET /cormun/servlet/hpexe_return? HTTP/1.1" 200 1029
186.40.30.235 - - [18/Mar/2025:12:14:34 -0300] "GET /cormun/servlet/trsolicitudadjuntos?2025,22088, HTTP/1.1" 200 9484
186.40.30.235 - - [18/Mar/2025:12:14:36 -0300] "GET /cormun/servlet/solicitudotadjuntos?INS,2025,22088,,1, HTTP/1.1" 200 5967
186.40.30.235 - - [18/Mar/2025:12:14:37 -0300] "GET /cormun/static/about:blank HTTP/1.1" 404 1011
186.40.30.235 - - [18/Mar/2025:12:14:37 -0300] "GET /cormun/servlet/solicitudotadjuntos?c1117bad13d1f58dcdb5bce55a5de8b7ff434b9eea1e7b541e7915c26159f726ea4ba2d85ce0672e99660bdef1e32275,gx-no-cache=1742310991587 HTTP/1.1" 200 30
186.40.30.235 - - [18/Mar/2025:12:14:37 -0300] "POST /cormun/servlet/solicitudotadjuntos?41d529d84b8adaefd855070a50181c32,INS,2025,22088,,1,,gx-no-cache=1742310991654 HTTP/1.1" 200 3874
186.40.30.235 - - [18/Mar/2025:12:14:39 -0300] "POST /cormun/servlet/solicitudotadjuntos?gx-no-cache=1742310993611 HTTP/1.1" 200 26
186.40.30.235 - - [18/Mar/2025:12:14:59 -0300] "GET /cormun/servlet/solicitudotadjuntos?c1117bad13d1f58dcdb5bce55a5de8b7679ad215667ef3b72a1e44ee5a33de94,gx-no-cache=1742311013043 HTTP/1.1" 200 30
186.40.30.235 - - [18/Mar/2025:12:14:59 -0300] "GET /cormun/servlet/solicitudotadjuntos?c1117bad13d1f58dcdb5bce55a5de8b7679ad215667ef3b72a1e44ee5a33de94,gx-no-cache=1742311013117 HTTP/1.1" 200 30
186.40.30.235 - - [18/Mar/2025:12:14:59 -0300] "POST /cormun/servlet/solicitudotadjuntos?41d529d84b8adaefd855070a50181c32,INS,2025,22088,,1, HTTP/1.1" 200 116
186.40.30.235 - - [18/Mar/2025:12:14:59 -0300] "GET /cormun/servlet/hpexe_return? HTTP/1.1" 200 1029
186.40.30.235 - - [18/Mar/2025:12:14:59 -0300] "GET /cormun/servlet/trsolicitudadjuntos?2025,22088, HTTP/1.1" 200 9760
186.40.30.235 - - [18/Mar/2025:12:15:04 -0300] "GET /cormun/servlet/solicitudotadjuntos?INS,2025,22088,,1, HTTP/1.1" 200 5967
186.40.30.235 - - [18/Mar/2025:12:15:04 -0300] "GET /cormun/static/about:blank HTTP/1.1" 404 1011
186.40.30.235 - - [18/Mar/2025:12:15:04 -0300] "GET /cormun/servlet/solicitudotadjuntos?c1117bad13d1f58dcdb5bce55a5de8b7ff434b9eea1e7b541e7915c26159f726ea4ba2d85ce0672e99660bdef1e32275,gx-no-cache=1742311018702 HTTP/1.1" 200 30
186.40.30.235 - - [18/Mar/2025:12:15:04 -0300] "POST /cormun/servlet/solicitudotadjuntos?41d529d84b8adaefd855070a50181c32,INS,2025,22088,,1,,gx-no-cache=1742311018787 HTTP/1.1" 200 3874
186.40.30.235 - - [18/Mar/2025:12:15:07 -0300] "POST /cormun/servlet/solicitudotadjuntos?gx-no-cache=1742311021012 HTTP/1.1" 200 26
190.95.1.185 - - [18/Mar/2025:12:15:12 -0300] "POST /cormun/servlet/trcontratounov2?25867ca24a63be0eb443412daf0cfad8,,gx-no-cache=1742311026192 HTTP/1.1" 200 18239
190.95.1.185 - - [18/Mar/2025:12:15:13 -0300] "GET /cormun/static/Resources/PXToolsGridNext.gif HTTP/1.1" 200 369
190.95.1.185 - - [18/Mar/2025:12:15:13 -0300] "GET /cormun/static/Resources/PXToolsGridLast.gif HTTP/1.1" 200 370
186.40.30.235 - - [18/Mar/2025:12:15:23 -0300] "GET /cormun/servlet/solicitudotadjuntos?c1117bad13d1f58dcdb5bce55a5de8b7679ad215667ef3b72a1e44ee5a33de94,gx-no-cache=1742311037076 HTTP/1.1" 200 30
186.40.30.235 - - [18/Mar/2025:12:15:23 -0300] "GET /cormun/servlet/solicitudotadjuntos?c1117bad13d1f58dcdb5bce55a5de8b7679ad215667ef3b72a1e44ee5a33de94,gx-no-cache=1742311037246 HTTP/1.1" 200 30
186.40.30.235 - - [18/Mar/2025:12:15:23 -0300] "POST /cormun/servlet/solicitudotadjuntos?41d529d84b8adaefd855070a50181c32,INS,2025,22088,,1, HTTP/1.1" 200 116
186.40.30.235 - - [18/Mar/2025:12:15:23 -0300] "GET /cormun/servlet/hpexe_return? HTTP/1.1" 200 1029
186.40.30.235 - - [18/Mar/2025:12:15:23 -0300] "GET /cormun/servlet/trsolicitudadjuntos?2025,22088, HTTP/1.1" 200 10045
190.95.1.185 - - [18/Mar/2025:12:15:29 -0300] "POST /cormun/servlet/trcontratounov2?25867ca24a63be0eb443412daf0cfad8,,gx-no-cache=1742311042848 HTTP/1.1" 200 18221
190.95.1.185 - - [18/Mar/2025:12:15:35 -0300] "POST /cormun/servlet/trcontratounov2?25867ca24a63be0eb443412daf0cfad8,,gx-no-cache=1742311048760 HTTP/1.1" 200 9265
190.95.1.185 - - [18/Mar/2025:12:15:48 -0300] "GET /cormun/servlet/trlicencias? HTTP/1.1" 200 11233
186.40.30.235 - - [18/Mar/2025:12:16:10 -0300] "GET /cormun/servlet/solicitudotadjuntos?INS,2025,22088,,1, HTTP/1.1" 200 5966
186.40.30.235 - - [18/Mar/2025:12:16:10 -0300] "GET /cormun/static/about:blank HTTP/1.1" 404 1011
186.40.30.235 - - [18/Mar/2025:12:16:11 -0300] "GET /cormun/servlet/solicitudotadjuntos?c1117bad13d1f58dcdb5bce55a5de8b7ff434b9eea1e7b541e7915c26159f726ea4ba2d85ce0672e99660bdef1e32275,gx-no-cache=1742311085169 HTTP/1.1" 200 30
186.40.30.235 - - [18/Mar/2025:12:16:11 -0300] "POST /cormun/servlet/solicitudotadjuntos?41d529d84b8adaefd855070a50181c32,INS,2025,22088,,1,,gx-no-cache=1742311085251 HTTP/1.1" 200 3873
186.40.30.235 - - [18/Mar/2025:12:16:18 -0300] "POST /cormun/servlet/solicitudotadjuntos?gx-no-cache=1742311092295 HTTP/1.1" 200 26
186.40.30.235 - - [18/Mar/2025:12:16:26 -0300] "GET /cormun/servlet/solicitudotadjuntos?c1117bad13d1f58dcdb5bce55a5de8b7679ad215667ef3b72a1e44ee5a33de94,gx-no-cache=1742311100382 HTTP/1.1" 200 30
186.40.30.235 - - [18/Mar/2025:12:16:26 -0300] "GET /cormun/servlet/solicitudotadjuntos?c1117bad13d1f58dcdb5bce55a5de8b7679ad215667ef3b72a1e44ee5a33de94,gx-no-cache=1742311100468 HTTP/1.1" 200 30
186.40.30.235 - - [18/Mar/2025:12:16:26 -0300] "POST /cormun/servlet/solicitudotadjuntos?41d529d84b8adaefd855070a50181c32,INS,2025,22088,,1, HTTP/1.1" 200 116
186.40.30.235 - - [18/Mar/2025:12:16:26 -0300] "GET /cormun/servlet/hpexe_return? HTTP/1.1" 200 1029
186.40.30.235 - - [18/Mar/2025:12:16:27 -0300] "GET /cormun/servlet/trsolicitudadjuntos?2025,22088, HTTP/1.1" 200 10227
186.40.30.235 - - [18/Mar/2025:12:16:54 -0300] "GET /cormun/servlet/trsolicitudot? HTTP/1.1" 200 20989
186.40.30.235 - - [18/Mar/2025:12:17:05 -0300] "POST /cormun/servlet/trsolicitudot?41d529d84b8adaefd855070a50181c32,,gx-no-cache=1742311139217 HTTP/1.1" 200 107
186.40.30.235 - - [18/Mar/2025:12:17:05 -0300] "GET /cormun/servlet/trsolicitudadjuntos?2025,22087, HTTP/1.1" 200 6026
186.40.30.235 - - [18/Mar/2025:12:17:08 -0300] "GET /cormun/servlet/solicitudotadjuntos?INS,2025,22087,,1, HTTP/1.1" 200 5967
186.40.30.235 - - [18/Mar/2025:12:17:08 -0300] "GET /cormun/static/about:blank HTTP/1.1" 404 1011
186.40.30.235 - - [18/Mar/2025:12:17:08 -0300] "GET /cormun/servlet/solicitudotadjuntos?c1117bad13d1f58dcdb5bce55a5de8b7130176aa87c107c0a4a0de9a1e9885fdea4ba2d85ce0672e99660bdef1e32275,gx-no-cache=1742311142760 HTTP/1.1" 200 30
186.40.30.235 - - [18/Mar/2025:12:17:09 -0300] "POST /cormun/servlet/solicitudotadjuntos?41d529d84b8adaefd855070a50181c32,INS,2025,22087,,1,,gx-no-cache=1742311142857 HTTP/1.1" 200 3874
186.40.30.235 - - [18/Mar/2025:12:17:10 -0300] "POST /cormun/servlet/solicitudotadjuntos?gx-no-cache=1742311144538 HTTP/1.1" 200 26
91.208.206.203 - - [18/Mar/2025:12:17:43 -0300] "GET /manager/html HTTP/1.1" 401 2474
190.95.15.27 - - [18/Mar/2025:12:18:41 -0300] "GET /cormun/servlet/trautorizarpermisogoce? HTTP/1.1" 200 7018
186.40.30.235 - - [18/Mar/2025:12:21:54 -0300] "POST /cormun/servlet/solicitudotadjuntos?gx-no-cache=1742311427859 HTTP/1.1" 200 26
129.222.173.48 - - [18/Mar/2025:12:21:59 -0300] "GET /cormun/servlet/hlogin HTTP/1.1" 200 1716
129.222.173.48 - - [18/Mar/2025:12:22:01 -0300] "POST /cormun/servlet/hlogin?6826f810d595d3e1f4c92c5dcf60384b,gx-no-cache=1742311434317 HTTP/1.1" 200 90
129.222.173.48 - - [18/Mar/2025:12:22:01 -0300] "GET /cormun/servlet/hpexe_link HTTP/1.1" 200 948
129.222.173.48 - - [18/Mar/2025:12:22:01 -0300] "GET /cormun/servlet/hhome HTTP/1.1" 200 3932
91.208.206.203 - - [18/Mar/2025:12:22:03 -0300] "GET /manager/html HTTP/1.1" 401 2474
129.222.173.48 - - [18/Mar/2025:12:22:04 -0300] "GET /cormun/servlet/trlicencias? HTTP/1.1" 200 10934
186.40.30.235 - - [18/Mar/2025:12:22:18 -0300] "GET /cormun/servlet/solicitudotadjuntos?c1117bad13d1f58dcdb5bce55a5de8b7679ad215667ef3b72a1e44ee5a33de94,gx-no-cache=1742311452146 HTTP/1.1" 200 30
186.40.30.235 - - [18/Mar/2025:12:22:18 -0300] "GET /cormun/servlet/solicitudotadjuntos?c1117bad13d1f58dcdb5bce55a5de8b7679ad215667ef3b72a1e44ee5a33de94,gx-no-cache=1742311452237 HTTP/1.1" 200 30
186.40.30.235 - - [18/Mar/2025:12:22:18 -0300] "POST /cormun/servlet/solicitudotadjuntos?41d529d84b8adaefd855070a50181c32,INS,2025,22087,,1, HTTP/1.1" 200 116
186.40.30.235 - - [18/Mar/2025:12:22:18 -0300] "GET /cormun/servlet/hpexe_return? HTTP/1.1" 200 1029
186.40.30.235 - - [18/Mar/2025:12:22:18 -0300] "GET /cormun/servlet/trsolicitudadjuntos?2025,22087, HTTP/1.1" 200 9043
186.40.30.235 - - [18/Mar/2025:12:22:21 -0300] "GET /cormun/servlet/solicitudotadjuntos?INS,2025,22087,,1, HTTP/1.1" 200 5967
186.40.30.235 - - [18/Mar/2025:12:22:21 -0300] "GET /cormun/static/about:blank HTTP/1.1" 404 1011
186.40.30.235 - - [18/Mar/2025:12:22:21 -0300] "GET /cormun/servlet/solicitudotadjuntos?c1117bad13d1f58dcdb5bce55a5de8b7130176aa87c107c0a4a0de9a1e9885fdea4ba2d85ce0672e99660bdef1e32275,gx-no-cache=1742311455803 HTTP/1.1" 200 30
186.40.30.235 - - [18/Mar/2025:12:22:22 -0300] "POST /cormun/servlet/solicitudotadjuntos?41d529d84b8adaefd855070a50181c32,INS,2025,22087,,1,,gx-no-cache=1742311455886 HTTP/1.1" 200 3874
186.40.30.235 - - [18/Mar/2025:12:22:24 -0300] "POST /cormun/servlet/solicitudotadjuntos?gx-no-cache=1742311458028 HTTP/1.1" 200 26
186.40.30.235 - - [18/Mar/2025:12:22:30 -0300] "GET /cormun/servlet/solicitudotadjuntos?c1117bad13d1f58dcdb5bce55a5de8b7679ad215667ef3b72a1e44ee5a33de94,gx-no-cache=1742311464059 HTTP/1.1" 200 30
186.40.30.235 - - [18/Mar/2025:12:22:30 -0300] "GET /cormun/servlet/solicitudotadjuntos?c1117bad13d1f58dcdb5bce55a5de8b7679ad215667ef3b72a1e44ee5a33de94,gx-no-cache=1742311464162 HTTP/1.1" 200 30
186.40.30.235 - - [18/Mar/2025:12:22:30 -0300] "POST /cormun/servlet/solicitudotadjuntos?41d529d84b8adaefd855070a50181c32,INS,2025,22087,,1, HTTP/1.1" 200 116
186.40.30.235 - - [18/Mar/2025:12:22:30 -0300] "GET /cormun/servlet/hpexe_return? HTTP/1.1" 200 1029
186.40.30.235 - - [18/Mar/2025:12:22:30 -0300] "GET /cormun/servlet/trsolicitudadjuntos?2025,22087, HTTP/1.1" 200 9268
190.95.15.13 - - [18/Mar/2025:12:24:01 -0300] "POST /cormun/servlet/hlogin?953a095742cdbd90e4be50f0fa805b86,gx-no-cache=1742311550543 HTTP/1.1" 440 972
190.95.15.13 - - [18/Mar/2025:12:24:03 -0300] "GET /cormun/servlet/hlogin HTTP/1.1" 200 1733
190.95.15.13 - - [18/Mar/2025:12:24:03 -0300] "GET /cormun/servlet/hlogin HTTP/1.1" 200 1733
190.95.15.13 - - [18/Mar/2025:12:24:09 -0300] "POST /cormun/servlet/hlogin?cbc88ad91c5e95d16062241e14821fff,gx-no-cache=1742311559820 HTTP/1.1" 200 90
190.95.15.13 - - [18/Mar/2025:12:24:09 -0300] "GET /cormun/servlet/hpexe_link HTTP/1.1" 200 954
190.95.15.13 - - [18/Mar/2025:12:24:09 -0300] "GET /cormun/static/gxcfg.js?20221129847421 HTTP/1.1" 200 953
190.95.15.13 - - [18/Mar/2025:12:24:09 -0300] "GET /cormun/static/hpexe_link.js?20221129847423 HTTP/1.1" 200 625
190.95.15.13 - - [18/Mar/2025:12:24:10 -0300] "GET /cormun/static/Resources/Spanish/PXTools.css?8354383 HTTP/1.1" 200 100853
190.95.15.13 - - [18/Mar/2025:12:24:10 -0300] "GET /cormun/servlet/hhome HTTP/1.1" 200 3942
190.95.15.13 - - [18/Mar/2025:12:24:10 -0300] "GET /cormun/static/SmoothNavMenu/resources/ddsmoothmenu.css?1112540 HTTP/1.1" 200 2223
190.95.15.13 - - [18/Mar/2025:12:24:10 -0300] "GET /cormun/static/SmoothNavMenu/resources/ddsmoothmenu-v.css?1112540 HTTP/1.1" 200 1188
190.95.15.13 - - [18/Mar/2025:12:24:10 -0300] "GET /cormun/static/scaMessage/css/jquery.pnotify.default.css?1816380 HTTP/1.1" 200 1707
190.95.15.13 - - [18/Mar/2025:12:24:10 -0300] "GET /cormun/static/gxcfg.js?20201215495537 HTTP/1.1" 200 953
190.95.15.13 - - [18/Mar/2025:12:24:10 -0300] "GET /cormun/static/Shared/jqueryui/jquery-ui.min.css?1345370 HTTP/1.1" 200 30288
190.95.15.13 - - [18/Mar/2025:12:24:11 -0300] "GET /cormun/static/PXToolsJavascripts/pexe_autoreload.js HTTP/1.1" 200 1762
190.95.15.13 - - [18/Mar/2025:12:24:11 -0300] "GET /cormun/static/PXToolsJavascripts/pexe_grid.js HTTP/1.1" 200 7559
190.95.15.13 - - [18/Mar/2025:12:24:11 -0300] "GET /cormun/static/PXToolsJavascripts/pexe_cookies.js HTTP/1.1" 200 792
190.95.15.13 - - [18/Mar/2025:12:24:11 -0300] "GET /cormun/static/PXToolsJavascripts/pexe_griddivfix.js HTTP/1.1" 200 6946
190.95.15.13 - - [18/Mar/2025:12:24:11 -0300] "GET /cormun/static/PXToolsJavascripts/pexe_windows.js HTTP/1.1" 200 15249
190.95.15.13 - - [18/Mar/2025:12:24:11 -0300] "GET /cormun/static/PXToolsJavascripts/pexe_link.js HTTP/1.1" 200 5671
190.95.15.13 - - [18/Mar/2025:12:24:11 -0300] "GET /cormun/static/PXToolsJavascripts/pexe_menus.js HTTP/1.1" 200 1286
190.95.15.13 - - [18/Mar/2025:12:24:11 -0300] "GET /cormun/static/PXToolsJavascripts/pexe_layers.js HTTP/1.1" 200 4114
190.95.15.13 - - [18/Mar/2025:12:24:11 -0300] "GET /cormun/static/PXToolsJavascripts/pexe_menudivfix.js HTTP/1.1" 200 333
190.95.15.13 - - [18/Mar/2025:12:24:11 -0300] "GET /cormun/static/PXToolsJavascripts/pexe_oav.js HTTP/1.1" 200 645
190.95.15.13 - - [18/Mar/2025:12:24:11 -0300] "GET /cormun/static/PXToolsJavascripts/pexe_oavdivfix.js HTTP/1.1" 200 639
190.95.15.13 - - [18/Mar/2025:12:24:11 -0300] "GET /cormun/static/PXToolsJavascripts/pexe_picture.js HTTP/1.1" 200 689
190.95.15.13 - - [18/Mar/2025:12:24:11 -0300] "GET /cormun/static/PXToolsJavascripts/pexe_scrolldiv.js HTTP/1.1" 200 4138
190.95.15.13 - - [18/Mar/2025:12:24:11 -0300] "GET /cormun/static/PXToolsJavascripts/pexe_tabdivfix.js HTTP/1.1" 200 898
190.95.15.13 - - [18/Mar/2025:12:24:11 -0300] "GET /cormun/static/PXToolsJavascripts/pexe_tabs.js HTTP/1.1" 200 3748
190.95.15.13 - - [18/Mar/2025:12:24:11 -0300] "GET /cormun/static/PXToolsJavascripts/pexe_popup.js HTTP/1.1" 200 15149
190.95.15.13 - - [18/Mar/2025:12:24:11 -0300] "GET /cormun/static/PXToolsJavascripts/pexe_upload.js HTTP/1.1" 200 1423
190.95.15.13 - - [18/Mar/2025:12:24:11 -0300] "GET /cormun/static/PXToolsJavascripts/PXToolsJavascriptsRender.js HTTP/1.1" 200 367
190.95.15.13 - - [18/Mar/2025:12:24:11 -0300] "GET /cormun/static/Resources/CormunMP2.png HTTP/1.1" 200 6878
190.95.15.13 - - [18/Mar/2025:12:24:11 -0300] "GET /cormun/static/Resources/ImgHome.png HTTP/1.1" 200 1364
190.95.15.13 - - [18/Mar/2025:12:24:11 -0300] "GET /cormun/static/Resources/Spanish/PXTools.css?14345360 HTTP/1.1" 200 100853
190.95.15.13 - - [18/Mar/2025:12:24:11 -0300] "GET /cormun/static/Resources/ImgLogin.png HTTP/1.1" 200 1432
190.95.15.13 - - [18/Mar/2025:12:24:11 -0300] "GET /cormun/static/Resources/Llave.png HTTP/1.1" 200 1395
190.95.15.13 - - [18/Mar/2025:12:24:11 -0300] "GET /cormun/static/RunJS/RunJS.js HTTP/1.1" 200 288
190.95.15.13 - - [18/Mar/2025:12:24:11 -0300] "GET /cormun/static/Shared/ext/locale/ext-lang-en.js HTTP/1.1" 200 10940
190.95.15.13 - - [18/Mar/2025:12:24:11 -0300] "GET /cormun/static/hwchdr01.js?2022112219251119 HTTP/1.1" 200 996
190.95.15.13 - - [18/Mar/2025:12:24:11 -0300] "GET /cormun/static/hhome.js?20201215495544 HTTP/1.1" 200 777
190.95.15.13 - - [18/Mar/2025:12:24:11 -0300] "GET /cormun/static/Resources/PXToolsDataTitle.png HTTP/1.1" 200 1173
190.95.15.13 - - [18/Mar/2025:12:24:11 -0300] "GET /cormun/static/hpexe_scripts.js?20201214471411 HTTP/1.1" 200 1544
