191.125.57.197 - - [18/Mar/2025:11:00:19 -0300] "POST /cormun/servlet/solicitudotadjuntos?41d529d84b8adaefd855070a50181c32,INS,2025,22099,,1,,gx-no-cache=1742306533020 HTTP/1.1" 200 3904
191.125.57.197 - - [18/Mar/2025:11:00:22 -0300] "POST /cormun/servlet/solicitudotadjuntos?gx-no-cache=1742306536169 HTTP/1.1" 200 26
191.125.57.197 - - [18/Mar/2025:11:00:29 -0300] "GET /cormun/servlet/solicitudotadjuntos?c1117bad13d1f58dcdb5bce55a5de8b7679ad215667ef3b72a1e44ee5a33de94,gx-no-cache=1742306543199 HTTP/1.1" 200 30
191.125.57.197 - - [18/Mar/2025:11:00:29 -0300] "GET /cormun/servlet/solicitudotadjuntos?c1117bad13d1f58dcdb5bce55a5de8b7679ad215667ef3b72a1e44ee5a33de94,gx-no-cache=1742306543254 HTTP/1.1" 200 30
191.125.57.197 - - [18/Mar/2025:11:00:29 -0300] "POST /cormun/servlet/solicitudotadjuntos?41d529d84b8adaefd855070a50181c32,INS,2025,22099,,1, HTTP/1.1" 200 116
191.125.57.197 - - [18/Mar/2025:11:00:29 -0300] "GET /cormun/servlet/hpexe_return? HTTP/1.1" 200 1029
191.125.57.197 - - [18/Mar/2025:11:00:30 -0300] "GET /cormun/servlet/trsolicitudadjuntos?2025,22099, HTTP/1.1" 200 9554
191.125.57.197 - - [18/Mar/2025:11:00:33 -0300] "GET /cormun/servlet/solicitudotadjuntos?INS,2025,22099,,1, HTTP/1.1" 200 5966
191.125.57.197 - - [18/Mar/2025:11:00:33 -0300] "GET /cormun/static/about:blank HTTP/1.1" 404 1011
191.125.57.197 - - [18/Mar/2025:11:00:34 -0300] "GET /cormun/servlet/solicitudotadjuntos?c1117bad13d1f58dcdb5bce55a5de8b7765ec4ba43134595c93f22ea42c5e87b205667b6c7caf3b6a30a45fc57b9e847,gx-no-cache=1742306547849 HTTP/1.1" 200 30
190.95.15.27 - - [18/Mar/2025:11:00:34 -0300] "GET /cormun/servlet/solicitudot?e03e2457592ef1b14d2bc22217964bb0730a207b4157659c8052472595dac59aa9e283460ab5ee59008ff66695a8a96fb9f41d6f54e56825f1e2784efab8e11eccd3075b9173371f8e47d8f2e4b6c1ed,gx-no-cache=1742306547973 HTTP/1.1" 200 30
191.125.57.197 - - [18/Mar/2025:11:00:34 -0300] "POST /cormun/servlet/solicitudotadjuntos?41d529d84b8adaefd855070a50181c32,INS,2025,22099,,1,,gx-no-cache=1742306547947 HTTP/1.1" 200 3904
191.125.57.197 - - [18/Mar/2025:11:00:36 -0300] "POST /cormun/servlet/solicitudotadjuntos?gx-no-cache=1742306550761 HTTP/1.1" 200 26
191.125.57.197 - - [18/Mar/2025:11:00:42 -0300] "GET /cormun/servlet/solicitudotadjuntos?c1117bad13d1f58dcdb5bce55a5de8b7679ad215667ef3b72a1e44ee5a33de94,gx-no-cache=1742306556391 HTTP/1.1" 200 30
191.125.57.197 - - [18/Mar/2025:11:00:42 -0300] "GET /cormun/servlet/solicitudotadjuntos?c1117bad13d1f58dcdb5bce55a5de8b7679ad215667ef3b72a1e44ee5a33de94,gx-no-cache=1742306556459 HTTP/1.1" 200 30
191.125.57.197 - - [18/Mar/2025:11:00:43 -0300] "POST /cormun/servlet/solicitudotadjuntos?41d529d84b8adaefd855070a50181c32,INS,2025,22099,,1, HTTP/1.1" 200 116
191.125.57.197 - - [18/Mar/2025:11:00:43 -0300] "GET /cormun/servlet/hpexe_return? HTTP/1.1" 200 1029
191.125.57.197 - - [18/Mar/2025:11:00:43 -0300] "GET /cormun/servlet/trsolicitudadjuntos?2025,22099, HTTP/1.1" 200 9839
190.95.15.27 - - [18/Mar/2025:11:00:43 -0300] "GET /cormun/servlet/solicitudot?e03e2457592ef1b14d2bc22217964bb0d76fbf808a1f30d8e635eccf04212345,gx-no-cache=1742306557845 HTTP/1.1" 200 60
190.95.15.27 - - [18/Mar/2025:11:00:43 -0300] "POST /cormun/servlet/solicitudot?gx-no-cache=1742306557895 HTTP/1.1" 200 255
190.95.15.27 - - [18/Mar/2025:11:00:44 -0300] "GET /cormun/servlet/solicitudot?e03e2457592ef1b14d2bc22217964bb06f99886221c8b884a1448270927c50d479607b09c78942b8067d8003bf0d96acbcf1564389ef2bb6fb3ccf23423d72efb76d24c15903e7074ca8dad671d92030ba81caf0c2c63bce50a91ca4c7aae906fc460521b228fa9b15036b8a305610c9c85a0360bf3d16679d4c44ab1c4d5dc681427e824b30229094b3514bd18410ba304e750fd592fef01b0cf29575880acadbd811d25db7cb110b4bc1d3e076bca0ff203df18c067d433ae5a90f84660151f5727795af983cd7e9af5912a15f19993864607fa800cc72ab818f48cfd15ab16648356acdd6accebe5f4d387b833d342347e4593b1baa83207a259e8eb3e040b4e085f301968c0a77b38892d04242dbd1e6ba211c2e44fd9836807a57565fa5a59f765c3ccc2fc03ab41eec49f4a1994f9010564bf661f3b63a02a0d7e0f76a5ef8d6cb46dcd5b46ea7f49e072e5d9bbce8ccb22490bb2322f8b27058dd4fcb378705a83d4cd3b71dc3815b7f2a571b7002e52e5d0cda6cb8da662adccf641b,gx-no-cache=1742306557941 HTTP/1.1" 200 30
190.95.15.27 - - [18/Mar/2025:11:00:45 -0300] "POST /cormun/servlet/solicitudot?gx-no-cache=1742306559576 HTTP/1.1" 200 30
191.125.57.197 - - [18/Mar/2025:11:00:46 -0300] "GET /cormun/servlet/solicitudotadjuntos?INS,2025,22099,,1, HTTP/1.1" 200 5966
191.125.57.197 - - [18/Mar/2025:11:00:46 -0300] "GET /cormun/static/about:blank HTTP/1.1" 404 1011
191.125.57.197 - - [18/Mar/2025:11:00:46 -0300] "GET /cormun/servlet/solicitudotadjuntos?c1117bad13d1f58dcdb5bce55a5de8b7765ec4ba43134595c93f22ea42c5e87b205667b6c7caf3b6a30a45fc57b9e847,gx-no-cache=1742306560617 HTTP/1.1" 200 30
191.125.57.197 - - [18/Mar/2025:11:00:46 -0300] "POST /cormun/servlet/solicitudotadjuntos?41d529d84b8adaefd855070a50181c32,INS,2025,22099,,1,,gx-no-cache=1742306560696 HTTP/1.1" 200 3905
190.95.15.27 - - [18/Mar/2025:11:00:48 -0300] "POST /cormun/servlet/solicitudot?gx-no-cache=1742306562489 HTTP/1.1" 200 1481
190.95.15.27 - - [18/Mar/2025:11:00:48 -0300] "POST /cormun/servlet/solicitudot?gx-no-cache=1742306562557 HTTP/1.1" 200 38
190.95.15.27 - - [18/Mar/2025:11:00:48 -0300] "GET /cormun/servlet/solicitudot?e03e2457592ef1b14d2bc22217964bb097bb9570aa6d1d16908dc6f6c9bc9c1bb541adc9c4021d2fbbf33c556cfdb4124b85c919323ff7acbe06adcfedfd6eaf4ab9051303f2f600b8430f3864cb02a7add47927700ce7f985359cad3109d217b81aee63d5907b6779e80d26d1292715,gx-no-cache=1742306562596 HTTP/1.1" 200 110
191.125.57.197 - - [18/Mar/2025:11:00:49 -0300] "POST /cormun/servlet/solicitudotadjuntos?gx-no-cache=1742306562944 HTTP/1.1" 200 26
191.125.57.197 - - [18/Mar/2025:11:00:54 -0300] "GET /cormun/servlet/solicitudotadjuntos?c1117bad13d1f58dcdb5bce55a5de8b7679ad215667ef3b72a1e44ee5a33de94,gx-no-cache=1742306568760 HTTP/1.1" 200 30
191.125.57.197 - - [18/Mar/2025:11:00:54 -0300] "GET /cormun/servlet/solicitudotadjuntos?c1117bad13d1f58dcdb5bce55a5de8b7679ad215667ef3b72a1e44ee5a33de94,gx-no-cache=1742306568844 HTTP/1.1" 200 30
191.125.57.197 - - [18/Mar/2025:11:00:55 -0300] "POST /cormun/servlet/solicitudotadjuntos?41d529d84b8adaefd855070a50181c32,INS,2025,22099,,1, HTTP/1.1" 200 116
191.125.57.197 - - [18/Mar/2025:11:00:56 -0300] "GET /cormun/servlet/hpexe_return? HTTP/1.1" 200 1029
191.125.57.197 - - [18/Mar/2025:11:00:56 -0300] "GET /cormun/servlet/trsolicitudadjuntos?2025,22099, HTTP/1.1" 200 10095
190.95.15.27 - - [18/Mar/2025:11:01:00 -0300] "POST /cormun/servlet/solicitudot?gx-no-cache=1742306574547 HTTP/1.1" 200 97
190.95.15.27 - - [18/Mar/2025:11:01:14 -0300] "GET /cormun/servlet/solicitudot?e03e2457592ef1b14d2bc22217964bb06ca6b14ae14e3270dd1435c9efdecbac1aed32fd99aa05c1355f60ff101e0f7de3d41af86dc59d1e2e1da8b199266bfbd22f7e02c89f4f7ac2869cf15b707c334da30c40c25bb0b7cfc60f42b7ca6dc825f06dbeb1d4b4f52530efac32687e865638727c4cb15ae34f5e01244ada6e49a678f6dea11dbc370359b6b2126da4c4e53caf53aaefc03a6072dcb8534536be,gx-no-cache=1742306588210 HTTP/1.1" 200 29
190.95.15.27 - - [18/Mar/2025:11:01:19 -0300] "GET /cormun/servlet/solicitudot?e03e2457592ef1b14d2bc22217964bb0dd355d72eaa62579a4aba522349c6172eb225b2f3f60675f176f1918ddb8ab58,gx-no-cache=1742306592915 HTTP/1.1" 200 30
190.95.15.27 - - [18/Mar/2025:11:01:35 -0300] "POST /cormun/servlet/solicitudot?gx-no-cache=1742306609030 HTTP/1.1" 200 30
190.95.15.27 - - [18/Mar/2025:11:01:46 -0300] "POST /cormun/servlet/solicitudot?9c9356fb456f87a8e85cc102f2e13c19,INS,0,0,false,,gx-no-cache=1742306619885 HTTP/1.1" 200 93
190.95.15.27 - - [18/Mar/2025:11:01:46 -0300] "GET /cormun/servlet/hpexe_return? HTTP/1.1" 200 1030
190.95.15.27 - - [18/Mar/2025:11:01:46 -0300] "GET /cormun/servlet/trsolicitudot?gx-no-cache=1742305715345 HTTP/1.1" 200 12554
201.186.225.191 - - [18/Mar/2025:11:01:55 -0300] "GET /cormun/servlet/hlogin HTTP/1.1" 200 1742
190.95.15.27 - - [18/Mar/2025:11:02:01 -0300] "GET /cormun/servlet/trpermisosgoce? HTTP/1.1" 200 7126
190.95.15.27 - - [18/Mar/2025:11:02:01 -0300] "GET /cormun/static/gxcfg.js?2020121631564 HTTP/1.1" 200 953
190.95.15.27 - - [18/Mar/2025:11:02:01 -0300] "GET /cormun/static/trpermisosgoce.js?2020121633681 HTTP/1.1" 200 35904
190.95.15.27 - - [18/Mar/2025:11:02:08 -0300] "GET /cormun/servlet/permisogoce?INS,0,,, HTTP/1.1" 200 7047
190.95.15.27 - - [18/Mar/2025:11:02:08 -0300] "GET /cormun/static/gxcfg.js?20201215124560 HTTP/1.1" 200 953
190.95.15.27 - - [18/Mar/2025:11:02:08 -0300] "GET /cormun/static/permisogoce.js?20201215124939 HTTP/1.1" 200 27790
201.186.225.191 - - [18/Mar/2025:11:02:10 -0300] "POST /cormun/servlet/hlogin?39f5c40a7423344b0d044d889ccac601,gx-no-cache=1742306643595 HTTP/1.1" 200 90
201.186.225.191 - - [18/Mar/2025:11:02:10 -0300] "GET /cormun/servlet/hpexe_link HTTP/1.1" 200 952
201.186.225.191 - - [18/Mar/2025:11:02:10 -0300] "GET /cormun/servlet/hhome HTTP/1.1" 200 4187
190.95.15.27 - - [18/Mar/2025:11:02:17 -0300] "GET /cormun/servlet/prfichaempleado?,MD,,gxPopupLevel%3D0%3B HTTP/1.1" 200 9183
190.95.15.27 - - [18/Mar/2025:11:02:26 -0300] "POST /cormun/servlet/prfichaempleado?9c9356fb456f87a8e85cc102f2e13c19,,MD,,gxPopupLevel%3D0%3B,gx-no-cache=1742306659969 HTTP/1.1" 200 3417
201.186.225.191 - - [18/Mar/2025:11:02:27 -0300] "GET /cormun/servlet/trsolicitudot? HTTP/1.1" 200 7408
201.186.225.191 - - [18/Mar/2025:11:02:40 -0300] "GET /cormun/servlet/trlicencias? HTTP/1.1" 200 9429
190.95.15.27 - - [18/Mar/2025:11:03:04 -0300] "POST /cormun/servlet/permisogoce?9c9356fb456f87a8e85cc102f2e13c19,INS,0,,,,gx-no-cache=1742306697909 HTTP/1.1" 200 4777
190.95.15.27 - - [18/Mar/2025:11:03:04 -0300] "GET /cormun/static/Shared/jqueryui/images/ui-bg_highlight-soft_100_c6c2c8_1x100.png HTTP/1.1" 404 1117
190.95.15.27 - - [18/Mar/2025:11:03:04 -0300] "GET /cormun/static/Shared/jqueryui/images/ui-icons_82798d_256x240.png HTTP/1.1" 404 1089
190.95.15.27 - - [18/Mar/2025:11:03:04 -0300] "GET /cormun/static/Shared/jqueryui/images/ui-bg_flat_55_994d53_40x100.png HTTP/1.1" 404 1097
190.95.15.27 - - [18/Mar/2025:11:03:04 -0300] "GET /cormun/static/Shared/jqueryui/images/ui-icons_ebccce_256x240.png HTTP/1.1" 404 1089
91.208.206.203 - - [18/Mar/2025:11:03:10 -0300] "GET /manager/html HTTP/1.1" 401 2474
201.186.225.191 - - [18/Mar/2025:11:03:18 -0300] "GET /cormun/servlet/trsolicitudot? HTTP/1.1" 200 7408
201.186.225.191 - - [18/Mar/2025:11:03:27 -0300] "GET /cormun/servlet/solicitudot?INS,0,0,false, HTTP/1.1" 200 16187
190.95.15.27 - - [18/Mar/2025:11:03:35 -0300] "GET /cormun/servlet/permisogoce?50089189f7f7d0f51ebcfa88dc80adaf4fefaa92838a5d84081707096bdb7d55eb556cda9de685cecbf06d72bbcb91cb1d1aa6cd793b483513d12496892359793d98198323ac92304f621bb3c7764be8c52e6e56bac930382d0b41173f00887ab6937ed11c25e9124922ae0fc5dbba2d3d98198323ac92304f621bb3c7764be8c52e6e56bac930382d0b41173f00887a1d1aa6cd793b483513d1249689235979e8f5fcc6abaa8627d077ee84b27cd0961325052f4b49309651b20ff9b90630db6ef9730fa90ea5155369886ea7f32851e4b7d809f2197d42055a6dc2d1957ad0,gx-no-cache=1742306729739 HTTP/1.1" 200 78
201.186.225.191 - - [18/Mar/2025:11:04:01 -0300] "GET /cormun/servlet/hlogin HTTP/1.1" 200 1745
191.125.57.197 - - [18/Mar/2025:11:05:35 -0300] "GET /cormun/servlet/solicitudotadjuntos?INS,2025,22099,,1, HTTP/1.1" 200 5966
191.125.57.197 - - [18/Mar/2025:11:05:36 -0300] "GET /cormun/static/about:blank HTTP/1.1" 404 1011
191.125.57.197 - - [18/Mar/2025:11:05:36 -0300] "GET /cormun/servlet/solicitudotadjuntos?c1117bad13d1f58dcdb5bce55a5de8b7765ec4ba43134595c93f22ea42c5e87b205667b6c7caf3b6a30a45fc57b9e847,gx-no-cache=1742306850542 HTTP/1.1" 200 30
191.125.57.197 - - [18/Mar/2025:11:05:36 -0300] "POST /cormun/servlet/solicitudotadjuntos?41d529d84b8adaefd855070a50181c32,INS,2025,22099,,1,,gx-no-cache=1742306850651 HTTP/1.1" 200 3905
191.125.57.197 - - [18/Mar/2025:11:05:40 -0300] "POST /cormun/servlet/solicitudotadjuntos?gx-no-cache=1742306853892 HTTP/1.1" 200 26
191.125.57.197 - - [18/Mar/2025:11:05:46 -0300] "GET /cormun/servlet/solicitudotadjuntos?c1117bad13d1f58dcdb5bce55a5de8b7679ad215667ef3b72a1e44ee5a33de94,gx-no-cache=1742306859986 HTTP/1.1" 200 30
191.125.57.197 - - [18/Mar/2025:11:05:46 -0300] "GET /cormun/servlet/solicitudotadjuntos?c1117bad13d1f58dcdb5bce55a5de8b7679ad215667ef3b72a1e44ee5a33de94,gx-no-cache=1742306860074 HTTP/1.1" 200 30
191.125.57.197 - - [18/Mar/2025:11:05:46 -0300] "POST /cormun/servlet/solicitudotadjuntos?41d529d84b8adaefd855070a50181c32,INS,2025,22099,,1, HTTP/1.1" 200 116
191.125.57.197 - - [18/Mar/2025:11:05:46 -0300] "GET /cormun/servlet/hpexe_return? HTTP/1.1" 200 1029
191.125.57.197 - - [18/Mar/2025:11:05:46 -0300] "GET /cormun/servlet/trsolicitudadjuntos?2025,22099, HTTP/1.1" 200 10289
191.125.128.29 - - [18/Mar/2025:11:06:09 -0300] "GET /cormun/servlet/trsolicitudot? HTTP/1.1" 200 20990
191.125.128.29 - - [18/Mar/2025:11:06:16 -0300] "POST /cormun/servlet/trsolicitudot?41d529d84b8adaefd855070a50181c32,,gx-no-cache=1742306890149 HTTP/1.1" 200 107
191.125.128.29 - - [18/Mar/2025:11:06:16 -0300] "GET /cormun/servlet/trsolicitudadjuntos?2025,22097, HTTP/1.1" 200 6026
191.125.128.29 - - [18/Mar/2025:11:06:21 -0300] "GET /cormun/servlet/solicitudotadjuntos?INS,2025,22097,,1, HTTP/1.1" 200 5966
191.125.128.29 - - [18/Mar/2025:11:06:21 -0300] "GET /cormun/static/about:blank HTTP/1.1" 404 1011
191.125.128.29 - - [18/Mar/2025:11:06:22 -0300] "GET /cormun/servlet/solicitudotadjuntos?c1117bad13d1f58dcdb5bce55a5de8b7ae549d444582b778318fb464a40315e4205667b6c7caf3b6a30a45fc57b9e847,gx-no-cache=1742306895948 HTTP/1.1" 200 30
191.125.128.29 - - [18/Mar/2025:11:06:22 -0300] "POST /cormun/servlet/solicitudotadjuntos?41d529d84b8adaefd855070a50181c32,INS,2025,22097,,1,,gx-no-cache=1742306896038 HTTP/1.1" 200 3905
191.125.128.29 - - [18/Mar/2025:11:06:24 -0300] "POST /cormun/servlet/solicitudotadjuntos?gx-no-cache=1742306898245 HTTP/1.1" 200 26
191.125.57.197 - - [18/Mar/2025:11:06:47 -0300] "GET /cormun/servlet/solicitudotadjuntos?c1117bad13d1f58dcdb5bce55a5de8b7679ad215667ef3b72a1e44ee5a33de94,gx-no-cache=1742306921621 HTTP/1.1" 200 30
191.125.57.197 - - [18/Mar/2025:11:06:47 -0300] "GET /cormun/servlet/solicitudotadjuntos?c1117bad13d1f58dcdb5bce55a5de8b7679ad215667ef3b72a1e44ee5a33de94,gx-no-cache=1742306921734 HTTP/1.1" 200 30
191.125.57.197 - - [18/Mar/2025:11:06:48 -0300] "POST /cormun/servlet/solicitudotadjuntos?41d529d84b8adaefd855070a50181c32,INS,2025,22097,,1, HTTP/1.1" 200 116
191.125.57.197 - - [18/Mar/2025:11:06:49 -0300] "GET /cormun/servlet/hpexe_return? HTTP/1.1" 200 1030
191.125.57.197 - - [18/Mar/2025:11:06:49 -0300] "GET /cormun/servlet/trsolicitudadjuntos?2025,22097, HTTP/1.1" 200 9066
191.125.57.197 - - [18/Mar/2025:11:06:59 -0300] "GET /cormun/servlet/solicitudotadjuntos?INS,2025,22097,,1, HTTP/1.1" 200 5966
191.125.57.197 - - [18/Mar/2025:11:06:59 -0300] "GET /cormun/static/about:blank HTTP/1.1" 404 1011
191.125.57.197 - - [18/Mar/2025:11:07:00 -0300] "GET /cormun/servlet/solicitudotadjuntos?c1117bad13d1f58dcdb5bce55a5de8b7ae549d444582b778318fb464a40315e4205667b6c7caf3b6a30a45fc57b9e847,gx-no-cache=1742306933822 HTTP/1.1" 200 30
191.125.57.197 - - [18/Mar/2025:11:07:00 -0300] "POST /cormun/servlet/solicitudotadjuntos?41d529d84b8adaefd855070a50181c32,INS,2025,22097,,1,,gx-no-cache=1742306933912 HTTP/1.1" 200 3905
191.125.57.197 - - [18/Mar/2025:11:07:02 -0300] "POST /cormun/servlet/solicitudotadjuntos?gx-no-cache=1742306935998 HTTP/1.1" 200 26
91.208.206.203 - - [18/Mar/2025:11:07:11 -0300] "GET /manager/html HTTP/1.1" 401 2474
190.95.15.17 - - [18/Mar/2025:11:07:21 -0300] "GET /cormun/servlet/hlogin HTTP/1.1" 200 1721
190.95.15.17 - - [18/Mar/2025:11:07:21 -0300] "GET /cormun/servlet/hlogin HTTP/1.1" 200 1731
190.95.15.17 - - [18/Mar/2025:11:07:21 -0300] "GET /favicon.ico HTTP/1.1" 200 21630
190.95.15.17 - - [18/Mar/2025:11:07:25 -0300] "POST /cormun/servlet/hlogin?9075d14bb058c07f14e010eaabb1ed6e,gx-no-cache=1742307274765 HTTP/1.1" 200 90
190.95.15.17 - - [18/Mar/2025:11:07:25 -0300] "GET /cormun/servlet/hpexe_link HTTP/1.1" 200 952
190.95.15.17 - - [18/Mar/2025:11:07:25 -0300] "GET /cormun/servlet/hhome HTTP/1.1" 200 4377
190.95.15.17 - - [18/Mar/2025:11:07:28 -0300] "GET /cormun/servlet/trsolicitudot? HTTP/1.1" 200 7599
190.95.15.17 - - [18/Mar/2025:11:07:36 -0300] "GET /cormun/servlet/solicitudot?INS,0,0,false, HTTP/1.1" 200 16371
191.125.57.197 - - [18/Mar/2025:11:07:45 -0300] "POST /cormun/servlet/solicitudotadjuntos?gx-no-cache=1742306979023 HTTP/1.1" 200 26
191.125.57.197 - - [18/Mar/2025:11:07:50 -0300] "GET /cormun/servlet/solicitudotadjuntos?c1117bad13d1f58dcdb5bce55a5de8b7679ad215667ef3b72a1e44ee5a33de94,gx-no-cache=1742306984543 HTTP/1.1" 200 30
191.125.57.197 - - [18/Mar/2025:11:07:50 -0300] "GET /cormun/servlet/solicitudotadjuntos?c1117bad13d1f58dcdb5bce55a5de8b7679ad215667ef3b72a1e44ee5a33de94,gx-no-cache=1742306984627 HTTP/1.1" 200 30
191.125.57.197 - - [18/Mar/2025:11:07:51 -0300] "POST /cormun/servlet/solicitudotadjuntos?41d529d84b8adaefd855070a50181c32,INS,2025,22097,,1, HTTP/1.1" 200 116
191.125.57.197 - - [18/Mar/2025:11:07:51 -0300] "GET /cormun/servlet/hpexe_return? HTTP/1.1" 200 1030
191.125.57.197 - - [18/Mar/2025:11:07:51 -0300] "GET /cormun/servlet/trsolicitudadjuntos?2025,22097, HTTP/1.1" 200 9321
191.125.57.197 - - [18/Mar/2025:11:07:54 -0300] "GET /cormun/servlet/solicitudotadjuntos?INS,2025,22097,,1, HTTP/1.1" 200 5965
191.125.57.197 - - [18/Mar/2025:11:07:55 -0300] "GET /cormun/static/about:blank HTTP/1.1" 404 1011
191.125.57.197 - - [18/Mar/2025:11:07:55 -0300] "GET /cormun/servlet/solicitudotadjuntos?c1117bad13d1f58dcdb5bce55a5de8b7ae549d444582b778318fb464a40315e4205667b6c7caf3b6a30a45fc57b9e847,gx-no-cache=1742306989433 HTTP/1.1" 200 30
191.125.57.197 - - [18/Mar/2025:11:07:55 -0300] "POST /cormun/servlet/solicitudotadjuntos?41d529d84b8adaefd855070a50181c32,INS,2025,22097,,1,,gx-no-cache=1742306989534 HTTP/1.1" 200 3904
191.125.57.197 - - [18/Mar/2025:11:08:00 -0300] "POST /cormun/servlet/solicitudotadjuntos?gx-no-cache=1742306994378 HTTP/1.1" 200 26
191.125.57.197 - - [18/Mar/2025:11:08:11 -0300] "GET /cormun/servlet/solicitudotadjuntos?c1117bad13d1f58dcdb5bce55a5de8b7679ad215667ef3b72a1e44ee5a33de94,gx-no-cache=1742307005176 HTTP/1.1" 200 30
191.125.57.197 - - [18/Mar/2025:11:08:11 -0300] "GET /cormun/servlet/solicitudotadjuntos?c1117bad13d1f58dcdb5bce55a5de8b7679ad215667ef3b72a1e44ee5a33de94,gx-no-cache=1742307005269 HTTP/1.1" 200 30
191.125.57.197 - - [18/Mar/2025:11:08:11 -0300] "POST /cormun/servlet/solicitudotadjuntos?41d529d84b8adaefd855070a50181c32,INS,2025,22097,,1, HTTP/1.1" 200 116
191.125.57.197 - - [18/Mar/2025:11:08:11 -0300] "GET /cormun/servlet/hpexe_return? HTTP/1.1" 200 1030
191.125.57.197 - - [18/Mar/2025:11:08:12 -0300] "GET /cormun/servlet/trsolicitudadjuntos?2025,22097, HTTP/1.1" 200 9539
191.125.57.197 - - [18/Mar/2025:11:08:15 -0300] "GET /cormun/servlet/solicitudotadjuntos?INS,2025,22097,,1, HTTP/1.1" 200 5965
191.125.57.197 - - [18/Mar/2025:11:08:15 -0300] "GET /cormun/static/about:blank HTTP/1.1" 404 1011
191.125.57.197 - - [18/Mar/2025:11:08:16 -0300] "GET /cormun/servlet/solicitudotadjuntos?c1117bad13d1f58dcdb5bce55a5de8b7ae549d444582b778318fb464a40315e4205667b6c7caf3b6a30a45fc57b9e847,gx-no-cache=1742307010130 HTTP/1.1" 200 30
191.125.57.197 - - [18/Mar/2025:11:08:16 -0300] "POST /cormun/servlet/solicitudotadjuntos?41d529d84b8adaefd855070a50181c32,INS,2025,22097,,1,,gx-no-cache=1742307010202 HTTP/1.1" 200 3904
191.125.57.197 - - [18/Mar/2025:11:08:18 -0300] "POST /cormun/servlet/solicitudotadjuntos?gx-no-cache=1742307012179 HTTP/1.1" 200 26
190.95.15.17 - - [18/Mar/2025:11:08:26 -0300] "POST /cormun/servlet/solicitudot?gx-no-cache=1742307335610 HTTP/1.1" 200 4166
190.95.15.17 - - [18/Mar/2025:11:08:26 -0300] "POST /cormun/servlet/solicitudot?9075d14bb058c07f14e010eaabb1ed6e,INS,0,0,false,,gx-no-cache=1742307335769 HTTP/1.1" 200 13031
191.125.57.197 - - [18/Mar/2025:11:08:27 -0300] "GET /cormun/servlet/solicitudotadjuntos?c1117bad13d1f58dcdb5bce55a5de8b7679ad215667ef3b72a1e44ee5a33de94,gx-no-cache=1742307021465 HTTP/1.1" 200 30
191.125.57.197 - - [18/Mar/2025:11:08:27 -0300] "GET /cormun/servlet/solicitudotadjuntos?c1117bad13d1f58dcdb5bce55a5de8b7679ad215667ef3b72a1e44ee5a33de94,gx-no-cache=1742307021591 HTTP/1.1" 200 30
191.125.57.197 - - [18/Mar/2025:11:08:27 -0300] "POST /cormun/servlet/solicitudotadjuntos?41d529d84b8adaefd855070a50181c32,INS,2025,22097,,1, HTTP/1.1" 200 116
191.125.57.197 - - [18/Mar/2025:11:08:28 -0300] "GET /cormun/servlet/hpexe_return? HTTP/1.1" 200 1030
191.125.57.197 - - [18/Mar/2025:11:08:28 -0300] "GET /cormun/servlet/trsolicitudadjuntos?2025,22097, HTTP/1.1" 200 9853
191.125.57.197 - - [18/Mar/2025:11:08:30 -0300] "GET /cormun/servlet/solicitudotadjuntos?INS,2025,22097,,1, HTTP/1.1" 200 5965
191.125.57.197 - - [18/Mar/2025:11:08:30 -0300] "GET /cormun/static/about:blank HTTP/1.1" 404 1011
191.125.57.197 - - [18/Mar/2025:11:08:31 -0300] "GET /cormun/servlet/solicitudotadjuntos?c1117bad13d1f58dcdb5bce55a5de8b7ae549d444582b778318fb464a40315e4205667b6c7caf3b6a30a45fc57b9e847,gx-no-cache=1742307025288 HTTP/1.1" 200 30
191.125.57.197 - - [18/Mar/2025:11:08:31 -0300] "POST /cormun/servlet/solicitudotadjuntos?41d529d84b8adaefd855070a50181c32,INS,2025,22097,,1,,gx-no-cache=1742307025375 HTTP/1.1" 200 3904
191.125.57.197 - - [18/Mar/2025:11:08:33 -0300] "POST /cormun/servlet/solicitudotadjuntos?gx-no-cache=1742307027682 HTTP/1.1" 200 26
191.125.57.197 - - [18/Mar/2025:11:08:38 -0300] "GET /cormun/servlet/solicitudotadjuntos?c1117bad13d1f58dcdb5bce55a5de8b7679ad215667ef3b72a1e44ee5a33de94,gx-no-cache=1742307032353 HTTP/1.1" 200 30
191.125.57.197 - - [18/Mar/2025:11:08:38 -0300] "GET /cormun/servlet/solicitudotadjuntos?c1117bad13d1f58dcdb5bce55a5de8b7679ad215667ef3b72a1e44ee5a33de94,gx-no-cache=1742307032445 HTTP/1.1" 200 30
191.125.57.197 - - [18/Mar/2025:11:08:39 -0300] "POST /cormun/servlet/solicitudotadjuntos?41d529d84b8adaefd855070a50181c32,INS,2025,22097,,1, HTTP/1.1" 200 116
191.125.57.197 - - [18/Mar/2025:11:08:39 -0300] "GET /cormun/servlet/hpexe_return? HTTP/1.1" 200 1030
191.125.57.197 - - [18/Mar/2025:11:08:39 -0300] "GET /cormun/servlet/trsolicitudadjuntos?2025,22097, HTTP/1.1" 200 10140
190.95.15.17 - - [18/Mar/2025:11:08:40 -0300] "GET /cormun/servlet/solicitudot?177a7a3ce9b1826f3d4019f341a7fe20b7cf21fe586a2bae7f28df3a44099a050a4774510699f6418326bf4a7e254500,gx-no-cache=1742307350249 HTTP/1.1" 200 30
191.125.57.197 - - [18/Mar/2025:11:08:51 -0300] "GET /cormun/servlet/solicitudotadjuntos?INS,2025,22097,,1, HTTP/1.1" 200 5965
191.125.57.197 - - [18/Mar/2025:11:08:51 -0300] "GET /cormun/static/about:blank HTTP/1.1" 404 1011
191.125.57.197 - - [18/Mar/2025:11:08:52 -0300] "GET /cormun/servlet/solicitudotadjuntos?c1117bad13d1f58dcdb5bce55a5de8b7ae549d444582b778318fb464a40315e4205667b6c7caf3b6a30a45fc57b9e847,gx-no-cache=1742307046179 HTTP/1.1" 200 30
191.125.57.197 - - [18/Mar/2025:11:08:52 -0300] "POST /cormun/servlet/solicitudotadjuntos?41d529d84b8adaefd855070a50181c32,INS,2025,22097,,1,,gx-no-cache=1742307046234 HTTP/1.1" 200 3903
191.125.57.197 - - [18/Mar/2025:11:08:55 -0300] "POST /cormun/servlet/solicitudotadjuntos?gx-no-cache=1742307049371 HTTP/1.1" 200 26
190.95.15.17 - - [18/Mar/2025:11:09:03 -0300] "GET /cormun/servlet/solicitudot?177a7a3ce9b1826f3d4019f341a7fe20b818106c9d1daa95bb2c3cafa5ec3b7c02c5f974c10a175b9a6a31419d2036da04bccd3311ee7956610ed0c1aa2313b4,gx-no-cache=1742307373251 HTTP/1.1" 200 30
190.95.15.17 - - [18/Mar/2025:11:09:03 -0300] "GET /cormun/servlet/solicitudot?177a7a3ce9b1826f3d4019f341a7fe20c58e8f6c058a707a4c6a044d0822b064,gx-no-cache=1742307373290 HTTP/1.1" 200 60
190.95.15.17 - - [18/Mar/2025:11:09:03 -0300] "POST /cormun/servlet/solicitudot?gx-no-cache=1742307373323 HTTP/1.1" 200 255
190.95.15.17 - - [18/Mar/2025:11:09:03 -0300] "GET /cormun/servlet/solicitudot?177a7a3ce9b1826f3d4019f341a7fe20bf52f7bcbae922e014c2cc47e700e63bd89326930349ba3829309277afd5ab46c23e9bcca3a1eea405ab8c369e1549ec1c1141f78b08779f750f66b407df384ebf3b434a2e6fc38b4d471e2db7746edf21f32ed8a9482cea53600069146fb840ce7f6bc8877d245507ba36cec36dfad7ffe92835fee13069b9ee68a3cc2a3d8a9efc60204af60a34ccff0b54f9585e8c5ccf56e89462ac205172630cf87455194a1f94626d9814c700733d01807f6305d0c28da9cd0e194a9f531b000af6564c6e3ab663bf3c3ec4aa37ec4b897d34b60efaf1d6951def440ff36f20fad262bb2ba7bcac34c221906c24c29d8cddf63c61d41a8d0c5057df27e34ffb7b63a67ad10399801323e8e508845e402b7c8530d8cac2de3925e5911abae86b367333bcc766ce7190aff32feac6f1ce0f49993f2f83dc8efe55c0699ad66a48e2e6a8b2a8990d4b498fa6a6abdb944d8a990d5a478bdf53c58314d5124363abbba5c80eb6b5038f2cee028256b0e45643684cb8,gx-no-cache=1742307373353 HTTP/1.1" 200 30
191.125.57.197 - - [18/Mar/2025:11:09:04 -0300] "GET /cormun/servlet/solicitudotadjuntos?c1117bad13d1f58dcdb5bce55a5de8b7679ad215667ef3b72a1e44ee5a33de94,gx-no-cache=1742307058042 HTTP/1.1" 200 30
191.125.57.197 - - [18/Mar/2025:11:09:04 -0300] "GET /cormun/servlet/solicitudotadjuntos?c1117bad13d1f58dcdb5bce55a5de8b7679ad215667ef3b72a1e44ee5a33de94,gx-no-cache=1742307058109 HTTP/1.1" 200 30
191.125.57.197 - - [18/Mar/2025:11:09:04 -0300] "POST /cormun/servlet/solicitudotadjuntos?41d529d84b8adaefd855070a50181c32,INS,2025,22097,,1, HTTP/1.1" 200 116
191.125.57.197 - - [18/Mar/2025:11:09:05 -0300] "GET /cormun/servlet/hpexe_return? HTTP/1.1" 200 1030
191.125.57.197 - - [18/Mar/2025:11:09:05 -0300] "GET /cormun/servlet/trsolicitudadjuntos?2025,22097, HTTP/1.1" 200 10346
190.95.15.17 - - [18/Mar/2025:11:09:08 -0300] "POST /cormun/servlet/solicitudot?gx-no-cache=1742307378316 HTTP/1.1" 200 30
191.125.57.197 - - [18/Mar/2025:11:09:08 -0300] "GET /cormun/servlet/trsolicitudot? HTTP/1.1" 200 20990
191.125.57.197 - - [18/Mar/2025:11:09:17 -0300] "POST /cormun/servlet/trsolicitudot?41d529d84b8adaefd855070a50181c32,,gx-no-cache=1742307071268 HTTP/1.1" 200 107
191.125.57.197 - - [18/Mar/2025:11:09:17 -0300] "GET /cormun/servlet/trsolicitudadjuntos?2025,22095, HTTP/1.1" 200 6026
190.95.15.17 - - [18/Mar/2025:11:09:55 -0300] "POST /cormun/servlet/solicitudot?gx-no-cache=1742307424641 HTTP/1.1" 200 1481
190.95.15.17 - - [18/Mar/2025:11:09:55 -0300] "POST /cormun/servlet/solicitudot?gx-no-cache=1742307424699 HTTP/1.1" 200 38
190.95.15.17 - - [18/Mar/2025:11:09:55 -0300] "GET /cormun/servlet/solicitudot?177a7a3ce9b1826f3d4019f341a7fe20eef1302ba7e535618ad489854c4b7ac44da197e5cc216cb22847ba97b840d78642d33260b8c5b85123e16c0134dca8a1822f69cfeb779aa21eb2992b01ca28d76708e7e8d4bbf8bcddff5a552b0d43a607714b8dd996b978758fe1ef870cfc5f,gx-no-cache=1742307424721 HTTP/1.1" 200 110
190.95.15.17 - - [18/Mar/2025:11:10:18 -0300] "POST /cormun/servlet/solicitudot?gx-no-cache=1742307448412 HTTP/1.1" 200 97
191.125.57.197 - - [18/Mar/2025:11:10:24 -0300] "GET /cormun/servlet/trsolicitudot? HTTP/1.1" 200 20990
190.95.15.17 - - [18/Mar/2025:11:10:30 -0300] "GET /cormun/servlet/solicitudot?177a7a3ce9b1826f3d4019f341a7fe20666fdc1ca6983aa1e2ee54e61fde9582e2128272ced81de9bb39e600cde7ca89d3815f966f3f2c3a5405f269e4e0a9cc883c468cee9a530d4dffb402d273e24fc56bd1f37d86518c4d3317732fa6cfbc91bf2f3f04d8f1a2455a21ecc3771832e6adc8f3f2eeec7fbf7548760e10ad26f2373cee5585c4d325e46ec11a71eb0d48ccbd3c181579f1213947e5b8c6c81d,gx-no-cache=1742307460252 HTTP/1.1" 200 29
190.95.15.17 - - [18/Mar/2025:11:10:30 -0300] "GET /cormun/static/menuarrow.gif HTTP/1.1" 404 1015
191.125.57.197 - - [18/Mar/2025:11:10:31 -0300] "POST /cormun/servlet/trsolicitudot?41d529d84b8adaefd855070a50181c32,,gx-no-cache=1742307145006 HTTP/1.1" 200 107
191.125.57.197 - - [18/Mar/2025:11:10:31 -0300] "GET /cormun/servlet/trsolicitudadjuntos?2025,22094, HTTP/1.1" 200 6026
190.95.15.27 - - [18/Mar/2025:11:10:33 -0300] "GET /cormun/servlet/permisogoce?50089189f7f7d0f51ebcfa88dc80adafc68feb3162a914c917c970ba5297674d5eabda3bd3092e00879ff5acf7b4e8fcdad4b1e6c3abac50f0e8006a479d8fbe,gx-no-cache=1742307147825 HTTP/1.1" 200 129
190.95.15.17 - - [18/Mar/2025:11:10:37 -0300] "GET /cormun/servlet/solicitudot?177a7a3ce9b1826f3d4019f341a7fe20d1dbbd1d924273a67ef50cb1da79ef43f390baa71bf78485a984f4822742615a,gx-no-cache=1742307466931 HTTP/1.1" 200 30
190.95.15.27 - - [18/Mar/2025:11:10:38 -0300] "GET /cormun/servlet/permisogoce?50089189f7f7d0f51ebcfa88dc80adafc68feb3162a914c917c970ba5297674d921af1f0a61841306b793725cbc692a610469c0176e0f8ee0779ce2e5bcedab1,gx-no-cache=1742307152658 HTTP/1.1" 200 48
190.95.15.27 - - [18/Mar/2025:11:10:47 -0300] "GET /cormun/servlet/permisogoce?50089189f7f7d0f51ebcfa88dc80adafc68feb3162a914c917c970ba5297674dab5a3f3f902d223559133e94158c809030c0fb9cb3886aef74528d6fc6cec041,gx-no-cache=1742307161791 HTTP/1.1" 200 47
190.95.15.27 - - [18/Mar/2025:11:11:06 -0300] "POST /cormun/servlet/permisogoce?9c9356fb456f87a8e85cc102f2e13c19,INS,0,,,,gx-no-cache=1742307179478 HTTP/1.1" 200 93
190.95.15.27 - - [18/Mar/2025:11:11:06 -0300] "GET /cormun/servlet/hpexe_return? HTTP/1.1" 200 1008
190.95.15.27 - - [18/Mar/2025:11:11:06 -0300] "GET /cormun/servlet/trpermisosgoce HTTP/1.1" 200 7973
91.208.206.203 - - [18/Mar/2025:11:11:13 -0300] "GET /manager/html HTTP/1.1" 401 2474
190.95.15.17 - - [18/Mar/2025:11:11:17 -0300] "POST /cormun/servlet/solicitudot?gx-no-cache=1742307506605 HTTP/1.1" 200 30
190.95.15.27 - - [18/Mar/2025:11:11:29 -0300] "GET /cormun/servlet/trsolicitudot? HTTP/1.1" 200 12549
190.95.15.17 - - [18/Mar/2025:11:11:43 -0300] "POST /cormun/servlet/solicitudot?gx-no-cache=1742307533449 HTTP/1.1" 200 30
191.125.128.29 - - [18/Mar/2025:11:12:07 -0300] "GET /cormun/servlet/trsolicitudot? HTTP/1.1" 200 20990
191.125.128.29 - - [18/Mar/2025:11:12:15 -0300] "POST /cormun/servlet/trsolicitudot?41d529d84b8adaefd855070a50181c32,,gx-no-cache=1742307248753 HTTP/1.1" 200 107
191.125.128.29 - - [18/Mar/2025:11:12:15 -0300] "GET /cormun/servlet/trsolicitudadjuntos?2025,22094, HTTP/1.1" 200 6026
191.125.128.29 - - [18/Mar/2025:11:12:17 -0300] "GET /cormun/servlet/solicitudotadjuntos?INS,2025,22094,,1, HTTP/1.1" 200 5965
191.125.128.29 - - [18/Mar/2025:11:12:17 -0300] "GET /cormun/static/about:blank HTTP/1.1" 404 1011
190.95.15.17 - - [18/Mar/2025:11:12:17 -0300] "POST /cormun/servlet/solicitudot?9075d14bb058c07f14e010eaabb1ed6e,INS,0,0,false,,gx-no-cache=1742307566542 HTTP/1.1" 200 93
190.95.15.17 - - [18/Mar/2025:11:12:18 -0300] "GET /cormun/servlet/hpexe_return? HTTP/1.1" 200 1010
191.125.128.29 - - [18/Mar/2025:11:12:18 -0300] "GET /cormun/servlet/solicitudotadjuntos?c1117bad13d1f58dcdb5bce55a5de8b7bd96e370b362cba4db65db7658220bf7205667b6c7caf3b6a30a45fc57b9e847,gx-no-cache=1742307251986 HTTP/1.1" 200 30
191.125.128.29 - - [18/Mar/2025:11:12:18 -0300] "POST /cormun/servlet/solicitudotadjuntos?41d529d84b8adaefd855070a50181c32,INS,2025,22094,,1,,gx-no-cache=1742307252079 HTTP/1.1" 200 3904
190.95.15.17 - - [18/Mar/2025:11:12:18 -0300] "GET /cormun/servlet/trsolicitudot HTTP/1.1" 200 8998
191.125.128.29 - - [18/Mar/2025:11:12:21 -0300] "POST /cormun/servlet/solicitudotadjuntos?gx-no-cache=1742307255058 HTTP/1.1" 200 26
190.95.15.17 - - [18/Mar/2025:11:12:22 -0300] "POST /cormun/servlet/trsolicitudot?9075d14bb058c07f14e010eaabb1ed6e,gx-no-cache=1742307571863 HTTP/1.1" 200 4850
190.95.15.17 - - [18/Mar/2025:11:12:22 -0300] "GET /cormun/static/Shared/jqueryui/images/ui-icons_8d78a5_256x240.png HTTP/1.1" 404 1089
190.95.15.17 - - [18/Mar/2025:11:12:22 -0300] "GET /cormun/static/Shared/jqueryui/images/ui-icons_82798d_256x240.png HTTP/1.1" 404 1089
190.95.15.17 - - [18/Mar/2025:11:12:22 -0300] "GET /cormun/static/Shared/jqueryui/images/ui-bg_flat_55_fafafa_40x100.png HTTP/1.1" 404 1097
190.95.15.17 - - [18/Mar/2025:11:12:22 -0300] "GET /cormun/static/Shared/jqueryui/images/ui-bg_highlight-soft_100_c6c2c8_1x100.png HTTP/1.1" 404 1117
190.95.15.17 - - [18/Mar/2025:11:12:22 -0300] "POST /cormun/servlet/trsolicitudot?9075d14bb058c07f14e010eaabb1ed6e,gx-no-cache=1742307572042 HTTP/1.1" 200 4614
190.95.15.17 - - [18/Mar/2025:11:12:26 -0300] "GET /cormun/servlet/trautorizarsolicitud? HTTP/1.1" 200 8886
190.95.15.17 - - [18/Mar/2025:11:12:28 -0300] "POST /cormun/servlet/trautorizarsolicitud?9075d14bb058c07f14e010eaabb1ed6e,,gx-no-cache=1742307578230 HTTP/1.1" 200 4774
190.95.15.17 - - [18/Mar/2025:11:12:28 -0300] "POST /cormun/servlet/trautorizarsolicitud?9075d14bb058c07f14e010eaabb1ed6e,,gx-no-cache=1742307578375 HTTP/1.1" 200 4542
190.95.15.17 - - [18/Mar/2025:11:12:31 -0300] "GET /cormun/servlet/trautorizarsolicitud? HTTP/1.1" 200 7496
191.125.128.29 - - [18/Mar/2025:11:12:32 -0300] "GET /cormun/servlet/solicitudotadjuntos?c1117bad13d1f58dcdb5bce55a5de8b7679ad215667ef3b72a1e44ee5a33de94,gx-no-cache=1742307266385 HTTP/1.1" 200 30
191.125.128.29 - - [18/Mar/2025:11:12:32 -0300] "GET /cormun/servlet/solicitudotadjuntos?c1117bad13d1f58dcdb5bce55a5de8b7679ad215667ef3b72a1e44ee5a33de94,gx-no-cache=1742307266447 HTTP/1.1" 200 30
191.125.128.29 - - [18/Mar/2025:11:12:33 -0300] "POST /cormun/servlet/solicitudotadjuntos?41d529d84b8adaefd855070a50181c32,INS,2025,22094,,1, HTTP/1.1" 200 116
191.125.128.29 - - [18/Mar/2025:11:12:33 -0300] "GET /cormun/servlet/hpexe_return? HTTP/1.1" 200 1029
191.125.128.29 - - [18/Mar/2025:11:12:34 -0300] "GET /cormun/servlet/trsolicitudadjuntos?2025,22094, HTTP/1.1" 200 9051
191.125.128.29 - - [18/Mar/2025:11:12:36 -0300] "GET /cormun/servlet/solicitudotadjuntos?INS,2025,22094,,1, HTTP/1.1" 200 5965
191.125.128.29 - - [18/Mar/2025:11:12:36 -0300] "GET /cormun/static/about:blank HTTP/1.1" 404 1011
191.125.128.29 - - [18/Mar/2025:11:12:37 -0300] "GET /cormun/servlet/solicitudotadjuntos?c1117bad13d1f58dcdb5bce55a5de8b7bd96e370b362cba4db65db7658220bf7205667b6c7caf3b6a30a45fc57b9e847,gx-no-cache=1742307271091 HTTP/1.1" 200 30
191.125.128.29 - - [18/Mar/2025:11:12:37 -0300] "POST /cormun/servlet/solicitudotadjuntos?41d529d84b8adaefd855070a50181c32,INS,2025,22094,,1,,gx-no-cache=1742307271365 HTTP/1.1" 200 3904
191.125.128.29 - - [18/Mar/2025:11:12:39 -0300] "POST /cormun/servlet/solicitudotadjuntos?gx-no-cache=1742307273283 HTTP/1.1" 200 26
190.95.15.17 - - [18/Mar/2025:11:12:43 -0300] "GET /cormun/servlet/trsolicitudot? HTTP/1.1" 200 7597
190.95.15.17 - - [18/Mar/2025:11:12:43 -0300] "GET /cormun/servlet/trvisualizadoreventos? HTTP/1.1" 200 7158
190.95.15.17 - - [18/Mar/2025:11:12:48 -0300] "GET /cormun/servlet/trautorizarsolicitud? HTTP/1.1" 200 7496
191.125.128.29 - - [18/Mar/2025:11:12:50 -0300] "GET /cormun/servlet/solicitudotadjuntos?c1117bad13d1f58dcdb5bce55a5de8b7679ad215667ef3b72a1e44ee5a33de94,gx-no-cache=1742307284370 HTTP/1.1" 200 30
191.125.128.29 - - [18/Mar/2025:11:12:50 -0300] "GET /cormun/servlet/solicitudotadjuntos?c1117bad13d1f58dcdb5bce55a5de8b7679ad215667ef3b72a1e44ee5a33de94,gx-no-cache=1742307284456 HTTP/1.1" 200 30
191.125.128.29 - - [18/Mar/2025:11:12:50 -0300] "POST /cormun/servlet/solicitudotadjuntos?41d529d84b8adaefd855070a50181c32,INS,2025,22094,,1, HTTP/1.1" 200 116
191.125.128.29 - - [18/Mar/2025:11:12:50 -0300] "GET /cormun/servlet/hpexe_return? HTTP/1.1" 200 1029
191.125.128.29 - - [18/Mar/2025:11:12:50 -0300] "GET /cormun/servlet/trsolicitudadjuntos?2025,22094, HTTP/1.1" 200 9364
190.95.15.17 - - [18/Mar/2025:11:12:52 -0300] "POST /cormun/servlet/trautorizarsolicitud?9075d14bb058c07f14e010eaabb1ed6e,,gx-no-cache=1742307601981 HTTP/1.1" 200 90
190.95.15.17 - - [18/Mar/2025:11:12:52 -0300] "GET /cormun/servlet/hpexe_link HTTP/1.1" 200 963
190.95.15.17 - - [18/Mar/2025:11:12:52 -0300] "GET /cormun/servlet/trsolicitudot HTTP/1.1" 200 7598
191.125.128.29 - - [18/Mar/2025:11:12:53 -0300] "GET /cormun/servlet/solicitudotadjuntos?INS,2025,22094,,1, HTTP/1.1" 200 5965
191.125.128.29 - - [18/Mar/2025:11:12:53 -0300] "GET /cormun/static/about:blank HTTP/1.1" 404 1011
191.125.128.29 - - [18/Mar/2025:11:12:54 -0300] "GET /cormun/servlet/solicitudotadjuntos?c1117bad13d1f58dcdb5bce55a5de8b7bd96e370b362cba4db65db7658220bf7205667b6c7caf3b6a30a45fc57b9e847,gx-no-cache=1742307288357 HTTP/1.1" 200 30
191.125.128.29 - - [18/Mar/2025:11:12:54 -0300] "POST /cormun/servlet/solicitudotadjuntos?41d529d84b8adaefd855070a50181c32,INS,2025,22094,,1,,gx-no-cache=1742307288449 HTTP/1.1" 200 3904
191.125.128.29 - - [18/Mar/2025:11:12:59 -0300] "POST /cormun/servlet/solicitudotadjuntos?gx-no-cache=1742307292979 HTTP/1.1" 200 26
191.125.128.29 - - [18/Mar/2025:11:13:06 -0300] "GET /cormun/servlet/solicitudotadjuntos?c1117bad13d1f58dcdb5bce55a5de8b7679ad215667ef3b72a1e44ee5a33de94,gx-no-cache=1742307300331 HTTP/1.1" 200 30
191.125.128.29 - - [18/Mar/2025:11:13:06 -0300] "GET /cormun/servlet/solicitudotadjuntos?c1117bad13d1f58dcdb5bce55a5de8b7679ad215667ef3b72a1e44ee5a33de94,gx-no-cache=1742307300486 HTTP/1.1" 200 30
191.125.128.29 - - [18/Mar/2025:11:13:06 -0300] "POST /cormun/servlet/solicitudotadjuntos?41d529d84b8adaefd855070a50181c32,INS,2025,22094,,1, HTTP/1.1" 200 116
191.125.128.29 - - [18/Mar/2025:11:13:07 -0300] "GET /cormun/servlet/hpexe_return? HTTP/1.1" 200 1029
191.125.128.29 - - [18/Mar/2025:11:13:07 -0300] "GET /cormun/servlet/trsolicitudadjuntos?2025,22094, HTTP/1.1" 200 9588
191.125.128.29 - - [18/Mar/2025:11:13:10 -0300] "GET /cormun/servlet/solicitudotadjuntos?INS,2025,22094,,1, HTTP/1.1" 200 5965
191.125.128.29 - - [18/Mar/2025:11:13:10 -0300] "GET /cormun/static/about:blank HTTP/1.1" 404 1011
191.125.128.29 - - [18/Mar/2025:11:13:11 -0300] "GET /cormun/servlet/solicitudotadjuntos?c1117bad13d1f58dcdb5bce55a5de8b7bd96e370b362cba4db65db7658220bf7205667b6c7caf3b6a30a45fc57b9e847,gx-no-cache=1742307305067 HTTP/1.1" 200 30
191.125.128.29 - - [18/Mar/2025:11:13:11 -0300] "POST /cormun/servlet/solicitudotadjuntos?41d529d84b8adaefd855070a50181c32,INS,2025,22094,,1,,gx-no-cache=1742307305166 HTTP/1.1" 200 3904
191.125.128.29 - - [18/Mar/2025:11:13:14 -0300] "POST /cormun/servlet/solicitudotadjuntos?gx-no-cache=1742307308492 HTTP/1.1" 200 26
191.125.128.29 - - [18/Mar/2025:11:13:21 -0300] "GET /cormun/servlet/solicitudotadjuntos?c1117bad13d1f58dcdb5bce55a5de8b7679ad215667ef3b72a1e44ee5a33de94,gx-no-cache=1742307315284 HTTP/1.1" 200 30
191.125.128.29 - - [18/Mar/2025:11:13:21 -0300] "GET /cormun/servlet/solicitudotadjuntos?c1117bad13d1f58dcdb5bce55a5de8b7679ad215667ef3b72a1e44ee5a33de94,gx-no-cache=1742307315448 HTTP/1.1" 200 30
191.125.128.29 - - [18/Mar/2025:11:13:21 -0300] "POST /cormun/servlet/solicitudotadjuntos?41d529d84b8adaefd855070a50181c32,INS,2025,22094,,1, HTTP/1.1" 200 116
191.125.128.29 - - [18/Mar/2025:11:13:21 -0300] "GET /cormun/servlet/hpexe_return? HTTP/1.1" 200 1029
191.125.128.29 - - [18/Mar/2025:11:13:22 -0300] "GET /cormun/servlet/trsolicitudadjuntos?2025,22094, HTTP/1.1" 200 9897
191.125.128.29 - - [18/Mar/2025:11:13:24 -0300] "GET /cormun/servlet/solicitudotadjuntos?INS,2025,22094,,1, HTTP/1.1" 200 5965
191.125.128.29 - - [18/Mar/2025:11:13:25 -0300] "GET /cormun/static/about:blank HTTP/1.1" 404 1011
191.125.128.29 - - [18/Mar/2025:11:13:25 -0300] "GET /cormun/servlet/solicitudotadjuntos?c1117bad13d1f58dcdb5bce55a5de8b7bd96e370b362cba4db65db7658220bf7205667b6c7caf3b6a30a45fc57b9e847,gx-no-cache=1742307319429 HTTP/1.1" 200 30
191.125.128.29 - - [18/Mar/2025:11:13:25 -0300] "POST /cormun/servlet/solicitudotadjuntos?41d529d84b8adaefd855070a50181c32,INS,2025,22094,,1,,gx-no-cache=1742307319481 HTTP/1.1" 200 3904
191.125.128.29 - - [18/Mar/2025:11:13:28 -0300] "POST /cormun/servlet/solicitudotadjuntos?gx-no-cache=1742307322037 HTTP/1.1" 200 26
191.125.128.29 - - [18/Mar/2025:11:13:33 -0300] "GET /cormun/servlet/solicitudotadjuntos?c1117bad13d1f58dcdb5bce55a5de8b7679ad215667ef3b72a1e44ee5a33de94,gx-no-cache=1742307327468 HTTP/1.1" 200 30
191.125.128.29 - - [18/Mar/2025:11:13:33 -0300] "GET /cormun/servlet/solicitudotadjuntos?c1117bad13d1f58dcdb5bce55a5de8b7679ad215667ef3b72a1e44ee5a33de94,gx-no-cache=1742307327520 HTTP/1.1" 200 30
191.125.128.29 - - [18/Mar/2025:11:13:33 -0300] "POST /cormun/servlet/solicitudotadjuntos?41d529d84b8adaefd855070a50181c32,INS,2025,22094,,1, HTTP/1.1" 200 116
191.125.128.29 - - [18/Mar/2025:11:13:33 -0300] "GET /cormun/servlet/hpexe_return? HTTP/1.1" 200 1029
191.125.128.29 - - [18/Mar/2025:11:13:34 -0300] "GET /cormun/servlet/trsolicitudadjuntos?2025,22094, HTTP/1.1" 200 10199
191.125.128.29 - - [18/Mar/2025:11:13:38 -0300] "GET /cormun/servlet/solicitudotadjuntos?INS,2025,22094,,1, HTTP/1.1" 200 5965
191.125.128.29 - - [18/Mar/2025:11:13:38 -0300] "GET /cormun/static/about:blank HTTP/1.1" 404 1011
191.125.128.29 - - [18/Mar/2025:11:13:39 -0300] "GET /cormun/servlet/solicitudotadjuntos?c1117bad13d1f58dcdb5bce55a5de8b7bd96e370b362cba4db65db7658220bf7205667b6c7caf3b6a30a45fc57b9e847,gx-no-cache=1742307332929 HTTP/1.1" 200 30
191.125.128.29 - - [18/Mar/2025:11:13:39 -0300] "POST /cormun/servlet/solicitudotadjuntos?41d529d84b8adaefd855070a50181c32,INS,2025,22094,,1,,gx-no-cache=1742307333000 HTTP/1.1" 200 3904
191.125.128.29 - - [18/Mar/2025:11:13:41 -0300] "POST /cormun/servlet/solicitudotadjuntos?gx-no-cache=1742307335734 HTTP/1.1" 200 26
190.95.15.17 - - [18/Mar/2025:11:13:42 -0300] "POST /cormun/servlet/trsolicitudot?9075d14bb058c07f14e010eaabb1ed6e,gx-no-cache=1742307651780 HTTP/1.1" 200 4640
190.95.15.17 - - [18/Mar/2025:11:13:43 -0300] "POST /cormun/servlet/trsolicitudot?9075d14bb058c07f14e010eaabb1ed6e,gx-no-cache=1742307653387 HTTP/1.1" 200 4640
191.125.128.29 - - [18/Mar/2025:11:13:50 -0300] "GET /cormun/servlet/solicitudotadjuntos?c1117bad13d1f58dcdb5bce55a5de8b7679ad215667ef3b72a1e44ee5a33de94,gx-no-cache=1742307344157 HTTP/1.1" 200 30
191.125.128.29 - - [18/Mar/2025:11:13:50 -0300] "GET /cormun/servlet/solicitudotadjuntos?c1117bad13d1f58dcdb5bce55a5de8b7679ad215667ef3b72a1e44ee5a33de94,gx-no-cache=1742307344313 HTTP/1.1" 200 30
190.95.15.17 - - [18/Mar/2025:11:13:52 -0300] "POST /cormun/servlet/trsolicitudot?9075d14bb058c07f14e010eaabb1ed6e,gx-no-cache=1742307661852 HTTP/1.1" 200 4641
191.125.128.29 - - [18/Mar/2025:11:13:53 -0300] "POST /cormun/servlet/solicitudotadjuntos?41d529d84b8adaefd855070a50181c32,INS,2025,22094,,1, HTTP/1.1" 200 116
191.125.128.29 - - [18/Mar/2025:11:13:53 -0300] "GET /cormun/servlet/hpexe_return? HTTP/1.1" 200 1029
191.125.128.29 - - [18/Mar/2025:11:13:53 -0300] "GET /cormun/servlet/trsolicitudadjuntos?2025,22094, HTTP/1.1" 200 10417
190.95.15.17 - - [18/Mar/2025:11:13:57 -0300] "POST /cormun/servlet/trsolicitudot?9075d14bb058c07f14e010eaabb1ed6e,gx-no-cache=1742307667091 HTTP/1.1" 200 4636
190.95.15.17 - - [18/Mar/2025:11:14:03 -0300] "POST /cormun/servlet/trsolicitudot?9075d14bb058c07f14e010eaabb1ed6e,gx-no-cache=1742307673052 HTTP/1.1" 200 7442
191.125.128.29 - - [18/Mar/2025:11:14:09 -0300] "GET /cormun/servlet/trsolicitudot? HTTP/1.1" 200 20990
91.208.206.203 - - [18/Mar/2025:11:15:20 -0300] "GET /manager/html HTTP/1.1" 401 2474
201.186.226.5 - - [18/Mar/2025:11:15:41 -0300] "POST /cormun/servlet/trsolicitudot?131a543173f3256caae0bb67e932205a,,gx-no-cache=1742307455046 HTTP/1.1" 440 972
201.186.226.5 - - [18/Mar/2025:11:15:43 -0300] "GET /cormun/servlet/trsolicitudot? HTTP/1.1" 200 6322
201.186.226.5 - - [18/Mar/2025:11:15:43 -0300] "GET /cormun/servlet/hlogin HTTP/1.1" 200 1736
191.125.128.29 - - [18/Mar/2025:11:16:10 -0300] "POST /cormun/servlet/trsolicitudot?41d529d84b8adaefd855070a50181c32,,gx-no-cache=1742307484141 HTTP/1.1" 200 107
191.125.128.29 - - [18/Mar/2025:11:16:10 -0300] "GET /cormun/servlet/trsolicitudadjuntos?2025,22092, HTTP/1.1" 200 6026
191.125.128.29 - - [18/Mar/2025:11:16:13 -0300] "GET /cormun/servlet/solicitudotadjuntos?INS,2025,22092,,1, HTTP/1.1" 200 5966
191.125.128.29 - - [18/Mar/2025:11:16:13 -0300] "GET /cormun/static/about:blank HTTP/1.1" 404 1011
191.125.128.29 - - [18/Mar/2025:11:16:14 -0300] "GET /cormun/servlet/solicitudotadjuntos?c1117bad13d1f58dcdb5bce55a5de8b775c69bd2f3da87ffa3a7ceba863b7aea205667b6c7caf3b6a30a45fc57b9e847,gx-no-cache=1742307488000 HTTP/1.1" 200 30
191.125.128.29 - - [18/Mar/2025:11:16:14 -0300] "POST /cormun/servlet/solicitudotadjuntos?41d529d84b8adaefd855070a50181c32,INS,2025,22092,,1,,gx-no-cache=1742307488100 HTTP/1.1" 200 3904
191.125.128.29 - - [18/Mar/2025:11:16:31 -0300] "POST /cormun/servlet/solicitudotadjuntos?gx-no-cache=1742307505396 HTTP/1.1" 200 26
201.186.226.5 - - [18/Mar/2025:11:16:50 -0300] "POST /cormun/servlet/hlogin?ca7c9869fa8f7c74ee6ec2477c9a5fc4,gx-no-cache=1742307523921 HTTP/1.1" 200 90
201.186.226.5 - - [18/Mar/2025:11:16:50 -0300] "GET /cormun/servlet/hpexe_link HTTP/1.1" 200 954
201.186.226.5 - - [18/Mar/2025:11:16:50 -0300] "GET /cormun/servlet/trsolicitudot HTTP/1.1" 200 10144
201.186.226.5 - - [18/Mar/2025:11:16:57 -0300] "POST /cormun/servlet/trsolicitudot?ca7c9869fa8f7c74ee6ec2477c9a5fc4,gx-no-cache=1742307530956 HTTP/1.1" 200 106
201.186.226.5 - - [18/Mar/2025:11:16:57 -0300] "GET /cormun/servlet/trsolicitudadjuntos?2025,22130, HTTP/1.1" 200 9594
201.186.226.5 - - [18/Mar/2025:11:17:04 -0300] "GET /cormun/servlet/solicitudotadjuntos?INS,2025,22130,,1, HTTP/1.1" 200 6054
201.186.226.5 - - [18/Mar/2025:11:17:04 -0300] "GET /cormun/static/about:blank HTTP/1.1" 404 1011
201.186.226.5 - - [18/Mar/2025:11:17:04 -0300] "GET /cormun/servlet/solicitudotadjuntos?5e808f83fbd1bc01759fa32079044871b76dce4e29660cc5cb6f1f0de64123059b5ea42c3d3e83770eba19ba008708bc,gx-no-cache=1742307538382 HTTP/1.1" 200 30
201.186.226.5 - - [18/Mar/2025:11:17:04 -0300] "POST /cormun/servlet/solicitudotadjuntos?ca7c9869fa8f7c74ee6ec2477c9a5fc4,INS,2025,22130,,1,,gx-no-cache=1742307538407 HTTP/1.1" 200 3906
201.186.226.5 - - [18/Mar/2025:11:17:10 -0300] "POST /cormun/servlet/solicitudotadjuntos?gx-no-cache=1742307543690 HTTP/1.1" 200 26
201.186.226.5 - - [18/Mar/2025:11:17:25 -0300] "GET /cormun/servlet/solicitudotadjuntos?5e808f83fbd1bc01759fa320790448714e7177b2a2ecd5f167ca0acab5119bcf,gx-no-cache=1742307559337 HTTP/1.1" 200 30
201.186.226.5 - - [18/Mar/2025:11:17:25 -0300] "GET /cormun/servlet/solicitudotadjuntos?5e808f83fbd1bc01759fa320790448714e7177b2a2ecd5f167ca0acab5119bcf,gx-no-cache=1742307559352 HTTP/1.1" 200 30
201.186.226.5 - - [18/Mar/2025:11:17:26 -0300] "POST /cormun/servlet/solicitudotadjuntos?ca7c9869fa8f7c74ee6ec2477c9a5fc4,INS,2025,22130,,1, HTTP/1.1" 200 116
201.186.226.5 - - [18/Mar/2025:11:17:26 -0300] "GET /cormun/servlet/hpexe_return? HTTP/1.1" 200 1023
201.186.226.5 - - [18/Mar/2025:11:17:26 -0300] "GET /cormun/servlet/trsolicitudadjuntos?2025,22130, HTTP/1.1" 200 9882
201.186.226.5 - - [18/Mar/2025:11:17:29 -0300] "GET /cormun/servlet/solicitudotadjuntos?INS,2025,22130,,1, HTTP/1.1" 200 6054
201.186.226.5 - - [18/Mar/2025:11:17:29 -0300] "GET /cormun/static/about:blank HTTP/1.1" 404 1011
201.186.226.5 - - [18/Mar/2025:11:17:29 -0300] "GET /cormun/servlet/solicitudotadjuntos?5e808f83fbd1bc01759fa32079044871b76dce4e29660cc5cb6f1f0de64123059b5ea42c3d3e83770eba19ba008708bc,gx-no-cache=1742307563236 HTTP/1.1" 200 30
201.186.226.5 - - [18/Mar/2025:11:17:29 -0300] "POST /cormun/servlet/solicitudotadjuntos?ca7c9869fa8f7c74ee6ec2477c9a5fc4,INS,2025,22130,,1,,gx-no-cache=1742307563258 HTTP/1.1" 200 3906
201.186.226.5 - - [18/Mar/2025:11:17:33 -0300] "POST /cormun/servlet/solicitudotadjuntos?gx-no-cache=1742307566681 HTTP/1.1" 200 26
201.186.226.5 - - [18/Mar/2025:11:17:54 -0300] "POST /cormun/servlet/solicitudotadjuntos?gx-no-cache=1742307588209 HTTP/1.1" 200 26
201.186.226.5 - - [18/Mar/2025:11:18:07 -0300] "GET /cormun/servlet/solicitudotadjuntos?5e808f83fbd1bc01759fa320790448714e7177b2a2ecd5f167ca0acab5119bcf,gx-no-cache=1742307601001 HTTP/1.1" 200 30
201.186.226.5 - - [18/Mar/2025:11:18:07 -0300] "GET /cormun/servlet/solicitudotadjuntos?5e808f83fbd1bc01759fa320790448714e7177b2a2ecd5f167ca0acab5119bcf,gx-no-cache=1742307601015 HTTP/1.1" 200 30
201.186.226.5 - - [18/Mar/2025:11:18:07 -0300] "POST /cormun/servlet/solicitudotadjuntos?ca7c9869fa8f7c74ee6ec2477c9a5fc4,INS,2025,22130,,1, HTTP/1.1" 200 116
201.186.226.5 - - [18/Mar/2025:11:18:07 -0300] "GET /cormun/servlet/hpexe_return? HTTP/1.1" 200 1023
201.186.226.5 - - [18/Mar/2025:11:18:07 -0300] "GET /cormun/servlet/trsolicitudadjuntos?2025,22130, HTTP/1.1" 200 10183
91.208.206.203 - - [18/Mar/2025:11:19:31 -0300] "GET /manager/html HTTP/1.1" 401 2474
91.208.206.203 - - [18/Mar/2025:11:23:38 -0300] "GET /manager/html HTTP/1.1" 401 2474
91.208.206.203 - - [18/Mar/2025:11:27:41 -0300] "GET /manager/html HTTP/1.1" 401 2474
91.208.206.203 - - [18/Mar/2025:11:31:45 -0300] "GET /manager/html HTTP/1.1" 401 2474
190.95.15.17 - - [18/Mar/2025:11:33:19 -0300] "POST /cormun/servlet/trsolicitudot?9075d14bb058c07f14e010eaabb1ed6e,gx-no-cache=1742308829084 HTTP/1.1" 200 7420
190.95.15.17 - - [18/Mar/2025:11:33:22 -0300] "GET /cormun/servlet/trautorizarsolicitud? HTTP/1.1" 200 7496
190.95.15.17 - - [18/Mar/2025:11:33:27 -0300] "POST /cormun/servlet/trautorizarsolicitud?9075d14bb058c07f14e010eaabb1ed6e,,gx-no-cache=1742308836619 HTTP/1.1" 200 4561
190.95.15.17 - - [18/Mar/2025:11:33:33 -0300] "GET /cormun/static/menuarrow.gif HTTP/1.1" 404 1015
190.95.15.17 - - [18/Mar/2025:11:33:42 -0300] "POST /cormun/servlet/trautorizarsolicitud?9075d14bb058c07f14e010eaabb1ed6e,,gx-no-cache=1742308851674 HTTP/1.1" 200 7356
201.186.226.3 - - [18/Mar/2025:11:34:36 -0300] "GET /cormun/servlet/hlogin HTTP/1.1" 200 1720
201.186.226.3 - - [18/Mar/2025:11:34:42 -0300] "GET /cormun/servlet/hlogin HTTP/1.1" 200 1730
201.186.226.3 - - [18/Mar/2025:11:34:42 -0300] "GET /cormun/static/Resources/indicator.gif HTTP/1.1" 200 1553
201.186.226.3 - - [18/Mar/2025:11:34:53 -0300] "POST /cormun/servlet/hlogin?ef4cd0cbccc6524bd56a357f91d1b61e,gx-no-cache=1742308606951 HTTP/1.1" 200 90
201.186.226.3 - - [18/Mar/2025:11:34:53 -0300] "GET /cormun/servlet/hpexe_link HTTP/1.1" 200 950
201.186.226.3 - - [18/Mar/2025:11:34:53 -0300] "GET /cormun/servlet/hhome HTTP/1.1" 200 3869
201.186.226.3 - - [18/Mar/2025:11:35:03 -0300] "GET /cormun/servlet/trlicencias? HTTP/1.1" 200 10296
186.40.30.235 - - [18/Mar/2025:11:35:09 -0300] "GET /cormun/servlet/solicitudotadjuntos?c1117bad13d1f58dcdb5bce55a5de8b7679ad215667ef3b72a1e44ee5a33de94,gx-no-cache=1742308623003 HTTP/1.1" 200 30
186.40.30.235 - - [18/Mar/2025:11:35:09 -0300] "GET /cormun/servlet/solicitudotadjuntos?c1117bad13d1f58dcdb5bce55a5de8b7679ad215667ef3b72a1e44ee5a33de94,gx-no-cache=1742308623115 HTTP/1.1" 200 30
186.40.30.235 - - [18/Mar/2025:11:35:09 -0300] "POST /cormun/servlet/solicitudotadjuntos?41d529d84b8adaefd855070a50181c32,INS,2025,22092,,1, HTTP/1.1" 200 116
