201.186.225.187 - - [18/Mar/2025:13:43:31 -0300] "GET /cormun/servlet/hpexe_link HTTP/1.1" 200 949
201.186.225.187 - - [18/Mar/2025:13:43:31 -0300] "GET /cormun/servlet/trlicencias HTTP/1.1" 200 8243
201.186.225.187 - - [18/Mar/2025:13:43:34 -0300] "GET /cormun/servlet/trlicencias? HTTP/1.1" 200 8241
201.186.225.187 - - [18/Mar/2025:13:44:01 -0300] "GET /cormun/servlet/trpermisosgoce? HTTP/1.1" 200 8526
201.186.225.187 - - [18/Mar/2025:13:44:11 -0300] "GET /cormun/servlet/permisogoce?INS,0,,, HTTP/1.1" 200 6829
190.95.15.9 - - [18/Mar/2025:13:44:26 -0300] "POST /cormun/servlet/solicitudot?gx-no-cache=1742316380359 HTTP/1.1" 200 4039
190.95.15.9 - - [18/Mar/2025:13:44:26 -0300] "POST /cormun/servlet/solicitudot?90b529140ea0435acf8e139d53f7925c,INS,0,0,false,,gx-no-cache=1742316380515 HTTP/1.1" 200 12897
190.95.15.9 - - [18/Mar/2025:13:44:29 -0300] "GET /cormun/servlet/solicitudot?8c39b8815fe2c4a75d144ee632f53bbc50292b4e00ca906b50eaacfc91ba98adf66e1413abd326b54694a725090c21c0,gx-no-cache=1742316383500 HTTP/1.1" 200 111
190.95.15.9 - - [18/Mar/2025:13:44:29 -0300] "GET /cormun/static/Shared/jqueryui/images/ui-bg_highlight-soft_100_c6c2c8_1x100.png HTTP/1.1" 404 1117
190.95.15.9 - - [18/Mar/2025:13:44:29 -0300] "GET /cormun/static/Shared/jqueryui/images/ui-icons_82798d_256x240.png HTTP/1.1" 404 1089
190.95.15.9 - - [18/Mar/2025:13:44:29 -0300] "GET /cormun/static/Shared/jqueryui/images/ui-bg_flat_55_994d53_40x100.png HTTP/1.1" 404 1097
190.95.15.9 - - [18/Mar/2025:13:44:29 -0300] "GET /cormun/static/Shared/jqueryui/images/ui-icons_ebccce_256x240.png HTTP/1.1" 404 1089
201.186.225.187 - - [18/Mar/2025:13:44:32 -0300] "GET /cormun/servlet/permisogoce?11ea0e8b41342d7b147dffeaff4a43f0af8ba8aa0cbb5538fec33916edc848939973f8692d7e340730331d6338b58e5a20031f87023f6f1823b1c228f82fd45d,gx-no-cache=1742319908507 HTTP/1.1" 200 92
186.40.30.235 - - [18/Mar/2025:13:44:35 -0300] "POST /cormun/servlet/trsolicitudot?8ee1578b8daa3ee3edbb949ea0d81aea,,gx-no-cache=1742316388873 HTTP/1.1" 200 107
186.40.30.235 - - [18/Mar/2025:13:44:35 -0300] "GET /cormun/servlet/trsolicitudadjuntos?2025,22083, HTTP/1.1" 200 6025
186.40.30.235 - - [18/Mar/2025:13:44:38 -0300] "GET /cormun/servlet/solicitudotadjuntos?INS,2025,22083,,1, HTTP/1.1" 200 5967
186.40.30.235 - - [18/Mar/2025:13:44:38 -0300] "GET /cormun/static/about:blank HTTP/1.1" 404 1011
201.186.225.187 - - [18/Mar/2025:13:44:38 -0300] "GET /cormun/static/menuarrow.gif HTTP/1.1" 404 1015
186.40.30.235 - - [18/Mar/2025:13:44:38 -0300] "GET /cormun/servlet/solicitudotadjuntos?d7a76830f9b8cc91e355c88a725ba91c8d3af200ea9bd35316086b6e7e52f3efe324efa8041bbb323f79fddd3f78c0ac,gx-no-cache=1742316392803 HTTP/1.1" 200 30
186.40.30.235 - - [18/Mar/2025:13:44:38 -0300] "POST /cormun/servlet/solicitudotadjuntos?8ee1578b8daa3ee3edbb949ea0d81aea,INS,2025,22083,,1,,gx-no-cache=1742316392908 HTTP/1.1" 200 3873
186.40.30.235 - - [18/Mar/2025:13:44:40 -0300] "POST /cormun/servlet/solicitudotadjuntos?gx-no-cache=1742316394332 HTTP/1.1" 200 26
201.186.225.187 - - [18/Mar/2025:13:44:53 -0300] "GET /cormun/servlet/permisogoce?11ea0e8b41342d7b147dffeaff4a43f0c177d5c18dfb56dfaa5c87d17ded8dd6e95da600635d04f76433c34fb76de2a5a20e65dd33bb6c8fa52f68d3fb05f0f8,gx-no-cache=1742319929860 HTTP/1.1" 200 47
201.186.225.187 - - [18/Mar/2025:13:44:57 -0300] "POST /cormun/servlet/permisogoce?88ff74f68ef4e54ed7f332487311c511,INS,0,,,,gx-no-cache=1742319932636 HTTP/1.1" 200 93
201.186.225.187 - - [18/Mar/2025:13:44:57 -0300] "GET /cormun/servlet/hpexe_return? HTTP/1.1" 200 1003
201.186.225.187 - - [18/Mar/2025:13:44:57 -0300] "GET /cormun/servlet/trpermisosgoce HTTP/1.1" 200 8803
186.40.30.235 - - [18/Mar/2025:13:44:57 -0300] "GET /cormun/servlet/solicitudotadjuntos?d7a76830f9b8cc91e355c88a725ba91cbe6438df527697cd485865739b7f37ff,gx-no-cache=1742316411235 HTTP/1.1" 200 30
186.40.30.235 - - [18/Mar/2025:13:44:57 -0300] "GET /cormun/servlet/solicitudotadjuntos?d7a76830f9b8cc91e355c88a725ba91cbe6438df527697cd485865739b7f37ff,gx-no-cache=1742316411304 HTTP/1.1" 200 30
186.40.30.235 - - [18/Mar/2025:13:44:57 -0300] "POST /cormun/servlet/solicitudotadjuntos?8ee1578b8daa3ee3edbb949ea0d81aea,INS,2025,22083,,1, HTTP/1.1" 200 116
186.40.30.235 - - [18/Mar/2025:13:44:57 -0300] "GET /cormun/servlet/hpexe_return? HTTP/1.1" 200 1028
186.40.30.235 - - [18/Mar/2025:13:44:57 -0300] "GET /cormun/servlet/trsolicitudadjuntos?2025,22083, HTTP/1.1" 200 9035
201.186.225.187 - - [18/Mar/2025:13:45:06 -0300] "GET /cormun/servlet/apermisogoceprn?12778046,P,20250318134628,PU HTTP/1.1" 200 1660
186.40.30.235 - - [18/Mar/2025:13:45:19 -0300] "GET /cormun/servlet/solicitudotadjuntos?INS,2025,22083,,1, HTTP/1.1" 200 5967
186.40.30.235 - - [18/Mar/2025:13:45:19 -0300] "GET /cormun/static/about:blank HTTP/1.1" 404 1011
186.40.30.235 - - [18/Mar/2025:13:45:20 -0300] "GET /cormun/servlet/solicitudotadjuntos?d7a76830f9b8cc91e355c88a725ba91c8d3af200ea9bd35316086b6e7e52f3efe324efa8041bbb323f79fddd3f78c0ac,gx-no-cache=1742316434037 HTTP/1.1" 200 30
186.40.30.235 - - [18/Mar/2025:13:45:20 -0300] "POST /cormun/servlet/solicitudotadjuntos?8ee1578b8daa3ee3edbb949ea0d81aea,INS,2025,22083,,1,,gx-no-cache=1742316434100 HTTP/1.1" 200 3872
186.40.30.235 - - [18/Mar/2025:13:45:22 -0300] "POST /cormun/servlet/solicitudotadjuntos?gx-no-cache=1742316436030 HTTP/1.1" 200 26
201.186.225.187 - - [18/Mar/2025:13:45:25 -0300] "GET /cormun/servlet/permisogoce?INS,0,,, HTTP/1.1" 200 6829
186.40.30.235 - - [18/Mar/2025:13:45:28 -0300] "GET /cormun/servlet/solicitudotadjuntos?d7a76830f9b8cc91e355c88a725ba91cbe6438df527697cd485865739b7f37ff,gx-no-cache=1742316442460 HTTP/1.1" 200 30
186.40.30.235 - - [18/Mar/2025:13:45:28 -0300] "GET /cormun/servlet/solicitudotadjuntos?d7a76830f9b8cc91e355c88a725ba91cbe6438df527697cd485865739b7f37ff,gx-no-cache=1742316442504 HTTP/1.1" 200 30
186.40.30.235 - - [18/Mar/2025:13:45:29 -0300] "POST /cormun/servlet/solicitudotadjuntos?8ee1578b8daa3ee3edbb949ea0d81aea,INS,2025,22083,,1, HTTP/1.1" 200 116
186.40.30.235 - - [18/Mar/2025:13:45:29 -0300] "GET /cormun/servlet/hpexe_return? HTTP/1.1" 200 1028
186.40.30.235 - - [18/Mar/2025:13:45:29 -0300] "GET /cormun/servlet/trsolicitudadjuntos?2025,22083, HTTP/1.1" 200 9273
186.40.30.235 - - [18/Mar/2025:13:45:31 -0300] "GET /cormun/servlet/solicitudotadjuntos?INS,2025,22083,,1, HTTP/1.1" 200 5967
186.40.30.235 - - [18/Mar/2025:13:45:32 -0300] "GET /cormun/static/about:blank HTTP/1.1" 404 1011
186.40.30.235 - - [18/Mar/2025:13:45:32 -0300] "GET /cormun/servlet/solicitudotadjuntos?d7a76830f9b8cc91e355c88a725ba91c8d3af200ea9bd35316086b6e7e52f3efe324efa8041bbb323f79fddd3f78c0ac,gx-no-cache=1742316446653 HTTP/1.1" 200 30
186.40.30.235 - - [18/Mar/2025:13:45:32 -0300] "POST /cormun/servlet/solicitudotadjuntos?8ee1578b8daa3ee3edbb949ea0d81aea,INS,2025,22083,,1,,gx-no-cache=1742316446711 HTTP/1.1" 200 3872
186.40.30.235 - - [18/Mar/2025:13:45:35 -0300] "POST /cormun/servlet/solicitudotadjuntos?gx-no-cache=1742316449944 HTTP/1.1" 200 26
201.186.225.187 - - [18/Mar/2025:13:45:39 -0300] "GET /cormun/servlet/permisogoce?11ea0e8b41342d7b147dffeaff4a43f066c79f18b65c1548bf8413d732ae91299973f8692d7e340730331d6338b58e5a20031f87023f6f1823b1c228f82fd45d,gx-no-cache=1742319975195 HTTP/1.1" 200 78
186.40.30.235 - - [18/Mar/2025:13:45:45 -0300] "GET /cormun/servlet/solicitudotadjuntos?d7a76830f9b8cc91e355c88a725ba91cbe6438df527697cd485865739b7f37ff,gx-no-cache=1742316459213 HTTP/1.1" 200 30
186.40.30.235 - - [18/Mar/2025:13:45:45 -0300] "GET /cormun/servlet/solicitudotadjuntos?d7a76830f9b8cc91e355c88a725ba91cbe6438df527697cd485865739b7f37ff,gx-no-cache=1742316459322 HTTP/1.1" 200 30
186.40.30.235 - - [18/Mar/2025:13:45:45 -0300] "POST /cormun/servlet/solicitudotadjuntos?8ee1578b8daa3ee3edbb949ea0d81aea,INS,2025,22083,,1, HTTP/1.1" 200 116
186.40.30.235 - - [18/Mar/2025:13:45:45 -0300] "GET /cormun/servlet/hpexe_return? HTTP/1.1" 200 1028
186.40.30.235 - - [18/Mar/2025:13:45:46 -0300] "GET /cormun/servlet/trsolicitudadjuntos?2025,22083, HTTP/1.1" 200 9506
186.40.30.235 - - [18/Mar/2025:13:45:48 -0300] "GET /cormun/servlet/solicitudotadjuntos?INS,2025,22083,,1, HTTP/1.1" 200 5967
186.40.30.235 - - [18/Mar/2025:13:45:48 -0300] "GET /cormun/static/about:blank HTTP/1.1" 404 1011
186.40.30.235 - - [18/Mar/2025:13:45:49 -0300] "GET /cormun/servlet/solicitudotadjuntos?d7a76830f9b8cc91e355c88a725ba91c8d3af200ea9bd35316086b6e7e52f3efe324efa8041bbb323f79fddd3f78c0ac,gx-no-cache=1742316463510 HTTP/1.1" 200 30
186.40.30.235 - - [18/Mar/2025:13:45:50 -0300] "POST /cormun/servlet/solicitudotadjuntos?8ee1578b8daa3ee3edbb949ea0d81aea,INS,2025,22083,,1,,gx-no-cache=1742316464034 HTTP/1.1" 200 3872
190.95.15.9 - - [18/Mar/2025:13:45:50 -0300] "POST /cormun/servlet/solicitudot?gx-no-cache=1742316464241 HTTP/1.1" 200 4046
190.95.15.9 - - [18/Mar/2025:13:45:50 -0300] "POST /cormun/servlet/solicitudot?90b529140ea0435acf8e139d53f7925c,INS,0,0,false,,gx-no-cache=1742316464382 HTTP/1.1" 200 12952
190.95.15.9 - - [18/Mar/2025:13:45:52 -0300] "GET /cormun/servlet/solicitudot?8c39b8815fe2c4a75d144ee632f53bbc403902bc46712924831710ac67951898f66e1413abd326b54694a725090c21c0,gx-no-cache=1742316466515 HTTP/1.1" 200 30
186.40.30.235 - - [18/Mar/2025:13:45:53 -0300] "POST /cormun/servlet/solicitudotadjuntos?gx-no-cache=1742316467574 HTTP/1.1" 200 26
201.186.225.187 - - [18/Mar/2025:13:45:58 -0300] "GET /cormun/servlet/permisogoce?11ea0e8b41342d7b147dffeaff4a43f0c2fd4a8796a8a63199651d0159beb3f6d8b6252fb717352aba27344381a08627a20e65dd33bb6c8fa52f68d3fb05f0f8,gx-no-cache=1742319994947 HTTP/1.1" 200 47
186.40.30.235 - - [18/Mar/2025:13:45:59 -0300] "GET /cormun/servlet/solicitudotadjuntos?d7a76830f9b8cc91e355c88a725ba91cbe6438df527697cd485865739b7f37ff,gx-no-cache=1742316473805 HTTP/1.1" 200 30
186.40.30.235 - - [18/Mar/2025:13:45:59 -0300] "GET /cormun/servlet/solicitudotadjuntos?d7a76830f9b8cc91e355c88a725ba91cbe6438df527697cd485865739b7f37ff,gx-no-cache=1742316473887 HTTP/1.1" 200 30
186.40.30.235 - - [18/Mar/2025:13:46:00 -0300] "POST /cormun/servlet/solicitudotadjuntos?8ee1578b8daa3ee3edbb949ea0d81aea,INS,2025,22083,,1, HTTP/1.1" 200 116
186.40.30.235 - - [18/Mar/2025:13:46:00 -0300] "GET /cormun/servlet/hpexe_return? HTTP/1.1" 200 1028
186.40.30.235 - - [18/Mar/2025:13:46:00 -0300] "GET /cormun/servlet/trsolicitudadjuntos?2025,22083, HTTP/1.1" 200 9789
201.186.225.187 - - [18/Mar/2025:13:46:01 -0300] "POST /cormun/servlet/permisogoce?88ff74f68ef4e54ed7f332487311c511,INS,0,,,,gx-no-cache=1742319997366 HTTP/1.1" 200 93
201.186.225.187 - - [18/Mar/2025:13:46:01 -0300] "GET /cormun/servlet/hpexe_return? HTTP/1.1" 200 1003
201.186.225.187 - - [18/Mar/2025:13:46:01 -0300] "GET /cormun/servlet/trpermisosgoce HTTP/1.1" 200 9029
201.186.225.187 - - [18/Mar/2025:13:46:04 -0300] "GET /cormun/servlet/apermisogoceprn?19203342,P,20250318134741,PU HTTP/1.1" 200 1645
201.186.225.187 - - [18/Mar/2025:13:46:17 -0300] "GET /cormun/servlet/permisogoce?INS,0,,, HTTP/1.1" 200 6828
201.186.225.187 - - [18/Mar/2025:13:46:36 -0300] "GET /cormun/servlet/permisogoce?11ea0e8b41342d7b147dffeaff4a43f05d2014a9a224ff35e4f2b626048c258b9973f8692d7e340730331d6338b58e5a20031f87023f6f1823b1c228f82fd45d,gx-no-cache=1742320032283 HTTP/1.1" 200 77
201.186.225.187 - - [18/Mar/2025:13:46:50 -0300] "GET /cormun/servlet/permisogoce?11ea0e8b41342d7b147dffeaff4a43f03364a684472b47f0588612bbb51aa95ab6e196945b57d6b8a6a4db9d65d4b9e07b8fd20224e965b0b10c79116fa3d5f7,gx-no-cache=1742320047155 HTTP/1.1" 200 47
201.186.225.187 - - [18/Mar/2025:13:46:53 -0300] "POST /cormun/servlet/permisogoce?88ff74f68ef4e54ed7f332487311c511,INS,0,,,,gx-no-cache=1742320049171 HTTP/1.1" 200 93
201.186.225.187 - - [18/Mar/2025:13:46:53 -0300] "GET /cormun/servlet/hpexe_return? HTTP/1.1" 200 1003
201.186.225.187 - - [18/Mar/2025:13:46:53 -0300] "GET /cormun/servlet/trpermisosgoce HTTP/1.1" 200 9236
201.186.225.187 - - [18/Mar/2025:13:46:57 -0300] "GET /cormun/servlet/apermisogoceprn?12211398,P,20250318134833,PU HTTP/1.1" 200 1654
91.208.206.203 - - [18/Mar/2025:13:47:22 -0300] "GET /manager/html HTTP/1.1" 401 2474
190.95.15.9 - - [18/Mar/2025:13:48:05 -0300] "GET /cormun/servlet/solicitudot?8c39b8815fe2c4a75d144ee632f53bbc09a36cdfd713365dcf9a28ef42f7810c11f1a63c005815358391881b6fed2763fb1bacad89957be3e3a7bbf49e2826f4,gx-no-cache=1742316599896 HTTP/1.1" 200 30
190.95.15.9 - - [18/Mar/2025:13:48:05 -0300] "GET /cormun/servlet/solicitudot?8c39b8815fe2c4a75d144ee632f53bbc8f411491bc545147ecf7b3894948dfa7,gx-no-cache=1742316599963 HTTP/1.1" 200 29
190.95.15.9 - - [18/Mar/2025:13:48:18 -0300] "POST /cormun/servlet/solicitudot?gx-no-cache=1742316612795 HTTP/1.1" 200 297
190.95.15.9 - - [18/Mar/2025:13:48:18 -0300] "GET /cormun/servlet/solicitudot?8c39b8815fe2c4a75d144ee632f53bbc838a48ea55ea6f10dc0daee1bae55f188b264c18d71aaa5e93830b62819fcb48a4f704c440ba4c5302b2bd1507e2dfff2ba7f5f9ccb9f91fd64469fc8372b9eeae1e09704d9b28046cfcb480b2e89c4ed602dc6f271a30fbe22cc835f94e30ef3d7498ccf4ad02feb134f2c157883b828259584093bbd44f8168e7022ff2663c0bd21d103bf2f37c65ec37717ebcb40d0bf29136db008c109adf058023ec0e8aeba0197d1be7ac76edd5cd9cb4c4f62ed913ab8c25cbbc6cbcf3c6bdc443c5e2ab278bcb812e68a65d0890255393b23d9ae6a5e5c25d002c9b18cffac575a3420abe23c6cbbb2438d00995479323c6e68ad1c9da8018a26901bce91e8c8fc668eb1a3c15d2e588d0732174480c06421e9bb0610e22ede3b4d11663fe7792814141d309621498cac19eb6a48f516d8a74de0c16e4c7aff52a58626d0c44c7b58aea4b26076d656ea711d1a4f30a799cbdfff71c65beaf16f21a3dffb038c925c4c00777d6661c5007618c48cba142ea979200d2e891154edcd014e30892e0ddf0,gx-no-cache=1742316612835 HTTP/1.1" 200 30
190.95.15.9 - - [18/Mar/2025:13:48:18 -0300] "POST /cormun/servlet/solicitudot?gx-no-cache=1742316612864 HTTP/1.1" 200 30
190.95.15.9 - - [18/Mar/2025:13:48:18 -0300] "POST /cormun/servlet/solicitudot?gx-no-cache=1742316612900 HTTP/1.1" 200 1481
190.95.15.9 - - [18/Mar/2025:13:48:18 -0300] "POST /cormun/servlet/solicitudot?gx-no-cache=1742316612940 HTTP/1.1" 200 38
190.95.15.9 - - [18/Mar/2025:13:48:35 -0300] "GET /cormun/servlet/solicitudot?8c39b8815fe2c4a75d144ee632f53bbcabb9ce5ebe8ff8609952021f32e453966a1dbaaf1392b88b56c5d2230f3d8c985518513e5c3ebac1cdc6d0565e54f61616c2a62e26665ffaaad0ca0a48e6161a8d00971092194e796e30ca1694a657f8008079e90b53c70c36dc9ee5676af2a2,gx-no-cache=1742316629187 HTTP/1.1" 200 110
190.95.15.9 - - [18/Mar/2025:13:48:35 -0300] "POST /cormun/servlet/solicitudot?gx-no-cache=1742316629215 HTTP/1.1" 200 97
190.95.15.9 - - [18/Mar/2025:13:48:35 -0300] "GET /cormun/servlet/solicitudot?8c39b8815fe2c4a75d144ee632f53bbc4a3f56349c92c5700c982dad7836bc3b820e7238478e1029977973635db27f6f81d381afc1f976dbc67c328c9b2a38347dd3175117caf799fdfe4519babc60e693afbd7b499c0d6a4d4bc0bf14ee57cb587d0a92ee3952ab7fe8393d4b38abf4,gx-no-cache=1742316629248 HTTP/1.1" 200 29
190.95.15.9 - - [18/Mar/2025:13:48:35 -0300] "GET /cormun/servlet/solicitudot?8c39b8815fe2c4a75d144ee632f53bbc61d3b58e6fef7e82693c0b2ea1abf4ba,gx-no-cache=1742316629272 HTTP/1.1" 200 30
190.95.15.9 - - [18/Mar/2025:13:48:35 -0300] "POST /cormun/servlet/solicitudot?gx-no-cache=1742316629294 HTTP/1.1" 200 30
190.95.15.9 - - [18/Mar/2025:13:48:35 -0300] "POST /cormun/servlet/solicitudot?90b529140ea0435acf8e139d53f7925c,INS,0,0,false,,gx-no-cache=1742316629320 HTTP/1.1" 200 13355
190.95.15.9 - - [18/Mar/2025:13:48:53 -0300] "GET /cormun/servlet/solicitudot?8c39b8815fe2c4a75d144ee632f53bbc61d3b58e6fef7e82693c0b2ea1abf4ba,gx-no-cache=1742316647700 HTTP/1.1" 200 30
190.95.15.9 - - [18/Mar/2025:13:48:53 -0300] "POST /cormun/servlet/solicitudot?gx-no-cache=1742316647724 HTTP/1.1" 200 30
190.95.15.9 - - [18/Mar/2025:13:48:53 -0300] "POST /cormun/servlet/solicitudot?90b529140ea0435acf8e139d53f7925c,INS,0,0,false,,gx-no-cache=1742316647751 HTTP/1.1" 200 13527
186.40.30.235 - - [18/Mar/2025:13:48:55 -0300] "GET /cormun/servlet/solicitudotadjuntos?INS,2025,22083,,1, HTTP/1.1" 200 5966
186.40.30.235 - - [18/Mar/2025:13:48:55 -0300] "GET /cormun/static/about:blank HTTP/1.1" 404 1011
186.40.30.235 - - [18/Mar/2025:13:48:56 -0300] "GET /cormun/servlet/solicitudotadjuntos?d7a76830f9b8cc91e355c88a725ba91c8d3af200ea9bd35316086b6e7e52f3efe324efa8041bbb323f79fddd3f78c0ac,gx-no-cache=1742316650524 HTTP/1.1" 200 30
186.40.30.235 - - [18/Mar/2025:13:48:56 -0300] "POST /cormun/servlet/solicitudotadjuntos?8ee1578b8daa3ee3edbb949ea0d81aea,INS,2025,22083,,1,,gx-no-cache=1742316650590 HTTP/1.1" 200 3871
190.95.15.9 - - [18/Mar/2025:13:48:58 -0300] "GET /cormun/static/menuarrow.gif HTTP/1.1" 404 1015
186.40.30.235 - - [18/Mar/2025:13:48:59 -0300] "POST /cormun/servlet/solicitudotadjuntos?gx-no-cache=1742316653894 HTTP/1.1" 200 26
190.95.15.9 - - [18/Mar/2025:13:49:03 -0300] "POST /cormun/servlet/solicitudot?gx-no-cache=1742316657564 HTTP/1.1" 200 30
190.95.15.9 - - [18/Mar/2025:13:49:03 -0300] "POST /cormun/servlet/solicitudot?90b529140ea0435acf8e139d53f7925c,INS,0,0,false,,gx-no-cache=1742316657592 HTTP/1.1" 200 13858
186.40.30.235 - - [18/Mar/2025:13:49:09 -0300] "GET /cormun/servlet/solicitudotadjuntos?d7a76830f9b8cc91e355c88a725ba91cbe6438df527697cd485865739b7f37ff,gx-no-cache=1742316663236 HTTP/1.1" 200 30
186.40.30.235 - - [18/Mar/2025:13:49:09 -0300] "GET /cormun/servlet/solicitudotadjuntos?d7a76830f9b8cc91e355c88a725ba91cbe6438df527697cd485865739b7f37ff,gx-no-cache=1742316663288 HTTP/1.1" 200 30
186.40.30.235 - - [18/Mar/2025:13:49:09 -0300] "POST /cormun/servlet/solicitudotadjuntos?8ee1578b8daa3ee3edbb949ea0d81aea,INS,2025,22083,,1, HTTP/1.1" 200 116
186.40.30.235 - - [18/Mar/2025:13:49:09 -0300] "GET /cormun/servlet/hpexe_return? HTTP/1.1" 200 1028
186.40.30.235 - - [18/Mar/2025:13:49:10 -0300] "GET /cormun/servlet/trsolicitudadjuntos?2025,22083, HTTP/1.1" 200 10045
190.95.15.9 - - [18/Mar/2025:13:49:13 -0300] "GET /cormun/servlet/solicitudot?8c39b8815fe2c4a75d144ee632f53bbcf5a1cc8532f1427d78cd62c195c6e2a5a7c40f26bc9bfd5cee96a8dddfdfc667,gx-no-cache=1742316667203 HTTP/1.1" 200 30
190.95.15.9 - - [18/Mar/2025:13:49:13 -0300] "POST /cormun/servlet/solicitudot?gx-no-cache=1742316667225 HTTP/1.1" 200 30
190.95.15.9 - - [18/Mar/2025:13:49:13 -0300] "POST /cormun/servlet/solicitudot?90b529140ea0435acf8e139d53f7925c,INS,0,0,false,,gx-no-cache=1742316667250 HTTP/1.1" 200 93
190.95.15.9 - - [18/Mar/2025:13:49:13 -0300] "GET /cormun/servlet/hpexe_return? HTTP/1.1" 200 1009
190.95.15.9 - - [18/Mar/2025:13:49:14 -0300] "GET /cormun/servlet/trsolicitudot HTTP/1.1" 200 9787
200.126.116.145 - - [18/Mar/2025:13:49:17 -0300] "GET /cormun/servlet/licenciaspermisos?INS,0,,, HTTP/1.1" 200 6784
200.126.116.145 - - [18/Mar/2025:13:49:17 -0300] "GET /cormun/static/gxcfg.js?202012153173 HTTP/1.1" 200 953
200.126.116.145 - - [18/Mar/2025:13:49:17 -0300] "GET /cormun/static/licenciaspermisos.js?2020121532136 HTTP/1.1" 200 38753
200.126.116.145 - - [18/Mar/2025:13:49:17 -0300] "GET /cormun/servlet/hlogin HTTP/1.1" 200 1750
186.40.30.235 - - [18/Mar/2025:13:49:21 -0300] "GET /cormun/servlet/solicitudotadjuntos?INS,2025,22083,,1, HTTP/1.1" 200 5966
186.40.30.235 - - [18/Mar/2025:13:49:21 -0300] "GET /cormun/static/about:blank HTTP/1.1" 404 1011
186.40.30.235 - - [18/Mar/2025:13:49:22 -0300] "GET /cormun/servlet/solicitudotadjuntos?d7a76830f9b8cc91e355c88a725ba91c8d3af200ea9bd35316086b6e7e52f3efe324efa8041bbb323f79fddd3f78c0ac,gx-no-cache=1742316676494 HTTP/1.1" 200 30
186.40.30.235 - - [18/Mar/2025:13:49:22 -0300] "POST /cormun/servlet/solicitudotadjuntos?8ee1578b8daa3ee3edbb949ea0d81aea,INS,2025,22083,,1,,gx-no-cache=1742316676555 HTTP/1.1" 200 3871
186.40.30.235 - - [18/Mar/2025:13:49:24 -0300] "POST /cormun/servlet/solicitudotadjuntos?gx-no-cache=1742316678847 HTTP/1.1" 200 26
200.126.116.145 - - [18/Mar/2025:13:49:29 -0300] "POST /cormun/servlet/hlogin?07c7585cbf858f6869cd97c23a2ef7e9,gx-no-cache=1742316683322 HTTP/1.1" 200 90
200.126.116.145 - - [18/Mar/2025:13:49:29 -0300] "GET /cormun/servlet/hpexe_link HTTP/1.1" 200 971
200.126.116.145 - - [18/Mar/2025:13:49:30 -0300] "GET /cormun/servlet/licenciaspermisos?INS,0,,, HTTP/1.1" 200 7783
186.40.30.235 - - [18/Mar/2025:13:49:31 -0300] "GET /cormun/servlet/solicitudotadjuntos?d7a76830f9b8cc91e355c88a725ba91cbe6438df527697cd485865739b7f37ff,gx-no-cache=1742316685420 HTTP/1.1" 200 30
186.40.30.235 - - [18/Mar/2025:13:49:31 -0300] "GET /cormun/servlet/solicitudotadjuntos?d7a76830f9b8cc91e355c88a725ba91cbe6438df527697cd485865739b7f37ff,gx-no-cache=1742316685482 HTTP/1.1" 200 30
186.40.30.235 - - [18/Mar/2025:13:49:31 -0300] "POST /cormun/servlet/solicitudotadjuntos?8ee1578b8daa3ee3edbb949ea0d81aea,INS,2025,22083,,1, HTTP/1.1" 200 116
186.40.30.235 - - [18/Mar/2025:13:49:32 -0300] "GET /cormun/servlet/hpexe_return? HTTP/1.1" 200 1028
186.40.30.235 - - [18/Mar/2025:13:49:32 -0300] "GET /cormun/servlet/trsolicitudadjuntos?2025,22083, HTTP/1.1" 200 10215
200.126.116.145 - - [18/Mar/2025:13:49:48 -0300] "GET /cormun/servlet/licenciaspermisos?4c87dd45d112a7254a287a316ae4338f88a5e9c48f1f6c08c089fdc8bc1cddc15810bab17f01721d5589eab0c6fe5327cef034ee47ae567be8671eddb6d24cdd,gx-no-cache=1742316702277 HTTP/1.1" 200 106
200.126.116.145 - - [18/Mar/2025:13:49:48 -0300] "POST /cormun/servlet/licenciaspermisos?07c7585cbf858f6869cd97c23a2ef7e9,INS,0,,,,gx-no-cache=1742316702322 HTTP/1.1" 200 4863
186.40.30.235 - - [18/Mar/2025:13:50:15 -0300] "GET /cormun/servlet/trsolicitudot? HTTP/1.1" 200 20987
186.40.30.235 - - [18/Mar/2025:13:50:26 -0300] "POST /cormun/servlet/trsolicitudot?8ee1578b8daa3ee3edbb949ea0d81aea,,gx-no-cache=1742316740198 HTTP/1.1" 200 107
186.40.30.235 - - [18/Mar/2025:13:50:26 -0300] "GET /cormun/servlet/trsolicitudadjuntos?2025,22082, HTTP/1.1" 200 6025
186.40.30.235 - - [18/Mar/2025:13:50:29 -0300] "GET /cormun/servlet/solicitudotadjuntos?INS,2025,22082,,1, HTTP/1.1" 200 5966
186.40.30.235 - - [18/Mar/2025:13:50:29 -0300] "GET /cormun/static/about:blank HTTP/1.1" 404 1011
186.40.30.235 - - [18/Mar/2025:13:50:30 -0300] "GET /cormun/servlet/solicitudotadjuntos?d7a76830f9b8cc91e355c88a725ba91c27f715b8b045c7f2f0faa07acbe9b678b47dfa23cb01dd113e17bbb1f41ed2b5,gx-no-cache=1742316744373 HTTP/1.1" 200 30
186.40.30.235 - - [18/Mar/2025:13:50:30 -0300] "POST /cormun/servlet/solicitudotadjuntos?8ee1578b8daa3ee3edbb949ea0d81aea,INS,2025,22082,,1,,gx-no-cache=1742316744462 HTTP/1.1" 200 3902
186.40.30.235 - - [18/Mar/2025:13:50:31 -0300] "POST /cormun/servlet/solicitudotadjuntos?gx-no-cache=1742316745977 HTTP/1.1" 200 26
186.40.30.235 - - [18/Mar/2025:13:50:55 -0300] "GET /cormun/servlet/solicitudotadjuntos?d7a76830f9b8cc91e355c88a725ba91cbe6438df527697cd485865739b7f37ff,gx-no-cache=1742316769088 HTTP/1.1" 200 30
186.40.30.235 - - [18/Mar/2025:13:50:55 -0300] "GET /cormun/servlet/solicitudotadjuntos?d7a76830f9b8cc91e355c88a725ba91cbe6438df527697cd485865739b7f37ff,gx-no-cache=1742316769196 HTTP/1.1" 200 30
186.40.30.235 - - [18/Mar/2025:13:50:56 -0300] "POST /cormun/servlet/solicitudotadjuntos?8ee1578b8daa3ee3edbb949ea0d81aea,INS,2025,22082,,1, HTTP/1.1" 200 116
186.40.30.235 - - [18/Mar/2025:13:50:56 -0300] "GET /cormun/servlet/hpexe_return? HTTP/1.1" 200 1028
186.40.30.235 - - [18/Mar/2025:13:50:57 -0300] "GET /cormun/servlet/trsolicitudadjuntos?2025,22082, HTTP/1.1" 200 9020
186.40.30.235 - - [18/Mar/2025:13:51:20 -0300] "GET /cormun/servlet/solicitudotadjuntos?INS,2025,22082,,1, HTTP/1.1" 200 5967
186.40.30.235 - - [18/Mar/2025:13:51:20 -0300] "GET /cormun/static/about:blank HTTP/1.1" 404 1011
186.40.30.235 - - [18/Mar/2025:13:51:21 -0300] "GET /cormun/servlet/solicitudotadjuntos?d7a76830f9b8cc91e355c88a725ba91c27f715b8b045c7f2f0faa07acbe9b678b47dfa23cb01dd113e17bbb1f41ed2b5,gx-no-cache=1742316795290 HTTP/1.1" 200 30
186.40.30.235 - - [18/Mar/2025:13:51:21 -0300] "POST /cormun/servlet/solicitudotadjuntos?8ee1578b8daa3ee3edbb949ea0d81aea,INS,2025,22082,,1,,gx-no-cache=1742316795519 HTTP/1.1" 200 3903
186.40.30.235 - - [18/Mar/2025:13:51:23 -0300] "POST /cormun/servlet/solicitudotadjuntos?gx-no-cache=1742316797307 HTTP/1.1" 200 26
186.40.30.235 - - [18/Mar/2025:13:51:36 -0300] "GET /cormun/servlet/solicitudotadjuntos?d7a76830f9b8cc91e355c88a725ba91cbe6438df527697cd485865739b7f37ff,gx-no-cache=1742316810323 HTTP/1.1" 200 30
186.40.30.235 - - [18/Mar/2025:13:51:36 -0300] "GET /cormun/servlet/solicitudotadjuntos?d7a76830f9b8cc91e355c88a725ba91cbe6438df527697cd485865739b7f37ff,gx-no-cache=1742316810372 HTTP/1.1" 200 30
186.40.30.235 - - [18/Mar/2025:13:51:36 -0300] "POST /cormun/servlet/solicitudotadjuntos?8ee1578b8daa3ee3edbb949ea0d81aea,INS,2025,22082,,1, HTTP/1.1" 200 116
186.40.30.235 - - [18/Mar/2025:13:51:36 -0300] "GET /cormun/servlet/hpexe_return? HTTP/1.1" 200 1028
186.40.30.235 - - [18/Mar/2025:13:51:36 -0300] "GET /cormun/servlet/trsolicitudadjuntos?2025,22082, HTTP/1.1" 200 9288
91.208.206.203 - - [18/Mar/2025:13:51:41 -0300] "GET /manager/html HTTP/1.1" 401 2474
186.40.30.235 - - [18/Mar/2025:13:51:49 -0300] "GET /cormun/servlet/solicitudotadjuntos?INS,2025,22082,,1, HTTP/1.1" 200 5967
186.40.30.235 - - [18/Mar/2025:13:51:49 -0300] "GET /cormun/static/about:blank HTTP/1.1" 404 1011
186.40.30.235 - - [18/Mar/2025:13:51:50 -0300] "GET /cormun/servlet/solicitudotadjuntos?d7a76830f9b8cc91e355c88a725ba91c27f715b8b045c7f2f0faa07acbe9b678b47dfa23cb01dd113e17bbb1f41ed2b5,gx-no-cache=1742316824484 HTTP/1.1" 200 30
186.40.30.235 - - [18/Mar/2025:13:51:50 -0300] "POST /cormun/servlet/solicitudotadjuntos?8ee1578b8daa3ee3edbb949ea0d81aea,INS,2025,22082,,1,,gx-no-cache=1742316824542 HTTP/1.1" 200 3903
200.126.116.145 - - [18/Mar/2025:13:52:05 -0300] "GET /cormun/static/menuarrow.gif HTTP/1.1" 404 1015
186.40.30.235 - - [18/Mar/2025:13:52:38 -0300] "POST /cormun/servlet/solicitudotadjuntos?gx-no-cache=1742316872805 HTTP/1.1" 200 26
186.40.30.235 - - [18/Mar/2025:13:52:45 -0300] "GET /cormun/servlet/solicitudotadjuntos?d7a76830f9b8cc91e355c88a725ba91cbe6438df527697cd485865739b7f37ff,gx-no-cache=1742316879612 HTTP/1.1" 200 30
186.40.30.235 - - [18/Mar/2025:13:52:45 -0300] "GET /cormun/servlet/solicitudotadjuntos?d7a76830f9b8cc91e355c88a725ba91cbe6438df527697cd485865739b7f37ff,gx-no-cache=1742316879693 HTTP/1.1" 200 30
186.40.30.235 - - [18/Mar/2025:13:52:45 -0300] "POST /cormun/servlet/solicitudotadjuntos?8ee1578b8daa3ee3edbb949ea0d81aea,INS,2025,22082,,1, HTTP/1.1" 200 116
186.40.30.235 - - [18/Mar/2025:13:52:46 -0300] "GET /cormun/servlet/hpexe_return? HTTP/1.1" 200 1028
186.40.30.235 - - [18/Mar/2025:13:52:46 -0300] "GET /cormun/servlet/trsolicitudadjuntos?2025,22082, HTTP/1.1" 200 9497
186.40.30.235 - - [18/Mar/2025:13:52:52 -0300] "GET /cormun/servlet/solicitudotadjuntos?INS,2025,22082,,1, HTTP/1.1" 200 5967
186.40.30.235 - - [18/Mar/2025:13:52:53 -0300] "GET /cormun/static/about:blank HTTP/1.1" 404 1011
186.40.30.235 - - [18/Mar/2025:13:52:53 -0300] "GET /cormun/servlet/solicitudotadjuntos?d7a76830f9b8cc91e355c88a725ba91c27f715b8b045c7f2f0faa07acbe9b678b47dfa23cb01dd113e17bbb1f41ed2b5,gx-no-cache=1742316887667 HTTP/1.1" 200 30
186.40.30.235 - - [18/Mar/2025:13:52:53 -0300] "POST /cormun/servlet/solicitudotadjuntos?8ee1578b8daa3ee3edbb949ea0d81aea,INS,2025,22082,,1,,gx-no-cache=1742316887740 HTTP/1.1" 200 3902
186.40.30.235 - - [18/Mar/2025:13:52:57 -0300] "POST /cormun/servlet/solicitudotadjuntos?gx-no-cache=1742316891054 HTTP/1.1" 200 26
186.40.30.235 - - [18/Mar/2025:13:53:10 -0300] "GET /cormun/servlet/solicitudotadjuntos?d7a76830f9b8cc91e355c88a725ba91cbe6438df527697cd485865739b7f37ff,gx-no-cache=1742316904429 HTTP/1.1" 200 30
186.40.30.235 - - [18/Mar/2025:13:53:10 -0300] "GET /cormun/servlet/solicitudotadjuntos?d7a76830f9b8cc91e355c88a725ba91cbe6438df527697cd485865739b7f37ff,gx-no-cache=1742316904479 HTTP/1.1" 200 30
186.40.30.235 - - [18/Mar/2025:13:53:10 -0300] "POST /cormun/servlet/solicitudotadjuntos?8ee1578b8daa3ee3edbb949ea0d81aea,INS,2025,22082,,1, HTTP/1.1" 200 116
186.40.30.235 - - [18/Mar/2025:13:53:10 -0300] "GET /cormun/servlet/hpexe_return? HTTP/1.1" 200 1028
186.40.30.235 - - [18/Mar/2025:13:53:10 -0300] "GET /cormun/servlet/trsolicitudadjuntos?2025,22082, HTTP/1.1" 200 9795
190.95.15.27 - - [18/Mar/2025:13:53:24 -0300] "GET /cormun/servlet/trautorizarpermisogoce? HTTP/1.1" 200 5933
190.95.15.27 - - [18/Mar/2025:13:53:24 -0300] "GET /cormun/servlet/hlogin HTTP/1.1" 200 1742
186.40.30.235 - - [18/Mar/2025:13:53:25 -0300] "GET /cormun/servlet/solicitudotadjuntos?INS,2025,22082,,1, HTTP/1.1" 200 5967
186.40.30.235 - - [18/Mar/2025:13:53:25 -0300] "GET /cormun/static/about:blank HTTP/1.1" 404 1011
186.40.30.235 - - [18/Mar/2025:13:53:25 -0300] "GET /cormun/servlet/solicitudotadjuntos?d7a76830f9b8cc91e355c88a725ba91c27f715b8b045c7f2f0faa07acbe9b678b47dfa23cb01dd113e17bbb1f41ed2b5,gx-no-cache=1742316919905 HTTP/1.1" 200 30
186.40.30.235 - - [18/Mar/2025:13:53:26 -0300] "POST /cormun/servlet/solicitudotadjuntos?8ee1578b8daa3ee3edbb949ea0d81aea,INS,2025,22082,,1,,gx-no-cache=1742316919962 HTTP/1.1" 200 3902
186.40.30.235 - - [18/Mar/2025:13:53:28 -0300] "POST /cormun/servlet/solicitudotadjuntos?gx-no-cache=1742316922783 HTTP/1.1" 200 26
186.40.30.235 - - [18/Mar/2025:13:53:34 -0300] "GET /cormun/servlet/solicitudotadjuntos?d7a76830f9b8cc91e355c88a725ba91cbe6438df527697cd485865739b7f37ff,gx-no-cache=1742316928190 HTTP/1.1" 200 30
186.40.30.235 - - [18/Mar/2025:13:53:34 -0300] "GET /cormun/servlet/solicitudotadjuntos?d7a76830f9b8cc91e355c88a725ba91cbe6438df527697cd485865739b7f37ff,gx-no-cache=1742316928241 HTTP/1.1" 200 30
186.40.30.235 - - [18/Mar/2025:13:53:34 -0300] "POST /cormun/servlet/solicitudotadjuntos?8ee1578b8daa3ee3edbb949ea0d81aea,INS,2025,22082,,1, HTTP/1.1" 200 116
186.40.30.235 - - [18/Mar/2025:13:53:34 -0300] "GET /cormun/servlet/hpexe_return? HTTP/1.1" 200 1028
186.40.30.235 - - [18/Mar/2025:13:53:34 -0300] "GET /cormun/servlet/trsolicitudadjuntos?2025,22082, HTTP/1.1" 200 10072
186.40.30.235 - - [18/Mar/2025:13:53:37 -0300] "GET /cormun/servlet/solicitudotadjuntos?INS,2025,22082,,1, HTTP/1.1" 200 5967
186.40.30.235 - - [18/Mar/2025:13:53:37 -0300] "GET /cormun/static/about:blank HTTP/1.1" 404 1011
186.40.30.235 - - [18/Mar/2025:13:53:38 -0300] "GET /cormun/servlet/solicitudotadjuntos?d7a76830f9b8cc91e355c88a725ba91c27f715b8b045c7f2f0faa07acbe9b678b47dfa23cb01dd113e17bbb1f41ed2b5,gx-no-cache=1742316932415 HTTP/1.1" 200 30
186.40.30.235 - - [18/Mar/2025:13:53:38 -0300] "POST /cormun/servlet/solicitudotadjuntos?8ee1578b8daa3ee3edbb949ea0d81aea,INS,2025,22082,,1,,gx-no-cache=1742316932481 HTTP/1.1" 200 3902
186.40.30.235 - - [18/Mar/2025:13:53:41 -0300] "POST /cormun/servlet/solicitudotadjuntos?gx-no-cache=1742316935239 HTTP/1.1" 200 26
190.95.15.27 - - [18/Mar/2025:13:53:45 -0300] "POST /cormun/servlet/hlogin?d4b4aa6a5d0667eda208673106926e0c,gx-no-cache=1742316938878 HTTP/1.1" 200 90
190.95.15.27 - - [18/Mar/2025:13:53:45 -0300] "GET /cormun/servlet/hpexe_link HTTP/1.1" 200 947
190.95.15.27 - - [18/Mar/2025:13:53:45 -0300] "GET /cormun/servlet/hhome HTTP/1.1" 200 3902
186.40.30.235 - - [18/Mar/2025:13:53:50 -0300] "GET /cormun/servlet/solicitudotadjuntos?d7a76830f9b8cc91e355c88a725ba91cbe6438df527697cd485865739b7f37ff,gx-no-cache=1742316944750 HTTP/1.1" 200 30
186.40.30.235 - - [18/Mar/2025:13:53:50 -0300] "GET /cormun/servlet/solicitudotadjuntos?d7a76830f9b8cc91e355c88a725ba91cbe6438df527697cd485865739b7f37ff,gx-no-cache=1742316944804 HTTP/1.1" 200 30
186.40.30.235 - - [18/Mar/2025:13:53:51 -0300] "POST /cormun/servlet/solicitudotadjuntos?8ee1578b8daa3ee3edbb949ea0d81aea,INS,2025,22082,,1, HTTP/1.1" 200 116
186.40.30.235 - - [18/Mar/2025:13:53:51 -0300] "GET /cormun/servlet/hpexe_return? HTTP/1.1" 200 1028
186.40.30.235 - - [18/Mar/2025:13:53:51 -0300] "GET /cormun/servlet/trsolicitudadjuntos?2025,22082, HTTP/1.1" 200 10267
190.95.15.27 - - [18/Mar/2025:13:53:52 -0300] "GET /cormun/servlet/trpermisosgoce? HTTP/1.1" 200 7677
200.126.116.145 - - [18/Mar/2025:13:53:59 -0300] "GET /cormun/servlet/licenciaspermisos?4c87dd45d112a7254a287a316ae4338f4cc7462cb038a0fbebdb95afc23cc5fd74ab31abd9f783ea4eab048b5392c78142661079b6e7a343a596724808762061761e6c96eadc28fbd94088f6ef8acdf948fcdf93ae4910ce0321ea9761c495ab0126cc433e97d785215c79a1828874214cd75cae977f494d78d67ebf618f95a5d4252ed5c5e36ea63cd9f44afc9a46f031224dd848d10e4cffd3250411310689f96a304477164cc3fd233fd0e78faf19e58f3b5483dfc90113780a2801a689c53f94fd3bba0b04a3191e8e814a50f1b0a55f6cb2413b8f5fa43025e57324ed4a,gx-no-cache=1742316952995 HTTP/1.1" 200 30
200.126.116.145 - - [18/Mar/2025:13:53:59 -0300] "POST /cormun/servlet/licenciaspermisos?07c7585cbf858f6869cd97c23a2ef7e9,INS,0,,,,gx-no-cache=1742316953054 HTTP/1.1" 200 4946
190.95.15.27 - - [18/Mar/2025:13:54:01 -0300] "GET /cormun/servlet/trpermisosadjuntos?17504371,20250318110425,P, HTTP/1.1" 200 6747
190.95.15.27 - - [18/Mar/2025:13:54:06 -0300] "GET /cormun/PublicTempStorage/permiso_administrativo_genesis_cueto_cumplea%F1os3832636.pdf HTTP/1.1" 200 221574
186.40.30.235 - - [18/Mar/2025:13:54:07 -0300] "GET /cormun/servlet/trsolicitudot? HTTP/1.1" 200 20987
200.126.116.145 - - [18/Mar/2025:13:54:12 -0300] "GET /cormun/servlet/licenciaspermisos?4c87dd45d112a7254a287a316ae4338f3b9d8805ade7546ba2f122f00e3981f66d1d8820b827e951464bd271b71126241666be1e7eeb59003d54ac945824d3d0ac74ed775af345664765366f2fdf9aeb56ea21968bb2b678c2978dae1998ac9ac714efc641bf1cbd5eacefab269260949b70f7506ee04a19add801257e792efbaaf94d9588ec548ea66657d761b8971fea58c2a8d9aa2a2f81a06474dfef9e3a075814735c038ff712deada403eb776bed582c02e6ee18b5c747c836b5b5dbfd00aec72b04368afbd415ecbc0628f6fc9db39bb837fa99c5b45991ed9b931b6f29084d2dba0d6494aeee4edcc1d1084f,gx-no-cache=1742316966027 HTTP/1.1" 200 63
190.95.15.27 - - [18/Mar/2025:13:54:13 -0300] "GET /cormun/servlet/trpermisosadjuntos?17504371,20250318110425,P, HTTP/1.1" 200 6747
186.40.30.235 - - [18/Mar/2025:13:54:13 -0300] "POST /cormun/servlet/trsolicitudot?8ee1578b8daa3ee3edbb949ea0d81aea,,gx-no-cache=1742316967489 HTTP/1.1" 200 107
186.40.30.235 - - [18/Mar/2025:13:54:13 -0300] "GET /cormun/servlet/trsolicitudadjuntos?2025,22081, HTTP/1.1" 200 6026
200.126.116.145 - - [18/Mar/2025:13:54:14 -0300] "POST /cormun/servlet/licenciaspermisos?07c7585cbf858f6869cd97c23a2ef7e9,INS,0,,,,gx-no-cache=1742316967634 HTTP/1.1" 200 93
200.126.116.145 - - [18/Mar/2025:13:54:14 -0300] "GET /cormun/servlet/hpexe_return? HTTP/1.1" 200 1014
200.126.116.145 - - [18/Mar/2025:13:54:14 -0300] "GET /cormun/static/hpexe_return.js?20221129846037 HTTP/1.1" 200 1633
200.126.116.145 - - [18/Mar/2025:13:54:14 -0300] "GET /cormun/static/gxcfg.js?20221129846035 HTTP/1.1" 200 953
200.126.116.145 - - [18/Mar/2025:13:54:15 -0300] "GET /cormun/servlet/hhome HTTP/1.1" 200 4332
186.40.30.235 - - [18/Mar/2025:13:54:15 -0300] "GET /cormun/servlet/solicitudotadjuntos?INS,2025,22081,,1, HTTP/1.1" 200 5966
186.40.30.235 - - [18/Mar/2025:13:54:16 -0300] "GET /cormun/static/about:blank HTTP/1.1" 404 1011
186.40.30.235 - - [18/Mar/2025:13:54:16 -0300] "GET /cormun/servlet/solicitudotadjuntos?d7a76830f9b8cc91e355c88a725ba91c02b9e0c4f2d8a15f9ed02473e8cfbf06b47dfa23cb01dd113e17bbb1f41ed2b5,gx-no-cache=1742316970784 HTTP/1.1" 200 30
186.40.30.235 - - [18/Mar/2025:13:54:16 -0300] "POST /cormun/servlet/solicitudotadjuntos?8ee1578b8daa3ee3edbb949ea0d81aea,INS,2025,22081,,1,,gx-no-cache=1742316970855 HTTP/1.1" 200 3903
186.40.30.235 - - [18/Mar/2025:13:54:19 -0300] "POST /cormun/servlet/solicitudotadjuntos?gx-no-cache=1742316973032 HTTP/1.1" 200 26
200.126.116.145 - - [18/Mar/2025:13:54:20 -0300] "GET /cormun/servlet/trlicencias? HTTP/1.1" 200 13853
200.126.116.145 - - [18/Mar/2025:13:54:20 -0300] "GET /cormun//static/Resources/PXToolsGridDelete.png HTTP/1.1" 200 538
200.126.116.145 - - [18/Mar/2025:13:54:20 -0300] "GET /cormun//static/Resources/PXToolsGridUpdate.png HTTP/1.1" 200 470
200.126.116.145 - - [18/Mar/2025:13:54:24 -0300] "GET /cormun/servlet/alicenciaprn?17212068,L,20250318000000,PU HTTP/1.1" 200 1605
200.126.116.145 - - [18/Mar/2025:13:54:32 -0300] "GET /cormun/servlet/trlicenciaspermisosadjuntos?17212068,20250318000000,L, HTTP/1.1" 200 6689
200.126.116.145 - - [18/Mar/2025:13:54:32 -0300] "GET /cormun/static/gxui/gxui-all.css?110300 HTTP/1.1" 200 2179
200.126.116.145 - - [18/Mar/2025:13:54:32 -0300] "GET /cormun/static/calendar-system.css?75620 HTTP/1.1" 200 5572
200.126.116.145 - - [18/Mar/2025:13:54:32 -0300] "GET /cormun/static/gxcfg.js?201991422445549 HTTP/1.1" 200 953
200.126.116.145 - - [18/Mar/2025:13:54:32 -0300] "GET /cormun/static/trlicenciaspermisosadjuntos.js?20199142244593 HTTP/1.1" 200 21036
200.126.116.145 - - [18/Mar/2025:13:54:32 -0300] "GET /cormun/static/Resources/Spanish/PXTools.css?2294816 HTTP/1.1" 200 100853
200.126.116.145 - - [18/Mar/2025:13:54:32 -0300] "GET /cormun/static/Shared/ext/resources/css/ext-all.css?205870 HTTP/1.1" 200 416045
186.40.30.235 - - [18/Mar/2025:13:54:38 -0300] "GET /cormun/servlet/solicitudotadjuntos?d7a76830f9b8cc91e355c88a725ba91cbe6438df527697cd485865739b7f37ff,gx-no-cache=1742316993000 HTTP/1.1" 200 30
186.40.30.235 - - [18/Mar/2025:13:54:39 -0300] "GET /cormun/servlet/solicitudotadjuntos?d7a76830f9b8cc91e355c88a725ba91cbe6438df527697cd485865739b7f37ff,gx-no-cache=1742316993062 HTTP/1.1" 200 30
186.40.30.235 - - [18/Mar/2025:13:54:39 -0300] "POST /cormun/servlet/solicitudotadjuntos?8ee1578b8daa3ee3edbb949ea0d81aea,INS,2025,22081,,1, HTTP/1.1" 200 116
186.40.30.235 - - [18/Mar/2025:13:54:39 -0300] "GET /cormun/servlet/hpexe_return? HTTP/1.1" 200 1028
186.40.30.235 - - [18/Mar/2025:13:54:39 -0300] "GET /cormun/servlet/trsolicitudadjuntos?2025,22081, HTTP/1.1" 200 9024
186.40.30.235 - - [18/Mar/2025:13:54:43 -0300] "GET /cormun/servlet/solicitudotadjuntos?INS,2025,22081,,1, HTTP/1.1" 200 5966
186.40.30.235 - - [18/Mar/2025:13:54:43 -0300] "GET /cormun/static/about:blank HTTP/1.1" 404 1011
186.40.30.235 - - [18/Mar/2025:13:54:44 -0300] "GET /cormun/servlet/solicitudotadjuntos?d7a76830f9b8cc91e355c88a725ba91c02b9e0c4f2d8a15f9ed02473e8cfbf06b47dfa23cb01dd113e17bbb1f41ed2b5,gx-no-cache=1742316998058 HTTP/1.1" 200 30
186.40.30.235 - - [18/Mar/2025:13:54:44 -0300] "POST /cormun/servlet/solicitudotadjuntos?8ee1578b8daa3ee3edbb949ea0d81aea,INS,2025,22081,,1,,gx-no-cache=1742316998201 HTTP/1.1" 200 3903
186.40.30.235 - - [18/Mar/2025:13:54:46 -0300] "POST /cormun/servlet/solicitudotadjuntos?gx-no-cache=1742317000244 HTTP/1.1" 200 26
186.40.30.235 - - [18/Mar/2025:13:54:52 -0300] "POST /cormun/servlet/solicitudotadjuntos?8ee1578b8daa3ee3edbb949ea0d81aea,INS,2025,22081,,1, HTTP/1.1" 200 116
186.40.30.235 - - [18/Mar/2025:13:54:52 -0300] "GET /cormun/servlet/hpexe_return? HTTP/1.1" 200 1028
186.40.30.235 - - [18/Mar/2025:13:54:52 -0300] "GET /cormun/servlet/trsolicitudadjuntos?2025,22081, HTTP/1.1" 200 9025
186.40.30.235 - - [18/Mar/2025:13:54:55 -0300] "GET /cormun/servlet/solicitudotadjuntos?INS,2025,22081,,1, HTTP/1.1" 200 5966
186.40.30.235 - - [18/Mar/2025:13:54:55 -0300] "GET /cormun/static/about:blank HTTP/1.1" 404 1011
186.40.30.235 - - [18/Mar/2025:13:54:55 -0300] "GET /cormun/servlet/solicitudotadjuntos?d7a76830f9b8cc91e355c88a725ba91c02b9e0c4f2d8a15f9ed02473e8cfbf06b47dfa23cb01dd113e17bbb1f41ed2b5,gx-no-cache=1742317009915 HTTP/1.1" 200 30
186.40.30.235 - - [18/Mar/2025:13:54:56 -0300] "POST /cormun/servlet/solicitudotadjuntos?8ee1578b8daa3ee3edbb949ea0d81aea,INS,2025,22081,,1,,gx-no-cache=1742317009996 HTTP/1.1" 200 3903
186.40.30.235 - - [18/Mar/2025:13:54:58 -0300] "POST /cormun/servlet/solicitudotadjuntos?gx-no-cache=1742317012163 HTTP/1.1" 200 26
186.40.30.235 - - [18/Mar/2025:13:55:04 -0300] "GET /cormun/servlet/solicitudotadjuntos?d7a76830f9b8cc91e355c88a725ba91cbe6438df527697cd485865739b7f37ff,gx-no-cache=1742317018770 HTTP/1.1" 200 30
186.40.30.235 - - [18/Mar/2025:13:55:04 -0300] "GET /cormun/servlet/solicitudotadjuntos?d7a76830f9b8cc91e355c88a725ba91cbe6438df527697cd485865739b7f37ff,gx-no-cache=1742317018823 HTTP/1.1" 200 30
186.40.30.235 - - [18/Mar/2025:13:55:05 -0300] "POST /cormun/servlet/solicitudotadjuntos?8ee1578b8daa3ee3edbb949ea0d81aea,INS,2025,22081,,1, HTTP/1.1" 200 116
186.40.30.235 - - [18/Mar/2025:13:55:05 -0300] "GET /cormun/servlet/hpexe_return? HTTP/1.1" 200 1028
186.40.30.235 - - [18/Mar/2025:13:55:05 -0300] "GET /cormun/servlet/trsolicitudadjuntos?2025,22081, HTTP/1.1" 200 9275
186.40.30.235 - - [18/Mar/2025:13:55:09 -0300] "GET /cormun/servlet/solicitudotadjuntos?INS,2025,22081,,1, HTTP/1.1" 200 5966
186.40.30.235 - - [18/Mar/2025:13:55:09 -0300] "GET /cormun/static/about:blank HTTP/1.1" 404 1011
186.40.30.235 - - [18/Mar/2025:13:55:10 -0300] "GET /cormun/servlet/solicitudotadjuntos?d7a76830f9b8cc91e355c88a725ba91c02b9e0c4f2d8a15f9ed02473e8cfbf06b47dfa23cb01dd113e17bbb1f41ed2b5,gx-no-cache=1742317024326 HTTP/1.1" 200 30
186.40.30.235 - - [18/Mar/2025:13:55:10 -0300] "POST /cormun/servlet/solicitudotadjuntos?8ee1578b8daa3ee3edbb949ea0d81aea,INS,2025,22081,,1,,gx-no-cache=1742317024390 HTTP/1.1" 200 3903
186.40.30.235 - - [18/Mar/2025:13:55:12 -0300] "POST /cormun/servlet/solicitudotadjuntos?gx-no-cache=1742317026555 HTTP/1.1" 200 26
186.40.30.235 - - [18/Mar/2025:13:55:20 -0300] "GET /cormun/servlet/solicitudotadjuntos?d7a76830f9b8cc91e355c88a725ba91cbe6438df527697cd485865739b7f37ff,gx-no-cache=1742317034819 HTTP/1.1" 200 30
186.40.30.235 - - [18/Mar/2025:13:55:20 -0300] "GET /cormun/servlet/solicitudotadjuntos?d7a76830f9b8cc91e355c88a725ba91cbe6438df527697cd485865739b7f37ff,gx-no-cache=1742317034891 HTTP/1.1" 200 30
186.40.30.235 - - [18/Mar/2025:13:55:21 -0300] "POST /cormun/servlet/solicitudotadjuntos?8ee1578b8daa3ee3edbb949ea0d81aea,INS,2025,22081,,1, HTTP/1.1" 200 116
186.40.30.235 - - [18/Mar/2025:13:55:21 -0300] "GET /cormun/servlet/hpexe_return? HTTP/1.1" 200 1028
186.40.30.235 - - [18/Mar/2025:13:55:21 -0300] "GET /cormun/servlet/trsolicitudadjuntos?2025,22081, HTTP/1.1" 200 9504
186.40.30.235 - - [18/Mar/2025:13:55:34 -0300] "GET /cormun/servlet/solicitudotadjuntos?INS,2025,22081,,1, HTTP/1.1" 200 5966
186.40.30.235 - - [18/Mar/2025:13:55:34 -0300] "GET /cormun/static/about:blank HTTP/1.1" 404 1011
186.40.30.235 - - [18/Mar/2025:13:55:35 -0300] "GET /cormun/servlet/solicitudotadjuntos?d7a76830f9b8cc91e355c88a725ba91c02b9e0c4f2d8a15f9ed02473e8cfbf06b47dfa23cb01dd113e17bbb1f41ed2b5,gx-no-cache=1742317049044 HTTP/1.1" 200 30
186.40.30.235 - - [18/Mar/2025:13:55:35 -0300] "POST /cormun/servlet/solicitudotadjuntos?8ee1578b8daa3ee3edbb949ea0d81aea,INS,2025,22081,,1,,gx-no-cache=1742317049095 HTTP/1.1" 200 3903
186.40.30.235 - - [18/Mar/2025:13:55:38 -0300] "POST /cormun/servlet/solicitudotadjuntos?gx-no-cache=1742317052820 HTTP/1.1" 200 26
186.40.30.235 - - [18/Mar/2025:13:55:44 -0300] "GET /cormun/servlet/solicitudotadjuntos?d7a76830f9b8cc91e355c88a725ba91cbe6438df527697cd485865739b7f37ff,gx-no-cache=1742317058691 HTTP/1.1" 200 30
186.40.30.235 - - [18/Mar/2025:13:55:44 -0300] "GET /cormun/servlet/solicitudotadjuntos?d7a76830f9b8cc91e355c88a725ba91cbe6438df527697cd485865739b7f37ff,gx-no-cache=1742317058748 HTTP/1.1" 200 30
186.40.30.235 - - [18/Mar/2025:13:55:44 -0300] "POST /cormun/servlet/solicitudotadjuntos?8ee1578b8daa3ee3edbb949ea0d81aea,INS,2025,22081,,1, HTTP/1.1" 200 116
186.40.30.235 - - [18/Mar/2025:13:55:45 -0300] "GET /cormun/servlet/hpexe_return? HTTP/1.1" 200 1028
186.40.30.235 - - [18/Mar/2025:13:55:45 -0300] "GET /cormun/servlet/trsolicitudadjuntos?2025,22081, HTTP/1.1" 200 9808
186.40.30.235 - - [18/Mar/2025:13:55:53 -0300] "GET /cormun/servlet/solicitudotadjuntos?INS,2025,22081,,1, HTTP/1.1" 200 5966
186.40.30.235 - - [18/Mar/2025:13:55:53 -0300] "GET /cormun/static/about:blank HTTP/1.1" 404 1011
186.40.30.235 - - [18/Mar/2025:13:55:54 -0300] "GET /cormun/servlet/solicitudotadjuntos?d7a76830f9b8cc91e355c88a725ba91c02b9e0c4f2d8a15f9ed02473e8cfbf06b47dfa23cb01dd113e17bbb1f41ed2b5,gx-no-cache=1742317068404 HTTP/1.1" 200 30
186.40.30.235 - - [18/Mar/2025:13:55:54 -0300] "POST /cormun/servlet/solicitudotadjuntos?8ee1578b8daa3ee3edbb949ea0d81aea,INS,2025,22081,,1,,gx-no-cache=1742317068490 HTTP/1.1" 200 3903
186.40.30.235 - - [18/Mar/2025:13:55:57 -0300] "POST /cormun/servlet/solicitudotadjuntos?gx-no-cache=1742317071286 HTTP/1.1" 200 26
91.208.206.203 - - [18/Mar/2025:13:56:04 -0300] "GET /manager/html HTTP/1.1" 401 2474
186.40.30.235 - - [18/Mar/2025:13:56:11 -0300] "GET /cormun/servlet/solicitudotadjuntos?d7a76830f9b8cc91e355c88a725ba91cbe6438df527697cd485865739b7f37ff,gx-no-cache=1742317085083 HTTP/1.1" 200 30
186.40.30.235 - - [18/Mar/2025:13:56:11 -0300] "GET /cormun/servlet/solicitudotadjuntos?d7a76830f9b8cc91e355c88a725ba91cbe6438df527697cd485865739b7f37ff,gx-no-cache=1742317085165 HTTP/1.1" 200 30
186.40.30.235 - - [18/Mar/2025:13:56:12 -0300] "POST /cormun/servlet/solicitudotadjuntos?8ee1578b8daa3ee3edbb949ea0d81aea,INS,2025,22081,,1, HTTP/1.1" 200 116
186.40.30.235 - - [18/Mar/2025:13:56:12 -0300] "GET /cormun/servlet/hpexe_return? HTTP/1.1" 200 1028
186.40.30.235 - - [18/Mar/2025:13:56:12 -0300] "GET /cormun/servlet/trsolicitudadjuntos?2025,22081, HTTP/1.1" 200 10073
186.40.30.235 - - [18/Mar/2025:13:56:15 -0300] "GET /cormun/servlet/solicitudotadjuntos?INS,2025,22081,,1, HTTP/1.1" 200 5966
186.40.30.235 - - [18/Mar/2025:13:56:15 -0300] "GET /cormun/static/about:blank HTTP/1.1" 404 1011
186.40.30.235 - - [18/Mar/2025:13:56:15 -0300] "GET /cormun/servlet/solicitudotadjuntos?d7a76830f9b8cc91e355c88a725ba91c02b9e0c4f2d8a15f9ed02473e8cfbf06b47dfa23cb01dd113e17bbb1f41ed2b5,gx-no-cache=1742317089957 HTTP/1.1" 200 30
186.40.30.235 - - [18/Mar/2025:13:56:16 -0300] "POST /cormun/servlet/solicitudotadjuntos?8ee1578b8daa3ee3edbb949ea0d81aea,INS,2025,22081,,1,,gx-no-cache=1742317090076 HTTP/1.1" 200 3903
186.40.30.235 - - [18/Mar/2025:13:56:18 -0300] "POST /cormun/servlet/solicitudotadjuntos?gx-no-cache=1742317092621 HTTP/1.1" 200 26
186.11.52.123 - - [18/Mar/2025:13:58:19 -0300] "GET /cormun/servlet/hlogin HTTP/1.1" 200 1721
186.11.52.123 - - [18/Mar/2025:13:58:19 -0300] "GET /cormun/static/gxtimezone.js?85251 HTTP/1.1" 200 5781
186.11.52.123 - - [18/Mar/2025:13:58:19 -0300] "GET /cormun/static/gxcfg.js?2022112219184450 HTTP/1.1" 200 953
186.11.52.123 - - [18/Mar/2025:13:58:19 -0300] "GET /cormun/static/Resources/CormunLogin.png HTTP/1.1" 200 19132
186.11.52.123 - - [18/Mar/2025:13:58:19 -0300] "GET /cormun/static/messages.spa.js?85251 HTTP/1.1" 200 30736
186.11.52.123 - - [18/Mar/2025:13:58:19 -0300] "GET /cormun/static/Resources/Spanish/PXTools.css?1759030 HTTP/1.1" 200 100853
186.11.52.123 - - [18/Mar/2025:13:58:19 -0300] "GET /cormun/static/hlogin.js?2022112219184458 HTTP/1.1" 200 2156
186.11.52.123 - - [18/Mar/2025:13:58:19 -0300] "GET /cormun/static/gxgral.js?85251 HTTP/1.1" 200 384558
186.11.52.123 - - [18/Mar/2025:13:58:20 -0300] "GET /cormun/static/Resources/PXToolsLoginTop.png HTTP/1.1" 200 1337
186.11.52.123 - - [18/Mar/2025:13:58:20 -0300] "GET /cormun/static/Resources/PXToolsButtonLeft.png HTTP/1.1" 200 1310
186.11.52.123 - - [18/Mar/2025:13:58:20 -0300] "GET /cormun/static/Resources/PXToolsButtonRight.png HTTP/1.1" 200 1294
186.11.52.123 - - [18/Mar/2025:13:58:20 -0300] "GET /cormun/static/Resources/PXToolsLoginBackground.png HTTP/1.1" 200 1164
186.11.52.123 - - [18/Mar/2025:13:58:20 -0300] "GET /cormun/servlet/hlogin HTTP/1.1" 200 1731
186.11.52.123 - - [18/Mar/2025:13:58:20 -0300] "GET /cormun/static/Resources/PXToolsButtonBackground.png HTTP/1.1" 200 1176
186.11.52.123 - - [18/Mar/2025:13:58:20 -0300] "GET /cormun/static/Resources/PXToolsLoginBottom.png HTTP/1.1" 200 1389
186.11.52.123 - - [18/Mar/2025:13:58:20 -0300] "GET /cormun/static/Resources/indicator.gif HTTP/1.1" 200 1553
186.40.30.235 - - [18/Mar/2025:13:58:20 -0300] "GET /cormun/servlet/solicitudotadjuntos?d7a76830f9b8cc91e355c88a725ba91cbe6438df527697cd485865739b7f37ff,gx-no-cache=1742317213793 HTTP/1.1" 200 30
186.40.30.235 - - [18/Mar/2025:13:58:20 -0300] "GET /cormun/servlet/solicitudotadjuntos?d7a76830f9b8cc91e355c88a725ba91cbe6438df527697cd485865739b7f37ff,gx-no-cache=1742317214255 HTTP/1.1" 200 30
186.11.52.123 - - [18/Mar/2025:13:58:20 -0300] "GET /favicon.ico HTTP/1.1" 200 21630
186.40.30.235 - - [18/Mar/2025:13:58:21 -0300] "POST /cormun/servlet/solicitudotadjuntos?8ee1578b8daa3ee3edbb949ea0d81aea,INS,2025,22081,,1, HTTP/1.1" 200 116
186.40.30.235 - - [18/Mar/2025:13:58:21 -0300] "GET /cormun/servlet/hpexe_return? HTTP/1.1" 200 1028
186.40.30.235 - - [18/Mar/2025:13:58:21 -0300] "GET /cormun/servlet/trsolicitudadjuntos?2025,22081, HTTP/1.1" 200 10320
190.95.15.9 - - [18/Mar/2025:13:58:39 -0300] "GET /cormun/servlet/trlicencias HTTP/1.1" 200 6051
190.95.15.9 - - [18/Mar/2025:13:58:40 -0300] "GET /cormun/servlet/hlogin HTTP/1.1" 200 1739
190.95.15.9 - - [18/Mar/2025:13:58:40 -0300] "GET /cormun/servlet/trlicencias HTTP/1.1" 200 6049
190.95.15.27 - - [18/Mar/2025:13:58:52 -0300] "GET /cormun/servlet/trlicencias? HTTP/1.1" 200 8338
186.40.30.235 - - [18/Mar/2025:13:58:54 -0300] "GET /cormun/servlet/trsolicitudadjuntos?2025,22081, HTTP/1.1" 200 10315
186.40.30.235 - - [18/Mar/2025:13:59:00 -0300] "GET /cormun/servlet/trsolicitudot? HTTP/1.1" 200 20987
190.95.15.27 - - [18/Mar/2025:13:59:05 -0300] "POST /cormun/servlet/trlicencias?d4b4aa6a5d0667eda208673106926e0c,,gx-no-cache=1742317258727 HTTP/1.1" 200 18036
186.40.30.235 - - [18/Mar/2025:13:59:06 -0300] "POST /cormun/servlet/trsolicitudot?8ee1578b8daa3ee3edbb949ea0d81aea,,gx-no-cache=1742317260041 HTTP/1.1" 200 107
186.40.30.235 - - [18/Mar/2025:13:59:06 -0300] "GET /cormun/servlet/trsolicitudadjuntos?2025,22079, HTTP/1.1" 200 6025
186.40.30.235 - - [18/Mar/2025:13:59:07 -0300] "GET /cormun/servlet/solicitudotadjuntos?INS,2025,22079,,1, HTTP/1.1" 200 5966
186.40.30.235 - - [18/Mar/2025:13:59:08 -0300] "GET /cormun/static/about:blank HTTP/1.1" 404 1011
186.40.30.235 - - [18/Mar/2025:13:59:08 -0300] "GET /cormun/servlet/solicitudotadjuntos?d7a76830f9b8cc91e355c88a725ba91c482667d3434c31a35743bd3a71322f19b47dfa23cb01dd113e17bbb1f41ed2b5,gx-no-cache=1742317262635 HTTP/1.1" 200 30
186.40.30.235 - - [18/Mar/2025:13:59:08 -0300] "POST /cormun/servlet/solicitudotadjuntos?8ee1578b8daa3ee3edbb949ea0d81aea,INS,2025,22079,,1,,gx-no-cache=1742317262676 HTTP/1.1" 200 3902
186.40.30.235 - - [18/Mar/2025:13:59:12 -0300] "POST /cormun/servlet/solicitudotadjuntos?gx-no-cache=1742317266435 HTTP/1.1" 200 26
190.95.15.9 - - [18/Mar/2025:13:59:15 -0300] "POST /cormun/servlet/hlogin?6240d0ec154aec1e6ab7fffbb49961e6,gx-no-cache=1742317268557 HTTP/1.1" 200 90
