185.91.127.81 - - [18/Mar/2025:08:53:53 -0300] "CONNECT api.ip.pn:443 HTTP/1.1" 400 -
201.186.225.191 - - [18/Mar/2025:08:54:08 -0300] "POST /cormun/servlet/hlogin?f6c2013d1f9de87fb5e61447e333a099,gx-no-cache=1742298961425 HTTP/1.1" 200 90
201.186.225.191 - - [18/Mar/2025:08:54:08 -0300] "GET /cormun/servlet/hpexe_link HTTP/1.1" 200 949
201.186.225.191 - - [18/Mar/2025:08:54:08 -0300] "GET /cormun/servlet/hhome HTTP/1.1" 200 4187
201.186.225.191 - - [18/Mar/2025:08:54:14 -0300] "GET /cormun/servlet/trlicencias? HTTP/1.1" 200 9422
201.186.225.191 - - [18/Mar/2025:08:54:21 -0300] "GET /cormun/servlet/trautorizarsolicitud? HTTP/1.1" 200 7299
201.186.225.191 - - [18/Mar/2025:08:54:21 -0300] "GET /cormun/static/gxcfg.js?202211298474254 HTTP/1.1" 200 953
201.186.225.191 - - [18/Mar/2025:08:54:21 -0300] "GET /cormun/static/trautorizarsolicitud.js?202211298474588 HTTP/1.1" 200 53909
201.186.225.191 - - [18/Mar/2025:08:54:26 -0300] "GET /cormun/servlet/trvisualizadoreventos? HTTP/1.1" 200 6946
201.186.225.191 - - [18/Mar/2025:08:54:33 -0300] "POST /cormun/servlet/trvisualizadoreventos?f6c2013d1f9de87fb5e61447e333a099,,gx-no-cache=1742298986562 HTTP/1.1" 200 4288
201.186.225.191 - - [18/Mar/2025:08:54:38 -0300] "POST /cormun/servlet/trvisualizadoreventos?f6c2013d1f9de87fb5e61447e333a099,,gx-no-cache=1742298991321 HTTP/1.1" 200 4290
201.186.225.191 - - [18/Mar/2025:08:54:46 -0300] "GET /cormun/static/menuarrow.gif HTTP/1.1" 404 1015
201.186.225.191 - - [18/Mar/2025:08:54:49 -0300] "POST /cormun/servlet/trvisualizadoreventos?f6c2013d1f9de87fb5e61447e333a099,,gx-no-cache=1742299002418 HTTP/1.1" 200 4295
201.186.225.191 - - [18/Mar/2025:08:54:52 -0300] "POST /cormun/servlet/trvisualizadoreventos?f6c2013d1f9de87fb5e61447e333a099,,gx-no-cache=1742299005441 HTTP/1.1" 200 4291
201.186.225.191 - - [18/Mar/2025:08:54:57 -0300] "POST /cormun/servlet/trvisualizadoreventos?f6c2013d1f9de87fb5e61447e333a099,,gx-no-cache=1742299010817 HTTP/1.1" 200 4732
201.186.225.191 - - [18/Mar/2025:08:55:06 -0300] "GET /cormun/servlet/trsolicitudot? HTTP/1.1" 200 7406
201.186.225.191 - - [18/Mar/2025:08:55:12 -0300] "GET /cormun/servlet/trlicencias? HTTP/1.1" 200 9421
190.95.15.17 - - [18/Mar/2025:08:55:37 -0300] "GET /cormun/servlet/hlogin HTTP/1.1" 200 1716
201.186.225.191 - - [18/Mar/2025:08:55:43 -0300] "POST /cormun/servlet/trlicencias?f6c2013d1f9de87fb5e61447e333a099,,gx-no-cache=1742299056127 HTTP/1.1" 200 4460
201.186.225.191 - - [18/Mar/2025:08:55:53 -0300] "POST /cormun/servlet/trlicencias?f6c2013d1f9de87fb5e61447e333a099,,gx-no-cache=1742299066822 HTTP/1.1" 200 4457
201.186.225.191 - - [18/Mar/2025:08:56:03 -0300] "POST /cormun/servlet/trlicencias?f6c2013d1f9de87fb5e61447e333a099,,gx-no-cache=1742299076228 HTTP/1.1" 200 4456
201.186.225.191 - - [18/Mar/2025:08:56:09 -0300] "POST /cormun/servlet/trlicencias?f6c2013d1f9de87fb5e61447e333a099,,gx-no-cache=1742299082901 HTTP/1.1" 200 4458
201.186.225.191 - - [18/Mar/2025:08:56:13 -0300] "POST /cormun/servlet/trlicencias?f6c2013d1f9de87fb5e61447e333a099,,gx-no-cache=1742299086173 HTTP/1.1" 200 4459
91.208.206.203 - - [18/Mar/2025:08:56:20 -0300] "GET /manager/html HTTP/1.1" 401 2474
201.186.225.191 - - [18/Mar/2025:08:56:21 -0300] "POST /cormun/servlet/trlicencias?f6c2013d1f9de87fb5e61447e333a099,,gx-no-cache=1742299094517 HTTP/1.1" 200 4459
201.186.225.191 - - [18/Mar/2025:08:56:30 -0300] "POST /cormun/servlet/trlicencias?f6c2013d1f9de87fb5e61447e333a099,,gx-no-cache=1742299103101 HTTP/1.1" 200 4454
201.186.225.191 - - [18/Mar/2025:08:56:40 -0300] "POST /cormun/servlet/trlicencias?f6c2013d1f9de87fb5e61447e333a099,,gx-no-cache=1742299114029 HTTP/1.1" 200 4454
201.186.225.191 - - [18/Mar/2025:08:56:41 -0300] "POST /cormun/servlet/trlicencias?f6c2013d1f9de87fb5e61447e333a099,,gx-no-cache=1742299115061 HTTP/1.1" 200 4454
201.186.225.191 - - [18/Mar/2025:08:56:42 -0300] "POST /cormun/servlet/trlicencias?f6c2013d1f9de87fb5e61447e333a099,,gx-no-cache=1742299115857 HTTP/1.1" 200 4454
190.95.15.17 - - [18/Mar/2025:08:56:43 -0300] "POST /cormun/servlet/hlogin?5638f1782c7cd90d2909aa8b52f03335,gx-no-cache=1742299432787 HTTP/1.1" 200 90
190.95.15.17 - - [18/Mar/2025:08:56:43 -0300] "GET /cormun/servlet/hpexe_link HTTP/1.1" 200 946
190.95.15.17 - - [18/Mar/2025:08:56:43 -0300] "GET /cormun/servlet/hhome HTTP/1.1" 200 4375
190.95.15.17 - - [18/Mar/2025:08:56:46 -0300] "GET /cormun/servlet/trlicencias? HTTP/1.1" 200 10441
201.186.225.191 - - [18/Mar/2025:08:56:47 -0300] "POST /cormun/servlet/trlicencias?f6c2013d1f9de87fb5e61447e333a099,,gx-no-cache=1742299121081 HTTP/1.1" 200 4455
201.186.225.191 - - [18/Mar/2025:08:56:48 -0300] "POST /cormun/servlet/trlicencias?f6c2013d1f9de87fb5e61447e333a099,,gx-no-cache=1742299121652 HTTP/1.1" 200 4455
201.186.225.191 - - [18/Mar/2025:08:56:49 -0300] "POST /cormun/servlet/trlicencias?f6c2013d1f9de87fb5e61447e333a099,,gx-no-cache=1742299122381 HTTP/1.1" 200 4455
201.186.225.191 - - [18/Mar/2025:08:56:54 -0300] "POST /cormun/servlet/trlicencias?f6c2013d1f9de87fb5e61447e333a099,,gx-no-cache=1742299128077 HTTP/1.1" 200 4458
201.186.225.191 - - [18/Mar/2025:08:56:57 -0300] "POST /cormun/servlet/trlicencias?f6c2013d1f9de87fb5e61447e333a099,,gx-no-cache=1742299130957 HTTP/1.1" 200 4459
201.186.225.191 - - [18/Mar/2025:08:56:58 -0300] "POST /cormun/servlet/trlicencias?f6c2013d1f9de87fb5e61447e333a099,,gx-no-cache=1742299131745 HTTP/1.1" 200 4458
201.186.225.191 - - [18/Mar/2025:08:57:08 -0300] "POST /cormun/servlet/trlicencias?f6c2013d1f9de87fb5e61447e333a099,,gx-no-cache=1742299141745 HTTP/1.1" 200 4461
201.186.225.191 - - [18/Mar/2025:08:57:11 -0300] "POST /cormun/servlet/trlicencias?f6c2013d1f9de87fb5e61447e333a099,,gx-no-cache=1742299145049 HTTP/1.1" 200 4461
201.186.225.191 - - [18/Mar/2025:08:57:15 -0300] "POST /cormun/servlet/trlicencias?f6c2013d1f9de87fb5e61447e333a099,,gx-no-cache=1742299148289 HTTP/1.1" 200 5688
191.125.57.197 - - [18/Mar/2025:08:57:55 -0300] "GET /cormun/servlet/solicitudotadjuntos?INS,2025,22111,,1, HTTP/1.1" 200 5965
191.125.57.197 - - [18/Mar/2025:08:57:55 -0300] "GET /cormun/static/about:blank HTTP/1.1" 404 1011
191.125.57.197 - - [18/Mar/2025:08:57:55 -0300] "GET /cormun/servlet/solicitudotadjuntos?c1117bad13d1f58dcdb5bce55a5de8b7302880bc8a143c7264d8cf8e4d1eb858ea4ba2d85ce0672e99660bdef1e32275,gx-no-cache=1742299189476 HTTP/1.1" 200 30
191.125.57.197 - - [18/Mar/2025:08:57:55 -0300] "POST /cormun/servlet/solicitudotadjuntos?41d529d84b8adaefd855070a50181c32,INS,2025,22111,,1,,gx-no-cache=1742299189581 HTTP/1.1" 200 3871
201.186.225.191 - - [18/Mar/2025:08:57:57 -0300] "GET /cormun/servlet/licenciaspermisos?DSP,19261319,L,20241226000000, HTTP/1.1" 200 7280
201.186.225.191 - - [18/Mar/2025:08:57:57 -0300] "GET /cormun/static/gxcfg.js?202012153173 HTTP/1.1" 200 953
201.186.225.191 - - [18/Mar/2025:08:57:57 -0300] "GET /cormun/static/licenciaspermisos.js?2020121532136 HTTP/1.1" 200 38753
191.125.57.197 - - [18/Mar/2025:08:57:59 -0300] "POST /cormun/servlet/solicitudotadjuntos?gx-no-cache=1742299192732 HTTP/1.1" 200 26
191.125.57.197 - - [18/Mar/2025:08:58:05 -0300] "GET /cormun/servlet/solicitudotadjuntos?c1117bad13d1f58dcdb5bce55a5de8b7679ad215667ef3b72a1e44ee5a33de94,gx-no-cache=1742299198955 HTTP/1.1" 200 30
191.125.57.197 - - [18/Mar/2025:08:58:05 -0300] "GET /cormun/servlet/solicitudotadjuntos?c1117bad13d1f58dcdb5bce55a5de8b7679ad215667ef3b72a1e44ee5a33de94,gx-no-cache=1742299199035 HTTP/1.1" 200 30
191.125.57.197 - - [18/Mar/2025:08:58:05 -0300] "POST /cormun/servlet/solicitudotadjuntos?41d529d84b8adaefd855070a50181c32,INS,2025,22111,,1, HTTP/1.1" 200 116
191.125.57.197 - - [18/Mar/2025:08:58:05 -0300] "GET /cormun/servlet/hpexe_return? HTTP/1.1" 200 1027
191.125.57.197 - - [18/Mar/2025:08:58:05 -0300] "GET /cormun/servlet/trsolicitudadjuntos?2025,22111, HTTP/1.1" 200 9871
201.186.225.191 - - [18/Mar/2025:08:58:12 -0300] "GET /cormun/servlet/trsolicitudot? HTTP/1.1" 200 7431
200.126.116.145 - - [18/Mar/2025:08:58:54 -0300] "GET /cormun/servlet/alicenciaprn?20263277,L,20250311000000,PU HTTP/1.1" 200 1551
191.125.57.197 - - [18/Mar/2025:08:59:12 -0300] "GET /cormun/servlet/solicitudotadjuntos?INS,2025,22111,,1, HTTP/1.1" 200 5964
191.125.57.197 - - [18/Mar/2025:08:59:12 -0300] "GET /cormun/static/about:blank HTTP/1.1" 404 1011
191.125.57.197 - - [18/Mar/2025:08:59:12 -0300] "GET /cormun/servlet/solicitudotadjuntos?c1117bad13d1f58dcdb5bce55a5de8b7302880bc8a143c7264d8cf8e4d1eb858ea4ba2d85ce0672e99660bdef1e32275,gx-no-cache=1742299266471 HTTP/1.1" 200 30
191.125.57.197 - - [18/Mar/2025:08:59:12 -0300] "POST /cormun/servlet/solicitudotadjuntos?41d529d84b8adaefd855070a50181c32,INS,2025,22111,,1,,gx-no-cache=1742299266541 HTTP/1.1" 200 3872
191.125.57.197 - - [18/Mar/2025:08:59:15 -0300] "POST /cormun/servlet/solicitudotadjuntos?gx-no-cache=1742299268888 HTTP/1.1" 200 26
200.126.116.145 - - [18/Mar/2025:08:59:24 -0300] "GET /cormun/servlet/alicenciaprn?18181270,L,20250310000000,PU HTTP/1.1" 200 1536
191.125.128.29 - - [18/Mar/2025:08:59:51 -0300] "GET /cormun/servlet/solicitudotadjuntos?c1117bad13d1f58dcdb5bce55a5de8b7679ad215667ef3b72a1e44ee5a33de94,gx-no-cache=1742299304960 HTTP/1.1" 200 30
191.125.128.29 - - [18/Mar/2025:08:59:51 -0300] "GET /cormun/servlet/solicitudotadjuntos?c1117bad13d1f58dcdb5bce55a5de8b7679ad215667ef3b72a1e44ee5a33de94,gx-no-cache=1742299305105 HTTP/1.1" 200 30
191.125.128.29 - - [18/Mar/2025:08:59:51 -0300] "POST /cormun/servlet/solicitudotadjuntos?41d529d84b8adaefd855070a50181c32,INS,2025,22111,,1, HTTP/1.1" 200 116
191.125.128.29 - - [18/Mar/2025:08:59:51 -0300] "GET /cormun/servlet/hpexe_return? HTTP/1.1" 200 1027
191.125.128.29 - - [18/Mar/2025:08:59:52 -0300] "GET /cormun/servlet/trsolicitudadjuntos?2025,22111, HTTP/1.1" 200 10149
191.125.128.29 - - [18/Mar/2025:08:59:55 -0300] "GET /cormun/servlet/solicitudotadjuntos?INS,2025,22111,,1, HTTP/1.1" 200 5965
191.125.128.29 - - [18/Mar/2025:08:59:55 -0300] "GET /cormun/static/about:blank HTTP/1.1" 404 1011
191.125.128.29 - - [18/Mar/2025:08:59:56 -0300] "GET /cormun/servlet/solicitudotadjuntos?c1117bad13d1f58dcdb5bce55a5de8b7302880bc8a143c7264d8cf8e4d1eb858ea4ba2d85ce0672e99660bdef1e32275,gx-no-cache=1742299309776 HTTP/1.1" 200 30
191.125.128.29 - - [18/Mar/2025:08:59:56 -0300] "POST /cormun/servlet/solicitudotadjuntos?41d529d84b8adaefd855070a50181c32,INS,2025,22111,,1,,gx-no-cache=1742299309841 HTTP/1.1" 200 3874
191.125.128.29 - - [18/Mar/2025:08:59:58 -0300] "POST /cormun/servlet/solicitudotadjuntos?gx-no-cache=1742299311993 HTTP/1.1" 200 26
191.125.128.29 - - [18/Mar/2025:09:00:04 -0300] "GET /cormun/servlet/solicitudotadjuntos?c1117bad13d1f58dcdb5bce55a5de8b7679ad215667ef3b72a1e44ee5a33de94,gx-no-cache=1742299317744 HTTP/1.1" 200 30
191.125.128.29 - - [18/Mar/2025:09:00:04 -0300] "GET /cormun/servlet/solicitudotadjuntos?c1117bad13d1f58dcdb5bce55a5de8b7679ad215667ef3b72a1e44ee5a33de94,gx-no-cache=1742299317860 HTTP/1.1" 200 30
191.125.128.29 - - [18/Mar/2025:09:00:04 -0300] "POST /cormun/servlet/solicitudotadjuntos?41d529d84b8adaefd855070a50181c32,INS,2025,22111,,1, HTTP/1.1" 200 116
191.125.128.29 - - [18/Mar/2025:09:00:04 -0300] "GET /cormun/servlet/hpexe_return? HTTP/1.1" 200 1027
191.125.128.29 - - [18/Mar/2025:09:00:04 -0300] "GET /cormun/servlet/trsolicitudadjuntos?2025,22111, HTTP/1.1" 200 10325
91.208.206.203 - - [18/Mar/2025:09:00:16 -0300] "GET /manager/html HTTP/1.1" 401 2474
200.126.116.145 - - [18/Mar/2025:09:00:21 -0300] "GET /cormun/servlet/alicenciaprn?19262213,L,20250309000000,PU HTTP/1.1" 200 1541
190.95.15.27 - - [18/Mar/2025:09:01:56 -0300] "GET /cormun/servlet/trsolicitudot? HTTP/1.1" 200 11300
190.95.15.17 - - [18/Mar/2025:09:03:58 -0300] "GET /cormun/servlet/alicenciaprn?14605820,L,20250318000000,PU HTTP/1.1" 200 1548
91.208.206.203 - - [18/Mar/2025:09:04:10 -0300] "GET /manager/html HTTP/1.1" 401 2474
190.95.15.17 - - [18/Mar/2025:09:04:39 -0300] "GET /cormun/servlet/trbonoreemplazo? HTTP/1.1" 500 10
201.186.225.191 - - [18/Mar/2025:09:07:43 -0300] "GET /cormun/servlet/trsolicitudot? HTTP/1.1" 200 7403
201.186.225.191 - - [18/Mar/2025:09:07:52 -0300] "GET /cormun/servlet/solicitudot?INS,0,0,false, HTTP/1.1" 200 16188
91.208.206.203 - - [18/Mar/2025:09:07:55 -0300] "GET /manager/html HTTP/1.1" 401 2474
129.222.173.48 - - [18/Mar/2025:09:08:09 -0300] "GET /cormun/servlet/hlogin HTTP/1.1" 200 1721
129.222.173.48 - - [18/Mar/2025:09:08:09 -0300] "GET /cormun/servlet/hlogin HTTP/1.1" 200 1731
129.222.173.48 - - [18/Mar/2025:09:08:10 -0300] "GET /favicon.ico HTTP/1.1" 200 21630
129.222.173.48 - - [18/Mar/2025:09:08:12 -0300] "POST /cormun/servlet/hlogin?996df6cb39438d9d28c7c897f736d44d,gx-no-cache=1742299805424 HTTP/1.1" 200 90
129.222.173.48 - - [18/Mar/2025:09:08:12 -0300] "GET /cormun/servlet/hpexe_link HTTP/1.1" 200 952
129.222.173.48 - - [18/Mar/2025:09:08:12 -0300] "GET /cormun/servlet/hhome HTTP/1.1" 200 3935
129.222.173.48 - - [18/Mar/2025:09:08:16 -0300] "GET /cormun/servlet/trlicencias? HTTP/1.1" 200 10941
91.208.206.203 - - [18/Mar/2025:09:11:49 -0300] "GET /manager/html HTTP/1.1" 401 2474
201.186.225.187 - - [18/Mar/2025:09:13:53 -0300] "GET /cormun/servlet/hlogin HTTP/1.1" 200 1721
201.186.225.187 - - [18/Mar/2025:09:14:00 -0300] "POST /cormun/servlet/hlogin?ad33527bac4b101dd50b365a892ae2df,gx-no-cache=1742303677970 HTTP/1.1" 200 90
201.186.225.187 - - [18/Mar/2025:09:14:00 -0300] "GET /cormun/servlet/hpexe_link HTTP/1.1" 200 951
201.186.225.187 - - [18/Mar/2025:09:14:00 -0300] "GET /cormun/servlet/hhome HTTP/1.1" 200 3970
201.186.225.187 - - [18/Mar/2025:09:14:03 -0300] "GET /cormun/servlet/trlicencias? HTTP/1.1" 200 8380
191.125.128.29 - - [18/Mar/2025:09:14:40 -0300] "GET /cormun/servlet/trsolicitudot? HTTP/1.1" 200 20990
191.125.128.29 - - [18/Mar/2025:09:14:47 -0300] "POST /cormun/servlet/trsolicitudot?41d529d84b8adaefd855070a50181c32,,gx-no-cache=1742300200750 HTTP/1.1" 200 107
191.125.128.29 - - [18/Mar/2025:09:14:47 -0300] "GET /cormun/servlet/trsolicitudadjuntos?2025,22107, HTTP/1.1" 200 6026
191.125.128.29 - - [18/Mar/2025:09:14:51 -0300] "GET /cormun/servlet/solicitudotadjuntos?INS,2025,22107,,1, HTTP/1.1" 200 5965
191.125.128.29 - - [18/Mar/2025:09:14:51 -0300] "GET /cormun/static/about:blank HTTP/1.1" 404 1011
191.125.128.29 - - [18/Mar/2025:09:14:51 -0300] "GET /cormun/servlet/solicitudotadjuntos?c1117bad13d1f58dcdb5bce55a5de8b713498522856cf41b25acaf94c30a30dc205667b6c7caf3b6a30a45fc57b9e847,gx-no-cache=1742300205716 HTTP/1.1" 200 30
191.125.128.29 - - [18/Mar/2025:09:14:52 -0300] "POST /cormun/servlet/solicitudotadjuntos?41d529d84b8adaefd855070a50181c32,INS,2025,22107,,1,,gx-no-cache=1742300205775 HTTP/1.1" 200 3904
191.125.128.29 - - [18/Mar/2025:09:14:53 -0300] "POST /cormun/servlet/solicitudotadjuntos?gx-no-cache=1742300207646 HTTP/1.1" 200 26
191.125.57.197 - - [18/Mar/2025:09:15:25 -0300] "GET /cormun/servlet/solicitudotadjuntos?c1117bad13d1f58dcdb5bce55a5de8b7679ad215667ef3b72a1e44ee5a33de94,gx-no-cache=1742300238759 HTTP/1.1" 200 30
191.125.57.197 - - [18/Mar/2025:09:15:25 -0300] "GET /cormun/servlet/solicitudotadjuntos?c1117bad13d1f58dcdb5bce55a5de8b7679ad215667ef3b72a1e44ee5a33de94,gx-no-cache=1742300238840 HTTP/1.1" 200 30
191.125.57.197 - - [18/Mar/2025:09:15:25 -0300] "POST /cormun/servlet/solicitudotadjuntos?41d529d84b8adaefd855070a50181c32,INS,2025,22107,,1, HTTP/1.1" 200 116
191.125.57.197 - - [18/Mar/2025:09:15:25 -0300] "GET /cormun/servlet/hpexe_return? HTTP/1.1" 200 1029
191.125.57.197 - - [18/Mar/2025:09:15:25 -0300] "GET /cormun/servlet/trsolicitudadjuntos?2025,22107, HTTP/1.1" 200 9040
191.125.128.29 - - [18/Mar/2025:09:15:36 -0300] "GET /cormun/servlet/solicitudotadjuntos?INS,2025,22107,,1, HTTP/1.1" 200 5965
191.125.128.29 - - [18/Mar/2025:09:15:36 -0300] "GET /cormun/static/about:blank HTTP/1.1" 404 1011
191.125.128.29 - - [18/Mar/2025:09:15:37 -0300] "GET /cormun/servlet/solicitudotadjuntos?c1117bad13d1f58dcdb5bce55a5de8b713498522856cf41b25acaf94c30a30dc205667b6c7caf3b6a30a45fc57b9e847,gx-no-cache=1742300251219 HTTP/1.1" 200 30
91.208.206.203 - - [18/Mar/2025:09:15:37 -0300] "GET /manager/html HTTP/1.1" 401 2474
191.125.128.29 - - [18/Mar/2025:09:15:37 -0300] "POST /cormun/servlet/solicitudotadjuntos?41d529d84b8adaefd855070a50181c32,INS,2025,22107,,1,,gx-no-cache=1742300251319 HTTP/1.1" 200 3904
191.125.128.29 - - [18/Mar/2025:09:15:41 -0300] "POST /cormun/servlet/solicitudotadjuntos?gx-no-cache=1742300254824 HTTP/1.1" 200 26
191.125.128.29 - - [18/Mar/2025:09:15:47 -0300] "GET /cormun/servlet/solicitudotadjuntos?c1117bad13d1f58dcdb5bce55a5de8b7679ad215667ef3b72a1e44ee5a33de94,gx-no-cache=1742300261479 HTTP/1.1" 200 30
191.125.128.29 - - [18/Mar/2025:09:15:47 -0300] "GET /cormun/servlet/solicitudotadjuntos?c1117bad13d1f58dcdb5bce55a5de8b7679ad215667ef3b72a1e44ee5a33de94,gx-no-cache=1742300261569 HTTP/1.1" 200 30
191.125.128.29 - - [18/Mar/2025:09:15:48 -0300] "POST /cormun/servlet/solicitudotadjuntos?41d529d84b8adaefd855070a50181c32,INS,2025,22107,,1, HTTP/1.1" 200 116
191.125.128.29 - - [18/Mar/2025:09:15:48 -0300] "GET /cormun/servlet/hpexe_return? HTTP/1.1" 200 1029
191.125.128.29 - - [18/Mar/2025:09:15:48 -0300] "GET /cormun/servlet/trsolicitudadjuntos?2025,22107, HTTP/1.1" 200 9295
191.125.57.197 - - [18/Mar/2025:09:15:52 -0300] "GET /cormun/servlet/solicitudotadjuntos?INS,2025,22107,,1, HTTP/1.1" 200 5966
191.125.57.197 - - [18/Mar/2025:09:15:52 -0300] "GET /cormun/static/about:blank HTTP/1.1" 404 1011
191.125.57.197 - - [18/Mar/2025:09:15:53 -0300] "GET /cormun/servlet/solicitudotadjuntos?c1117bad13d1f58dcdb5bce55a5de8b713498522856cf41b25acaf94c30a30dc205667b6c7caf3b6a30a45fc57b9e847,gx-no-cache=1742300266767 HTTP/1.1" 200 30
191.125.57.197 - - [18/Mar/2025:09:15:53 -0300] "POST /cormun/servlet/solicitudotadjuntos?41d529d84b8adaefd855070a50181c32,INS,2025,22107,,1,,gx-no-cache=1742300266859 HTTP/1.1" 200 3904
191.125.57.197 - - [18/Mar/2025:09:15:57 -0300] "POST /cormun/servlet/solicitudotadjuntos?gx-no-cache=1742300270801 HTTP/1.1" 200 26
191.125.57.197 - - [18/Mar/2025:09:16:02 -0300] "GET /cormun/servlet/solicitudotadjuntos?c1117bad13d1f58dcdb5bce55a5de8b7679ad215667ef3b72a1e44ee5a33de94,gx-no-cache=1742300276312 HTTP/1.1" 200 30
191.125.57.197 - - [18/Mar/2025:09:16:02 -0300] "GET /cormun/servlet/solicitudotadjuntos?c1117bad13d1f58dcdb5bce55a5de8b7679ad215667ef3b72a1e44ee5a33de94,gx-no-cache=1742300276452 HTTP/1.1" 200 30
191.125.57.197 - - [18/Mar/2025:09:16:02 -0300] "POST /cormun/servlet/solicitudotadjuntos?41d529d84b8adaefd855070a50181c32,INS,2025,22107,,1, HTTP/1.1" 200 116
191.125.57.197 - - [18/Mar/2025:09:16:02 -0300] "GET /cormun/servlet/hpexe_return? HTTP/1.1" 200 1029
191.125.57.197 - - [18/Mar/2025:09:16:03 -0300] "GET /cormun/servlet/trsolicitudadjuntos?2025,22107, HTTP/1.1" 200 9506
191.125.128.29 - - [18/Mar/2025:09:16:51 -0300] "GET /cormun/servlet/solicitudotadjuntos?INS,2025,22107,,1, HTTP/1.1" 200 5966
191.125.128.29 - - [18/Mar/2025:09:16:51 -0300] "GET /cormun/static/about:blank HTTP/1.1" 404 1011
191.125.128.29 - - [18/Mar/2025:09:16:51 -0300] "GET /cormun/servlet/solicitudotadjuntos?c1117bad13d1f58dcdb5bce55a5de8b713498522856cf41b25acaf94c30a30dc205667b6c7caf3b6a30a45fc57b9e847,gx-no-cache=1742300325715 HTTP/1.1" 200 30
191.125.128.29 - - [18/Mar/2025:09:16:52 -0300] "POST /cormun/servlet/solicitudotadjuntos?41d529d84b8adaefd855070a50181c32,INS,2025,22107,,1,,gx-no-cache=1742300325803 HTTP/1.1" 200 3905
191.125.128.29 - - [18/Mar/2025:09:16:54 -0300] "POST /cormun/servlet/solicitudotadjuntos?gx-no-cache=1742300328354 HTTP/1.1" 200 26
201.186.225.191 - - [18/Mar/2025:09:19:15 -0300] "POST /cormun/servlet/solicitudot?gx-no-cache=1742300468913 HTTP/1.1" 200 4046
201.186.225.191 - - [18/Mar/2025:09:19:16 -0300] "POST /cormun/servlet/solicitudot?f6c2013d1f9de87fb5e61447e333a099,INS,0,0,false,,gx-no-cache=1742300469252 HTTP/1.1" 200 12900
201.186.225.191 - - [18/Mar/2025:09:19:18 -0300] "GET /cormun/servlet/solicitudot?bb2dc00942d097e6ee06840304dcc169e7ac26665ac87aebe6b6568ac763aca10a88da3d82d60feb9521c631ec4cb401,gx-no-cache=1742300471945 HTTP/1.1" 200 30
191.125.57.197 - - [18/Mar/2025:09:19:21 -0300] "GET /cormun/servlet/solicitudotadjuntos?c1117bad13d1f58dcdb5bce55a5de8b7679ad215667ef3b72a1e44ee5a33de94,gx-no-cache=1742300474855 HTTP/1.1" 200 30
191.125.57.197 - - [18/Mar/2025:09:19:21 -0300] "GET /cormun/servlet/solicitudotadjuntos?c1117bad13d1f58dcdb5bce55a5de8b7679ad215667ef3b72a1e44ee5a33de94,gx-no-cache=1742300474943 HTTP/1.1" 200 30
191.125.57.197 - - [18/Mar/2025:09:19:21 -0300] "POST /cormun/servlet/solicitudotadjuntos?41d529d84b8adaefd855070a50181c32,INS,2025,22107,,1, HTTP/1.1" 200 116
191.125.57.197 - - [18/Mar/2025:09:19:21 -0300] "GET /cormun/servlet/hpexe_return? HTTP/1.1" 200 1029
191.125.57.197 - - [18/Mar/2025:09:19:21 -0300] "GET /cormun/servlet/trsolicitudadjuntos?2025,22107, HTTP/1.1" 200 9808
91.208.206.203 - - [18/Mar/2025:09:19:24 -0300] "GET /manager/html HTTP/1.1" 401 2474
190.95.67.99 - - [18/Mar/2025:09:20:11 -0300] "GET /cormun/servlet/trlicencias? HTTP/1.1" 200 6054
190.95.67.99 - - [18/Mar/2025:09:20:12 -0300] "GET /cormun/servlet/hlogin HTTP/1.1" 200 1737
190.95.15.15 - - [18/Mar/2025:09:21:02 -0300] "GET /cormun/servlet/hlogin HTTP/1.1" 200 1720
190.95.15.15 - - [18/Mar/2025:09:21:02 -0300] "GET /cormun/servlet/hlogin HTTP/1.1" 200 1731
191.125.128.29 - - [18/Mar/2025:09:21:09 -0300] "GET /cormun/servlet/solicitudotadjuntos?INS,2025,22107,,1, HTTP/1.1" 200 5966
191.125.128.29 - - [18/Mar/2025:09:21:09 -0300] "GET /cormun/static/about:blank HTTP/1.1" 404 1011
191.125.128.29 - - [18/Mar/2025:09:21:10 -0300] "GET /cormun/servlet/solicitudotadjuntos?c1117bad13d1f58dcdb5bce55a5de8b713498522856cf41b25acaf94c30a30dc205667b6c7caf3b6a30a45fc57b9e847,gx-no-cache=1742300583795 HTTP/1.1" 200 30
191.125.128.29 - - [18/Mar/2025:09:21:10 -0300] "POST /cormun/servlet/solicitudotadjuntos?41d529d84b8adaefd855070a50181c32,INS,2025,22107,,1,,gx-no-cache=1742300583878 HTTP/1.1" 200 3905
190.95.15.15 - - [18/Mar/2025:09:21:11 -0300] "POST /cormun/servlet/hlogin?37097e7584b01a5d3d9e6de8c1924b8a,gx-no-cache=1742300585671 HTTP/1.1" 200 90
190.95.15.15 - - [18/Mar/2025:09:21:11 -0300] "GET /cormun/servlet/hpexe_link HTTP/1.1" 200 951
190.95.15.15 - - [18/Mar/2025:09:21:11 -0300] "GET /cormun/servlet/hhome HTTP/1.1" 200 3974
191.125.128.29 - - [18/Mar/2025:09:21:13 -0300] "POST /cormun/servlet/solicitudotadjuntos?gx-no-cache=1742300587397 HTTP/1.1" 200 26
190.95.15.15 - - [18/Mar/2025:09:21:13 -0300] "GET /cormun/servlet/trsolicitudot? HTTP/1.1" 200 7193
190.95.15.15 - - [18/Mar/2025:09:21:16 -0300] "GET /cormun/servlet/solicitudot?INS,0,0,false, HTTP/1.1" 200 15978
190.95.15.15 - - [18/Mar/2025:09:22:01 -0300] "POST /cormun/servlet/solicitudot?gx-no-cache=1742300635718 HTTP/1.1" 200 4039
190.95.15.15 - - [18/Mar/2025:09:22:01 -0300] "POST /cormun/servlet/solicitudot?37097e7584b01a5d3d9e6de8c1924b8a,INS,0,0,false,,gx-no-cache=1742300635833 HTTP/1.1" 200 12612
190.95.15.15 - - [18/Mar/2025:09:22:03 -0300] "GET /cormun/servlet/solicitudot?c279ee55b99ce38a257bb46c6bd135bfb06b28db69028f6757237bd17f55a2bffecb080032bcde93461f0bc14fa59ba7,gx-no-cache=1742300637777 HTTP/1.1" 200 30
191.125.57.197 - - [18/Mar/2025:09:22:06 -0300] "GET /cormun/servlet/solicitudotadjuntos?c1117bad13d1f58dcdb5bce55a5de8b7679ad215667ef3b72a1e44ee5a33de94,gx-no-cache=1742300640438 HTTP/1.1" 200 30
191.125.57.197 - - [18/Mar/2025:09:22:06 -0300] "GET /cormun/servlet/solicitudotadjuntos?c1117bad13d1f58dcdb5bce55a5de8b7679ad215667ef3b72a1e44ee5a33de94,gx-no-cache=1742300640629 HTTP/1.1" 200 30
191.125.57.197 - - [18/Mar/2025:09:22:07 -0300] "POST /cormun/servlet/solicitudotadjuntos?41d529d84b8adaefd855070a50181c32,INS,2025,22107,,1, HTTP/1.1" 200 116
191.125.57.197 - - [18/Mar/2025:09:22:08 -0300] "GET /cormun/servlet/hpexe_return? HTTP/1.1" 200 1029
191.125.57.197 - - [18/Mar/2025:09:22:08 -0300] "GET /cormun/servlet/trsolicitudadjuntos?2025,22107, HTTP/1.1" 200 10096
201.186.225.191 - - [18/Mar/2025:09:22:37 -0300] "GET /cormun/servlet/prbanco?,MD,,gxPopupLevel%3D0%3B HTTP/1.1" 200 6565
201.186.225.191 - - [18/Mar/2025:09:22:37 -0300] "GET /cormun/static/Resources/PXTools/ClosePrompt.png HTTP/1.1" 200 1036
201.186.225.191 - - [18/Mar/2025:09:22:37 -0300] "GET /cormun/static/gxcfg.js?20201216131581 HTTP/1.1" 200 953
201.186.225.191 - - [18/Mar/2025:09:22:37 -0300] "GET /cormun/static/Resources/resize.gif HTTP/1.1" 200 77
201.186.225.191 - - [18/Mar/2025:09:22:37 -0300] "GET /cormun/static/Resources/PXToolsMenuSearch.png HTTP/1.1" 200 336
201.186.225.191 - - [18/Mar/2025:09:22:37 -0300] "GET /cormun/static/prbanco.js?20201216132311 HTTP/1.1" 200 10693
201.186.225.191 - - [18/Mar/2025:09:22:37 -0300] "GET /cormun/static/menusearch.js?20201214473581 HTTP/1.1" 200 1424
201.186.225.191 - - [18/Mar/2025:09:22:37 -0300] "GET /cormun/static/hmpwkw011.js?202211298443482 HTTP/1.1" 200 1968
201.186.225.191 - - [18/Mar/2025:09:22:37 -0300] "GET /cormun/static/Resources/PXToolsMenuSearchCancel.png HTTP/1.1" 200 306
201.186.225.191 - - [18/Mar/2025:09:22:45 -0300] "GET /cormun/servlet/solicitudot?bb2dc00942d097e6ee06840304dcc169c5a81743bc476cc61159859980eed5d6d127102ed0da051db1b33a6577900d0d270cc75be1a89041ce19a7dcb3872951,gx-no-cache=1742300678267 HTTP/1.1" 200 30
191.125.57.197 - - [18/Mar/2025:09:22:46 -0300] "GET /cormun/servlet/trsolicitudot? HTTP/1.1" 200 20990
201.186.225.191 - - [18/Mar/2025:09:22:51 -0300] "GET /cormun/servlet/solicitudot?bb2dc00942d097e6ee06840304dcc169b53668025c35e3b465afbf2b9c7e6ad1,gx-no-cache=1742300685048 HTTP/1.1" 200 45
191.125.57.197 - - [18/Mar/2025:09:22:53 -0300] "POST /cormun/servlet/trsolicitudot?41d529d84b8adaefd855070a50181c32,,gx-no-cache=1742300687511 HTTP/1.1" 200 107
191.125.57.197 - - [18/Mar/2025:09:22:54 -0300] "GET /cormun/servlet/trsolicitudadjuntos?2025,22106, HTTP/1.1" 200 6026
91.208.206.203 - - [18/Mar/2025:09:23:19 -0300] "GET /manager/html HTTP/1.1" 401 2474
191.125.57.197 - - [18/Mar/2025:09:23:24 -0300] "GET /cormun/servlet/trsolicitudot? HTTP/1.1" 200 20990
190.95.15.15 - - [18/Mar/2025:09:23:29 -0300] "GET /cormun/servlet/prbanco?,MD,,gxPopupLevel%3D0%3B HTTP/1.1" 200 6636
191.125.57.197 - - [18/Mar/2025:09:23:29 -0300] "POST /cormun/servlet/trsolicitudot?41d529d84b8adaefd855070a50181c32,,gx-no-cache=1742300723440 HTTP/1.1" 200 107
191.125.57.197 - - [18/Mar/2025:09:23:30 -0300] "GET /cormun/servlet/trsolicitudadjuntos?2025,22106, HTTP/1.1" 200 6026
191.125.57.197 - - [18/Mar/2025:09:23:32 -0300] "GET /cormun/servlet/solicitudotadjuntos?INS,2025,22106,,1, HTTP/1.1" 200 5965
190.95.15.15 - - [18/Mar/2025:09:23:32 -0300] "GET /cormun/servlet/solicitudot?c279ee55b99ce38a257bb46c6bd135bf5666008208ce5c5b54d58720b31d65563cfa53355fd062e60a68ebeb792b95144dd3e0f8886c42e953f0e3c7b00ab90d,gx-no-cache=1742300726584 HTTP/1.1" 200 30
191.125.57.197 - - [18/Mar/2025:09:23:32 -0300] "GET /cormun/static/about:blank HTTP/1.1" 404 1011
191.125.57.197 - - [18/Mar/2025:09:23:33 -0300] "GET /cormun/servlet/solicitudotadjuntos?c1117bad13d1f58dcdb5bce55a5de8b7aa962dce3ab9058156ed0da5123158aa205667b6c7caf3b6a30a45fc57b9e847,gx-no-cache=1742300727115 HTTP/1.1" 200 30
191.125.57.197 - - [18/Mar/2025:09:23:33 -0300] "POST /cormun/servlet/solicitudotadjuntos?41d529d84b8adaefd855070a50181c32,INS,2025,22106,,1,,gx-no-cache=1742300727203 HTTP/1.1" 200 3903
190.95.15.15 - - [18/Mar/2025:09:23:33 -0300] "GET /cormun/servlet/solicitudot?c279ee55b99ce38a257bb46c6bd135bfae18c743266c6fe9e7141371303b3e96,gx-no-cache=1742300727724 HTTP/1.1" 200 53
191.125.57.197 - - [18/Mar/2025:09:23:35 -0300] "POST /cormun/servlet/solicitudotadjuntos?gx-no-cache=1742300729250 HTTP/1.1" 200 26
201.186.225.191 - - [18/Mar/2025:09:23:36 -0300] "POST /cormun/servlet/solicitudot?gx-no-cache=1742300729455 HTTP/1.1" 200 240
201.186.225.191 - - [18/Mar/2025:09:23:40 -0300] "GET /cormun/servlet/solicitudot?bb2dc00942d097e6ee06840304dcc169dbfa4833d1ac1234989b898a666840fb80c7dff7055129ea1a6e7cc4049a0da90e83ede7822f059619dbe4ec72d230c7599b6111c45c7b4c10daa57a37dbb0d07f4e54ccaea85524f7ae496ab11e8f39e4b5a80b074354e857b0818e0355849b2e84bb2af4ac443a4e878cdd8b3955061a0c2483f48c6bd2a7a7740f6e86bf618061299fa017a2d00fb109e30f2d21f0cb4d533491a96ba8f8c1b1115e2bee30b13e87f65eb360a3bb81bdf92196249d22bb1c40099b7c96f1367455740a3711ec7bb7be443a01ec8428e5cb410c755f31d66d57e4a96600419bfe3e302bf65f5afc9bf7b4d283a4a0864d74960e406ca891774ca2f246bc7a99fc7eedc1f65e4541c7b093b3418332fdf6f2e4246c53a8659e7c16d793c65245f50ca848d7e9ad03791b6bca6f3be5488d56ac12026bc9aecd67b247b60d9e5543c47610cb2bfe33ec014a52cea0de33360fa552a508a2e7bebdc92c95eb3c46014124a886bdf096dd738c9bd89c4cbef0f9bf9b72af,gx-no-cache=1742300733352 HTTP/1.1" 200 30
201.186.225.191 - - [18/Mar/2025:09:23:46 -0300] "POST /cormun/servlet/solicitudot?gx-no-cache=1742300739455 HTTP/1.1" 200 30
190.95.15.15 - - [18/Mar/2025:09:23:46 -0300] "POST /cormun/servlet/solicitudot?gx-no-cache=1742300740634 HTTP/1.1" 200 240
190.95.15.15 - - [18/Mar/2025:09:23:48 -0300] "GET /cormun/servlet/solicitudot?c279ee55b99ce38a257bb46c6bd135bff675ad3695dd85d89c0f7b611e0a49b8b7deb2776b5d543886ab08dfdefabe199038dacf0cadce9ffcfec877c3d5baa463f4d18709664aedc6d970aa57537670fcfd4e2b0a93a78c0621bca351e40220e9291c549189e561a14f0455999afe8a45af03b270dcc2d564fe8ed58a9ef13b3adefc0b8a3deff38c19886e451df5eb04840604f186c05ea604824b6379a80c1a980394e8b4ad216251c12e45c602e84546430166677320f7b1cc820ed8b3530506bbac44b5531e4a1f652fd45a09a31a34c8fbb60834b84ec48be7de158513a79b01a9e08c91f650b28984b11c30b9653234a8773f88c8271d6b31d32b1c0c06477d508fe6e6fe7e6472be44ce795a7e245da14ff9089a41805ba7e32caaaa2dd8662780ba011604190677313d7589f0b0fa7ed5d4f3f358df07696f20c687c85ce2a3540acf4949357c65c1868e440c1b3598a8cdbedab0b2ff24530d2c23f2098fb0f5610f5eaef8adba07b8bba227fc46daee82f6c4b45868231ef7e298,gx-no-cache=1742300742389 HTTP/1.1" 200 30
190.95.15.15 - - [18/Mar/2025:09:23:49 -0300] "GET /cormun/servlet/solicitudot?c279ee55b99ce38a257bb46c6bd135bff675ad3695dd85d89c0f7b611e0a49b8b7deb2776b5d543886ab08dfdefabe199038dacf0cadce9ffcfec877c3d5baa463f4d18709664aedc6d970aa57537670fcfd4e2b0a93a78c0621bca351e40220e9291c549189e561a14f0455999afe8a45af03b270dcc2d564fe8ed58a9ef13b3adefc0b8a3deff38c19886e451df5eb04840604f186c05ea604824b6379a80c1a980394e8b4ad216251c12e45c602e84546430166677320f7b1cc820ed8b3530506bbac44b5531e4a1f652fd45a09a31a34c8fbb60834b84ec48be7de158513a79b01a9e08c91f650b28984b11c30b941d15de608072e96b22e3b4c1e494f4206477d508fe6e6fe7e6472be44ce795a7e245da14ff9089a41805ba7e32caaaa2dd8662780ba011604190677313d7589f0b0fa7ed5d4f3f358df07696f20c687c85ce2a3540acf4949357c65c1868e440c1b3598a8cdbedab0b2ff24530d2c23f2098fb0f5610f5eaef8adba07b8bba2ab0cd0fe3c90d2417866aeb882c0854d,gx-no-cache=1742300743868 HTTP/1.1" 200 30
190.95.15.15 - - [18/Mar/2025:09:23:55 -0300] "POST /cormun/servlet/solicitudot?gx-no-cache=1742300749561 HTTP/1.1" 200 30
190.95.15.15 - - [18/Mar/2025:09:24:14 -0300] "GET /cormun/servlet/prlicenciaspermisos?19591705,L,,MD,,gxPopupLevel%3D0%3B HTTP/1.1" 200 5598
190.95.15.15 - - [18/Mar/2025:09:24:14 -0300] "GET /cormun/static/gxcfg.js?2020121559567 HTTP/1.1" 200 953
190.95.15.15 - - [18/Mar/2025:09:24:14 -0300] "GET /cormun/static/prlicenciaspermisos.js?2020121559821 HTTP/1.1" 200 13379
190.95.15.15 - - [18/Mar/2025:09:24:17 -0300] "POST /cormun/servlet/solicitudot?gx-no-cache=1742300770934 HTTP/1.1" 200 1482
190.95.15.15 - - [18/Mar/2025:09:25:03 -0300] "POST /cormun/servlet/solicitudot?gx-no-cache=1742300816943 HTTP/1.1" 200 41
190.95.15.15 - - [18/Mar/2025:09:25:51 -0300] "GET /cormun/servlet/solicitudot?c279ee55b99ce38a257bb46c6bd135bf5c09b33d21e29398529ff507df233621ac855432794f8867f29564a9af094153c9ef866fafa2ee3a95d6968280d4cce0fb72d192894f42500489f2ecd9a5ba203ae6474b444ebe1575048e18b18c84c9a5b4a987ebf760148b0ca298aaf58ca5,gx-no-cache=1742300865852 HTTP/1.1" 200 110
190.95.15.15 - - [18/Mar/2025:09:25:51 -0300] "POST /cormun/servlet/solicitudot?gx-no-cache=1742300865881 HTTP/1.1" 200 110
190.95.15.15 - - [18/Mar/2025:09:25:58 -0300] "GET /cormun/servlet/solicitudot?c279ee55b99ce38a257bb46c6bd135bf896e386a272c802866f5417e1516ecb53e4cd2f8b32172a6481369508fa5c4a5ebe4a0c14c8d7524313761d494c49b9a21db367ac6b7d5af97504366123e62e883dd376c06c234c9944892fc987fcf8bf9c915665a3a271e30a3baaa4461813e,gx-no-cache=1742300872673 HTTP/1.1" 200 29
190.95.15.15 - - [18/Mar/2025:09:25:58 -0300] "GET /cormun/static/menuarrow.gif HTTP/1.1" 404 1015
190.95.15.15 - - [18/Mar/2025:09:26:03 -0300] "GET /cormun/servlet/solicitudot?c279ee55b99ce38a257bb46c6bd135bf7b0a97743f3f433060a9c596ffd46e883e6e0ddc76d5012bf7c1e4ad4c03e910,gx-no-cache=1742300877104 HTTP/1.1" 200 30
190.95.15.15 - - [18/Mar/2025:09:26:03 -0300] "POST /cormun/servlet/solicitudot?gx-no-cache=1742300877125 HTTP/1.1" 200 34
201.186.225.191 - - [18/Mar/2025:09:26:37 -0300] "POST /cormun/servlet/solicitudot?gx-no-cache=1742300910331 HTTP/1.1" 200 1482
201.186.225.191 - - [18/Mar/2025:09:26:37 -0300] "GET /cormun/static/menuarrow.gif HTTP/1.1" 404 1015
190.95.15.15 - - [18/Mar/2025:09:26:46 -0300] "POST /cormun/servlet/solicitudot?37097e7584b01a5d3d9e6de8c1924b8a,INS,0,0,false,,gx-no-cache=1742300918616 HTTP/1.1" 200 93
190.95.15.15 - - [18/Mar/2025:09:26:46 -0300] "GET /cormun/servlet/hpexe_return? HTTP/1.1" 200 1009
190.95.15.15 - - [18/Mar/2025:09:26:46 -0300] "GET /cormun/servlet/trsolicitudot HTTP/1.1" 200 8593
91.208.206.203 - - [18/Mar/2025:09:27:18 -0300] "GET /manager/html HTTP/1.1" 401 2474
201.186.225.191 - - [18/Mar/2025:09:27:45 -0300] "POST /cormun/servlet/solicitudot?gx-no-cache=1742300978485 HTTP/1.1" 200 41
201.186.225.191 - - [18/Mar/2025:09:28:02 -0300] "GET /cormun/servlet/solicitudot?bb2dc00942d097e6ee06840304dcc16961cf06127353280911b9e60d43dc4b14412ea8b7e77b37f7fb7f289995bfe2d0e3ac100ecd3250008dd0f63cef1a8b736d4fb3253b080de2168dc44dce6e9587c7003c87ec6040b9169011559547bfd04edb7ea55233ac01064da38f40fb3033,gx-no-cache=1742300995403 HTTP/1.1" 200 110
201.186.225.191 - - [18/Mar/2025:09:28:02 -0300] "POST /cormun/servlet/solicitudot?gx-no-cache=1742300995451 HTTP/1.1" 200 110
190.95.15.9 - - [18/Mar/2025:09:28:27 -0300] "GET /cormun/servlet/hlogin HTTP/1.1" 200 1714
190.95.15.9 - - [18/Mar/2025:09:28:28 -0300] "GET /cormun/servlet/hlogin HTTP/1.1" 200 1725
190.95.15.9 - - [18/Mar/2025:09:28:36 -0300] "POST /cormun/servlet/hlogin?c89a960b264d3ebc60f1deab804a5141,gx-no-cache=1742301030416 HTTP/1.1" 200 90
190.95.15.9 - - [18/Mar/2025:09:28:36 -0300] "GET /cormun/servlet/hpexe_link HTTP/1.1" 200 944
190.95.15.9 - - [18/Mar/2025:09:28:36 -0300] "GET /cormun/servlet/hhome HTTP/1.1" 200 4204
201.186.225.191 - - [18/Mar/2025:09:28:49 -0300] "GET /cormun/servlet/solicitudot?bb2dc00942d097e6ee06840304dcc1695cb8e919a0ac47aa2c8273ab2fa643270269f5102d9558cdcde49863e2b942b7dff95d7d231373288109725c872592b03885b2bbdf1c538644bc1ee87273bc900762969534c17b13c59c1ee4c8555bfa7096487daa131e16c0bd430e315cad67,gx-no-cache=1742301042756 HTTP/1.1" 200 29
201.186.225.191 - - [18/Mar/2025:09:28:54 -0300] "GET /cormun/servlet/solicitudot?bb2dc00942d097e6ee06840304dcc169f37a8a0d7fa7d01a194acfdd43165726a83cedea225ca4058da0cc22ba361455,gx-no-cache=1742301047348 HTTP/1.1" 200 30
201.186.225.191 - - [18/Mar/2025:09:28:54 -0300] "POST /cormun/servlet/solicitudot?gx-no-cache=1742301047389 HTTP/1.1" 200 34
190.95.15.15 - - [18/Mar/2025:09:29:14 -0300] "GET /cormun/servlet/solicitudot?INS,0,0,false, HTTP/1.1" 200 15978
190.95.15.15 - - [18/Mar/2025:09:29:34 -0300] "POST /cormun/servlet/solicitudot?gx-no-cache=1742301088270 HTTP/1.1" 200 4039
190.95.15.15 - - [18/Mar/2025:09:29:34 -0300] "POST /cormun/servlet/solicitudot?37097e7584b01a5d3d9e6de8c1924b8a,INS,0,0,false,,gx-no-cache=1742301088368 HTTP/1.1" 200 12613
190.95.15.15 - - [18/Mar/2025:09:29:38 -0300] "GET /cormun/servlet/solicitudot?c279ee55b99ce38a257bb46c6bd135bf54c158e115e827a8dd751a7ea4e9b926fecb080032bcde93461f0bc14fa59ba7,gx-no-cache=1742301092702 HTTP/1.1" 200 30
190.95.15.15 - - [18/Mar/2025:09:31:04 -0300] "GET /cormun/servlet/prbanco?,MD,,gxPopupLevel%3D0%3B HTTP/1.1" 200 6636
190.95.15.15 - - [18/Mar/2025:09:31:07 -0300] "GET /cormun/servlet/solicitudot?c279ee55b99ce38a257bb46c6bd135bf8651535a3f47224d92b7d582ce30729b62eba94191aab232748ab0d3d90833d6766d873e02d4d5d62f8b2202df0defe1,gx-no-cache=1742301181730 HTTP/1.1" 200 30
91.208.206.203 - - [18/Mar/2025:09:31:08 -0300] "GET /manager/html HTTP/1.1" 401 2474
190.95.15.15 - - [18/Mar/2025:09:31:10 -0300] "GET /cormun/servlet/solicitudot?c279ee55b99ce38a257bb46c6bd135bfae18c743266c6fe9e7141371303b3e96,gx-no-cache=1742301184538 HTTP/1.1" 200 53
190.95.15.15 - - [18/Mar/2025:09:31:31 -0300] "POST /cormun/servlet/solicitudot?gx-no-cache=1742301205771 HTTP/1.1" 200 240
190.95.15.15 - - [18/Mar/2025:09:31:33 -0300] "GET /cormun/servlet/solicitudot?c279ee55b99ce38a257bb46c6bd135bff675ad3695dd85d89c0f7b611e0a49b8b7deb2776b5d543886ab08dfdefabe199038dacf0cadce9ffcfec877c3d5baa463f4d18709664aedc6d970aa57537670fcfd4e2b0a93a78c0621bca351e40220e9291c549189e561a14f0455999afe8a45af03b270dcc2d564fe8ed58a9ef13b3adefc0b8a3deff38c19886e451df5eb04840604f186c05ea604824b6379a80c1a980394e8b4ad216251c12e45c602e84546430166677320f7b1cc820ed8b3530506bbac44b5531e4a1f652fd45a09a31a34c8fbb60834b84ec48be7de158513a79b01a9e08c91f650b28984b11c30b941d15de608072e96b22e3b4c1e494f4206477d508fe6e6fe7e6472be44ce795a7e245da14ff9089a41805ba7e32caaaa2dd8662780ba011604190677313d7589f0b0fa7ed5d4f3f358df07696f20c687c85ce2a3540acf4949357c65c1868e440c1b3598a8cdbedab0b2ff24530d2c23f2098fb0f5610f5eaef8adba07b8bba227fc46daee82f6c4b45868231ef7e298,gx-no-cache=1742301207067 HTTP/1.1" 200 30
190.95.15.15 - - [18/Mar/2025:09:31:34 -0300] "POST /cormun/servlet/solicitudot?gx-no-cache=1742301208934 HTTP/1.1" 200 30
190.95.15.15 - - [18/Mar/2025:09:32:19 -0300] "GET /cormun/servlet/prlicenciaspermisos?17526253,L,,MD,,gxPopupLevel%3D0%3B HTTP/1.1" 200 5865
190.95.15.15 - - [18/Mar/2025:09:32:31 -0300] "POST /cormun/servlet/solicitudot?gx-no-cache=1742301265189 HTTP/1.1" 200 1481
190.95.15.15 - - [18/Mar/2025:09:32:33 -0300] "POST /cormun/servlet/solicitudot?gx-no-cache=1742301267102 HTTP/1.1" 200 41
190.95.15.15 - - [18/Mar/2025:09:33:14 -0300] "GET /cormun/servlet/solicitudot?c279ee55b99ce38a257bb46c6bd135bf5c09b33d21e29398529ff507df233621ac855432794f8867f29564a9af094153c9ef866fafa2ee3a95d6968280d4cce0fb72d192894f42500489f2ecd9a5ba203ae6474b444ebe1575048e18b18c84c9a5b4a987ebf760148b0ca298aaf58ca5,gx-no-cache=1742301308461 HTTP/1.1" 200 110
190.95.15.15 - - [18/Mar/2025:09:33:14 -0300] "POST /cormun/servlet/solicitudot?gx-no-cache=1742301308489 HTTP/1.1" 200 97
190.95.15.15 - - [18/Mar/2025:09:33:21 -0300] "GET /cormun/servlet/solicitudot?c279ee55b99ce38a257bb46c6bd135bf896e386a272c802866f5417e1516ecb53e4cd2f8b32172a6481369508fa5c4a5ebe4a0c14c8d7524313761d494c49b9a21db367ac6b7d5af97504366123e62e883dd376c06c234c9944892fc987fcf8bf9c915665a3a271e30a3baaa4461813e,gx-no-cache=1742301315519 HTTP/1.1" 200 29
190.95.15.15 - - [18/Mar/2025:09:33:21 -0300] "GET /cormun/static/menuarrow.gif HTTP/1.1" 404 1015
190.95.15.15 - - [18/Mar/2025:09:33:26 -0300] "GET /cormun/servlet/solicitudot?c279ee55b99ce38a257bb46c6bd135bf7b0a97743f3f433060a9c596ffd46e883e6e0ddc76d5012bf7c1e4ad4c03e910,gx-no-cache=1742301320847 HTTP/1.1" 200 30
190.95.15.15 - - [18/Mar/2025:09:33:26 -0300] "POST /cormun/servlet/solicitudot?gx-no-cache=1742301320869 HTTP/1.1" 200 34
190.95.15.15 - - [18/Mar/2025:09:34:04 -0300] "POST /cormun/servlet/solicitudot?37097e7584b01a5d3d9e6de8c1924b8a,INS,0,0,false,,gx-no-cache=1742301358356 HTTP/1.1" 200 93
190.95.15.15 - - [18/Mar/2025:09:34:04 -0300] "GET /cormun/servlet/hpexe_return? HTTP/1.1" 200 1009
190.95.15.15 - - [18/Mar/2025:09:34:04 -0300] "GET /cormun/servlet/trsolicitudot HTTP/1.1" 200 9048
91.208.206.203 - - [18/Mar/2025:09:34:55 -0300] "GET /manager/html HTTP/1.1" 401 2474
201.186.225.191 - - [18/Mar/2025:09:35:15 -0300] "POST /cormun/servlet/solicitudot?f6c2013d1f9de87fb5e61447e333a099,INS,0,0,false,,gx-no-cache=1742301427765 HTTP/1.1" 200 93
201.186.225.191 - - [18/Mar/2025:09:35:15 -0300] "GET /cormun/servlet/hpexe_return? HTTP/1.1" 200 1006
201.186.225.191 - - [18/Mar/2025:09:35:15 -0300] "GET /cormun/servlet/hpexe_return? HTTP/1.1" 200 997
201.186.225.191 - - [18/Mar/2025:09:35:15 -0300] "GET /cormun/servlet/trsolicitudot HTTP/1.1" 200 8851
201.186.225.191 - - [18/Mar/2025:09:35:23 -0300] "POST /cormun/servlet/trsolicitudot?f6c2013d1f9de87fb5e61447e333a099,gx-no-cache=1742301436783 HTTP/1.1" 200 107
201.186.225.191 - - [18/Mar/2025:09:35:23 -0300] "GET /cormun/servlet/trsolicitudadjuntos?2025,22157, HTTP/1.1" 200 6298
201.186.225.191 - - [18/Mar/2025:09:35:28 -0300] "GET /cormun/servlet/solicitudotadjuntos?INS,2025,22157,,1, HTTP/1.1" 200 6241
201.186.225.191 - - [18/Mar/2025:09:35:28 -0300] "GET /cormun/static/gxcfg.js?202211298385187 HTTP/1.1" 200 953
201.186.225.191 - - [18/Mar/2025:09:35:28 -0300] "GET /cormun/static/solicitudotadjuntos.js?202211298385196 HTTP/1.1" 200 11771
201.186.225.191 - - [18/Mar/2025:09:35:29 -0300] "GET /cormun/static/about:blank HTTP/1.1" 404 1011
201.186.225.191 - - [18/Mar/2025:09:35:29 -0300] "GET /cormun/servlet/solicitudotadjuntos?bb2dc00942d097e6ee06840304dcc169a12ede8e7d5752e2c1fc354610ea9f4dc3e73cef402d06586391ccf51c08a3a6,gx-no-cache=1742301442729 HTTP/1.1" 200 30
201.186.225.191 - - [18/Mar/2025:09:35:29 -0300] "POST /cormun/servlet/solicitudotadjuntos?f6c2013d1f9de87fb5e61447e333a099,INS,2025,22157,,1,,gx-no-cache=1742301442757 HTTP/1.1" 200 4188
201.186.225.191 - - [18/Mar/2025:09:35:38 -0300] "POST /cormun/servlet/solicitudotadjuntos?gx-no-cache=1742301451451 HTTP/1.1" 200 26
201.186.225.191 - - [18/Mar/2025:09:36:32 -0300] "GET /cormun/servlet/solicitudotadjuntos?bb2dc00942d097e6ee06840304dcc1690060baaf0214a92556984cba3ecfde96,gx-no-cache=1742301505416 HTTP/1.1" 200 30
201.186.225.191 - - [18/Mar/2025:09:36:32 -0300] "GET /cormun/servlet/solicitudotadjuntos?bb2dc00942d097e6ee06840304dcc1690060baaf0214a92556984cba3ecfde96,gx-no-cache=1742301505704 HTTP/1.1" 200 30
201.186.225.191 - - [18/Mar/2025:09:36:32 -0300] "POST /cormun/servlet/solicitudotadjuntos?f6c2013d1f9de87fb5e61447e333a099,INS,2025,22157,,1, HTTP/1.1" 200 116
201.186.225.191 - - [18/Mar/2025:09:36:32 -0300] "GET /cormun/servlet/hpexe_return? HTTP/1.1" 200 1022
201.186.225.191 - - [18/Mar/2025:09:36:33 -0300] "GET /cormun/servlet/trsolicitudadjuntos?2025,22157, HTTP/1.1" 200 9307
201.186.225.191 - - [18/Mar/2025:09:36:36 -0300] "GET /cormun/servlet/solicitudotadjuntos?INS,2025,22157,,1, HTTP/1.1" 200 6242
201.186.225.191 - - [18/Mar/2025:09:36:36 -0300] "GET /cormun/static/about:blank HTTP/1.1" 404 1011
201.186.225.191 - - [18/Mar/2025:09:36:36 -0300] "GET /cormun/servlet/solicitudotadjuntos?bb2dc00942d097e6ee06840304dcc169a12ede8e7d5752e2c1fc354610ea9f4dc3e73cef402d06586391ccf51c08a3a6,gx-no-cache=1742301509837 HTTP/1.1" 200 30
201.186.225.191 - - [18/Mar/2025:09:36:36 -0300] "POST /cormun/servlet/solicitudotadjuntos?f6c2013d1f9de87fb5e61447e333a099,INS,2025,22157,,1,,gx-no-cache=1742301509864 HTTP/1.1" 200 4188
201.186.225.191 - - [18/Mar/2025:09:36:39 -0300] "POST /cormun/servlet/solicitudotadjuntos?gx-no-cache=1742301512975 HTTP/1.1" 200 26
201.186.225.191 - - [18/Mar/2025:09:36:49 -0300] "GET /cormun/servlet/solicitudotadjuntos?bb2dc00942d097e6ee06840304dcc1690060baaf0214a92556984cba3ecfde96,gx-no-cache=1742301522790 HTTP/1.1" 200 30
201.186.225.191 - - [18/Mar/2025:09:36:49 -0300] "GET /cormun/servlet/solicitudotadjuntos?bb2dc00942d097e6ee06840304dcc1690060baaf0214a92556984cba3ecfde96,gx-no-cache=1742301522814 HTTP/1.1" 200 30
201.186.225.191 - - [18/Mar/2025:09:36:49 -0300] "POST /cormun/servlet/solicitudotadjuntos?f6c2013d1f9de87fb5e61447e333a099,INS,2025,22157,,1, HTTP/1.1" 200 116
201.186.225.191 - - [18/Mar/2025:09:36:49 -0300] "GET /cormun/servlet/hpexe_return? HTTP/1.1" 200 1022
201.186.225.191 - - [18/Mar/2025:09:36:50 -0300] "GET /cormun/servlet/trsolicitudadjuntos?2025,22157, HTTP/1.1" 200 9552
190.95.15.15 - - [18/Mar/2025:09:36:50 -0300] "POST /cormun/servlet/trsolicitudot?37097e7584b01a5d3d9e6de8c1924b8a,gx-no-cache=1742301524775 HTTP/1.1" 200 6433
190.95.15.15 - - [18/Mar/2025:09:36:50 -0300] "GET /cormun/static/Shared/jqueryui/images/ui-bg_highlight-soft_100_c6c2c8_1x100.png HTTP/1.1" 404 1117
190.95.15.15 - - [18/Mar/2025:09:36:50 -0300] "GET /cormun/static/Shared/jqueryui/images/ui-icons_82798d_256x240.png HTTP/1.1" 404 1089
190.95.15.15 - - [18/Mar/2025:09:36:50 -0300] "GET /cormun/static/Shared/jqueryui/images/ui-icons_8d78a5_256x240.png HTTP/1.1" 404 1089
190.95.15.15 - - [18/Mar/2025:09:36:50 -0300] "GET /cormun/static/Shared/jqueryui/images/ui-bg_flat_55_fafafa_40x100.png HTTP/1.1" 404 1097
201.186.225.191 - - [18/Mar/2025:09:36:52 -0300] "GET /cormun/servlet/solicitudotadjuntos?INS,2025,22157,,1, HTTP/1.1" 200 6242
201.186.225.191 - - [18/Mar/2025:09:36:52 -0300] "GET /cormun/static/about:blank HTTP/1.1" 404 1011
201.186.225.191 - - [18/Mar/2025:09:36:52 -0300] "GET /cormun/servlet/solicitudotadjuntos?bb2dc00942d097e6ee06840304dcc169a12ede8e7d5752e2c1fc354610ea9f4dc3e73cef402d06586391ccf51c08a3a6,gx-no-cache=1742301526043 HTTP/1.1" 200 30
201.186.225.191 - - [18/Mar/2025:09:36:52 -0300] "POST /cormun/servlet/solicitudotadjuntos?f6c2013d1f9de87fb5e61447e333a099,INS,2025,22157,,1,,gx-no-cache=1742301526063 HTTP/1.1" 200 4188
201.186.225.191 - - [18/Mar/2025:09:36:55 -0300] "POST /cormun/servlet/solicitudotadjuntos?gx-no-cache=1742301528952 HTTP/1.1" 200 26
201.186.225.191 - - [18/Mar/2025:09:37:23 -0300] "GET /cormun/servlet/solicitudotadjuntos?bb2dc00942d097e6ee06840304dcc1690060baaf0214a92556984cba3ecfde96,gx-no-cache=1742301556206 HTTP/1.1" 200 30
201.186.225.191 - - [18/Mar/2025:09:37:23 -0300] "GET /cormun/servlet/solicitudotadjuntos?bb2dc00942d097e6ee06840304dcc1690060baaf0214a92556984cba3ecfde96,gx-no-cache=1742301556235 HTTP/1.1" 200 30
201.186.225.191 - - [18/Mar/2025:09:37:23 -0300] "POST /cormun/servlet/solicitudotadjuntos?f6c2013d1f9de87fb5e61447e333a099,INS,2025,22157,,1, HTTP/1.1" 200 116
201.186.225.191 - - [18/Mar/2025:09:37:23 -0300] "GET /cormun/servlet/hpexe_return? HTTP/1.1" 200 1022
201.186.225.191 - - [18/Mar/2025:09:37:23 -0300] "GET /cormun/servlet/trsolicitudadjuntos?2025,22157, HTTP/1.1" 200 9821
201.186.225.191 - - [18/Mar/2025:09:37:25 -0300] "GET /cormun/servlet/solicitudotadjuntos?INS,2025,22157,,1, HTTP/1.1" 200 6242
201.186.225.191 - - [18/Mar/2025:09:37:25 -0300] "GET /cormun/static/about:blank HTTP/1.1" 404 1011
201.186.225.191 - - [18/Mar/2025:09:37:26 -0300] "GET /cormun/servlet/solicitudotadjuntos?bb2dc00942d097e6ee06840304dcc169a12ede8e7d5752e2c1fc354610ea9f4dc3e73cef402d06586391ccf51c08a3a6,gx-no-cache=1742301559163 HTTP/1.1" 200 30
201.186.225.191 - - [18/Mar/2025:09:37:26 -0300] "POST /cormun/servlet/solicitudotadjuntos?f6c2013d1f9de87fb5e61447e333a099,INS,2025,22157,,1,,gx-no-cache=1742301559186 HTTP/1.1" 200 4188
201.186.225.191 - - [18/Mar/2025:09:37:29 -0300] "POST /cormun/servlet/solicitudotadjuntos?gx-no-cache=1742301562687 HTTP/1.1" 200 26
201.186.225.191 - - [18/Mar/2025:09:37:35 -0300] "GET /cormun/servlet/solicitudotadjuntos?bb2dc00942d097e6ee06840304dcc1690060baaf0214a92556984cba3ecfde96,gx-no-cache=1742301569038 HTTP/1.1" 200 30
201.186.225.191 - - [18/Mar/2025:09:37:35 -0300] "GET /cormun/servlet/solicitudotadjuntos?bb2dc00942d097e6ee06840304dcc1690060baaf0214a92556984cba3ecfde96,gx-no-cache=1742301569054 HTTP/1.1" 200 30
201.186.225.191 - - [18/Mar/2025:09:37:36 -0300] "POST /cormun/servlet/solicitudotadjuntos?f6c2013d1f9de87fb5e61447e333a099,INS,2025,22157,,1, HTTP/1.1" 200 116
201.186.225.191 - - [18/Mar/2025:09:37:36 -0300] "GET /cormun/servlet/hpexe_return? HTTP/1.1" 200 1022
201.186.225.191 - - [18/Mar/2025:09:37:36 -0300] "GET /cormun/servlet/trsolicitudadjuntos?2025,22157, HTTP/1.1" 200 10073
201.186.225.191 - - [18/Mar/2025:09:37:38 -0300] "GET /cormun/servlet/solicitudotadjuntos?INS,2025,22157,,1, HTTP/1.1" 200 6242
201.186.225.191 - - [18/Mar/2025:09:37:38 -0300] "GET /cormun/static/about:blank HTTP/1.1" 404 1011
201.186.225.191 - - [18/Mar/2025:09:37:38 -0300] "GET /cormun/servlet/solicitudotadjuntos?bb2dc00942d097e6ee06840304dcc169a12ede8e7d5752e2c1fc354610ea9f4dc3e73cef402d06586391ccf51c08a3a6,gx-no-cache=1742301572065 HTTP/1.1" 200 30
201.186.225.191 - - [18/Mar/2025:09:37:39 -0300] "POST /cormun/servlet/solicitudotadjuntos?f6c2013d1f9de87fb5e61447e333a099,INS,2025,22157,,1,,gx-no-cache=1742301572087 HTTP/1.1" 200 4188
201.186.225.191 - - [18/Mar/2025:09:37:41 -0300] "POST /cormun/servlet/solicitudotadjuntos?gx-no-cache=1742301574315 HTTP/1.1" 200 26
201.186.225.191 - - [18/Mar/2025:09:37:46 -0300] "GET /cormun/servlet/solicitudotadjuntos?bb2dc00942d097e6ee06840304dcc1690060baaf0214a92556984cba3ecfde96,gx-no-cache=1742301579970 HTTP/1.1" 200 30
201.186.225.191 - - [18/Mar/2025:09:37:46 -0300] "GET /cormun/servlet/solicitudotadjuntos?bb2dc00942d097e6ee06840304dcc1690060baaf0214a92556984cba3ecfde96,gx-no-cache=1742301579990 HTTP/1.1" 200 30
201.186.225.191 - - [18/Mar/2025:09:37:47 -0300] "POST /cormun/servlet/solicitudotadjuntos?f6c2013d1f9de87fb5e61447e333a099,INS,2025,22157,,1, HTTP/1.1" 200 116
201.186.225.191 - - [18/Mar/2025:09:37:47 -0300] "GET /cormun/servlet/hpexe_return? HTTP/1.1" 200 1022
201.186.225.191 - - [18/Mar/2025:09:37:47 -0300] "GET /cormun/servlet/trsolicitudadjuntos?2025,22157, HTTP/1.1" 200 10401
201.186.225.191 - - [18/Mar/2025:09:37:49 -0300] "GET /cormun/servlet/solicitudotadjuntos?INS,2025,22157,,1, HTTP/1.1" 200 6243
201.186.225.191 - - [18/Mar/2025:09:37:49 -0300] "GET /cormun/static/about:blank HTTP/1.1" 404 1011
201.186.225.191 - - [18/Mar/2025:09:37:50 -0300] "GET /cormun/servlet/solicitudotadjuntos?bb2dc00942d097e6ee06840304dcc169a12ede8e7d5752e2c1fc354610ea9f4dc3e73cef402d06586391ccf51c08a3a6,gx-no-cache=1742301583554 HTTP/1.1" 200 30
201.186.225.191 - - [18/Mar/2025:09:37:50 -0300] "POST /cormun/servlet/solicitudotadjuntos?f6c2013d1f9de87fb5e61447e333a099,INS,2025,22157,,1,,gx-no-cache=1742301583573 HTTP/1.1" 200 4188
201.186.225.191 - - [18/Mar/2025:09:37:52 -0300] "POST /cormun/servlet/solicitudotadjuntos?gx-no-cache=1742301585739 HTTP/1.1" 200 26
