186.40.30.235 - - [18/Mar/2025:11:55:35 -0300] "GET /cormun/servlet/solicitudotadjuntos?c1117bad13d1f58dcdb5bce55a5de8b7640b97ddda4a522c9fc12a752ffa45f1ea4ba2d85ce0672e99660bdef1e32275,gx-no-cache=1742309849675 HTTP/1.1" 200 30
186.40.30.235 - - [18/Mar/2025:11:55:35 -0300] "POST /cormun/servlet/solicitudotadjuntos?41d529d84b8adaefd855070a50181c32,INS,2025,22090,,1,,gx-no-cache=1742309849790 HTTP/1.1" 200 3874
190.95.15.27 - - [18/Mar/2025:11:55:36 -0300] "POST /cormun/servlet/trsolicitudot?bc0b5526aedafc69d01727511cea06c4,gx-no-cache=1742309751807,gx-no-cache=1742309850188 HTTP/1.1" 200 6667
190.95.15.27 - - [18/Mar/2025:11:55:36 -0300] "POST /cormun/servlet/trsolicitudot?bc0b5526aedafc69d01727511cea06c4,gx-no-cache=1742309751807,gx-no-cache=1742309850395 HTTP/1.1" 200 6610
190.95.15.27 - - [18/Mar/2025:11:55:37 -0300] "POST /cormun/servlet/trsolicitudot?bc0b5526aedafc69d01727511cea06c4,gx-no-cache=1742309751807,gx-no-cache=1742309851241 HTTP/1.1" 200 6295
190.95.15.27 - - [18/Mar/2025:11:55:37 -0300] "POST /cormun/servlet/trsolicitudot?bc0b5526aedafc69d01727511cea06c4,gx-no-cache=1742309751807,gx-no-cache=1742309851429 HTTP/1.1" 200 6237
190.95.15.27 - - [18/Mar/2025:11:55:39 -0300] "POST /cormun/servlet/trsolicitudot?bc0b5526aedafc69d01727511cea06c4,gx-no-cache=1742309751807,gx-no-cache=1742309853719 HTTP/1.1" 200 5836
190.95.15.27 - - [18/Mar/2025:11:55:39 -0300] "POST /cormun/servlet/trsolicitudot?bc0b5526aedafc69d01727511cea06c4,gx-no-cache=1742309751807,gx-no-cache=1742309853903 HTTP/1.1" 200 5778
190.95.15.17 - - [18/Mar/2025:11:55:40 -0300] "POST /cormun/servlet/solicitudot?gx-no-cache=1742310169490 HTTP/1.1" 200 4146
190.95.15.17 - - [18/Mar/2025:11:55:40 -0300] "POST /cormun/servlet/solicitudot?9075d14bb058c07f14e010eaabb1ed6e,INS,0,0,false,,gx-no-cache=1742310169705 HTTP/1.1" 200 12974
186.40.30.235 - - [18/Mar/2025:11:55:42 -0300] "GET /cormun/servlet/trsolicitudot? HTTP/1.1" 200 20998
190.95.15.27 - - [18/Mar/2025:11:55:43 -0300] "POST /cormun/servlet/trsolicitudot?bc0b5526aedafc69d01727511cea06c4,gx-no-cache=1742309751807,gx-no-cache=1742309857465 HTTP/1.1" 200 6020
186.40.30.235 - - [18/Mar/2025:11:55:53 -0300] "POST /cormun/servlet/trsolicitudot?41d529d84b8adaefd855070a50181c32,,gx-no-cache=1742309867114 HTTP/1.1" 200 107
186.40.30.235 - - [18/Mar/2025:11:55:53 -0300] "GET /cormun/servlet/trsolicitudadjuntos?2025,22089, HTTP/1.1" 200 6026
190.95.15.27 - - [18/Mar/2025:11:55:54 -0300] "GET /cormun/servlet/vesolicitudot?2025,22159,, HTTP/1.1" 200 8325
190.95.15.27 - - [18/Mar/2025:11:55:54 -0300] "GET /cormun/pexe_scrolldiv.js HTTP/1.1" 404 1009
186.40.30.235 - - [18/Mar/2025:11:55:55 -0300] "GET /cormun/servlet/solicitudotadjuntos?INS,2025,22089,,1, HTTP/1.1" 200 5966
186.40.30.235 - - [18/Mar/2025:11:55:56 -0300] "GET /cormun/static/about:blank HTTP/1.1" 404 1011
186.40.30.235 - - [18/Mar/2025:11:55:56 -0300] "GET /cormun/servlet/solicitudotadjuntos?c1117bad13d1f58dcdb5bce55a5de8b77b35ad760281000064d453685dcf26dfea4ba2d85ce0672e99660bdef1e32275,gx-no-cache=1742309870642 HTTP/1.1" 200 30
186.40.30.235 - - [18/Mar/2025:11:55:56 -0300] "POST /cormun/servlet/solicitudotadjuntos?41d529d84b8adaefd855070a50181c32,INS,2025,22089,,1,,gx-no-cache=1742309870707 HTTP/1.1" 200 3874
186.40.30.235 - - [18/Mar/2025:11:55:59 -0300] "POST /cormun/servlet/solicitudotadjuntos?gx-no-cache=1742309872970 HTTP/1.1" 200 26
190.95.15.17 - - [18/Mar/2025:11:56:01 -0300] "GET /cormun/servlet/solicitudot?177a7a3ce9b1826f3d4019f341a7fe20526912ab4c36ace45135b9441bfa5c4d0a4774510699f6418326bf4a7e254500,gx-no-cache=1742310191205 HTTP/1.1" 200 30
190.95.15.17 - - [18/Mar/2025:11:56:01 -0300] "GET /cormun/servlet/solicitudot?177a7a3ce9b1826f3d4019f341a7fe20583de50ae291bf66a88b306508e24e3a3720592b6380a4ff3cf7c743c6e920ae,gx-no-cache=1742310191257 HTTP/1.1" 200 103
190.95.15.17 - - [18/Mar/2025:11:56:01 -0300] "GET /cormun/static/Shared/jqueryui/images/ui-bg_highlight-soft_100_c6c2c8_1x100.png HTTP/1.1" 404 1117
190.95.15.17 - - [18/Mar/2025:11:56:01 -0300] "GET /cormun/static/Shared/jqueryui/images/ui-icons_82798d_256x240.png HTTP/1.1" 404 1089
190.95.15.17 - - [18/Mar/2025:11:56:01 -0300] "GET /cormun/static/Shared/jqueryui/images/ui-bg_flat_55_994d53_40x100.png HTTP/1.1" 404 1097
190.95.15.17 - - [18/Mar/2025:11:56:01 -0300] "GET /cormun/static/Shared/jqueryui/images/ui-icons_ebccce_256x240.png HTTP/1.1" 404 1089
190.95.15.17 - - [18/Mar/2025:11:56:01 -0300] "GET /cormun/servlet/solicitudot?177a7a3ce9b1826f3d4019f341a7fe20c9638dee80c3c3c9bd691e9e854241ae,gx-no-cache=1742310191329 HTTP/1.1" 200 53
190.95.15.27 - - [18/Mar/2025:11:56:12 -0300] "GET /cormun/servlet/vesolicitudot?2025,22159,,SolicitudOTAdjuntos HTTP/1.1" 200 7305
190.95.15.27 - - [18/Mar/2025:11:56:12 -0300] "GET /cormun/pexe_scrolldiv.js HTTP/1.1" 404 1009
190.95.15.27 - - [18/Mar/2025:11:56:12 -0300] "GET /cormun/static/tbsolicitudot02.js?202211298385594 HTTP/1.1" 200 15626
190.95.15.27 - - [18/Mar/2025:11:56:12 -0300] "GET /cormun/static/gxui/gxui-all.css HTTP/1.1" 200 2179
190.95.15.27 - - [18/Mar/2025:11:56:12 -0300] "GET /cormun/static/Resources/PXToolsTabFirstUnselected.png HTTP/1.1" 200 1278
190.95.15.27 - - [18/Mar/2025:11:56:12 -0300] "GET /cormun/static/Resources/PXToolsTabUnselectedSelected.png HTTP/1.1" 200 1458
190.95.15.27 - - [18/Mar/2025:11:56:12 -0300] "GET /cormun/static/Shared/ext/resources/css/ext-all.css HTTP/1.1" 200 416045
190.95.15.17 - - [18/Mar/2025:11:56:13 -0300] "POST /cormun/servlet/solicitudot?gx-no-cache=1742310202990 HTTP/1.1" 200 240
190.95.15.17 - - [18/Mar/2025:11:56:13 -0300] "GET /cormun/servlet/solicitudot?177a7a3ce9b1826f3d4019f341a7fe20bf52f7bcbae922e014c2cc47e700e63b1147f9f09f9ff2c373724ea2db853c1bc23e9bcca3a1eea405ab8c369e1549ec1c1141f78b08779f750f66b407df384ebf3b434a2e6fc38b4d471e2db7746edf21f32ed8a9482cea53600069146fb840ce7f6bc8877d245507ba36cec36dfad7ffe92835fee13069b9ee68a3cc2a3d8a9efc60204af60a34ccff0b54f9585e8c5ccf56e89462ac205172630cf87455194a1f94626d9814c700733d01807f6305d0c28da9cd0e194a9f531b000af6564c6e3ab663bf3c3ec4aa37ec4b897d34b60efaf1d6951def440ff36f20fad262bb2ba7bcac34c221906c24c29d8cddf63c61d41a8d0c5057df27e34ffb7b63a67a16d74eeafb56007ca00bf5781e2fa60234f032cdde1a4ed7b40c369f543587cdab280246c62d273c273c01e67cc778babf2c75fbe8277d7728714716c376f4d23f5649a19a450eb72d8c9664fd70b22d0859a998f2f883e92c02f481dadad23892fbf23d56f6cf3234ada4536037886f,gx-no-cache=1742310203029 HTTP/1.1" 200 30
190.95.15.27 - - [18/Mar/2025:11:56:13 -0300] "POST /cormun/servlet/acontrolpreferencessavestate?None,CG-15,true HTTP/1.1" 200 35
190.95.15.17 - - [18/Mar/2025:11:56:16 -0300] "POST /cormun/servlet/solicitudot?gx-no-cache=1742310206343 HTTP/1.1" 200 30
190.95.15.27 - - [18/Mar/2025:11:56:18 -0300] "POST /cormun/servlet/vesolicitudot?bc0b5526aedafc69d01727511cea06c4,2025,22159,,SolicitudOTAdjuntos,gx-no-cache=1742309892066 HTTP/1.1" 200 90
190.95.15.27 - - [18/Mar/2025:11:56:18 -0300] "GET /cormun/servlet/hpexe_link HTTP/1.1" 200 1001
190.95.15.27 - - [18/Mar/2025:11:56:18 -0300] "GET /cormun/servlet/trsolicitudot?gx-no-cache=1742309751807 HTTP/1.1" 200 8585
91.208.206.203 - - [18/Mar/2025:11:56:20 -0300] "GET /manager/html HTTP/1.1" 401 2474
190.95.15.27 - - [18/Mar/2025:11:56:21 -0300] "POST /cormun/servlet/trsolicitudot?bc0b5526aedafc69d01727511cea06c4,gx-no-cache=1742309751807,gx-no-cache=1742309895638 HTTP/1.1" 200 112
190.95.15.27 - - [18/Mar/2025:11:56:21 -0300] "GET /cormun/servlet/solicitudot?UPD,2025,22159,false, HTTP/1.1" 200 16651
190.95.15.27 - - [18/Mar/2025:11:56:22 -0300] "POST /cormun/servlet/solicitudot?gx-no-cache=1742309896633 HTTP/1.1" 200 4143
190.95.15.27 - - [18/Mar/2025:11:56:22 -0300] "POST /cormun/servlet/solicitudot?bc0b5526aedafc69d01727511cea06c4,UPD,2025,22159,false,,gx-no-cache=1742309896798 HTTP/1.1" 200 12835
190.95.15.27 - - [18/Mar/2025:11:56:22 -0300] "GET /cormun/servlet/solicitudot?162cfa23f4a81f54d9176d9e4759c2b5b1896296cda7e2a5fed3733b030825f4e4b7b3458737409a3f1ead7ecebc9b69,gx-no-cache=1742309896915 HTTP/1.1" 200 30
190.95.15.27 - - [18/Mar/2025:11:56:22 -0300] "GET /cormun/servlet/solicitudot?162cfa23f4a81f54d9176d9e4759c2b549bad709a5f724797a46ad59d5b13c83e6afa3eb0dc2a9cf4ad8fc132d8bed39d8d3a99c4eb84b9e4f6eb50a14027593,gx-no-cache=1742309896941 HTTP/1.1" 200 30
190.95.15.27 - - [18/Mar/2025:11:56:22 -0300] "GET /cormun/servlet/solicitudot?162cfa23f4a81f54d9176d9e4759c2b52022c33ea820600448df8bf47f71130ecfd3abb4f0d171e90e5994af5f7ef336bf7b1a86b45132b6a2b75a99711f4cc5,gx-no-cache=1742309896964 HTTP/1.1" 200 53
190.95.15.27 - - [18/Mar/2025:11:56:23 -0300] "POST /cormun/servlet/solicitudot?gx-no-cache=1742309896991 HTTP/1.1" 200 297
190.95.15.27 - - [18/Mar/2025:11:56:23 -0300] "GET /cormun/servlet/solicitudot?162cfa23f4a81f54d9176d9e4759c2b5fd73e9e49ac7d9ccb0669e05a2ffbddf637e4ef60aa07a369813b0dee1c3bf0e1c5c10bec9a80db2b7371fe0d90d5a3c8edb9c352a765a873413422bf085780d37f09c083d2b2a08f0a51b3d9290924364ff1de8313e6927aa386e7c5905c119d9f867b0352fe7437b6d17f34df082d1a396c4812aff084d91ec746036f646a55ab7e8c0478f5fd59f91c0aaa57230cf358b1274da1104c50961eb093601a496a868bfe8ad5c6a09c18e5959b6cf41c14f9800c3b72f31a379e09444ce560b52f43c8d1032c71eeb9aafa3a8dcee3149c966e6e50362fb6e61569afdaf4647baab6a68a444efe2ea5828f71d23ba9034245404c9873dda7c4efc2c8b1d0ded6cd37202c9bb91a70f839a04dbf8d6958d0d5e3377d4f0569f85f55a8ae10ba51d53ff0b08ac2896241719ca04fbcccde239e1117c73d806fae9a2272fad4e7083eb3e6ea9e6b7f8013299487672b322c050281588d8ca74184bc6efb228d79ed8a1e7c0925ff8654a6b4dca5419516a51099be990ea3cfdb6fc14afb9447173d7,gx-no-cache=1742309897028 HTTP/1.1" 200 30
190.95.15.27 - - [18/Mar/2025:11:56:23 -0300] "POST /cormun/servlet/solicitudot?gx-no-cache=1742309897053 HTTP/1.1" 200 30
190.95.15.27 - - [18/Mar/2025:11:56:23 -0300] "POST /cormun/servlet/solicitudot?gx-no-cache=1742309897086 HTTP/1.1" 200 1481
190.95.15.27 - - [18/Mar/2025:11:56:23 -0300] "POST /cormun/servlet/solicitudot?gx-no-cache=1742309897131 HTTP/1.1" 200 38
190.95.15.27 - - [18/Mar/2025:11:56:27 -0300] "POST /cormun/servlet/solicitudot?gx-no-cache=1742309901875 HTTP/1.1" 200 30
190.95.67.91 - - [18/Mar/2025:11:56:36 -0300] "GET /cormun/servlet/trlicencias? HTTP/1.1" 200 6059
190.95.67.91 - - [18/Mar/2025:11:56:36 -0300] "GET /cormun/servlet/hlogin HTTP/1.1" 200 1741
190.95.15.27 - - [18/Mar/2025:11:56:36 -0300] "POST /cormun/servlet/solicitudot?gx-no-cache=1742309910803 HTTP/1.1" 200 1481
190.95.15.27 - - [18/Mar/2025:11:56:36 -0300] "POST /cormun/servlet/solicitudot?gx-no-cache=1742309910851 HTTP/1.1" 200 38
190.95.15.27 - - [18/Mar/2025:11:56:36 -0300] "GET /cormun/servlet/solicitudot?162cfa23f4a81f54d9176d9e4759c2b5d2d0a1e640b833ee79ac5cc2d855d2cac5b15d3df8105ddd0fe54e0d0fd638cc4d338f6afa872871344d78dff7d835cb5d42bf68de207d4b777fc45731645110d287e356781e95b12dee782f403b48fca6656efadb517843030147bf0ebd4335,gx-no-cache=1742309910918 HTTP/1.1" 200 110
190.95.15.27 - - [18/Mar/2025:11:56:36 -0300] "POST /cormun/servlet/solicitudot?gx-no-cache=1742309910956 HTTP/1.1" 200 79
190.95.15.27 - - [18/Mar/2025:11:56:37 -0300] "GET /cormun/servlet/solicitudot?162cfa23f4a81f54d9176d9e4759c2b5943fb84e556c4d7e45897159f89ed63838a2d6db3baee1c8238e915653824bb75daade6e53f2d95e48034ed4141522701ce4e04f21a7caea5d42d7d3a1af1d22ff9add7029ac2e230ab005e681a13588dfcc9b8889e5483ff7ed85d500bcd392,gx-no-cache=1742309911006 HTTP/1.1" 200 29
190.95.15.27 - - [18/Mar/2025:11:56:37 -0300] "GET /cormun/servlet/solicitudot?162cfa23f4a81f54d9176d9e4759c2b5f66bcbb363931db2dce343d9f40aa07ab44232f5f22749493858f280ee46e640,gx-no-cache=1742309911036 HTTP/1.1" 200 30
190.95.15.27 - - [18/Mar/2025:11:56:37 -0300] "POST /cormun/servlet/solicitudot?gx-no-cache=1742309911066 HTTP/1.1" 200 30
190.95.15.27 - - [18/Mar/2025:11:56:37 -0300] "POST /cormun/servlet/solicitudot?bc0b5526aedafc69d01727511cea06c4,UPD,2025,22159,false,,gx-no-cache=1742309911135 HTTP/1.1" 200 93
190.95.15.27 - - [18/Mar/2025:11:56:37 -0300] "GET /cormun/servlet/hpexe_return? HTTP/1.1" 200 1040
190.95.15.27 - - [18/Mar/2025:11:56:37 -0300] "GET /cormun/servlet/trsolicitudot?gx-no-cache=1742309751807 HTTP/1.1" 200 8553
190.95.15.17 - - [18/Mar/2025:11:56:39 -0300] "POST /cormun/servlet/solicitudot?gx-no-cache=1742310228927 HTTP/1.1" 200 1481
190.95.15.17 - - [18/Mar/2025:11:56:39 -0300] "GET /cormun/static/menuarrow.gif HTTP/1.1" 404 1015
190.95.67.91 - - [18/Mar/2025:11:56:44 -0300] "POST /cormun/servlet/hlogin?2480046dcf83f45bc83a997c1a24dd13,gx-no-cache=1742309917790 HTTP/1.1" 200 90
190.95.67.91 - - [18/Mar/2025:11:56:44 -0300] "GET /cormun/servlet/hpexe_link HTTP/1.1" 200 956
190.95.67.91 - - [18/Mar/2025:11:56:44 -0300] "GET /cormun/servlet/trlicencias HTTP/1.1" 200 11475
190.95.15.17 - - [18/Mar/2025:11:56:44 -0300] "POST /cormun/servlet/solicitudot?gx-no-cache=1742310234431 HTTP/1.1" 200 41
190.95.15.27 - - [18/Mar/2025:11:56:46 -0300] "POST /cormun/servlet/trsolicitudot?bc0b5526aedafc69d01727511cea06c4,gx-no-cache=1742309751807,gx-no-cache=1742309920419 HTTP/1.1" 200 4602
190.95.15.27 - - [18/Mar/2025:11:56:46 -0300] "POST /cormun/servlet/trsolicitudot?bc0b5526aedafc69d01727511cea06c4,gx-no-cache=1742309751807,gx-no-cache=1742309920584 HTTP/1.1" 200 4342
190.95.67.91 - - [18/Mar/2025:11:56:57 -0300] "GET /cormun/static/menuarrow.gif HTTP/1.1" 404 1015
190.95.15.27 - - [18/Mar/2025:11:57:05 -0300] "GET /cormun/servlet/hlogin HTTP/1.1" 200 1765
186.40.30.235 - - [18/Mar/2025:11:57:07 -0300] "GET /cormun/servlet/solicitudotadjuntos?c1117bad13d1f58dcdb5bce55a5de8b7679ad215667ef3b72a1e44ee5a33de94,gx-no-cache=1742309941603 HTTP/1.1" 200 30
186.40.30.235 - - [18/Mar/2025:11:57:07 -0300] "GET /cormun/servlet/solicitudotadjuntos?c1117bad13d1f58dcdb5bce55a5de8b7679ad215667ef3b72a1e44ee5a33de94,gx-no-cache=1742309941758 HTTP/1.1" 200 30
190.95.15.17 - - [18/Mar/2025:11:57:08 -0300] "GET /cormun/servlet/solicitudot?177a7a3ce9b1826f3d4019f341a7fe20eef1302ba7e535618ad489854c4b7ac44da197e5cc216cb22847ba97b840d78642d33260b8c5b85123e16c0134dca8a1822f69cfeb779aa21eb2992b01ca28d76708e7e8d4bbf8bcddff5a552b0d43a607714b8dd996b978758fe1ef870cfc5f,gx-no-cache=1742310257796 HTTP/1.1" 200 110
190.95.15.17 - - [18/Mar/2025:11:57:08 -0300] "POST /cormun/servlet/solicitudot?gx-no-cache=1742310257837 HTTP/1.1" 200 97
186.40.30.235 - - [18/Mar/2025:11:57:11 -0300] "POST /cormun/servlet/solicitudotadjuntos?41d529d84b8adaefd855070a50181c32,INS,2025,22089,,1, HTTP/1.1" 200 116
186.40.30.235 - - [18/Mar/2025:11:57:11 -0300] "GET /cormun/servlet/hpexe_return? HTTP/1.1" 200 1029
186.40.30.235 - - [18/Mar/2025:11:57:12 -0300] "GET /cormun/servlet/trsolicitudadjuntos?2025,22089, HTTP/1.1" 200 9043
186.40.30.235 - - [18/Mar/2025:11:57:14 -0300] "GET /cormun/servlet/solicitudotadjuntos?INS,2025,22089,,1, HTTP/1.1" 200 5966
186.40.30.235 - - [18/Mar/2025:11:57:14 -0300] "GET /cormun/static/about:blank HTTP/1.1" 404 1011
186.40.30.235 - - [18/Mar/2025:11:57:15 -0300] "GET /cormun/servlet/solicitudotadjuntos?c1117bad13d1f58dcdb5bce55a5de8b77b35ad760281000064d453685dcf26dfea4ba2d85ce0672e99660bdef1e32275,gx-no-cache=1742309949086 HTTP/1.1" 200 30
186.40.30.235 - - [18/Mar/2025:11:57:15 -0300] "POST /cormun/servlet/solicitudotadjuntos?41d529d84b8adaefd855070a50181c32,INS,2025,22089,,1,,gx-no-cache=1742309949187 HTTP/1.1" 200 3873
190.95.15.17 - - [18/Mar/2025:11:57:16 -0300] "GET /cormun/servlet/solicitudot?177a7a3ce9b1826f3d4019f341a7fe20666fdc1ca6983aa1e2ee54e61fde9582e2128272ced81de9bb39e600cde7ca89d3815f966f3f2c3a5405f269e4e0a9cc883c468cee9a530d4dffb402d273e24fc56bd1f37d86518c4d3317732fa6cfbc91bf2f3f04d8f1a2455a21ecc3771832e6adc8f3f2eeec7fbf7548760e10ad26f2373cee5585c4d325e46ec11a71eb0d48ccbd3c181579f1213947e5b8c6c81d,gx-no-cache=1742310265911 HTTP/1.1" 200 29
190.95.15.27 - - [18/Mar/2025:11:57:16 -0300] "POST /cormun/servlet/hlogin?bc0b5526aedafc69d01727511cea06c4,gx-no-cache=1742309950660 HTTP/1.1" 200 90
190.95.15.27 - - [18/Mar/2025:11:57:16 -0300] "GET /cormun/servlet/hpexe_link HTTP/1.1" 200 955
190.95.15.27 - - [18/Mar/2025:11:57:16 -0300] "GET /cormun/servlet/hhome HTTP/1.1" 200 4188
186.40.30.235 - - [18/Mar/2025:11:57:17 -0300] "POST /cormun/servlet/solicitudotadjuntos?gx-no-cache=1742309951429 HTTP/1.1" 200 26
190.95.15.17 - - [18/Mar/2025:11:57:22 -0300] "GET /cormun/servlet/solicitudot?177a7a3ce9b1826f3d4019f341a7fe20f9965ce69e0370ef45fa493526c1aa12926e4cf58681c8f3540158fc1716c69e,gx-no-cache=1742310272287 HTTP/1.1" 200 30
190.95.15.17 - - [18/Mar/2025:11:57:22 -0300] "POST /cormun/servlet/solicitudot?gx-no-cache=1742310272309 HTTP/1.1" 200 34
190.95.15.27 - - [18/Mar/2025:11:57:24 -0300] "GET /cormun/servlet/trautorizarsolicitud? HTTP/1.1" 200 12362
190.95.15.27 - - [18/Mar/2025:11:57:24 -0300] "GET /cormun/static/gxcfg.js?202211298474254 HTTP/1.1" 200 953
190.95.15.27 - - [18/Mar/2025:11:57:24 -0300] "GET /cormun/static/trautorizarsolicitud.js?202211298474588 HTTP/1.1" 200 53909
186.40.30.235 - - [18/Mar/2025:11:57:24 -0300] "GET /cormun/servlet/solicitudotadjuntos?c1117bad13d1f58dcdb5bce55a5de8b7679ad215667ef3b72a1e44ee5a33de94,gx-no-cache=1742309958252 HTTP/1.1" 200 30
186.40.30.235 - - [18/Mar/2025:11:57:24 -0300] "GET /cormun/servlet/solicitudotadjuntos?c1117bad13d1f58dcdb5bce55a5de8b7679ad215667ef3b72a1e44ee5a33de94,gx-no-cache=1742309958336 HTTP/1.1" 200 30
186.40.30.235 - - [18/Mar/2025:11:57:24 -0300] "POST /cormun/servlet/solicitudotadjuntos?41d529d84b8adaefd855070a50181c32,INS,2025,22089,,1, HTTP/1.1" 200 116
186.40.30.235 - - [18/Mar/2025:11:57:24 -0300] "GET /cormun/servlet/hpexe_return? HTTP/1.1" 200 1029
186.40.30.235 - - [18/Mar/2025:11:57:24 -0300] "GET /cormun/servlet/trsolicitudadjuntos?2025,22089, HTTP/1.1" 200 9287
186.40.30.235 - - [18/Mar/2025:11:57:28 -0300] "GET /cormun/servlet/solicitudotadjuntos?INS,2025,22089,,1, HTTP/1.1" 200 5966
186.40.30.235 - - [18/Mar/2025:11:57:28 -0300] "GET /cormun/static/about:blank HTTP/1.1" 404 1011
186.40.30.235 - - [18/Mar/2025:11:57:28 -0300] "GET /cormun/servlet/solicitudotadjuntos?c1117bad13d1f58dcdb5bce55a5de8b77b35ad760281000064d453685dcf26dfea4ba2d85ce0672e99660bdef1e32275,gx-no-cache=1742309962741 HTTP/1.1" 200 30
186.40.30.235 - - [18/Mar/2025:11:57:28 -0300] "POST /cormun/servlet/solicitudotadjuntos?41d529d84b8adaefd855070a50181c32,INS,2025,22089,,1,,gx-no-cache=1742309962815 HTTP/1.1" 200 3873
190.95.67.91 - - [18/Mar/2025:11:57:30 -0300] "POST /cormun/servlet/trlicencias?2480046dcf83f45bc83a997c1a24dd13,gx-no-cache=1742309964054 HTTP/1.1" 200 6723
190.95.67.91 - - [18/Mar/2025:11:57:36 -0300] "GET /cormun/servlet/licenciaspermisos?DSP,16253579,L,20230602000000, HTTP/1.1" 200 7329
190.95.15.27 - - [18/Mar/2025:11:57:39 -0300] "POST /cormun/servlet/trautorizarsolicitud?bc0b5526aedafc69d01727511cea06c4,,gx-no-cache=1742309973427 HTTP/1.1" 200 9324
190.95.15.27 - - [18/Mar/2025:11:57:39 -0300] "POST /cormun/servlet/trautorizarsolicitud?bc0b5526aedafc69d01727511cea06c4,,gx-no-cache=1742309973661 HTTP/1.1" 200 9268
190.95.15.27 - - [18/Mar/2025:11:57:40 -0300] "POST /cormun/servlet/trautorizarsolicitud?bc0b5526aedafc69d01727511cea06c4,,gx-no-cache=1742309974064 HTTP/1.1" 200 8837
190.95.15.27 - - [18/Mar/2025:11:57:40 -0300] "POST /cormun/servlet/trautorizarsolicitud?bc0b5526aedafc69d01727511cea06c4,,gx-no-cache=1742309974349 HTTP/1.1" 200 8781
190.95.15.27 - - [18/Mar/2025:11:57:40 -0300] "POST /cormun/servlet/trautorizarsolicitud?bc0b5526aedafc69d01727511cea06c4,,gx-no-cache=1742309974646 HTTP/1.1" 200 8430
190.95.15.27 - - [18/Mar/2025:11:57:40 -0300] "POST /cormun/servlet/trautorizarsolicitud?bc0b5526aedafc69d01727511cea06c4,,gx-no-cache=1742309974859 HTTP/1.1" 200 8375
190.95.15.27 - - [18/Mar/2025:11:57:41 -0300] "POST /cormun/servlet/trautorizarsolicitud?bc0b5526aedafc69d01727511cea06c4,,gx-no-cache=1742309975358 HTTP/1.1" 200 7965
190.95.15.27 - - [18/Mar/2025:11:57:41 -0300] "POST /cormun/servlet/trautorizarsolicitud?bc0b5526aedafc69d01727511cea06c4,,gx-no-cache=1742309975554 HTTP/1.1" 200 7910
186.40.30.235 - - [18/Mar/2025:11:57:41 -0300] "POST /cormun/servlet/solicitudotadjuntos?gx-no-cache=1742309975648 HTTP/1.1" 200 26
190.95.15.27 - - [18/Mar/2025:11:57:42 -0300] "POST /cormun/servlet/trautorizarsolicitud?bc0b5526aedafc69d01727511cea06c4,,gx-no-cache=1742309975893 HTTP/1.1" 200 7587
190.95.15.27 - - [18/Mar/2025:11:57:42 -0300] "POST /cormun/servlet/trautorizarsolicitud?bc0b5526aedafc69d01727511cea06c4,,gx-no-cache=1742309976060 HTTP/1.1" 200 7531
190.95.15.27 - - [18/Mar/2025:11:57:42 -0300] "POST /cormun/servlet/trautorizarsolicitud?bc0b5526aedafc69d01727511cea06c4,,gx-no-cache=1742309976392 HTTP/1.1" 200 7214
190.95.15.27 - - [18/Mar/2025:11:57:42 -0300] "POST /cormun/servlet/trautorizarsolicitud?bc0b5526aedafc69d01727511cea06c4,,gx-no-cache=1742309976566 HTTP/1.1" 200 7160
190.95.15.27 - - [18/Mar/2025:11:57:43 -0300] "POST /cormun/servlet/trautorizarsolicitud?bc0b5526aedafc69d01727511cea06c4,,gx-no-cache=1742309976878 HTTP/1.1" 200 6730
190.95.15.27 - - [18/Mar/2025:11:57:43 -0300] "POST /cormun/servlet/trautorizarsolicitud?bc0b5526aedafc69d01727511cea06c4,,gx-no-cache=1742309977061 HTTP/1.1" 200 6672
190.95.15.27 - - [18/Mar/2025:11:57:43 -0300] "POST /cormun/servlet/trautorizarsolicitud?bc0b5526aedafc69d01727511cea06c4,,gx-no-cache=1742309977310 HTTP/1.1" 200 6392
190.95.15.27 - - [18/Mar/2025:11:57:43 -0300] "POST /cormun/servlet/trautorizarsolicitud?bc0b5526aedafc69d01727511cea06c4,,gx-no-cache=1742309977493 HTTP/1.1" 200 6338
190.95.15.27 - - [18/Mar/2025:11:57:44 -0300] "POST /cormun/servlet/trautorizarsolicitud?bc0b5526aedafc69d01727511cea06c4,,gx-no-cache=1742309978001 HTTP/1.1" 200 5987
190.95.15.27 - - [18/Mar/2025:11:57:44 -0300] "POST /cormun/servlet/trautorizarsolicitud?bc0b5526aedafc69d01727511cea06c4,,gx-no-cache=1742309978142 HTTP/1.1" 200 5932
190.95.15.27 - - [18/Mar/2025:11:57:45 -0300] "POST /cormun/servlet/trautorizarsolicitud?bc0b5526aedafc69d01727511cea06c4,,gx-no-cache=1742309978962 HTTP/1.1" 200 4785
190.95.15.27 - - [18/Mar/2025:11:57:45 -0300] "POST /cormun/servlet/trautorizarsolicitud?bc0b5526aedafc69d01727511cea06c4,,gx-no-cache=1742309979147 HTTP/1.1" 200 4545
186.40.30.235 - - [18/Mar/2025:11:57:47 -0300] "GET /cormun/servlet/solicitudotadjuntos?c1117bad13d1f58dcdb5bce55a5de8b7679ad215667ef3b72a1e44ee5a33de94,gx-no-cache=1742309981397 HTTP/1.1" 200 30
186.40.30.235 - - [18/Mar/2025:11:57:47 -0300] "GET /cormun/servlet/solicitudotadjuntos?c1117bad13d1f58dcdb5bce55a5de8b7679ad215667ef3b72a1e44ee5a33de94,gx-no-cache=1742309981502 HTTP/1.1" 200 30
186.40.30.235 - - [18/Mar/2025:11:57:47 -0300] "POST /cormun/servlet/solicitudotadjuntos?41d529d84b8adaefd855070a50181c32,INS,2025,22089,,1, HTTP/1.1" 200 116
186.40.30.235 - - [18/Mar/2025:11:57:48 -0300] "GET /cormun/servlet/hpexe_return? HTTP/1.1" 200 1029
186.40.30.235 - - [18/Mar/2025:11:57:48 -0300] "GET /cormun/servlet/trsolicitudadjuntos?2025,22089, HTTP/1.1" 200 9505
190.95.67.91 - - [18/Mar/2025:11:57:48 -0300] "POST /cormun/servlet/licenciaspermisos?2480046dcf83f45bc83a997c1a24dd13,DSP,16253579,L,20230602000000,,gx-no-cache=1742309982111 HTTP/1.1" 200 93
190.95.67.91 - - [18/Mar/2025:11:57:48 -0300] "GET /cormun/servlet/hpexe_return? HTTP/1.1" 200 1050
190.95.67.91 - - [18/Mar/2025:11:57:48 -0300] "GET /cormun/servlet/trlicencias?gx-no-cache=1742309964054 HTTP/1.1" 200 9329
186.40.30.235 - - [18/Mar/2025:11:57:50 -0300] "GET /cormun/servlet/solicitudotadjuntos?INS,2025,22089,,1, HTTP/1.1" 200 5967
186.40.30.235 - - [18/Mar/2025:11:57:50 -0300] "GET /cormun/static/about:blank HTTP/1.1" 404 1011
186.40.30.235 - - [18/Mar/2025:11:57:51 -0300] "GET /cormun/servlet/solicitudotadjuntos?c1117bad13d1f58dcdb5bce55a5de8b77b35ad760281000064d453685dcf26dfea4ba2d85ce0672e99660bdef1e32275,gx-no-cache=1742309985224 HTTP/1.1" 200 30
186.40.30.235 - - [18/Mar/2025:11:57:51 -0300] "POST /cormun/servlet/solicitudotadjuntos?41d529d84b8adaefd855070a50181c32,INS,2025,22089,,1,,gx-no-cache=1742309985303 HTTP/1.1" 200 3871
186.40.30.235 - - [18/Mar/2025:11:57:54 -0300] "POST /cormun/servlet/solicitudotadjuntos?gx-no-cache=1742309987903 HTTP/1.1" 200 26
190.95.15.27 - - [18/Mar/2025:11:57:56 -0300] "GET /cormun/servlet/trvisualizadoreventos? HTTP/1.1" 200 6943
190.95.15.27 - - [18/Mar/2025:11:57:56 -0300] "GET /cormun/static/gxcfg.js?202211298474834 HTTP/1.1" 200 953
190.95.15.27 - - [18/Mar/2025:11:57:56 -0300] "GET /cormun/static/Resources/PXToolsActionPrint.png HTTP/1.1" 200 404
190.95.15.27 - - [18/Mar/2025:11:57:56 -0300] "GET /cormun/static/trvisualizadoreventos.js?202211298474971 HTTP/1.1" 200 19318
186.40.30.235 - - [18/Mar/2025:11:58:05 -0300] "GET /cormun/servlet/solicitudotadjuntos?c1117bad13d1f58dcdb5bce55a5de8b7679ad215667ef3b72a1e44ee5a33de94,gx-no-cache=1742309999517 HTTP/1.1" 200 30
186.40.30.235 - - [18/Mar/2025:11:58:05 -0300] "GET /cormun/servlet/solicitudotadjuntos?c1117bad13d1f58dcdb5bce55a5de8b7679ad215667ef3b72a1e44ee5a33de94,gx-no-cache=1742309999587 HTTP/1.1" 200 30
186.40.30.235 - - [18/Mar/2025:11:58:05 -0300] "POST /cormun/servlet/solicitudotadjuntos?41d529d84b8adaefd855070a50181c32,INS,2025,22089,,1, HTTP/1.1" 200 116
186.40.30.235 - - [18/Mar/2025:11:58:05 -0300] "GET /cormun/servlet/hpexe_return? HTTP/1.1" 200 1029
186.40.30.235 - - [18/Mar/2025:11:58:06 -0300] "GET /cormun/servlet/trsolicitudadjuntos?2025,22089, HTTP/1.1" 200 9818
186.40.30.235 - - [18/Mar/2025:11:58:08 -0300] "GET /cormun/servlet/solicitudotadjuntos?INS,2025,22089,,1, HTTP/1.1" 200 5967
186.40.30.235 - - [18/Mar/2025:11:58:08 -0300] "GET /cormun/static/about:blank HTTP/1.1" 404 1011
190.95.15.27 - - [18/Mar/2025:11:58:08 -0300] "POST /cormun/servlet/trvisualizadoreventos?bc0b5526aedafc69d01727511cea06c4,,gx-no-cache=1742310002666 HTTP/1.1" 200 4298
186.40.30.235 - - [18/Mar/2025:11:58:09 -0300] "GET /cormun/servlet/solicitudotadjuntos?c1117bad13d1f58dcdb5bce55a5de8b77b35ad760281000064d453685dcf26dfea4ba2d85ce0672e99660bdef1e32275,gx-no-cache=1742310003055 HTTP/1.1" 200 30
186.40.30.235 - - [18/Mar/2025:11:58:09 -0300] "POST /cormun/servlet/solicitudotadjuntos?41d529d84b8adaefd855070a50181c32,INS,2025,22089,,1,,gx-no-cache=1742310003161 HTTP/1.1" 200 3871
186.40.30.235 - - [18/Mar/2025:11:58:11 -0300] "POST /cormun/servlet/solicitudotadjuntos?gx-no-cache=1742310005199 HTTP/1.1" 200 26
190.95.15.27 - - [18/Mar/2025:11:58:15 -0300] "POST /cormun/servlet/trvisualizadoreventos?bc0b5526aedafc69d01727511cea06c4,,gx-no-cache=1742310009526 HTTP/1.1" 200 5133
190.95.15.17 - - [18/Mar/2025:11:58:16 -0300] "GET /cormun/servlet/solicitudot?177a7a3ce9b1826f3d4019f341a7fe20d85d9b70ca6a929010ed918e1cc25133cff4b372e2fe919f97cc8e253afab646c06414604b5e3340bdd56408097e9856,gx-no-cache=1742310326478 HTTP/1.1" 200 30
190.95.15.17 - - [18/Mar/2025:11:58:16 -0300] "POST /cormun/servlet/solicitudot?gx-no-cache=1742310326511 HTTP/1.1" 200 240
190.95.15.17 - - [18/Mar/2025:11:58:16 -0300] "GET /cormun/servlet/solicitudot?177a7a3ce9b1826f3d4019f341a7fe20bf52f7bcbae922e014c2cc47e700e63b1147f9f09f9ff2c373724ea2db853c1bc23e9bcca3a1eea405ab8c369e1549ec1c1141f78b08779f750f66b407df384ebf3b434a2e6fc38b4d471e2db7746edf21f32ed8a9482cea53600069146fb840ce7f6bc8877d245507ba36cec36dfad7ffe92835fee13069b9ee68a3cc2a3d8a9efc60204af60a34ccff0b54f9585e8c5ccf56e89462ac205172630cf87455194a1f94626d9814c700733d01807f6305d0c28da9cd0e194a9f531b000af6564c6e3ab663bf3c3ec4aa37ec4b897d34b60efaf1d6951def440ff36f20fad262bb2ba7bcac34c221906c24c29d8cddf63c61d41a8d0c5057df27e34ffb7b63a67a16d74eeafb56007ca00bf5781e2fa60234f032cdde1a4ed7b40c369f543587cdab280246c62d273c273c01e67cc778babf2c75fbe8277d7728714716c376f4d23f5649a19a450eb72d8c9664fd70b22d0859a998f2f883e92c02f481dadad2380deacb9becd884cccc2866ba82caed32,gx-no-cache=1742310326538 HTTP/1.1" 200 30
190.95.15.17 - - [18/Mar/2025:11:58:17 -0300] "POST /cormun/servlet/solicitudot?gx-no-cache=1742310326559 HTTP/1.1" 200 30
186.40.30.235 - - [18/Mar/2025:11:58:17 -0300] "GET /cormun/servlet/solicitudotadjuntos?c1117bad13d1f58dcdb5bce55a5de8b7679ad215667ef3b72a1e44ee5a33de94,gx-no-cache=1742310010766 HTTP/1.1" 200 30
190.95.15.17 - - [18/Mar/2025:11:58:17 -0300] "POST /cormun/servlet/solicitudot?gx-no-cache=1742310326583 HTTP/1.1" 200 1481
190.95.15.17 - - [18/Mar/2025:11:58:17 -0300] "POST /cormun/servlet/solicitudot?gx-no-cache=1742310326649 HTTP/1.1" 200 41
186.40.30.235 - - [18/Mar/2025:11:58:17 -0300] "GET /cormun/servlet/solicitudotadjuntos?c1117bad13d1f58dcdb5bce55a5de8b7679ad215667ef3b72a1e44ee5a33de94,gx-no-cache=1742310011026 HTTP/1.1" 200 30
190.95.15.17 - - [18/Mar/2025:11:58:17 -0300] "GET /cormun/servlet/solicitudot?177a7a3ce9b1826f3d4019f341a7fe20eef1302ba7e535618ad489854c4b7ac44da197e5cc216cb22847ba97b840d78642d33260b8c5b85123e16c0134dca8a1822f69cfeb779aa21eb2992b01ca28d76708e7e8d4bbf8bcddff5a552b0d43a607714b8dd996b978758fe1ef870cfc5f,gx-no-cache=1742310326676 HTTP/1.1" 200 110
190.95.15.17 - - [18/Mar/2025:11:58:17 -0300] "POST /cormun/servlet/solicitudot?gx-no-cache=1742310326708 HTTP/1.1" 200 97
190.95.15.17 - - [18/Mar/2025:11:58:17 -0300] "GET /cormun/servlet/solicitudot?177a7a3ce9b1826f3d4019f341a7fe20f9965ce69e0370ef45fa493526c1aa12926e4cf58681c8f3540158fc1716c69e,gx-no-cache=1742310326747 HTTP/1.1" 200 30
190.95.15.17 - - [18/Mar/2025:11:58:17 -0300] "POST /cormun/servlet/solicitudot?gx-no-cache=1742310326794 HTTP/1.1" 200 34
186.40.30.235 - - [18/Mar/2025:11:58:17 -0300] "POST /cormun/servlet/solicitudotadjuntos?41d529d84b8adaefd855070a50181c32,INS,2025,22089,,1, HTTP/1.1" 200 116
186.40.30.235 - - [18/Mar/2025:11:58:17 -0300] "GET /cormun/servlet/hpexe_return? HTTP/1.1" 200 1029
186.40.30.235 - - [18/Mar/2025:11:58:17 -0300] "GET /cormun/servlet/trsolicitudadjuntos?2025,22089, HTTP/1.1" 200 10171
190.95.15.17 - - [18/Mar/2025:11:58:17 -0300] "POST /cormun/servlet/solicitudot?9075d14bb058c07f14e010eaabb1ed6e,INS,0,0,false,,gx-no-cache=1742310326835 HTTP/1.1" 200 93
190.95.15.17 - - [18/Mar/2025:11:58:17 -0300] "GET /cormun/servlet/hpexe_return? HTTP/1.1" 200 1010
190.95.15.17 - - [18/Mar/2025:11:58:17 -0300] "GET /cormun/servlet/trsolicitudot HTTP/1.1" 200 10401
186.40.30.235 - - [18/Mar/2025:11:58:20 -0300] "GET /cormun/servlet/trsolicitudot? HTTP/1.1" 200 20989
190.95.15.17 - - [18/Mar/2025:11:58:31 -0300] "GET /cormun/servlet/solicitudot?INS,0,0,false, HTTP/1.1" 200 16369
190.95.15.9 - - [18/Mar/2025:11:58:35 -0300] "GET /cormun/servlet/prbanco?,MD,,gxPopupLevel%3D0%3B HTTP/1.1" 302 -
190.95.15.9 - - [18/Mar/2025:11:58:36 -0300] "GET /cormun/servlet/hlogin?gxPopupLevel%3D0%3B HTTP/1.1" 200 1764
190.95.15.17 - - [18/Mar/2025:11:58:36 -0300] "GET /cormun/servlet/trautorizarsolicitud? HTTP/1.1" 200 10276
190.95.15.27 - - [18/Mar/2025:11:58:37 -0300] "GET /cormun/servlet/trautorizarpermisogoce? HTTP/1.1" 200 7010
190.95.15.27 - - [18/Mar/2025:11:58:37 -0300] "GET /cormun/static/gxcfg.js?2020121645532 HTTP/1.1" 200 953
190.95.15.27 - - [18/Mar/2025:11:58:37 -0300] "GET /cormun/static/trautorizarpermisogoce.js?2020121651492 HTTP/1.1" 200 34948
190.95.15.9 - - [18/Mar/2025:11:58:40 -0300] "GET /cormun/servlet/solicitudot?d71a949b96d08b8271c5bf63d5b8a02b27e1981ce0cfcd7e8cafcb5bac05b9a52cd726e84929673951120ebf86b24824e9d04fe173fd3382c38dca72d7f6cd23,gx-no-cache=1742310034754 HTTP/1.1" 440 972
190.95.15.9 - - [18/Mar/2025:11:58:42 -0300] "GET /cormun/servlet/solicitudot?INS,0,0,false, HTTP/1.1" 200 15149
190.95.15.9 - - [18/Mar/2025:11:58:43 -0300] "GET /cormun/servlet/hlogin HTTP/1.1" 200 1746
190.95.15.17 - - [18/Mar/2025:11:58:44 -0300] "POST /cormun/servlet/trautorizarsolicitud?9075d14bb058c07f14e010eaabb1ed6e,,gx-no-cache=1742310354240 HTTP/1.1" 200 90
190.95.15.17 - - [18/Mar/2025:11:58:44 -0300] "GET /cormun/servlet/hpexe_link HTTP/1.1" 200 974
190.95.15.17 - - [18/Mar/2025:11:58:44 -0300] "GET /cormun/servlet/solicitudot?INS,0,0,false, HTTP/1.1" 200 16372
190.95.15.27 - - [18/Mar/2025:11:58:46 -0300] "POST /cormun/servlet/trautorizarpermisogoce?bc0b5526aedafc69d01727511cea06c4,,gx-no-cache=1742310040574 HTTP/1.1" 200 5254
190.95.15.9 - - [18/Mar/2025:11:58:54 -0300] "POST /cormun/servlet/hlogin?99baad6090ca711aa910b32c877a03d9,gx-no-cache=1742310048072 HTTP/1.1" 200 90
190.95.15.9 - - [18/Mar/2025:11:58:54 -0300] "GET /cormun/servlet/hpexe_link HTTP/1.1" 200 968
190.95.15.9 - - [18/Mar/2025:11:58:54 -0300] "GET /cormun/servlet/solicitudot?INS,0,0,false, HTTP/1.1" 200 16049
190.95.15.17 - - [18/Mar/2025:11:59:02 -0300] "POST /cormun/servlet/solicitudot?gx-no-cache=1742310372417 HTTP/1.1" 200 4146
190.95.15.17 - - [18/Mar/2025:11:59:03 -0300] "POST /cormun/servlet/solicitudot?9075d14bb058c07f14e010eaabb1ed6e,INS,0,0,false,,gx-no-cache=1742310372538 HTTP/1.1" 200 12976
190.95.15.17 - - [18/Mar/2025:11:59:08 -0300] "GET /cormun/servlet/solicitudot?177a7a3ce9b1826f3d4019f341a7fe20526912ab4c36ace45135b9441bfa5c4d0a4774510699f6418326bf4a7e254500,gx-no-cache=1742310377812 HTTP/1.1" 200 30
190.95.15.17 - - [18/Mar/2025:11:59:34 -0300] "GET /cormun/servlet/solicitudot?177a7a3ce9b1826f3d4019f341a7fe20d85d9b70ca6a929010ed918e1cc25133cff4b372e2fe919f97cc8e253afab646c06414604b5e3340bdd56408097e9856,gx-no-cache=1742310403642 HTTP/1.1" 200 30
190.95.15.17 - - [18/Mar/2025:11:59:34 -0300] "GET /cormun/servlet/solicitudot?177a7a3ce9b1826f3d4019f341a7fe20c9638dee80c3c3c9bd691e9e854241ae,gx-no-cache=1742310403679 HTTP/1.1" 200 53
190.95.15.17 - - [18/Mar/2025:11:59:34 -0300] "POST /cormun/servlet/solicitudot?gx-no-cache=1742310403728 HTTP/1.1" 200 240
190.95.15.17 - - [18/Mar/2025:11:59:34 -0300] "GET /cormun/servlet/solicitudot?177a7a3ce9b1826f3d4019f341a7fe20bf52f7bcbae922e014c2cc47e700e63b1147f9f09f9ff2c373724ea2db853c1bc23e9bcca3a1eea405ab8c369e1549ec1c1141f78b08779f750f66b407df384ebf3b434a2e6fc38b4d471e2db7746edf21f32ed8a9482cea53600069146fb840ce7f6bc8877d245507ba36cec36dfad7ffe92835fee13069b9ee68a3cc2a3d8a9efc60204af60a34ccff0b54f9585e8c5ccf56e89462ac205172630cf87455194a1f94626d9814c700733d01807f6305d0c28da9cd0e194a9f531b000af6564c6e3ab663bf3c3ec4aa37ec4b897d34b60efaf1d6951def440ff36f20fad262bb2ba7bcac34c221906c24c29d8cddf63c61d41a8d0c5057df27e34ffb7b63a67a16d74eeafb56007ca00bf5781e2fa60234f032cdde1a4ed7b40c369f543587cdab280246c62d273c273c01e67cc778babf2c75fbe8277d7728714716c376f4d23f5649a19a450eb72d8c9664fd70b22d0859a998f2f883e92c02f481dadad23892fbf23d56f6cf3234ada4536037886f,gx-no-cache=1742310403756 HTTP/1.1" 200 30
190.95.15.17 - - [18/Mar/2025:11:59:36 -0300] "POST /cormun/servlet/solicitudot?gx-no-cache=1742310406030 HTTP/1.1" 200 30
190.95.15.17 - - [18/Mar/2025:11:59:58 -0300] "POST /cormun/servlet/solicitudot?gx-no-cache=1742310427935 HTTP/1.1" 200 1481
190.95.15.17 - - [18/Mar/2025:12:00:01 -0300] "POST /cormun/servlet/solicitudot?gx-no-cache=1742310431213 HTTP/1.1" 200 41
190.95.67.91 - - [18/Mar/2025:12:00:21 -0300] "POST /cormun/servlet/trlicencias?2480046dcf83f45bc83a997c1a24dd13,gx-no-cache=1742309964054,gx-no-cache=1742310134742 HTTP/1.1" 200 8638
190.95.15.17 - - [18/Mar/2025:12:00:22 -0300] "GET /cormun/servlet/solicitudot?177a7a3ce9b1826f3d4019f341a7fe20eef1302ba7e535618ad489854c4b7ac44da197e5cc216cb22847ba97b840d78642d33260b8c5b85123e16c0134dca8a1822f69cfeb779aa21eb2992b01ca28d76708e7e8d4bbf8bcddff5a552b0d43a607714b8dd996b978758fe1ef870cfc5f,gx-no-cache=1742310452188 HTTP/1.1" 200 110
190.95.15.17 - - [18/Mar/2025:12:00:22 -0300] "POST /cormun/servlet/solicitudot?gx-no-cache=1742310452229 HTTP/1.1" 200 97
190.95.15.17 - - [18/Mar/2025:12:00:30 -0300] "GET /cormun/servlet/solicitudot?177a7a3ce9b1826f3d4019f341a7fe20666fdc1ca6983aa1e2ee54e61fde9582e2128272ced81de9bb39e600cde7ca89d3815f966f3f2c3a5405f269e4e0a9cc883c468cee9a530d4dffb402d273e24fc56bd1f37d86518c4d3317732fa6cfbc91bf2f3f04d8f1a2455a21ecc3771832e6adc8f3f2eeec7fbf7548760e10ad26f2373cee5585c4d325e46ec11a71eb0d48ccbd3c181579f1213947e5b8c6c81d,gx-no-cache=1742310460126 HTTP/1.1" 200 29
190.95.15.17 - - [18/Mar/2025:12:00:38 -0300] "GET /cormun/servlet/solicitudot?177a7a3ce9b1826f3d4019f341a7fe20f9965ce69e0370ef45fa493526c1aa12926e4cf58681c8f3540158fc1716c69e,gx-no-cache=1742310468099 HTTP/1.1" 200 30
190.95.15.17 - - [18/Mar/2025:12:00:38 -0300] "POST /cormun/servlet/solicitudot?gx-no-cache=1742310468139 HTTP/1.1" 200 34
91.208.206.203 - - [18/Mar/2025:12:00:40 -0300] "GET /manager/html HTTP/1.1" 401 2474
190.95.15.17 - - [18/Mar/2025:12:00:47 -0300] "POST /cormun/servlet/solicitudot?9075d14bb058c07f14e010eaabb1ed6e,INS,0,0,false,,gx-no-cache=1742310476648 HTTP/1.1" 200 93
190.95.15.17 - - [18/Mar/2025:12:00:47 -0300] "GET /cormun/servlet/hpexe_return? HTTP/1.1" 200 1010
190.95.15.17 - - [18/Mar/2025:12:00:47 -0300] "GET /cormun/servlet/trsolicitudot HTTP/1.1" 200 10401
200.126.117.15 - - [18/Mar/2025:12:00:56 -0300] "GET /cormun/servlet/hlogin HTTP/1.1" 200 1717
200.126.117.15 - - [18/Mar/2025:12:00:56 -0300] "GET /cormun/static/gxtimezone.js?85251 HTTP/1.1" 200 5781
200.126.117.15 - - [18/Mar/2025:12:00:56 -0300] "GET /cormun/static/gxcfg.js?2022112219184450 HTTP/1.1" 200 953
200.126.117.15 - - [18/Mar/2025:12:00:56 -0300] "GET /cormun/static/messages.spa.js?85251 HTTP/1.1" 200 30736
200.126.117.15 - - [18/Mar/2025:12:00:56 -0300] "GET /cormun/static/Resources/CormunLogin.png HTTP/1.1" 200 19132
200.126.117.15 - - [18/Mar/2025:12:00:56 -0300] "GET /cormun/static/Resources/Spanish/PXTools.css?1759030 HTTP/1.1" 200 100853
200.126.117.15 - - [18/Mar/2025:12:00:56 -0300] "GET /cormun/static/hlogin.js?2022112219184458 HTTP/1.1" 200 2156
200.126.117.15 - - [18/Mar/2025:12:00:56 -0300] "GET /cormun/static/gxgral.js?85251 HTTP/1.1" 200 384558
200.126.117.15 - - [18/Mar/2025:12:00:56 -0300] "GET /cormun/static/Resources/PXToolsLoginTop.png HTTP/1.1" 200 1337
200.126.117.15 - - [18/Mar/2025:12:00:56 -0300] "GET /cormun/static/Resources/PXToolsLoginBackground.png HTTP/1.1" 200 1164
200.126.117.15 - - [18/Mar/2025:12:00:56 -0300] "GET /cormun/static/Resources/PXToolsLoginBottom.png HTTP/1.1" 200 1389
200.126.117.15 - - [18/Mar/2025:12:00:56 -0300] "GET /cormun/static/Resources/PXToolsButtonBackground.png HTTP/1.1" 200 1176
200.126.117.15 - - [18/Mar/2025:12:00:56 -0300] "GET /cormun/static/Resources/PXToolsButtonRight.png HTTP/1.1" 200 1294
200.126.117.15 - - [18/Mar/2025:12:00:56 -0300] "GET /cormun/static/Resources/PXToolsButtonLeft.png HTTP/1.1" 200 1310
200.126.117.15 - - [18/Mar/2025:12:00:56 -0300] "GET /cormun/servlet/hlogin HTTP/1.1" 200 1727
200.126.117.15 - - [18/Mar/2025:12:00:56 -0300] "GET /cormun/static/Resources/indicator.gif HTTP/1.1" 200 1553
200.126.117.15 - - [18/Mar/2025:12:00:56 -0300] "GET /favicon.ico HTTP/1.1" 200 21630
200.126.117.15 - - [18/Mar/2025:12:01:00 -0300] "POST /cormun/servlet/hlogin?b7ae5b4426a591aaa88955e630debe1c,gx-no-cache=1742310172912 HTTP/1.1" 200 90
200.126.117.15 - - [18/Mar/2025:12:01:00 -0300] "GET /cormun/servlet/hpexe_link HTTP/1.1" 200 949
200.126.117.15 - - [18/Mar/2025:12:01:00 -0300] "GET /cormun/static/gxcfg.js?20221129847421 HTTP/1.1" 200 953
200.126.117.15 - - [18/Mar/2025:12:01:00 -0300] "GET /cormun/static/hpexe_link.js?20221129847423 HTTP/1.1" 200 625
200.126.117.15 - - [18/Mar/2025:12:01:00 -0300] "GET /cormun/static/Resources/Spanish/PXTools.css?8354383 HTTP/1.1" 200 100853
200.126.117.15 - - [18/Mar/2025:12:01:00 -0300] "GET /cormun/servlet/hhome HTTP/1.1" 200 4320
200.126.117.15 - - [18/Mar/2025:12:01:00 -0300] "GET /cormun/static/SmoothNavMenu/resources/ddsmoothmenu.css?1112540 HTTP/1.1" 200 2223
200.126.117.15 - - [18/Mar/2025:12:01:00 -0300] "GET /cormun/static/SmoothNavMenu/resources/ddsmoothmenu-v.css?1112540 HTTP/1.1" 200 1188
200.126.117.15 - - [18/Mar/2025:12:01:00 -0300] "GET /cormun/static/scaMessage/css/jquery.pnotify.default.css?1816380 HTTP/1.1" 200 1707
200.126.117.15 - - [18/Mar/2025:12:01:00 -0300] "GET /cormun/static/gxcfg.js?20201215495537 HTTP/1.1" 200 953
200.126.117.15 - - [18/Mar/2025:12:01:00 -0300] "GET /cormun/static/Shared/jqueryui/jquery-ui.min.css?1345370 HTTP/1.1" 200 30288
200.126.117.15 - - [18/Mar/2025:12:01:00 -0300] "GET /cormun/static/PXToolsJavascripts/pexe_autoreload.js HTTP/1.1" 200 1762
200.126.117.15 - - [18/Mar/2025:12:01:00 -0300] "GET /cormun/static/PXToolsJavascripts/pexe_cookies.js HTTP/1.1" 200 792
200.126.117.15 - - [18/Mar/2025:12:01:00 -0300] "GET /cormun/static/PXToolsJavascripts/pexe_grid.js HTTP/1.1" 200 7559
200.126.117.15 - - [18/Mar/2025:12:01:00 -0300] "GET /cormun/static/PXToolsJavascripts/pexe_windows.js HTTP/1.1" 200 15249
200.126.117.15 - - [18/Mar/2025:12:01:00 -0300] "GET /cormun/static/PXToolsJavascripts/pexe_griddivfix.js HTTP/1.1" 200 6946
200.126.117.15 - - [18/Mar/2025:12:01:00 -0300] "GET /cormun/static/PXToolsJavascripts/pexe_menudivfix.js HTTP/1.1" 200 333
200.126.117.15 - - [18/Mar/2025:12:01:00 -0300] "GET /cormun/static/PXToolsJavascripts/pexe_link.js HTTP/1.1" 200 5671
200.126.117.15 - - [18/Mar/2025:12:01:00 -0300] "GET /cormun/static/PXToolsJavascripts/pexe_menus.js HTTP/1.1" 200 1286
200.126.117.15 - - [18/Mar/2025:12:01:00 -0300] "GET /cormun/static/PXToolsJavascripts/pexe_layers.js HTTP/1.1" 200 4114
200.126.117.15 - - [18/Mar/2025:12:01:00 -0300] "GET /cormun/static/Resources/Spanish/PXTools.css?14345360 HTTP/1.1" 200 100853
200.126.117.15 - - [18/Mar/2025:12:01:00 -0300] "GET /cormun/static/PXToolsJavascripts/pexe_oav.js HTTP/1.1" 200 645
200.126.117.15 - - [18/Mar/2025:12:01:00 -0300] "GET /cormun/static/PXToolsJavascripts/pexe_oavdivfix.js HTTP/1.1" 200 639
200.126.117.15 - - [18/Mar/2025:12:01:00 -0300] "GET /cormun/static/PXToolsJavascripts/pexe_picture.js HTTP/1.1" 200 689
200.126.117.15 - - [18/Mar/2025:12:01:00 -0300] "GET /cormun/static/PXToolsJavascripts/pexe_popup.js HTTP/1.1" 200 15149
200.126.117.15 - - [18/Mar/2025:12:01:00 -0300] "GET /cormun/static/PXToolsJavascripts/pexe_scrolldiv.js HTTP/1.1" 200 4138
200.126.117.15 - - [18/Mar/2025:12:01:00 -0300] "GET /cormun/static/PXToolsJavascripts/pexe_tabdivfix.js HTTP/1.1" 200 898
200.126.117.15 - - [18/Mar/2025:12:01:00 -0300] "GET /cormun/static/PXToolsJavascripts/pexe_tabs.js HTTP/1.1" 200 3748
200.126.117.15 - - [18/Mar/2025:12:01:00 -0300] "GET /cormun/static/PXToolsJavascripts/pexe_upload.js HTTP/1.1" 200 1423
200.126.117.15 - - [18/Mar/2025:12:01:00 -0300] "GET /cormun/static/PXToolsJavascripts/PXToolsJavascriptsRender.js HTTP/1.1" 200 367
200.126.117.15 - - [18/Mar/2025:12:01:00 -0300] "GET /cormun/static/Resources/CormunMP2.png HTTP/1.1" 200 6878
200.126.117.15 - - [18/Mar/2025:12:01:00 -0300] "GET /cormun/static/Resources/ImgHome.png HTTP/1.1" 200 1364
200.126.117.15 - - [18/Mar/2025:12:01:00 -0300] "GET /cormun/static/Resources/ImgLogin.png HTTP/1.1" 200 1432
200.126.117.15 - - [18/Mar/2025:12:01:00 -0300] "GET /cormun/static/RunJS/RunJS.js HTTP/1.1" 200 288
200.126.117.15 - - [18/Mar/2025:12:01:00 -0300] "GET /cormun/static/Resources/Llave.png HTTP/1.1" 200 1395
200.126.117.15 - - [18/Mar/2025:12:01:00 -0300] "GET /cormun/static/Shared/ext/locale/ext-lang-en.js HTTP/1.1" 200 10940
200.126.117.15 - - [18/Mar/2025:12:01:00 -0300] "GET /cormun/static/Resources/PXToolsDataTitle.png HTTP/1.1" 200 1173
200.126.117.15 - - [18/Mar/2025:12:01:00 -0300] "GET /cormun/static/hhome.js?20201215495544 HTTP/1.1" 200 777
200.126.117.15 - - [18/Mar/2025:12:01:00 -0300] "GET /cormun/static/hwchdr01.js?2022112219251119 HTTP/1.1" 200 996
200.126.117.15 - - [18/Mar/2025:12:01:00 -0300] "GET /cormun/static/hpexe_recentlink.js?20201214471090 HTTP/1.1" 200 2144
200.126.117.15 - - [18/Mar/2025:12:01:00 -0300] "GET /cormun/static/gxui/gxui-all.js HTTP/1.1" 200 107772
200.126.117.15 - - [18/Mar/2025:12:01:00 -0300] "GET /cormun/static/hpexe_scripts.js?20201214471411 HTTP/1.1" 200 1544
200.126.117.15 - - [18/Mar/2025:12:01:00 -0300] "GET /cormun/static/hpexe_messagepopupcomponent.js?2020121447232 HTTP/1.1" 200 605
200.126.117.15 - - [18/Mar/2025:12:01:00 -0300] "GET /cormun/static/hpexe_messagecontroller.js?202211298371222 HTTP/1.1" 200 870
200.126.117.15 - - [18/Mar/2025:12:01:00 -0300] "GET /cormun/static/hpexe_messagegenexuscomponent.js?20221129836373 HTTP/1.1" 200 587
200.126.117.15 - - [18/Mar/2025:12:01:00 -0300] "GET /cormun/static/cmcontrolpreferences.js?20199141926336 HTTP/1.1" 200 1375
200.126.117.15 - - [18/Mar/2025:12:01:00 -0300] "GET /cormun/static/SmoothNavMenu/resources/ddsmoothmenu.js HTTP/1.1" 200 12712
200.126.117.15 - - [18/Mar/2025:12:01:00 -0300] "GET /cormun/static/SmoothNavMenu/resources/SmoothNavMenuRender.js HTTP/1.1" 200 5951
200.126.117.15 - - [18/Mar/2025:12:01:00 -0300] "GET /cormun/static/scaMessage/js/jquery.pnotify.min.js HTTP/1.1" 200 13038
200.126.117.15 - - [18/Mar/2025:12:01:00 -0300] "GET /cormun/static/Shared/jquery/jquery-1.4.2.min.js HTTP/1.1" 200 72174
200.126.117.15 - - [18/Mar/2025:12:01:00 -0300] "GET /cormun/static/scaMessage/scaMessageRender.js HTTP/1.1" 200 11977
200.126.117.15 - - [18/Mar/2025:12:01:00 -0300] "GET /cormun/static/hmpwkw03.js?20221129844354 HTTP/1.1" 200 3971
200.126.117.15 - - [18/Mar/2025:12:01:00 -0300] "GET /cormun/static/Shared/jquery/jquery-1.10.2.min.js HTTP/1.1" 200 273199
200.126.117.15 - - [18/Mar/2025:12:01:00 -0300] "GET /cormun/static/Shared/jqueryui/jquery-ui.min.js HTTP/1.1" 200 240427
200.126.117.15 - - [18/Mar/2025:12:01:00 -0300] "GET /cormun/static/Shared/ext/ext-all.js HTTP/1.1" 200 1289687
200.126.117.15 - - [18/Mar/2025:12:01:00 -0300] "GET /cormun/static/SmoothNavMenu/resources/images/right.gif HTTP/1.1" 200 860
200.126.117.15 - - [18/Mar/2025:12:01:00 -0300] "GET /cormun/static/SmoothNavMenu/resources/images/down.gif HTTP/1.1" 200 854
200.126.117.15 - - [18/Mar/2025:12:01:11 -0300] "GET /cormun/servlet/trlicencias? HTTP/1.1" 200 9169
200.126.117.15 - - [18/Mar/2025:12:01:11 -0300] "GET /cormun/static/gxui/gxui-all.css?120300 HTTP/1.1" 200 2179
200.126.117.15 - - [18/Mar/2025:12:01:11 -0300] "GET /cormun/static/calendar-setup.js?85251 HTTP/1.1" 200 2588
200.126.117.15 - - [18/Mar/2025:12:01:11 -0300] "GET /cormun/static/calendar.js?85251 HTTP/1.1" 200 26246
200.126.117.15 - - [18/Mar/2025:12:01:11 -0300] "GET /cormun/static/gxcfg.js?202211298463625 HTTP/1.1" 200 953
200.126.117.15 - - [18/Mar/2025:12:01:11 -0300] "GET /cormun/static/calendar-system.css?85620 HTTP/1.1" 200 5572
200.126.117.15 - - [18/Mar/2025:12:01:11 -0300] "GET /cormun/static/calendar-es.js?85251 HTTP/1.1" 200 1901
200.126.117.15 - - [18/Mar/2025:12:01:11 -0300] "GET /cormun/static/Resources/PXTools/calendar.png HTTP/1.1" 200 1306
200.126.117.15 - - [18/Mar/2025:12:01:11 -0300] "GET /cormun/static/gxdec.js?85251 HTTP/1.1" 200 19579
200.126.117.15 - - [18/Mar/2025:12:01:11 -0300] "GET /cormun/static/trlicencias.js?202211298463889 HTTP/1.1" 200 41883
200.126.117.15 - - [18/Mar/2025:12:01:11 -0300] "GET /cormun/static/Resources/PXToolsDataSearch.png HTTP/1.1" 200 435
200.126.117.15 - - [18/Mar/2025:12:01:11 -0300] "GET /cormun/static/Shared/ext/resources/css/ext-all.css?215870 HTTP/1.1" 200 416045
200.126.117.15 - - [18/Mar/2025:12:01:11 -0300] "GET /cormun/static/Resources/PXToolsGridFirstDisabled.gif HTTP/1.1" 200 100
200.126.117.15 - - [18/Mar/2025:12:01:11 -0300] "GET /cormun/static/Resources/PXToolsGridPreviousDisabled.gif HTTP/1.1" 200 90
200.126.117.15 - - [18/Mar/2025:12:01:11 -0300] "GET /cormun/static/Resources/PXToolsGridNextDisabled.gif HTTP/1.1" 200 90
200.126.117.15 - - [18/Mar/2025:12:01:11 -0300] "GET /cormun/static/Resources/PXToolsActionExcel.png HTTP/1.1" 200 727
200.126.117.15 - - [18/Mar/2025:12:01:11 -0300] "GET /cormun/static/Resources/PXToolsAddAllAction.png HTTP/1.1" 200 495
200.126.117.15 - - [18/Mar/2025:12:01:11 -0300] "GET /cormun/static/Resources/PXToolsGridLastDisabled.gif HTTP/1.1" 200 98
200.126.117.15 - - [18/Mar/2025:12:01:11 -0300] "GET /cormun/static/Resources/PXToolsGridPage.gif HTTP/1.1" 200 725
200.126.117.15 - - [18/Mar/2025:12:01:11 -0300] "GET /cormun/static/Resources/asc.gif HTTP/1.1" 200 67
200.126.117.15 - - [18/Mar/2025:12:01:11 -0300] "GET /cormun//static/Resources/PXToolsActionPrint.png HTTP/1.1" 200 404
200.126.117.15 - - [18/Mar/2025:12:01:11 -0300] "GET /cormun//static/Resources/PXTools/ActionInsert.png HTTP/1.1" 200 1482
200.126.117.15 - - [18/Mar/2025:12:01:11 -0300] "GET /cormun/static/Resources/desc.gif HTTP/1.1" 200 65
200.126.117.15 - - [18/Mar/2025:12:01:11 -0300] "GET /cormun//static/Resources/PXToolsActionDisabled.gif HTTP/1.1" 200 53
200.126.117.15 - - [18/Mar/2025:12:01:11 -0300] "GET /cormun//static/Resources/PXToolsGridDisplay.png HTTP/1.1" 200 525
200.126.117.15 - - [18/Mar/2025:12:01:11 -0300] "GET /cormun//static/Resources/PXToolsHeaderHelp.png HTTP/1.1" 200 1333
200.126.117.15 - - [18/Mar/2025:12:01:11 -0300] "GET /cormun//static/Resources/PXToolsHeaderFavorites.png HTTP/1.1" 200 1414
200.126.117.15 - - [18/Mar/2025:12:01:11 -0300] "GET /cormun/static/Shared/ext/resources/themes/images/default/tools/tool-sprites.gif HTTP/1.1" 200 5434
200.126.117.15 - - [18/Mar/2025:12:01:11 -0300] "GET /cormun/static/Shared/ext/resources/themes/images/default/panel/bg-headersPanel.png HTTP/1.1" 200 255
200.126.117.15 - - [18/Mar/2025:12:01:35 -0300] "GET /cormun/servlet/licenciaspermisos?DSP,15542845,L,20250315000000, HTTP/1.1" 200 7428
200.126.117.15 - - [18/Mar/2025:12:01:35 -0300] "GET /cormun/static/gxcfg.js?202012153173 HTTP/1.1" 200 953
200.126.117.15 - - [18/Mar/2025:12:01:35 -0300] "GET /cormun/static/Resources/prompt.gif HTTP/1.1" 200 902
200.126.117.15 - - [18/Mar/2025:12:01:35 -0300] "GET /cormun/static/licenciaspermisos.js?2020121532136 HTTP/1.1" 200 38753
200.126.117.15 - - [18/Mar/2025:12:01:48 -0300] "GET /cormun/servlet/trlicencias? HTTP/1.1" 200 9169
200.126.117.15 - - [18/Mar/2025:12:01:52 -0300] "GET /cormun/servlet/licenciaspermisos?DSP,15542845,L,20250303000000, HTTP/1.1" 200 7426
200.126.117.15 - - [18/Mar/2025:12:01:57 -0300] "GET /cormun/servlet/trlicencias? HTTP/1.1" 200 9169
200.126.117.15 - - [18/Mar/2025:12:02:01 -0300] "GET /cormun/servlet/licenciaspermisos?DSP,15542845,L,20250315000000, HTTP/1.1" 200 7428
190.95.15.17 - - [18/Mar/2025:12:03:20 -0300] "POST /cormun/servlet/trsolicitudot?9075d14bb058c07f14e010eaabb1ed6e,gx-no-cache=1742310629935 HTTP/1.1" 200 4640
190.95.15.17 - - [18/Mar/2025:12:03:42 -0300] "POST /cormun/servlet/trsolicitudot?9075d14bb058c07f14e010eaabb1ed6e,gx-no-cache=1742310651710 HTTP/1.1" 200 7444
