186.40.30.235 - - [18/Mar/2025:11:35:09 -0300] "GET /cormun/servlet/hpexe_return? HTTP/1.1" 200 1029
186.40.30.235 - - [18/Mar/2025:11:35:10 -0300] "GET /cormun/servlet/trsolicitudadjuntos?2025,22092, HTTP/1.1" 200 9021
186.40.30.235 - - [18/Mar/2025:11:35:12 -0300] "GET /cormun/servlet/solicitudotadjuntos?INS,2025,22092,,1, HTTP/1.1" 200 5966
186.40.30.235 - - [18/Mar/2025:11:35:12 -0300] "GET /cormun/static/about:blank HTTP/1.1" 404 1011
186.40.30.235 - - [18/Mar/2025:11:35:13 -0300] "GET /cormun/servlet/solicitudotadjuntos?c1117bad13d1f58dcdb5bce55a5de8b775c69bd2f3da87ffa3a7ceba863b7aea205667b6c7caf3b6a30a45fc57b9e847,gx-no-cache=1742308627061 HTTP/1.1" 200 30
186.40.30.235 - - [18/Mar/2025:11:35:13 -0300] "POST /cormun/servlet/solicitudotadjuntos?41d529d84b8adaefd855070a50181c32,INS,2025,22092,,1,,gx-no-cache=1742308627133 HTTP/1.1" 200 3905
186.40.30.235 - - [18/Mar/2025:11:35:16 -0300] "POST /cormun/servlet/solicitudotadjuntos?gx-no-cache=1742308629885 HTTP/1.1" 200 26
186.40.30.235 - - [18/Mar/2025:11:35:21 -0300] "GET /cormun/servlet/solicitudotadjuntos?c1117bad13d1f58dcdb5bce55a5de8b7679ad215667ef3b72a1e44ee5a33de94,gx-no-cache=1742308635452 HTTP/1.1" 200 30
186.40.30.235 - - [18/Mar/2025:11:35:21 -0300] "GET /cormun/servlet/solicitudotadjuntos?c1117bad13d1f58dcdb5bce55a5de8b7679ad215667ef3b72a1e44ee5a33de94,gx-no-cache=1742308635542 HTTP/1.1" 200 30
186.40.30.235 - - [18/Mar/2025:11:35:21 -0300] "POST /cormun/servlet/solicitudotadjuntos?41d529d84b8adaefd855070a50181c32,INS,2025,22092,,1, HTTP/1.1" 200 116
186.40.30.235 - - [18/Mar/2025:11:35:22 -0300] "GET /cormun/servlet/hpexe_return? HTTP/1.1" 200 1029
186.40.30.235 - - [18/Mar/2025:11:35:22 -0300] "GET /cormun/servlet/trsolicitudadjuntos?2025,22092, HTTP/1.1" 200 9255
186.40.30.235 - - [18/Mar/2025:11:35:35 -0300] "GET /cormun/servlet/solicitudotadjuntos?INS,2025,22092,,1, HTTP/1.1" 200 5966
186.40.30.235 - - [18/Mar/2025:11:35:35 -0300] "GET /cormun/static/about:blank HTTP/1.1" 404 1011
186.40.30.235 - - [18/Mar/2025:11:35:36 -0300] "GET /cormun/servlet/solicitudotadjuntos?c1117bad13d1f58dcdb5bce55a5de8b775c69bd2f3da87ffa3a7ceba863b7aea205667b6c7caf3b6a30a45fc57b9e847,gx-no-cache=1742308650325 HTTP/1.1" 200 30
186.40.30.235 - - [18/Mar/2025:11:35:36 -0300] "POST /cormun/servlet/solicitudotadjuntos?41d529d84b8adaefd855070a50181c32,INS,2025,22092,,1,,gx-no-cache=1742308650437 HTTP/1.1" 200 3905
201.186.226.3 - - [18/Mar/2025:11:35:38 -0300] "GET /cormun/servlet/trpermisosgoce? HTTP/1.1" 200 7934
186.40.30.235 - - [18/Mar/2025:11:35:38 -0300] "POST /cormun/servlet/solicitudotadjuntos?gx-no-cache=1742308652839 HTTP/1.1" 200 26
186.40.30.235 - - [18/Mar/2025:11:35:45 -0300] "GET /cormun/servlet/solicitudotadjuntos?c1117bad13d1f58dcdb5bce55a5de8b7679ad215667ef3b72a1e44ee5a33de94,gx-no-cache=1742308658996 HTTP/1.1" 200 30
186.40.30.235 - - [18/Mar/2025:11:35:45 -0300] "GET /cormun/servlet/solicitudotadjuntos?c1117bad13d1f58dcdb5bce55a5de8b7679ad215667ef3b72a1e44ee5a33de94,gx-no-cache=1742308659057 HTTP/1.1" 200 30
186.40.30.235 - - [18/Mar/2025:11:35:45 -0300] "POST /cormun/servlet/solicitudotadjuntos?41d529d84b8adaefd855070a50181c32,INS,2025,22092,,1, HTTP/1.1" 200 116
186.40.30.235 - - [18/Mar/2025:11:35:45 -0300] "GET /cormun/servlet/hpexe_return? HTTP/1.1" 200 1029
186.40.30.235 - - [18/Mar/2025:11:35:45 -0300] "GET /cormun/servlet/trsolicitudadjuntos?2025,22092, HTTP/1.1" 200 9467
91.208.206.203 - - [18/Mar/2025:11:35:49 -0300] "GET /manager/html HTTP/1.1" 401 2474
186.40.30.235 - - [18/Mar/2025:11:35:49 -0300] "GET /cormun/servlet/solicitudotadjuntos?INS,2025,22092,,1, HTTP/1.1" 200 5966
186.40.30.235 - - [18/Mar/2025:11:35:49 -0300] "GET /cormun/static/about:blank HTTP/1.1" 404 1011
190.95.15.15 - - [18/Mar/2025:11:35:49 -0300] "GET /cormun/servlet/trlicencias? HTTP/1.1" 200 6050
186.40.30.235 - - [18/Mar/2025:11:35:50 -0300] "GET /cormun/servlet/solicitudotadjuntos?c1117bad13d1f58dcdb5bce55a5de8b775c69bd2f3da87ffa3a7ceba863b7aea205667b6c7caf3b6a30a45fc57b9e847,gx-no-cache=1742308663927 HTTP/1.1" 200 30
190.95.15.15 - - [18/Mar/2025:11:35:50 -0300] "GET /cormun/servlet/hlogin HTTP/1.1" 200 1739
186.40.30.235 - - [18/Mar/2025:11:35:50 -0300] "POST /cormun/servlet/solicitudotadjuntos?41d529d84b8adaefd855070a50181c32,INS,2025,22092,,1,,gx-no-cache=1742308664020 HTTP/1.1" 200 3904
186.40.30.235 - - [18/Mar/2025:11:35:52 -0300] "POST /cormun/servlet/solicitudotadjuntos?gx-no-cache=1742308666262 HTTP/1.1" 200 26
201.186.226.3 - - [18/Mar/2025:11:35:59 -0300] "GET /cormun/servlet/hlogin HTTP/1.1" 200 1738
186.40.30.235 - - [18/Mar/2025:11:35:59 -0300] "GET /cormun/servlet/solicitudotadjuntos?c1117bad13d1f58dcdb5bce55a5de8b7679ad215667ef3b72a1e44ee5a33de94,gx-no-cache=1742308673445 HTTP/1.1" 200 30
186.40.30.235 - - [18/Mar/2025:11:35:59 -0300] "GET /cormun/servlet/solicitudotadjuntos?c1117bad13d1f58dcdb5bce55a5de8b7679ad215667ef3b72a1e44ee5a33de94,gx-no-cache=1742308673499 HTTP/1.1" 200 30
186.40.30.235 - - [18/Mar/2025:11:35:59 -0300] "POST /cormun/servlet/solicitudotadjuntos?41d529d84b8adaefd855070a50181c32,INS,2025,22092,,1, HTTP/1.1" 200 116
186.40.30.235 - - [18/Mar/2025:11:35:59 -0300] "GET /cormun/servlet/hpexe_return? HTTP/1.1" 200 1029
186.40.30.235 - - [18/Mar/2025:11:36:00 -0300] "GET /cormun/servlet/trsolicitudadjuntos?2025,22092, HTTP/1.1" 200 9768
190.95.15.15 - - [18/Mar/2025:11:36:01 -0300] "POST /cormun/servlet/hlogin?92cc5ca2988168ea11711b0b7339b51c,gx-no-cache=1742308674964 HTTP/1.1" 200 90
190.95.15.15 - - [18/Mar/2025:11:36:01 -0300] "GET /cormun/servlet/hpexe_link HTTP/1.1" 200 958
190.95.15.15 - - [18/Mar/2025:11:36:01 -0300] "GET /cormun/servlet/trlicencias HTTP/1.1" 200 10940
186.40.30.235 - - [18/Mar/2025:11:36:02 -0300] "GET /cormun/servlet/solicitudotadjuntos?INS,2025,22092,,1, HTTP/1.1" 200 5966
186.40.30.235 - - [18/Mar/2025:11:36:02 -0300] "GET /cormun/static/about:blank HTTP/1.1" 404 1011
186.40.30.235 - - [18/Mar/2025:11:36:03 -0300] "GET /cormun/servlet/solicitudotadjuntos?c1117bad13d1f58dcdb5bce55a5de8b775c69bd2f3da87ffa3a7ceba863b7aea205667b6c7caf3b6a30a45fc57b9e847,gx-no-cache=1742308677046 HTTP/1.1" 200 30
186.40.30.235 - - [18/Mar/2025:11:36:03 -0300] "POST /cormun/servlet/solicitudotadjuntos?41d529d84b8adaefd855070a50181c32,INS,2025,22092,,1,,gx-no-cache=1742308677204 HTTP/1.1" 200 3904
186.40.30.235 - - [18/Mar/2025:11:36:05 -0300] "POST /cormun/servlet/solicitudotadjuntos?gx-no-cache=1742308679118 HTTP/1.1" 200 26
185.91.127.81 - - [18/Mar/2025:11:36:12 -0300] "CONNECT api.ip.pn:443 HTTP/1.1" 400 -
186.40.30.235 - - [18/Mar/2025:11:37:37 -0300] "GET /cormun/servlet/solicitudotadjuntos?c1117bad13d1f58dcdb5bce55a5de8b7679ad215667ef3b72a1e44ee5a33de94,gx-no-cache=1742308771449 HTTP/1.1" 200 30
186.40.30.235 - - [18/Mar/2025:11:37:37 -0300] "GET /cormun/servlet/solicitudotadjuntos?c1117bad13d1f58dcdb5bce55a5de8b7679ad215667ef3b72a1e44ee5a33de94,gx-no-cache=1742308771558 HTTP/1.1" 200 30
186.40.30.235 - - [18/Mar/2025:11:37:37 -0300] "POST /cormun/servlet/solicitudotadjuntos?41d529d84b8adaefd855070a50181c32,INS,2025,22092,,1, HTTP/1.1" 200 116
186.40.30.235 - - [18/Mar/2025:11:37:37 -0300] "GET /cormun/servlet/hpexe_return? HTTP/1.1" 200 1029
186.40.30.235 - - [18/Mar/2025:11:37:38 -0300] "GET /cormun/servlet/trsolicitudadjuntos?2025,22092, HTTP/1.1" 200 10034
186.40.30.235 - - [18/Mar/2025:11:37:41 -0300] "GET /cormun/servlet/solicitudotadjuntos?INS,2025,22092,,1, HTTP/1.1" 200 5966
186.40.30.235 - - [18/Mar/2025:11:37:42 -0300] "GET /cormun/static/about:blank HTTP/1.1" 404 1011
186.40.30.235 - - [18/Mar/2025:11:37:42 -0300] "GET /cormun/servlet/solicitudotadjuntos?c1117bad13d1f58dcdb5bce55a5de8b775c69bd2f3da87ffa3a7ceba863b7aea205667b6c7caf3b6a30a45fc57b9e847,gx-no-cache=1742308776560 HTTP/1.1" 200 30
186.40.30.235 - - [18/Mar/2025:11:37:42 -0300] "POST /cormun/servlet/solicitudotadjuntos?41d529d84b8adaefd855070a50181c32,INS,2025,22092,,1,,gx-no-cache=1742308776624 HTTP/1.1" 200 3904
186.40.30.235 - - [18/Mar/2025:11:37:45 -0300] "POST /cormun/servlet/solicitudotadjuntos?gx-no-cache=1742308779762 HTTP/1.1" 200 26
186.40.30.235 - - [18/Mar/2025:11:37:52 -0300] "GET /cormun/servlet/solicitudotadjuntos?c1117bad13d1f58dcdb5bce55a5de8b7679ad215667ef3b72a1e44ee5a33de94,gx-no-cache=1742308786402 HTTP/1.1" 200 30
186.40.30.235 - - [18/Mar/2025:11:37:52 -0300] "GET /cormun/servlet/solicitudotadjuntos?c1117bad13d1f58dcdb5bce55a5de8b7679ad215667ef3b72a1e44ee5a33de94,gx-no-cache=1742308786492 HTTP/1.1" 200 30
186.40.30.235 - - [18/Mar/2025:11:37:53 -0300] "POST /cormun/servlet/solicitudotadjuntos?41d529d84b8adaefd855070a50181c32,INS,2025,22092,,1, HTTP/1.1" 200 116
186.40.30.235 - - [18/Mar/2025:11:37:53 -0300] "GET /cormun/servlet/hpexe_return? HTTP/1.1" 200 1029
186.40.30.235 - - [18/Mar/2025:11:37:53 -0300] "GET /cormun/servlet/trsolicitudadjuntos?2025,22092, HTTP/1.1" 200 10200
186.40.30.235 - - [18/Mar/2025:11:38:01 -0300] "GET /cormun/servlet/trsolicitudot? HTTP/1.1" 200 20990
186.40.30.235 - - [18/Mar/2025:11:38:09 -0300] "POST /cormun/servlet/trsolicitudot?41d529d84b8adaefd855070a50181c32,,gx-no-cache=1742308803091 HTTP/1.1" 200 107
186.40.30.235 - - [18/Mar/2025:11:38:09 -0300] "GET /cormun/servlet/trsolicitudadjuntos?2025,22091, HTTP/1.1" 200 6026
186.40.30.235 - - [18/Mar/2025:11:38:12 -0300] "GET /cormun/servlet/solicitudotadjuntos?INS,2025,22091,,1, HTTP/1.1" 200 5965
186.40.30.235 - - [18/Mar/2025:11:38:12 -0300] "GET /cormun/static/about:blank HTTP/1.1" 404 1011
186.40.30.235 - - [18/Mar/2025:11:38:12 -0300] "GET /cormun/servlet/solicitudotadjuntos?c1117bad13d1f58dcdb5bce55a5de8b7b3e9687d24a6357b96a14467cc0b8cbf205667b6c7caf3b6a30a45fc57b9e847,gx-no-cache=1742308806678 HTTP/1.1" 200 30
186.40.30.235 - - [18/Mar/2025:11:38:12 -0300] "POST /cormun/servlet/solicitudotadjuntos?41d529d84b8adaefd855070a50181c32,INS,2025,22091,,1,,gx-no-cache=1742308806737 HTTP/1.1" 200 3905
186.40.30.235 - - [18/Mar/2025:11:38:14 -0300] "POST /cormun/servlet/solicitudotadjuntos?gx-no-cache=1742308808532 HTTP/1.1" 200 26
190.95.15.17 - - [18/Mar/2025:11:38:29 -0300] "GET /cormun/servlet/trlicencias? HTTP/1.1" 200 10441
186.40.30.235 - - [18/Mar/2025:11:38:31 -0300] "GET /cormun/servlet/solicitudotadjuntos?c1117bad13d1f58dcdb5bce55a5de8b7679ad215667ef3b72a1e44ee5a33de94,gx-no-cache=1742308825139 HTTP/1.1" 200 30
186.40.30.235 - - [18/Mar/2025:11:38:31 -0300] "GET /cormun/servlet/solicitudotadjuntos?c1117bad13d1f58dcdb5bce55a5de8b7679ad215667ef3b72a1e44ee5a33de94,gx-no-cache=1742308825219 HTTP/1.1" 200 30
186.40.30.235 - - [18/Mar/2025:11:38:32 -0300] "POST /cormun/servlet/solicitudotadjuntos?41d529d84b8adaefd855070a50181c32,INS,2025,22091,,1, HTTP/1.1" 200 116
186.40.30.235 - - [18/Mar/2025:11:38:32 -0300] "GET /cormun/servlet/hpexe_return? HTTP/1.1" 200 1029
186.40.30.235 - - [18/Mar/2025:11:38:32 -0300] "GET /cormun/servlet/trsolicitudadjuntos?2025,22091, HTTP/1.1" 200 9013
186.40.30.235 - - [18/Mar/2025:11:38:34 -0300] "GET /cormun/servlet/solicitudotadjuntos?INS,2025,22091,,1, HTTP/1.1" 200 5965
186.40.30.235 - - [18/Mar/2025:11:38:34 -0300] "GET /cormun/static/about:blank HTTP/1.1" 404 1011
186.40.30.235 - - [18/Mar/2025:11:38:35 -0300] "GET /cormun/servlet/solicitudotadjuntos?c1117bad13d1f58dcdb5bce55a5de8b7b3e9687d24a6357b96a14467cc0b8cbf205667b6c7caf3b6a30a45fc57b9e847,gx-no-cache=1742308829132 HTTP/1.1" 200 30
186.40.30.235 - - [18/Mar/2025:11:38:35 -0300] "POST /cormun/servlet/solicitudotadjuntos?41d529d84b8adaefd855070a50181c32,INS,2025,22091,,1,,gx-no-cache=1742308829227 HTTP/1.1" 200 3905
186.40.30.235 - - [18/Mar/2025:11:38:37 -0300] "POST /cormun/servlet/solicitudotadjuntos?gx-no-cache=1742308831108 HTTP/1.1" 200 26
186.40.30.235 - - [18/Mar/2025:11:38:45 -0300] "GET /cormun/servlet/solicitudotadjuntos?c1117bad13d1f58dcdb5bce55a5de8b7679ad215667ef3b72a1e44ee5a33de94,gx-no-cache=1742308839019 HTTP/1.1" 200 30
186.40.30.235 - - [18/Mar/2025:11:38:45 -0300] "GET /cormun/servlet/solicitudotadjuntos?c1117bad13d1f58dcdb5bce55a5de8b7679ad215667ef3b72a1e44ee5a33de94,gx-no-cache=1742308839109 HTTP/1.1" 200 30
186.40.30.235 - - [18/Mar/2025:11:38:45 -0300] "POST /cormun/servlet/solicitudotadjuntos?41d529d84b8adaefd855070a50181c32,INS,2025,22091,,1, HTTP/1.1" 200 116
186.40.30.235 - - [18/Mar/2025:11:38:45 -0300] "GET /cormun/servlet/hpexe_return? HTTP/1.1" 200 1029
186.40.30.235 - - [18/Mar/2025:11:38:45 -0300] "GET /cormun/servlet/trsolicitudadjuntos?2025,22091, HTTP/1.1" 200 9301
186.40.30.235 - - [18/Mar/2025:11:38:49 -0300] "GET /cormun/servlet/solicitudotadjuntos?INS,2025,22091,,1, HTTP/1.1" 200 5964
186.40.30.235 - - [18/Mar/2025:11:38:49 -0300] "GET /cormun/static/about:blank HTTP/1.1" 404 1011
186.40.30.235 - - [18/Mar/2025:11:38:50 -0300] "GET /cormun/servlet/solicitudotadjuntos?c1117bad13d1f58dcdb5bce55a5de8b7b3e9687d24a6357b96a14467cc0b8cbf205667b6c7caf3b6a30a45fc57b9e847,gx-no-cache=1742308844396 HTTP/1.1" 200 30
186.40.30.235 - - [18/Mar/2025:11:38:50 -0300] "POST /cormun/servlet/solicitudotadjuntos?41d529d84b8adaefd855070a50181c32,INS,2025,22091,,1,,gx-no-cache=1742308844471 HTTP/1.1" 200 3903
186.40.30.235 - - [18/Mar/2025:11:38:53 -0300] "POST /cormun/servlet/solicitudotadjuntos?gx-no-cache=1742308847276 HTTP/1.1" 200 26
186.40.30.235 - - [18/Mar/2025:11:39:01 -0300] "GET /cormun/servlet/solicitudotadjuntos?c1117bad13d1f58dcdb5bce55a5de8b7679ad215667ef3b72a1e44ee5a33de94,gx-no-cache=1742308855571 HTTP/1.1" 200 30
186.40.30.235 - - [18/Mar/2025:11:39:01 -0300] "GET /cormun/servlet/solicitudotadjuntos?c1117bad13d1f58dcdb5bce55a5de8b7679ad215667ef3b72a1e44ee5a33de94,gx-no-cache=1742308855672 HTTP/1.1" 200 30
186.40.30.235 - - [18/Mar/2025:11:39:02 -0300] "POST /cormun/servlet/solicitudotadjuntos?41d529d84b8adaefd855070a50181c32,INS,2025,22091,,1, HTTP/1.1" 200 116
186.40.30.235 - - [18/Mar/2025:11:39:02 -0300] "GET /cormun/servlet/hpexe_return? HTTP/1.1" 200 1029
186.40.30.235 - - [18/Mar/2025:11:39:02 -0300] "GET /cormun/servlet/trsolicitudadjuntos?2025,22091, HTTP/1.1" 200 9507
186.40.30.235 - - [18/Mar/2025:11:39:05 -0300] "GET /cormun/servlet/solicitudotadjuntos?INS,2025,22091,,1, HTTP/1.1" 200 5964
186.40.30.235 - - [18/Mar/2025:11:39:05 -0300] "GET /cormun/static/about:blank HTTP/1.1" 404 1011
186.40.30.235 - - [18/Mar/2025:11:39:05 -0300] "GET /cormun/servlet/solicitudotadjuntos?c1117bad13d1f58dcdb5bce55a5de8b7b3e9687d24a6357b96a14467cc0b8cbf205667b6c7caf3b6a30a45fc57b9e847,gx-no-cache=1742308859733 HTTP/1.1" 200 30
186.40.30.235 - - [18/Mar/2025:11:39:05 -0300] "POST /cormun/servlet/solicitudotadjuntos?41d529d84b8adaefd855070a50181c32,INS,2025,22091,,1,,gx-no-cache=1742308859780 HTTP/1.1" 200 3903
186.40.30.235 - - [18/Mar/2025:11:39:08 -0300] "POST /cormun/servlet/solicitudotadjuntos?gx-no-cache=1742308861974 HTTP/1.1" 200 26
91.208.206.203 - - [18/Mar/2025:11:39:59 -0300] "GET /manager/html HTTP/1.1" 401 2474
186.40.30.235 - - [18/Mar/2025:11:40:48 -0300] "POST /cormun/servlet/solicitudotadjuntos?gx-no-cache=1742308962281 HTTP/1.1" 200 26
186.40.30.235 - - [18/Mar/2025:11:40:54 -0300] "GET /cormun/servlet/solicitudotadjuntos?c1117bad13d1f58dcdb5bce55a5de8b7679ad215667ef3b72a1e44ee5a33de94,gx-no-cache=1742308968480 HTTP/1.1" 200 30
186.40.30.235 - - [18/Mar/2025:11:40:54 -0300] "GET /cormun/servlet/solicitudotadjuntos?c1117bad13d1f58dcdb5bce55a5de8b7679ad215667ef3b72a1e44ee5a33de94,gx-no-cache=1742308968549 HTTP/1.1" 200 30
186.40.30.235 - - [18/Mar/2025:11:40:55 -0300] "POST /cormun/servlet/solicitudotadjuntos?41d529d84b8adaefd855070a50181c32,INS,2025,22091,,1, HTTP/1.1" 200 116
186.40.30.235 - - [18/Mar/2025:11:40:55 -0300] "GET /cormun/servlet/hpexe_return? HTTP/1.1" 200 1029
186.40.30.235 - - [18/Mar/2025:11:40:55 -0300] "GET /cormun/servlet/trsolicitudadjuntos?2025,22091, HTTP/1.1" 200 9824
186.40.30.235 - - [18/Mar/2025:11:42:05 -0300] "GET /cormun/servlet/solicitudotadjuntos?INS,2025,22091,,1, HTTP/1.1" 200 5965
186.40.30.235 - - [18/Mar/2025:11:42:06 -0300] "GET /cormun/static/about:blank HTTP/1.1" 404 1011
186.40.30.235 - - [18/Mar/2025:11:42:06 -0300] "GET /cormun/servlet/solicitudotadjuntos?c1117bad13d1f58dcdb5bce55a5de8b7b3e9687d24a6357b96a14467cc0b8cbf205667b6c7caf3b6a30a45fc57b9e847,gx-no-cache=1742309040585 HTTP/1.1" 200 30
186.40.30.235 - - [18/Mar/2025:11:42:06 -0300] "POST /cormun/servlet/solicitudotadjuntos?41d529d84b8adaefd855070a50181c32,INS,2025,22091,,1,,gx-no-cache=1742309040666 HTTP/1.1" 200 3905
186.40.30.235 - - [18/Mar/2025:11:42:10 -0300] "POST /cormun/servlet/solicitudotadjuntos?gx-no-cache=1742309043924 HTTP/1.1" 200 26
186.40.30.235 - - [18/Mar/2025:11:42:21 -0300] "GET /cormun/servlet/solicitudotadjuntos?c1117bad13d1f58dcdb5bce55a5de8b7679ad215667ef3b72a1e44ee5a33de94,gx-no-cache=1742309055627 HTTP/1.1" 200 30
186.40.30.235 - - [18/Mar/2025:11:42:21 -0300] "GET /cormun/servlet/solicitudotadjuntos?c1117bad13d1f58dcdb5bce55a5de8b7679ad215667ef3b72a1e44ee5a33de94,gx-no-cache=1742309055721 HTTP/1.1" 200 30
186.40.30.235 - - [18/Mar/2025:11:42:23 -0300] "POST /cormun/servlet/solicitudotadjuntos?41d529d84b8adaefd855070a50181c32,INS,2025,22091,,1, HTTP/1.1" 200 116
186.40.30.235 - - [18/Mar/2025:11:42:23 -0300] "GET /cormun/servlet/hpexe_return? HTTP/1.1" 200 1029
186.40.30.235 - - [18/Mar/2025:11:42:23 -0300] "GET /cormun/servlet/trsolicitudadjuntos?2025,22091, HTTP/1.1" 200 10078
209.38.99.253 - - [18/Mar/2025:11:42:36 -0300] "GET / HTTP/1.1" 200 11217
209.38.99.253 - - [18/Mar/2025:11:42:37 -0300] "GET /favicon.ico HTTP/1.1" 200 21630
190.95.15.17 - - [18/Mar/2025:11:43:34 -0300] "GET /cormun/servlet/alicenciaprn?14605820,L,20250318000000,PU HTTP/1.1" 200 1546
201.186.226.5 - - [18/Mar/2025:11:43:40 -0300] "GET /cormun/servlet/trsolicitudot? HTTP/1.1" 200 10151
201.186.226.5 - - [18/Mar/2025:11:43:44 -0300] "POST /cormun/servlet/trsolicitudot?ca7c9869fa8f7c74ee6ec2477c9a5fc4,,gx-no-cache=1742309137452 HTTP/1.1" 200 106
201.186.226.5 - - [18/Mar/2025:11:43:44 -0300] "GET /cormun/servlet/trsolicitudadjuntos?2025,22130, HTTP/1.1" 200 10180
186.40.30.235 - - [18/Mar/2025:11:44:04 -0300] "GET /cormun/servlet/trsolicitudot? HTTP/1.1" 200 20990
91.208.206.203 - - [18/Mar/2025:11:44:12 -0300] "GET /manager/html HTTP/1.1" 401 2474
201.186.226.5 - - [18/Mar/2025:11:46:06 -0300] "GET /cormun/servlet/hlogin HTTP/1.1" 200 1718
201.186.226.5 - - [18/Mar/2025:11:46:10 -0300] "POST /cormun/servlet/hlogin?ca7c9869fa8f7c74ee6ec2477c9a5fc4,gx-no-cache=1742309284113 HTTP/1.1" 200 90
201.186.226.5 - - [18/Mar/2025:11:46:10 -0300] "GET /cormun/servlet/hpexe_link HTTP/1.1" 200 967
201.186.226.5 - - [18/Mar/2025:11:46:10 -0300] "GET /cormun/servlet/trsolicitudadjuntos?2025,22130, HTTP/1.1" 200 10182
201.186.226.5 - - [18/Mar/2025:11:46:18 -0300] "GET /cormun/servlet/solicitudotadjuntos?INS,2025,22130,,1, HTTP/1.1" 200 6052
201.186.226.5 - - [18/Mar/2025:11:46:19 -0300] "GET /cormun/static/about:blank HTTP/1.1" 404 1011
201.186.226.5 - - [18/Mar/2025:11:46:19 -0300] "GET /cormun/servlet/solicitudotadjuntos?5e808f83fbd1bc01759fa32079044871b76dce4e29660cc5cb6f1f0de64123059b5ea42c3d3e83770eba19ba008708bc,gx-no-cache=1742309293076 HTTP/1.1" 200 30
201.186.226.5 - - [18/Mar/2025:11:46:19 -0300] "POST /cormun/servlet/solicitudotadjuntos?ca7c9869fa8f7c74ee6ec2477c9a5fc4,INS,2025,22130,,1,,gx-no-cache=1742309293108 HTTP/1.1" 200 3905
201.186.226.5 - - [18/Mar/2025:11:46:22 -0300] "POST /cormun/servlet/solicitudotadjuntos?gx-no-cache=1742309295482 HTTP/1.1" 200 26
201.186.226.5 - - [18/Mar/2025:11:46:30 -0300] "GET /cormun/servlet/solicitudotadjuntos?5e808f83fbd1bc01759fa320790448714e7177b2a2ecd5f167ca0acab5119bcf,gx-no-cache=1742309304000 HTTP/1.1" 200 30
201.186.226.5 - - [18/Mar/2025:11:46:30 -0300] "GET /cormun/servlet/solicitudotadjuntos?5e808f83fbd1bc01759fa320790448714e7177b2a2ecd5f167ca0acab5119bcf,gx-no-cache=1742309304014 HTTP/1.1" 200 30
201.186.226.5 - - [18/Mar/2025:11:46:30 -0300] "POST /cormun/servlet/solicitudotadjuntos?ca7c9869fa8f7c74ee6ec2477c9a5fc4,INS,2025,22130,,1, HTTP/1.1" 200 116
201.186.226.5 - - [18/Mar/2025:11:46:30 -0300] "GET /cormun/servlet/hpexe_return? HTTP/1.1" 200 1023
201.186.226.5 - - [18/Mar/2025:11:46:30 -0300] "GET /cormun/servlet/trsolicitudadjuntos?2025,22130, HTTP/1.1" 200 10344
201.186.226.5 - - [18/Mar/2025:11:46:34 -0300] "GET /cormun/servlet/trsolicitudot? HTTP/1.1" 200 10151
201.186.226.5 - - [18/Mar/2025:11:46:38 -0300] "POST /cormun/servlet/trsolicitudot?ca7c9869fa8f7c74ee6ec2477c9a5fc4,,gx-no-cache=1742309312163 HTTP/1.1" 200 106
201.186.226.5 - - [18/Mar/2025:11:46:38 -0300] "GET /cormun/servlet/trsolicitudadjuntos?2025,22123, HTTP/1.1" 200 9915
201.186.226.5 - - [18/Mar/2025:11:46:42 -0300] "GET /cormun/servlet/solicitudotadjuntos?INS,2025,22123,,1, HTTP/1.1" 200 6051
201.186.226.5 - - [18/Mar/2025:11:46:42 -0300] "GET /cormun/static/about:blank HTTP/1.1" 404 1011
201.186.226.5 - - [18/Mar/2025:11:46:43 -0300] "GET /cormun/servlet/solicitudotadjuntos?5e808f83fbd1bc01759fa32079044871a87645854ee5920266eab005fc60367b5917a1baf5364d5351b38f50d154b751,gx-no-cache=1742309316570 HTTP/1.1" 200 30
201.186.226.5 - - [18/Mar/2025:11:46:43 -0300] "POST /cormun/servlet/solicitudotadjuntos?ca7c9869fa8f7c74ee6ec2477c9a5fc4,INS,2025,22123,,1,,gx-no-cache=1742309316602 HTTP/1.1" 200 3874
201.186.226.5 - - [18/Mar/2025:11:46:48 -0300] "POST /cormun/servlet/solicitudotadjuntos?gx-no-cache=1742309321464 HTTP/1.1" 200 26
190.95.15.17 - - [18/Mar/2025:11:46:53 -0300] "GET /cormun/servlet/hlogin HTTP/1.1" 200 1721
190.95.15.17 - - [18/Mar/2025:11:46:57 -0300] "POST /cormun/servlet/hlogin?9075d14bb058c07f14e010eaabb1ed6e,gx-no-cache=1742309647073 HTTP/1.1" 200 90
190.95.15.17 - - [18/Mar/2025:11:46:57 -0300] "GET /cormun/servlet/hpexe_link HTTP/1.1" 200 956
190.95.15.17 - - [18/Mar/2025:11:46:57 -0300] "GET /cormun/servlet/trlicencias HTTP/1.1" 200 10441
201.186.226.5 - - [18/Mar/2025:11:46:59 -0300] "GET /cormun/servlet/solicitudotadjuntos?5e808f83fbd1bc01759fa320790448714e7177b2a2ecd5f167ca0acab5119bcf,gx-no-cache=1742309332496 HTTP/1.1" 200 30
201.186.226.5 - - [18/Mar/2025:11:46:59 -0300] "GET /cormun/servlet/solicitudotadjuntos?5e808f83fbd1bc01759fa320790448714e7177b2a2ecd5f167ca0acab5119bcf,gx-no-cache=1742309332510 HTTP/1.1" 200 30
201.186.226.5 - - [18/Mar/2025:11:46:59 -0300] "POST /cormun/servlet/solicitudotadjuntos?ca7c9869fa8f7c74ee6ec2477c9a5fc4,INS,2025,22123,,1, HTTP/1.1" 200 116
201.186.226.5 - - [18/Mar/2025:11:46:59 -0300] "GET /cormun/servlet/hpexe_return? HTTP/1.1" 200 1023
201.186.226.5 - - [18/Mar/2025:11:46:59 -0300] "GET /cormun/servlet/trsolicitudadjuntos?2025,22123, HTTP/1.1" 200 10192
190.95.15.17 - - [18/Mar/2025:11:47:03 -0300] "GET /cormun/servlet/trsolicitudot? HTTP/1.1" 200 10396
201.186.226.5 - - [18/Mar/2025:11:47:03 -0300] "GET /cormun/servlet/trsolicitudot? HTTP/1.1" 200 10151
201.186.226.5 - - [18/Mar/2025:11:47:11 -0300] "POST /cormun/servlet/trsolicitudot?ca7c9869fa8f7c74ee6ec2477c9a5fc4,,gx-no-cache=1742309344867 HTTP/1.1" 200 6858
201.186.226.5 - - [18/Mar/2025:11:47:11 -0300] "GET /cormun/static/Shared/jqueryui/images/ui-icons_82798d_256x240.png HTTP/1.1" 404 1089
201.186.226.5 - - [18/Mar/2025:11:47:11 -0300] "GET /cormun/static/Shared/jqueryui/images/ui-bg_highlight-soft_100_c6c2c8_1x100.png HTTP/1.1" 404 1117
201.186.226.5 - - [18/Mar/2025:11:47:11 -0300] "GET /cormun/static/Shared/jqueryui/images/ui-bg_flat_55_fafafa_40x100.png HTTP/1.1" 404 1097
201.186.226.5 - - [18/Mar/2025:11:47:11 -0300] "GET /cormun/static/Shared/jqueryui/images/ui-icons_8d78a5_256x240.png HTTP/1.1" 404 1089
201.186.226.5 - - [18/Mar/2025:11:47:11 -0300] "POST /cormun/servlet/trsolicitudot?ca7c9869fa8f7c74ee6ec2477c9a5fc4,,gx-no-cache=1742309345075 HTTP/1.1" 200 6802
201.186.226.5 - - [18/Mar/2025:11:47:13 -0300] "POST /cormun/servlet/trsolicitudot?ca7c9869fa8f7c74ee6ec2477c9a5fc4,,gx-no-cache=1742309346825 HTTP/1.1" 200 6484
201.186.226.5 - - [18/Mar/2025:11:47:13 -0300] "POST /cormun/servlet/trsolicitudot?ca7c9869fa8f7c74ee6ec2477c9a5fc4,,gx-no-cache=1742309347013 HTTP/1.1" 200 6428
186.40.30.235 - - [18/Mar/2025:11:48:09 -0300] "POST /cormun/servlet/trsolicitudot?41d529d84b8adaefd855070a50181c32,,gx-no-cache=1742309403552 HTTP/1.1" 200 107
186.40.30.235 - - [18/Mar/2025:11:48:09 -0300] "GET /cormun/servlet/trsolicitudadjuntos?2025,22090, HTTP/1.1" 200 6025
186.40.30.235 - - [18/Mar/2025:11:48:11 -0300] "GET /cormun/servlet/solicitudotadjuntos?INS,2025,22090,,1, HTTP/1.1" 200 5966
186.40.30.235 - - [18/Mar/2025:11:48:12 -0300] "GET /cormun/static/about:blank HTTP/1.1" 404 1011
186.40.30.235 - - [18/Mar/2025:11:48:12 -0300] "GET /cormun/servlet/solicitudotadjuntos?c1117bad13d1f58dcdb5bce55a5de8b7640b97ddda4a522c9fc12a752ffa45f1ea4ba2d85ce0672e99660bdef1e32275,gx-no-cache=1742309406489 HTTP/1.1" 200 30
186.40.30.235 - - [18/Mar/2025:11:48:12 -0300] "POST /cormun/servlet/solicitudotadjuntos?41d529d84b8adaefd855070a50181c32,INS,2025,22090,,1,,gx-no-cache=1742309406558 HTTP/1.1" 200 3873
91.208.206.203 - - [18/Mar/2025:11:48:13 -0300] "GET /manager/html HTTP/1.1" 401 2474
186.40.30.235 - - [18/Mar/2025:11:48:14 -0300] "POST /cormun/servlet/solicitudotadjuntos?gx-no-cache=1742309408354 HTTP/1.1" 200 26
190.95.15.27 - - [18/Mar/2025:11:49:10 -0300] "POST /cormun/servlet/trsolicitudot?9c9356fb456f87a8e85cc102f2e13c19,,gx-no-cache=1742309464116 HTTP/1.1" 440 972
190.95.15.27 - - [18/Mar/2025:11:49:13 -0300] "GET /cormun/servlet/trsolicitudot? HTTP/1.1" 200 6329
190.95.15.27 - - [18/Mar/2025:11:49:13 -0300] "GET /cormun/servlet/hlogin HTTP/1.1" 200 1743
190.95.15.27 - - [18/Mar/2025:11:49:30 -0300] "POST /cormun/servlet/hlogin?bc0b5526aedafc69d01727511cea06c4,gx-no-cache=1742309484872 HTTP/1.1" 200 90
190.95.15.27 - - [18/Mar/2025:11:49:30 -0300] "GET /cormun/servlet/hpexe_link HTTP/1.1" 200 955
190.95.15.27 - - [18/Mar/2025:11:49:31 -0300] "GET /cormun/servlet/hhome HTTP/1.1" 200 3911
190.95.15.27 - - [18/Mar/2025:11:49:38 -0300] "GET /cormun/servlet/trsolicitudot? HTTP/1.1" 200 12286
190.95.67.99 - - [18/Mar/2025:11:49:39 -0300] "GET /cormun/servlet/hlogin HTTP/1.1" 200 1736
190.95.15.15 - - [18/Mar/2025:11:49:47 -0300] "GET /cormun/servlet/trlicencias? HTTP/1.1" 200 10939
190.95.15.27 - - [18/Mar/2025:11:49:48 -0300] "POST /cormun/servlet/trsolicitudot?bc0b5526aedafc69d01727511cea06c4,,gx-no-cache=1742309502446 HTTP/1.1" 200 107
190.95.15.27 - - [18/Mar/2025:11:49:48 -0300] "GET /cormun/servlet/trsolicitudadjuntos?2025,22149, HTTP/1.1" 200 6021
190.95.15.27 - - [18/Mar/2025:11:49:48 -0300] "GET /cormun/static/gxcfg.js?20201215574222 HTTP/1.1" 200 953
190.95.15.27 - - [18/Mar/2025:11:49:48 -0300] "GET /cormun/static/Resources/PXToolsGridNew.png HTTP/1.1" 200 427
190.95.15.27 - - [18/Mar/2025:11:49:48 -0300] "GET /cormun/static/trsolicitudadjuntos.js?20201215574932 HTTP/1.1" 200 17921
190.95.15.27 - - [18/Mar/2025:11:49:52 -0300] "GET /cormun/servlet/solicitudotadjuntos?INS,2025,22149,,1, HTTP/1.1" 200 5967
190.95.15.27 - - [18/Mar/2025:11:49:52 -0300] "GET /cormun/static/gxcfg.js?202211298385187 HTTP/1.1" 200 953
190.95.15.27 - - [18/Mar/2025:11:49:53 -0300] "GET /cormun/static/about:blank HTTP/1.1" 404 1011
190.95.15.27 - - [18/Mar/2025:11:49:53 -0300] "GET /cormun/static/solicitudotadjuntos.js?202211298385196 HTTP/1.1" 200 11771
190.95.15.27 - - [18/Mar/2025:11:49:53 -0300] "GET /cormun/servlet/solicitudotadjuntos?162cfa23f4a81f54d9176d9e4759c2b5535d2a013df82e8148d667b55733229ca7bd9fb96f6aaac526a13529f8caa4b0,gx-no-cache=1742309507583 HTTP/1.1" 200 30
190.95.15.27 - - [18/Mar/2025:11:49:53 -0300] "POST /cormun/servlet/solicitudotadjuntos?bc0b5526aedafc69d01727511cea06c4,INS,2025,22149,,1,,gx-no-cache=1742309507613 HTTP/1.1" 200 3702
190.95.15.27 - - [18/Mar/2025:11:50:05 -0300] "GET /cormun/servlet/solicitudotadjuntos?dd2e74a25e996c4d7d104df06fa1f51382cc3088e25dcf97fef29fbbbef19c45444853809710285b93b1a160711f980a245404c9873dda7c4efc2c8b1d0ded6c17ccee21e906cc2b41577120dc1b6007c036633d439a7341323c29d773487635dc05b851441597d9fb4a12ce895cf7e832fb183435627b0f6e887299ca9dc46bef75256449d16e57518ff7fabeb4043e,gx-no-cache=1742309519236 HTTP/1.1" 200 26
190.95.15.27 - - [18/Mar/2025:11:50:37 -0300] "GET /cormun/servlet/solicitudotadjuntos?162cfa23f4a81f54d9176d9e4759c2b531626a682563714c9b4dff539f312d50,gx-no-cache=1742309551755 HTTP/1.1" 200 30
190.95.15.27 - - [18/Mar/2025:11:50:37 -0300] "GET /cormun/servlet/solicitudotadjuntos?162cfa23f4a81f54d9176d9e4759c2b531626a682563714c9b4dff539f312d50,gx-no-cache=1742309551791 HTTP/1.1" 200 30
190.95.15.27 - - [18/Mar/2025:11:50:37 -0300] "POST /cormun/servlet/solicitudotadjuntos?bc0b5526aedafc69d01727511cea06c4,INS,2025,22149,,1, HTTP/1.1" 200 116
190.95.15.27 - - [18/Mar/2025:11:50:38 -0300] "GET /cormun/servlet/hpexe_return? HTTP/1.1" 200 1030
190.95.15.27 - - [18/Mar/2025:11:50:38 -0300] "GET /cormun/servlet/trsolicitudadjuntos?2025,22149, HTTP/1.1" 200 9066
190.95.15.27 - - [18/Mar/2025:11:50:41 -0300] "GET /cormun/servlet/solicitudotadjuntos?INS,2025,22149,,1, HTTP/1.1" 200 5967
190.95.15.27 - - [18/Mar/2025:11:50:41 -0300] "GET /cormun/static/about:blank HTTP/1.1" 404 1011
190.95.15.27 - - [18/Mar/2025:11:50:42 -0300] "GET /cormun/servlet/solicitudotadjuntos?162cfa23f4a81f54d9176d9e4759c2b5535d2a013df82e8148d667b55733229ca7bd9fb96f6aaac526a13529f8caa4b0,gx-no-cache=1742309556175 HTTP/1.1" 200 30
190.95.15.27 - - [18/Mar/2025:11:50:42 -0300] "POST /cormun/servlet/solicitudotadjuntos?bc0b5526aedafc69d01727511cea06c4,INS,2025,22149,,1,,gx-no-cache=1742309556215 HTTP/1.1" 200 3702
190.95.15.27 - - [18/Mar/2025:11:50:45 -0300] "GET /cormun/servlet/solicitudotadjuntos?dd2e74a25e996c4d7d104df06fa1f51382cc3088e25dcf97fef29fbbbef19c45444853809710285b93b1a160711f980a245404c9873dda7c4efc2c8b1d0ded6c17ccee21e906cc2b41577120dc1b6007c036633d439a7341323c29d773487635dc05b851441597d9fb4a12ce895cf7e832fb183435627b0f6e887299ca9dc46bef75256449d16e57518ff7fabeb4043e,gx-no-cache=1742309559256 HTTP/1.1" 200 26
190.95.15.27 - - [18/Mar/2025:11:50:55 -0300] "GET /cormun/servlet/solicitudotadjuntos?162cfa23f4a81f54d9176d9e4759c2b531626a682563714c9b4dff539f312d50,gx-no-cache=1742309569711 HTTP/1.1" 200 30
190.95.15.27 - - [18/Mar/2025:11:50:55 -0300] "GET /cormun/servlet/solicitudotadjuntos?162cfa23f4a81f54d9176d9e4759c2b531626a682563714c9b4dff539f312d50,gx-no-cache=1742309569754 HTTP/1.1" 200 30
190.95.15.27 - - [18/Mar/2025:11:50:55 -0300] "POST /cormun/servlet/solicitudotadjuntos?bc0b5526aedafc69d01727511cea06c4,INS,2025,22149,,1, HTTP/1.1" 200 6233
190.95.15.27 - - [18/Mar/2025:11:50:55 -0300] "GET /cormun/static/Shared/jqueryui/images/ui-bg_highlight-soft_100_c6c2c8_1x100.png HTTP/1.1" 404 1117
190.95.15.27 - - [18/Mar/2025:11:50:55 -0300] "GET /cormun/static/Shared/jqueryui/images/ui-icons_82798d_256x240.png HTTP/1.1" 404 1089
190.95.15.27 - - [18/Mar/2025:11:50:55 -0300] "GET /cormun/static/Shared/jqueryui/images/ui-bg_flat_55_994d53_40x100.png HTTP/1.1" 404 1097
190.95.15.27 - - [18/Mar/2025:11:50:55 -0300] "GET /cormun/static/Shared/jqueryui/images/ui-icons_ebccce_256x240.png HTTP/1.1" 404 1089
190.95.15.27 - - [18/Mar/2025:11:50:56 -0300] "GET /cormun/PrivateTempStorage/upload_00001302.pdf HTTP/1.1" 200 211845
190.95.15.27 - - [18/Mar/2025:11:51:00 -0300] "GET /cormun/servlet/solicitudotadjuntos?162cfa23f4a81f54d9176d9e4759c2b554fef34d7c5187d46b9673680425a852099be990ea3cfdb6fc14afb9447173d7,gx-no-cache=1742309574754 HTTP/1.1" 200 30
190.95.15.27 - - [18/Mar/2025:11:51:00 -0300] "POST /cormun/servlet/solicitudotadjuntos?bc0b5526aedafc69d01727511cea06c4,INS,2025,22149,,1, HTTP/1.1" 200 6233
190.95.15.27 - - [18/Mar/2025:11:51:01 -0300] "GET /cormun/PrivateTempStorage/upload_00001314.pdf HTTP/1.1" 200 211845
190.95.15.27 - - [18/Mar/2025:11:51:08 -0300] "GET /cormun/servlet/solicitudotadjuntos?162cfa23f4a81f54d9176d9e4759c2b55629aec0c30cad692d1d7ff901fe8565099be990ea3cfdb6fc14afb9447173d7,gx-no-cache=1742309582817 HTTP/1.1" 200 30
190.95.15.27 - - [18/Mar/2025:11:51:08 -0300] "POST /cormun/servlet/solicitudotadjuntos?bc0b5526aedafc69d01727511cea06c4,INS,2025,22149,,1, HTTP/1.1" 200 6233
190.95.15.27 - - [18/Mar/2025:11:51:09 -0300] "GET /cormun/PrivateTempStorage/upload_00001326.pdf HTTP/1.1" 200 211845
91.208.206.203 - - [18/Mar/2025:11:52:13 -0300] "GET /manager/html HTTP/1.1" 401 2474
186.40.30.235 - - [18/Mar/2025:11:52:15 -0300] "POST /cormun/servlet/solicitudotadjuntos?gx-no-cache=1742309648978 HTTP/1.1" 200 26
190.95.15.27 - - [18/Mar/2025:11:52:17 -0300] "POST /cormun/servlet/solicitudotadjuntos?bc0b5526aedafc69d01727511cea06c4,INS,2025,22149,,1, HTTP/1.1" 200 116
190.95.15.27 - - [18/Mar/2025:11:52:17 -0300] "GET /cormun/servlet/hpexe_return? HTTP/1.1" 200 1030
190.95.15.27 - - [18/Mar/2025:11:52:17 -0300] "GET /cormun/servlet/trsolicitudadjuntos?2025,22149, HTTP/1.1" 200 9062
190.95.15.27 - - [18/Mar/2025:11:52:20 -0300] "GET /cormun/servlet/solicitudotadjuntos?INS,2025,22149,,1, HTTP/1.1" 200 5967
190.95.15.27 - - [18/Mar/2025:11:52:20 -0300] "GET /cormun/static/about:blank HTTP/1.1" 404 1011
190.95.15.27 - - [18/Mar/2025:11:52:21 -0300] "GET /cormun/servlet/solicitudotadjuntos?162cfa23f4a81f54d9176d9e4759c2b5535d2a013df82e8148d667b55733229ca7bd9fb96f6aaac526a13529f8caa4b0,gx-no-cache=1742309655395 HTTP/1.1" 200 30
190.95.15.27 - - [18/Mar/2025:11:52:21 -0300] "POST /cormun/servlet/solicitudotadjuntos?bc0b5526aedafc69d01727511cea06c4,INS,2025,22149,,1,,gx-no-cache=1742309655449 HTTP/1.1" 200 3702
190.95.15.27 - - [18/Mar/2025:11:52:23 -0300] "GET /cormun/servlet/solicitudotadjuntos?dd2e74a25e996c4d7d104df06fa1f51382cc3088e25dcf97fef29fbbbef19c45444853809710285b93b1a160711f980a245404c9873dda7c4efc2c8b1d0ded6c17ccee21e906cc2b41577120dc1b6007c036633d439a7341323c29d773487635dc05b851441597d9fb4a12ce895cf7e832fb183435627b0f6e887299ca9dc46bef75256449d16e57518ff7fabeb4043e,gx-no-cache=1742309657834 HTTP/1.1" 200 26
186.40.30.235 - - [18/Mar/2025:11:52:33 -0300] "GET /cormun/servlet/solicitudotadjuntos?c1117bad13d1f58dcdb5bce55a5de8b7679ad215667ef3b72a1e44ee5a33de94,gx-no-cache=1742309667513 HTTP/1.1" 200 30
186.40.30.235 - - [18/Mar/2025:11:52:33 -0300] "GET /cormun/servlet/solicitudotadjuntos?c1117bad13d1f58dcdb5bce55a5de8b7679ad215667ef3b72a1e44ee5a33de94,gx-no-cache=1742309667607 HTTP/1.1" 200 30
186.40.30.235 - - [18/Mar/2025:11:52:34 -0300] "POST /cormun/servlet/solicitudotadjuntos?41d529d84b8adaefd855070a50181c32,INS,2025,22090,,1, HTTP/1.1" 200 116
186.40.30.235 - - [18/Mar/2025:11:52:34 -0300] "GET /cormun/servlet/hpexe_return? HTTP/1.1" 200 1029
186.40.30.235 - - [18/Mar/2025:11:52:34 -0300] "GET /cormun/servlet/trsolicitudadjuntos?2025,22090, HTTP/1.1" 200 9022
190.95.15.27 - - [18/Mar/2025:11:52:36 -0300] "GET /cormun/servlet/solicitudotadjuntos?162cfa23f4a81f54d9176d9e4759c2b531626a682563714c9b4dff539f312d50,gx-no-cache=1742309670567 HTTP/1.1" 200 30
190.95.15.27 - - [18/Mar/2025:11:52:36 -0300] "GET /cormun/servlet/solicitudotadjuntos?162cfa23f4a81f54d9176d9e4759c2b531626a682563714c9b4dff539f312d50,gx-no-cache=1742309670611 HTTP/1.1" 200 30
190.95.15.27 - - [18/Mar/2025:11:52:36 -0300] "POST /cormun/servlet/solicitudotadjuntos?bc0b5526aedafc69d01727511cea06c4,INS,2025,22149,,1, HTTP/1.1" 200 6233
190.95.15.27 - - [18/Mar/2025:11:52:36 -0300] "GET /cormun/PrivateTempStorage/upload_00001362.pdf HTTP/1.1" 200 211845
190.95.15.17 - - [18/Mar/2025:11:52:42 -0300] "GET /cormun/servlet/trsolicitudot? HTTP/1.1" 200 10396
190.95.15.27 - - [18/Mar/2025:11:52:47 -0300] "GET /cormun/servlet/solicitudotadjuntos?162cfa23f4a81f54d9176d9e4759c2b554fef34d7c5187d46b9673680425a852099be990ea3cfdb6fc14afb9447173d7,gx-no-cache=1742309680990 HTTP/1.1" 200 30
190.95.15.27 - - [18/Mar/2025:11:52:47 -0300] "POST /cormun/servlet/solicitudotadjuntos?bc0b5526aedafc69d01727511cea06c4,INS,2025,22149,,1, HTTP/1.1" 200 6233
190.95.15.27 - - [18/Mar/2025:11:52:47 -0300] "GET /cormun/PrivateTempStorage/upload_00001374.pdf HTTP/1.1" 200 211845
190.95.15.17 - - [18/Mar/2025:11:52:47 -0300] "GET /cormun/servlet/solicitudot?INS,0,0,false, HTTP/1.1" 200 16369
190.95.15.27 - - [18/Mar/2025:11:52:57 -0300] "POST /cormun/servlet/solicitudotadjuntos?bc0b5526aedafc69d01727511cea06c4,INS,2025,22149,,1, HTTP/1.1" 200 114
190.95.15.27 - - [18/Mar/2025:11:52:57 -0300] "GET /cormun/servlet/hpexe_link HTTP/1.1" 200 984
190.95.15.27 - - [18/Mar/2025:11:52:57 -0300] "GET /cormun/servlet/trsolicitudadjuntos?2025,22149, HTTP/1.1" 200 9060
190.95.15.27 - - [18/Mar/2025:11:53:07 -0300] "GET /cormun/servlet/solicitudotadjuntos?INS,2025,22149,,1, HTTP/1.1" 200 5967
190.95.15.27 - - [18/Mar/2025:11:53:07 -0300] "GET /cormun/static/about:blank HTTP/1.1" 404 1011
190.95.15.27 - - [18/Mar/2025:11:53:08 -0300] "GET /cormun/servlet/solicitudotadjuntos?162cfa23f4a81f54d9176d9e4759c2b5535d2a013df82e8148d667b55733229ca7bd9fb96f6aaac526a13529f8caa4b0,gx-no-cache=1742309702185 HTTP/1.1" 200 30
190.95.15.27 - - [18/Mar/2025:11:53:08 -0300] "POST /cormun/servlet/solicitudotadjuntos?bc0b5526aedafc69d01727511cea06c4,INS,2025,22149,,1,,gx-no-cache=1742309702222 HTTP/1.1" 200 3701
190.95.15.27 - - [18/Mar/2025:11:53:24 -0300] "POST /cormun/servlet/solicitudotadjuntos?bc0b5526aedafc69d01727511cea06c4,INS,2025,22149,,1,,gx-no-cache=1742309718408 HTTP/1.1" 200 90
190.95.15.27 - - [18/Mar/2025:11:53:24 -0300] "GET /cormun/servlet/hpexe_link HTTP/1.1" 200 984
190.95.15.27 - - [18/Mar/2025:11:53:24 -0300] "GET /cormun/servlet/trsolicitudadjuntos?2025,22149, HTTP/1.1" 200 9063
186.40.30.235 - - [18/Mar/2025:11:53:28 -0300] "GET /cormun/servlet/solicitudotadjuntos?INS,2025,22090,,1, HTTP/1.1" 200 5966
190.95.15.27 - - [18/Mar/2025:11:53:28 -0300] "POST /cormun/servlet/trsolicitudadjuntos?bc0b5526aedafc69d01727511cea06c4,2025,22149,,gx-no-cache=1742309722228 HTTP/1.1" 200 90
190.95.15.27 - - [18/Mar/2025:11:53:28 -0300] "GET /cormun/servlet/hpexe_link HTTP/1.1" 200 973
186.40.30.235 - - [18/Mar/2025:11:53:28 -0300] "GET /cormun/static/about:blank HTTP/1.1" 404 1011
190.95.15.27 - - [18/Mar/2025:11:53:28 -0300] "GET /cormun/servlet/trsolicitudot HTTP/1.1" 200 12285
186.40.30.235 - - [18/Mar/2025:11:53:29 -0300] "GET /cormun/servlet/solicitudotadjuntos?c1117bad13d1f58dcdb5bce55a5de8b7640b97ddda4a522c9fc12a752ffa45f1ea4ba2d85ce0672e99660bdef1e32275,gx-no-cache=1742309722861 HTTP/1.1" 200 30
186.40.30.235 - - [18/Mar/2025:11:53:29 -0300] "POST /cormun/servlet/solicitudotadjuntos?41d529d84b8adaefd855070a50181c32,INS,2025,22090,,1,,gx-no-cache=1742309723025 HTTP/1.1" 200 3873
186.40.30.235 - - [18/Mar/2025:11:53:31 -0300] "POST /cormun/servlet/solicitudotadjuntos?gx-no-cache=1742309724885 HTTP/1.1" 200 26
186.40.30.235 - - [18/Mar/2025:11:53:38 -0300] "GET /cormun/servlet/solicitudotadjuntos?c1117bad13d1f58dcdb5bce55a5de8b7679ad215667ef3b72a1e44ee5a33de94,gx-no-cache=1742309732380 HTTP/1.1" 200 30
186.40.30.235 - - [18/Mar/2025:11:53:38 -0300] "GET /cormun/servlet/solicitudotadjuntos?c1117bad13d1f58dcdb5bce55a5de8b7679ad215667ef3b72a1e44ee5a33de94,gx-no-cache=1742309732461 HTTP/1.1" 200 30
186.40.30.235 - - [18/Mar/2025:11:53:39 -0300] "POST /cormun/servlet/solicitudotadjuntos?41d529d84b8adaefd855070a50181c32,INS,2025,22090,,1, HTTP/1.1" 200 116
186.40.30.235 - - [18/Mar/2025:11:53:39 -0300] "GET /cormun/servlet/hpexe_return? HTTP/1.1" 200 1029
186.40.30.235 - - [18/Mar/2025:11:53:39 -0300] "GET /cormun/servlet/trsolicitudadjuntos?2025,22090, HTTP/1.1" 200 9277
186.40.30.235 - - [18/Mar/2025:11:53:42 -0300] "GET /cormun/servlet/solicitudotadjuntos?INS,2025,22090,,1, HTTP/1.1" 200 5966
186.40.30.235 - - [18/Mar/2025:11:53:43 -0300] "GET /cormun/static/about:blank HTTP/1.1" 404 1011
186.40.30.235 - - [18/Mar/2025:11:53:43 -0300] "GET /cormun/servlet/solicitudotadjuntos?c1117bad13d1f58dcdb5bce55a5de8b7640b97ddda4a522c9fc12a752ffa45f1ea4ba2d85ce0672e99660bdef1e32275,gx-no-cache=1742309737487 HTTP/1.1" 200 30
186.40.30.235 - - [18/Mar/2025:11:53:43 -0300] "POST /cormun/servlet/solicitudotadjuntos?41d529d84b8adaefd855070a50181c32,INS,2025,22090,,1,,gx-no-cache=1742309737569 HTTP/1.1" 200 3873
186.40.30.235 - - [18/Mar/2025:11:53:47 -0300] "POST /cormun/servlet/solicitudotadjuntos?gx-no-cache=1742309741879 HTTP/1.1" 200 26
190.95.15.27 - - [18/Mar/2025:11:53:54 -0300] "POST /cormun/servlet/trsolicitudot?bc0b5526aedafc69d01727511cea06c4,gx-no-cache=1742309748503 HTTP/1.1" 200 9120
190.95.15.27 - - [18/Mar/2025:11:53:54 -0300] "GET /cormun/static/Shared/jqueryui/images/ui-bg_flat_55_fafafa_40x100.png HTTP/1.1" 404 1097
190.95.15.27 - - [18/Mar/2025:11:53:54 -0300] "GET /cormun/static/Shared/jqueryui/images/ui-icons_8d78a5_256x240.png HTTP/1.1" 404 1089
190.95.15.27 - - [18/Mar/2025:11:53:54 -0300] "POST /cormun/servlet/trsolicitudot?bc0b5526aedafc69d01727511cea06c4,gx-no-cache=1742309748845 HTTP/1.1" 200 9062
186.40.30.235 - - [18/Mar/2025:11:53:55 -0300] "GET /cormun/servlet/solicitudotadjuntos?c1117bad13d1f58dcdb5bce55a5de8b7679ad215667ef3b72a1e44ee5a33de94,gx-no-cache=1742309749221 HTTP/1.1" 200 30
186.40.30.235 - - [18/Mar/2025:11:53:55 -0300] "GET /cormun/servlet/solicitudotadjuntos?c1117bad13d1f58dcdb5bce55a5de8b7679ad215667ef3b72a1e44ee5a33de94,gx-no-cache=1742309749301 HTTP/1.1" 200 30
186.40.30.235 - - [18/Mar/2025:11:53:55 -0300] "POST /cormun/servlet/solicitudotadjuntos?41d529d84b8adaefd855070a50181c32,INS,2025,22090,,1, HTTP/1.1" 200 116
186.40.30.235 - - [18/Mar/2025:11:53:55 -0300] "GET /cormun/servlet/hpexe_return? HTTP/1.1" 200 1029
190.95.15.27 - - [18/Mar/2025:11:53:56 -0300] "POST /cormun/servlet/trsolicitudot?bc0b5526aedafc69d01727511cea06c4,gx-no-cache=1742309749903 HTTP/1.1" 200 9321
186.40.30.235 - - [18/Mar/2025:11:53:56 -0300] "GET /cormun/servlet/trsolicitudadjuntos?2025,22090, HTTP/1.1" 200 9494
190.95.15.27 - - [18/Mar/2025:11:53:57 -0300] "POST /cormun/servlet/trsolicitudot?bc0b5526aedafc69d01727511cea06c4,gx-no-cache=1742309750888 HTTP/1.1" 200 9320
190.95.15.27 - - [18/Mar/2025:11:53:57 -0300] "POST /cormun/servlet/trsolicitudot?bc0b5526aedafc69d01727511cea06c4,gx-no-cache=1742309751807 HTTP/1.1" 200 9320
186.40.30.235 - - [18/Mar/2025:11:53:59 -0300] "GET /cormun/servlet/solicitudotadjuntos?INS,2025,22090,,1, HTTP/1.1" 200 5967
186.40.30.235 - - [18/Mar/2025:11:53:59 -0300] "GET /cormun/static/about:blank HTTP/1.1" 404 1011
186.40.30.235 - - [18/Mar/2025:11:53:59 -0300] "GET /cormun/servlet/solicitudotadjuntos?c1117bad13d1f58dcdb5bce55a5de8b7640b97ddda4a522c9fc12a752ffa45f1ea4ba2d85ce0672e99660bdef1e32275,gx-no-cache=1742309753740 HTTP/1.1" 200 30
186.40.30.235 - - [18/Mar/2025:11:53:59 -0300] "POST /cormun/servlet/solicitudotadjuntos?41d529d84b8adaefd855070a50181c32,INS,2025,22090,,1,,gx-no-cache=1742309753850 HTTP/1.1" 200 3874
186.40.30.235 - - [18/Mar/2025:11:54:04 -0300] "POST /cormun/servlet/solicitudotadjuntos?gx-no-cache=1742309757997 HTTP/1.1" 200 26
186.40.30.235 - - [18/Mar/2025:11:54:11 -0300] "GET /cormun/servlet/solicitudotadjuntos?c1117bad13d1f58dcdb5bce55a5de8b7679ad215667ef3b72a1e44ee5a33de94,gx-no-cache=1742309765749 HTTP/1.1" 200 30
186.40.30.235 - - [18/Mar/2025:11:54:11 -0300] "GET /cormun/servlet/solicitudotadjuntos?c1117bad13d1f58dcdb5bce55a5de8b7679ad215667ef3b72a1e44ee5a33de94,gx-no-cache=1742309765810 HTTP/1.1" 200 30
186.40.30.235 - - [18/Mar/2025:11:54:12 -0300] "POST /cormun/servlet/solicitudotadjuntos?41d529d84b8adaefd855070a50181c32,INS,2025,22090,,1, HTTP/1.1" 200 116
186.40.30.235 - - [18/Mar/2025:11:54:12 -0300] "GET /cormun/servlet/hpexe_return? HTTP/1.1" 200 1029
186.40.30.235 - - [18/Mar/2025:11:54:12 -0300] "GET /cormun/servlet/trsolicitudadjuntos?2025,22090, HTTP/1.1" 200 9782
190.95.15.27 - - [18/Mar/2025:11:54:20 -0300] "POST /cormun/servlet/trsolicitudot?bc0b5526aedafc69d01727511cea06c4,gx-no-cache=1742309774212 HTTP/1.1" 200 107
190.95.15.27 - - [18/Mar/2025:11:54:20 -0300] "GET /cormun/servlet/trsolicitudadjuntos?2025,22149, HTTP/1.1" 200 9061
190.95.15.27 - - [18/Mar/2025:11:54:29 -0300] "GET /cormun/servlet/solicitudotadjuntos?INS,2025,22149,,1, HTTP/1.1" 200 5967
190.95.15.27 - - [18/Mar/2025:11:54:29 -0300] "GET /cormun/static/about:blank HTTP/1.1" 404 1011
190.95.15.27 - - [18/Mar/2025:11:54:30 -0300] "GET /cormun/servlet/solicitudotadjuntos?162cfa23f4a81f54d9176d9e4759c2b5535d2a013df82e8148d667b55733229ca7bd9fb96f6aaac526a13529f8caa4b0,gx-no-cache=1742309783986 HTTP/1.1" 200 30
190.95.15.27 - - [18/Mar/2025:11:54:30 -0300] "POST /cormun/servlet/solicitudotadjuntos?bc0b5526aedafc69d01727511cea06c4,INS,2025,22149,,1,,gx-no-cache=1742309784041 HTTP/1.1" 200 3702
190.95.15.27 - - [18/Mar/2025:11:54:33 -0300] "GET /cormun/servlet/solicitudotadjuntos?dd2e74a25e996c4d7d104df06fa1f51382cc3088e25dcf97fef29fbbbef19c45444853809710285b93b1a160711f980a245404c9873dda7c4efc2c8b1d0ded6c17ccee21e906cc2b41577120dc1b6007c036633d439a7341323c29d773487635dc05b851441597d9fb4a12ce895cf7e832fb183435627b0f6e887299ca9dc46bef75256449d16e57518ff7fabeb4043e,gx-no-cache=1742309787297 HTTP/1.1" 200 26
190.95.15.27 - - [18/Mar/2025:11:54:40 -0300] "GET /cormun/servlet/solicitudotadjuntos?162cfa23f4a81f54d9176d9e4759c2b531626a682563714c9b4dff539f312d50,gx-no-cache=1742309794488 HTTP/1.1" 200 30
190.95.15.27 - - [18/Mar/2025:11:54:40 -0300] "GET /cormun/servlet/solicitudotadjuntos?162cfa23f4a81f54d9176d9e4759c2b531626a682563714c9b4dff539f312d50,gx-no-cache=1742309794513 HTTP/1.1" 200 30
190.95.15.27 - - [18/Mar/2025:11:54:40 -0300] "POST /cormun/servlet/solicitudotadjuntos?bc0b5526aedafc69d01727511cea06c4,INS,2025,22149,,1, HTTP/1.1" 200 6234
190.95.15.27 - - [18/Mar/2025:11:54:40 -0300] "GET /cormun/PrivateTempStorage/upload_00001434.pdf HTTP/1.1" 200 211845
190.95.15.27 - - [18/Mar/2025:11:54:47 -0300] "POST /cormun/servlet/solicitudotadjuntos?bc0b5526aedafc69d01727511cea06c4,INS,2025,22149,,1, HTTP/1.1" 200 116
190.95.15.27 - - [18/Mar/2025:11:54:47 -0300] "GET /cormun/servlet/hpexe_return? HTTP/1.1" 200 1030
190.95.15.27 - - [18/Mar/2025:11:54:47 -0300] "GET /cormun/servlet/trsolicitudadjuntos?2025,22149, HTTP/1.1" 200 9065
190.95.15.27 - - [18/Mar/2025:11:54:50 -0300] "GET /cormun/servlet/solicitudotadjuntos?INS,2025,22149,,1, HTTP/1.1" 200 5967
190.95.15.27 - - [18/Mar/2025:11:54:51 -0300] "GET /cormun/static/about:blank HTTP/1.1" 404 1011
190.95.15.27 - - [18/Mar/2025:11:54:51 -0300] "GET /cormun/servlet/solicitudotadjuntos?162cfa23f4a81f54d9176d9e4759c2b5535d2a013df82e8148d667b55733229ca7bd9fb96f6aaac526a13529f8caa4b0,gx-no-cache=1742309805714 HTTP/1.1" 200 30
190.95.15.27 - - [18/Mar/2025:11:54:51 -0300] "POST /cormun/servlet/solicitudotadjuntos?bc0b5526aedafc69d01727511cea06c4,INS,2025,22149,,1,,gx-no-cache=1742309805744 HTTP/1.1" 200 3702
190.95.15.27 - - [18/Mar/2025:11:55:01 -0300] "POST /cormun/servlet/solicitudotadjuntos?bc0b5526aedafc69d01727511cea06c4,INS,2025,22149,,1,,gx-no-cache=1742309815298 HTTP/1.1" 200 90
190.95.15.27 - - [18/Mar/2025:11:55:01 -0300] "GET /cormun/servlet/hpexe_link HTTP/1.1" 200 984
190.95.15.27 - - [18/Mar/2025:11:55:01 -0300] "GET /cormun/servlet/trsolicitudadjuntos?2025,22149, HTTP/1.1" 200 9059
190.95.15.27 - - [18/Mar/2025:11:55:04 -0300] "POST /cormun/servlet/trsolicitudadjuntos?bc0b5526aedafc69d01727511cea06c4,2025,22149,,gx-no-cache=1742309818886 HTTP/1.1" 200 90
190.95.15.27 - - [18/Mar/2025:11:55:04 -0300] "GET /cormun/servlet/hpexe_link HTTP/1.1" 200 994
190.95.15.27 - - [18/Mar/2025:11:55:05 -0300] "GET /cormun/servlet/trsolicitudot?gx-no-cache=1742309751807 HTTP/1.1" 200 11869
190.95.15.27 - - [18/Mar/2025:11:55:11 -0300] "POST /cormun/servlet/trsolicitudot?bc0b5526aedafc69d01727511cea06c4,gx-no-cache=1742309751807,gx-no-cache=1742309825026 HTTP/1.1" 200 107
190.95.15.27 - - [18/Mar/2025:11:55:11 -0300] "GET /cormun/servlet/trsolicitudadjuntos?2025,22149, HTTP/1.1" 200 9083
190.95.15.27 - - [18/Mar/2025:11:55:15 -0300] "POST /cormun/servlet/trsolicitudadjuntos?bc0b5526aedafc69d01727511cea06c4,2025,22149,,gx-no-cache=1742309829231 HTTP/1.1" 200 90
190.95.15.27 - - [18/Mar/2025:11:55:15 -0300] "GET /cormun/servlet/hpexe_link HTTP/1.1" 200 994
190.95.15.27 - - [18/Mar/2025:11:55:15 -0300] "GET /cormun/servlet/trsolicitudot?gx-no-cache=1742309751807 HTTP/1.1" 200 11869
190.95.15.27 - - [18/Mar/2025:11:55:25 -0300] "POST /cormun/servlet/trsolicitudot?bc0b5526aedafc69d01727511cea06c4,gx-no-cache=1742309751807,gx-no-cache=1742309839064 HTTP/1.1" 200 8700
190.95.15.27 - - [18/Mar/2025:11:55:25 -0300] "POST /cormun/servlet/trsolicitudot?bc0b5526aedafc69d01727511cea06c4,gx-no-cache=1742309751807,gx-no-cache=1742309839318 HTTP/1.1" 200 8640
190.95.15.27 - - [18/Mar/2025:11:55:29 -0300] "POST /cormun/servlet/trsolicitudot?bc0b5526aedafc69d01727511cea06c4,gx-no-cache=1742309751807,gx-no-cache=1742309843860 HTTP/1.1" 200 8287
190.95.15.27 - - [18/Mar/2025:11:55:30 -0300] "POST /cormun/servlet/trsolicitudot?bc0b5526aedafc69d01727511cea06c4,gx-no-cache=1742309751807,gx-no-cache=1742309844093 HTTP/1.1" 200 8231
190.95.15.27 - - [18/Mar/2025:11:55:32 -0300] "POST /cormun/servlet/trsolicitudot?bc0b5526aedafc69d01727511cea06c4,gx-no-cache=1742309751807,gx-no-cache=1742309846193 HTTP/1.1" 200 7871
190.95.15.27 - - [18/Mar/2025:11:55:32 -0300] "POST /cormun/servlet/trsolicitudot?bc0b5526aedafc69d01727511cea06c4,gx-no-cache=1742309751807,gx-no-cache=1742309846479 HTTP/1.1" 200 7815
190.95.15.27 - - [18/Mar/2025:11:55:33 -0300] "POST /cormun/servlet/trsolicitudot?bc0b5526aedafc69d01727511cea06c4,gx-no-cache=1742309751807,gx-no-cache=1742309847691 HTTP/1.1" 200 7483
190.95.15.27 - - [18/Mar/2025:11:55:34 -0300] "POST /cormun/servlet/trsolicitudot?bc0b5526aedafc69d01727511cea06c4,gx-no-cache=1742309751807,gx-no-cache=1742309847928 HTTP/1.1" 200 7426
186.40.30.235 - - [18/Mar/2025:11:55:34 -0300] "GET /cormun/servlet/solicitudotadjuntos?INS,2025,22090,,1, HTTP/1.1" 200 5967
190.95.15.27 - - [18/Mar/2025:11:55:35 -0300] "POST /cormun/servlet/trsolicitudot?bc0b5526aedafc69d01727511cea06c4,gx-no-cache=1742309751807,gx-no-cache=1742309849005 HTTP/1.1" 200 7004
186.40.30.235 - - [18/Mar/2025:11:55:35 -0300] "GET /cormun/static/about:blank HTTP/1.1" 404 1011
190.95.15.27 - - [18/Mar/2025:11:55:35 -0300] "POST /cormun/servlet/trsolicitudot?bc0b5526aedafc69d01727511cea06c4,gx-no-cache=1742309751807,gx-no-cache=1742309849221 HTTP/1.1" 200 6946
