190.95.1.185 - - [14/Mar/2025:09:13:44 -0300] "POST /cormun/servlet/solicitudot?b7a41faf7c4cbc788f692a37ba903647,INS,0,0,false,,gx-no-cache=1741954508240 HTTP/1.1" 200 12895
190.95.1.185 - - [14/Mar/2025:09:13:47 -0300] "GET /cormun/servlet/solicitudot?23ae5ca7b6d1e21385db4c13703e773a949b4a22a03516037192e488ef403b90c521bf7786e157d365386a0b070f7749,gx-no-cache=1741954511641 HTTP/1.1" 200 30
190.95.67.91 - - [14/Mar/2025:09:14:02 -0300] "POST /cormun/servlet/trlicencias?e9107bb501c46d4311cbf9e223b5e1a1,gx-no-cache=1741954525728 HTTP/1.1" 440 972
190.95.67.91 - - [14/Mar/2025:09:14:04 -0300] "GET /cormun/servlet/trlicencias HTTP/1.1" 200 6054
190.95.67.91 - - [14/Mar/2025:09:14:04 -0300] "GET /cormun/servlet/hlogin HTTP/1.1" 200 1744
190.95.67.91 - - [14/Mar/2025:09:14:04 -0300] "GET /cormun/servlet/trlicencias HTTP/1.1" 200 6054
190.95.67.91 - - [14/Mar/2025:09:14:13 -0300] "POST /cormun/servlet/hlogin?cb0ce893c9f94599362a4911b6c889d2,gx-no-cache=1741954536628 HTTP/1.1" 200 90
190.95.67.91 - - [14/Mar/2025:09:14:13 -0300] "GET /cormun/servlet/hpexe_link HTTP/1.1" 200 961
190.95.67.91 - - [14/Mar/2025:09:14:13 -0300] "GET /cormun/servlet/trlicencias HTTP/1.1" 200 10866
190.95.2.163 - - [14/Mar/2025:09:15:10 -0300] "GET /cormun/servlet/hlogin HTTP/1.1" 200 1725
190.95.2.163 - - [14/Mar/2025:09:15:22 -0300] "POST /cormun/servlet/hlogin?68439ade04918f3ea2343db529155d30,gx-no-cache=1741954605996 HTTP/1.1" 200 90
190.95.2.163 - - [14/Mar/2025:09:15:22 -0300] "GET /cormun/servlet/hpexe_link HTTP/1.1" 200 956
190.95.2.163 - - [14/Mar/2025:09:15:23 -0300] "GET /cormun/servlet/hhome HTTP/1.1" 200 4001
190.95.2.163 - - [14/Mar/2025:09:15:27 -0300] "GET /cormun/servlet/trsolicitudot? HTTP/1.1" 200 7219
190.95.1.185 - - [14/Mar/2025:09:15:32 -0300] "GET /cormun/static/Resources/resize.gif HTTP/1.1" 200 77
190.95.1.185 - - [14/Mar/2025:09:15:32 -0300] "GET /cormun/static/Resources/PXTools/ClosePrompt.png HTTP/1.1" 200 1036
190.95.1.185 - - [14/Mar/2025:09:15:32 -0300] "GET /cormun/servlet/prbanco?,MD,,gxPopupLevel%3D0%3B HTTP/1.1" 200 6902
190.95.1.185 - - [14/Mar/2025:09:15:32 -0300] "GET /cormun/static/gxcfg.js?20201216131581 HTTP/1.1" 200 953
190.95.1.185 - - [14/Mar/2025:09:15:32 -0300] "GET /cormun/static/Resources/PXToolsMenuSearch.png HTTP/1.1" 200 336
190.95.1.185 - - [14/Mar/2025:09:15:32 -0300] "GET /cormun/static/prbanco.js?20201216132311 HTTP/1.1" 200 10693
190.95.1.185 - - [14/Mar/2025:09:15:32 -0300] "GET /cormun/static/menusearch.js?20201214473581 HTTP/1.1" 200 1424
190.95.1.185 - - [14/Mar/2025:09:15:32 -0300] "GET /cormun/static/hmpwkw011.js?202211298443482 HTTP/1.1" 200 1968
190.95.2.163 - - [14/Mar/2025:09:15:32 -0300] "GET /cormun/servlet/solicitudot?INS,0,0,false, HTTP/1.1" 200 16001
190.95.1.185 - - [14/Mar/2025:09:15:32 -0300] "GET /cormun/static/Resources/PXToolsMenuSearchCancel.png HTTP/1.1" 200 306
190.95.2.163 - - [14/Mar/2025:09:15:46 -0300] "POST /cormun/servlet/solicitudot?gx-no-cache=1741954630399 HTTP/1.1" 200 4046
190.95.2.163 - - [14/Mar/2025:09:15:46 -0300] "POST /cormun/servlet/solicitudot?68439ade04918f3ea2343db529155d30,INS,0,0,false,,gx-no-cache=1741954630514 HTTP/1.1" 200 12620
190.95.2.163 - - [14/Mar/2025:09:15:55 -0300] "GET /cormun/servlet/solicitudot?4f3edf684962028a9e238bff78cbc9f94809b8d00a58405c28758822d984191ed63fcd60a8dd9ad4a7727b7fd94a5589,gx-no-cache=1741954639839 HTTP/1.1" 200 30
190.95.1.185 - - [14/Mar/2025:09:16:23 -0300] "GET /cormun/servlet/solicitudot?23ae5ca7b6d1e21385db4c13703e773a3b4de044f297b3492839bdc315fb9a58a2277cf56b0fd52616e51afea3f2cb67fdaec0aa4be42481c53c1b489d2aa3a700cf2d7978355679528a859f480b9242,gx-no-cache=1741954667593 HTTP/1.1" 200 30
190.95.15.27 - - [14/Mar/2025:09:16:33 -0300] "POST /cormun/servlet/hlogin?51f9bfe4a3564a409bd8cef2d26899ca,gx-no-cache=1741954678224 HTTP/1.1" 200 427
190.95.2.163 - - [14/Mar/2025:09:16:49 -0300] "GET /cormun/servlet/solicitudot?INS,0,0,false, HTTP/1.1" 200 16001
191.126.164.125 - - [14/Mar/2025:09:17:06 -0300] "GET /cormun/servlet/solicitudot?INS,0,0,false, HTTP/1.1" 200 15141
191.126.164.125 - - [14/Mar/2025:09:17:06 -0300] "GET /cormun/servlet/hlogin HTTP/1.1" 200 1743
191.126.164.125 - - [14/Mar/2025:09:17:09 -0300] "POST /cormun/servlet/hlogin?561cfe8e22a35caf70fa08ef40198866,gx-no-cache=1741954712462 HTTP/1.1" 200 90
191.126.164.125 - - [14/Mar/2025:09:17:09 -0300] "GET /cormun/servlet/hpexe_link HTTP/1.1" 200 963
191.126.164.125 - - [14/Mar/2025:09:17:09 -0300] "GET /cormun/servlet/solicitudot?INS,0,0,false, HTTP/1.1" 200 15750
191.126.164.125 - - [14/Mar/2025:09:17:25 -0300] "POST /cormun/servlet/solicitudot?gx-no-cache=1741954728619 HTTP/1.1" 200 4039
191.126.164.125 - - [14/Mar/2025:09:17:25 -0300] "POST /cormun/servlet/solicitudot?561cfe8e22a35caf70fa08ef40198866,INS,0,0,false,,gx-no-cache=1741954729005 HTTP/1.1" 200 12341
191.126.164.125 - - [14/Mar/2025:09:17:28 -0300] "GET /cormun/servlet/solicitudot?e39694664f9fe9a3851af8e5bf3fba274ad8f559c186fd1239143ff5fb0c4a1e62ee91d3e65f3912ad183a7948a10c48,gx-no-cache=1741954731975 HTTP/1.1" 200 30
190.95.1.185 - - [14/Mar/2025:09:22:08 -0300] "GET /cormun/servlet/prbanco?,MD,,gxPopupLevel%3D0%3B HTTP/1.1" 200 6902
191.126.164.125 - - [14/Mar/2025:09:22:14 -0300] "GET /cormun/servlet/solicitudot?e39694664f9fe9a3851af8e5bf3fba2713f2f465a5f5e863cb01077dfd3714d3678d17de9d001475d7a12fca99e03fe8bfaaf45f54f8a31d1623270250898744,gx-no-cache=1741955017892 HTTP/1.1" 200 30
190.95.1.185 - - [14/Mar/2025:09:22:15 -0300] "GET /cormun/servlet/solicitudot?23ae5ca7b6d1e21385db4c13703e773af086bcca8f3a15c79745a3b3406afaca,gx-no-cache=1741955019691 HTTP/1.1" 200 70
191.126.164.125 - - [14/Mar/2025:09:22:19 -0300] "GET /cormun/servlet/solicitudot?e39694664f9fe9a3851af8e5bf3fba27f45ca369b1ea510e6e32cc0940b6fcce,gx-no-cache=1741955023133 HTTP/1.1" 200 53
191.126.164.125 - - [14/Mar/2025:09:22:33 -0300] "POST /cormun/servlet/solicitudot?gx-no-cache=1741955036550 HTTP/1.1" 200 255
191.126.164.125 - - [14/Mar/2025:09:22:35 -0300] "GET /cormun/servlet/solicitudot?e39694664f9fe9a3851af8e5bf3fba27fa642b80bed9d6969ef4ab92909b72ffa8501b4d63af33157bef83ea7f53eb55f58f7752285865693d68d8088c5bea761396de544695a15387b4cfbb23f7b9156aec35df96f5c680620fc04594ceaf4c4d695c0f2f4305e01461bcbc75957a8359e9c8dda318a7a884a2a03881c973316a3483aa17dd5599872b740ad6bd10f791c79aaa75dd9319f92d5d3afbf38d27bc649ec92999ef0e282098d6f8d77ca99c1e2d635c7ab01332c4b01125f65639e9538f719062f85e42e5c64079cd32e47cb51c43ac0103c491efd145662f7e143e2f83f9226660e49320836df2bd3c0b31c3e104019b5bcc971296e5d81cc1ba6f71c824abd5f0d3df7dd723b164f5fbc2fa8a6f63bf16a2a5f956f46b958b47e99ffddbe98704564309ea39a1407d95d5f38fff9aed7d646210202eb4b416bcf9860313076c8960dccae0a58e8fb86a8244c8adecf0a32617b3a4f8f9c03dc248708b763691b66a0f2d40811459bd1e5726137cf127890d4e4acbcb367e26a1,gx-no-cache=1741955038528 HTTP/1.1" 200 30
191.126.164.125 - - [14/Mar/2025:09:22:37 -0300] "POST /cormun/servlet/solicitudot?gx-no-cache=1741955040887 HTTP/1.1" 200 30
191.126.164.125 - - [14/Mar/2025:09:22:39 -0300] "POST /cormun/servlet/solicitudot?gx-no-cache=1741955042690 HTTP/1.1" 200 1479
191.126.164.125 - - [14/Mar/2025:09:22:39 -0300] "POST /cormun/servlet/solicitudot?gx-no-cache=1741955042807 HTTP/1.1" 200 38
190.95.1.185 - - [14/Mar/2025:09:22:52 -0300] "POST /cormun/servlet/solicitudot?gx-no-cache=1741955057003 HTTP/1.1" 200 297
190.95.1.185 - - [14/Mar/2025:09:22:52 -0300] "GET /cormun/servlet/solicitudot?23ae5ca7b6d1e21385db4c13703e773a2bd05f67e3fee6e9b6a1596d747e5f1b8529e4592fc497edc9b48d385fbd64b696055565f4ca05d278c27e2b3f6bd6773279248704589ab5edb22141611d65a5bdfd3ad90c2bc7297c708985268a219619bfa9bc389c0f4466e1048fd294c33645ee416278adf893ea89426fba8701e9d25699e92e0fe121bddbd2c2a3c4d8421fc619f3b8729e7be9e53b920c1e7fa81339d8e2f5e85a99722daece1d5e88cf57057e1c1a41a07fdb3093aba6a7409f010776153ada3fce833fa1724395eb8996331d8d7bb8ad4fbdf298d91e59a1f6049a04dcd8144416cf66feee7bbc262ce96bebda1082be8e6d938ddf652b66761dc750dd0f69582c643f3704515fa795118fe7541f6ef304d53d0cf651fe71f78dd3b96a083bc5ca7073fc58b3849c11e5b5122bc163db5f4c59f1094655fff8fd74dc8a5d3e00548a169f0828e82ccce6fab91fa0ef8ffc6de05645b31bac64cad880281a24ee88ff8eca061762b6e76dad953b3f09788338ce4f1cdd1389ac6c6cfdc1fbafd0ca042ab526089860b1,gx-no-cache=1741955057036 HTTP/1.1" 200 30
190.95.1.185 - - [14/Mar/2025:09:22:55 -0300] "POST /cormun/servlet/solicitudot?gx-no-cache=1741955059776 HTTP/1.1" 200 30
190.95.1.185 - - [14/Mar/2025:09:22:58 -0300] "GET /cormun/servlet/prfichaempleado?,MD,,gxPopupLevel%3D0%3B HTTP/1.1" 200 9519
190.95.1.185 - - [14/Mar/2025:09:22:58 -0300] "GET /cormun/static/gxcfg.js?20201215571085 HTTP/1.1" 200 953
190.95.1.185 - - [14/Mar/2025:09:22:58 -0300] "GET /cormun/static/prfichaempleado.js?20201215572193 HTTP/1.1" 200 16005
190.95.1.185 - - [14/Mar/2025:09:23:06 -0300] "POST /cormun/servlet/prfichaempleado?b7a41faf7c4cbc788f692a37ba903647,,MD,,gxPopupLevel%3D0%3B,gx-no-cache=1741955070768 HTTP/1.1" 200 6308
190.95.1.185 - - [14/Mar/2025:09:23:06 -0300] "GET /cormun/static/Resources/PXToolsGridNext.gif HTTP/1.1" 200 369
190.95.1.185 - - [14/Mar/2025:09:23:06 -0300] "GET /cormun/static/Resources/PXToolsGridLast.gif HTTP/1.1" 200 370
191.126.164.125 - - [14/Mar/2025:09:23:24 -0300] "GET /cormun/servlet/solicitudot?e39694664f9fe9a3851af8e5bf3fba279017250c1407dc208dde7b2f9005ea15c55f15f0d8285397af56f1e7b2e57603fc77decb4c790d9d71ee517e1ae94cf2d84f588d29c51279dab350c1333e925bca4ed4a74fc836ba695b36c82682facc8383f7c15e0af2e8d51eac1462ae93e7,gx-no-cache=1741955088130 HTTP/1.1" 200 110
190.95.1.185 - - [14/Mar/2025:09:23:27 -0300] "GET /cormun/servlet/prlicenciaspermisos?17238751,L,,MD,,gxPopupLevel%3D0%3B HTTP/1.1" 200 6416
190.95.1.185 - - [14/Mar/2025:09:23:28 -0300] "GET /cormun/static/gxcfg.js?2020121559567 HTTP/1.1" 200 953
190.95.1.185 - - [14/Mar/2025:09:23:28 -0300] "GET /cormun/static/prlicenciaspermisos.js?2020121559821 HTTP/1.1" 200 13379
190.95.1.185 - - [14/Mar/2025:09:23:32 -0300] "POST /cormun/servlet/solicitudot?gx-no-cache=1741955096624 HTTP/1.1" 200 1482
191.126.164.125 - - [14/Mar/2025:09:23:35 -0300] "POST /cormun/servlet/solicitudot?gx-no-cache=1741955098289 HTTP/1.1" 200 97
190.95.1.185 - - [14/Mar/2025:09:23:35 -0300] "POST /cormun/servlet/solicitudot?gx-no-cache=1741955099892 HTTP/1.1" 200 41
191.126.164.125 - - [14/Mar/2025:09:23:41 -0300] "GET /cormun/servlet/solicitudot?e39694664f9fe9a3851af8e5bf3fba2766d6f5200a4fd2f75b2e0a5287ea27a608b766e45c62fcab72625d14b8338b231e1f0162d75a5c4e6160d7a228810a5d6640df7c6e0ec47938f525c7f2f00916f5bae3db9730b4dde82f818d27bb8ae7dd01def77da1b5d3edb7f6bd1c6e2953,gx-no-cache=1741955104883 HTTP/1.1" 200 29
191.126.164.125 - - [14/Mar/2025:09:23:41 -0300] "GET /cormun/static/menuarrow.gif HTTP/1.1" 404 1015
191.126.164.125 - - [14/Mar/2025:09:23:44 -0300] "GET /cormun/servlet/solicitudot?e39694664f9fe9a3851af8e5bf3fba2716a1615b76a2b977ba3789eab08213c6bc87d90230b5f317cc697e2488a09a0c,gx-no-cache=1741955107497 HTTP/1.1" 200 30
190.95.1.185 - - [14/Mar/2025:09:23:55 -0300] "GET /cormun/servlet/solicitudot?23ae5ca7b6d1e21385db4c13703e773a163d23fb04f7a8d61bacbc90d4c79f70fc357235c734bc79f590e4f55952f8befdfae0c6a69e9331dddae4a73286eab92cf0822ec1f553c09e39195b91c59dd76bd19b82ecb93b4e1a0eef38d585f3897dc3203afb5a72b3245d3853dfbf3344,gx-no-cache=1741955119759 HTTP/1.1" 200 110
191.126.164.125 - - [14/Mar/2025:09:23:58 -0300] "POST /cormun/servlet/solicitudot?gx-no-cache=1741955121428 HTTP/1.1" 200 30
191.126.164.125 - - [14/Mar/2025:09:24:00 -0300] "POST /cormun/servlet/solicitudot?gx-no-cache=1741955123513 HTTP/1.1" 200 1483
191.126.164.125 - - [14/Mar/2025:09:24:00 -0300] "POST /cormun/servlet/solicitudot?gx-no-cache=1741955123586 HTTP/1.1" 200 41
191.126.164.125 - - [14/Mar/2025:09:24:00 -0300] "GET /cormun/servlet/solicitudot?e39694664f9fe9a3851af8e5bf3fba279017250c1407dc208dde7b2f9005ea15c55f15f0d8285397af56f1e7b2e57603fc77decb4c790d9d71ee517e1ae94cf2d84f588d29c51279dab350c1333e925bca4ed4a74fc836ba695b36c82682facc8383f7c15e0af2e8d51eac1462ae93e7,gx-no-cache=1741955123652 HTTP/1.1" 200 110
191.126.164.125 - - [14/Mar/2025:09:24:00 -0300] "POST /cormun/servlet/solicitudot?gx-no-cache=1741955123732 HTTP/1.1" 200 97
191.126.164.125 - - [14/Mar/2025:09:24:00 -0300] "POST /cormun/servlet/solicitudot?gx-no-cache=1741955123803 HTTP/1.1" 200 30
191.126.164.125 - - [14/Mar/2025:09:24:00 -0300] "POST /cormun/servlet/solicitudot?561cfe8e22a35caf70fa08ef40198866,INS,0,0,false,,gx-no-cache=1741955123884 HTTP/1.1" 200 93
191.126.164.125 - - [14/Mar/2025:09:24:00 -0300] "GET /cormun/servlet/hpexe_return? HTTP/1.1" 200 1006
191.126.164.125 - - [14/Mar/2025:09:24:01 -0300] "GET /cormun/servlet/hhome HTTP/1.1" 200 3909
191.126.164.125 - - [14/Mar/2025:09:24:07 -0300] "GET /cormun/servlet/trsolicitudot? HTTP/1.1" 200 15707
190.95.1.185 - - [14/Mar/2025:09:24:09 -0300] "POST /cormun/servlet/solicitudot?gx-no-cache=1741955133529 HTTP/1.1" 200 97
190.95.1.185 - - [14/Mar/2025:09:24:18 -0300] "GET /cormun/servlet/solicitudot?23ae5ca7b6d1e21385db4c13703e773a9c0230fb2811fe6821f527976534e7d979e6c3bdee53099d95b7a6470c5987a637eeba07ba91e4183b1fd2781474df0147cbc7ecb9ca2a0ec4670a3b3613eb5996f8cfc10de30b2de4c353fa8036302deb9ab8927798f5b7cd1cc5fd324aeb39,gx-no-cache=1741955142758 HTTP/1.1" 200 29
190.95.1.185 - - [14/Mar/2025:09:24:18 -0300] "GET /cormun/static/menuarrow.gif HTTP/1.1" 404 1015
190.95.1.185 - - [14/Mar/2025:09:24:22 -0300] "GET /cormun/servlet/solicitudot?23ae5ca7b6d1e21385db4c13703e773aa6b6f221661e556353e660917f213c0287bc9fd9fdd3ed44c9722d154cc4e1cf,gx-no-cache=1741955146512 HTTP/1.1" 200 30
190.95.1.185 - - [14/Mar/2025:09:24:22 -0300] "POST /cormun/servlet/solicitudot?gx-no-cache=1741955146532 HTTP/1.1" 200 34
190.95.1.185 - - [14/Mar/2025:09:25:07 -0300] "POST /cormun/servlet/solicitudot?b7a41faf7c4cbc788f692a37ba903647,INS,0,0,false,,gx-no-cache=1741955191328 HTTP/1.1" 200 93
190.95.1.185 - - [14/Mar/2025:09:25:07 -0300] "GET /cormun/servlet/hpexe_return? HTTP/1.1" 200 1009
190.95.1.185 - - [14/Mar/2025:09:25:07 -0300] "GET /cormun/servlet/trsolicitudot HTTP/1.1" 200 10849
190.95.67.95 - - [14/Mar/2025:09:26:30 -0300] "GET /cormun/servlet/hlogin HTTP/1.1" 200 1720
190.95.67.95 - - [14/Mar/2025:09:26:32 -0300] "GET /cormun/servlet/hlogin HTTP/1.1" 200 1730
190.95.67.95 - - [14/Mar/2025:09:26:39 -0300] "POST /cormun/servlet/hlogin?eb555b7bfe4ab0bda2d5738ddfe59836,gx-no-cache=1741955283037 HTTP/1.1" 200 90
190.95.67.95 - - [14/Mar/2025:09:26:46 -0300] "GET /cormun/servlet/hpexe_link HTTP/1.1" 200 948
190.95.67.95 - - [14/Mar/2025:09:26:46 -0300] "GET /cormun/servlet/hhome HTTP/1.1" 200 4003
191.126.164.125 - - [14/Mar/2025:09:26:47 -0300] "GET /cormun/servlet/solicitudot?INS,0,0,false, HTTP/1.1" 200 15917
190.95.67.95 - - [14/Mar/2025:09:26:56 -0300] "GET /cormun/servlet/trsolicitudot? HTTP/1.1" 200 7217
191.126.164.125 - - [14/Mar/2025:09:27:03 -0300] "POST /cormun/servlet/solicitudot?gx-no-cache=1741955306497 HTTP/1.1" 200 4123
191.126.164.125 - - [14/Mar/2025:09:27:03 -0300] "POST /cormun/servlet/solicitudot?561cfe8e22a35caf70fa08ef40198866,INS,0,0,false,,gx-no-cache=1741955306778 HTTP/1.1" 200 12704
190.95.67.95 - - [14/Mar/2025:09:27:06 -0300] "GET /cormun/static/gxcfg.js?20221129840861 HTTP/1.1" 200 953
190.95.67.95 - - [14/Mar/2025:09:27:06 -0300] "GET /cormun/servlet/solicitudot?INS,0,0,false, HTTP/1.1" 200 16007
190.95.67.95 - - [14/Mar/2025:09:27:06 -0300] "GET /cormun/static/solicitudot.js?20221129840983 HTTP/1.1" 200 74072
191.126.164.125 - - [14/Mar/2025:09:27:12 -0300] "GET /cormun/servlet/solicitudot?e39694664f9fe9a3851af8e5bf3fba273d21fa33d9227893e7ac8d24394626b562ee91d3e65f3912ad183a7948a10c48,gx-no-cache=1741955315290 HTTP/1.1" 200 30
191.126.164.125 - - [14/Mar/2025:09:27:24 -0300] "GET /cormun/servlet/solicitudot?e39694664f9fe9a3851af8e5bf3fba27a369e85a034922f9721e5e2bdc46a23e1fb7ac3add0fd5ea91f787ffecfcf4cd,gx-no-cache=1741955327275 HTTP/1.1" 200 103
191.126.164.125 - - [14/Mar/2025:09:27:24 -0300] "GET /cormun/static/Shared/jqueryui/images/ui-bg_highlight-soft_100_c6c2c8_1x100.png HTTP/1.1" 404 1117
191.126.164.125 - - [14/Mar/2025:09:27:24 -0300] "GET /cormun/servlet/solicitudot?e39694664f9fe9a3851af8e5bf3fba274a885d77503f8cd1c0ec4750b1b1cb93,gx-no-cache=1741955327396 HTTP/1.1" 200 70
191.126.164.125 - - [14/Mar/2025:09:27:24 -0300] "GET /cormun/static/Shared/jqueryui/images/ui-icons_82798d_256x240.png HTTP/1.1" 404 1089
191.126.164.125 - - [14/Mar/2025:09:27:24 -0300] "GET /cormun/static/Shared/jqueryui/images/ui-bg_flat_55_994d53_40x100.png HTTP/1.1" 404 1097
191.126.164.125 - - [14/Mar/2025:09:27:24 -0300] "GET /cormun/static/Shared/jqueryui/images/ui-icons_ebccce_256x240.png HTTP/1.1" 404 1089
191.126.164.125 - - [14/Mar/2025:09:27:24 -0300] "POST /cormun/servlet/solicitudot?gx-no-cache=1741955327483 HTTP/1.1" 200 255
191.126.164.125 - - [14/Mar/2025:09:27:24 -0300] "GET /cormun/servlet/solicitudot?e39694664f9fe9a3851af8e5bf3fba27fa642b80bed9d6969ef4ab92909b72ffa8501b4d63af33157bef83ea7f53eb55f58f7752285865693d68d8088c5bea761396de544695a15387b4cfbb23f7b9156aec35df96f5c680620fc04594ceaf4c4d695c0f2f4305e01461bcbc75957a8359e9c8dda318a7a884a2a03881c973316a3483aa17dd5599872b740ad6bd10f791c79aaa75dd9319f92d5d3afbf38d27bc649ec92999ef0e282098d6f8d77ca99c1e2d635c7ab01332c4b01125f65639e9538f719062f85e42e5c64079cd32e47cb51c43ac0103c491efd145662f7e143e2f83f9226660e49320836df2bd3c0b31c3e104019b5bcc971296e5d81cc1ba6f71c824abd5f0d3df7dd723b164f5fbc2fa8a6f63bf16a2a5f956f46b958b47e99ffddbe98704564309ea39a1407d95d5f38fff9aed7d646210202eb4b416bcf9860313076c8960dccae0a58e8fb86a8244c8adecf0a32617b3a4f8f9c03dc248708b763691b66a0f2d40811459bd1e5726137cf127890d4e4acbcb367e26a1,gx-no-cache=1741955327545 HTTP/1.1" 200 30
191.126.164.125 - - [14/Mar/2025:09:27:26 -0300] "POST /cormun/servlet/solicitudot?gx-no-cache=1741955329975 HTTP/1.1" 200 30
191.126.164.125 - - [14/Mar/2025:09:27:45 -0300] "GET /cormun/servlet/solicitudot?e39694664f9fe9a3851af8e5bf3fba27a3471e0015fdc944fe989c065f3fee0724cb6bb6efb70625a47fb2aadc78227d5982bc70b48085bfbce16443119079da,gx-no-cache=1741955348867 HTTP/1.1" 200 30
191.126.164.125 - - [14/Mar/2025:09:27:45 -0300] "POST /cormun/servlet/solicitudot?gx-no-cache=1741955349000 HTTP/1.1" 200 255
191.126.164.125 - - [14/Mar/2025:09:27:45 -0300] "GET /cormun/servlet/solicitudot?e39694664f9fe9a3851af8e5bf3fba27fa642b80bed9d6969ef4ab92909b72ffa8501b4d63af33157bef83ea7f53eb55f58f7752285865693d68d8088c5bea761396de544695a15387b4cfbb23f7b9156aec35df96f5c680620fc04594ceaf4c4d695c0f2f4305e01461bcbc75957a8359e9c8dda318a7a884a2a03881c973316a3483aa17dd5599872b740ad6bd10f791c79aaa75dd9319f92d5d3afbf38d27bc649ec92999ef0e282098d6f8d77ca99c1e2d635c7ab01332c4b01125f65639e9538f719062f85e42e5c64079cd32e47cb51c43ac0103c491efd145662f7e143e2f83f9226660e49320836df2bd3c0b31c3e104019b5bcc971296e5d81cc1ba6f71c824abd5f0d3df7dd723b164f5fbc2fa8a6f63bf16a2a5f956f46b958b47e99ffddbe98704564309ea39a1407d95d5f38fff9aed7d646210202eb4b416bcf9860313076c8960dccae0a58e8fb86a8244c8adecf0a32617b3a4f8f9c03dc248708b763691b66a0f2d40811459bd1e1105dbdb17ec38802da6973271213c90,gx-no-cache=1741955349064 HTTP/1.1" 200 30
191.126.164.125 - - [14/Mar/2025:09:27:45 -0300] "POST /cormun/servlet/solicitudot?gx-no-cache=1741955349135 HTTP/1.1" 200 30
191.126.164.125 - - [14/Mar/2025:09:27:45 -0300] "POST /cormun/servlet/solicitudot?gx-no-cache=1741955349190 HTTP/1.1" 200 1481
191.126.164.125 - - [14/Mar/2025:09:27:45 -0300] "POST /cormun/servlet/solicitudot?gx-no-cache=1741955349288 HTTP/1.1" 200 38
191.126.164.125 - - [14/Mar/2025:09:27:46 -0300] "GET /cormun/servlet/solicitudot?e39694664f9fe9a3851af8e5bf3fba279017250c1407dc208dde7b2f9005ea15c55f15f0d8285397af56f1e7b2e57603fc77decb4c790d9d71ee517e1ae94cf2d84f588d29c51279dab350c1333e925bca4ed4a74fc836ba695b36c82682facc8383f7c15e0af2e8d51eac1462ae93e7,gx-no-cache=1741955349370 HTTP/1.1" 200 110
191.126.164.125 - - [14/Mar/2025:09:27:56 -0300] "POST /cormun/servlet/solicitudot?gx-no-cache=1741955359893 HTTP/1.1" 200 79
191.126.164.125 - - [14/Mar/2025:09:28:01 -0300] "GET /cormun/servlet/solicitudot?e39694664f9fe9a3851af8e5bf3fba2766d6f5200a4fd2f75b2e0a5287ea27a608b766e45c62fcab72625d14b8338b233888abf4f1e189ddb0c89282ebda8e6a03dad91def5ab0fe8bba438b57db050d24b66cf81755091f23e82080abdb25cd3cbc98ec72f5238ab7c383f61e7e0a6bfc98f901d042b39f36d492c69dc6d89d0e7e8fe4bb4a01a236048a1f389fabf2fca4ede070021cce205e693a24790a18,gx-no-cache=1741955364398 HTTP/1.1" 200 29
191.126.164.125 - - [14/Mar/2025:09:28:01 -0300] "GET /cormun/static/menuarrow.gif HTTP/1.1" 404 1015
191.126.164.125 - - [14/Mar/2025:09:28:04 -0300] "GET /cormun/servlet/solicitudot?e39694664f9fe9a3851af8e5bf3fba2716a1615b76a2b977ba3789eab08213c6b25281a56a26db716aa4ae146c7a80c3,gx-no-cache=1741955367682 HTTP/1.1" 200 30
191.126.164.125 - - [14/Mar/2025:09:28:27 -0300] "POST /cormun/servlet/solicitudot?gx-no-cache=1741955390437 HTTP/1.1" 200 30
191.126.164.125 - - [14/Mar/2025:09:28:27 -0300] "POST /cormun/servlet/solicitudot?561cfe8e22a35caf70fa08ef40198866,INS,0,0,false,,gx-no-cache=1741955390586 HTTP/1.1" 200 93
190.95.67.95 - - [14/Mar/2025:09:28:27 -0300] "POST /cormun/servlet/solicitudot?gx-no-cache=1741955390650 HTTP/1.1" 200 4046
191.126.164.125 - - [14/Mar/2025:09:28:27 -0300] "GET /cormun/servlet/hpexe_return? HTTP/1.1" 200 1006
190.95.67.95 - - [14/Mar/2025:09:28:27 -0300] "POST /cormun/servlet/solicitudot?eb555b7bfe4ab0bda2d5738ddfe59836,INS,0,0,false,,gx-no-cache=1741955390789 HTTP/1.1" 200 12618
191.126.164.125 - - [14/Mar/2025:09:28:27 -0300] "GET /cormun/servlet/trsolicitudot HTTP/1.1" 200 16116
190.95.67.95 - - [14/Mar/2025:09:28:29 -0300] "GET /cormun/servlet/solicitudot?184133eaa7d54c4b555f5cbdd193ce7340bdeb113509eca4bdd445e70dd9df28002fc1e35f3c06846fc66bd07de60632,gx-no-cache=1741955393107 HTTP/1.1" 200 30
191.126.164.125 - - [14/Mar/2025:09:28:34 -0300] "GET /cormun/servlet/trsolicitudot? HTTP/1.1" 200 16111
148.113.193.79 - - [14/Mar/2025:09:28:50 -0300] "GET / HTTP/1.1" 200 11217
191.126.164.125 - - [14/Mar/2025:09:29:10 -0300] "GET /cormun/servlet/solicitudot?INS,0,0,false, HTTP/1.1" 200 15916
191.126.164.125 - - [14/Mar/2025:09:29:28 -0300] "POST /cormun/servlet/solicitudot?gx-no-cache=1741955451189 HTTP/1.1" 200 4159
191.126.164.125 - - [14/Mar/2025:09:29:28 -0300] "POST /cormun/servlet/solicitudot?561cfe8e22a35caf70fa08ef40198866,INS,0,0,false,,gx-no-cache=1741955451539 HTTP/1.1" 200 12741
191.126.164.125 - - [14/Mar/2025:09:29:32 -0300] "GET /cormun/servlet/solicitudot?e39694664f9fe9a3851af8e5bf3fba2776414b88e3cbab63e825115bcc2cea6f62ee91d3e65f3912ad183a7948a10c48,gx-no-cache=1741955455855 HTTP/1.1" 200 30
191.126.164.125 - - [14/Mar/2025:09:29:32 -0300] "GET /cormun/servlet/solicitudot?e39694664f9fe9a3851af8e5bf3fba270d708212d632de35e58cb97513096dd6a6f2ee5a7902da5c7db32c2c09a38122336ef94ec60a5c535361f617a5d83955,gx-no-cache=1741955456235 HTTP/1.1" 200 30
191.126.164.125 - - [14/Mar/2025:09:29:33 -0300] "GET /cormun/servlet/solicitudot?e39694664f9fe9a3851af8e5bf3fba27e129a86d4daa1cd930d47979df11a48d,gx-no-cache=1741955456300 HTTP/1.1" 200 45
191.126.164.125 - - [14/Mar/2025:09:29:33 -0300] "POST /cormun/servlet/solicitudot?gx-no-cache=1741955456412 HTTP/1.1" 200 255
191.126.164.125 - - [14/Mar/2025:09:29:33 -0300] "GET /cormun/servlet/solicitudot?e39694664f9fe9a3851af8e5bf3fba27fa642b80bed9d6969ef4ab92909b72ffa8501b4d63af33157bef83ea7f53eb55f58f7752285865693d68d8088c5bea761396de544695a15387b4cfbb23f7b9156aec35df96f5c680620fc04594ceaf4c4d695c0f2f4305e01461bcbc75957a8359e9c8dda318a7a884a2a03881c973316a3483aa17dd5599872b740ad6bd10f791c79aaa75dd9319f92d5d3afbf38d27bc649ec92999ef0e282098d6f8d77ca99c1e2d635c7ab01332c4b01125f65639e9538f719062f85e42e5c64079cd32e47cb51c43ac0103c491efd145662f7e143e2f83f9226660e49320836df2bd3c0b31c3e104019b5bcc971296e5d81cc1ba6f71c824abd5f0d3df7dd723b164f5fbc2fa8a6f63bf16a2a5f956f46b958b47e99ffddbe98704564309ea39a1407d95d5f38fff9aed7d646210202eb4b416bcf9860313076c8960dccae0a58e8fb86a8244c8adecf0a32617b3a4f8f9c03dc248708b763691b66a0f2d40811459bd1e5726137cf127890d4e4acbcb367e26a1,gx-no-cache=1741955456510 HTTP/1.1" 200 30
191.126.164.125 - - [14/Mar/2025:09:29:35 -0300] "POST /cormun/servlet/solicitudot?gx-no-cache=1741955458480 HTTP/1.1" 200 30
191.126.164.125 - - [14/Mar/2025:09:29:37 -0300] "POST /cormun/servlet/solicitudot?gx-no-cache=1741955460883 HTTP/1.1" 200 1481
191.126.164.125 - - [14/Mar/2025:09:29:37 -0300] "POST /cormun/servlet/solicitudot?gx-no-cache=1741955461025 HTTP/1.1" 200 38
190.95.67.95 - - [14/Mar/2025:09:29:44 -0300] "GET /cormun/servlet/solicitudot?184133eaa7d54c4b555f5cbdd193ce730b8381bd2c5c4df6ffe74b9d4d3e2379,gx-no-cache=1741955466215 HTTP/1.1" 200 94
190.95.67.95 - - [14/Mar/2025:09:29:44 -0300] "GET /cormun/static/Shared/jqueryui/images/ui-bg_highlight-soft_100_c6c2c8_1x100.png HTTP/1.1" 404 1117
190.95.67.95 - - [14/Mar/2025:09:29:44 -0300] "GET /cormun/static/Shared/jqueryui/images/ui-icons_82798d_256x240.png HTTP/1.1" 404 1089
190.95.67.95 - - [14/Mar/2025:09:29:44 -0300] "GET /cormun/static/Shared/jqueryui/images/ui-bg_flat_55_994d53_40x100.png HTTP/1.1" 404 1097
190.95.67.95 - - [14/Mar/2025:09:29:44 -0300] "GET /cormun/static/Shared/jqueryui/images/ui-icons_ebccce_256x240.png HTTP/1.1" 404 1089
190.95.67.95 - - [14/Mar/2025:09:29:44 -0300] "GET /cormun/servlet/solicitudot?184133eaa7d54c4b555f5cbdd193ce73f0159cc218f111b9dc0d46998d53083d,gx-no-cache=1741955467702 HTTP/1.1" 200 29
201.186.225.191 - - [14/Mar/2025:09:29:48 -0300] "GET /cormun/servlet/hlogin HTTP/1.1" 200 1740
190.95.67.95 - - [14/Mar/2025:09:29:50 -0300] "POST /cormun/servlet/solicitudot?gx-no-cache=1741955473548 HTTP/1.1" 200 255
190.95.67.95 - - [14/Mar/2025:09:29:53 -0300] "GET /cormun/servlet/solicitudot?184133eaa7d54c4b555f5cbdd193ce731d3dc9926ccd505ea6174d2bf9cbc33a9a0d71cc0cac665f79b879bd8fa4eb6bdf8054b9b362073f3b1409a9ff0b64f977a74c0fda6610f42c2b87940cf0b9befcf40ca15979f6210806aa3e1da91452c1461d188bd5105086c6f0c8e2fb2fc9cfd9ba2517aa6c220ca5e1abbc57fefda1ababd903e6376bff7f840976c204f4deaf5c2e7e5295f11b6df89c0ef065c8198d3eb04e6da41da1733222d435219806f1a8213a461fe14511fe0c894693462ba2cc4ce0c6824e7bf410574d8934a5138a7c593ee305da3f5c88a10c5810633ceaf2143a2faaaeb95a4bf2e92569ebac2683ed215b476e01895605b5510676c48c0a735c8204f76d21ab7ba75e3d4f96c61dafd15f9043d902839fae9cac661d245dacad4cf55bb115963bb687bb14f2fb1b38e5df970d695aad1ac6449d2dfb50effa2be77de44bfa53646c391f5b52481003de35872055e55afbc188af9a0ea5703dbc7f915d2b8fe7d847f7c1e925fb640592e2f4d5122130f3fa7b2b9d,gx-no-cache=1741955477157 HTTP/1.1" 200 30
190.95.67.95 - - [14/Mar/2025:09:29:58 -0300] "POST /cormun/servlet/solicitudot?gx-no-cache=1741955481388 HTTP/1.1" 200 30
190.95.67.95 - - [14/Mar/2025:09:30:05 -0300] "GET /cormun/static/Resources/resize.gif HTTP/1.1" 200 77
190.95.67.95 - - [14/Mar/2025:09:30:05 -0300] "GET /cormun/static/Resources/PXTools/ClosePrompt.png HTTP/1.1" 200 1036
190.95.67.95 - - [14/Mar/2025:09:30:05 -0300] "GET /cormun/servlet/prrenuncias?,MD,,gxPopupLevel%3D0%3B HTTP/1.1" 200 5987
190.95.67.95 - - [14/Mar/2025:09:30:05 -0300] "GET /cormun/static/gxui/gxui-all.css?110300 HTTP/1.1" 200 2179
190.95.67.95 - - [14/Mar/2025:09:30:05 -0300] "GET /cormun/static/calendar-system.css?75620 HTTP/1.1" 200 5572
190.95.67.95 - - [14/Mar/2025:09:30:05 -0300] "GET /cormun/static/gxcfg.js?201992416202991 HTTP/1.1" 200 953
190.95.67.95 - - [14/Mar/2025:09:30:05 -0300] "GET /cormun/static/Resources/PXToolsMenuSearch.png HTTP/1.1" 200 336
190.95.67.95 - - [14/Mar/2025:09:30:05 -0300] "GET /cormun/static/prrenuncias.js?201992416203493 HTTP/1.1" 200 22278
190.95.67.95 - - [14/Mar/2025:09:30:05 -0300] "GET /cormun/static/menusearch.js?20201214473581 HTTP/1.1" 200 1424
190.95.67.95 - - [14/Mar/2025:09:30:05 -0300] "GET /cormun/static/Resources/Spanish/PXTools.css?2294816 HTTP/1.1" 200 100853
190.95.67.95 - - [14/Mar/2025:09:30:05 -0300] "GET /cormun/static/hmpwkw011.js?202211298443482 HTTP/1.1" 200 1968
190.95.67.95 - - [14/Mar/2025:09:30:05 -0300] "GET /cormun/static/Resources/PXToolsMenuSearchCancel.png HTTP/1.1" 200 306
190.95.67.95 - - [14/Mar/2025:09:30:05 -0300] "GET /cormun/static/Shared/ext/resources/css/ext-all.css?205870 HTTP/1.1" 200 416045
190.95.67.95 - - [14/Mar/2025:09:30:14 -0300] "POST /cormun/servlet/solicitudot?gx-no-cache=1741955497519 HTTP/1.1" 200 1481
190.95.67.95 - - [14/Mar/2025:09:30:14 -0300] "POST /cormun/servlet/solicitudot?gx-no-cache=1741955497615 HTTP/1.1" 200 38
191.126.164.125 - - [14/Mar/2025:09:30:36 -0300] "GET /cormun/servlet/solicitudot?e39694664f9fe9a3851af8e5bf3fba279017250c1407dc208dde7b2f9005ea15c55f15f0d8285397af56f1e7b2e57603fc77decb4c790d9d71ee517e1ae94cf2d84f588d29c51279dab350c1333e925bca4ed4a74fc836ba695b36c82682facc8383f7c15e0af2e8d51eac1462ae93e7,gx-no-cache=1741955520000 HTTP/1.1" 200 110
191.126.164.125 - - [14/Mar/2025:09:30:36 -0300] "POST /cormun/servlet/solicitudot?gx-no-cache=1741955520124 HTTP/1.1" 200 110
201.186.225.191 - - [14/Mar/2025:09:30:36 -0300] "POST /cormun/servlet/hlogin?4959266e02097d48a250833d2254fa7d,gx-no-cache=1741955519973 HTTP/1.1" 200 90
201.186.225.191 - - [14/Mar/2025:09:30:37 -0300] "GET /cormun/servlet/hpexe_link HTTP/1.1" 200 957
201.186.225.191 - - [14/Mar/2025:09:30:37 -0300] "GET /cormun/servlet/trvisualizadoreventos? HTTP/1.1" 200 7958
191.126.164.125 - - [14/Mar/2025:09:30:43 -0300] "GET /cormun/servlet/solicitudot?e39694664f9fe9a3851af8e5bf3fba2766d6f5200a4fd2f75b2e0a5287ea27a608b766e45c62fcab72625d14b8338b233888abf4f1e189ddb0c89282ebda8e6a03dad91def5ab0fe8bba438b57db050d24b66cf81755091f23e82080abdb25cd3cbc98ec72f5238ab7c383f61e7e0a6bfc98f901d042b39f36d492c69dc6d89d0e7e8fe4bb4a01a236048a1f389fabf2fca4ede070021cce205e693a24790a18,gx-no-cache=1741955527114 HTTP/1.1" 200 29
201.186.225.191 - - [14/Mar/2025:09:30:44 -0300] "GET /cormun/servlet/trsolicitudot? HTTP/1.1" 200 8828
191.126.164.125 - - [14/Mar/2025:09:30:47 -0300] "GET /cormun/servlet/solicitudot?e39694664f9fe9a3851af8e5bf3fba2716a1615b76a2b977ba3789eab08213c6bc87d90230b5f317cc697e2488a09a0c,gx-no-cache=1741955530623 HTTP/1.1" 200 30
201.186.225.191 - - [14/Mar/2025:09:30:48 -0300] "GET /cormun/servlet/solicitudot?INS,0,0,false, HTTP/1.1" 200 16187
191.126.164.125 - - [14/Mar/2025:09:30:58 -0300] "POST /cormun/servlet/solicitudot?gx-no-cache=1741955541890 HTTP/1.1" 200 30
191.126.164.125 - - [14/Mar/2025:09:30:58 -0300] "POST /cormun/servlet/solicitudot?561cfe8e22a35caf70fa08ef40198866,INS,0,0,false,,gx-no-cache=1741955542046 HTTP/1.1" 200 93
191.126.164.125 - - [14/Mar/2025:09:30:59 -0300] "GET /cormun/servlet/hpexe_return? HTTP/1.1" 200 1006
201.186.225.191 - - [14/Mar/2025:09:30:59 -0300] "POST /cormun/servlet/solicitudot?gx-no-cache=1741955542096 HTTP/1.1" 200 4046
201.186.225.191 - - [14/Mar/2025:09:30:59 -0300] "POST /cormun/servlet/solicitudot?4959266e02097d48a250833d2254fa7d,INS,0,0,false,,gx-no-cache=1741955542361 HTTP/1.1" 200 12899
191.126.164.125 - - [14/Mar/2025:09:30:59 -0300] "GET /cormun/servlet/trsolicitudot HTTP/1.1" 200 16448
201.186.225.191 - - [14/Mar/2025:09:31:00 -0300] "GET /cormun/servlet/solicitudot?0211bacfd02d6f367790f0645dcdf9c6ed8a14e34d433157d0b04c39e477f82ecb1196753fdb80798f1c5d886b40d34c,gx-no-cache=1741955543275 HTTP/1.1" 200 111
201.186.225.191 - - [14/Mar/2025:09:31:00 -0300] "GET /cormun/static/Shared/jqueryui/images/ui-bg_flat_55_994d53_40x100.png HTTP/1.1" 404 1097
201.186.225.191 - - [14/Mar/2025:09:31:00 -0300] "GET /cormun/static/Shared/jqueryui/images/ui-bg_highlight-soft_100_c6c2c8_1x100.png HTTP/1.1" 404 1117
201.186.225.191 - - [14/Mar/2025:09:31:00 -0300] "GET /cormun/static/Shared/jqueryui/images/ui-icons_ebccce_256x240.png HTTP/1.1" 404 1089
201.186.225.191 - - [14/Mar/2025:09:31:00 -0300] "GET /cormun/static/Shared/jqueryui/images/ui-icons_82798d_256x240.png HTTP/1.1" 404 1089
201.186.225.191 - - [14/Mar/2025:09:31:04 -0300] "GET /cormun/servlet/solicitudot?0211bacfd02d6f367790f0645dcdf9c69569b50af39f1b69661f225cb28ce509b7eed78b8556b298c9191349e7605959,gx-no-cache=1741955547260 HTTP/1.1" 200 30
201.186.225.191 - - [14/Mar/2025:09:32:04 -0300] "GET /cormun/servlet/solicitudot?0211bacfd02d6f367790f0645dcdf9c60e724cf7939ff21d43fcc08a5e37b004,gx-no-cache=1741955607685 HTTP/1.1" 200 94
201.186.225.191 - - [14/Mar/2025:09:32:31 -0300] "GET /cormun/static/Resources/resize.gif HTTP/1.1" 200 77
201.186.225.191 - - [14/Mar/2025:09:32:31 -0300] "GET /cormun/static/Resources/PXTools/ClosePrompt.png HTTP/1.1" 200 1036
201.186.225.191 - - [14/Mar/2025:09:32:31 -0300] "GET /cormun/servlet/prbanco?,MD,,gxPopupLevel%3D0%3B HTTP/1.1" 200 6561
201.186.225.191 - - [14/Mar/2025:09:32:31 -0300] "GET /cormun/static/gxcfg.js?20201216131581 HTTP/1.1" 200 953
201.186.225.191 - - [14/Mar/2025:09:32:31 -0300] "GET /cormun/static/Resources/PXToolsMenuSearch.png HTTP/1.1" 200 336
201.186.225.191 - - [14/Mar/2025:09:32:31 -0300] "GET /cormun/static/prbanco.js?20201216132311 HTTP/1.1" 200 10693
201.186.225.191 - - [14/Mar/2025:09:32:31 -0300] "GET /cormun/static/menusearch.js?20201214473581 HTTP/1.1" 200 1424
201.186.225.191 - - [14/Mar/2025:09:32:31 -0300] "GET /cormun/static/hmpwkw011.js?202211298443482 HTTP/1.1" 200 1968
201.186.225.191 - - [14/Mar/2025:09:32:31 -0300] "GET /cormun/static/Resources/PXToolsMenuSearchCancel.png HTTP/1.1" 200 306
201.186.225.191 - - [14/Mar/2025:09:32:34 -0300] "GET /cormun/servlet/solicitudot?0211bacfd02d6f367790f0645dcdf9c6ee738306c38a073fc46ab1c0a5e6a71366fac3cd8d9c2d0a2b8f557a54c93a6c3d00cc9bbab27623a561b9d3306007d7,gx-no-cache=1741955637897 HTTP/1.1" 200 30
201.186.225.191 - - [14/Mar/2025:09:32:35 -0300] "GET /cormun/servlet/solicitudot?0211bacfd02d6f367790f0645dcdf9c6f896015096e2a5adbcb947f0116753d3,gx-no-cache=1741955638598 HTTP/1.1" 200 53
201.186.225.191 - - [14/Mar/2025:09:32:48 -0300] "POST /cormun/servlet/solicitudot?gx-no-cache=1741955651871 HTTP/1.1" 200 240
201.186.225.191 - - [14/Mar/2025:09:32:52 -0300] "GET /cormun/servlet/solicitudot?0211bacfd02d6f367790f0645dcdf9c64477c0830c0739fe61a9e27f7181372b41ef41cd4bd9198052c11e62ec706297167b0c251ca37c6b67d0a011cf5ab4db26c9cb0ad42541e30b50ad37e34679b52a3b27d85c7ea2b0d0d6262d71694dac06b9adb6632956ed7735ff3f7d9b03df9dd9cd58de702db630a9fa2ad9cd2031de4d1611236c1efa9bd55de2b4f9f171763a0654b500ee4482955e54040056957eaf33dc9aa8e631dc270128cd501c5ec8554f2591cf3e59f757c0180cbec94156984caec2d5e8f157f3bd06165ed24daa618c835adb3e9288af7b501911dc972b80063c3d599d02684a6b5b32fb6d6d672cdbd33bb0deb73958004c07d87709ba4c7d14e60350eae22ecd94f2d4ff51a8ad76a84a0d1481966cfca72cbe69a7261763c10c8ce7df226090328b91c61513a6e1fa73b4db1a5dcba258c8b2ea7f46cabd9767d34a9e0913a8fba23782a701b0e3a34ee0452851e1db852ddf167d2de6a7a0766c8eeaf71d563737b0f05d87b3ad5d6ecbf44164498f6b7fa78004,gx-no-cache=1741955655849 HTTP/1.1" 200 30
201.186.225.191 - - [14/Mar/2025:09:32:56 -0300] "POST /cormun/servlet/solicitudot?gx-no-cache=1741955659982 HTTP/1.1" 200 30
201.186.225.191 - - [14/Mar/2025:09:33:21 -0300] "POST /cormun/servlet/solicitudot?gx-no-cache=1741955684455 HTTP/1.1" 200 1482
201.186.225.191 - - [14/Mar/2025:09:33:21 -0300] "GET /cormun/static/menuarrow.gif HTTP/1.1" 404 1015
201.186.225.191 - - [14/Mar/2025:09:33:34 -0300] "POST /cormun/servlet/solicitudot?gx-no-cache=1741955697905 HTTP/1.1" 200 1482
201.186.225.191 - - [14/Mar/2025:09:33:48 -0300] "POST /cormun/servlet/solicitudot?gx-no-cache=1741955711694 HTTP/1.1" 200 41
190.95.67.95 - - [14/Mar/2025:09:34:08 -0300] "GET /cormun/servlet/solicitudot?184133eaa7d54c4b555f5cbdd193ce73b81dbe36c0038bb99a3b27b7947e67a7fdbea04deac3e319f8991c67df9f0a73c889bb50bb86c76f81b592261ac39d98bf61e9917b665de1519ab5779232d0d5e74b7ab6a22b61ce1841a0b2e2d2bacaef5ce672031e844e078099092170eb37,gx-no-cache=1741955729895 HTTP/1.1" 200 110
190.95.67.95 - - [14/Mar/2025:09:34:08 -0300] "POST /cormun/servlet/solicitudot?gx-no-cache=1741955732125 HTTP/1.1" 200 97
201.186.225.191 - - [14/Mar/2025:09:34:19 -0300] "GET /cormun/servlet/solicitudot?0211bacfd02d6f367790f0645dcdf9c62f894c199f9444ceaf25b7da39a46ef154e5ce736dbef0ee1a8111ea9d93c30cf77e437c3c84b36a55012f321ef63ce4fd7634888d737ef1bcb5e0260f9019285256a450b0d29063977ec2eecbfe67e6f98eaa3d90ac83e576e8826e839dd103,gx-no-cache=1741955742783 HTTP/1.1" 200 110
201.186.225.191 - - [14/Mar/2025:09:34:19 -0300] "POST /cormun/servlet/solicitudot?gx-no-cache=1741955742833 HTTP/1.1" 200 79
201.186.225.191 - - [14/Mar/2025:09:34:23 -0300] "GET /cormun/servlet/solicitudot?0211bacfd02d6f367790f0645dcdf9c6f7b8e082c7ddfb5ec89f8d8463d841b05aaf26f67f2aa32e920221f424916f9bb53895e88588702195ef6144a8ced82dee591d3841802d87b37489bffe3d6544e7b72e1d77f994dd03f7ee4b68c99d3d84a0edc5130c0847e4897ea393fff3e6,gx-no-cache=1741955746617 HTTP/1.1" 200 29
201.186.225.191 - - [14/Mar/2025:09:35:12 -0300] "GET /cormun/servlet/solicitudot?0211bacfd02d6f367790f0645dcdf9c640cee25f10d3ee80bafa5b8b7a2d482e9fa9e45bf03d34cb5cf9410989529061,gx-no-cache=1741955795802 HTTP/1.1" 200 30
201.186.225.191 - - [14/Mar/2025:09:35:12 -0300] "POST /cormun/servlet/solicitudot?gx-no-cache=1741955795842 HTTP/1.1" 200 34
201.186.225.191 - - [14/Mar/2025:09:35:16 -0300] "POST /cormun/servlet/solicitudot?4959266e02097d48a250833d2254fa7d,INS,0,0,false,,gx-no-cache=1741955798794 HTTP/1.1" 200 93
201.186.225.191 - - [14/Mar/2025:09:35:16 -0300] "GET /cormun/servlet/hpexe_return? HTTP/1.1" 200 1004
201.186.225.191 - - [14/Mar/2025:09:35:16 -0300] "GET /cormun/static/gxcfg.js?20221129846035 HTTP/1.1" 200 953
201.186.225.191 - - [14/Mar/2025:09:35:16 -0300] "GET /cormun/static/hpexe_return.js?20221129846037 HTTP/1.1" 200 1633
201.186.225.191 - - [14/Mar/2025:09:35:16 -0300] "GET /cormun/servlet/trsolicitudot HTTP/1.1" 200 9347
201.186.225.191 - - [14/Mar/2025:09:35:31 -0300] "POST /cormun/servlet/trsolicitudot?4959266e02097d48a250833d2254fa7d,gx-no-cache=1741955814209 HTTP/1.1" 200 106
201.186.225.191 - - [14/Mar/2025:09:35:31 -0300] "GET /cormun/servlet/trsolicitudadjuntos?2025,22103, HTTP/1.1" 200 6292
201.186.225.191 - - [14/Mar/2025:09:35:31 -0300] "GET /cormun/static/gxcfg.js?20201215574222 HTTP/1.1" 200 953
201.186.225.191 - - [14/Mar/2025:09:35:31 -0300] "GET /cormun/static/trsolicitudadjuntos.js?20201215574932 HTTP/1.1" 200 17921
190.95.67.95 - - [14/Mar/2025:09:35:44 -0300] "GET /cormun/servlet/solicitudot?184133eaa7d54c4b555f5cbdd193ce73ea59478aa5af5c8628c0712bbc094c019f9a3b96cb63b8fa03ed6a9ce5a73eb3725ff1a473c43255429b5ad5d3afe24968699e6826b3ed1a81b1071d0dcb12e686ed30edd7ceb861c1bce9c01fc10b725887b8b3ab664f37eb4f394fb1c28310,gx-no-cache=1741955827566 HTTP/1.1" 200 29
190.95.67.95 - - [14/Mar/2025:09:35:44 -0300] "GET /cormun/static/menuarrow.gif HTTP/1.1" 404 1015
201.186.225.191 - - [14/Mar/2025:09:35:45 -0300] "GET /cormun/servlet/solicitudotadjuntos?INS,2025,22103,,1, HTTP/1.1" 200 6238
201.186.225.191 - - [14/Mar/2025:09:35:45 -0300] "GET /cormun/static/gxcfg.js?202211298385187 HTTP/1.1" 200 953
201.186.225.191 - - [14/Mar/2025:09:35:45 -0300] "GET /cormun/static/solicitudotadjuntos.js?202211298385196 HTTP/1.1" 200 11771
201.186.225.191 - - [14/Mar/2025:09:35:45 -0300] "GET /cormun/static/about:blank HTTP/1.1" 404 1011
201.186.225.191 - - [14/Mar/2025:09:35:46 -0300] "GET /cormun/servlet/solicitudotadjuntos?0211bacfd02d6f367790f0645dcdf9c61d2334cecd58ec68ac6d7a1adb07f93ca655ddf6ad162b8ef18b2fa2891e599f,gx-no-cache=1741955829152 HTTP/1.1" 200 30
201.186.225.191 - - [14/Mar/2025:09:35:46 -0300] "POST /cormun/servlet/solicitudotadjuntos?4959266e02097d48a250833d2254fa7d,INS,2025,22103,,1,,gx-no-cache=1741955829179 HTTP/1.1" 200 4148
201.186.225.191 - - [14/Mar/2025:09:35:55 -0300] "POST /cormun/servlet/solicitudotadjuntos?gx-no-cache=1741955838487 HTTP/1.1" 200 26
201.186.225.191 - - [14/Mar/2025:09:36:17 -0300] "GET /cormun/servlet/solicitudotadjuntos?0211bacfd02d6f367790f0645dcdf9c689faaeb56a9c55fcb0b38ebcee520f66,gx-no-cache=1741955860181 HTTP/1.1" 200 30
201.186.225.191 - - [14/Mar/2025:09:36:17 -0300] "GET /cormun/servlet/solicitudotadjuntos?0211bacfd02d6f367790f0645dcdf9c689faaeb56a9c55fcb0b38ebcee520f66,gx-no-cache=1741955860228 HTTP/1.1" 200 30
201.186.225.191 - - [14/Mar/2025:09:36:17 -0300] "POST /cormun/servlet/solicitudotadjuntos?4959266e02097d48a250833d2254fa7d,INS,2025,22103,,1, HTTP/1.1" 200 116
201.186.225.191 - - [14/Mar/2025:09:36:17 -0300] "GET /cormun/servlet/hpexe_return? HTTP/1.1" 200 1021
201.186.225.191 - - [14/Mar/2025:09:36:17 -0300] "GET /cormun/servlet/trsolicitudadjuntos?2025,22103, HTTP/1.1" 200 9314
190.95.67.95 - - [14/Mar/2025:09:36:36 -0300] "GET /cormun/servlet/solicitudot?184133eaa7d54c4b555f5cbdd193ce733e18a7370fc80ca0b0714d015e5be1eb07fb4a9cdfe13673ef3f88f0daeff9bb,gx-no-cache=1741955880067 HTTP/1.1" 200 30
190.95.67.95 - - [14/Mar/2025:09:36:44 -0300] "POST /cormun/servlet/solicitudot?gx-no-cache=1741955887271 HTTP/1.1" 200 30
190.95.67.95 - - [14/Mar/2025:09:37:33 -0300] "POST /cormun/servlet/solicitudot?gx-no-cache=1741955929245 HTTP/1.1" 200 97
190.95.67.95 - - [14/Mar/2025:09:38:32 -0300] "GET /cormun/servlet/prbanco?,MD,,gxPopupLevel%3D0%3B HTTP/1.1" 200 6667
190.95.67.95 - - [14/Mar/2025:09:38:33 -0300] "GET /cormun/static/gxcfg.js?20201216131581 HTTP/1.1" 200 953
190.95.67.95 - - [14/Mar/2025:09:38:33 -0300] "GET /cormun/static/prbanco.js?20201216132311 HTTP/1.1" 200 10693
190.95.15.31 - - [14/Mar/2025:09:39:09 -0300] "GET /cormun/servlet/trautorizarsolicitud? HTTP/1.1" 200 6221
190.95.15.31 - - [14/Mar/2025:09:39:11 -0300] "GET /cormun/servlet/hlogin HTTP/1.1" 200 1741
190.95.67.95 - - [14/Mar/2025:09:39:13 -0300] "GET /cormun/servlet/solicitudot?184133eaa7d54c4b555f5cbdd193ce73c4141fd71382d76a91418d38101117fb35f54980c0fc4391794999f1a08fb4b7,gx-no-cache=1741956029749 HTTP/1.1" 200 30
190.95.67.95 - - [14/Mar/2025:09:39:16 -0300] "GET /cormun/servlet/solicitudot?184133eaa7d54c4b555f5cbdd193ce7317117d92871e66ff6ca2a16528daaa96,gx-no-cache=1741956040118 HTTP/1.1" 200 57
190.95.15.31 - - [14/Mar/2025:09:39:18 -0300] "POST /cormun/servlet/hlogin?91458bd1316f7f4b195c88bc34688fca,gx-no-cache=1741956041755 HTTP/1.1" 200 90
190.95.15.31 - - [14/Mar/2025:09:39:18 -0300] "GET /cormun/servlet/hpexe_link HTTP/1.1" 200 962
190.95.15.31 - - [14/Mar/2025:09:39:18 -0300] "GET /cormun/servlet/trautorizarsolicitud HTTP/1.1" 200 7291
190.95.15.31 - - [14/Mar/2025:09:39:21 -0300] "GET /cormun/servlet/trlicencias? HTTP/1.1" 200 10389
190.95.67.95 - - [14/Mar/2025:09:40:40 -0300] "GET /cormun/servlet/solicitudot?184133eaa7d54c4b555f5cbdd193ce731d3dc9926ccd505ea6174d2bf9cbc33a9a0d71cc0cac665f79b879bd8fa4eb6bdf8054b9b362073f3b1409a9ff0b64f977a74c0fda6610f42c2b87940cf0b9befcf40ca15979f6210806aa3e1da91452c1461d188bd5105086c6f0c8e2fb2fc9cfd9ba2517aa6c220ca5e1abbc57fefda1ababd903e6376bff7f840976c204f4deaf5c2e7e5295f11b6df89c0ef065c8198d3eb04e6da41da1733222d435219806f1a8213a461fe14511fe0c894693462ba2cc4ce0c6824e7bf410574d8934a5138a7c593ee305da3f5c88a10c5810633ceaf2143a2faaaeb95a4bf2e92569ebac2683ed215b476e01895605b5510676c48c0a735c8204f76d21ab7ba75e3d4f96c61dafd15f9043d902839fae9cac661d245dacad4cf55bb115963bb687bb14f2fb1b38e5df970d695aad1ac6449d2dfb50effa2be77de44bfa53646c391f5b52481003de35872055e55afbc188af9a0ea5703dbc7f915d2b8fe7d847f7c1e98d22fce112b8960a87c5f49a88ab0e96,gx-no-cache=1741956116821 HTTP/1.1" 200 30
190.95.67.95 - - [14/Mar/2025:09:40:40 -0300] "POST /cormun/servlet/solicitudot?gx-no-cache=1741956123297 HTTP/1.1" 200 30
190.95.67.95 - - [14/Mar/2025:09:40:40 -0300] "POST /cormun/servlet/solicitudot?gx-no-cache=1741956123322 HTTP/1.1" 200 1481
190.95.67.95 - - [14/Mar/2025:09:40:40 -0300] "POST /cormun/servlet/solicitudot?gx-no-cache=1741956123362 HTTP/1.1" 200 41
190.95.67.95 - - [14/Mar/2025:09:40:40 -0300] "GET /cormun/servlet/solicitudot?184133eaa7d54c4b555f5cbdd193ce73b81dbe36c0038bb99a3b27b7947e67a7fdbea04deac3e319f8991c67df9f0a73c889bb50bb86c76f81b592261ac39d98bf61e9917b665de1519ab5779232d0d5e74b7ab6a22b61ce1841a0b2e2d2bacaef5ce672031e844e078099092170eb37,gx-no-cache=1741956123392 HTTP/1.1" 200 110
190.95.67.95 - - [14/Mar/2025:09:40:40 -0300] "POST /cormun/servlet/solicitudot?gx-no-cache=1741956123417 HTTP/1.1" 200 97
190.95.67.95 - - [14/Mar/2025:09:40:40 -0300] "GET /cormun/servlet/solicitudot?184133eaa7d54c4b555f5cbdd193ce733e18a7370fc80ca0b0714d015e5be1eb07fb4a9cdfe13673ef3f88f0daeff9bb,gx-no-cache=1741956123453 HTTP/1.1" 200 30
190.95.67.95 - - [14/Mar/2025:09:40:40 -0300] "POST /cormun/servlet/solicitudot?gx-no-cache=1741956123476 HTTP/1.1" 200 30
190.95.67.95 - - [14/Mar/2025:09:40:40 -0300] "POST /cormun/servlet/solicitudot?eb555b7bfe4ab0bda2d5738ddfe59836,INS,0,0,false,,gx-no-cache=1741956123501 HTTP/1.1" 200 93
190.95.67.95 - - [14/Mar/2025:09:40:40 -0300] "GET /cormun/servlet/hpexe_return? HTTP/1.1" 200 1006
190.95.67.95 - - [14/Mar/2025:09:40:40 -0300] "GET /cormun/servlet/trsolicitudot HTTP/1.1" 200 8643
190.95.67.95 - - [14/Mar/2025:09:41:36 -0300] "POST /cormun/servlet/trsolicitudot?eb555b7bfe4ab0bda2d5738ddfe59836,gx-no-cache=1741956172559 HTTP/1.1" 200 106
190.95.67.95 - - [14/Mar/2025:09:41:36 -0300] "GET /cormun/servlet/trsolicitudadjuntos?2025,22104, HTTP/1.1" 200 6111
190.95.67.95 - - [14/Mar/2025:09:41:45 -0300] "POST /cormun/servlet/trsolicitudadjuntos?eb555b7bfe4ab0bda2d5738ddfe59836,2025,22104,,gx-no-cache=1741956188710 HTTP/1.1" 200 90
190.95.67.95 - - [14/Mar/2025:09:41:45 -0300] "GET /cormun/servlet/hpexe_link HTTP/1.1" 200 965
190.95.67.95 - - [14/Mar/2025:09:41:45 -0300] "GET /cormun/servlet/trsolicitudot HTTP/1.1" 200 8640
190.95.67.95 - - [14/Mar/2025:09:41:50 -0300] "POST /cormun/servlet/trsolicitudot?eb555b7bfe4ab0bda2d5738ddfe59836,gx-no-cache=1741956193147 HTTP/1.1" 200 4571
190.95.67.95 - - [14/Mar/2025:09:41:50 -0300] "GET /cormun/static/Shared/jqueryui/images/ui-bg_highlight-soft_100_c6c2c8_1x100.png HTTP/1.1" 404 1117
190.95.67.95 - - [14/Mar/2025:09:41:50 -0300] "GET /cormun/static/Shared/jqueryui/images/ui-icons_82798d_256x240.png HTTP/1.1" 404 1089
190.95.67.95 - - [14/Mar/2025:09:41:50 -0300] "GET /cormun/static/Shared/jqueryui/images/ui-bg_flat_55_fafafa_40x100.png HTTP/1.1" 404 1097
190.95.67.95 - - [14/Mar/2025:09:41:50 -0300] "GET /cormun/static/Shared/jqueryui/images/ui-icons_8d78a5_256x240.png HTTP/1.1" 404 1089
190.95.67.95 - - [14/Mar/2025:09:41:50 -0300] "POST /cormun/servlet/trsolicitudot?eb555b7bfe4ab0bda2d5738ddfe59836,gx-no-cache=1741956193248 HTTP/1.1" 200 4327
190.95.67.95 - - [14/Mar/2025:09:42:01 -0300] "GET /cormun/servlet/hlogin HTTP/1.1" 200 1737
190.95.67.95 - - [14/Mar/2025:09:42:04 -0300] "POST /cormun/servlet/hlogin?eb555b7bfe4ab0bda2d5738ddfe59836,gx-no-cache=1741956207875 HTTP/1.1" 200 90
190.95.67.95 - - [14/Mar/2025:09:42:12 -0300] "GET /cormun/servlet/hpexe_link HTTP/1.1" 200 948
190.95.67.95 - - [14/Mar/2025:09:42:12 -0300] "GET /cormun/servlet/hhome HTTP/1.1" 200 4309
190.95.67.95 - - [14/Mar/2025:09:42:24 -0300] "GET /cormun/servlet/trautorizarsolicitud? HTTP/1.1" 200 8836
201.186.225.191 - - [14/Mar/2025:09:42:34 -0300] "GET /cormun/servlet/solicitudotadjuntos?INS,2025,22103,,1, HTTP/1.1" 200 6238
201.186.225.191 - - [14/Mar/2025:09:42:34 -0300] "GET /cormun/static/about:blank HTTP/1.1" 404 1011
201.186.225.191 - - [14/Mar/2025:09:42:35 -0300] "GET /cormun/servlet/solicitudotadjuntos?0211bacfd02d6f367790f0645dcdf9c61d2334cecd58ec68ac6d7a1adb07f93ca655ddf6ad162b8ef18b2fa2891e599f,gx-no-cache=1741956238347 HTTP/1.1" 200 30
201.186.225.191 - - [14/Mar/2025:09:42:35 -0300] "POST /cormun/servlet/solicitudotadjuntos?4959266e02097d48a250833d2254fa7d,INS,2025,22103,,1,,gx-no-cache=1741956238374 HTTP/1.1" 200 4148
201.186.225.191 - - [14/Mar/2025:09:42:40 -0300] "POST /cormun/servlet/solicitudotadjuntos?gx-no-cache=1741956243403 HTTP/1.1" 200 26
201.186.225.191 - - [14/Mar/2025:09:43:42 -0300] "GET /cormun/servlet/solicitudotadjuntos?0211bacfd02d6f367790f0645dcdf9c689faaeb56a9c55fcb0b38ebcee520f66,gx-no-cache=1741956305002 HTTP/1.1" 200 30
201.186.225.191 - - [14/Mar/2025:09:43:42 -0300] "GET /cormun/servlet/solicitudotadjuntos?0211bacfd02d6f367790f0645dcdf9c689faaeb56a9c55fcb0b38ebcee520f66,gx-no-cache=1741956305100 HTTP/1.1" 200 30
201.186.225.191 - - [14/Mar/2025:09:43:42 -0300] "POST /cormun/servlet/solicitudotadjuntos?4959266e02097d48a250833d2254fa7d,INS,2025,22103,,1, HTTP/1.1" 200 116
201.186.225.191 - - [14/Mar/2025:09:43:42 -0300] "GET /cormun/servlet/hpexe_return? HTTP/1.1" 200 1021
201.186.225.191 - - [14/Mar/2025:09:43:42 -0300] "GET /cormun/servlet/trsolicitudadjuntos?2025,22103, HTTP/1.1" 200 9567
201.186.225.191 - - [14/Mar/2025:09:43:44 -0300] "GET /cormun/servlet/solicitudotadjuntos?INS,2025,22103,,1, HTTP/1.1" 200 6238
201.186.225.191 - - [14/Mar/2025:09:43:44 -0300] "GET /cormun/static/about:blank HTTP/1.1" 404 1011
201.186.225.191 - - [14/Mar/2025:09:43:45 -0300] "GET /cormun/servlet/solicitudotadjuntos?0211bacfd02d6f367790f0645dcdf9c61d2334cecd58ec68ac6d7a1adb07f93ca655ddf6ad162b8ef18b2fa2891e599f,gx-no-cache=1741956308229 HTTP/1.1" 200 30
201.186.225.191 - - [14/Mar/2025:09:43:45 -0300] "POST /cormun/servlet/solicitudotadjuntos?4959266e02097d48a250833d2254fa7d,INS,2025,22103,,1,,gx-no-cache=1741956308317 HTTP/1.1" 200 4147
201.186.225.191 - - [14/Mar/2025:09:43:48 -0300] "POST /cormun/servlet/solicitudotadjuntos?gx-no-cache=1741956311195 HTTP/1.1" 200 26
190.95.67.95 - - [14/Mar/2025:09:43:59 -0300] "POST /cormun/servlet/trautorizarsolicitud?eb555b7bfe4ab0bda2d5738ddfe59836,,gx-no-cache=1741956322901 HTTP/1.1" 200 4774
190.95.67.95 - - [14/Mar/2025:09:43:59 -0300] "POST /cormun/servlet/trautorizarsolicitud?eb555b7bfe4ab0bda2d5738ddfe59836,,gx-no-cache=1741956323029 HTTP/1.1" 200 4528
201.186.225.191 - - [14/Mar/2025:09:44:02 -0300] "GET /cormun/servlet/solicitudotadjuntos?0211bacfd02d6f367790f0645dcdf9c689faaeb56a9c55fcb0b38ebcee520f66,gx-no-cache=1741956325114 HTTP/1.1" 200 30
201.186.225.191 - - [14/Mar/2025:09:44:02 -0300] "GET /cormun/servlet/solicitudotadjuntos?0211bacfd02d6f367790f0645dcdf9c689faaeb56a9c55fcb0b38ebcee520f66,gx-no-cache=1741956325137 HTTP/1.1" 200 30
201.186.225.191 - - [14/Mar/2025:09:44:02 -0300] "POST /cormun/servlet/solicitudotadjuntos?4959266e02097d48a250833d2254fa7d,INS,2025,22103,,1, HTTP/1.1" 200 116
201.186.225.191 - - [14/Mar/2025:09:44:02 -0300] "GET /cormun/servlet/hpexe_return? HTTP/1.1" 200 1021
