186.40.34.0 - - [13/Mar/2025:13:06:10 -0300] "GET /cormun/static/about:blank HTTP/1.1" 404 1011
190.95.1.185 - - [13/Mar/2025:13:06:10 -0300] "POST /cormun/servlet/solicitudotadjuntos?gx-no-cache=1741882055032 HTTP/1.1" 200 26
186.40.34.0 - - [13/Mar/2025:13:06:11 -0300] "GET /cormun/servlet/solicitudotadjuntos?bf8120241de396b07ab44625e4461c8054c95fdf29ed1463bb14d754d2c042c2c6b68cb2564b401a399280c82e9cb030,gx-no-cache=1741882055366 HTTP/1.1" 200 30
186.40.34.0 - - [13/Mar/2025:13:06:11 -0300] "POST /cormun/servlet/solicitudotadjuntos?290a2bb590d1b7729eb5734d521599f2,INS,2025,22074,,1,,gx-no-cache=1741882055424 HTTP/1.1" 200 3904
186.40.34.0 - - [13/Mar/2025:13:06:13 -0300] "POST /cormun/servlet/solicitudotadjuntos?gx-no-cache=1741882058045 HTTP/1.1" 200 26
190.95.1.185 - - [13/Mar/2025:13:06:15 -0300] "GET /cormun/servlet/solicitudotadjuntos?041e8404d68eeec9c4dba6915cc2a17a130b558d38261ac4d5837ecfed7f627e,gx-no-cache=1741882059890 HTTP/1.1" 200 30
190.95.1.185 - - [13/Mar/2025:13:06:15 -0300] "GET /cormun/servlet/solicitudotadjuntos?041e8404d68eeec9c4dba6915cc2a17a130b558d38261ac4d5837ecfed7f627e,gx-no-cache=1741882059909 HTTP/1.1" 200 30
190.95.1.185 - - [13/Mar/2025:13:06:15 -0300] "POST /cormun/servlet/solicitudotadjuntos?c5a3cd17ba61e217c63a4f1b77c629f8,INS,2025,22071,,1, HTTP/1.1" 200 116
190.95.1.185 - - [13/Mar/2025:13:06:16 -0300] "GET /cormun/servlet/hpexe_return? HTTP/1.1" 200 1023
190.95.1.185 - - [13/Mar/2025:13:06:16 -0300] "GET /cormun/static/gxcfg.js?20221129846035 HTTP/1.1" 200 953
190.95.1.185 - - [13/Mar/2025:13:06:16 -0300] "GET /cormun/static/hpexe_return.js?20221129846037 HTTP/1.1" 200 1633
190.95.1.185 - - [13/Mar/2025:13:06:16 -0300] "GET /cormun/servlet/trsolicitudadjuntos?2025,22071, HTTP/1.1" 200 9602
190.95.1.185 - - [13/Mar/2025:13:06:16 -0300] "GET /cormun/static/gxui/gxui-all.css?120300 HTTP/1.1" 200 2179
190.95.1.185 - - [13/Mar/2025:13:06:16 -0300] "GET /cormun/static/Resources/PXToolsGridFirstDisabled.gif HTTP/1.1" 200 100
190.95.1.185 - - [13/Mar/2025:13:06:16 -0300] "GET /cormun/static/gxcfg.js?20201215574222 HTTP/1.1" 200 953
190.95.1.185 - - [13/Mar/2025:13:06:16 -0300] "GET /cormun/static/trsolicitudadjuntos.js?20201215574932 HTTP/1.1" 200 17921
190.95.1.185 - - [13/Mar/2025:13:06:16 -0300] "GET /cormun/static/Resources/Spanish/PXTools.css?14345360 HTTP/1.1" 200 100853
190.95.1.185 - - [13/Mar/2025:13:06:16 -0300] "GET /cormun/static/Shared/ext/resources/css/ext-all.css?215870 HTTP/1.1" 200 416045
190.95.1.185 - - [13/Mar/2025:13:06:16 -0300] "GET /cormun/static/Resources/PXToolsGridPreviousDisabled.gif HTTP/1.1" 200 90
190.95.1.185 - - [13/Mar/2025:13:06:16 -0300] "GET /cormun/static/Resources/PXToolsGridNextDisabled.gif HTTP/1.1" 200 90
190.95.1.185 - - [13/Mar/2025:13:06:16 -0300] "GET /cormun/static/Resources/PXToolsGridLastDisabled.gif HTTP/1.1" 200 98
190.95.1.185 - - [13/Mar/2025:13:06:16 -0300] "GET /cormun/static/Resources/PXToolsGridPage.gif HTTP/1.1" 200 725
190.95.1.185 - - [13/Mar/2025:13:06:16 -0300] "GET /cormun/static/Resources/PXToolsGridNew.png HTTP/1.1" 200 427
190.95.1.185 - - [13/Mar/2025:13:06:16 -0300] "GET /cormun/static/Resources/desc.gif HTTP/1.1" 200 65
190.95.1.185 - - [13/Mar/2025:13:06:16 -0300] "GET /cormun//static/Resources/PXToolsGridDelete.png HTTP/1.1" 200 538
190.95.1.185 - - [13/Mar/2025:13:06:16 -0300] "GET /cormun/static/Resources/asc.gif HTTP/1.1" 200 67
190.95.1.185 - - [13/Mar/2025:13:06:16 -0300] "GET /cormun/static/Shared/ext/resources/themes/images/default/tools/tool-sprites.gif HTTP/1.1" 200 5434
190.95.1.185 - - [13/Mar/2025:13:06:16 -0300] "GET /cormun/static/Shared/ext/resources/themes/images/default/panel/bg-headersPanel.png HTTP/1.1" 200 255
201.186.225.185 - - [13/Mar/2025:13:06:17 -0300] "POST /cormun/servlet/solicitudot?gx-no-cache=1741882060303 HTTP/1.1" 200 4159
201.186.225.185 - - [13/Mar/2025:13:06:17 -0300] "POST /cormun/servlet/solicitudot?f18b4bb07ee753efb0b310bcf22a0873,INS,0,0,false,,gx-no-cache=1741882060573 HTTP/1.1" 200 13029
190.95.1.185 - - [13/Mar/2025:13:06:18 -0300] "GET /cormun/servlet/solicitudotadjuntos?INS,2025,22071,,1, HTTP/1.1" 200 6517
190.95.1.185 - - [13/Mar/2025:13:06:18 -0300] "GET /cormun/static/about:blank HTTP/1.1" 404 1011
190.95.1.185 - - [13/Mar/2025:13:06:19 -0300] "GET /cormun/servlet/solicitudotadjuntos?041e8404d68eeec9c4dba6915cc2a17af72e36056b29e308a4851ba43ff78e6ed260ac986ce64b75f922c16353718f26,gx-no-cache=1741882063209 HTTP/1.1" 200 30
190.95.1.185 - - [13/Mar/2025:13:06:19 -0300] "POST /cormun/servlet/solicitudotadjuntos?c5a3cd17ba61e217c63a4f1b77c629f8,INS,2025,22071,,1,,gx-no-cache=1741882063473 HTTP/1.1" 200 4188
190.95.1.185 - - [13/Mar/2025:13:06:21 -0300] "POST /cormun/servlet/solicitudotadjuntos?gx-no-cache=1741882065402 HTTP/1.1" 200 26
186.40.34.0 - - [13/Mar/2025:13:06:21 -0300] "GET /cormun/servlet/solicitudotadjuntos?bf8120241de396b07ab44625e4461c80349007946537fb2ccdcfa62d0a130f89,gx-no-cache=1741882065667 HTTP/1.1" 200 30
186.40.34.0 - - [13/Mar/2025:13:06:21 -0300] "GET /cormun/servlet/solicitudotadjuntos?bf8120241de396b07ab44625e4461c80349007946537fb2ccdcfa62d0a130f89,gx-no-cache=1741882065760 HTTP/1.1" 200 30
186.40.34.0 - - [13/Mar/2025:13:06:21 -0300] "POST /cormun/servlet/solicitudotadjuntos?290a2bb590d1b7729eb5734d521599f2,INS,2025,22074,,1, HTTP/1.1" 200 116
186.40.34.0 - - [13/Mar/2025:13:06:21 -0300] "GET /cormun/servlet/hpexe_return? HTTP/1.1" 200 1027
186.40.34.0 - - [13/Mar/2025:13:06:22 -0300] "GET /cormun/servlet/trsolicitudadjuntos?2025,22074, HTTP/1.1" 200 9266
186.40.34.0 - - [13/Mar/2025:13:06:25 -0300] "GET /cormun/servlet/solicitudotadjuntos?INS,2025,22074,,1, HTTP/1.1" 200 5965
186.40.34.0 - - [13/Mar/2025:13:06:25 -0300] "GET /cormun/static/about:blank HTTP/1.1" 404 1011
186.40.34.0 - - [13/Mar/2025:13:06:26 -0300] "GET /cormun/servlet/solicitudotadjuntos?bf8120241de396b07ab44625e4461c8054c95fdf29ed1463bb14d754d2c042c2c6b68cb2564b401a399280c82e9cb030,gx-no-cache=1741882070552 HTTP/1.1" 200 30
186.40.34.0 - - [13/Mar/2025:13:06:26 -0300] "POST /cormun/servlet/solicitudotadjuntos?290a2bb590d1b7729eb5734d521599f2,INS,2025,22074,,1,,gx-no-cache=1741882070629 HTTP/1.1" 200 3904
190.95.1.185 - - [13/Mar/2025:13:06:27 -0300] "GET /cormun/servlet/solicitudotadjuntos?041e8404d68eeec9c4dba6915cc2a17a130b558d38261ac4d5837ecfed7f627e,gx-no-cache=1741882071201 HTTP/1.1" 200 30
190.95.1.185 - - [13/Mar/2025:13:06:27 -0300] "GET /cormun/servlet/solicitudotadjuntos?041e8404d68eeec9c4dba6915cc2a17a130b558d38261ac4d5837ecfed7f627e,gx-no-cache=1741882071218 HTTP/1.1" 200 30
190.95.1.185 - - [13/Mar/2025:13:06:27 -0300] "POST /cormun/servlet/solicitudotadjuntos?c5a3cd17ba61e217c63a4f1b77c629f8,INS,2025,22071,,1, HTTP/1.1" 200 116
190.95.1.185 - - [13/Mar/2025:13:06:27 -0300] "GET /cormun/servlet/hpexe_return? HTTP/1.1" 200 1023
190.95.1.185 - - [13/Mar/2025:13:06:27 -0300] "GET /cormun/servlet/trsolicitudadjuntos?2025,22071, HTTP/1.1" 200 9851
186.40.34.0 - - [13/Mar/2025:13:06:29 -0300] "POST /cormun/servlet/solicitudotadjuntos?gx-no-cache=1741882073301 HTTP/1.1" 200 26
190.95.1.185 - - [13/Mar/2025:13:06:30 -0300] "GET /cormun/servlet/solicitudotadjuntos?INS,2025,22071,,1, HTTP/1.1" 200 6518
190.95.1.185 - - [13/Mar/2025:13:06:30 -0300] "GET /cormun/static/about:blank HTTP/1.1" 404 1011
190.95.1.185 - - [13/Mar/2025:13:06:30 -0300] "GET /cormun/servlet/solicitudotadjuntos?041e8404d68eeec9c4dba6915cc2a17af72e36056b29e308a4851ba43ff78e6ed260ac986ce64b75f922c16353718f26,gx-no-cache=1741882075001 HTTP/1.1" 200 30
190.95.1.185 - - [13/Mar/2025:13:06:30 -0300] "POST /cormun/servlet/solicitudotadjuntos?c5a3cd17ba61e217c63a4f1b77c629f8,INS,2025,22071,,1,,gx-no-cache=1741882075019 HTTP/1.1" 200 4189
190.95.1.185 - - [13/Mar/2025:13:06:33 -0300] "POST /cormun/servlet/solicitudotadjuntos?gx-no-cache=1741882077345 HTTP/1.1" 200 26
186.40.34.0 - - [13/Mar/2025:13:06:41 -0300] "GET /cormun/servlet/solicitudotadjuntos?bf8120241de396b07ab44625e4461c80349007946537fb2ccdcfa62d0a130f89,gx-no-cache=1741882085549 HTTP/1.1" 200 30
186.40.34.0 - - [13/Mar/2025:13:06:41 -0300] "GET /cormun/servlet/solicitudotadjuntos?bf8120241de396b07ab44625e4461c80349007946537fb2ccdcfa62d0a130f89,gx-no-cache=1741882085632 HTTP/1.1" 200 30
186.40.34.0 - - [13/Mar/2025:13:06:41 -0300] "POST /cormun/servlet/solicitudotadjuntos?290a2bb590d1b7729eb5734d521599f2,INS,2025,22074,,1, HTTP/1.1" 200 6153
186.40.34.0 - - [13/Mar/2025:13:06:42 -0300] "GET /cormun/PrivateTempStorage/upload_00005309.jpeg HTTP/1.1" 200 127258
201.186.225.185 - - [13/Mar/2025:13:06:43 -0300] "GET /cormun/servlet/solicitudot?d58512baaf120485239f1191a5bc9402e2f5067c9f58b880be48d9b5c4a943862bdd237bf723405011a4173f32e6e4a7,gx-no-cache=1741882086764 HTTP/1.1" 200 30
201.186.225.185 - - [13/Mar/2025:13:06:43 -0300] "GET /cormun/servlet/solicitudot?d58512baaf120485239f1191a5bc94027e286c0201005e6eb7312ede6cb24d2a24f63516889aba8879cd0aaba0b081574151424e6cfce842095f62c9c9d1a705,gx-no-cache=1741882086816 HTTP/1.1" 200 30
201.186.225.185 - - [13/Mar/2025:13:06:43 -0300] "GET /cormun/servlet/solicitudot?d58512baaf120485239f1191a5bc94021aae508176e03b57221816102383798b,gx-no-cache=1741882086836 HTTP/1.1" 200 53
201.186.225.185 - - [13/Mar/2025:13:06:43 -0300] "POST /cormun/servlet/solicitudot?gx-no-cache=1741882086860 HTTP/1.1" 200 297
201.186.225.185 - - [13/Mar/2025:13:06:43 -0300] "GET /cormun/servlet/solicitudot?d58512baaf120485239f1191a5bc9402a07c2603c8ff25ba45a7d9f868b81b9c3df72fa97555f7e76b616f02bd01561cffbaea946219572257d7ec5bfddff3f2c46a59a4f4e76f4e2c4579de323e6c891db180658716d8556661d2b87777425c3f89747eb0d843699158d461b633f5d324e625db42908cdcb95571ae4c4f34fc977c63a121f17c872a4c6d44e7fc2d170a2310496ba66864811626b99b5b17e8754a0238b03badca0663d0cf9e1a411a3d98cfa79bc0436af983c4e5280f7c6d377d9ab370f7a8902ba7b9faf02310029f5676722452d2fde943c44b66e596d4145cddf65647d92a51eb8442b824cfc45dc0fdb438d497648756751eb7439852894017755fa1c8262d7979e2b1614e7214f975f3786fd2e7a32ade67f5d7a2589fc4a2c0d56921fa127ca4d3c6e7bbfe07907d4c7371f217ee20474d84eafc8c877810666f32daf67f0978fbce97e2bbdb1ede963654f826f54c631b3b3f3c62afdbe4033dd49be1da46a7eee28040b6874f1d99c39ea82657c3dfcba0d1311ced12b073f1bc4551da1f9328fe960aad,gx-no-cache=1741882086894 HTTP/1.1" 200 30
190.95.1.185 - - [13/Mar/2025:13:06:45 -0300] "GET /cormun/servlet/solicitudotadjuntos?041e8404d68eeec9c4dba6915cc2a17a130b558d38261ac4d5837ecfed7f627e,gx-no-cache=1741882089433 HTTP/1.1" 200 30
190.95.1.185 - - [13/Mar/2025:13:06:45 -0300] "GET /cormun/servlet/solicitudotadjuntos?041e8404d68eeec9c4dba6915cc2a17a130b558d38261ac4d5837ecfed7f627e,gx-no-cache=1741882089457 HTTP/1.1" 200 30
190.95.1.185 - - [13/Mar/2025:13:06:45 -0300] "POST /cormun/servlet/solicitudotadjuntos?c5a3cd17ba61e217c63a4f1b77c629f8,INS,2025,22071,,1, HTTP/1.1" 200 116
190.95.1.185 - - [13/Mar/2025:13:06:45 -0300] "GET /cormun/servlet/hpexe_return? HTTP/1.1" 200 1023
190.95.1.185 - - [13/Mar/2025:13:06:45 -0300] "GET /cormun/servlet/trsolicitudadjuntos?2025,22071, HTTP/1.1" 200 10120
186.40.34.0 - - [13/Mar/2025:13:06:46 -0300] "GET /cormun/servlet/trsolicitudadjuntos?2025,22074, HTTP/1.1" 200 9266
190.95.1.185 - - [13/Mar/2025:13:06:47 -0300] "GET /cormun/servlet/solicitudotadjuntos?INS,2025,22071,,1, HTTP/1.1" 200 6518
190.95.1.185 - - [13/Mar/2025:13:06:47 -0300] "GET /cormun/static/about:blank HTTP/1.1" 404 1011
190.95.1.185 - - [13/Mar/2025:13:06:48 -0300] "GET /cormun/servlet/solicitudotadjuntos?041e8404d68eeec9c4dba6915cc2a17af72e36056b29e308a4851ba43ff78e6ed260ac986ce64b75f922c16353718f26,gx-no-cache=1741882092473 HTTP/1.1" 200 30
190.95.1.185 - - [13/Mar/2025:13:06:48 -0300] "POST /cormun/servlet/solicitudotadjuntos?c5a3cd17ba61e217c63a4f1b77c629f8,INS,2025,22071,,1,,gx-no-cache=1741882092499 HTTP/1.1" 200 4189
186.40.34.0 - - [13/Mar/2025:13:06:48 -0300] "GET /cormun/servlet/solicitudotadjuntos?INS,2025,22074,,1, HTTP/1.1" 200 5965
186.40.34.0 - - [13/Mar/2025:13:06:48 -0300] "GET /cormun/static/about:blank HTTP/1.1" 404 1011
186.40.34.0 - - [13/Mar/2025:13:06:49 -0300] "GET /cormun/servlet/solicitudotadjuntos?bf8120241de396b07ab44625e4461c8054c95fdf29ed1463bb14d754d2c042c2c6b68cb2564b401a399280c82e9cb030,gx-no-cache=1741882093445 HTTP/1.1" 200 30
186.40.34.0 - - [13/Mar/2025:13:06:49 -0300] "POST /cormun/servlet/solicitudotadjuntos?290a2bb590d1b7729eb5734d521599f2,INS,2025,22074,,1,,gx-no-cache=1741882093548 HTTP/1.1" 200 3904
201.186.225.185 - - [13/Mar/2025:13:06:50 -0300] "POST /cormun/servlet/solicitudot?gx-no-cache=1741882093613 HTTP/1.1" 200 30
190.95.1.185 - - [13/Mar/2025:13:06:50 -0300] "POST /cormun/servlet/solicitudotadjuntos?gx-no-cache=1741882095026 HTTP/1.1" 200 26
186.40.34.0 - - [13/Mar/2025:13:06:52 -0300] "POST /cormun/servlet/solicitudotadjuntos?gx-no-cache=1741882096373 HTTP/1.1" 200 26
190.95.1.185 - - [13/Mar/2025:13:06:58 -0300] "GET /cormun/servlet/solicitudotadjuntos?041e8404d68eeec9c4dba6915cc2a17a130b558d38261ac4d5837ecfed7f627e,gx-no-cache=1741882102625 HTTP/1.1" 200 30
190.95.1.185 - - [13/Mar/2025:13:06:58 -0300] "GET /cormun/servlet/solicitudotadjuntos?041e8404d68eeec9c4dba6915cc2a17a130b558d38261ac4d5837ecfed7f627e,gx-no-cache=1741882102636 HTTP/1.1" 200 30
190.95.1.185 - - [13/Mar/2025:13:06:58 -0300] "POST /cormun/servlet/solicitudotadjuntos?c5a3cd17ba61e217c63a4f1b77c629f8,INS,2025,22071,,1, HTTP/1.1" 200 116
190.95.1.185 - - [13/Mar/2025:13:06:58 -0300] "GET /cormun/servlet/hpexe_return? HTTP/1.1" 200 1023
190.95.1.185 - - [13/Mar/2025:13:06:58 -0300] "GET /cormun/servlet/trsolicitudadjuntos?2025,22071, HTTP/1.1" 200 10403
186.40.34.0 - - [13/Mar/2025:13:06:59 -0300] "GET /cormun/servlet/solicitudotadjuntos?bf8120241de396b07ab44625e4461c80349007946537fb2ccdcfa62d0a130f89,gx-no-cache=1741882103302 HTTP/1.1" 200 30
186.40.34.0 - - [13/Mar/2025:13:06:59 -0300] "GET /cormun/servlet/solicitudotadjuntos?bf8120241de396b07ab44625e4461c80349007946537fb2ccdcfa62d0a130f89,gx-no-cache=1741882103375 HTTP/1.1" 200 30
186.40.34.0 - - [13/Mar/2025:13:06:59 -0300] "POST /cormun/servlet/solicitudotadjuntos?290a2bb590d1b7729eb5734d521599f2,INS,2025,22074,,1, HTTP/1.1" 200 116
201.186.225.185 - - [13/Mar/2025:13:06:59 -0300] "POST /cormun/servlet/solicitudot?gx-no-cache=1741882102746 HTTP/1.1" 200 1481
201.186.225.185 - - [13/Mar/2025:13:06:59 -0300] "POST /cormun/servlet/solicitudot?gx-no-cache=1741882102800 HTTP/1.1" 200 38
201.186.225.185 - - [13/Mar/2025:13:06:59 -0300] "GET /cormun/servlet/solicitudot?d58512baaf120485239f1191a5bc9402eec84752f3c1c9cf889dfaee8f8801037f5974c5a847291950d897bbe158177610195afd1bef8b03b0ae69945e60d5645599dde16113211ed9cfa6072b3a5c9abce496e95886b013f1113a1cf96bb498437c3b54876a67286c6da7c70b7a17eb,gx-no-cache=1741882102828 HTTP/1.1" 200 110
186.40.34.0 - - [13/Mar/2025:13:06:59 -0300] "GET /cormun/servlet/hpexe_return? HTTP/1.1" 200 1027
201.186.225.185 - - [13/Mar/2025:13:06:59 -0300] "POST /cormun/servlet/solicitudot?gx-no-cache=1741882102899 HTTP/1.1" 200 64
186.40.34.0 - - [13/Mar/2025:13:06:59 -0300] "GET /cormun/servlet/trsolicitudadjuntos?2025,22074, HTTP/1.1" 200 9506
190.95.1.185 - - [13/Mar/2025:13:07:01 -0300] "GET /cormun/servlet/solicitudotadjuntos?INS,2025,22071,,1, HTTP/1.1" 200 6518
190.95.1.185 - - [13/Mar/2025:13:07:02 -0300] "GET /cormun/static/about:blank HTTP/1.1" 404 1011
186.40.34.0 - - [13/Mar/2025:13:07:02 -0300] "GET /cormun/servlet/solicitudotadjuntos?INS,2025,22074,,1, HTTP/1.1" 200 5965
186.40.34.0 - - [13/Mar/2025:13:07:02 -0300] "GET /cormun/static/about:blank HTTP/1.1" 404 1011
190.95.1.185 - - [13/Mar/2025:13:07:02 -0300] "GET /cormun/servlet/solicitudotadjuntos?041e8404d68eeec9c4dba6915cc2a17af72e36056b29e308a4851ba43ff78e6ed260ac986ce64b75f922c16353718f26,gx-no-cache=1741882106657 HTTP/1.1" 200 30
190.95.1.185 - - [13/Mar/2025:13:07:02 -0300] "POST /cormun/servlet/solicitudotadjuntos?c5a3cd17ba61e217c63a4f1b77c629f8,INS,2025,22071,,1,,gx-no-cache=1741882106674 HTTP/1.1" 200 4189
186.40.34.0 - - [13/Mar/2025:13:07:02 -0300] "GET /cormun/servlet/solicitudotadjuntos?bf8120241de396b07ab44625e4461c8054c95fdf29ed1463bb14d754d2c042c2c6b68cb2564b401a399280c82e9cb030,gx-no-cache=1741882107101 HTTP/1.1" 200 30
186.40.34.0 - - [13/Mar/2025:13:07:03 -0300] "POST /cormun/servlet/solicitudotadjuntos?290a2bb590d1b7729eb5734d521599f2,INS,2025,22074,,1,,gx-no-cache=1741882107185 HTTP/1.1" 200 3904
201.186.225.185 - - [13/Mar/2025:13:07:04 -0300] "GET /cormun/servlet/solicitudot?d58512baaf120485239f1191a5bc940284c8cd3e23dbd35b721d182a117e63be2ef7fb80cb94d5c1b2e524aa880af459407316694fd19bc2f9aecabaa408a0518d9e740395cabe3e997275592a0f5ec41375328b8b4b5df10d562c79e6b09c626653d42a80acd55b38aa82ab968bfd5e,gx-no-cache=1741882107486 HTTP/1.1" 200 29
190.95.1.185 - - [13/Mar/2025:13:07:05 -0300] "POST /cormun/servlet/solicitudotadjuntos?gx-no-cache=1741882109801 HTTP/1.1" 200 26
186.40.34.0 - - [13/Mar/2025:13:07:06 -0300] "POST /cormun/servlet/solicitudotadjuntos?gx-no-cache=1741882110503 HTTP/1.1" 200 26
201.186.225.185 - - [13/Mar/2025:13:07:08 -0300] "GET /cormun/servlet/solicitudot?d58512baaf120485239f1191a5bc940293e836a21ad488882ffb1fe007dcefc75272df1001ccdbc98258b9f80c6c3a3f,gx-no-cache=1741882111963 HTTP/1.1" 200 30
190.95.1.185 - - [13/Mar/2025:13:07:12 -0300] "GET /cormun/servlet/solicitudotadjuntos?041e8404d68eeec9c4dba6915cc2a17a130b558d38261ac4d5837ecfed7f627e,gx-no-cache=1741882116097 HTTP/1.1" 200 30
190.95.1.185 - - [13/Mar/2025:13:07:12 -0300] "GET /cormun/servlet/solicitudotadjuntos?041e8404d68eeec9c4dba6915cc2a17a130b558d38261ac4d5837ecfed7f627e,gx-no-cache=1741882116106 HTTP/1.1" 200 30
186.40.34.0 - - [13/Mar/2025:13:07:12 -0300] "GET /cormun/servlet/solicitudotadjuntos?bf8120241de396b07ab44625e4461c80349007946537fb2ccdcfa62d0a130f89,gx-no-cache=1741882116286 HTTP/1.1" 200 30
186.40.34.0 - - [13/Mar/2025:13:07:12 -0300] "GET /cormun/servlet/solicitudotadjuntos?bf8120241de396b07ab44625e4461c80349007946537fb2ccdcfa62d0a130f89,gx-no-cache=1741882116361 HTTP/1.1" 200 30
190.95.1.185 - - [13/Mar/2025:13:07:12 -0300] "POST /cormun/servlet/solicitudotadjuntos?c5a3cd17ba61e217c63a4f1b77c629f8,INS,2025,22071,,1, HTTP/1.1" 200 116
190.95.1.185 - - [13/Mar/2025:13:07:12 -0300] "GET /cormun/servlet/hpexe_return? HTTP/1.1" 200 1023
190.95.1.185 - - [13/Mar/2025:13:07:12 -0300] "GET /cormun/servlet/trsolicitudadjuntos?2025,22071, HTTP/1.1" 200 10663
186.40.34.0 - - [13/Mar/2025:13:07:12 -0300] "POST /cormun/servlet/solicitudotadjuntos?290a2bb590d1b7729eb5734d521599f2,INS,2025,22074,,1, HTTP/1.1" 200 116
186.40.34.0 - - [13/Mar/2025:13:07:12 -0300] "GET /cormun/servlet/hpexe_return? HTTP/1.1" 200 1027
186.40.34.0 - - [13/Mar/2025:13:07:12 -0300] "GET /cormun/servlet/trsolicitudadjuntos?2025,22074, HTTP/1.1" 200 9844
190.95.1.185 - - [13/Mar/2025:13:07:15 -0300] "GET /cormun/PublicTempStorage/titulos_melissa_soto_galleguillos2069520.pdf HTTP/1.1" 200 712214
186.40.34.0 - - [13/Mar/2025:13:07:17 -0300] "GET /cormun/servlet/solicitudotadjuntos?INS,2025,22074,,1, HTTP/1.1" 200 5965
186.40.34.0 - - [13/Mar/2025:13:07:17 -0300] "GET /cormun/static/about:blank HTTP/1.1" 404 1011
186.40.34.0 - - [13/Mar/2025:13:07:18 -0300] "GET /cormun/servlet/solicitudotadjuntos?bf8120241de396b07ab44625e4461c8054c95fdf29ed1463bb14d754d2c042c2c6b68cb2564b401a399280c82e9cb030,gx-no-cache=1741882122326 HTTP/1.1" 200 30
186.40.34.0 - - [13/Mar/2025:13:07:18 -0300] "POST /cormun/servlet/solicitudotadjuntos?290a2bb590d1b7729eb5734d521599f2,INS,2025,22074,,1,,gx-no-cache=1741882122382 HTTP/1.1" 200 3904
201.186.225.185 - - [13/Mar/2025:13:07:26 -0300] "POST /cormun/servlet/solicitudot?gx-no-cache=1741882129390 HTTP/1.1" 200 30
201.186.225.185 - - [13/Mar/2025:13:07:26 -0300] "POST /cormun/servlet/solicitudot?f18b4bb07ee753efb0b310bcf22a0873,INS,0,0,false,,gx-no-cache=1741882129423 HTTP/1.1" 200 13457
201.186.225.185 - - [13/Mar/2025:13:07:26 -0300] "GET /cormun/static/Shared/jqueryui/images/ui-bg_flat_55_994d53_40x100.png HTTP/1.1" 404 1097
201.186.225.185 - - [13/Mar/2025:13:07:26 -0300] "GET /cormun/static/Shared/jqueryui/images/ui-icons_ebccce_256x240.png HTTP/1.1" 404 1089
186.40.34.0 - - [13/Mar/2025:13:07:26 -0300] "POST /cormun/servlet/solicitudotadjuntos?gx-no-cache=1741882130767 HTTP/1.1" 200 26
186.40.34.0 - - [13/Mar/2025:13:07:33 -0300] "GET /cormun/servlet/solicitudotadjuntos?bf8120241de396b07ab44625e4461c80349007946537fb2ccdcfa62d0a130f89,gx-no-cache=1741882138055 HTTP/1.1" 200 30
186.40.34.0 - - [13/Mar/2025:13:07:34 -0300] "GET /cormun/servlet/solicitudotadjuntos?bf8120241de396b07ab44625e4461c80349007946537fb2ccdcfa62d0a130f89,gx-no-cache=1741882138161 HTTP/1.1" 200 30
186.40.34.0 - - [13/Mar/2025:13:07:34 -0300] "POST /cormun/servlet/solicitudotadjuntos?290a2bb590d1b7729eb5734d521599f2,INS,2025,22074,,1, HTTP/1.1" 200 6231
186.40.34.0 - - [13/Mar/2025:13:07:34 -0300] "GET /cormun/PrivateTempStorage/upload_00005381.jpeg HTTP/1.1" 200 127258
186.40.34.0 - - [13/Mar/2025:13:07:42 -0300] "GET /cormun/servlet/trsolicitudadjuntos?2025,22074, HTTP/1.1" 200 9843
186.40.34.0 - - [13/Mar/2025:13:07:45 -0300] "GET /cormun/servlet/solicitudotadjuntos?INS,2025,22074,,1, HTTP/1.1" 200 5965
186.40.34.0 - - [13/Mar/2025:13:07:45 -0300] "GET /cormun/static/about:blank HTTP/1.1" 404 1011
186.40.34.0 - - [13/Mar/2025:13:07:46 -0300] "GET /cormun/servlet/solicitudotadjuntos?bf8120241de396b07ab44625e4461c8054c95fdf29ed1463bb14d754d2c042c2c6b68cb2564b401a399280c82e9cb030,gx-no-cache=1741882150575 HTTP/1.1" 200 30
186.40.34.0 - - [13/Mar/2025:13:07:46 -0300] "POST /cormun/servlet/solicitudotadjuntos?290a2bb590d1b7729eb5734d521599f2,INS,2025,22074,,1,,gx-no-cache=1741882150658 HTTP/1.1" 200 3903
201.186.225.185 - - [13/Mar/2025:13:07:47 -0300] "GET /cormun/servlet/solicitudot?d58512baaf120485239f1191a5bc940293e836a21ad488882ffb1fe007dcefc758e530a92f343cc56a02d7fefcdd5e36,gx-no-cache=1741882150757 HTTP/1.1" 200 30
201.186.225.185 - - [13/Mar/2025:13:07:47 -0300] "POST /cormun/servlet/solicitudot?gx-no-cache=1741882150794 HTTP/1.1" 200 30
201.186.225.185 - - [13/Mar/2025:13:07:47 -0300] "POST /cormun/servlet/solicitudot?f18b4bb07ee753efb0b310bcf22a0873,INS,0,0,false,,gx-no-cache=1741882150828 HTTP/1.1" 200 13539
201.186.225.185 - - [13/Mar/2025:13:08:23 -0300] "GET /cormun/servlet/solicitudot?d58512baaf120485239f1191a5bc9402fb9bba15eff1563c8eca58614b8707ce,gx-no-cache=1741882186150 HTTP/1.1" 200 30
201.186.225.185 - - [13/Mar/2025:13:08:23 -0300] "POST /cormun/servlet/solicitudot?gx-no-cache=1741882186816 HTTP/1.1" 200 30
201.186.225.185 - - [13/Mar/2025:13:08:24 -0300] "POST /cormun/servlet/solicitudot?f18b4bb07ee753efb0b310bcf22a0873,INS,0,0,false,,gx-no-cache=1741882186993 HTTP/1.1" 200 13585
201.186.225.185 - - [13/Mar/2025:13:08:34 -0300] "GET /cormun/servlet/solicitudot?d58512baaf120485239f1191a5bc940293e836a21ad488882ffb1fe007dcefc75272df1001ccdbc98258b9f80c6c3a3f,gx-no-cache=1741882197517 HTTP/1.1" 200 30
201.186.225.185 - - [13/Mar/2025:13:08:48 -0300] "POST /cormun/servlet/solicitudot?gx-no-cache=1741882211654 HTTP/1.1" 200 30
201.186.225.185 - - [13/Mar/2025:13:08:48 -0300] "POST /cormun/servlet/solicitudot?f18b4bb07ee753efb0b310bcf22a0873,INS,0,0,false,,gx-no-cache=1741882211692 HTTP/1.1" 200 93
201.186.225.185 - - [13/Mar/2025:13:08:48 -0300] "GET /cormun/servlet/hpexe_return? HTTP/1.1" 200 1014
201.186.225.185 - - [13/Mar/2025:13:08:48 -0300] "GET /cormun/servlet/trsolicitudot? HTTP/1.1" 200 8843
201.186.225.185 - - [13/Mar/2025:13:08:53 -0300] "POST /cormun/servlet/trsolicitudot?f18b4bb07ee753efb0b310bcf22a0873,,gx-no-cache=1741882216996 HTTP/1.1" 200 107
201.186.225.185 - - [13/Mar/2025:13:08:54 -0300] "GET /cormun/servlet/trsolicitudadjuntos?2025,22075, HTTP/1.1" 200 6331
201.186.225.185 - - [13/Mar/2025:13:09:00 -0300] "GET /cormun/servlet/solicitudotadjuntos?INS,2025,22075,,1, HTTP/1.1" 200 6281
201.186.225.185 - - [13/Mar/2025:13:09:01 -0300] "GET /cormun/static/about:blank HTTP/1.1" 404 1011
201.186.225.185 - - [13/Mar/2025:13:09:01 -0300] "GET /cormun/servlet/solicitudotadjuntos?d58512baaf120485239f1191a5bc940274aaeba832d5f9ba77579a09a13d0196e4994d654af89eba27581e2be41a0cd2,gx-no-cache=1741882224584 HTTP/1.1" 200 30
201.186.225.185 - - [13/Mar/2025:13:09:01 -0300] "POST /cormun/servlet/solicitudotadjuntos?f18b4bb07ee753efb0b310bcf22a0873,INS,2025,22075,,1,,gx-no-cache=1741882224983 HTTP/1.1" 200 4154
201.186.225.185 - - [13/Mar/2025:13:09:07 -0300] "POST /cormun/servlet/solicitudotadjuntos?gx-no-cache=1741882230502 HTTP/1.1" 200 26
201.186.225.187 - - [13/Mar/2025:13:09:12 -0300] "GET /cormun/servlet/trsolicitudot? HTTP/1.1" 200 6329
201.186.225.187 - - [13/Mar/2025:13:09:12 -0300] "GET /cormun/servlet/hlogin HTTP/1.1" 200 1743
201.186.225.187 - - [13/Mar/2025:13:09:18 -0300] "POST /cormun/servlet/hlogin?6d2150293d35550944a077cd07386051,gx-no-cache=1741885763086 HTTP/1.1" 200 90
201.186.225.187 - - [13/Mar/2025:13:09:18 -0300] "GET /cormun/servlet/hpexe_link HTTP/1.1" 200 960
201.186.225.187 - - [13/Mar/2025:13:09:18 -0300] "GET /cormun/servlet/trsolicitudot HTTP/1.1" 200 7014
201.186.225.185 - - [13/Mar/2025:13:09:22 -0300] "GET /cormun/servlet/solicitudotadjuntos?d58512baaf120485239f1191a5bc9402f0a5b65930206536fdc9c29401c66f27,gx-no-cache=1741882245384 HTTP/1.1" 200 30
201.186.225.185 - - [13/Mar/2025:13:09:22 -0300] "GET /cormun/servlet/solicitudotadjuntos?d58512baaf120485239f1191a5bc9402f0a5b65930206536fdc9c29401c66f27,gx-no-cache=1741882245408 HTTP/1.1" 200 30
201.186.225.185 - - [13/Mar/2025:13:09:22 -0300] "POST /cormun/servlet/solicitudotadjuntos?f18b4bb07ee753efb0b310bcf22a0873,INS,2025,22075,,1, HTTP/1.1" 200 116
201.186.225.185 - - [13/Mar/2025:13:09:22 -0300] "GET /cormun/servlet/hpexe_return? HTTP/1.1" 200 1031
201.186.225.185 - - [13/Mar/2025:13:09:22 -0300] "GET /cormun/servlet/trsolicitudadjuntos?2025,22075, HTTP/1.1" 200 9372
201.186.225.187 - - [13/Mar/2025:13:09:33 -0300] "GET /cormun/servlet/solicitudot?INS,0,0,false, HTTP/1.1" 200 15980
186.11.27.14 - - [13/Mar/2025:13:09:47 -0300] "ü%ڀʧX}>%=#«ÞÝãȼßx eC<ÂAït5,k ’ø”ëŒKY¼¸êÕ¢œèEæHA+òâkА¿#¨*ªªÀ,À+Ì©À0À/̨À " 400 -
186.11.27.14 - - [13/Mar/2025:13:09:47 -0300] "üù¼v#$ÂNà4<ß¾^Ž ™8‘‚/·¯Âè=՘áC `½*&r–­~&m"® " 400 -
186.11.27.14 - - [13/Mar/2025:13:09:47 -0300] "ü`ãRá{– ^jòç§ãhÈkvD«7äÈS^á¾j Ç"})+G”Éx~µ2X£/GƒÕº\ÑJ,ñJ~!,úúÀ,À+Ì©À0À/̨À " 400 -
186.11.27.14 - - [13/Mar/2025:13:09:47 -0300] "-" 400 -
186.11.27.14 - - [13/Mar/2025:13:09:47 -0300] "š–Ž¢ š‡{0ÿÃ>X¶Ü–€‘^‡06yôréÀ " 400 -
186.11.27.14 - - [13/Mar/2025:13:09:47 -0300] "š–å9 ÚuX¿Y2öSA¯/e6KÐ0?¿+çPøÛNi;XëÀ " 400 -
201.186.225.187 - - [13/Mar/2025:13:09:52 -0300] "POST /cormun/servlet/solicitudot?gx-no-cache=1741885796627 HTTP/1.1" 200 4046
201.186.225.187 - - [13/Mar/2025:13:09:52 -0300] "POST /cormun/servlet/solicitudot?6d2150293d35550944a077cd07386051,INS,0,0,false,,gx-no-cache=1741885796734 HTTP/1.1" 200 12622
201.186.225.185 - - [13/Mar/2025:13:09:57 -0300] "GET /cormun/servlet/solicitudotadjuntos?INS,2025,22075,,1, HTTP/1.1" 200 6281
201.186.225.185 - - [13/Mar/2025:13:09:57 -0300] "GET /cormun/static/about:blank HTTP/1.1" 404 1011
201.186.225.185 - - [13/Mar/2025:13:09:58 -0300] "GET /cormun/servlet/solicitudotadjuntos?d58512baaf120485239f1191a5bc940274aaeba832d5f9ba77579a09a13d0196e4994d654af89eba27581e2be41a0cd2,gx-no-cache=1741882281674 HTTP/1.1" 200 30
201.186.225.185 - - [13/Mar/2025:13:09:58 -0300] "POST /cormun/servlet/solicitudotadjuntos?f18b4bb07ee753efb0b310bcf22a0873,INS,2025,22075,,1,,gx-no-cache=1741882281703 HTTP/1.1" 200 4153
201.186.225.187 - - [13/Mar/2025:13:10:02 -0300] "GET /cormun/servlet/solicitudot?4edf3f45fc1b863a01d51d2b4df2708455bf568cbec72a12afa32f9938bc9bcf63a31212507fbea2ae9e3cfd206195f3,gx-no-cache=1741885807076 HTTP/1.1" 200 30
201.186.225.185 - - [13/Mar/2025:13:10:05 -0300] "POST /cormun/servlet/solicitudotadjuntos?gx-no-cache=1741882288377 HTTP/1.1" 200 26
190.95.1.185 - - [13/Mar/2025:13:10:11 -0300] "GET /cormun/servlet/hlogin HTTP/1.1" 200 1723
190.95.1.185 - - [13/Mar/2025:13:10:11 -0300] "GET /cormun/static/gxtimezone.js?85251 HTTP/1.1" 200 5781
190.95.1.185 - - [13/Mar/2025:13:10:11 -0300] "GET /cormun/static/gxcfg.js?2022112219184450 HTTP/1.1" 200 953
190.95.1.185 - - [13/Mar/2025:13:10:11 -0300] "GET /cormun/static/Resources/CormunLogin.png HTTP/1.1" 200 19132
190.95.1.185 - - [13/Mar/2025:13:10:11 -0300] "GET /cormun/static/messages.spa.js?85251 HTTP/1.1" 200 30736
190.95.1.185 - - [13/Mar/2025:13:10:11 -0300] "GET /cormun/static/Resources/Spanish/PXTools.css?1759030 HTTP/1.1" 200 100853
190.95.1.185 - - [13/Mar/2025:13:10:11 -0300] "GET /cormun/static/hlogin.js?2022112219184458 HTTP/1.1" 200 2156
190.95.1.185 - - [13/Mar/2025:13:10:11 -0300] "GET /cormun/static/gxgral.js?85251 HTTP/1.1" 200 384558
190.95.1.185 - - [13/Mar/2025:13:10:11 -0300] "GET /cormun/static/Resources/PXToolsLoginTop.png HTTP/1.1" 200 1337
190.95.1.185 - - [13/Mar/2025:13:10:11 -0300] "GET /cormun/static/Resources/PXToolsLoginBackground.png HTTP/1.1" 200 1164
190.95.1.185 - - [13/Mar/2025:13:10:11 -0300] "GET /cormun/static/Resources/PXToolsButtonLeft.png HTTP/1.1" 200 1310
190.95.1.185 - - [13/Mar/2025:13:10:11 -0300] "GET /cormun/static/Resources/PXToolsButtonRight.png HTTP/1.1" 200 1294
190.95.1.185 - - [13/Mar/2025:13:10:11 -0300] "GET /cormun/static/Resources/PXToolsButtonBackground.png HTTP/1.1" 200 1176
190.95.1.185 - - [13/Mar/2025:13:10:11 -0300] "GET /cormun/static/Resources/PXToolsLoginBottom.png HTTP/1.1" 200 1389
190.95.1.185 - - [13/Mar/2025:13:10:11 -0300] "GET /cormun/servlet/hlogin HTTP/1.1" 200 1733
190.95.1.185 - - [13/Mar/2025:13:10:11 -0300] "GET /cormun/static/Resources/indicator.gif HTTP/1.1" 200 1553
190.95.1.185 - - [13/Mar/2025:13:10:11 -0300] "GET /favicon.ico HTTP/1.1" 200 21630
190.95.1.185 - - [13/Mar/2025:13:10:14 -0300] "POST /cormun/servlet/hlogin?a19d2813332cd7edcde68117797b0b19,gx-no-cache=1741882298803 HTTP/1.1" 200 90
190.95.1.185 - - [13/Mar/2025:13:10:14 -0300] "GET /cormun/servlet/hpexe_link HTTP/1.1" 200 953
190.95.1.185 - - [13/Mar/2025:13:10:14 -0300] "GET /cormun/static/gxcfg.js?20221129847421 HTTP/1.1" 200 953
190.95.1.185 - - [13/Mar/2025:13:10:14 -0300] "GET /cormun/static/hpexe_link.js?20221129847423 HTTP/1.1" 200 625
190.95.1.185 - - [13/Mar/2025:13:10:14 -0300] "GET /cormun/static/Resources/Spanish/PXTools.css?8354383 HTTP/1.1" 200 100853
190.95.1.185 - - [13/Mar/2025:13:10:15 -0300] "GET /cormun/servlet/hhome HTTP/1.1" 200 4479
190.95.1.185 - - [13/Mar/2025:13:10:15 -0300] "GET /cormun/static/Shared/jqueryui/jquery-ui.min.css?1345370 HTTP/1.1" 200 30288
190.95.1.185 - - [13/Mar/2025:13:10:15 -0300] "GET /cormun/static/SmoothNavMenu/resources/ddsmoothmenu-v.css?1112540 HTTP/1.1" 200 1188
190.95.1.185 - - [13/Mar/2025:13:10:15 -0300] "GET /cormun/static/SmoothNavMenu/resources/ddsmoothmenu.css?1112540 HTTP/1.1" 200 2223
190.95.1.185 - - [13/Mar/2025:13:10:15 -0300] "GET /cormun/static/gxcfg.js?20201215495537 HTTP/1.1" 200 953
190.95.1.185 - - [13/Mar/2025:13:10:15 -0300] "GET /cormun/static/scaMessage/css/jquery.pnotify.default.css?1816380 HTTP/1.1" 200 1707
190.95.1.185 - - [13/Mar/2025:13:10:15 -0300] "GET /cormun/static/PXToolsJavascripts/pexe_cookies.js HTTP/1.1" 200 792
190.95.1.185 - - [13/Mar/2025:13:10:15 -0300] "GET /cormun/static/PXToolsJavascripts/pexe_autoreload.js HTTP/1.1" 200 1762
190.95.1.185 - - [13/Mar/2025:13:10:15 -0300] "GET /cormun/static/PXToolsJavascripts/pexe_windows.js HTTP/1.1" 200 15249
190.95.1.185 - - [13/Mar/2025:13:10:15 -0300] "GET /cormun/static/PXToolsJavascripts/pexe_grid.js HTTP/1.1" 200 7559
190.95.1.185 - - [13/Mar/2025:13:10:15 -0300] "GET /cormun/static/PXToolsJavascripts/pexe_griddivfix.js HTTP/1.1" 200 6946
190.95.1.185 - - [13/Mar/2025:13:10:15 -0300] "GET /cormun/static/PXToolsJavascripts/pexe_link.js HTTP/1.1" 200 5671
190.95.1.185 - - [13/Mar/2025:13:10:15 -0300] "GET /cormun/static/Resources/Spanish/PXTools.css?14345360 HTTP/1.1" 200 100853
190.95.1.185 - - [13/Mar/2025:13:10:15 -0300] "GET /cormun/static/PXToolsJavascripts/pexe_menudivfix.js HTTP/1.1" 200 333
190.95.1.185 - - [13/Mar/2025:13:10:15 -0300] "GET /cormun/static/PXToolsJavascripts/pexe_menus.js HTTP/1.1" 200 1286
190.95.1.185 - - [13/Mar/2025:13:10:15 -0300] "GET /cormun/static/PXToolsJavascripts/pexe_layers.js HTTP/1.1" 200 4114
190.95.1.185 - - [13/Mar/2025:13:10:15 -0300] "GET /cormun/static/PXToolsJavascripts/pexe_oav.js HTTP/1.1" 200 645
190.95.1.185 - - [13/Mar/2025:13:10:15 -0300] "GET /cormun/static/PXToolsJavascripts/pexe_oavdivfix.js HTTP/1.1" 200 639
190.95.1.185 - - [13/Mar/2025:13:10:15 -0300] "GET /cormun/static/PXToolsJavascripts/pexe_picture.js HTTP/1.1" 200 689
190.95.1.185 - - [13/Mar/2025:13:10:15 -0300] "GET /cormun/static/PXToolsJavascripts/pexe_popup.js HTTP/1.1" 200 15149
190.95.1.185 - - [13/Mar/2025:13:10:15 -0300] "GET /cormun/static/PXToolsJavascripts/pexe_scrolldiv.js HTTP/1.1" 200 4138
190.95.1.185 - - [13/Mar/2025:13:10:15 -0300] "GET /cormun/static/PXToolsJavascripts/pexe_tabs.js HTTP/1.1" 200 3748
190.95.1.185 - - [13/Mar/2025:13:10:15 -0300] "GET /cormun/static/PXToolsJavascripts/pexe_tabdivfix.js HTTP/1.1" 200 898
190.95.1.185 - - [13/Mar/2025:13:10:15 -0300] "GET /cormun/static/PXToolsJavascripts/pexe_upload.js HTTP/1.1" 200 1423
190.95.1.185 - - [13/Mar/2025:13:10:15 -0300] "GET /cormun/static/PXToolsJavascripts/PXToolsJavascriptsRender.js HTTP/1.1" 200 367
190.95.1.185 - - [13/Mar/2025:13:10:15 -0300] "GET /cormun/static/Resources/CormunMP2.png HTTP/1.1" 200 6878
190.95.1.185 - - [13/Mar/2025:13:10:15 -0300] "GET /cormun/static/Resources/ImgHome.png HTTP/1.1" 200 1364
190.95.1.185 - - [13/Mar/2025:13:10:15 -0300] "GET /cormun/static/Resources/ImgLogin.png HTTP/1.1" 200 1432
190.95.1.185 - - [13/Mar/2025:13:10:15 -0300] "GET /cormun/static/RunJS/RunJS.js HTTP/1.1" 200 288
190.95.1.185 - - [13/Mar/2025:13:10:15 -0300] "GET /cormun/static/Resources/Llave.png HTTP/1.1" 200 1395
190.95.1.185 - - [13/Mar/2025:13:10:15 -0300] "GET /cormun/static/Shared/ext/locale/ext-lang-en.js HTTP/1.1" 200 10940
190.95.1.185 - - [13/Mar/2025:13:10:15 -0300] "GET /cormun/static/Resources/PXToolsDataTitle.png HTTP/1.1" 200 1173
190.95.1.185 - - [13/Mar/2025:13:10:15 -0300] "GET /cormun/static/hhome.js?20201215495544 HTTP/1.1" 200 777
190.95.1.185 - - [13/Mar/2025:13:10:15 -0300] "GET /cormun/static/hwchdr01.js?2022112219251119 HTTP/1.1" 200 996
190.95.1.185 - - [13/Mar/2025:13:10:15 -0300] "GET /cormun/static/hpexe_recentlink.js?20201214471090 HTTP/1.1" 200 2144
190.95.1.185 - - [13/Mar/2025:13:10:15 -0300] "GET /cormun/static/hpexe_scripts.js?20201214471411 HTTP/1.1" 200 1544
190.95.1.185 - - [13/Mar/2025:13:10:15 -0300] "GET /cormun/static/hpexe_messagecontroller.js?202211298371222 HTTP/1.1" 200 870
190.95.1.185 - - [13/Mar/2025:13:10:15 -0300] "GET /cormun/static/hpexe_messagepopupcomponent.js?2020121447232 HTTP/1.1" 200 605
190.95.1.185 - - [13/Mar/2025:13:10:15 -0300] "GET /cormun/static/hpexe_messagegenexuscomponent.js?20221129836373 HTTP/1.1" 200 587
190.95.1.185 - - [13/Mar/2025:13:10:15 -0300] "GET /cormun/static/gxui/gxui-all.js HTTP/1.1" 200 107772
190.95.1.185 - - [13/Mar/2025:13:10:15 -0300] "GET /cormun/static/cmcontrolpreferences.js?20199141926336 HTTP/1.1" 200 1375
190.95.1.185 - - [13/Mar/2025:13:10:15 -0300] "GET /cormun/static/SmoothNavMenu/resources/ddsmoothmenu.js HTTP/1.1" 200 12712
190.95.1.185 - - [13/Mar/2025:13:10:15 -0300] "GET /cormun/static/SmoothNavMenu/resources/SmoothNavMenuRender.js HTTP/1.1" 200 5951
190.95.1.185 - - [13/Mar/2025:13:10:16 -0300] "GET /cormun/static/scaMessage/js/jquery.pnotify.min.js HTTP/1.1" 200 13038
190.95.1.185 - - [13/Mar/2025:13:10:16 -0300] "GET /cormun/static/Shared/jquery/jquery-1.4.2.min.js HTTP/1.1" 200 72174
190.95.1.185 - - [13/Mar/2025:13:10:16 -0300] "GET /cormun/static/scaMessage/scaMessageRender.js HTTP/1.1" 200 11977
190.95.1.185 - - [13/Mar/2025:13:10:16 -0300] "GET /cormun/static/hmpwkw03.js?20221129844354 HTTP/1.1" 200 3971
190.95.1.185 - - [13/Mar/2025:13:10:16 -0300] "GET /cormun/static/Shared/jqueryui/jquery-ui.min.js HTTP/1.1" 200 240427
190.95.1.185 - - [13/Mar/2025:13:10:16 -0300] "GET /cormun/static/Shared/jquery/jquery-1.10.2.min.js HTTP/1.1" 200 273199
190.95.1.185 - - [13/Mar/2025:13:10:16 -0300] "GET /cormun/static/Shared/ext/ext-all.js HTTP/1.1" 200 1289687
190.95.1.185 - - [13/Mar/2025:13:10:16 -0300] "GET /cormun/static/SmoothNavMenu/resources/images/down.gif HTTP/1.1" 200 854
190.95.1.185 - - [13/Mar/2025:13:10:16 -0300] "GET /cormun/static/SmoothNavMenu/resources/images/right.gif HTTP/1.1" 200 860
190.95.1.185 - - [13/Mar/2025:13:10:20 -0300] "GET /cormun/servlet/trsolicitudot? HTTP/1.1" 200 9545
190.95.1.185 - - [13/Mar/2025:13:10:20 -0300] "GET /cormun/static/gxui/gxui-all.css?120300 HTTP/1.1" 200 2179
190.95.1.185 - - [13/Mar/2025:13:10:20 -0300] "GET /cormun/static/calendar-system.css?85620 HTTP/1.1" 200 5572
190.95.1.185 - - [13/Mar/2025:13:10:20 -0300] "GET /cormun/static/gxcfg.js?20221129846531 HTTP/1.1" 200 953
190.95.1.185 - - [13/Mar/2025:13:10:20 -0300] "GET /cormun/static/calendar.js?85251 HTTP/1.1" 200 26246
190.95.1.185 - - [13/Mar/2025:13:10:20 -0300] "GET /cormun/static/calendar-setup.js?85251 HTTP/1.1" 200 2588
190.95.1.185 - - [13/Mar/2025:13:10:20 -0300] "GET /cormun/static/calendar-es.js?85251 HTTP/1.1" 200 1901
190.95.1.185 - - [13/Mar/2025:13:10:20 -0300] "GET /cormun/static/Resources/PXTools/calendar.png HTTP/1.1" 200 1306
190.95.1.185 - - [13/Mar/2025:13:10:20 -0300] "GET /cormun/static/gxdec.js?85251 HTTP/1.1" 200 19579
190.95.1.185 - - [13/Mar/2025:13:10:20 -0300] "GET /cormun/static/trsolicitudot.js?202211298465651 HTTP/1.1" 200 54040
190.95.1.185 - - [13/Mar/2025:13:10:20 -0300] "GET /cormun/static/Resources/PXToolsDataSearch.png HTTP/1.1" 200 435
190.95.1.185 - - [13/Mar/2025:13:10:20 -0300] "GET /cormun/static/Resources/PXToolsGridFirstDisabled.gif HTTP/1.1" 200 100
190.95.1.185 - - [13/Mar/2025:13:10:20 -0300] "GET /cormun/static/Resources/PXToolsGridPreviousDisabled.gif HTTP/1.1" 200 90
190.95.1.185 - - [13/Mar/2025:13:10:20 -0300] "GET /cormun/static/Shared/ext/resources/css/ext-all.css?215870 HTTP/1.1" 200 416045
190.95.1.185 - - [13/Mar/2025:13:10:20 -0300] "GET /cormun/static/Resources/PXToolsGridNextDisabled.gif HTTP/1.1" 200 90
190.95.1.185 - - [13/Mar/2025:13:10:20 -0300] "GET /cormun/static/Resources/PXToolsGridLastDisabled.gif HTTP/1.1" 200 98
190.95.1.185 - - [13/Mar/2025:13:10:20 -0300] "GET /cormun/static/Resources/PXToolsGridPage.gif HTTP/1.1" 200 725
190.95.1.185 - - [13/Mar/2025:13:10:20 -0300] "GET /cormun/static/Resources/PXToolsActionExcel.png HTTP/1.1" 200 727
190.95.1.185 - - [13/Mar/2025:13:10:20 -0300] "GET /cormun/static/Resources/PXToolsAddAllAction.png HTTP/1.1" 200 495
190.95.1.185 - - [13/Mar/2025:13:10:20 -0300] "GET /cormun/static/Resources/asc.gif HTTP/1.1" 200 67
190.95.1.185 - - [13/Mar/2025:13:10:20 -0300] "GET /cormun/static/Resources/desc.gif HTTP/1.1" 200 65
190.95.1.185 - - [13/Mar/2025:13:10:20 -0300] "GET /cormun//static/Resources/PXToolsActionView.png HTTP/1.1" 200 398
190.95.1.185 - - [13/Mar/2025:13:10:20 -0300] "GET /cormun//static/Resources/PXToolsGridDelete.png HTTP/1.1" 200 538
190.95.1.185 - - [13/Mar/2025:13:10:20 -0300] "GET /cormun//static/Resources/PXToolsGridUpdate.png HTTP/1.1" 200 470
190.95.1.185 - - [13/Mar/2025:13:10:20 -0300] "GET /cormun//static/Resources/PXTools/ActionInsert.png HTTP/1.1" 200 1482
190.95.1.185 - - [13/Mar/2025:13:10:20 -0300] "GET /cormun//static/Resources/PXToolsRemoveAllAction.png HTTP/1.1" 200 487
190.95.1.185 - - [13/Mar/2025:13:10:20 -0300] "GET /cormun/static/Shared/ext/resources/themes/images/default/tools/tool-sprites.gif HTTP/1.1" 200 5434
190.95.1.185 - - [13/Mar/2025:13:10:20 -0300] "GET /cormun/static/Shared/ext/resources/themes/images/default/panel/bg-headersPanel.png HTTP/1.1" 200 255
201.186.225.185 - - [13/Mar/2025:13:10:33 -0300] "GET /cormun/servlet/solicitudotadjuntos?d58512baaf120485239f1191a5bc9402f0a5b65930206536fdc9c29401c66f27,gx-no-cache=1741882316962 HTTP/1.1" 200 30
201.186.225.185 - - [13/Mar/2025:13:10:33 -0300] "GET /cormun/servlet/solicitudotadjuntos?d58512baaf120485239f1191a5bc9402f0a5b65930206536fdc9c29401c66f27,gx-no-cache=1741882316993 HTTP/1.1" 200 30
201.186.225.185 - - [13/Mar/2025:13:10:33 -0300] "POST /cormun/servlet/solicitudotadjuntos?f18b4bb07ee753efb0b310bcf22a0873,INS,2025,22075,,1, HTTP/1.1" 200 116
201.186.225.185 - - [13/Mar/2025:13:10:33 -0300] "GET /cormun/servlet/hpexe_return? HTTP/1.1" 200 1031
201.186.225.185 - - [13/Mar/2025:13:10:34 -0300] "GET /cormun/servlet/trsolicitudadjuntos?2025,22075, HTTP/1.1" 200 9611
190.95.1.185 - - [13/Mar/2025:13:10:36 -0300] "GET /cormun/servlet/solicitudot?INS,0,0,false, HTTP/1.1" 200 16488
190.95.1.185 - - [13/Mar/2025:13:10:37 -0300] "GET /cormun/static/gxcfg.js?20221129840861 HTTP/1.1" 200 953
190.95.1.185 - - [13/Mar/2025:13:10:37 -0300] "GET /cormun/static/solicitudot.js?20221129840983 HTTP/1.1" 200 74072
190.95.1.185 - - [13/Mar/2025:13:10:37 -0300] "GET /cormun/static/Resources/prompt.gif HTTP/1.1" 200 902
201.186.225.185 - - [13/Mar/2025:13:10:37 -0300] "GET /cormun/servlet/solicitudotadjuntos?INS,2025,22075,,1, HTTP/1.1" 200 6281
201.186.225.185 - - [13/Mar/2025:13:10:37 -0300] "GET /cormun/static/about:blank HTTP/1.1" 404 1011
201.186.225.185 - - [13/Mar/2025:13:10:38 -0300] "GET /cormun/servlet/solicitudotadjuntos?d58512baaf120485239f1191a5bc940274aaeba832d5f9ba77579a09a13d0196e4994d654af89eba27581e2be41a0cd2,gx-no-cache=1741882321565 HTTP/1.1" 200 30
201.186.225.185 - - [13/Mar/2025:13:10:38 -0300] "POST /cormun/servlet/solicitudotadjuntos?f18b4bb07ee753efb0b310bcf22a0873,INS,2025,22075,,1,,gx-no-cache=1741882321584 HTTP/1.1" 200 4154
201.186.225.185 - - [13/Mar/2025:13:10:42 -0300] "POST /cormun/servlet/solicitudotadjuntos?gx-no-cache=1741882325834 HTTP/1.1" 200 26
190.95.1.185 - - [13/Mar/2025:13:10:47 -0300] "POST /cormun/servlet/solicitudot?gx-no-cache=1741882331091 HTTP/1.1" 200 4039
190.95.1.185 - - [13/Mar/2025:13:10:47 -0300] "POST /cormun/servlet/solicitudot?a19d2813332cd7edcde68117797b0b19,INS,0,0,false,,gx-no-cache=1741882331198 HTTP/1.1" 200 12897
190.95.1.185 - - [13/Mar/2025:13:10:51 -0300] "GET /cormun/servlet/solicitudot?9740ee1346c04b7323e783b313ee29061ebfeb81b506b25fec100423e8d139417f4f8d43a9309253372ec3ea8dd80a44,gx-no-cache=1741882335982 HTTP/1.1" 200 30
201.186.225.185 - - [13/Mar/2025:13:11:01 -0300] "GET /cormun/servlet/solicitudotadjuntos?d58512baaf120485239f1191a5bc9402f0a5b65930206536fdc9c29401c66f27,gx-no-cache=1741882345202 HTTP/1.1" 200 30
201.186.225.185 - - [13/Mar/2025:13:11:01 -0300] "GET /cormun/servlet/solicitudotadjuntos?d58512baaf120485239f1191a5bc9402f0a5b65930206536fdc9c29401c66f27,gx-no-cache=1741882345261 HTTP/1.1" 200 30
201.186.225.185 - - [13/Mar/2025:13:11:02 -0300] "POST /cormun/servlet/solicitudotadjuntos?f18b4bb07ee753efb0b310bcf22a0873,INS,2025,22075,,1, HTTP/1.1" 200 116
201.186.225.185 - - [13/Mar/2025:13:11:02 -0300] "GET /cormun/servlet/hpexe_return? HTTP/1.1" 200 1031
201.186.225.185 - - [13/Mar/2025:13:11:02 -0300] "GET /cormun/servlet/trsolicitudadjuntos?2025,22075, HTTP/1.1" 200 9863
201.186.225.185 - - [13/Mar/2025:13:11:55 -0300] "GET /cormun/servlet/solicitudotadjuntos?INS,2025,22075,,1, HTTP/1.1" 200 6281
201.186.225.185 - - [13/Mar/2025:13:11:56 -0300] "GET /cormun/static/about:blank HTTP/1.1" 404 1011
201.186.225.185 - - [13/Mar/2025:13:11:56 -0300] "GET /cormun/servlet/solicitudotadjuntos?d58512baaf120485239f1191a5bc940274aaeba832d5f9ba77579a09a13d0196e4994d654af89eba27581e2be41a0cd2,gx-no-cache=1741882399972 HTTP/1.1" 200 30
201.186.225.185 - - [13/Mar/2025:13:11:56 -0300] "POST /cormun/servlet/solicitudotadjuntos?f18b4bb07ee753efb0b310bcf22a0873,INS,2025,22075,,1,,gx-no-cache=1741882399997 HTTP/1.1" 200 4153
201.186.225.185 - - [13/Mar/2025:13:12:01 -0300] "POST /cormun/servlet/solicitudotadjuntos?gx-no-cache=1741882404836 HTTP/1.1" 200 26
201.186.225.185 - - [13/Mar/2025:13:12:10 -0300] "GET /cormun/servlet/solicitudotadjuntos?d58512baaf120485239f1191a5bc9402f0a5b65930206536fdc9c29401c66f27,gx-no-cache=1741882413740 HTTP/1.1" 200 30
201.186.225.185 - - [13/Mar/2025:13:12:10 -0300] "GET /cormun/servlet/solicitudotadjuntos?d58512baaf120485239f1191a5bc9402f0a5b65930206536fdc9c29401c66f27,gx-no-cache=1741882413785 HTTP/1.1" 200 30
201.186.225.185 - - [13/Mar/2025:13:12:10 -0300] "POST /cormun/servlet/solicitudotadjuntos?f18b4bb07ee753efb0b310bcf22a0873,INS,2025,22075,,1, HTTP/1.1" 200 116
201.186.225.185 - - [13/Mar/2025:13:12:10 -0300] "GET /cormun/servlet/hpexe_return? HTTP/1.1" 200 1031
201.186.225.185 - - [13/Mar/2025:13:12:10 -0300] "GET /cormun/servlet/trsolicitudadjuntos?2025,22075, HTTP/1.1" 200 10120
201.186.225.185 - - [13/Mar/2025:13:12:17 -0300] "GET /cormun/servlet/solicitudotadjuntos?INS,2025,22075,,1, HTTP/1.1" 200 6281
201.186.225.185 - - [13/Mar/2025:13:12:17 -0300] "GET /cormun/static/about:blank HTTP/1.1" 404 1011
201.186.225.185 - - [13/Mar/2025:13:12:17 -0300] "GET /cormun/servlet/solicitudotadjuntos?d58512baaf120485239f1191a5bc940274aaeba832d5f9ba77579a09a13d0196e4994d654af89eba27581e2be41a0cd2,gx-no-cache=1741882421132 HTTP/1.1" 200 30
201.186.225.185 - - [13/Mar/2025:13:12:17 -0300] "POST /cormun/servlet/solicitudotadjuntos?f18b4bb07ee753efb0b310bcf22a0873,INS,2025,22075,,1,,gx-no-cache=1741882421158 HTTP/1.1" 200 4153
201.186.225.185 - - [13/Mar/2025:13:12:29 -0300] "POST /cormun/servlet/solicitudotadjuntos?gx-no-cache=1741882432397 HTTP/1.1" 200 26
201.186.225.185 - - [13/Mar/2025:13:12:38 -0300] "GET /cormun/servlet/solicitudotadjuntos?d58512baaf120485239f1191a5bc9402f0a5b65930206536fdc9c29401c66f27,gx-no-cache=1741882441549 HTTP/1.1" 200 30
201.186.225.185 - - [13/Mar/2025:13:12:38 -0300] "GET /cormun/servlet/solicitudotadjuntos?d58512baaf120485239f1191a5bc9402f0a5b65930206536fdc9c29401c66f27,gx-no-cache=1741882441575 HTTP/1.1" 200 30
201.186.225.185 - - [13/Mar/2025:13:12:38 -0300] "POST /cormun/servlet/solicitudotadjuntos?f18b4bb07ee753efb0b310bcf22a0873,INS,2025,22075,,1, HTTP/1.1" 200 116
201.186.225.185 - - [13/Mar/2025:13:12:38 -0300] "GET /cormun/servlet/hpexe_return? HTTP/1.1" 200 1031
201.186.225.185 - - [13/Mar/2025:13:12:39 -0300] "GET /cormun/servlet/trsolicitudadjuntos?2025,22075, HTTP/1.1" 200 10362
201.186.225.185 - - [13/Mar/2025:13:12:43 -0300] "GET /cormun/servlet/solicitudotadjuntos?INS,2025,22075,,1, HTTP/1.1" 200 6281
201.186.225.185 - - [13/Mar/2025:13:12:43 -0300] "GET /cormun/static/about:blank HTTP/1.1" 404 1011
201.186.225.185 - - [13/Mar/2025:13:12:44 -0300] "GET /cormun/servlet/solicitudotadjuntos?d58512baaf120485239f1191a5bc940274aaeba832d5f9ba77579a09a13d0196e4994d654af89eba27581e2be41a0cd2,gx-no-cache=1741882447645 HTTP/1.1" 200 30
201.186.225.185 - - [13/Mar/2025:13:12:44 -0300] "POST /cormun/servlet/solicitudotadjuntos?f18b4bb07ee753efb0b310bcf22a0873,INS,2025,22075,,1,,gx-no-cache=1741882447706 HTTP/1.1" 200 4154
201.186.225.185 - - [13/Mar/2025:13:12:48 -0300] "POST /cormun/servlet/solicitudotadjuntos?gx-no-cache=1741882451428 HTTP/1.1" 200 26
190.95.1.185 - - [13/Mar/2025:13:12:54 -0300] "GET /cormun/static/Resources/PXTools/ClosePrompt.png HTTP/1.1" 200 1036
190.95.1.185 - - [13/Mar/2025:13:12:54 -0300] "GET /cormun/static/Resources/resize.gif HTTP/1.1" 200 77
190.95.1.185 - - [13/Mar/2025:13:12:54 -0300] "GET /cormun/servlet/prbanco?,MD,,gxPopupLevel%3D0%3B HTTP/1.1" 200 6903
190.95.1.185 - - [13/Mar/2025:13:12:55 -0300] "GET /cormun/static/gxcfg.js?20201216131581 HTTP/1.1" 200 953
190.95.1.185 - - [13/Mar/2025:13:12:55 -0300] "GET /cormun/static/Resources/PXToolsMenuSearch.png HTTP/1.1" 200 336
190.95.1.185 - - [13/Mar/2025:13:12:55 -0300] "GET /cormun/static/prbanco.js?20201216132311 HTTP/1.1" 200 10693
190.95.1.185 - - [13/Mar/2025:13:12:55 -0300] "GET /cormun/static/menusearch.js?20201214473581 HTTP/1.1" 200 1424
190.95.1.185 - - [13/Mar/2025:13:12:55 -0300] "GET /cormun/static/hmpwkw011.js?202211298443482 HTTP/1.1" 200 1968
190.95.1.185 - - [13/Mar/2025:13:12:55 -0300] "GET /cormun/static/Resources/PXToolsMenuSearchCancel.png HTTP/1.1" 200 306
190.95.1.185 - - [13/Mar/2025:13:13:05 -0300] "GET /cormun/servlet/solicitudot?9740ee1346c04b7323e783b313ee2906f5a062e0591ee9d6f224a6d6fa8d531d867f49138fe92e583386a81557fd9368019c6f8eda6e61d77daf1314bfcf26b8a99cf25c1388c8af78153c95cd4a8e8d,gx-no-cache=1741882469236 HTTP/1.1" 200 30
201.186.225.185 - - [13/Mar/2025:13:13:06 -0300] "GET /cormun/servlet/solicitudotadjuntos?d58512baaf120485239f1191a5bc9402f0a5b65930206536fdc9c29401c66f27,gx-no-cache=1741882469541 HTTP/1.1" 200 30
201.186.225.185 - - [13/Mar/2025:13:13:06 -0300] "GET /cormun/servlet/solicitudotadjuntos?d58512baaf120485239f1191a5bc9402f0a5b65930206536fdc9c29401c66f27,gx-no-cache=1741882469564 HTTP/1.1" 200 30
201.186.225.185 - - [13/Mar/2025:13:13:06 -0300] "POST /cormun/servlet/solicitudotadjuntos?f18b4bb07ee753efb0b310bcf22a0873,INS,2025,22075,,1, HTTP/1.1" 200 116
201.186.225.185 - - [13/Mar/2025:13:13:06 -0300] "GET /cormun/servlet/hpexe_return? HTTP/1.1" 200 1031
201.186.225.185 - - [13/Mar/2025:13:13:06 -0300] "GET /cormun/servlet/trsolicitudadjuntos?2025,22075, HTTP/1.1" 200 10527
190.95.1.185 - - [13/Mar/2025:13:13:07 -0300] "GET /cormun/servlet/solicitudot?9740ee1346c04b7323e783b313ee29067b210cfa47f13e697c5ed96dd50d9674,gx-no-cache=1741882471596 HTTP/1.1" 200 53
201.186.225.185 - - [13/Mar/2025:13:13:11 -0300] "GET /cormun/servlet/trsolicitudot? HTTP/1.1" 200 8848
201.186.225.185 - - [13/Mar/2025:13:13:18 -0300] "POST /cormun/servlet/trsolicitudot?f18b4bb07ee753efb0b310bcf22a0873,,gx-no-cache=1741882482186 HTTP/1.1" 200 4872
201.186.225.185 - - [13/Mar/2025:13:13:19 -0300] "POST /cormun/servlet/trsolicitudot?f18b4bb07ee753efb0b310bcf22a0873,,gx-no-cache=1741882482323 HTTP/1.1" 200 4630
200.126.116.145 - - [13/Mar/2025:13:13:26 -0300] "GET /cormun/servlet/trlicencias? HTTP/1.1" 200 6053
200.126.116.145 - - [13/Mar/2025:13:13:26 -0300] "GET /cormun/servlet/hlogin HTTP/1.1" 200 1745
200.126.116.145 - - [13/Mar/2025:13:13:26 -0300] "GET /cormun/servlet/trlicencias? HTTP/1.1" 200 6053
200.126.116.145 - - [13/Mar/2025:13:13:40 -0300] "POST /cormun/servlet/hlogin?16c9064a8b54d3d5660671df3fcc8ba6,gx-no-cache=1741882505746 HTTP/1.1" 200 90
