190.95.15.15 - - [10/Mar/2025:09:36:50 -0300] "GET /cormun/static/Shared/jqueryui/images/ui-bg_highlight-soft_100_c6c2c8_1x100.png HTTP/1.1" 404 1117
190.95.15.15 - - [10/Mar/2025:09:36:50 -0300] "GET /cormun/static/Shared/jqueryui/images/ui-icons_82798d_256x240.png HTTP/1.1" 404 1089
190.95.15.15 - - [10/Mar/2025:09:36:50 -0300] "GET /cormun/static/Shared/jqueryui/images/ui-bg_flat_55_994d53_40x100.png HTTP/1.1" 404 1097
190.95.15.15 - - [10/Mar/2025:09:36:50 -0300] "GET /cormun/static/Shared/jqueryui/images/ui-icons_ebccce_256x240.png HTTP/1.1" 404 1089
200.126.116.145 - - [10/Mar/2025:09:36:51 -0300] "GET /cormun/servlet/solicitudot?94e08b74926ab1b3d347e20507008940400e2dc71c6c521d6effb51748eb206f90c998df48d41d579630dda41d0e95f5d195490ae156710f040e630596061a2668dc26087361e82eb63dc33f771073cf255d2cd2a169d22f021a7844a27b81b005ca826f15ec3903109eab4673e44734bd2b054ada68b408df52a22fa463933f946b1333570b4c6531bef9e30c67faa0072c9d2a7c3a35679158951fb452a195164913326c4d5005b1e46e78ffdac9a371569151354f9020739a8d7d0d3a238010c758e61ab2f04ef6721569fd5d6ae9f034af8366fa8761b06273e538fd1475f70240110888a2a10a70c2b999bf4f5b3d3d28a8d3921de8756bafa9baab8f32ea7dac7e7eac75d9eaf46e6687e8cdecaa45fb011af4963919be3c2cae5e3a500f8ef29eece325b0906c7ab8479e1e5082571f4f0b2b4fd6619e9594e1767326c797f3b5f4e794801c566d8e6a43b6e61fae025f24ae5f22358e3257f0be2290e01e95a3d4f63e908686f48d44a4de468cc854ce75fce33973bea1c9192eae40,gx-no-cache=1741610306407 HTTP/1.1" 200 30
190.95.15.15 - - [10/Mar/2025:09:36:54 -0300] "GET /cormun/servlet/solicitudot?eab79cd5bf5cd75948628eb647ed81088861651efce29fd97f642e1d99091e13,gx-no-cache=1741610302192 HTTP/1.1" 200 45
200.126.116.145 - - [10/Mar/2025:09:36:59 -0300] "POST /cormun/servlet/solicitudot?gx-no-cache=1741610314246 HTTP/1.1" 200 30
186.172.59.165 - - [10/Mar/2025:09:36:59 -0300] "GET /cormun/servlet/trlicencias? HTTP/1.1" 200 7157
200.126.116.145 - - [10/Mar/2025:09:37:01 -0300] "POST /cormun/servlet/solicitudot?gx-no-cache=1741610316646 HTTP/1.1" 200 1479
200.126.116.145 - - [10/Mar/2025:09:37:01 -0300] "POST /cormun/servlet/solicitudot?gx-no-cache=1741610316684 HTTP/1.1" 200 38
200.126.116.145 - - [10/Mar/2025:09:37:13 -0300] "GET /cormun/servlet/solicitudot?94e08b74926ab1b3d347e20507008940da7064e790968bac106c5c30d7a5839572dbf814efcb7e5cb8119d22910633248309e974847c34179ec719535eeab08849d3878c7a21de68e9dbd95b62f1ee49ae532607d39c168b1d01706175e14d7be27e1ea2037730c058f5446c744f6982,gx-no-cache=1741610328545 HTTP/1.1" 200 110
200.126.116.145 - - [10/Mar/2025:09:37:22 -0300] "POST /cormun/servlet/solicitudot?gx-no-cache=1741610337504 HTTP/1.1" 200 97
186.172.59.165 - - [10/Mar/2025:09:37:29 -0300] "POST /cormun/servlet/trlicencias?f5ee20b5a965ba3f0ceea441a25da235,,gx-no-cache=1741610337737 HTTP/1.1" 200 4450
186.172.59.165 - - [10/Mar/2025:09:37:31 -0300] "POST /cormun/servlet/trlicencias?f5ee20b5a965ba3f0ceea441a25da235,,gx-no-cache=1741610340480 HTTP/1.1" 200 4450
200.126.116.145 - - [10/Mar/2025:09:37:37 -0300] "GET /cormun/servlet/solicitudot?94e08b74926ab1b3d347e20507008940cacb3312f103c6b169770afd5aafee751e8bbb8d1e94251260fe4fdac0d25043c0fb58bd018e91dfe6cbb750c732b8e05445e512a170a9368234fda625ac46ff325250fa49ebfba4a8dffc3911462a06e6a952b40a7931b542385532fe2500db,gx-no-cache=1741610352446 HTTP/1.1" 200 29
186.172.59.165 - - [10/Mar/2025:09:37:38 -0300] "POST /cormun/servlet/trlicencias?f5ee20b5a965ba3f0ceea441a25da235,,gx-no-cache=1741610347004 HTTP/1.1" 200 4454
200.126.116.145 - - [10/Mar/2025:09:37:41 -0300] "GET /cormun/servlet/solicitudot?94e08b74926ab1b3d347e20507008940ec9f3a8475bec0e23ea243e719a26bf915d72bfebd910061bcf3bc0491a4dbfe,gx-no-cache=1741610356078 HTTP/1.1" 200 30
186.172.59.165 - - [10/Mar/2025:09:37:50 -0300] "POST /cormun/servlet/trlicencias?f5ee20b5a965ba3f0ceea441a25da235,,gx-no-cache=1741610359041 HTTP/1.1" 200 4454
200.126.116.145 - - [10/Mar/2025:09:37:50 -0300] "POST /cormun/servlet/solicitudot?gx-no-cache=1741610365917 HTTP/1.1" 200 30
190.121.111.10 - - [10/Mar/2025:09:37:52 -0300] "GET /cormun/servlet/trsecurityuser01? HTTP/1.1" 200 12066
190.121.111.10 - - [10/Mar/2025:09:37:53 -0300] "GET /cormun/static/gxui/gxui-all.css?110300 HTTP/1.1" 200 2179
190.121.111.10 - - [10/Mar/2025:09:37:53 -0300] "GET /cormun/static/gxcfg.js?201991419585080 HTTP/1.1" 200 953
190.121.111.10 - - [10/Mar/2025:09:37:53 -0300] "GET /cormun/static/Resources/PXToolsDataSearch.png HTTP/1.1" 200 435
190.121.111.10 - - [10/Mar/2025:09:37:53 -0300] "GET /cormun/static/Resources/Spanish/PXTools.css?19172979 HTTP/1.1" 200 100853
190.121.111.10 - - [10/Mar/2025:09:37:53 -0300] "GET /cormun/static/trsecurityuser01.js?201991419585536 HTTP/1.1" 200 19557
190.121.111.10 - - [10/Mar/2025:09:37:53 -0300] "GET /cormun/static/Resources/PXToolsGridFirstDisabled.gif HTTP/1.1" 200 100
190.121.111.10 - - [10/Mar/2025:09:37:53 -0300] "GET /cormun/static/Resources/PXToolsGridPreviousDisabled.gif HTTP/1.1" 200 90
190.121.111.10 - - [10/Mar/2025:09:37:53 -0300] "GET /cormun/static/Resources/PXToolsGridNextDisabled.gif HTTP/1.1" 200 90
190.121.111.10 - - [10/Mar/2025:09:37:53 -0300] "GET /cormun/static/Resources/PXToolsGridLastDisabled.gif HTTP/1.1" 200 98
190.121.111.10 - - [10/Mar/2025:09:37:53 -0300] "GET /cormun/static/Shared/ext/resources/css/ext-all.css?205870 HTTP/1.1" 200 416045
190.121.111.10 - - [10/Mar/2025:09:37:53 -0300] "GET /cormun/static/Resources/PXToolsGridPage.gif HTTP/1.1" 200 725
190.121.111.10 - - [10/Mar/2025:09:37:53 -0300] "GET /cormun/static/Resources/PXToolsAddAllAction.png HTTP/1.1" 200 495
190.121.111.10 - - [10/Mar/2025:09:37:53 -0300] "GET /cormun/static/Resources/PXToolsActionExcel.png HTTP/1.1" 200 727
190.121.111.10 - - [10/Mar/2025:09:37:53 -0300] "GET /cormun//static/Resources/PXToolsGridDelete.png HTTP/1.1" 200 538
190.121.111.10 - - [10/Mar/2025:09:37:53 -0300] "GET /cormun//static/Resources/PXToolsGridUpdate.png HTTP/1.1" 200 470
190.121.111.10 - - [10/Mar/2025:09:37:53 -0300] "GET /cormun/static/Resources/desc.gif HTTP/1.1" 200 65
190.121.111.10 - - [10/Mar/2025:09:37:53 -0300] "GET /cormun/static/Resources/asc.gif HTTP/1.1" 200 67
190.121.111.10 - - [10/Mar/2025:09:37:53 -0300] "GET /cormun//static/Resources/PXToolsAddAllAction.png HTTP/1.1" 200 495
190.121.111.10 - - [10/Mar/2025:09:37:53 -0300] "GET /cormun//static/Resources/PXToolsHeaderPreferences.png HTTP/1.1" 200 1395
190.121.111.10 - - [10/Mar/2025:09:37:53 -0300] "GET /cormun/static/Shared/ext/resources/themes/images/default/panel/bg-headersPanel.png HTTP/1.1" 200 255
190.121.111.10 - - [10/Mar/2025:09:37:53 -0300] "GET /cormun/static/Shared/ext/resources/themes/images/default/tools/tool-sprites.gif HTTP/1.1" 200 5434
186.172.59.165 - - [10/Mar/2025:09:37:54 -0300] "GET /cormun/static/menuarrow.gif HTTP/1.1" 404 1015
186.172.59.165 - - [10/Mar/2025:09:38:01 -0300] "POST /cormun/servlet/trlicencias?f5ee20b5a965ba3f0ceea441a25da235,,gx-no-cache=1741610369726 HTTP/1.1" 200 4454
200.126.116.145 - - [10/Mar/2025:09:38:02 -0300] "POST /cormun/servlet/solicitudot?ef107961880ff04c492baa6cc3ce75b1,INS,0,0,false,,gx-no-cache=1741610377625 HTTP/1.1" 200 93
200.126.116.145 - - [10/Mar/2025:09:38:02 -0300] "GET /cormun/servlet/hpexe_return? HTTP/1.1" 200 1011
200.126.116.145 - - [10/Mar/2025:09:38:02 -0300] "GET /cormun/servlet/trsolicitudot HTTP/1.1" 200 9373
186.172.59.165 - - [10/Mar/2025:09:38:08 -0300] "POST /cormun/servlet/trlicencias?f5ee20b5a965ba3f0ceea441a25da235,,gx-no-cache=1741610377222 HTTP/1.1" 200 5696
186.172.59.165 - - [10/Mar/2025:09:38:28 -0300] "POST /cormun/servlet/trlicencias?f5ee20b5a965ba3f0ceea441a25da235,,gx-no-cache=1741610396830 HTTP/1.1" 200 5692
190.95.15.27 - - [10/Mar/2025:09:38:53 -0300] "GET /cormun/servlet/hlogin HTTP/1.1" 200 1721
190.95.15.15 - - [10/Mar/2025:09:39:00 -0300] "GET /cormun/servlet/solicitudot?eab79cd5bf5cd75948628eb647ed8108b2572df18cafe0a0831c79b159e1276da26a7422b20f01285b200ed4c51fd71940a7fcedc9a386786c4fe8ff416be470,gx-no-cache=1741610428755 HTTP/1.1" 200 30
186.172.59.165 - - [10/Mar/2025:09:39:01 -0300] "POST /cormun/servlet/trlicencias?f5ee20b5a965ba3f0ceea441a25da235,,gx-no-cache=1741610429893 HTTP/1.1" 200 5692
190.95.15.15 - - [10/Mar/2025:09:39:03 -0300] "POST /cormun/servlet/solicitudot?gx-no-cache=1741610431086 HTTP/1.1" 200 240
190.95.15.15 - - [10/Mar/2025:09:39:04 -0300] "GET /cormun/servlet/solicitudot?eab79cd5bf5cd75948628eb647ed810818461c8604d57860d8ab9037a9090f41e9ab0c0bb519deed4faafa496ace7d654831aa01f3c90b573fbd431bcce2111b89d2a7513ce41bef8ecce1ab2268c3604eed2451a0cd28f0b0871adbd4dcb14468ce5697a6b2df47190ade8d2af45b20d57683cf3e5b29bc5cd206a15529c4115fcd90bcf128e3ee7201fcec74b22fda4f0b1ea30e20c8d454fd4d263d1abf96a319d41fbeb05044bf0590deb350c0e729255eb758b75fb380d1e82378b8108ee93dc8a683383b67c622adf4f5e817fbc1a3457706f87b8387c1a25b1ddea0a0e983df0f0280e35a10612ca1b43bacac4ddaecc6611363abce154fe96ff9b3aae759046dc4b9cdc1edb4d473ce5aaeea740ce02a98d7bfb01dc3e442b8db840b613b336cedf900d72cfc00e7a1bae4e8711e03ccd141adf2027116d946e94092ab81ddacd0c75cb2463bb8dc1103395a42851d0747e31d5a99074def8a736d9f0fd0c2400d7f08324f79fa9ee593094c2fb4d8d2209abc874abe22451bf07625,gx-no-cache=1741610432881 HTTP/1.1" 200 30
186.172.59.165 - - [10/Mar/2025:09:39:07 -0300] "GET /cormun/servlet/trlicencias? HTTP/1.1" 200 8282
190.95.15.15 - - [10/Mar/2025:09:39:07 -0300] "POST /cormun/servlet/solicitudot?gx-no-cache=1741610435896 HTTP/1.1" 200 30
190.95.15.27 - - [10/Mar/2025:09:39:11 -0300] "POST /cormun/servlet/hlogin?0c9467276fd7dd83a32df0dc0286034e,gx-no-cache=1741610439303 HTTP/1.1" 200 90
190.95.15.27 - - [10/Mar/2025:09:39:11 -0300] "GET /cormun/servlet/hpexe_link HTTP/1.1" 200 951
190.95.15.27 - - [10/Mar/2025:09:39:11 -0300] "GET /cormun/servlet/hhome HTTP/1.1" 200 3902
186.172.59.165 - - [10/Mar/2025:09:39:14 -0300] "GET /cormun/servlet/hlogin HTTP/1.1" 200 1733
190.95.15.27 - - [10/Mar/2025:09:39:17 -0300] "GET /cormun/servlet/trlicencias? HTTP/1.1" 200 7954
190.95.15.15 - - [10/Mar/2025:09:40:03 -0300] "GET /cormun/servlet/prlicenciaspermisos?16792496,L,,MD,,gxPopupLevel%3D0%3B HTTP/1.1" 200 6694
190.95.15.15 - - [10/Mar/2025:09:40:07 -0300] "POST /cormun/servlet/solicitudot?gx-no-cache=1741610495075 HTTP/1.1" 200 1482
190.95.15.15 - - [10/Mar/2025:09:40:09 -0300] "POST /cormun/servlet/solicitudot?gx-no-cache=1741610497834 HTTP/1.1" 200 41
190.95.15.15 - - [10/Mar/2025:09:40:31 -0300] "GET /cormun/servlet/solicitudot?eab79cd5bf5cd75948628eb647ed810819e6f06d15278b316ed06576b801a77a9048cc3006cc647715e566cecb3b957b522a9495ace3e139968aec9396381ce91cf355873e150febd18f322dcd120d10cffa59e110484646f638fbd93fb8c040d3b118afd8887d009d66cce9f54d95f8,gx-no-cache=1741610519363 HTTP/1.1" 200 110
190.95.15.15 - - [10/Mar/2025:09:40:31 -0300] "POST /cormun/servlet/solicitudot?gx-no-cache=1741610519392 HTTP/1.1" 200 97
190.95.15.15 - - [10/Mar/2025:09:40:36 -0300] "GET /cormun/servlet/solicitudot?eab79cd5bf5cd75948628eb647ed81088c2870eca93a4c9be67fe466de491fdf3617e755624e60db37b10a1c3c0712921738e271ad5b8d62397ef1ca9ec946b6607347325a3d7a646de1c9f49e3be572b69ca78ee6c5e85536c4c155c27e3d3774213384d6cc3d95e9f4d5e91a7f65de,gx-no-cache=1741610524972 HTTP/1.1" 200 29
190.95.15.15 - - [10/Mar/2025:09:40:36 -0300] "GET /cormun/static/menuarrow.gif HTTP/1.1" 404 1015
190.95.15.15 - - [10/Mar/2025:09:40:39 -0300] "GET /cormun/servlet/solicitudot?eab79cd5bf5cd75948628eb647ed8108f16f31ce190db09b340b65646ba1c9f983db4eb0698218d1a5e5bdc204261c88,gx-no-cache=1741610527228 HTTP/1.1" 200 30
190.95.15.15 - - [10/Mar/2025:09:40:39 -0300] "POST /cormun/servlet/solicitudot?gx-no-cache=1741610527246 HTTP/1.1" 200 34
190.121.111.10 - - [10/Mar/2025:09:40:58 -0300] "GET /cormun/servlet/securityusers?INS,0, HTTP/1.1" 200 7597
190.121.111.10 - - [10/Mar/2025:09:40:59 -0300] "GET /cormun/static/gxcfg.js?202012150861 HTTP/1.1" 200 953
190.121.111.10 - - [10/Mar/2025:09:40:59 -0300] "GET /cormun/static/securityusers.js?2020121501060 HTTP/1.1" 200 21447
190.95.15.15 - - [10/Mar/2025:09:41:03 -0300] "POST /cormun/servlet/solicitudot?0345335d30f6ff9fdbc34c4aeeffa076,INS,0,0,false,,gx-no-cache=1741610550036 HTTP/1.1" 200 93
190.95.15.15 - - [10/Mar/2025:09:41:03 -0300] "GET /cormun/servlet/hpexe_return? HTTP/1.1" 200 1011
190.95.15.15 - - [10/Mar/2025:09:41:03 -0300] "GET /cormun/servlet/trsolicitudot HTTP/1.1" 200 8641
190.121.111.10 - - [10/Mar/2025:09:41:03 -0300] "POST /cormun/servlet/securityusers?0862e93379dd1d8e817f91cf5f9fb3be,INS,0,,gx-no-cache=1741610553518 HTTP/1.1" 200 93
190.121.111.10 - - [10/Mar/2025:09:41:03 -0300] "GET /cormun/servlet/hpexe_return? HTTP/1.1" 200 1008
190.121.111.10 - - [10/Mar/2025:09:41:03 -0300] "GET /cormun/static/gxcfg.js?20221129846035 HTTP/1.1" 200 953
190.121.111.10 - - [10/Mar/2025:09:41:03 -0300] "GET /cormun/static/hpexe_return.js?20221129846037 HTTP/1.1" 200 1633
190.121.111.10 - - [10/Mar/2025:09:41:03 -0300] "GET /cormun/servlet/trsecurityuser01 HTTP/1.1" 200 12069
190.95.15.15 - - [10/Mar/2025:09:41:19 -0300] "POST /cormun/servlet/trsolicitudot?0345335d30f6ff9fdbc34c4aeeffa076,gx-no-cache=1741610568047 HTTP/1.1" 200 111
190.95.15.15 - - [10/Mar/2025:09:41:20 -0300] "GET /cormun/servlet/solicitudot?UPD,2025,22024,false, HTTP/1.1" 200 16602
190.95.15.15 - - [10/Mar/2025:09:41:20 -0300] "POST /cormun/servlet/solicitudot?gx-no-cache=1741610568792 HTTP/1.1" 200 4132
190.95.15.15 - - [10/Mar/2025:09:41:20 -0300] "POST /cormun/servlet/solicitudot?0345335d30f6ff9fdbc34c4aeeffa076,UPD,2025,22024,false,,gx-no-cache=1741610568900 HTTP/1.1" 200 12809
190.95.15.15 - - [10/Mar/2025:09:41:20 -0300] "GET /cormun/servlet/solicitudot?eab79cd5bf5cd75948628eb647ed81086cfad360fcc014a1e39f95f1a0a801391340255406e052f0bc98a636f349fc29,gx-no-cache=1741610568992 HTTP/1.1" 200 30
190.95.15.15 - - [10/Mar/2025:09:41:20 -0300] "GET /cormun/servlet/solicitudot?eab79cd5bf5cd75948628eb647ed8108b2572df18cafe0a0831c79b159e1276da26a7422b20f01285b200ed4c51fd7191c50d3ba5fde12255893c93d25b19ab3,gx-no-cache=1741610569017 HTTP/1.1" 200 30
190.95.15.15 - - [10/Mar/2025:09:41:20 -0300] "GET /cormun/servlet/solicitudot?eab79cd5bf5cd75948628eb647ed8108b254b567ce620fbd50512d13787f788e7a136f9e4e148777d65075d3de3eca50,gx-no-cache=1741610569030 HTTP/1.1" 200 45
190.95.15.15 - - [10/Mar/2025:09:41:20 -0300] "POST /cormun/servlet/solicitudot?gx-no-cache=1741610569050 HTTP/1.1" 200 240
190.95.15.15 - - [10/Mar/2025:09:41:20 -0300] "GET /cormun/servlet/solicitudot?eab79cd5bf5cd75948628eb647ed810818461c8604d57860d8ab9037a9090f41e9ab0c0bb519deed4faafa496ace7d654831aa01f3c90b573fbd431bcce2111b89d2a7513ce41bef8ecce1ab2268c3604eed2451a0cd28f0b0871adbd4dcb14468ce5697a6b2df47190ade8d2af45b20d57683cf3e5b29bc5cd206a15529c4115fcd90bcf128e3ee7201fcec74b22fda4f0b1ea30e20c8d454fd4d263d1abf96a319d41fbeb05044bf0590deb350c0e729255eb758b75fb380d1e82378b8108ee93dc8a683383b67c622adf4f5e817fbc1a3457706f87b8387c1a25b1ddea0a0e983df0f0280e35a10612ca1b43bacac4ddaecc6611363abce154fe96ff9b3aae759046dc4b9cdc1edb4d473ce5aaeea740ce02a98d7bfb01dc3e442b8db840b613b336cedf900d72cfc00e7a1bae4e8711e03ccd141adf2027116d946e94092ab81ddacd0c75cb2463bb8dc1103395a42851d0747e31d5a99074def8a736d9f0fd0c2400d7f08324f79fa9ee593094c40302b977305b4283b5c3e31d3946feb,gx-no-cache=1741610569070 HTTP/1.1" 200 30
190.95.15.15 - - [10/Mar/2025:09:41:21 -0300] "POST /cormun/servlet/solicitudot?gx-no-cache=1741610569084 HTTP/1.1" 200 30
190.95.15.15 - - [10/Mar/2025:09:41:21 -0300] "POST /cormun/servlet/solicitudot?gx-no-cache=1741610569101 HTTP/1.1" 200 1482
190.95.15.15 - - [10/Mar/2025:09:41:21 -0300] "POST /cormun/servlet/solicitudot?gx-no-cache=1741610569187 HTTP/1.1" 200 41
190.95.15.15 - - [10/Mar/2025:09:41:22 -0300] "GET /cormun/servlet/solicitudot?eab79cd5bf5cd75948628eb647ed810819e6f06d15278b316ed06576b801a77a9048cc3006cc647715e566cecb3b957b522a9495ace3e139968aec9396381ce91cf355873e150febd18f322dcd120d10cffa59e110484646f638fbd93fb8c040d3b118afd8887d009d66cce9f54d95f8,gx-no-cache=1741610570461 HTTP/1.1" 200 110
190.95.15.15 - - [10/Mar/2025:09:41:22 -0300] "POST /cormun/servlet/solicitudot?gx-no-cache=1741610570477 HTTP/1.1" 200 97
190.95.15.15 - - [10/Mar/2025:09:41:23 -0300] "GET /cormun/servlet/solicitudot?eab79cd5bf5cd75948628eb647ed81084bf61f0a2d0b74fc9c804667b29c741aada8d5f908325fc4d9677d211c23471d0b95ad4ba9e7b2d7f684145803e8e84908e1229e30271a98e15aecc25a55180664503450497c6d98f185d87339041587838417675027ee66064c2fa5d252b289c37df3c9e10ed0dccb53c87d89cb5a7b205447a7016652f6a1d3db933de35e53d10c6fbf227a4b11e01cba3a343cf9f31699c1fdd9f71a6d9280035e436e5981592e6f0a54d20e8fc5e2db45f71e75e84e498c9cbb00aac4e4a949a2bdc64cbe,gx-no-cache=1741610571336 HTTP/1.1" 200 30
190.95.15.15 - - [10/Mar/2025:09:41:33 -0300] "GET /cormun/servlet/solicitudot?eab79cd5bf5cd75948628eb647ed8108f16f31ce190db09b340b65646ba1c9f983db4eb0698218d1a5e5bdc204261c88,gx-no-cache=1741610581939 HTTP/1.1" 200 30
190.95.15.15 - - [10/Mar/2025:09:41:33 -0300] "POST /cormun/servlet/solicitudot?gx-no-cache=1741610581954 HTTP/1.1" 200 34
190.95.15.15 - - [10/Mar/2025:09:41:34 -0300] "POST /cormun/servlet/solicitudot?0345335d30f6ff9fdbc34c4aeeffa076,UPD,2025,22024,false,,gx-no-cache=1741610581973 HTTP/1.1" 200 93
190.95.15.15 - - [10/Mar/2025:09:41:34 -0300] "GET /cormun/servlet/hpexe_return? HTTP/1.1" 200 1017
190.95.15.15 - - [10/Mar/2025:09:41:34 -0300] "GET /cormun/servlet/trsolicitudot HTTP/1.1" 200 8641
190.95.15.15 - - [10/Mar/2025:09:41:52 -0300] "GET /cormun/servlet/solicitudot?INS,0,0,false, HTTP/1.1" 200 15978
190.95.15.15 - - [10/Mar/2025:09:42:01 -0300] "POST /cormun/servlet/solicitudot?gx-no-cache=1741610609692 HTTP/1.1" 200 4046
190.95.15.15 - - [10/Mar/2025:09:42:01 -0300] "POST /cormun/servlet/solicitudot?0345335d30f6ff9fdbc34c4aeeffa076,INS,0,0,false,,gx-no-cache=1741610609805 HTTP/1.1" 200 12618
190.95.15.31 - - [10/Mar/2025:09:42:02 -0300] "GET /cormun/servlet/hlogin HTTP/1.1" 200 1719
190.95.15.15 - - [10/Mar/2025:09:42:04 -0300] "GET /cormun/servlet/solicitudot?eab79cd5bf5cd75948628eb647ed81086cfad360fcc014a1e39f95f1a0a801390391113616408c0da60872edb1ba6a7d,gx-no-cache=1741610612249 HTTP/1.1" 200 30
190.95.15.31 - - [10/Mar/2025:09:42:05 -0300] "GET /cormun/servlet/hlogin HTTP/1.1" 200 1729
190.95.15.31 - - [10/Mar/2025:09:42:05 -0300] "GET /favicon.ico HTTP/1.1" 200 21630
190.95.15.31 - - [10/Mar/2025:09:42:09 -0300] "POST /cormun/servlet/hlogin?9305358b0ac58caae353f13ad0c12986,gx-no-cache=1741610617381 HTTP/1.1" 200 90
190.95.15.31 - - [10/Mar/2025:09:42:09 -0300] "GET /cormun/servlet/hpexe_link HTTP/1.1" 200 948
190.95.15.31 - - [10/Mar/2025:09:42:09 -0300] "GET /cormun/servlet/hhome HTTP/1.1" 200 4352
190.95.15.31 - - [10/Mar/2025:09:42:14 -0300] "GET /cormun/servlet/trlicencias? HTTP/1.1" 200 9544
190.95.15.31 - - [10/Mar/2025:09:42:49 -0300] "POST /cormun/servlet/trlicencias?9305358b0ac58caae353f13ad0c12986,,gx-no-cache=1741610657454 HTTP/1.1" 200 18180
190.95.15.31 - - [10/Mar/2025:09:42:49 -0300] "GET /cormun/static/Resources/PXToolsGridNext.gif HTTP/1.1" 200 369
190.95.15.31 - - [10/Mar/2025:09:42:49 -0300] "GET /cormun/static/Resources/PXToolsGridLast.gif HTTP/1.1" 200 370
190.95.15.15 - - [10/Mar/2025:09:43:12 -0300] "GET /cormun/servlet/solicitudot?eab79cd5bf5cd75948628eb647ed8108b2572df18cafe0a0831c79b159e1276da26a7422b20f01285b200ed4c51fd71940a7fcedc9a386786c4fe8ff416be470,gx-no-cache=1741610680408 HTTP/1.1" 200 30
190.95.15.15 - - [10/Mar/2025:09:43:12 -0300] "GET /cormun/servlet/solicitudot?eab79cd5bf5cd75948628eb647ed81085cb59e7ea01911a30a2896ab77dda06b,gx-no-cache=1741610680432 HTTP/1.1" 200 29
190.95.15.15 - - [10/Mar/2025:09:43:13 -0300] "POST /cormun/servlet/solicitudot?gx-no-cache=1741610681924 HTTP/1.1" 200 240
190.95.15.15 - - [10/Mar/2025:09:43:15 -0300] "GET /cormun/servlet/solicitudot?eab79cd5bf5cd75948628eb647ed810818461c8604d57860d8ab9037a9090f41e9ab0c0bb519deed4faafa496ace7d654831aa01f3c90b573fbd431bcce2111b89d2a7513ce41bef8ecce1ab2268c3604eed2451a0cd28f0b0871adbd4dcb14468ce5697a6b2df47190ade8d2af45b20d57683cf3e5b29bc5cd206a15529c4115fcd90bcf128e3ee7201fcec74b22fda4f0b1ea30e20c8d454fd4d263d1abf96a319d41fbeb05044bf0590deb350c0e729255eb758b75fb380d1e82378b8108ee93dc8a683383b67c622adf4f5e817fbc1a3457706f87b8387c1a25b1ddea0a0e983df0f0280e35a10612ca1b43bacac4ddaecc6611363abce154fe96ff9b3aae759046dc4b9cdc1edb4d473ce5aaeea740ce02a98d7bfb01dc3e442b8db840b613b336cedf900d72cfc00e7a1bae4e8711e03ccd141adf2027116d946e94092ab81ddacd0c75cb2463bb8dc1103395a42851d0747e31d5a99074def8a736d9f0fd0c2400d7f08324f79fa9ee593094c2fb4d8d2209abc874abe22451bf07625,gx-no-cache=1741610683726 HTTP/1.1" 200 30
190.95.15.15 - - [10/Mar/2025:09:43:19 -0300] "POST /cormun/servlet/solicitudot?gx-no-cache=1741610687162 HTTP/1.1" 200 30
190.95.15.15 - - [10/Mar/2025:09:43:20 -0300] "GET /cormun/servlet/prsolicitudot?17137442,,,,,MD,,gxPopupLevel%3D0%3B HTTP/1.1" 200 6114
190.95.15.15 - - [10/Mar/2025:09:43:20 -0300] "GET /cormun/static/gxcfg.js?20201215593468 HTTP/1.1" 200 953
190.95.15.15 - - [10/Mar/2025:09:43:20 -0300] "GET /cormun/static/prsolicitudot.js?20201215593721 HTTP/1.1" 200 13680
190.95.15.15 - - [10/Mar/2025:09:43:31 -0300] "POST /cormun/servlet/solicitudot?gx-no-cache=1741610699776 HTTP/1.1" 200 1564
190.95.15.15 - - [10/Mar/2025:09:43:31 -0300] "GET /cormun/static/Shared/jqueryui/images/ui-bg_highlight-soft_100_c6c2c8_1x100.png HTTP/1.1" 404 1117
190.95.15.15 - - [10/Mar/2025:09:43:31 -0300] "GET /cormun/static/Shared/jqueryui/images/ui-icons_82798d_256x240.png HTTP/1.1" 404 1089
190.95.15.15 - - [10/Mar/2025:09:43:31 -0300] "GET /cormun/static/Shared/jqueryui/images/ui-bg_flat_55_994d53_40x100.png HTTP/1.1" 404 1097
190.95.15.15 - - [10/Mar/2025:09:43:31 -0300] "GET /cormun/static/Shared/jqueryui/images/ui-icons_ebccce_256x240.png HTTP/1.1" 404 1089
190.95.15.15 - - [10/Mar/2025:09:43:31 -0300] "POST /cormun/servlet/solicitudot?gx-no-cache=1741610699802 HTTP/1.1" 200 117
190.95.15.15 - - [10/Mar/2025:09:43:31 -0300] "GET /cormun/servlet/solicitudot?eab79cd5bf5cd75948628eb647ed810819e6f06d15278b316ed06576b801a77a9048cc3006cc647715e566cecb3b957b522a9495ace3e139968aec9396381ce91cf355873e150febd18f322dcd120d10cffa59e110484646f638fbd93fb8c040d3b118afd8887d009d66cce9f54d95f8,gx-no-cache=1741610699819 HTTP/1.1" 200 110
190.95.15.15 - - [10/Mar/2025:09:43:31 -0300] "POST /cormun/servlet/solicitudot?gx-no-cache=1741610699836 HTTP/1.1" 200 64
190.95.15.15 - - [10/Mar/2025:09:43:31 -0300] "GET /cormun/servlet/solicitudot?eab79cd5bf5cd75948628eb647ed81088c2870eca93a4c9be67fe466de491fdf3617e755624e60db37b10a1c3c0712921738e271ad5b8d62397ef1ca9ec946b6607347325a3d7a646de1c9f49e3be572b69ca78ee6c5e85536c4c155c27e3d3774213384d6cc3d95e9f4d5e91a7f65de,gx-no-cache=1741610699855 HTTP/1.1" 200 29
190.95.15.15 - - [10/Mar/2025:09:43:31 -0300] "GET /cormun/servlet/solicitudot?eab79cd5bf5cd75948628eb647ed810826b42017548adc5b3abcaf8ae6ee5150,gx-no-cache=1741610699870 HTTP/1.1" 200 30
190.95.15.31 - - [10/Mar/2025:09:43:34 -0300] "GET /cormun/servlet/hhome HTTP/1.1" 200 4352
190.95.15.31 - - [10/Mar/2025:09:43:38 -0300] "GET /cormun/servlet/trlicencias? HTTP/1.1" 200 20088
190.95.15.15 - - [10/Mar/2025:09:43:43 -0300] "GET /cormun/servlet/prsolicitudot?17137442,,,,,MD,,gxPopupLevel%3D0%3B HTTP/1.1" 200 6114
190.95.15.15 - - [10/Mar/2025:09:43:46 -0300] "POST /cormun/servlet/solicitudot?gx-no-cache=1741610714773 HTTP/1.1" 200 1564
190.95.15.15 - - [10/Mar/2025:09:43:46 -0300] "POST /cormun/servlet/solicitudot?gx-no-cache=1741610714798 HTTP/1.1" 200 117
190.95.15.15 - - [10/Mar/2025:09:43:46 -0300] "GET /cormun/servlet/solicitudot?eab79cd5bf5cd75948628eb647ed810819e6f06d15278b316ed06576b801a77a9048cc3006cc647715e566cecb3b957b522a9495ace3e139968aec9396381ce91cf355873e150febd18f322dcd120d10cffa59e110484646f638fbd93fb8c040d3b118afd8887d009d66cce9f54d95f8,gx-no-cache=1741610714815 HTTP/1.1" 200 110
190.95.15.15 - - [10/Mar/2025:09:43:46 -0300] "GET /cormun/servlet/solicitudot?eab79cd5bf5cd75948628eb647ed8108f16f31ce190db09b340b65646ba1c9f99d2d670a5a76b8709906d15abf8bfa58,gx-no-cache=1741610714833 HTTP/1.1" 200 30
190.95.15.31 - - [10/Mar/2025:09:44:01 -0300] "POST /cormun/servlet/trlicencias?9305358b0ac58caae353f13ad0c12986,,gx-no-cache=1741610729527 HTTP/1.1" 200 7478
200.126.116.145 - - [10/Mar/2025:09:45:09 -0300] "GET /cormun/servlet/solicitudot?INS,0,0,false, HTTP/1.1" 200 16319
190.95.15.31 - - [10/Mar/2025:09:45:10 -0300] "POST /cormun/servlet/trlicencias?9305358b0ac58caae353f13ad0c12986,,gx-no-cache=1741610798045 HTTP/1.1" 200 5692
179.57.78.55 - - [10/Mar/2025:09:45:45 -0300] "POST /cormun/servlet/trlicencias?22711a01a58face190fa082c2c2ced3b,,gx-no-cache=1741610833400 HTTP/1.1" 440 972
179.57.78.55 - - [10/Mar/2025:09:45:46 -0300] "GET /cormun/servlet/trlicencias? HTTP/1.1" 200 6042
179.57.78.55 - - [10/Mar/2025:09:45:47 -0300] "GET /cormun/servlet/hlogin HTTP/1.1" 200 1732
179.57.78.55 - - [10/Mar/2025:09:45:52 -0300] "POST /cormun/servlet/hlogin?975583bd1f85502cf3405122f8cabd24,gx-no-cache=1741610839990 HTTP/1.1" 200 90
179.57.78.55 - - [10/Mar/2025:09:45:52 -0300] "GET /cormun/servlet/hpexe_link HTTP/1.1" 200 951
179.57.78.55 - - [10/Mar/2025:09:45:52 -0300] "GET /cormun/servlet/trlicencias HTTP/1.1" 200 6727
179.57.78.55 - - [10/Mar/2025:09:45:56 -0300] "GET /cormun/static/menuarrow.gif HTTP/1.1" 404 1015
179.57.78.55 - - [10/Mar/2025:09:45:59 -0300] "POST /cormun/servlet/trlicencias?975583bd1f85502cf3405122f8cabd24,gx-no-cache=1741610847663 HTTP/1.1" 200 5765
200.126.116.145 - - [10/Mar/2025:09:47:38 -0300] "POST /cormun/servlet/solicitudot?gx-no-cache=1741610953207 HTTP/1.1" 200 4039
200.126.116.145 - - [10/Mar/2025:09:47:38 -0300] "POST /cormun/servlet/solicitudot?ef107961880ff04c492baa6cc3ce75b1,INS,0,0,false,,gx-no-cache=1741610953343 HTTP/1.1" 200 12888
200.126.116.145 - - [10/Mar/2025:09:47:41 -0300] "GET /cormun/servlet/solicitudot?94e08b74926ab1b3d347e20507008940d0097683ea3554475d38a0b5b6d48522e16f18d33c44aa3ed6dbfa0c729991b3,gx-no-cache=1741610956804 HTTP/1.1" 200 30
179.57.78.55 - - [10/Mar/2025:09:51:11 -0300] "GET /cormun/servlet/trpermisosgoce? HTTP/1.1" 200 7762
179.57.78.55 - - [10/Mar/2025:09:51:14 -0300] "GET /cormun/servlet/permisogoce?INS,0,,, HTTP/1.1" 200 6841
179.57.78.55 - - [10/Mar/2025:09:51:21 -0300] "GET /cormun/servlet/permisogoce?59eb8442d62c559515bcce8792e2b1d66d9bf47c68d0dd7d4f009fdcf96041b539ff58ba9fa6e725a469a6e77b61ea4ec0d296aa47fb8921013c652238660d62,gx-no-cache=1741611169377 HTTP/1.1" 200 78
179.57.78.55 - - [10/Mar/2025:09:51:30 -0300] "GET /cormun/servlet/permisogoce?59eb8442d62c559515bcce8792e2b1d6d3748953c703233fb4a0c76193c54c47f33cfebf61aafae2ee6604a38620e3b9d494ff13e57733827cc082fcfa496102,gx-no-cache=1741611178440 HTTP/1.1" 200 47
179.57.78.55 - - [10/Mar/2025:09:51:33 -0300] "POST /cormun/servlet/permisogoce?975583bd1f85502cf3405122f8cabd24,INS,0,,,,gx-no-cache=1741611180007 HTTP/1.1" 200 93
179.57.78.55 - - [10/Mar/2025:09:51:33 -0300] "GET /cormun/servlet/hpexe_return? HTTP/1.1" 200 1005
179.57.78.55 - - [10/Mar/2025:09:51:33 -0300] "GET /cormun/servlet/trpermisosgoce HTTP/1.1" 200 8050
179.57.78.55 - - [10/Mar/2025:09:51:48 -0300] "GET /cormun/servlet/apermisogoceprn?7798370,P,20250310095300,PU HTTP/1.1" 200 1645
190.121.111.10 - - [10/Mar/2025:09:52:44 -0300] "GET /cormun/servlet/securityusers?UPD,25, HTTP/1.1" 200 7716
190.121.111.10 - - [10/Mar/2025:09:53:01 -0300] "POST /cormun/servlet/securityusers?0862e93379dd1d8e817f91cf5f9fb3be,UPD,25,,gx-no-cache=1741611271257 HTTP/1.1" 200 93
190.121.111.10 - - [10/Mar/2025:09:53:01 -0300] "GET /cormun/servlet/hpexe_return? HTTP/1.1" 200 1009
190.121.111.10 - - [10/Mar/2025:09:53:01 -0300] "GET /cormun/servlet/trsecurityuser01 HTTP/1.1" 200 12069
190.121.111.10 - - [10/Mar/2025:09:53:03 -0300] "GET /cormun/servlet/securityusers?INS,0, HTTP/1.1" 200 7597
190.121.111.10 - - [10/Mar/2025:09:54:41 -0300] "POST /cormun/servlet/securityusers?0862e93379dd1d8e817f91cf5f9fb3be,INS,0,,gx-no-cache=1741611370748 HTTP/1.1" 200 93
190.121.111.10 - - [10/Mar/2025:09:54:41 -0300] "GET /cormun/servlet/hpexe_return? HTTP/1.1" 200 1008
190.121.111.10 - - [10/Mar/2025:09:54:41 -0300] "GET /cormun/servlet/trsecurityuser01 HTTP/1.1" 200 12069
190.121.111.10 - - [10/Mar/2025:09:55:24 -0300] "GET /cormun/servlet/hhome HTTP/1.1" 200 4629
190.121.111.10 - - [10/Mar/2025:09:55:29 -0300] "GET /cormun/servlet/hlogin HTTP/1.1" 200 1731
200.126.116.145 - - [10/Mar/2025:09:56:52 -0300] "GET /cormun/servlet/solicitudot?94e08b74926ab1b3d347e20507008940b266eab5ff11d162f1ff57754d6f1c26975f1547dc3b7cf2ea33eb53dfc2b3e1741f0bad80e2d51a12b153032def7772,gx-no-cache=1741611508011 HTTP/1.1" 200 30
200.126.116.145 - - [10/Mar/2025:09:56:55 -0300] "GET /cormun/servlet/prbanco?,MD,,gxPopupLevel%3D0%3B HTTP/1.1" 200 6738
200.126.116.145 - - [10/Mar/2025:09:57:01 -0300] "GET /cormun/servlet/solicitudot?94e08b74926ab1b3d347e20507008940a93fd907ba6446e6905c2ccb216a0742,gx-no-cache=1741611516826 HTTP/1.1" 200 53
200.126.116.145 - - [10/Mar/2025:09:57:32 -0300] "POST /cormun/servlet/solicitudot?gx-no-cache=1741611547080 HTTP/1.1" 200 255
200.126.116.145 - - [10/Mar/2025:09:57:33 -0300] "GET /cormun/servlet/solicitudot?94e08b74926ab1b3d347e20507008940400e2dc71c6c521d6effb51748eb206f90c998df48d41d579630dda41d0e95f5d195490ae156710f040e630596061a2668dc26087361e82eb63dc33f771073cf255d2cd2a169d22f021a7844a27b81b005ca826f15ec3903109eab4673e44734bd2b054ada68b408df52a22fa463933f946b1333570b4c6531bef9e30c67faa0072c9d2a7c3a35679158951fb452a195164913326c4d5005b1e46e78ffdac9a371569151354f9020739a8d7d0d3a238010c758e61ab2f04ef6721569fd5d6ae9f034af8366fa8761b06273e538fd1475f70240110888a2a10a70c2b999bf4f5b3d3d28a8d3921de8756bafa9baab8f32ea7dac7e7eac75d9eaf46e6687e8cdecaa45fb011af4963919be3c2cae5e3a500f8ef29eece325b0906c7ab8479e1e5082571f4f0b2b4fd6619e9594e1767326c797f3b5f4e794801c566d8e6a43b6e61fae025f24ae5f22358e3257f0be2290e01e95a3d4f63e908686f48d44a4de468cc854ce75fce33973bea1c9192eae40,gx-no-cache=1741611548672 HTTP/1.1" 200 30
71.6.232.22 - - [10/Mar/2025:09:57:34 -0300] "GET / HTTP/1.1" 200 11217
200.126.116.145 - - [10/Mar/2025:09:57:37 -0300] "POST /cormun/servlet/solicitudot?gx-no-cache=1741611552176 HTTP/1.1" 200 30
200.126.116.145 - - [10/Mar/2025:09:57:49 -0300] "POST /cormun/servlet/solicitudot?gx-no-cache=1741611564570 HTTP/1.1" 200 1479
200.126.116.145 - - [10/Mar/2025:09:57:49 -0300] "POST /cormun/servlet/solicitudot?gx-no-cache=1741611564610 HTTP/1.1" 200 38
201.186.225.183 - - [10/Mar/2025:09:57:56 -0300] "GET /cormun/servlet/trlicencias? HTTP/1.1" 200 6048
201.186.225.183 - - [10/Mar/2025:09:57:57 -0300] "GET /cormun/servlet/hlogin HTTP/1.1" 200 1735
201.186.225.183 - - [10/Mar/2025:09:57:57 -0300] "GET /cormun/servlet/trlicencias? HTTP/1.1" 200 6048
200.126.116.145 - - [10/Mar/2025:09:58:07 -0300] "GET /cormun/servlet/solicitudot?94e08b74926ab1b3d347e20507008940da7064e790968bac106c5c30d7a5839572dbf814efcb7e5cb8119d22910633248309e974847c34179ec719535eeab08849d3878c7a21de68e9dbd95b62f1ee49ae532607d39c168b1d01706175e14d7be27e1ea2037730c058f5446c744f6982,gx-no-cache=1741611582074 HTTP/1.1" 200 110
200.126.116.145 - - [10/Mar/2025:09:58:11 -0300] "POST /cormun/servlet/solicitudot?gx-no-cache=1741611586434 HTTP/1.1" 200 97
200.126.116.145 - - [10/Mar/2025:09:58:38 -0300] "POST /cormun/servlet/solicitudot?gx-no-cache=1741611613353 HTTP/1.1" 200 72
200.126.116.145 - - [10/Mar/2025:09:58:46 -0300] "GET /cormun/servlet/solicitudot?94e08b74926ab1b3d347e20507008940cacb3312f103c6b169770afd5aafee751e8bbb8d1e94251260fe4fdac0d25043c0fb58bd018e91dfe6cbb750c732b8e05445e512a170a9368234fda625ac46ff325250fa49ebfba4a8dffc3911462a06e6a952b40a7931b542385532fe2500db,gx-no-cache=1741611621408 HTTP/1.1" 200 29
200.126.116.145 - - [10/Mar/2025:09:58:49 -0300] "GET /cormun/servlet/solicitudot?94e08b74926ab1b3d347e20507008940ec9f3a8475bec0e23ea243e719a26bf915d72bfebd910061bcf3bc0491a4dbfe,gx-no-cache=1741611624903 HTTP/1.1" 200 30
200.126.116.145 - - [10/Mar/2025:09:59:08 -0300] "POST /cormun/servlet/solicitudot?gx-no-cache=1741611643039 HTTP/1.1" 200 33
200.126.116.145 - - [10/Mar/2025:09:59:18 -0300] "POST /cormun/servlet/solicitudot?ef107961880ff04c492baa6cc3ce75b1,INS,0,0,false,,gx-no-cache=1741611653162 HTTP/1.1" 200 93
200.126.116.145 - - [10/Mar/2025:09:59:18 -0300] "GET /cormun/servlet/hpexe_return? HTTP/1.1" 200 1011
200.126.116.145 - - [10/Mar/2025:09:59:18 -0300] "GET /cormun/servlet/trsolicitudot HTTP/1.1" 200 9709
190.95.15.17 - - [10/Mar/2025:09:59:30 -0300] "GET /cormun/servlet/hlogin HTTP/1.1" 200 1723
190.95.15.17 - - [10/Mar/2025:09:59:30 -0300] "GET /cormun/servlet/hlogin HTTP/1.1" 200 1732
190.95.15.17 - - [10/Mar/2025:09:59:34 -0300] "POST /cormun/servlet/hlogin?399b35ce30dcafb63f92038fd676a6b7,gx-no-cache=1741611662640 HTTP/1.1" 200 90
190.95.15.17 - - [10/Mar/2025:09:59:34 -0300] "GET /cormun/servlet/hpexe_link HTTP/1.1" 200 953
190.95.15.17 - - [10/Mar/2025:09:59:34 -0300] "GET /cormun/servlet/hhome HTTP/1.1" 200 4379
190.95.15.15 - - [10/Mar/2025:09:59:35 -0300] "POST /cormun/servlet/solicitudot?gx-no-cache=1741611663559 HTTP/1.1" 200 1482
190.95.15.15 - - [10/Mar/2025:09:59:35 -0300] "GET /cormun/static/menuarrow.gif HTTP/1.1" 404 1015
190.95.15.15 - - [10/Mar/2025:09:59:44 -0300] "GET /cormun/servlet/prfichaempleado?,MD,,gxPopupLevel%3D0%3B HTTP/1.1" 200 9273
190.95.15.15 - - [10/Mar/2025:09:59:44 -0300] "GET /cormun/static/gxcfg.js?20201215571085 HTTP/1.1" 200 953
190.95.15.15 - - [10/Mar/2025:09:59:44 -0300] "GET /cormun/static/prfichaempleado.js?20201215572193 HTTP/1.1" 200 16005
190.95.15.17 - - [10/Mar/2025:09:59:45 -0300] "GET /cormun/servlet/trlicencias? HTTP/1.1" 200 9275
190.95.15.15 - - [10/Mar/2025:09:59:53 -0300] "GET /cormun/servlet/prlicenciaspermisos?16792496,L,,MD,,gxPopupLevel%3D0%3B HTTP/1.1" 200 6694
190.95.15.15 - - [10/Mar/2025:10:00:01 -0300] "POST /cormun/servlet/solicitudot?gx-no-cache=1741611689916 HTTP/1.1" 200 41
190.95.15.15 - - [10/Mar/2025:10:00:24 -0300] "GET /cormun/servlet/solicitudot?eab79cd5bf5cd75948628eb647ed810819e6f06d15278b316ed06576b801a77a9048cc3006cc647715e566cecb3b957b522a9495ace3e139968aec9396381ce91cf355873e150febd18f322dcd120d10cffa59e110484646f638fbd93fb8c040d3b118afd8887d009d66cce9f54d95f8,gx-no-cache=1741611712288 HTTP/1.1" 200 110
190.95.15.15 - - [10/Mar/2025:10:00:24 -0300] "POST /cormun/servlet/solicitudot?gx-no-cache=1741611712315 HTTP/1.1" 200 97
190.95.15.15 - - [10/Mar/2025:10:00:32 -0300] "POST /cormun/servlet/solicitudot?gx-no-cache=1741611720059 HTTP/1.1" 200 32
190.95.15.15 - - [10/Mar/2025:10:00:53 -0300] "POST /cormun/servlet/solicitudot?0345335d30f6ff9fdbc34c4aeeffa076,INS,0,0,false,,gx-no-cache=1741611741521 HTTP/1.1" 200 93
190.95.15.15 - - [10/Mar/2025:10:00:53 -0300] "GET /cormun/servlet/hpexe_return? HTTP/1.1" 200 1011
190.95.15.15 - - [10/Mar/2025:10:00:54 -0300] "GET /cormun/servlet/trsolicitudot HTTP/1.1" 200 8981
190.95.15.15 - - [10/Mar/2025:10:01:04 -0300] "POST /cormun/servlet/trsolicitudot?0345335d30f6ff9fdbc34c4aeeffa076,gx-no-cache=1741611752063 HTTP/1.1" 200 111
190.95.15.15 - - [10/Mar/2025:10:01:04 -0300] "GET /cormun/servlet/solicitudot?UPD,2025,22026,false, HTTP/1.1" 200 16563
190.95.15.15 - - [10/Mar/2025:10:01:04 -0300] "POST /cormun/servlet/solicitudot?gx-no-cache=1741611752863 HTTP/1.1" 200 4118
190.95.15.15 - - [10/Mar/2025:10:01:04 -0300] "POST /cormun/servlet/solicitudot?0345335d30f6ff9fdbc34c4aeeffa076,UPD,2025,22026,false,,gx-no-cache=1741611752961 HTTP/1.1" 200 12783
190.95.15.15 - - [10/Mar/2025:10:01:04 -0300] "GET /cormun/servlet/solicitudot?eab79cd5bf5cd75948628eb647ed81086cfad360fcc014a1e39f95f1a0a801391340255406e052f0bc98a636f349fc29,gx-no-cache=1741611753051 HTTP/1.1" 200 30
190.95.15.15 - - [10/Mar/2025:10:01:05 -0300] "GET /cormun/servlet/solicitudot?eab79cd5bf5cd75948628eb647ed8108b2572df18cafe0a0831c79b159e1276da26a7422b20f01285b200ed4c51fd7191c50d3ba5fde12255893c93d25b19ab3,gx-no-cache=1741611753071 HTTP/1.1" 200 30
190.95.15.15 - - [10/Mar/2025:10:01:05 -0300] "GET /cormun/servlet/solicitudot?eab79cd5bf5cd75948628eb647ed81085cb59e7ea01911a30a2896ab77dda06b,gx-no-cache=1741611753088 HTTP/1.1" 200 29
190.95.15.15 - - [10/Mar/2025:10:01:05 -0300] "POST /cormun/servlet/solicitudot?gx-no-cache=1741611753105 HTTP/1.1" 200 239
190.95.15.15 - - [10/Mar/2025:10:01:05 -0300] "GET /cormun/servlet/solicitudot?eab79cd5bf5cd75948628eb647ed810818461c8604d57860d8ab9037a9090f41e9ab0c0bb519deed4faafa496ace7d654831aa01f3c90b573fbd431bcce2111b89d2a7513ce41bef8ecce1ab2268c3604eed2451a0cd28f0b0871adbd4dcb14468ce5697a6b2df47190ade8d2af45b20d57683cf3e5b29bc5cd206a15529c4115fcd90bcf128e3ee7201fcec74b22fda4f0b1ea30e20c8d454fd4d263d1abf96a319d41fbeb05044bf0590deb350c0e729255eb758b75fb380d1e82378b8108ee93dc8a683383b67c622adf4f5e817fbc1a3457706f87b8387c1a25b1ddea0a0e983df0f0280e35a10612ca1b43bacac4ddaecc6611363abce154fe96ff9b3aae759046dc4b9cdc1edb4d473ce5aaeea740ce02a98d7bfb01dc3e442b8db840b613b336cedf900d72cfc00e7a1bae4e8711e03ccd141adf2027116d946e94092ab81ddacd0c75cb2463bb8dc1103395a42851d0747e31d5a99074def8a736d9f0fd0c2400d7f08324f79fa9ee593094c40302b977305b4283b5c3e31d3946feb,gx-no-cache=1741611753123 HTTP/1.1" 200 30
190.95.15.15 - - [10/Mar/2025:10:01:05 -0300] "POST /cormun/servlet/solicitudot?gx-no-cache=1741611753140 HTTP/1.1" 200 30
190.95.15.15 - - [10/Mar/2025:10:01:05 -0300] "POST /cormun/servlet/solicitudot?gx-no-cache=1741611753157 HTTP/1.1" 200 1482
190.95.15.15 - - [10/Mar/2025:10:01:05 -0300] "POST /cormun/servlet/solicitudot?gx-no-cache=1741611753258 HTTP/1.1" 200 41
190.95.15.15 - - [10/Mar/2025:10:01:06 -0300] "GET /cormun/servlet/solicitudot?eab79cd5bf5cd75948628eb647ed810819e6f06d15278b316ed06576b801a77a9048cc3006cc647715e566cecb3b957b522a9495ace3e139968aec9396381ce91cf355873e150febd18f322dcd120d10cffa59e110484646f638fbd93fb8c040d3b118afd8887d009d66cce9f54d95f8,gx-no-cache=1741611754581 HTTP/1.1" 200 110
190.95.15.15 - - [10/Mar/2025:10:01:06 -0300] "POST /cormun/servlet/solicitudot?gx-no-cache=1741611754599 HTTP/1.1" 200 97
190.95.15.15 - - [10/Mar/2025:10:01:07 -0300] "GET /cormun/servlet/solicitudot?eab79cd5bf5cd75948628eb647ed81084bf61f0a2d0b74fc9c804667b29c741aada8d5f908325fc4d9677d211c23471d0b95ad4ba9e7b2d7f684145803e8e84908e1229e30271a98e15aecc25a55180664503450497c6d98f185d87339041587838417675027ee66064c2fa5d252b289c37df3c9e10ed0dccb53c87d89cb5a7b205447a7016652f6a1d3db933de35e53d10c6fbf227a4b11e01cba3a343cf9f31699c1fdd9f71a6d9280035e436e5981592e6f0a54d20e8fc5e2db45f71e75e84e498c9cbb00aac4e4a949a2bdc64cbe,gx-no-cache=1741611755503 HTTP/1.1" 200 30
190.95.15.15 - - [10/Mar/2025:10:01:15 -0300] "GET /cormun/servlet/solicitudot?eab79cd5bf5cd75948628eb647ed8108f16f31ce190db09b340b65646ba1c9f983db4eb0698218d1a5e5bdc204261c88,gx-no-cache=1741611763762 HTTP/1.1" 200 30
190.95.15.15 - - [10/Mar/2025:10:01:15 -0300] "POST /cormun/servlet/solicitudot?gx-no-cache=1741611763780 HTTP/1.1" 200 32
190.95.15.15 - - [10/Mar/2025:10:01:16 -0300] "POST /cormun/servlet/solicitudot?0345335d30f6ff9fdbc34c4aeeffa076,UPD,2025,22026,false,,gx-no-cache=1741611763835 HTTP/1.1" 200 93
190.95.15.15 - - [10/Mar/2025:10:01:16 -0300] "GET /cormun/servlet/hpexe_return? HTTP/1.1" 200 1017
190.95.15.15 - - [10/Mar/2025:10:01:16 -0300] "GET /cormun/servlet/trsolicitudot HTTP/1.1" 200 8970
190.95.15.15 - - [10/Mar/2025:10:01:42 -0300] "GET /cormun/servlet/solicitudot?INS,0,0,false, HTTP/1.1" 200 15978
190.95.15.15 - - [10/Mar/2025:10:02:13 -0300] "POST /cormun/servlet/solicitudot?gx-no-cache=1741611821745 HTTP/1.1" 200 4046
190.95.15.15 - - [10/Mar/2025:10:02:13 -0300] "POST /cormun/servlet/solicitudot?0345335d30f6ff9fdbc34c4aeeffa076,INS,0,0,false,,gx-no-cache=1741611821869 HTTP/1.1" 200 12617
190.95.15.15 - - [10/Mar/2025:10:02:19 -0300] "GET /cormun/servlet/solicitudot?eab79cd5bf5cd75948628eb647ed81086cfad360fcc014a1e39f95f1a0a801390391113616408c0da60872edb1ba6a7d,gx-no-cache=1741611827501 HTTP/1.1" 200 30
190.95.15.15 - - [10/Mar/2025:10:03:11 -0300] "GET /cormun/servlet/solicitudot?eab79cd5bf5cd75948628eb647ed8108b2572df18cafe0a0831c79b159e1276da26a7422b20f01285b200ed4c51fd71940a7fcedc9a386786c4fe8ff416be470,gx-no-cache=1741611880040 HTTP/1.1" 200 30
190.95.15.15 - - [10/Mar/2025:10:03:12 -0300] "GET /cormun/servlet/solicitudot?eab79cd5bf5cd75948628eb647ed81085cb59e7ea01911a30a2896ab77dda06b,gx-no-cache=1741611880064 HTTP/1.1" 200 29
190.95.15.15 - - [10/Mar/2025:10:03:14 -0300] "POST /cormun/servlet/solicitudot?gx-no-cache=1741611882280 HTTP/1.1" 200 240
190.95.15.15 - - [10/Mar/2025:10:03:15 -0300] "GET /cormun/servlet/solicitudot?eab79cd5bf5cd75948628eb647ed810818461c8604d57860d8ab9037a9090f41e9ab0c0bb519deed4faafa496ace7d654831aa01f3c90b573fbd431bcce2111b89d2a7513ce41bef8ecce1ab2268c3604eed2451a0cd28f0b0871adbd4dcb14468ce5697a6b2df47190ade8d2af45b20d57683cf3e5b29bc5cd206a15529c4115fcd90bcf128e3ee7201fcec74b22fda4f0b1ea30e20c8d454fd4d263d1abf96a319d41fbeb05044bf0590deb350c0e729255eb758b75fb380d1e82378b8108ee93dc8a683383b67c622adf4f5e817fbc1a3457706f87b8387c1a25b1ddea0a0e983df0f0280e35a10612ca1b43bacac4ddaecc6611363abce154fe96ff9b3aae759046dc4b9cdc1edb4d473ce5aaeea740ce02a98d7bfb01dc3e442b8db840b613b336cedf900d72cfc00e7a1bae4e8711e03ccd141adf2027116d946e94092ab81ddacd0c75cb2463bb8dc1103395a42851d0747e31d5a99074def8a736d9f0fd0c2400d7f08324f79fa9ee593094c2fb4d8d2209abc874abe22451bf07625,gx-no-cache=1741611883811 HTTP/1.1" 200 30
190.95.15.15 - - [10/Mar/2025:10:03:18 -0300] "POST /cormun/servlet/solicitudot?gx-no-cache=1741611886082 HTTP/1.1" 200 30
190.95.15.15 - - [10/Mar/2025:10:03:20 -0300] "GET /cormun/servlet/prsolicitudot?17137442,,,,,MD,,gxPopupLevel%3D0%3B HTTP/1.1" 200 6146
190.95.15.15 - - [10/Mar/2025:10:03:22 -0300] "POST /cormun/servlet/solicitudot?gx-no-cache=1741611890471 HTTP/1.1" 200 1564
190.95.15.15 - - [10/Mar/2025:10:03:22 -0300] "GET /cormun/static/Shared/jqueryui/images/ui-bg_highlight-soft_100_c6c2c8_1x100.png HTTP/1.1" 404 1117
190.95.15.15 - - [10/Mar/2025:10:03:22 -0300] "GET /cormun/static/Shared/jqueryui/images/ui-icons_82798d_256x240.png HTTP/1.1" 404 1089
190.95.15.15 - - [10/Mar/2025:10:03:22 -0300] "GET /cormun/static/Shared/jqueryui/images/ui-icons_ebccce_256x240.png HTTP/1.1" 404 1089
190.95.15.15 - - [10/Mar/2025:10:03:22 -0300] "GET /cormun/static/Shared/jqueryui/images/ui-bg_flat_55_994d53_40x100.png HTTP/1.1" 404 1097
190.95.15.15 - - [10/Mar/2025:10:03:22 -0300] "POST /cormun/servlet/solicitudot?gx-no-cache=1741611890501 HTTP/1.1" 200 117
190.95.15.15 - - [10/Mar/2025:10:03:22 -0300] "GET /cormun/servlet/solicitudot?eab79cd5bf5cd75948628eb647ed810819e6f06d15278b316ed06576b801a77a9048cc3006cc647715e566cecb3b957b522a9495ace3e139968aec9396381ce91cf355873e150febd18f322dcd120d10cffa59e110484646f638fbd93fb8c040d3b118afd8887d009d66cce9f54d95f8,gx-no-cache=1741611890519 HTTP/1.1" 200 110
190.95.15.15 - - [10/Mar/2025:10:03:22 -0300] "POST /cormun/servlet/solicitudot?gx-no-cache=1741611890538 HTTP/1.1" 200 64
190.95.15.15 - - [10/Mar/2025:10:03:22 -0300] "GET /cormun/servlet/solicitudot?eab79cd5bf5cd75948628eb647ed81088c2870eca93a4c9be67fe466de491fdf3617e755624e60db37b10a1c3c0712921738e271ad5b8d62397ef1ca9ec946b6607347325a3d7a646de1c9f49e3be572b69ca78ee6c5e85536c4c155c27e3d3774213384d6cc3d95e9f4d5e91a7f65de,gx-no-cache=1741611890576 HTTP/1.1" 200 29
190.95.15.15 - - [10/Mar/2025:10:03:22 -0300] "GET /cormun/servlet/solicitudot?eab79cd5bf5cd75948628eb647ed8108f16f31ce190db09b340b65646ba1c9f99d2d670a5a76b8709906d15abf8bfa58,gx-no-cache=1741611890591 HTTP/1.1" 200 30
190.95.15.15 - - [10/Mar/2025:10:03:35 -0300] "GET /cormun/servlet/prfichaempleado?,MD,,gxPopupLevel%3D0%3B HTTP/1.1" 200 9273
190.95.15.15 - - [10/Mar/2025:10:03:39 -0300] "GET /cormun/servlet/prlicenciaspermisos?16792496,L,,MD,,gxPopupLevel%3D0%3B HTTP/1.1" 200 6694
190.95.15.15 - - [10/Mar/2025:10:03:41 -0300] "POST /cormun/servlet/solicitudot?gx-no-cache=1741611909978 HTTP/1.1" 200 1482
190.95.15.15 - - [10/Mar/2025:10:03:44 -0300] "POST /cormun/servlet/solicitudot?gx-no-cache=1741611912997 HTTP/1.1" 200 41
190.95.15.15 - - [10/Mar/2025:10:04:01 -0300] "GET /cormun/servlet/solicitudot?eab79cd5bf5cd75948628eb647ed810819e6f06d15278b316ed06576b801a77a9048cc3006cc647715e566cecb3b957b522a9495ace3e139968aec9396381ce91cf355873e150febd18f322dcd120d10cffa59e110484646f638fbd93fb8c040d3b118afd8887d009d66cce9f54d95f8,gx-no-cache=1741611929811 HTTP/1.1" 200 110
190.95.15.15 - - [10/Mar/2025:10:04:15 -0300] "POST /cormun/servlet/solicitudot?gx-no-cache=1741611943322 HTTP/1.1" 200 72
190.95.15.15 - - [10/Mar/2025:10:04:21 -0300] "POST /cormun/servlet/solicitudot?gx-no-cache=1741611949591 HTTP/1.1" 200 32
201.186.225.187 - - [10/Mar/2025:10:04:27 -0300] "GET /cormun/servlet/trlicencias? HTTP/1.1" 200 6050
201.186.225.187 - - [10/Mar/2025:10:04:28 -0300] "GET /cormun/servlet/hlogin HTTP/1.1" 200 1739
201.186.225.187 - - [10/Mar/2025:10:04:33 -0300] "POST /cormun/servlet/hlogin?a9dd43c6321e02a01a349e37e823b224,gx-no-cache=1741615656900 HTTP/1.1" 200 90
201.186.225.187 - - [10/Mar/2025:10:04:33 -0300] "GET /cormun/servlet/hpexe_link HTTP/1.1" 200 957
201.186.225.187 - - [10/Mar/2025:10:04:34 -0300] "GET /cormun/servlet/trlicencias HTTP/1.1" 200 7911
201.186.225.187 - - [10/Mar/2025:10:04:38 -0300] "GET /cormun/servlet/trlicencias? HTTP/1.1" 200 7909
190.95.15.15 - - [10/Mar/2025:10:04:43 -0300] "POST /cormun/servlet/solicitudot?0345335d30f6ff9fdbc34c4aeeffa076,INS,0,0,false,,gx-no-cache=1741611971290 HTTP/1.1" 200 93
190.95.15.15 - - [10/Mar/2025:10:04:43 -0300] "GET /cormun/servlet/hpexe_return? HTTP/1.1" 200 1011
190.95.15.15 - - [10/Mar/2025:10:04:43 -0300] "GET /cormun/servlet/trsolicitudot HTTP/1.1" 200 9264
190.95.15.15 - - [10/Mar/2025:10:05:02 -0300] "POST /cormun/servlet/trsolicitudot?0345335d30f6ff9fdbc34c4aeeffa076,gx-no-cache=1741611990840 HTTP/1.1" 200 111
190.95.15.15 - - [10/Mar/2025:10:05:02 -0300] "GET /cormun/servlet/solicitudot?UPD,2025,22027,false, HTTP/1.1" 200 16558
190.95.15.15 - - [10/Mar/2025:10:05:03 -0300] "POST /cormun/servlet/solicitudot?gx-no-cache=1741611991634 HTTP/1.1" 200 4120
190.95.15.15 - - [10/Mar/2025:10:05:03 -0300] "POST /cormun/servlet/solicitudot?0345335d30f6ff9fdbc34c4aeeffa076,UPD,2025,22027,false,,gx-no-cache=1741611991746 HTTP/1.1" 200 12780
190.95.15.15 - - [10/Mar/2025:10:05:03 -0300] "GET /cormun/servlet/solicitudot?eab79cd5bf5cd75948628eb647ed81086cfad360fcc014a1e39f95f1a0a801391340255406e052f0bc98a636f349fc29,gx-no-cache=1741611991829 HTTP/1.1" 200 30
190.95.15.15 - - [10/Mar/2025:10:05:03 -0300] "GET /cormun/servlet/solicitudot?eab79cd5bf5cd75948628eb647ed8108b2572df18cafe0a0831c79b159e1276da26a7422b20f01285b200ed4c51fd7191c50d3ba5fde12255893c93d25b19ab3,gx-no-cache=1741611991848 HTTP/1.1" 200 30
190.95.15.15 - - [10/Mar/2025:10:05:03 -0300] "GET /cormun/servlet/solicitudot?eab79cd5bf5cd75948628eb647ed81085cb59e7ea01911a30a2896ab77dda06b,gx-no-cache=1741611991862 HTTP/1.1" 200 29
190.95.15.15 - - [10/Mar/2025:10:05:03 -0300] "POST /cormun/servlet/solicitudot?gx-no-cache=1741611991878 HTTP/1.1" 200 239
190.95.15.15 - - [10/Mar/2025:10:05:03 -0300] "GET /cormun/servlet/solicitudot?eab79cd5bf5cd75948628eb647ed810818461c8604d57860d8ab9037a9090f41e9ab0c0bb519deed4faafa496ace7d654831aa01f3c90b573fbd431bcce2111b89d2a7513ce41bef8ecce1ab2268c3604eed2451a0cd28f0b0871adbd4dcb14468ce5697a6b2df47190ade8d2af45b20d57683cf3e5b29bc5cd206a15529c4115fcd90bcf128e3ee7201fcec74b22fda4f0b1ea30e20c8d454fd4d263d1abf96a319d41fbeb05044bf0590deb350c0e729255eb758b75fb380d1e82378b8108ee93dc8a683383b67c622adf4f5e817fbc1a3457706f87b8387c1a25b1ddea0a0e983df0f0280e35a10612ca1b43bacac4ddaecc6611363abce154fe96ff9b3aae759046dc4b9cdc1edb4d473ce5aaeea740ce02a98d7bfb01dc3e442b8db840b613b336cedf900d72cfc00e7a1bae4e8711e03ccd141adf2027116d946e94092ab81ddacd0c75cb2463bb8dc1103395a42851d0747e31d5a99074def8a736d9f0fd0c2400d7f08324f79fa9ee593094c40302b977305b4283b5c3e31d3946feb,gx-no-cache=1741611991894 HTTP/1.1" 200 30
190.95.15.15 - - [10/Mar/2025:10:05:03 -0300] "POST /cormun/servlet/solicitudot?gx-no-cache=1741611991909 HTTP/1.1" 200 30
190.95.15.15 - - [10/Mar/2025:10:05:03 -0300] "POST /cormun/servlet/solicitudot?gx-no-cache=1741611991925 HTTP/1.1" 200 1482
190.95.15.15 - - [10/Mar/2025:10:05:03 -0300] "POST /cormun/servlet/solicitudot?gx-no-cache=1741611991993 HTTP/1.1" 200 41
190.95.15.15 - - [10/Mar/2025:10:05:05 -0300] "GET /cormun/servlet/solicitudot?eab79cd5bf5cd75948628eb647ed810819e6f06d15278b316ed06576b801a77a9048cc3006cc647715e566cecb3b957b522a9495ace3e139968aec9396381ce91cf355873e150febd18f322dcd120d10cffa59e110484646f638fbd93fb8c040d3b118afd8887d009d66cce9f54d95f8,gx-no-cache=1741611993208 HTTP/1.1" 200 110
190.95.15.15 - - [10/Mar/2025:10:05:05 -0300] "POST /cormun/servlet/solicitudot?gx-no-cache=1741611993228 HTTP/1.1" 200 97
190.95.15.15 - - [10/Mar/2025:10:05:05 -0300] "GET /cormun/servlet/solicitudot?eab79cd5bf5cd75948628eb647ed81084bf61f0a2d0b74fc9c804667b29c741aada8d5f908325fc4d9677d211c23471d0b95ad4ba9e7b2d7f684145803e8e84908e1229e30271a98e15aecc25a55180664503450497c6d98f185d87339041587838417675027ee66064c2fa5d252b289c37df3c9e10ed0dccb53c87d89cb5a7b205447a7016652f6a1d3db933de35e53d10c6fbf227a4b11e01cba3a343cf9f31699c1fdd9f71a6d9280035e436e5981592e6f0a54d20e8fc5e2db45f71e75e84e498c9cbb00aac4e4a949a2bdc64cbe,gx-no-cache=1741611993878 HTTP/1.1" 200 30
190.95.15.15 - - [10/Mar/2025:10:05:07 -0300] "GET /cormun/servlet/solicitudot?eab79cd5bf5cd75948628eb647ed8108f16f31ce190db09b340b65646ba1c9f983db4eb0698218d1a5e5bdc204261c88,gx-no-cache=1741611995325 HTTP/1.1" 200 30
190.95.15.15 - - [10/Mar/2025:10:05:07 -0300] "POST /cormun/servlet/solicitudot?gx-no-cache=1741611995343 HTTP/1.1" 200 32
190.95.15.15 - - [10/Mar/2025:10:05:07 -0300] "POST /cormun/servlet/solicitudot?0345335d30f6ff9fdbc34c4aeeffa076,UPD,2025,22027,false,,gx-no-cache=1741611995395 HTTP/1.1" 200 93
190.95.15.15 - - [10/Mar/2025:10:05:07 -0300] "GET /cormun/servlet/hpexe_return? HTTP/1.1" 200 1017
190.95.15.15 - - [10/Mar/2025:10:05:07 -0300] "GET /cormun/servlet/trsolicitudot HTTP/1.1" 200 9238
186.175.1.75 - - [10/Mar/2025:10:05:46 -0300] "GET /cormun/servlet/hlogin HTTP/1.1" 200 1725
186.175.1.75 - - [10/Mar/2025:10:05:46 -0300] "GET /cormun/static/Resources/Spanish/PXTools.css?1759030 HTTP/1.1" 200 100853
186.175.1.75 - - [10/Mar/2025:10:05:46 -0300] "GET /cormun/static/gxgral.js?85251 HTTP/1.1" 200 384558
