179.57.78.71 - - [06/Mar/2025:08:33:04 -0300] "POST /cormun/servlet/trautorizarsolicitud?a8f2ad90d9aafb3197945c268c2b6d58,,gx-no-cache=1741260877602 HTTP/1.1" 200 6359
179.57.78.71 - - [06/Mar/2025:08:33:05 -0300] "POST /cormun/servlet/trautorizarsolicitud?a8f2ad90d9aafb3197945c268c2b6d58,,gx-no-cache=1741260878280 HTTP/1.1" 200 6021
179.57.78.71 - - [06/Mar/2025:08:33:05 -0300] "POST /cormun/servlet/trautorizarsolicitud?a8f2ad90d9aafb3197945c268c2b6d58,,gx-no-cache=1741260878422 HTTP/1.1" 200 5966
179.57.78.71 - - [06/Mar/2025:08:33:05 -0300] "POST /cormun/servlet/trautorizarsolicitud?a8f2ad90d9aafb3197945c268c2b6d58,,gx-no-cache=1741260879096 HTTP/1.1" 200 4816
179.57.78.71 - - [06/Mar/2025:08:33:06 -0300] "POST /cormun/servlet/trautorizarsolicitud?a8f2ad90d9aafb3197945c268c2b6d58,,gx-no-cache=1741260879214 HTTP/1.1" 200 4555
179.57.78.9 - - [06/Mar/2025:08:33:38 -0300] "GET /cormun/servlet/hhome HTTP/1.1" 200 3321
179.57.78.9 - - [06/Mar/2025:08:33:38 -0300] "GET /cormun/servlet/hlogin HTTP/1.1" 200 1733
179.57.78.9 - - [06/Mar/2025:08:33:41 -0300] "POST /cormun/servlet/hlogin?ebb9c8e3e7d88652e728ffc2ccfd9a3c,gx-no-cache=1741260915200 HTTP/1.1" 200 90
179.57.78.9 - - [06/Mar/2025:08:33:41 -0300] "GET /cormun/servlet/hpexe_link HTTP/1.1" 200 950
179.57.78.9 - - [06/Mar/2025:08:33:41 -0300] "GET /cormun/servlet/hhome HTTP/1.1" 200 4341
179.57.78.9 - - [06/Mar/2025:08:34:01 -0300] "GET /cormun/servlet/trsolicitudot? HTTP/1.1" 200 7560
179.57.78.9 - - [06/Mar/2025:08:34:03 -0300] "GET /cormun/servlet/solicitudot?INS,0,0,false, HTTP/1.1" 200 16331
179.57.78.9 - - [06/Mar/2025:08:34:11 -0300] "POST /cormun/servlet/solicitudot?gx-no-cache=1741260944991 HTTP/1.1" 200 4046
179.57.78.9 - - [06/Mar/2025:08:34:11 -0300] "POST /cormun/servlet/solicitudot?ebb9c8e3e7d88652e728ffc2ccfd9a3c,INS,0,0,false,,gx-no-cache=1741260945101 HTTP/1.1" 200 12894
179.57.78.9 - - [06/Mar/2025:08:34:16 -0300] "GET /cormun/servlet/solicitudot?1be1a8398e81fb04fd2154808d9f860f9dafe78ce6dbacea703c904d505f5975cf7739a9e5cc83f35117be429865ae3d,gx-no-cache=1741260950259 HTTP/1.1" 200 30
209.141.37.95 - - [06/Mar/2025:08:35:27 -0300] "GET /manager/html HTTP/1.1" 401 2474
190.95.67.91 - - [06/Mar/2025:08:35:31 -0300] "GET /cormun/servlet/trsolicitudot? HTTP/1.1" 200 6331
190.95.67.91 - - [06/Mar/2025:08:35:31 -0300] "GET /cormun/servlet/hlogin HTTP/1.1" 200 1741
190.95.67.91 - - [06/Mar/2025:08:35:50 -0300] "POST /cormun/servlet/hlogin?19e6dc3b6e4635ce224ffaa46d23f41d,gx-no-cache=1741261043127 HTTP/1.1" 200 90
190.95.67.91 - - [06/Mar/2025:08:35:50 -0300] "GET /cormun/servlet/hpexe_link HTTP/1.1" 200 958
190.95.67.91 - - [06/Mar/2025:08:35:50 -0300] "GET /cormun/servlet/trsolicitudot HTTP/1.1" 200 7274
190.95.67.91 - - [06/Mar/2025:08:35:55 -0300] "GET /cormun/servlet/solicitudot?INS,0,0,false, HTTP/1.1" 200 16221
190.95.67.91 - - [06/Mar/2025:08:36:03 -0300] "POST /cormun/servlet/solicitudot?gx-no-cache=1741261056540 HTTP/1.1" 200 4046
190.95.67.91 - - [06/Mar/2025:08:36:03 -0300] "POST /cormun/servlet/solicitudot?19e6dc3b6e4635ce224ffaa46d23f41d,INS,0,0,false,,gx-no-cache=1741261056640 HTTP/1.1" 200 12900
190.95.67.91 - - [06/Mar/2025:08:36:06 -0300] "GET /cormun/servlet/solicitudot?2d0b9b0f77e80fc2c1d19437e5537c7e967276ac3886526494f874ae17cb36c565f559ab4db75340d7abb25928775634,gx-no-cache=1741261058891 HTTP/1.1" 200 30
179.57.78.9 - - [06/Mar/2025:08:36:17 -0300] "GET /cormun/static/Resources/resize.gif HTTP/1.1" 200 77
179.57.78.9 - - [06/Mar/2025:08:36:17 -0300] "GET /cormun/static/Resources/PXTools/ClosePrompt.png HTTP/1.1" 200 1036
179.57.78.9 - - [06/Mar/2025:08:36:17 -0300] "GET /cormun/servlet/prbanco?,MD,,gxPopupLevel%3D0%3B HTTP/1.1" 200 6759
179.57.78.9 - - [06/Mar/2025:08:36:17 -0300] "GET /cormun/static/gxcfg.js?20201216131581 HTTP/1.1" 200 953
179.57.78.9 - - [06/Mar/2025:08:36:17 -0300] "GET /cormun/static/Resources/PXToolsMenuSearch.png HTTP/1.1" 200 336
179.57.78.9 - - [06/Mar/2025:08:36:17 -0300] "GET /cormun/static/prbanco.js?20201216132311 HTTP/1.1" 200 10693
179.57.78.9 - - [06/Mar/2025:08:36:17 -0300] "GET /cormun/static/hmpwkw011.js?202211298443482 HTTP/1.1" 200 1968
179.57.78.9 - - [06/Mar/2025:08:36:17 -0300] "GET /cormun/static/Resources/PXToolsMenuSearchCancel.png HTTP/1.1" 200 306
179.57.78.9 - - [06/Mar/2025:08:36:17 -0300] "GET /cormun/static/menusearch.js?20201214473581 HTTP/1.1" 200 1424
179.57.78.9 - - [06/Mar/2025:08:36:20 -0300] "GET /cormun/servlet/solicitudot?1be1a8398e81fb04fd2154808d9f860fa7545cf33da0eaf10c81c45983a99093a5b295674afeccbbe78aebc10b7846855cdcfb59f0f49f77d10cd4109aa7d5e6,gx-no-cache=1741261074025 HTTP/1.1" 200 30
179.57.78.9 - - [06/Mar/2025:08:36:21 -0300] "GET /cormun/servlet/solicitudot?1be1a8398e81fb04fd2154808d9f860f3b7ff18f7a2c04598c66a41c190edfe8,gx-no-cache=1741261074989 HTTP/1.1" 200 53
179.57.78.9 - - [06/Mar/2025:08:36:55 -0300] "POST /cormun/servlet/solicitudot?gx-no-cache=1741261108972 HTTP/1.1" 200 297
179.57.78.9 - - [06/Mar/2025:08:36:55 -0300] "GET /cormun/servlet/solicitudot?1be1a8398e81fb04fd2154808d9f860f49fc05533fc2d6b477b8bebd188d16d31ead48392ba9f63e4afd8915876454cd18af83a04de970d4349f6f13f8c50801a3e79df1ac730f96fbae807bcea505f18ed6cab097c24d9f2481dfa2eb2d7350be2ab021c933a6fbb6dab8290e8ace3a8f1bf7aaffd6cf008a36b7eedd61335cbf4fd81d1bb749569cd7b06bc47a1f99eb95f0b4ee2a3e60c4d8dacfd236f68be18e7c57f2a94b9b107f4969b94c802ebe1bc32be3d72e5235cd0b09f8694fc30aaf6796d985593966cdea2a9714119e7a56ce87167d6c8300e6baae3c0346b294798ee0b48a22221e13f39d3d5bee728208ee6e8db466f18def11619ae099b4b0fc0f3c994fa9b338f4e61e370c2dfa2b3ecd6228b985f9284d9e7dbc34c86841de019aea38afe2f0ab3cd1ab323ff665722b8b5e5f6d885972c34fc17cbd42f86dda59bce25d1016e8c954f123e31a99e417b15e657de8e346d9afc150ca2b97aabea7d86c14a627c2a668ec84b1f848d509b8d171617529f65120368962a793eb6672d0e29d0647d8d954764d7614,gx-no-cache=1741261109032 HTTP/1.1" 200 30
179.57.78.9 - - [06/Mar/2025:08:36:59 -0300] "POST /cormun/servlet/solicitudot?gx-no-cache=1741261112991 HTTP/1.1" 200 30
179.57.78.9 - - [06/Mar/2025:08:37:01 -0300] "POST /cormun/servlet/solicitudot?gx-no-cache=1741261115220 HTTP/1.1" 200 1479
179.57.78.9 - - [06/Mar/2025:08:37:01 -0300] "POST /cormun/servlet/solicitudot?gx-no-cache=1741261115257 HTTP/1.1" 200 38
190.95.67.95 - - [06/Mar/2025:08:37:15 -0300] "POST /cormun/servlet/solicitudot?a4141885d3b6918435eef905715dfb9d,INS,0,0,false,,gx-no-cache=1741261119887 HTTP/1.1" 200 12944
190.95.67.95 - - [06/Mar/2025:08:37:15 -0300] "GET /cormun/static/Shared/jqueryui/images/ui-bg_highlight-soft_100_c6c2c8_1x100.png HTTP/1.1" 404 1117
190.95.67.95 - - [06/Mar/2025:08:37:15 -0300] "GET /cormun/static/Shared/jqueryui/images/ui-icons_82798d_256x240.png HTTP/1.1" 404 1089
190.95.67.95 - - [06/Mar/2025:08:37:15 -0300] "GET /cormun/static/Shared/jqueryui/images/ui-icons_ebccce_256x240.png HTTP/1.1" 404 1089
190.95.67.95 - - [06/Mar/2025:08:37:15 -0300] "GET /cormun/static/Shared/jqueryui/images/ui-bg_flat_55_994d53_40x100.png HTTP/1.1" 404 1097
179.57.78.9 - - [06/Mar/2025:08:37:19 -0300] "GET /cormun/servlet/solicitudot?1be1a8398e81fb04fd2154808d9f860f44b301a0dd3d1a9cd82d0a25e6abdb053711be7950884ccfbc66954bba6188f07a1ee02646e6e13707b9ad4a6cf3366fb1581f730b52487d876f6a552779c6f87c9c55400362dca0ce50c676afce207b87b3e2a1d63475a1dd28bf953429e8f8,gx-no-cache=1741261133585 HTTP/1.1" 200 110
179.57.78.9 - - [06/Mar/2025:08:37:19 -0300] "POST /cormun/servlet/solicitudot?gx-no-cache=1741261133607 HTTP/1.1" 200 110
179.57.78.9 - - [06/Mar/2025:08:37:27 -0300] "GET /cormun/servlet/solicitudot?1be1a8398e81fb04fd2154808d9f860f54413524573aab31db3614bc998f952d12d38bacec5b93d18688cb474f8e600749b1bcf42ec51b6220ead3b464daf521d3106e881e18ab258d2f7dd10738158258c0a6e7032bba6c6dadf053aa28215e5adf5a0c9ed39836617dfb9a7f934c34,gx-no-cache=1741261141287 HTTP/1.1" 200 29
179.57.78.9 - - [06/Mar/2025:08:37:27 -0300] "GET /cormun/static/menuarrow.gif HTTP/1.1" 404 1015
190.95.67.91 - - [06/Mar/2025:08:37:28 -0300] "GET /cormun/servlet/solicitudot?2d0b9b0f77e80fc2c1d19437e5537c7e9ec318b64c17516bcd85ee34b50940275fa55a665da4bc028d21c9262f5f68eb397db464805480b8f898f9cbd89899cb,gx-no-cache=1741261141375 HTTP/1.1" 200 30
179.57.78.9 - - [06/Mar/2025:08:37:30 -0300] "GET /cormun/servlet/solicitudot?1be1a8398e81fb04fd2154808d9f860f711d88d5a18ae621594985e5994918f0b00723036091a92246f056f7f03e7c96,gx-no-cache=1741261144118 HTTP/1.1" 200 30
190.95.67.91 - - [06/Mar/2025:08:37:30 -0300] "GET /cormun/servlet/solicitudot?2d0b9b0f77e80fc2c1d19437e5537c7edf09d27992846b00435eb94ee4d53b4e,gx-no-cache=1741261143330 HTTP/1.1" 200 53
179.57.78.9 - - [06/Mar/2025:08:37:43 -0300] "POST /cormun/servlet/solicitudot?gx-no-cache=1741261157466 HTTP/1.1" 200 30
179.57.78.9 - - [06/Mar/2025:08:37:54 -0300] "POST /cormun/servlet/solicitudot?ebb9c8e3e7d88652e728ffc2ccfd9a3c,INS,0,0,false,,gx-no-cache=1741261166929 HTTP/1.1" 200 93
179.57.78.9 - - [06/Mar/2025:08:37:54 -0300] "GET /cormun/servlet/hpexe_return? HTTP/1.1" 200 1007
179.57.78.9 - - [06/Mar/2025:08:37:54 -0300] "GET /cormun/servlet/trsolicitudot HTTP/1.1" 200 8947
179.57.78.9 - - [06/Mar/2025:08:37:54 -0300] "GET /cormun//static/Resources/PXToolsGridUpdate.png HTTP/1.1" 200 470
179.57.78.9 - - [06/Mar/2025:08:37:54 -0300] "GET /cormun//static/Resources/PXToolsActionView.png HTTP/1.1" 200 398
179.57.78.9 - - [06/Mar/2025:08:37:54 -0300] "GET /cormun//static/Resources/PXToolsGridDelete.png HTTP/1.1" 200 538
179.57.78.9 - - [06/Mar/2025:08:37:54 -0300] "GET /cormun//static/Resources/PXToolsRemoveAllAction.png HTTP/1.1" 200 487
179.57.78.9 - - [06/Mar/2025:08:37:54 -0300] "GET /cormun//static/Resources/PXTools/ActionInsert.png HTTP/1.1" 200 1482
179.57.78.9 - - [06/Mar/2025:08:37:57 -0300] "GET /cormun/servlet/vesolicitudot?2025,21970,, HTTP/1.1" 200 8670
179.57.78.9 - - [06/Mar/2025:08:37:57 -0300] "GET /cormun/static/gxcfg.js?202211298465857 HTTP/1.1" 200 953
179.57.78.9 - - [06/Mar/2025:08:37:57 -0300] "GET /cormun/pexe_scrolldiv.js HTTP/1.1" 404 1009
179.57.78.9 - - [06/Mar/2025:08:37:57 -0300] "GET /cormun/static/Resources/PXToolsTabFirstSelected.png HTTP/1.1" 200 1270
179.57.78.9 - - [06/Mar/2025:08:37:57 -0300] "GET /cormun/static/vesolicitudot.js?202211298465886 HTTP/1.1" 200 6091
179.57.78.9 - - [06/Mar/2025:08:37:57 -0300] "GET /cormun/static/hpexe_tabsview.js?2020121447381 HTTP/1.1" 200 1661
179.57.78.9 - - [06/Mar/2025:08:37:57 -0300] "GET /cormun/static/Resources/PXToolsTabLastUnselected.png HTTP/1.1" 200 1297
179.57.78.9 - - [06/Mar/2025:08:37:57 -0300] "GET /cormun/static/hwcviewtabs.js?201991422154026 HTTP/1.1" 200 1074
179.57.78.9 - - [06/Mar/2025:08:37:57 -0300] "GET /cormun/static/tbsolicitudot01.js?20201214462316 HTTP/1.1" 200 30566
179.57.78.9 - - [06/Mar/2025:08:37:57 -0300] "GET /cormun/static/Resources/PXToolsTabPrevious.gif HTTP/1.1" 200 172
179.57.78.9 - - [06/Mar/2025:08:37:57 -0300] "GET /cormun/static/Resources/PXToolsTabNext.gif HTTP/1.1" 200 168
179.57.78.9 - - [06/Mar/2025:08:37:57 -0300] "GET /cormun/static/calendar-system.css HTTP/1.1" 200 5572
179.57.78.9 - - [06/Mar/2025:08:37:57 -0300] "GET /cormun/static/Resources/PXToolsTabBackUnselected.png HTTP/1.1" 200 1175
179.57.78.9 - - [06/Mar/2025:08:37:57 -0300] "GET /cormun/static/Resources/PXToolsTabBackSelected.png HTTP/1.1" 200 1157
179.57.78.9 - - [06/Mar/2025:08:37:57 -0300] "GET /cormun/static/Resources/PXToolsTabSelectedUnselected.png HTTP/1.1" 200 1451
179.57.78.9 - - [06/Mar/2025:08:37:57 -0300] "GET /cormun/static/Resources/PXToolsTabUnselectedUnselected.png HTTP/1.1" 200 1470
190.95.67.91 - - [06/Mar/2025:08:38:01 -0300] "POST /cormun/servlet/solicitudot?gx-no-cache=1741261173854 HTTP/1.1" 200 240
190.95.67.91 - - [06/Mar/2025:08:38:02 -0300] "GET /cormun/servlet/solicitudot?2d0b9b0f77e80fc2c1d19437e5537c7e6ba634a5990cbd31bcd9735a9ea68f4fc51957eab2518e92c17f40cb61b627aadc4626cc847ba64374301af58f189aeeeb8a4fce2adab8b8c1b3d9f912f8472e0000d561934972b9fd0ec3570171df95f623c16ca0e6158d410d9664af5b4d009a8e86ba0a28b5bc06925b880538d3f55a4d1955a41c2751ec7e6cc922c9c1c3a2bfdc9053b049dcf09d055218112bbd1a66897562c5475deff5e55f529391d7f607232dfeb28944b36e30029bf359f932be573e05026a5750c0dccccf19d2a6d98fc4ab596f4f0c9f1d08bf233e95de2ccc589461d715601bbca86c3de0e41fede95b4dc8bc87480745266268e43e93c4f35fb3877964ff2fd745b619eb6e35fced7e9dd08daf28475a0587ab1563a48ac0db5efe0348b7ea3ef636ff57a44bc9a738faf831723a92b8ca1cac1a7bfda855de7aa69d172f0e1c057ed1d21cdad96e1d275addd5aec2b72e6467a7f0ce8570b6d843fe2f5725fc2055e2fa634a8146acd4458a31ef477bfb5cc3069aeb,gx-no-cache=1741261175599 HTTP/1.1" 200 30
190.95.67.91 - - [06/Mar/2025:08:38:04 -0300] "POST /cormun/servlet/solicitudot?gx-no-cache=1741261177342 HTTP/1.1" 200 30
190.95.67.95 - - [06/Mar/2025:08:38:06 -0300] "GET /cormun/servlet/solicitudot?707cdb36320696f0abbe5650a46f80565d01f118fee4c3418186efee1616abdcdce2d92ffbaf38c4601745ed0f7457e9dd6eb7114add0fe8b77ea6c4579e3d90,gx-no-cache=1741261178859 HTTP/1.1" 200 30
190.95.67.95 - - [06/Mar/2025:08:38:06 -0300] "GET /cormun/servlet/solicitudot?707cdb36320696f0abbe5650a46f8056bef70447af14b1c3bb97ca62d8c103b8,gx-no-cache=1741261178900 HTTP/1.1" 200 29
190.95.67.91 - - [06/Mar/2025:08:38:06 -0300] "POST /cormun/servlet/solicitudot?gx-no-cache=1741261179588 HTTP/1.1" 200 1481
190.95.67.91 - - [06/Mar/2025:08:38:06 -0300] "POST /cormun/servlet/solicitudot?gx-no-cache=1741261179614 HTTP/1.1" 200 38
190.95.67.95 - - [06/Mar/2025:08:38:10 -0300] "POST /cormun/servlet/solicitudot?gx-no-cache=1741261182813 HTTP/1.1" 200 255
190.95.67.95 - - [06/Mar/2025:08:38:12 -0300] "GET /cormun/servlet/solicitudot?707cdb36320696f0abbe5650a46f8056db4733a89f289bc02c8ebcaab68f55523dbac102a7f3b48b1f1dc2cb5c6c3b101cffd147d30df063c079fbabe8563a2404655957f1b04ff4cc845e0a3929b5f99bb3ad41af916937e3a3286ee864452879ac6c8ce8d0a8ac85138c1df5a67f6540b1d83c3b7aab2392692f6b3b706ece76624191ceb81cddfbaef68aff9f16ed6f7c191f7285b94c2616cbc8e6190849ffb1a83f04211e0d5608c385b2bdb52744d63b8b27cefcea5a8252f870a136b6658916afacdd86a90293b44e5c81af2435ec53a8306c2cf6872c1b84d51e452f68a56cfd67d5cfb8744edad21df98598faf50632ecb54c68f1f88f2209feb1af796d4786e6f59de064b2643c32f6eedf070a60ff874743a40fccab5954627e18faa5429e1ca4904bd06de4dfb042ae8be645f972515c2a731b75cfee4b4fffe05a7bee5b7d1ca666220cd22b988599375a1944d27566a50e212a46533d7f2b233d9938c3116a5d1cd36f01befebc6988c1fc15d0115ebfb536ad81fbca1e83ca,gx-no-cache=1741261185446 HTTP/1.1" 200 30
190.95.67.95 - - [06/Mar/2025:08:38:16 -0300] "POST /cormun/servlet/solicitudot?gx-no-cache=1741261189453 HTTP/1.1" 200 30
190.95.67.95 - - [06/Mar/2025:08:38:18 -0300] "POST /cormun/servlet/solicitudot?gx-no-cache=1741261190940 HTTP/1.1" 200 1479
190.95.67.95 - - [06/Mar/2025:08:38:18 -0300] "POST /cormun/servlet/solicitudot?gx-no-cache=1741261190991 HTTP/1.1" 200 38
190.95.67.91 - - [06/Mar/2025:08:38:35 -0300] "GET /cormun/servlet/solicitudot?2d0b9b0f77e80fc2c1d19437e5537c7e77db0c858cc2fa2b675eaa34ba7ee1ee2b0afbf10aafe3f23eb3a7c79367ab519a45ee70e2d483ad36b79e60ec2f8244cb8caa4f92c6198ed423bdf22796f5a90e0d16e8907ef0e7ae8977a0f406b8ff85eebc1ba82333058a3184228289b347,gx-no-cache=1741261208258 HTTP/1.1" 200 110
179.57.78.9 - - [06/Mar/2025:08:38:38 -0300] "POST /cormun/servlet/vesolicitudot?ebb9c8e3e7d88652e728ffc2ccfd9a3c,2025,21970,,,gx-no-cache=1741261212330 HTTP/1.1" 200 93
179.57.78.9 - - [06/Mar/2025:08:38:38 -0300] "GET /cormun/servlet/hpexe_return? HTTP/1.1" 200 1011
179.57.78.9 - - [06/Mar/2025:08:38:38 -0300] "GET /cormun/servlet/trsolicitudot HTTP/1.1" 200 8947
190.95.67.91 - - [06/Mar/2025:08:38:39 -0300] "POST /cormun/servlet/solicitudot?gx-no-cache=1741261211907 HTTP/1.1" 200 97
179.57.78.9 - - [06/Mar/2025:08:38:41 -0300] "POST /cormun/servlet/trsolicitudot?ebb9c8e3e7d88652e728ffc2ccfd9a3c,gx-no-cache=1741261215274 HTTP/1.1" 200 107
179.57.78.9 - - [06/Mar/2025:08:38:41 -0300] "GET /cormun/servlet/trsolicitudadjuntos?2025,21970, HTTP/1.1" 200 6450
179.57.78.9 - - [06/Mar/2025:08:38:41 -0300] "GET /cormun/static/Resources/PXToolsGridNew.png HTTP/1.1" 200 427
179.57.78.9 - - [06/Mar/2025:08:38:41 -0300] "GET /cormun/static/gxcfg.js?20201215574222 HTTP/1.1" 200 953
179.57.78.9 - - [06/Mar/2025:08:38:41 -0300] "GET /cormun/static/trsolicitudadjuntos.js?20201215574932 HTTP/1.1" 200 17921
190.95.67.91 - - [06/Mar/2025:08:38:43 -0300] "GET /cormun/servlet/solicitudot?2d0b9b0f77e80fc2c1d19437e5537c7e602d62cc04f59e32c1c0db7d643b18542914962dc753de716be973fa6b8871fe0e4cf97d3fc7736c9b0e3195de8e13af990e44ff6445acae214cfd3499ae07af7c6603436272c87550275a30b197d5d4b8140508eaf8e29d6fd1f1cb99e3faca,gx-no-cache=1741261216798 HTTP/1.1" 200 29
190.95.67.91 - - [06/Mar/2025:08:38:43 -0300] "GET /cormun/static/menuarrow.gif HTTP/1.1" 404 1015
179.57.78.9 - - [06/Mar/2025:08:38:44 -0300] "GET /cormun/servlet/solicitudotadjuntos?INS,2025,21970,,1, HTTP/1.1" 200 6391
179.57.78.9 - - [06/Mar/2025:08:38:44 -0300] "GET /cormun/static/solicitudotadjuntos.js?202211298385196 HTTP/1.1" 200 11771
179.57.78.9 - - [06/Mar/2025:08:38:44 -0300] "GET /cormun/static/gxcfg.js?202211298385187 HTTP/1.1" 200 953
179.57.78.9 - - [06/Mar/2025:08:38:44 -0300] "GET /cormun/static/about:blank HTTP/1.1" 404 1011
179.57.78.9 - - [06/Mar/2025:08:38:45 -0300] "GET /cormun/servlet/solicitudotadjuntos?1be1a8398e81fb04fd2154808d9f860fa01bca1754a27bfdd8b7947544d2ab2d42ec127e7379325bbae720f758b90219,gx-no-cache=1741261218916 HTTP/1.1" 200 30
179.57.78.9 - - [06/Mar/2025:08:38:45 -0300] "POST /cormun/servlet/solicitudotadjuntos?ebb9c8e3e7d88652e728ffc2ccfd9a3c,INS,2025,21970,,1,,gx-no-cache=1741261218936 HTTP/1.1" 200 4150
190.95.67.91 - - [06/Mar/2025:08:38:45 -0300] "GET /cormun/servlet/solicitudot?2d0b9b0f77e80fc2c1d19437e5537c7e4344ff4f46acab7f74d6dd9605f263cba7222d54cac00920f99eb4bf9055a4a4,gx-no-cache=1741261218470 HTTP/1.1" 200 30
179.57.78.9 - - [06/Mar/2025:08:38:47 -0300] "POST /cormun/servlet/solicitudotadjuntos?gx-no-cache=1741261221177 HTTP/1.1" 200 26
179.57.78.9 - - [06/Mar/2025:08:38:54 -0300] "GET /cormun/servlet/solicitudotadjuntos?1be1a8398e81fb04fd2154808d9f860f0980501d20925c8301842d3b56adfdc9,gx-no-cache=1741261228279 HTTP/1.1" 200 30
179.57.78.9 - - [06/Mar/2025:08:38:54 -0300] "GET /cormun/servlet/solicitudotadjuntos?1be1a8398e81fb04fd2154808d9f860f0980501d20925c8301842d3b56adfdc9,gx-no-cache=1741261228291 HTTP/1.1" 200 30
179.57.78.9 - - [06/Mar/2025:08:38:54 -0300] "POST /cormun/servlet/solicitudotadjuntos?ebb9c8e3e7d88652e728ffc2ccfd9a3c,INS,2025,21970,,1, HTTP/1.1" 200 116
179.57.78.9 - - [06/Mar/2025:08:38:55 -0300] "GET /cormun/servlet/hpexe_return? HTTP/1.1" 200 1026
179.57.78.9 - - [06/Mar/2025:08:38:55 -0300] "GET /cormun/servlet/trsolicitudadjuntos?2025,21970, HTTP/1.1" 200 9465
190.95.67.91 - - [06/Mar/2025:08:38:56 -0300] "POST /cormun/servlet/solicitudot?gx-no-cache=1741261229450 HTTP/1.1" 200 30
179.57.78.9 - - [06/Mar/2025:08:38:56 -0300] "GET /cormun/servlet/solicitudotadjuntos?INS,2025,21970,,1, HTTP/1.1" 200 6391
179.57.78.9 - - [06/Mar/2025:08:38:56 -0300] "GET /cormun/static/about:blank HTTP/1.1" 404 1011
179.57.78.9 - - [06/Mar/2025:08:38:57 -0300] "GET /cormun/servlet/solicitudotadjuntos?1be1a8398e81fb04fd2154808d9f860fa01bca1754a27bfdd8b7947544d2ab2d42ec127e7379325bbae720f758b90219,gx-no-cache=1741261231169 HTTP/1.1" 200 30
179.57.78.9 - - [06/Mar/2025:08:38:57 -0300] "POST /cormun/servlet/solicitudotadjuntos?ebb9c8e3e7d88652e728ffc2ccfd9a3c,INS,2025,21970,,1,,gx-no-cache=1741261231184 HTTP/1.1" 200 4150
179.57.78.9 - - [06/Mar/2025:08:38:59 -0300] "POST /cormun/servlet/solicitudotadjuntos?gx-no-cache=1741261233559 HTTP/1.1" 200 26
179.57.78.9 - - [06/Mar/2025:08:39:04 -0300] "GET /cormun/servlet/solicitudotadjuntos?1be1a8398e81fb04fd2154808d9f860f0980501d20925c8301842d3b56adfdc9,gx-no-cache=1741261238574 HTTP/1.1" 200 30
179.57.78.9 - - [06/Mar/2025:08:39:04 -0300] "GET /cormun/servlet/solicitudotadjuntos?1be1a8398e81fb04fd2154808d9f860f0980501d20925c8301842d3b56adfdc9,gx-no-cache=1741261238587 HTTP/1.1" 200 30
179.57.78.9 - - [06/Mar/2025:08:39:04 -0300] "POST /cormun/servlet/solicitudotadjuntos?ebb9c8e3e7d88652e728ffc2ccfd9a3c,INS,2025,21970,,1, HTTP/1.1" 200 116
179.57.78.9 - - [06/Mar/2025:08:39:04 -0300] "GET /cormun/servlet/hpexe_return? HTTP/1.1" 200 1026
179.57.78.9 - - [06/Mar/2025:08:39:05 -0300] "GET /cormun/servlet/trsolicitudadjuntos?2025,21970, HTTP/1.1" 200 9695
179.57.78.9 - - [06/Mar/2025:08:39:06 -0300] "GET /cormun/servlet/solicitudotadjuntos?INS,2025,21970,,1, HTTP/1.1" 200 6392
179.57.78.9 - - [06/Mar/2025:08:39:06 -0300] "GET /cormun/static/about:blank HTTP/1.1" 404 1011
179.57.78.9 - - [06/Mar/2025:08:39:07 -0300] "GET /cormun/servlet/solicitudotadjuntos?1be1a8398e81fb04fd2154808d9f860fa01bca1754a27bfdd8b7947544d2ab2d42ec127e7379325bbae720f758b90219,gx-no-cache=1741261241281 HTTP/1.1" 200 30
179.57.78.9 - - [06/Mar/2025:08:39:07 -0300] "POST /cormun/servlet/solicitudotadjuntos?ebb9c8e3e7d88652e728ffc2ccfd9a3c,INS,2025,21970,,1,,gx-no-cache=1741261241294 HTTP/1.1" 200 4149
179.57.78.9 - - [06/Mar/2025:08:39:09 -0300] "POST /cormun/servlet/solicitudotadjuntos?gx-no-cache=1741261243518 HTTP/1.1" 200 26
190.95.67.91 - - [06/Mar/2025:08:39:12 -0300] "POST /cormun/servlet/solicitudot?19e6dc3b6e4635ce224ffaa46d23f41d,INS,0,0,false,,gx-no-cache=1741261245359 HTTP/1.1" 200 93
190.95.67.91 - - [06/Mar/2025:08:39:12 -0300] "GET /cormun/servlet/hpexe_return? HTTP/1.1" 200 1010
190.95.67.91 - - [06/Mar/2025:08:39:12 -0300] "GET /cormun/servlet/trsolicitudot HTTP/1.1" 200 8771
179.57.78.9 - - [06/Mar/2025:08:39:14 -0300] "GET /cormun/servlet/solicitudotadjuntos?1be1a8398e81fb04fd2154808d9f860f0980501d20925c8301842d3b56adfdc9,gx-no-cache=1741261248574 HTTP/1.1" 200 30
179.57.78.9 - - [06/Mar/2025:08:39:14 -0300] "GET /cormun/servlet/solicitudotadjuntos?1be1a8398e81fb04fd2154808d9f860f0980501d20925c8301842d3b56adfdc9,gx-no-cache=1741261248585 HTTP/1.1" 200 30
179.57.78.9 - - [06/Mar/2025:08:39:14 -0300] "POST /cormun/servlet/solicitudotadjuntos?ebb9c8e3e7d88652e728ffc2ccfd9a3c,INS,2025,21970,,1, HTTP/1.1" 200 116
179.57.78.9 - - [06/Mar/2025:08:39:14 -0300] "GET /cormun/servlet/hpexe_return? HTTP/1.1" 200 1026
179.57.78.9 - - [06/Mar/2025:08:39:14 -0300] "GET /cormun/servlet/trsolicitudadjuntos?2025,21970, HTTP/1.1" 200 9951
179.57.78.9 - - [06/Mar/2025:08:39:16 -0300] "GET /cormun/servlet/solicitudotadjuntos?INS,2025,21970,,1, HTTP/1.1" 200 6392
179.57.78.9 - - [06/Mar/2025:08:39:17 -0300] "GET /cormun/static/about:blank HTTP/1.1" 404 1011
179.57.78.9 - - [06/Mar/2025:08:39:17 -0300] "GET /cormun/servlet/solicitudotadjuntos?1be1a8398e81fb04fd2154808d9f860fa01bca1754a27bfdd8b7947544d2ab2d42ec127e7379325bbae720f758b90219,gx-no-cache=1741261251425 HTTP/1.1" 200 30
179.57.78.9 - - [06/Mar/2025:08:39:17 -0300] "POST /cormun/servlet/solicitudotadjuntos?ebb9c8e3e7d88652e728ffc2ccfd9a3c,INS,2025,21970,,1,,gx-no-cache=1741261251439 HTTP/1.1" 200 4149
179.57.78.9 - - [06/Mar/2025:08:39:20 -0300] "POST /cormun/servlet/solicitudotadjuntos?gx-no-cache=1741261254079 HTTP/1.1" 200 26
179.57.78.9 - - [06/Mar/2025:08:39:25 -0300] "GET /cormun/servlet/solicitudotadjuntos?1be1a8398e81fb04fd2154808d9f860f0980501d20925c8301842d3b56adfdc9,gx-no-cache=1741261259214 HTTP/1.1" 200 30
179.57.78.9 - - [06/Mar/2025:08:39:25 -0300] "GET /cormun/servlet/solicitudotadjuntos?1be1a8398e81fb04fd2154808d9f860f0980501d20925c8301842d3b56adfdc9,gx-no-cache=1741261259226 HTTP/1.1" 200 30
179.57.78.9 - - [06/Mar/2025:08:39:25 -0300] "POST /cormun/servlet/solicitudotadjuntos?ebb9c8e3e7d88652e728ffc2ccfd9a3c,INS,2025,21970,,1, HTTP/1.1" 200 116
179.57.78.9 - - [06/Mar/2025:08:39:25 -0300] "GET /cormun/servlet/hpexe_return? HTTP/1.1" 200 1026
179.57.78.9 - - [06/Mar/2025:08:39:25 -0300] "GET /cormun/servlet/trsolicitudadjuntos?2025,21970, HTTP/1.1" 200 10182
179.57.78.9 - - [06/Mar/2025:08:39:27 -0300] "GET /cormun/servlet/solicitudotadjuntos?INS,2025,21970,,1, HTTP/1.1" 200 6392
179.57.78.9 - - [06/Mar/2025:08:39:27 -0300] "GET /cormun/static/about:blank HTTP/1.1" 404 1011
179.57.78.9 - - [06/Mar/2025:08:39:27 -0300] "GET /cormun/servlet/solicitudotadjuntos?1be1a8398e81fb04fd2154808d9f860fa01bca1754a27bfdd8b7947544d2ab2d42ec127e7379325bbae720f758b90219,gx-no-cache=1741261261858 HTTP/1.1" 200 30
179.57.78.9 - - [06/Mar/2025:08:39:28 -0300] "POST /cormun/servlet/solicitudotadjuntos?ebb9c8e3e7d88652e728ffc2ccfd9a3c,INS,2025,21970,,1,,gx-no-cache=1741261261872 HTTP/1.1" 200 4149
179.57.78.9 - - [06/Mar/2025:08:39:30 -0300] "POST /cormun/servlet/solicitudotadjuntos?gx-no-cache=1741261264647 HTTP/1.1" 200 26
179.57.78.9 - - [06/Mar/2025:08:39:35 -0300] "GET /cormun/servlet/solicitudotadjuntos?1be1a8398e81fb04fd2154808d9f860f0980501d20925c8301842d3b56adfdc9,gx-no-cache=1741261269406 HTTP/1.1" 200 30
179.57.78.9 - - [06/Mar/2025:08:39:35 -0300] "GET /cormun/servlet/solicitudotadjuntos?1be1a8398e81fb04fd2154808d9f860f0980501d20925c8301842d3b56adfdc9,gx-no-cache=1741261269423 HTTP/1.1" 200 30
179.57.78.9 - - [06/Mar/2025:08:39:35 -0300] "POST /cormun/servlet/solicitudotadjuntos?ebb9c8e3e7d88652e728ffc2ccfd9a3c,INS,2025,21970,,1, HTTP/1.1" 200 116
179.57.78.9 - - [06/Mar/2025:08:39:35 -0300] "GET /cormun/servlet/hpexe_return? HTTP/1.1" 200 1026
179.57.78.9 - - [06/Mar/2025:08:39:35 -0300] "GET /cormun/servlet/trsolicitudadjuntos?2025,21970, HTTP/1.1" 200 10418
179.57.78.9 - - [06/Mar/2025:08:39:37 -0300] "GET /cormun/servlet/solicitudotadjuntos?INS,2025,21970,,1, HTTP/1.1" 200 6392
179.57.78.9 - - [06/Mar/2025:08:39:37 -0300] "GET /cormun/static/about:blank HTTP/1.1" 404 1011
179.57.78.9 - - [06/Mar/2025:08:39:38 -0300] "GET /cormun/servlet/solicitudotadjuntos?1be1a8398e81fb04fd2154808d9f860fa01bca1754a27bfdd8b7947544d2ab2d42ec127e7379325bbae720f758b90219,gx-no-cache=1741261271934 HTTP/1.1" 200 30
179.57.78.9 - - [06/Mar/2025:08:39:38 -0300] "POST /cormun/servlet/solicitudotadjuntos?ebb9c8e3e7d88652e728ffc2ccfd9a3c,INS,2025,21970,,1,,gx-no-cache=1741261271949 HTTP/1.1" 200 4149
179.57.78.9 - - [06/Mar/2025:08:39:40 -0300] "POST /cormun/servlet/solicitudotadjuntos?gx-no-cache=1741261274223 HTTP/1.1" 200 26
179.57.78.9 - - [06/Mar/2025:08:39:45 -0300] "GET /cormun/servlet/solicitudotadjuntos?1be1a8398e81fb04fd2154808d9f860f0980501d20925c8301842d3b56adfdc9,gx-no-cache=1741261278974 HTTP/1.1" 200 30
179.57.78.9 - - [06/Mar/2025:08:39:45 -0300] "GET /cormun/servlet/solicitudotadjuntos?1be1a8398e81fb04fd2154808d9f860f0980501d20925c8301842d3b56adfdc9,gx-no-cache=1741261278987 HTTP/1.1" 200 30
190.171.153.50 - - [06/Mar/2025:08:39:45 -0300] "GET /cormun/servlet/hlogin HTTP/1.1" 200 1716
179.57.78.9 - - [06/Mar/2025:08:39:45 -0300] "POST /cormun/servlet/solicitudotadjuntos?ebb9c8e3e7d88652e728ffc2ccfd9a3c,INS,2025,21970,,1, HTTP/1.1" 200 116
179.57.78.9 - - [06/Mar/2025:08:39:45 -0300] "GET /cormun/servlet/hpexe_return? HTTP/1.1" 200 1026
179.57.78.9 - - [06/Mar/2025:08:39:45 -0300] "GET /cormun/servlet/trsolicitudadjuntos?2025,21970, HTTP/1.1" 200 10580
190.95.67.91 - - [06/Mar/2025:08:40:09 -0300] "POST /cormun/servlet/trsolicitudot?19e6dc3b6e4635ce224ffaa46d23f41d,gx-no-cache=1741261302145 HTTP/1.1" 200 107
190.95.67.91 - - [06/Mar/2025:08:40:09 -0300] "GET /cormun/servlet/trsolicitudadjuntos?2025,21971, HTTP/1.1" 200 6340
190.95.67.91 - - [06/Mar/2025:08:40:11 -0300] "GET /cormun/servlet/solicitudotadjuntos?INS,2025,21971,,1, HTTP/1.1" 200 6284
190.95.67.91 - - [06/Mar/2025:08:40:12 -0300] "GET /cormun/static/about:blank HTTP/1.1" 404 1011
190.95.67.91 - - [06/Mar/2025:08:40:12 -0300] "GET /cormun/servlet/solicitudotadjuntos?2d0b9b0f77e80fc2c1d19437e5537c7e4952d10aa84d63adfca8eb07126693fe909ce9efc5a1ad3795e94d75e1e375bd,gx-no-cache=1741261305413 HTTP/1.1" 200 30
190.95.67.91 - - [06/Mar/2025:08:40:12 -0300] "POST /cormun/servlet/solicitudotadjuntos?19e6dc3b6e4635ce224ffaa46d23f41d,INS,2025,21971,,1,,gx-no-cache=1741261305444 HTTP/1.1" 200 4194
179.57.78.9 - - [06/Mar/2025:08:40:13 -0300] "POST /cormun/servlet/trsolicitudadjuntos?ebb9c8e3e7d88652e728ffc2ccfd9a3c,2025,21970,,gx-no-cache=1741261307681 HTTP/1.1" 200 90
179.57.78.9 - - [06/Mar/2025:08:40:13 -0300] "GET /cormun/servlet/hpexe_link HTTP/1.1" 200 968
179.57.78.9 - - [06/Mar/2025:08:40:13 -0300] "GET /cormun/servlet/trsolicitudot HTTP/1.1" 200 8945
190.95.67.91 - - [06/Mar/2025:08:40:14 -0300] "POST /cormun/servlet/solicitudotadjuntos?gx-no-cache=1741261307055 HTTP/1.1" 200 26
179.57.78.9 - - [06/Mar/2025:08:40:23 -0300] "POST /cormun/servlet/trsolicitudot?ebb9c8e3e7d88652e728ffc2ccfd9a3c,gx-no-cache=1741261316921 HTTP/1.1" 200 4845
179.57.78.9 - - [06/Mar/2025:08:40:23 -0300] "GET /cormun/static/Shared/jqueryui/images/ui-bg_highlight-soft_100_c6c2c8_1x100.png HTTP/1.1" 404 1117
179.57.78.9 - - [06/Mar/2025:08:40:23 -0300] "GET /cormun/static/Shared/jqueryui/images/ui-icons_82798d_256x240.png HTTP/1.1" 404 1089
179.57.78.9 - - [06/Mar/2025:08:40:23 -0300] "GET /cormun/static/Shared/jqueryui/images/ui-icons_8d78a5_256x240.png HTTP/1.1" 404 1089
179.57.78.9 - - [06/Mar/2025:08:40:23 -0300] "GET /cormun/static/Shared/jqueryui/images/ui-bg_flat_55_fafafa_40x100.png HTTP/1.1" 404 1097
179.57.78.9 - - [06/Mar/2025:08:40:23 -0300] "POST /cormun/servlet/trsolicitudot?ebb9c8e3e7d88652e728ffc2ccfd9a3c,gx-no-cache=1741261317035 HTTP/1.1" 200 4609
179.57.78.9 - - [06/Mar/2025:08:40:27 -0300] "GET /cormun/servlet/trautorizarsolicitud? HTTP/1.1" 200 8841
179.57.78.9 - - [06/Mar/2025:08:40:27 -0300] "GET /cormun/static/gxcfg.js?202211298474254 HTTP/1.1" 200 953
179.57.78.9 - - [06/Mar/2025:08:40:27 -0300] "GET /cormun/static/trautorizarsolicitud.js?202211298474588 HTTP/1.1" 200 53909
179.57.78.9 - - [06/Mar/2025:08:40:31 -0300] "POST /cormun/servlet/trautorizarsolicitud?ebb9c8e3e7d88652e728ffc2ccfd9a3c,,gx-no-cache=1741261324753 HTTP/1.1" 200 4773
179.57.78.9 - - [06/Mar/2025:08:40:31 -0300] "POST /cormun/servlet/trautorizarsolicitud?ebb9c8e3e7d88652e728ffc2ccfd9a3c,,gx-no-cache=1741261324904 HTTP/1.1" 200 4540
209.141.37.95 - - [06/Mar/2025:08:41:35 -0300] "GET /manager/html HTTP/1.1" 401 2474
190.95.67.95 - - [06/Mar/2025:08:41:37 -0300] "GET /cormun/servlet/solicitudot?707cdb36320696f0abbe5650a46f80564efaad23291812cab498a90f429d1d7e3a623798dd331281692a546adc6597ee583bc9b58e15f60396011075cb85de7cd469ac55d992b212dfde52367999f6ef38146c253e50143e642b962eb7bdaf500d4a65588abe3e910e5d3dc9d092568d,gx-no-cache=1741261389680 HTTP/1.1" 200 110
190.95.67.95 - - [06/Mar/2025:08:41:49 -0300] "POST /cormun/servlet/solicitudot?gx-no-cache=1741261402119 HTTP/1.1" 200 97
200.126.116.145 - - [06/Mar/2025:08:45:20 -0300] "GET /cormun/servlet/hlogin HTTP/1.1" 200 1721
200.126.116.145 - - [06/Mar/2025:08:45:36 -0300] "POST /cormun/servlet/hlogin?479e3eadd01cdeda8e2ce055b3c92d02,gx-no-cache=1741261629278 HTTP/1.1" 200 90
200.126.116.145 - - [06/Mar/2025:08:45:36 -0300] "GET /cormun/servlet/hpexe_link HTTP/1.1" 200 949
200.126.116.145 - - [06/Mar/2025:08:45:36 -0300] "GET /cormun/servlet/hhome HTTP/1.1" 200 4328
200.126.116.145 - - [06/Mar/2025:08:45:40 -0300] "GET /cormun/servlet/trlicencias? HTTP/1.1" 200 10797
190.95.67.95 - - [06/Mar/2025:08:45:50 -0300] "GET /cormun/servlet/solicitudot?707cdb36320696f0abbe5650a46f8056b3459f104450b32f0e69fda27bd7b2417509e1c23f1ab394798d4c228c08daafbd1531f8d87ecde58dd9c209c05fd8cdd60c5063983f5a13a7ca05cafc477b55f5256ad18082d26827b96fa4513c1827d5eed05132e87309a8f720b3c91c108e,gx-no-cache=1741261636453 HTTP/1.1" 200 29
190.95.67.95 - - [06/Mar/2025:08:45:50 -0300] "GET /cormun/static/menuarrow.gif HTTP/1.1" 404 1015
190.95.67.95 - - [06/Mar/2025:08:46:15 -0300] "GET /cormun/servlet/solicitudot?707cdb36320696f0abbe5650a46f8056102bb8ecb96f1af508ba939dc194f874028bc13bc35d64edad6a9df64e0b1907,gx-no-cache=1741261668248 HTTP/1.1" 200 30
190.95.67.95 - - [06/Mar/2025:08:46:15 -0300] "POST /cormun/servlet/solicitudot?gx-no-cache=1741261668323 HTTP/1.1" 200 30
190.95.67.95 - - [06/Mar/2025:08:47:05 -0300] "POST /cormun/servlet/solicitudot?gx-no-cache=1741261718637 HTTP/1.1" 200 30
190.95.67.95 - - [06/Mar/2025:08:47:06 -0300] "POST /cormun/servlet/solicitudot?a4141885d3b6918435eef905715dfb9d,INS,0,0,false,,gx-no-cache=1741261718703 HTTP/1.1" 200 93
190.95.67.95 - - [06/Mar/2025:08:47:06 -0300] "GET /cormun/servlet/hpexe_return? HTTP/1.1" 200 1006
190.95.67.95 - - [06/Mar/2025:08:47:07 -0300] "GET /cormun/static/gxcfg.js?20221129846035 HTTP/1.1" 200 953
190.95.67.95 - - [06/Mar/2025:08:47:07 -0300] "GET /cormun/static/hpexe_return.js?20221129846037 HTTP/1.1" 200 1633
190.95.67.95 - - [06/Mar/2025:08:47:07 -0300] "GET /cormun/servlet/trsolicitudot HTTP/1.1" 200 8634
190.95.67.95 - - [06/Mar/2025:08:47:07 -0300] "GET /cormun//static/Resources/PXToolsGridUpdate.png HTTP/1.1" 200 470
190.95.67.95 - - [06/Mar/2025:08:47:07 -0300] "GET /cormun//static/Resources/PXToolsActionView.png HTTP/1.1" 200 398
190.95.67.95 - - [06/Mar/2025:08:47:07 -0300] "GET /cormun//static/Resources/PXToolsRemoveAllAction.png HTTP/1.1" 200 487
190.95.67.95 - - [06/Mar/2025:08:47:07 -0300] "GET /cormun//static/Resources/PXToolsGridDelete.png HTTP/1.1" 200 538
179.57.78.9 - - [06/Mar/2025:08:47:08 -0300] "GET /cormun/servlet/hhome HTTP/1.1" 200 4328
179.57.78.9 - - [06/Mar/2025:08:47:10 -0300] "GET /cormun/servlet/trsolicitudot? HTTP/1.1" 200 7560
179.57.78.9 - - [06/Mar/2025:08:47:16 -0300] "GET /cormun/servlet/solicitudot?INS,0,0,false, HTTP/1.1" 200 16333
190.95.67.91 - - [06/Mar/2025:08:47:33 -0300] "GET /cormun/servlet/solicitudotadjuntos?2d0b9b0f77e80fc2c1d19437e5537c7e837f9c2213b6f32ad5cc978ee3c7f0f1,gx-no-cache=1741261746741 HTTP/1.1" 200 30
190.95.67.91 - - [06/Mar/2025:08:47:33 -0300] "GET /cormun/servlet/solicitudotadjuntos?2d0b9b0f77e80fc2c1d19437e5537c7e837f9c2213b6f32ad5cc978ee3c7f0f1,gx-no-cache=1741261746758 HTTP/1.1" 200 30
190.95.67.91 - - [06/Mar/2025:08:47:37 -0300] "POST /cormun/servlet/solicitudotadjuntos?19e6dc3b6e4635ce224ffaa46d23f41d,INS,2025,21971,,1, HTTP/1.1" 200 116
190.95.67.91 - - [06/Mar/2025:08:47:37 -0300] "GET /cormun/servlet/hpexe_return? HTTP/1.1" 200 1027
190.95.67.91 - - [06/Mar/2025:08:47:37 -0300] "GET /cormun/servlet/trsolicitudadjuntos?2025,21971, HTTP/1.1" 200 9351
190.95.67.91 - - [06/Mar/2025:08:47:40 -0300] "GET /cormun/servlet/solicitudotadjuntos?INS,2025,21971,,1, HTTP/1.1" 200 6284
190.95.67.91 - - [06/Mar/2025:08:47:40 -0300] "GET /cormun/static/about:blank HTTP/1.1" 404 1011
190.95.67.91 - - [06/Mar/2025:08:47:40 -0300] "GET /cormun/servlet/solicitudotadjuntos?2d0b9b0f77e80fc2c1d19437e5537c7e4952d10aa84d63adfca8eb07126693fe909ce9efc5a1ad3795e94d75e1e375bd,gx-no-cache=1741261753540 HTTP/1.1" 200 30
190.95.67.91 - - [06/Mar/2025:08:47:40 -0300] "POST /cormun/servlet/solicitudotadjuntos?19e6dc3b6e4635ce224ffaa46d23f41d,INS,2025,21971,,1,,gx-no-cache=1741261753551 HTTP/1.1" 200 4194
209.141.37.95 - - [06/Mar/2025:08:47:41 -0300] "GET /manager/html HTTP/1.1" 401 2474
190.95.67.95 - - [06/Mar/2025:08:47:41 -0300] "POST /cormun/servlet/trsolicitudot?a4141885d3b6918435eef905715dfb9d,gx-no-cache=1741261754014 HTTP/1.1" 200 112
190.95.67.95 - - [06/Mar/2025:08:47:41 -0300] "GET /cormun/servlet/solicitudot?UPD,2025,21972,false, HTTP/1.1" 200 16561
190.95.67.91 - - [06/Mar/2025:08:47:42 -0300] "POST /cormun/servlet/solicitudotadjuntos?gx-no-cache=1741261755005 HTTP/1.1" 200 26
190.95.67.95 - - [06/Mar/2025:08:47:42 -0300] "POST /cormun/servlet/solicitudot?gx-no-cache=1741261754848 HTTP/1.1" 200 4086
190.95.67.95 - - [06/Mar/2025:08:47:42 -0300] "POST /cormun/servlet/solicitudot?a4141885d3b6918435eef905715dfb9d,UPD,2025,21972,false,,gx-no-cache=1741261754954 HTTP/1.1" 200 12760
190.95.67.95 - - [06/Mar/2025:08:47:42 -0300] "GET /cormun/servlet/solicitudot?707cdb36320696f0abbe5650a46f8056d3e3eb788edf58bec5e0e8164638cc8916ccf1d40c7b364f501c3d0babdd1b87,gx-no-cache=1741261755056 HTTP/1.1" 200 30
190.95.67.95 - - [06/Mar/2025:08:47:42 -0300] "GET /cormun/servlet/solicitudot?707cdb36320696f0abbe5650a46f80565d01f118fee4c3418186efee1616abdcdce2d92ffbaf38c4601745ed0f7457e985b25223cacc89fd55f0859e5de43f01,gx-no-cache=1741261755078 HTTP/1.1" 200 30
190.95.67.95 - - [06/Mar/2025:08:47:42 -0300] "GET /cormun/servlet/solicitudot?707cdb36320696f0abbe5650a46f8056bef70447af14b1c3bb97ca62d8c103b8,gx-no-cache=1741261755109 HTTP/1.1" 200 29
190.95.67.95 - - [06/Mar/2025:08:47:42 -0300] "POST /cormun/servlet/solicitudot?gx-no-cache=1741261755132 HTTP/1.1" 200 254
190.95.67.95 - - [06/Mar/2025:08:47:42 -0300] "GET /cormun/servlet/solicitudot?707cdb36320696f0abbe5650a46f8056db4733a89f289bc02c8ebcaab68f55523dbac102a7f3b48b1f1dc2cb5c6c3b101cffd147d30df063c079fbabe8563a2404655957f1b04ff4cc845e0a3929b5f99bb3ad41af916937e3a3286ee864452879ac6c8ce8d0a8ac85138c1df5a67f6540b1d83c3b7aab2392692f6b3b706ece76624191ceb81cddfbaef68aff9f16ed6f7c191f7285b94c2616cbc8e6190849ffb1a83f04211e0d5608c385b2bdb52744d63b8b27cefcea5a8252f870a136b6658916afacdd86a90293b44e5c81af2435ec53a8306c2cf6872c1b84d51e452f68a56cfd67d5cfb8744edad21df98598faf50632ecb54c68f1f88f2209feb1af796d4786e6f59de064b2643c32f6eedf070a60ff874743a40fccab5954627e18faa5429e1ca4904bd06de4dfb042ae8be645f972515c2a731b75cfee4b4fffe05a7bee5b7d1ca666220cd22b988599375a1944d27566a50e212a46533d7f2b233d9938c3116a5d1cd36f01befebc6988c1fc15d0115ebfb536ad81fbca1e83ca,gx-no-cache=1741261755160 HTTP/1.1" 200 30
190.95.67.95 - - [06/Mar/2025:08:47:42 -0300] "POST /cormun/servlet/solicitudot?gx-no-cache=1741261755184 HTTP/1.1" 200 30
190.95.67.95 - - [06/Mar/2025:08:47:42 -0300] "POST /cormun/servlet/solicitudot?gx-no-cache=1741261755210 HTTP/1.1" 200 1482
190.95.67.95 - - [06/Mar/2025:08:47:42 -0300] "POST /cormun/servlet/solicitudot?gx-no-cache=1741261755518 HTTP/1.1" 200 41
179.57.78.9 - - [06/Mar/2025:08:47:50 -0300] "POST /cormun/servlet/solicitudot?gx-no-cache=1741261764222 HTTP/1.1" 200 4173
179.57.78.9 - - [06/Mar/2025:08:47:50 -0300] "POST /cormun/servlet/solicitudot?ebb9c8e3e7d88652e728ffc2ccfd9a3c,INS,0,0,false,,gx-no-cache=1741261764339 HTTP/1.1" 200 13012
179.57.78.9 - - [06/Mar/2025:08:47:57 -0300] "GET /cormun/servlet/solicitudot?1be1a8398e81fb04fd2154808d9f860f9176778aafce3783ec3746a2991ec108cf7739a9e5cc83f35117be429865ae3d,gx-no-cache=1741261771728 HTTP/1.1" 200 30
179.57.78.9 - - [06/Mar/2025:08:47:57 -0300] "GET /cormun/servlet/solicitudot?1be1a8398e81fb04fd2154808d9f860fcbd28abc2064de5b35c6e0bcb8964db180ab1d3001c629d39f72505e6cfde18c93eb6672d0e29d0647d8d954764d7614,gx-no-cache=1741261771752 HTTP/1.1" 200 30
179.57.78.9 - - [06/Mar/2025:08:47:57 -0300] "GET /cormun/servlet/solicitudot?1be1a8398e81fb04fd2154808d9f860f3b7ff18f7a2c04598c66a41c190edfe8,gx-no-cache=1741261771768 HTTP/1.1" 200 53
179.57.78.9 - - [06/Mar/2025:08:47:57 -0300] "POST /cormun/servlet/solicitudot?gx-no-cache=1741261771787 HTTP/1.1" 200 240
179.57.78.9 - - [06/Mar/2025:08:47:57 -0300] "GET /cormun/servlet/solicitudot?1be1a8398e81fb04fd2154808d9f860f49fc05533fc2d6b477b8bebd188d16d3d1f7ee656eb0fc31ccf7c4f61039b9c418af83a04de970d4349f6f13f8c50801a3e79df1ac730f96fbae807bcea505f18ed6cab097c24d9f2481dfa2eb2d7350be2ab021c933a6fbb6dab8290e8ace3a8f1bf7aaffd6cf008a36b7eedd61335cbf4fd81d1bb749569cd7b06bc47a1f99eb95f0b4ee2a3e60c4d8dacfd236f68be18e7c57f2a94b9b107f4969b94c802ebe1bc32be3d72e5235cd0b09f8694fc30aaf6796d985593966cdea2a9714119e7a56ce87167d6c8300e6baae3c0346b294798ee0b48a22221e13f39d3d5bee723337919cd347273889232dbdf28f8e0cb0fc0f3c994fa9b338f4e61e370c2dfa2b3ecd6228b985f9284d9e7dbc34c86841de019aea38afe2f0ab3cd1ab323ff665722b8b5e5f6d885972c34fc17cbd428d201575f1519de79d013db782cef5028bdd9b9a1c7dcac5360639e17c2a5a08c51a2caa6f55cac3ccd7a039233b0c1fac2bd1c69dd38b1dda184ba64c52edcf,gx-no-cache=1741261771809 HTTP/1.1" 200 30
179.57.78.9 - - [06/Mar/2025:08:47:57 -0300] "POST /cormun/servlet/solicitudot?gx-no-cache=1741261771827 HTTP/1.1" 200 30
179.57.78.9 - - [06/Mar/2025:08:47:57 -0300] "POST /cormun/servlet/solicitudot?gx-no-cache=1741261771849 HTTP/1.1" 200 1480
179.57.78.9 - - [06/Mar/2025:08:47:58 -0300] "POST /cormun/servlet/solicitudot?gx-no-cache=1741261771884 HTTP/1.1" 200 38
179.57.78.9 - - [06/Mar/2025:08:47:58 -0300] "GET /cormun/servlet/solicitudot?1be1a8398e81fb04fd2154808d9f860f44b301a0dd3d1a9cd82d0a25e6abdb053711be7950884ccfbc66954bba6188f07a1ee02646e6e13707b9ad4a6cf3366fb1581f730b52487d876f6a552779c6f87c9c55400362dca0ce50c676afce207b87b3e2a1d63475a1dd28bf953429e8f8,gx-no-cache=1741261771901 HTTP/1.1" 200 110
179.57.78.9 - - [06/Mar/2025:08:47:58 -0300] "POST /cormun/servlet/solicitudot?gx-no-cache=1741261771921 HTTP/1.1" 200 72
190.95.67.95 - - [06/Mar/2025:08:47:59 -0300] "POST /cormun/servlet/solicitudot?gx-no-cache=1741261771925 HTTP/1.1" 200 30
190.95.67.95 - - [06/Mar/2025:08:47:59 -0300] "POST /cormun/servlet/solicitudot?gx-no-cache=1741261772188 HTTP/1.1" 200 1482
190.95.67.95 - - [06/Mar/2025:08:47:59 -0300] "POST /cormun/servlet/solicitudot?gx-no-cache=1741261772230 HTTP/1.1" 200 41
190.95.67.95 - - [06/Mar/2025:08:47:59 -0300] "GET /cormun/servlet/solicitudot?707cdb36320696f0abbe5650a46f80564efaad23291812cab498a90f429d1d7e3a623798dd331281692a546adc6597ee583bc9b58e15f60396011075cb85de7cd469ac55d992b212dfde52367999f6ef38146c253e50143e642b962eb7bdaf500d4a65588abe3e910e5d3dc9d092568d,gx-no-cache=1741261772258 HTTP/1.1" 200 110
190.95.67.95 - - [06/Mar/2025:08:47:59 -0300] "POST /cormun/servlet/solicitudot?gx-no-cache=1741261772281 HTTP/1.1" 200 97
190.95.67.95 - - [06/Mar/2025:08:47:59 -0300] "GET /cormun/servlet/solicitudot?707cdb36320696f0abbe5650a46f80560a5c151dfea2504725e1fc3a1ec6ffe76a7510bfd8679a64d33ac7f7a9d5bde4a66d93212420c527d43ae67db949c742a30f1b18f4a2474e2c8d80f6382307ebea73d09711aa6355e271c9e937584f1252482f403a8d06834612f3603976eec542abc62b03b4cdd636a068ba4b03820b88909048cca245ccb76b43fd0c15786c427794b39758a38ff228e88953405493,gx-no-cache=1741261772544 HTTP/1.1" 200 29
190.95.67.95 - - [06/Mar/2025:08:48:00 -0300] "GET /cormun/servlet/solicitudot?707cdb36320696f0abbe5650a46f8056102bb8ecb96f1af508ba939dc194f874028bc13bc35d64edad6a9df64e0b1907,gx-no-cache=1741261773014 HTTP/1.1" 200 30
190.95.67.95 - - [06/Mar/2025:08:48:00 -0300] "POST /cormun/servlet/solicitudot?gx-no-cache=1741261773043 HTTP/1.1" 200 30
190.95.67.95 - - [06/Mar/2025:08:48:00 -0300] "POST /cormun/servlet/solicitudot?a4141885d3b6918435eef905715dfb9d,UPD,2025,21972,false,,gx-no-cache=1741261773069 HTTP/1.1" 200 93
190.95.67.95 - - [06/Mar/2025:08:48:00 -0300] "GET /cormun/servlet/hpexe_return? HTTP/1.1" 200 1012
190.95.67.95 - - [06/Mar/2025:08:48:00 -0300] "GET /cormun/servlet/trsolicitudot HTTP/1.1" 200 8634
190.95.67.91 - - [06/Mar/2025:08:48:05 -0300] "GET /cormun/servlet/solicitudotadjuntos?2d0b9b0f77e80fc2c1d19437e5537c7e837f9c2213b6f32ad5cc978ee3c7f0f1,gx-no-cache=1741261778549 HTTP/1.1" 200 30
190.95.67.91 - - [06/Mar/2025:08:48:05 -0300] "GET /cormun/servlet/solicitudotadjuntos?2d0b9b0f77e80fc2c1d19437e5537c7e837f9c2213b6f32ad5cc978ee3c7f0f1,gx-no-cache=1741261778578 HTTP/1.1" 200 30
190.95.67.91 - - [06/Mar/2025:08:48:05 -0300] "POST /cormun/servlet/solicitudotadjuntos?19e6dc3b6e4635ce224ffaa46d23f41d,INS,2025,21971,,1, HTTP/1.1" 200 116
190.95.67.91 - - [06/Mar/2025:08:48:05 -0300] "GET /cormun/servlet/hpexe_return? HTTP/1.1" 200 1027
190.95.67.91 - - [06/Mar/2025:08:48:05 -0300] "GET /cormun/servlet/trsolicitudadjuntos?2025,21971, HTTP/1.1" 200 9610
190.95.67.91 - - [06/Mar/2025:08:48:07 -0300] "GET /cormun/servlet/solicitudotadjuntos?INS,2025,21971,,1, HTTP/1.1" 200 6284
190.95.67.91 - - [06/Mar/2025:08:48:07 -0300] "GET /cormun/static/about:blank HTTP/1.1" 404 1011
190.95.67.91 - - [06/Mar/2025:08:48:08 -0300] "GET /cormun/servlet/solicitudotadjuntos?2d0b9b0f77e80fc2c1d19437e5537c7e4952d10aa84d63adfca8eb07126693fe909ce9efc5a1ad3795e94d75e1e375bd,gx-no-cache=1741261780988 HTTP/1.1" 200 30
190.95.67.91 - - [06/Mar/2025:08:48:08 -0300] "POST /cormun/servlet/solicitudotadjuntos?19e6dc3b6e4635ce224ffaa46d23f41d,INS,2025,21971,,1,,gx-no-cache=1741261781001 HTTP/1.1" 200 4194
190.95.67.91 - - [06/Mar/2025:08:48:10 -0300] "POST /cormun/servlet/solicitudotadjuntos?gx-no-cache=1741261782973 HTTP/1.1" 200 26
190.95.67.91 - - [06/Mar/2025:08:48:14 -0300] "GET /cormun/servlet/solicitudotadjuntos?2d0b9b0f77e80fc2c1d19437e5537c7e837f9c2213b6f32ad5cc978ee3c7f0f1,gx-no-cache=1741261787189 HTTP/1.1" 200 30
190.95.67.91 - - [06/Mar/2025:08:48:14 -0300] "GET /cormun/servlet/solicitudotadjuntos?2d0b9b0f77e80fc2c1d19437e5537c7e837f9c2213b6f32ad5cc978ee3c7f0f1,gx-no-cache=1741261787198 HTTP/1.1" 200 30
190.95.67.91 - - [06/Mar/2025:08:48:14 -0300] "POST /cormun/servlet/solicitudotadjuntos?19e6dc3b6e4635ce224ffaa46d23f41d,INS,2025,21971,,1, HTTP/1.1" 200 116
190.95.67.91 - - [06/Mar/2025:08:48:14 -0300] "GET /cormun/servlet/hpexe_return? HTTP/1.1" 200 1027
190.95.67.91 - - [06/Mar/2025:08:48:14 -0300] "GET /cormun/servlet/trsolicitudadjuntos?2025,21971, HTTP/1.1" 200 9882
190.95.67.91 - - [06/Mar/2025:08:48:16 -0300] "GET /cormun/servlet/solicitudotadjuntos?INS,2025,21971,,1, HTTP/1.1" 200 6284
190.95.67.91 - - [06/Mar/2025:08:48:16 -0300] "GET /cormun/static/about:blank HTTP/1.1" 404 1011
190.95.67.91 - - [06/Mar/2025:08:48:17 -0300] "GET /cormun/servlet/solicitudotadjuntos?2d0b9b0f77e80fc2c1d19437e5537c7e4952d10aa84d63adfca8eb07126693fe909ce9efc5a1ad3795e94d75e1e375bd,gx-no-cache=1741261790050 HTTP/1.1" 200 30
190.95.67.91 - - [06/Mar/2025:08:48:17 -0300] "POST /cormun/servlet/solicitudotadjuntos?19e6dc3b6e4635ce224ffaa46d23f41d,INS,2025,21971,,1,,gx-no-cache=1741261790067 HTTP/1.1" 200 4194
190.95.67.91 - - [06/Mar/2025:08:48:19 -0300] "POST /cormun/servlet/solicitudotadjuntos?gx-no-cache=1741261792293 HTTP/1.1" 200 26
190.95.67.95 - - [06/Mar/2025:08:48:25 -0300] "GET /cormun/servlet/solicitudot?INS,0,0,false, HTTP/1.1" 200 16008
190.95.67.91 - - [06/Mar/2025:08:48:27 -0300] "GET /cormun/servlet/solicitudotadjuntos?2d0b9b0f77e80fc2c1d19437e5537c7e837f9c2213b6f32ad5cc978ee3c7f0f1,gx-no-cache=1741261799980 HTTP/1.1" 200 30
190.95.67.91 - - [06/Mar/2025:08:48:27 -0300] "GET /cormun/servlet/solicitudotadjuntos?2d0b9b0f77e80fc2c1d19437e5537c7e837f9c2213b6f32ad5cc978ee3c7f0f1,gx-no-cache=1741261799991 HTTP/1.1" 200 30
190.95.67.91 - - [06/Mar/2025:08:48:27 -0300] "POST /cormun/servlet/solicitudotadjuntos?19e6dc3b6e4635ce224ffaa46d23f41d,INS,2025,21971,,1, HTTP/1.1" 200 116
190.95.67.91 - - [06/Mar/2025:08:48:27 -0300] "GET /cormun/servlet/hpexe_return? HTTP/1.1" 200 1027
190.95.67.91 - - [06/Mar/2025:08:48:27 -0300] "GET /cormun/servlet/trsolicitudadjuntos?2025,21971, HTTP/1.1" 200 10158
190.95.67.91 - - [06/Mar/2025:08:48:28 -0300] "GET /cormun/servlet/solicitudotadjuntos?INS,2025,21971,,1, HTTP/1.1" 200 6284
190.95.67.91 - - [06/Mar/2025:08:48:28 -0300] "GET /cormun/static/about:blank HTTP/1.1" 404 1011
190.95.67.91 - - [06/Mar/2025:08:48:29 -0300] "GET /cormun/servlet/solicitudotadjuntos?2d0b9b0f77e80fc2c1d19437e5537c7e4952d10aa84d63adfca8eb07126693fe909ce9efc5a1ad3795e94d75e1e375bd,gx-no-cache=1741261802382 HTTP/1.1" 200 30
190.95.67.91 - - [06/Mar/2025:08:48:29 -0300] "POST /cormun/servlet/solicitudotadjuntos?19e6dc3b6e4635ce224ffaa46d23f41d,INS,2025,21971,,1,,gx-no-cache=1741261802406 HTTP/1.1" 200 4194
190.95.1.129 - - [06/Mar/2025:08:48:30 -0300] "GET /cormun/servlet/hlogin HTTP/1.1" 200 1721
190.95.1.129 - - [06/Mar/2025:08:48:30 -0300] "GET /cormun/servlet/hlogin HTTP/1.1" 200 1732
190.95.67.91 - - [06/Mar/2025:08:48:31 -0300] "POST /cormun/servlet/solicitudotadjuntos?gx-no-cache=1741261804541 HTTP/1.1" 200 26
190.95.67.91 - - [06/Mar/2025:08:48:36 -0300] "GET /cormun/servlet/solicitudotadjuntos?2d0b9b0f77e80fc2c1d19437e5537c7e837f9c2213b6f32ad5cc978ee3c7f0f1,gx-no-cache=1741261809773 HTTP/1.1" 200 30
190.95.67.91 - - [06/Mar/2025:08:48:36 -0300] "GET /cormun/servlet/solicitudotadjuntos?2d0b9b0f77e80fc2c1d19437e5537c7e837f9c2213b6f32ad5cc978ee3c7f0f1,gx-no-cache=1741261809783 HTTP/1.1" 200 30
190.95.67.91 - - [06/Mar/2025:08:48:36 -0300] "POST /cormun/servlet/solicitudotadjuntos?19e6dc3b6e4635ce224ffaa46d23f41d,INS,2025,21971,,1, HTTP/1.1" 200 116
190.95.67.91 - - [06/Mar/2025:08:48:36 -0300] "GET /cormun/servlet/hpexe_return? HTTP/1.1" 200 1027
190.95.67.91 - - [06/Mar/2025:08:48:37 -0300] "GET /cormun/servlet/trsolicitudadjuntos?2025,21971, HTTP/1.1" 200 10481
190.95.67.91 - - [06/Mar/2025:08:48:38 -0300] "GET /cormun/servlet/solicitudotadjuntos?INS,2025,21971,,1, HTTP/1.1" 200 6284
190.95.67.91 - - [06/Mar/2025:08:48:39 -0300] "GET /cormun/static/about:blank HTTP/1.1" 404 1011
190.95.67.91 - - [06/Mar/2025:08:48:39 -0300] "GET /cormun/servlet/solicitudotadjuntos?2d0b9b0f77e80fc2c1d19437e5537c7e4952d10aa84d63adfca8eb07126693fe909ce9efc5a1ad3795e94d75e1e375bd,gx-no-cache=1741261812408 HTTP/1.1" 200 30
190.95.67.91 - - [06/Mar/2025:08:48:39 -0300] "POST /cormun/servlet/solicitudotadjuntos?19e6dc3b6e4635ce224ffaa46d23f41d,INS,2025,21971,,1,,gx-no-cache=1741261812421 HTTP/1.1" 200 4194
190.95.1.129 - - [06/Mar/2025:08:48:40 -0300] "POST /cormun/servlet/hlogin?f7409d9559cccd0db86f9d019df8015f,gx-no-cache=1741261813765 HTTP/1.1" 200 90
190.95.1.129 - - [06/Mar/2025:08:48:41 -0300] "GET /cormun/servlet/hpexe_link HTTP/1.1" 200 951
190.95.1.129 - - [06/Mar/2025:08:48:41 -0300] "GET /cormun/servlet/hhome HTTP/1.1" 200 4297
190.95.67.91 - - [06/Mar/2025:08:48:41 -0300] "POST /cormun/servlet/solicitudotadjuntos?gx-no-cache=1741261814501 HTTP/1.1" 200 26
190.95.1.129 - - [06/Mar/2025:08:48:45 -0300] "GET /cormun/servlet/trlicencias? HTTP/1.1" 200 9429
190.95.67.91 - - [06/Mar/2025:08:48:45 -0300] "GET /cormun/servlet/solicitudotadjuntos?2d0b9b0f77e80fc2c1d19437e5537c7e837f9c2213b6f32ad5cc978ee3c7f0f1,gx-no-cache=1741261818173 HTTP/1.1" 200 30
190.95.67.91 - - [06/Mar/2025:08:48:45 -0300] "GET /cormun/servlet/solicitudotadjuntos?2d0b9b0f77e80fc2c1d19437e5537c7e837f9c2213b6f32ad5cc978ee3c7f0f1,gx-no-cache=1741261818183 HTTP/1.1" 200 30
190.95.67.91 - - [06/Mar/2025:08:48:46 -0300] "POST /cormun/servlet/solicitudotadjuntos?19e6dc3b6e4635ce224ffaa46d23f41d,INS,2025,21971,,1, HTTP/1.1" 200 116
190.95.67.91 - - [06/Mar/2025:08:48:46 -0300] "GET /cormun/servlet/hpexe_return? HTTP/1.1" 200 1027
190.95.67.91 - - [06/Mar/2025:08:48:46 -0300] "GET /cormun/servlet/trsolicitudadjuntos?2025,21971, HTTP/1.1" 200 10642
190.95.67.91 - - [06/Mar/2025:08:48:48 -0300] "GET /cormun/servlet/solicitudotadjuntos?INS,2025,21971,,1, HTTP/1.1" 200 6284
190.95.67.91 - - [06/Mar/2025:08:48:48 -0300] "GET /cormun/static/about:blank HTTP/1.1" 404 1011
