190.95.67.97 - - [06/Mar/2025:10:27:05 -0300] "GET /cormun/servlet/solicitudot?cd7a606c67ff9375e9bd1c79606eb7be652050845eed769285eb692f01d39ec01c316ad9b614f9e2403d498db1d96c75f43f23456c144723e5cb2c3ee859ee58bc3575d8861629a0aa5bc0206ac21acfa3e756664e97a9e54ce97bae6147844f50ef49fc5d534f5848d49e8b3984cf5f5671aba268582f2c0ba527068f0bb52714e467e12a95cd46e90c03cf4e81a6375e9b9587f412437af5c96256748da51670d4406fec1422e07d9b4a64b516fd57a523107d803e218138785bcd5a2e2912f866a0201cc39d57b4a02c7c1a81e307b715f95a9525510d04b0b8caa36a183b83f4c51b5c43ed2c4708889d82d152310e3ef0e408ea1c1d31e79a719718a3a81b8921556b9793da21fde1e9d2956a5413b140f8c8362ef8f867bb10cdf0fad8e5dcc5ebf5fafaf8eae04d39823ac9871a6b416fdd968cb50b633faf9b23e2723e715655bcf6420c502935666cfdf59cb929976d710fdac8eae87ad5e065808aeb15728f7d3e2adb3d43274b756f55f8eecde9322ca4b6fd42bc0b50066eddaf,gx-no-cache=1741267717372 HTTP/1.1" 200 106
190.95.67.97 - - [06/Mar/2025:10:27:05 -0300] "GET /cormun/servlet/solicitudot?cd7a606c67ff9375e9bd1c79606eb7be652050845eed769285eb692f01d39ec01c316ad9b614f9e2403d498db1d96c75f43f23456c144723e5cb2c3ee859ee58bc3575d8861629a0aa5bc0206ac21acfa3e756664e97a9e54ce97bae6147844f50ef49fc5d534f5848d49e8b3984cf5f5671aba268582f2c0ba527068f0bb52714e467e12a95cd46e90c03cf4e81a6375e9b9587f412437af5c96256748da51670d4406fec1422e07d9b4a64b516fd57a523107d803e218138785bcd5a2e2912f866a0201cc39d57b4a02c7c1a81e307b715f95a9525510d04b0b8caa36a183b83f4c51b5c43ed2c4708889d82d152310e3ef0e408ea1c1d31e79a719718a3a81b8921556b9793da21fde1e9d2956a5413b140f8c8362ef8f867bb10cdf0fad8e5dcc5ebf5fafaf8eae04d39823ac9871a6b416fdd968cb50b633faf9b23e2723e715655bcf6420c502935666cfdf59cb929976d710fdac8eae87ad5e065808aeb15728f7d3e2adb3d43274b756f55f8eecde9322ca4b6fd42bc0b50066eddaf,gx-no-cache=1741267717392 HTTP/1.1" 200 106
190.95.67.97 - - [06/Mar/2025:10:27:05 -0300] "POST /cormun/servlet/solicitudot?gx-no-cache=1741267717411 HTTP/1.1" 200 33
190.95.67.97 - - [06/Mar/2025:10:27:05 -0300] "POST /cormun/servlet/solicitudot?gx-no-cache=1741267717440 HTTP/1.1" 200 1481
190.95.67.97 - - [06/Mar/2025:10:27:05 -0300] "POST /cormun/servlet/solicitudot?gx-no-cache=1741267717483 HTTP/1.1" 200 38
190.95.67.97 - - [06/Mar/2025:10:27:05 -0300] "GET /cormun/servlet/solicitudot?cd7a606c67ff9375e9bd1c79606eb7be7f0d402202c1c1f1ac72a3d26bc850e49c6598a54cc92822124b50385fea4345098706d051537111a13cd6036e74573c0f5c4530701d9b04129dd1166e08a77d13b5df5e2fdf140fcac41121de22f845dcbb898c8fbe28af401ce9b09570e7fe,gx-no-cache=1741267717520 HTTP/1.1" 200 110
190.95.67.97 - - [06/Mar/2025:10:27:05 -0300] "POST /cormun/servlet/solicitudot?gx-no-cache=1741267717556 HTTP/1.1" 200 64
190.95.67.97 - - [06/Mar/2025:10:27:05 -0300] "GET /cormun/servlet/solicitudot?cd7a606c67ff9375e9bd1c79606eb7be883573735636c3a0ecdb079dff8d019603545b3a03b5484681dedde7ba25d1326c4946125fcfe26b5d6aa160a619bab076ba7154e70ffc683adce05d0a66a483f85c1aeedd743d595e250a82cc5e395c281f2476bbbf2e1498cbc893b3f71356,gx-no-cache=1741267717584 HTTP/1.1" 200 29
190.95.67.97 - - [06/Mar/2025:10:27:05 -0300] "GET /cormun/servlet/solicitudot?cd7a606c67ff9375e9bd1c79606eb7be85fd07be2234bc842bf339b857495052,gx-no-cache=1741267717612 HTTP/1.1" 200 30
190.95.67.97 - - [06/Mar/2025:10:27:05 -0300] "POST /cormun/servlet/solicitudot?gx-no-cache=1741267717634 HTTP/1.1" 200 30
190.95.67.97 - - [06/Mar/2025:10:27:05 -0300] "POST /cormun/servlet/solicitudot?gx-no-cache=1741267717716 HTTP/1.1" 200 4046
190.95.67.97 - - [06/Mar/2025:10:27:05 -0300] "POST /cormun/servlet/solicitudot?467589b3aaaef31b50a9d3aa48e6e6f4,INS,0,0,false,,gx-no-cache=1741267717849 HTTP/1.1" 200 12745
190.95.67.97 - - [06/Mar/2025:10:27:05 -0300] "GET /cormun/servlet/solicitudot?cd7a606c67ff9375e9bd1c79606eb7be86ecd55329e5cdddad54c6ade26cf42acef3f88bf3b204142793e9ca8e973a21,gx-no-cache=1741267717970 HTTP/1.1" 200 111
190.95.67.97 - - [06/Mar/2025:10:27:05 -0300] "GET /cormun/servlet/solicitudot?cd7a606c67ff9375e9bd1c79606eb7beb5660a5b3f7480bfe28fa23f574a1538,gx-no-cache=1741267718001 HTTP/1.1" 200 94
190.95.67.97 - - [06/Mar/2025:10:27:05 -0300] "GET /cormun/servlet/solicitudot?cd7a606c67ff9375e9bd1c79606eb7be137f6a84da6b36a6c66e65d91381e494,gx-no-cache=1741267718020 HTTP/1.1" 200 29
190.95.67.97 - - [06/Mar/2025:10:27:05 -0300] "POST /cormun/servlet/solicitudot?gx-no-cache=1741267718052 HTTP/1.1" 200 297
190.95.67.97 - - [06/Mar/2025:10:27:05 -0300] "GET /cormun/servlet/solicitudot?cd7a606c67ff9375e9bd1c79606eb7be652050845eed769285eb692f01d39ec01c316ad9b614f9e2403d498db1d96c75f43f23456c144723e5cb2c3ee859ee58bc3575d8861629a0aa5bc0206ac21acfa3e756664e97a9e54ce97bae6147844f50ef49fc5d534f5848d49e8b3984cf5f5671aba268582f2c0ba527068f0bb52714e467e12a95cd46e90c03cf4e81a6375e9b9587f412437af5c96256748da51670d4406fec1422e07d9b4a64b516fd57a523107d803e218138785bcd5a2e2912f866a0201cc39d57b4a02c7c1a81e307b715f95a9525510d04b0b8caa36a183b83f4c51b5c43ed2c4708889d82d152310e3ef0e408ea1c1d31e79a719718a3a81b8921556b9793da21fde1e9d2956a5413b140f8c8362ef8f867bb10cdf0fad8e5dcc5ebf5fafaf8eae04d39823ac9871a6b416fdd968cb50b633faf9b23e2723e715655bcf6420c502935666cfdf59cb929976d710fdac8eae87ad5e065808aeb15728f7d3e2adb3d43274b756f55f8eecde9322ca4b6fd42bc0b50066eddaf,gx-no-cache=1741267718075 HTTP/1.1" 200 106
190.95.67.97 - - [06/Mar/2025:10:27:05 -0300] "POST /cormun/servlet/solicitudot?gx-no-cache=1741267718093 HTTP/1.1" 200 30
190.95.67.97 - - [06/Mar/2025:10:27:05 -0300] "POST /cormun/servlet/solicitudot?gx-no-cache=1741267718113 HTTP/1.1" 200 1481
190.95.67.97 - - [06/Mar/2025:10:27:05 -0300] "POST /cormun/servlet/solicitudot?gx-no-cache=1741267718146 HTTP/1.1" 200 38
190.95.67.97 - - [06/Mar/2025:10:27:05 -0300] "GET /cormun/servlet/solicitudot?cd7a606c67ff9375e9bd1c79606eb7be7f0d402202c1c1f1ac72a3d26bc850e49c6598a54cc92822124b50385fea4345098706d051537111a13cd6036e74573c0f5c4530701d9b04129dd1166e08a77d13b5df5e2fdf140fcac41121de22f845dcbb898c8fbe28af401ce9b09570e7fe,gx-no-cache=1741267718181 HTTP/1.1" 200 110
190.95.67.97 - - [06/Mar/2025:10:27:05 -0300] "POST /cormun/servlet/solicitudot?gx-no-cache=1741267718217 HTTP/1.1" 200 64
190.95.67.97 - - [06/Mar/2025:10:27:05 -0300] "GET /cormun/servlet/solicitudot?cd7a606c67ff9375e9bd1c79606eb7be85fd07be2234bc842bf339b857495052,gx-no-cache=1741267718246 HTTP/1.1" 200 30
190.95.67.97 - - [06/Mar/2025:10:27:05 -0300] "POST /cormun/servlet/solicitudot?gx-no-cache=1741267718264 HTTP/1.1" 200 30
190.95.67.97 - - [06/Mar/2025:10:27:07 -0300] "POST /cormun/servlet/solicitudot?gx-no-cache=1741267719236 HTTP/1.1" 200 4046
190.95.67.97 - - [06/Mar/2025:10:27:07 -0300] "POST /cormun/servlet/solicitudot?467589b3aaaef31b50a9d3aa48e6e6f4,INS,0,0,false,,gx-no-cache=1741267719354 HTTP/1.1" 200 12806
190.95.67.97 - - [06/Mar/2025:10:27:07 -0300] "GET /cormun/servlet/solicitudot?cd7a606c67ff9375e9bd1c79606eb7be86ecd55329e5cdddad54c6ade26cf42acef3f88bf3b204142793e9ca8e973a21,gx-no-cache=1741267719583 HTTP/1.1" 200 111
190.95.67.97 - - [06/Mar/2025:10:27:15 -0300] "POST /cormun/servlet/solicitudot?gx-no-cache=1741267727377 HTTP/1.1" 200 4046
190.95.67.97 - - [06/Mar/2025:10:27:15 -0300] "POST /cormun/servlet/solicitudot?467589b3aaaef31b50a9d3aa48e6e6f4,INS,0,0,false,,gx-no-cache=1741267727492 HTTP/1.1" 200 12853
190.95.67.97 - - [06/Mar/2025:10:27:15 -0300] "GET /cormun/servlet/solicitudot?cd7a606c67ff9375e9bd1c79606eb7be86ecd55329e5cdddad54c6ade26cf42acef3f88bf3b204142793e9ca8e973a21,gx-no-cache=1741267727703 HTTP/1.1" 200 111
190.95.67.97 - - [06/Mar/2025:10:27:15 -0300] "GET /cormun/servlet/solicitudot?cd7a606c67ff9375e9bd1c79606eb7beb5660a5b3f7480bfe28fa23f574a1538,gx-no-cache=1741267727736 HTTP/1.1" 200 94
190.95.67.97 - - [06/Mar/2025:10:27:15 -0300] "GET /cormun/servlet/solicitudot?cd7a606c67ff9375e9bd1c79606eb7be137f6a84da6b36a6c66e65d91381e494,gx-no-cache=1741267727753 HTTP/1.1" 200 29
190.95.67.97 - - [06/Mar/2025:10:27:15 -0300] "POST /cormun/servlet/solicitudot?gx-no-cache=1741267727783 HTTP/1.1" 200 297
190.95.67.97 - - [06/Mar/2025:10:27:15 -0300] "GET /cormun/servlet/solicitudot?cd7a606c67ff9375e9bd1c79606eb7be652050845eed769285eb692f01d39ec01c316ad9b614f9e2403d498db1d96c75f43f23456c144723e5cb2c3ee859ee58bc3575d8861629a0aa5bc0206ac21acfa3e756664e97a9e54ce97bae6147844f50ef49fc5d534f5848d49e8b3984cf5f5671aba268582f2c0ba527068f0bb52714e467e12a95cd46e90c03cf4e81a6375e9b9587f412437af5c96256748da51670d4406fec1422e07d9b4a64b516fd57a523107d803e218138785bcd5a2e2912f866a0201cc39d57b4a02c7c1a81e307b715f95a9525510d04b0b8caa36a183b83f4c51b5c43ed2c4708889d82d15231a28e3f01c032ddae7fa16022319e055c2c41304fe6b156cdf71adc6a60ec01a4155082b4af30ed9bbde7c452619f363aba2539c71b1001a767867dd222934f8614c6485e6fc86d23a3f2d1c2df8160056a4a1156491a0c1c1cc284ad5c77c3e0612c84b2f245a3d9556ade8a89d551a4a7467cbd2246ef5e0e0d06c473ca248c2fd2d5fddc7388dc495a2d5665fa9d91905daccc314f9a514bfbf94a6c86fd35,gx-no-cache=1741267727808 HTTP/1.1" 200 30
190.95.67.97 - - [06/Mar/2025:10:27:15 -0300] "POST /cormun/servlet/solicitudot?gx-no-cache=1741267727829 HTTP/1.1" 200 30
190.95.67.97 - - [06/Mar/2025:10:27:15 -0300] "POST /cormun/servlet/solicitudot?gx-no-cache=1741267727950 HTTP/1.1" 200 1481
190.95.67.97 - - [06/Mar/2025:10:27:15 -0300] "POST /cormun/servlet/solicitudot?gx-no-cache=1741267728130 HTTP/1.1" 200 38
190.95.67.97 - - [06/Mar/2025:10:27:15 -0300] "GET /cormun/servlet/solicitudot?cd7a606c67ff9375e9bd1c79606eb7be7f0d402202c1c1f1ac72a3d26bc850e49c6598a54cc92822124b50385fea4345098706d051537111a13cd6036e74573c0f5c4530701d9b04129dd1166e08a77d13b5df5e2fdf140fcac41121de22f845dcbb898c8fbe28af401ce9b09570e7fe,gx-no-cache=1741267728264 HTTP/1.1" 200 110
190.95.67.97 - - [06/Mar/2025:10:27:16 -0300] "POST /cormun/servlet/solicitudot?gx-no-cache=1741267728305 HTTP/1.1" 200 64
190.95.67.97 - - [06/Mar/2025:10:27:16 -0300] "GET /cormun/servlet/solicitudot?cd7a606c67ff9375e9bd1c79606eb7be85fd07be2234bc842bf339b857495052,gx-no-cache=1741267728343 HTTP/1.1" 200 30
190.95.67.97 - - [06/Mar/2025:10:27:16 -0300] "POST /cormun/servlet/solicitudot?gx-no-cache=1741267728362 HTTP/1.1" 200 30
190.95.67.97 - - [06/Mar/2025:10:27:16 -0300] "POST /cormun/servlet/solicitudot?gx-no-cache=1741267728431 HTTP/1.1" 200 4046
190.95.67.97 - - [06/Mar/2025:10:27:16 -0300] "POST /cormun/servlet/solicitudot?467589b3aaaef31b50a9d3aa48e6e6f4,INS,0,0,false,,gx-no-cache=1741267728622 HTTP/1.1" 200 12910
190.95.67.97 - - [06/Mar/2025:10:27:17 -0300] "GET /cormun/servlet/solicitudot?cd7a606c67ff9375e9bd1c79606eb7be86ecd55329e5cdddad54c6ade26cf42acef3f88bf3b204142793e9ca8e973a21,gx-no-cache=1741267729382 HTTP/1.1" 200 111
209.141.37.95 - - [06/Mar/2025:10:27:20 -0300] "GET /manager/html HTTP/1.1" 401 2474
190.95.67.97 - - [06/Mar/2025:10:27:23 -0300] "GET /cormun/servlet/solicitudot?cd7a606c67ff9375e9bd1c79606eb7be28daf3f1736e0c737a10502ada36b8596db3aae494894ce813d9e92f5eb622d2,gx-no-cache=1741267735355 HTTP/1.1" 200 30
190.95.67.97 - - [06/Mar/2025:10:27:27 -0300] "GET /cormun/servlet/solicitudot?cd7a606c67ff9375e9bd1c79606eb7becca2ee013a520a8bf1383a560a9d8e35db3f693697d298636edfa2624579fa6c098433d12a8ba45fd2be61f669d96044,gx-no-cache=1741267739545 HTTP/1.1" 200 30
190.95.67.97 - - [06/Mar/2025:10:27:27 -0300] "GET /cormun/servlet/solicitudot?cd7a606c67ff9375e9bd1c79606eb7bedb216c470d383c69f7c3d2fc42b6c8f6,gx-no-cache=1741267739567 HTTP/1.1" 200 53
190.95.67.97 - - [06/Mar/2025:10:27:27 -0300] "POST /cormun/servlet/solicitudot?gx-no-cache=1741267739611 HTTP/1.1" 200 297
190.95.67.97 - - [06/Mar/2025:10:27:27 -0300] "GET /cormun/servlet/solicitudot?cd7a606c67ff9375e9bd1c79606eb7be652050845eed769285eb692f01d39ec01c316ad9b614f9e2403d498db1d96c75f43f23456c144723e5cb2c3ee859ee58bc3575d8861629a0aa5bc0206ac21acfa3e756664e97a9e54ce97bae6147844f50ef49fc5d534f5848d49e8b3984cf5f5671aba268582f2c0ba527068f0bb52714e467e12a95cd46e90c03cf4e81a6375e9b9587f412437af5c96256748da51670d4406fec1422e07d9b4a64b516fd57a523107d803e218138785bcd5a2e2912f866a0201cc39d57b4a02c7c1a81e307b715f95a9525510d04b0b8caa36a183b83f4c51b5c43ed2c4708889d82d15231a28e3f01c032ddae7fa16022319e055c2c41304fe6b156cdf71adc6a60ec01a4155082b4af30ed9bbde7c452619f363aba2539c71b1001a767867dd222934f8614c6485e6fc86d23a3f2d1c2df8160056a4a1156491a0c1c1cc284ad5c77c3e0612c84b2f245a3d9556ade8a89d551a4a7467cbd2246ef5e0e0d06c473ca248cd6f6f5413a3ede0df6d296ad0d5e60ed905daccc314f9a514bfbf94a6c86fd35,gx-no-cache=1741267739654 HTTP/1.1" 200 30
190.95.67.97 - - [06/Mar/2025:10:27:27 -0300] "POST /cormun/servlet/solicitudot?gx-no-cache=1741267739687 HTTP/1.1" 200 30
190.95.67.97 - - [06/Mar/2025:10:27:27 -0300] "POST /cormun/servlet/solicitudot?gx-no-cache=1741267739725 HTTP/1.1" 200 1481
190.95.67.97 - - [06/Mar/2025:10:27:27 -0300] "POST /cormun/servlet/solicitudot?gx-no-cache=1741267739770 HTTP/1.1" 200 38
190.95.67.97 - - [06/Mar/2025:10:27:27 -0300] "GET /cormun/servlet/solicitudot?cd7a606c67ff9375e9bd1c79606eb7be7f0d402202c1c1f1ac72a3d26bc850e49c6598a54cc92822124b50385fea4345098706d051537111a13cd6036e74573c0f5c4530701d9b04129dd1166e08a77d13b5df5e2fdf140fcac41121de22f845dcbb898c8fbe28af401ce9b09570e7fe,gx-no-cache=1741267739802 HTTP/1.1" 200 110
190.95.67.97 - - [06/Mar/2025:10:27:27 -0300] "POST /cormun/servlet/solicitudot?gx-no-cache=1741267739835 HTTP/1.1" 200 64
190.95.67.97 - - [06/Mar/2025:10:27:27 -0300] "GET /cormun/servlet/solicitudot?cd7a606c67ff9375e9bd1c79606eb7be85fd07be2234bc842bf339b857495052,gx-no-cache=1741267739864 HTTP/1.1" 200 30
190.95.67.97 - - [06/Mar/2025:10:27:27 -0300] "POST /cormun/servlet/solicitudot?gx-no-cache=1741267739882 HTTP/1.1" 200 30
190.95.67.97 - - [06/Mar/2025:10:27:27 -0300] "POST /cormun/servlet/solicitudot?gx-no-cache=1741267740226 HTTP/1.1" 200 30
190.95.67.97 - - [06/Mar/2025:10:27:27 -0300] "POST /cormun/servlet/solicitudot?gx-no-cache=1741267740254 HTTP/1.1" 200 1481
190.95.67.97 - - [06/Mar/2025:10:27:28 -0300] "POST /cormun/servlet/solicitudot?gx-no-cache=1741267740288 HTTP/1.1" 200 38
190.95.67.97 - - [06/Mar/2025:10:27:28 -0300] "GET /cormun/servlet/solicitudot?cd7a606c67ff9375e9bd1c79606eb7be7f0d402202c1c1f1ac72a3d26bc850e49c6598a54cc92822124b50385fea4345098706d051537111a13cd6036e74573c0f5c4530701d9b04129dd1166e08a77d13b5df5e2fdf140fcac41121de22f845dcbb898c8fbe28af401ce9b09570e7fe,gx-no-cache=1741267740315 HTTP/1.1" 200 110
190.95.67.97 - - [06/Mar/2025:10:27:28 -0300] "POST /cormun/servlet/solicitudot?gx-no-cache=1741267740357 HTTP/1.1" 200 64
190.95.67.97 - - [06/Mar/2025:10:27:28 -0300] "GET /cormun/servlet/solicitudot?cd7a606c67ff9375e9bd1c79606eb7be85fd07be2234bc842bf339b857495052,gx-no-cache=1741267740403 HTTP/1.1" 200 30
190.95.67.97 - - [06/Mar/2025:10:27:28 -0300] "POST /cormun/servlet/solicitudot?gx-no-cache=1741267740423 HTTP/1.1" 200 30
45.148.10.235 - - [06/Mar/2025:10:27:42 -0300] "GET / HTTP/1.1" 200 11217
190.95.67.97 - - [06/Mar/2025:10:27:45 -0300] "POST /cormun/servlet/solicitudot?gx-no-cache=1741267757455 HTTP/1.1" 200 255
190.95.67.97 - - [06/Mar/2025:10:27:47 -0300] "GET /cormun/servlet/solicitudot?cd7a606c67ff9375e9bd1c79606eb7be652050845eed769285eb692f01d39ec0277ada8fa77462640532ed2f0d119d20f43f23456c144723e5cb2c3ee859ee58bc3575d8861629a0aa5bc0206ac21acfa3e756664e97a9e54ce97bae6147844f50ef49fc5d534f5848d49e8b3984cf5f5671aba268582f2c0ba527068f0bb52714e467e12a95cd46e90c03cf4e81a6375e9b9587f412437af5c96256748da51670d4406fec1422e07d9b4a64b516fd57a523107d803e218138785bcd5a2e2912f866a0201cc39d57b4a02c7c1a81e307b715f95a9525510d04b0b8caa36a183b83f4c51b5c43ed2c4708889d82d152313937bb3540b2f2419e2046746aa9d6152c41304fe6b156cdf71adc6a60ec01a45dadd5e79fc1f7920ee634076b06322d9441921580aded2d8ba3bdafde7a0f72ebce96569f2310e8e56081614e7f42f9909dd692905f1eb1705ab4ae32d15f7cfc876f28a0efe9ac93594b299d055c31b15ec14721843f23d16fc06891a84d68fa151910b347f74ed6f3ccb9eb45c3d9,gx-no-cache=1741267759841 HTTP/1.1" 200 30
190.95.67.97 - - [06/Mar/2025:10:28:00 -0300] "POST /cormun/servlet/solicitudot?gx-no-cache=1741267772855 HTTP/1.1" 200 240
190.95.67.97 - - [06/Mar/2025:10:28:01 -0300] "GET /cormun/servlet/solicitudot?cd7a606c67ff9375e9bd1c79606eb7be652050845eed769285eb692f01d39ec0e0edbb294ffab568796bce12862be12af43f23456c144723e5cb2c3ee859ee58bc3575d8861629a0aa5bc0206ac21acfa3e756664e97a9e54ce97bae6147844f50ef49fc5d534f5848d49e8b3984cf5f5671aba268582f2c0ba527068f0bb52714e467e12a95cd46e90c03cf4e81a6375e9b9587f412437af5c96256748da51670d4406fec1422e07d9b4a64b516fd57a523107d803e218138785bcd5a2e2912f866a0201cc39d57b4a02c7c1a81e307b715f95a9525510d04b0b8caa36a183b83f4c51b5c43ed2c4708889d82d152313937bb3540b2f2419e2046746aa9d6152c41304fe6b156cdf71adc6a60ec01a4155082b4af30ed9bbde7c452619f363aba2539c71b1001a767867dd222934f8614c6485e6fc86d23a3f2d1c2df816005a4fddb4fb05ceaf97e7895610d9f06efa7fdecfa253ebb26cc5fc39042995cddaea3321897fbd70ffaf86903dfde89a2f370b2dad3e1d0c140607a48b5526f94,gx-no-cache=1741267774151 HTTP/1.1" 200 30
190.95.67.97 - - [06/Mar/2025:10:28:05 -0300] "POST /cormun/servlet/solicitudot?gx-no-cache=1741267778249 HTTP/1.1" 200 30
190.95.15.15 - - [06/Mar/2025:10:28:17 -0300] "GET /cormun/servlet/hlogin HTTP/1.1" 200 1729
190.95.67.97 - - [06/Mar/2025:10:28:19 -0300] "POST /cormun/servlet/solicitudot?gx-no-cache=1741267792186 HTTP/1.1" 200 1481
190.95.67.97 - - [06/Mar/2025:10:28:25 -0300] "GET /cormun/static/menuarrow.gif HTTP/1.1" 404 1015
190.95.15.15 - - [06/Mar/2025:10:28:26 -0300] "POST /cormun/servlet/hlogin?e5663913a5c785a50621093784197209,gx-no-cache=1741267800037 HTTP/1.1" 200 430
190.95.15.15 - - [06/Mar/2025:10:28:31 -0300] "POST /cormun/servlet/hlogin?e5663913a5c785a50621093784197209,gx-no-cache=1741267805182 HTTP/1.1" 200 90
190.95.15.15 - - [06/Mar/2025:10:28:31 -0300] "GET /cormun/servlet/hpexe_link HTTP/1.1" 200 957
190.95.15.15 - - [06/Mar/2025:10:28:31 -0300] "GET /cormun/servlet/hhome HTTP/1.1" 200 3980
190.95.67.97 - - [06/Mar/2025:10:28:34 -0300] "POST /cormun/servlet/solicitudot?gx-no-cache=1741267806552 HTTP/1.1" 200 41
190.95.15.15 - - [06/Mar/2025:10:28:34 -0300] "GET /cormun/servlet/trpermisosgoce? HTTP/1.1" 200 7773
190.95.67.91 - - [06/Mar/2025:10:28:35 -0300] "POST /cormun/servlet/trlicencias?4385cd1cee2953f237b37019c22bd17d,,gx-no-cache=1741267808428 HTTP/1.1" 440 972
190.95.67.91 - - [06/Mar/2025:10:28:36 -0300] "GET /cormun/servlet/trlicencias? HTTP/1.1" 200 6046
190.95.67.91 - - [06/Mar/2025:10:28:36 -0300] "GET /cormun/servlet/hlogin HTTP/1.1" 200 1737
190.95.15.15 - - [06/Mar/2025:10:28:38 -0300] "GET /cormun/servlet/permisogoce?INS,0,,, HTTP/1.1" 200 6846
190.95.67.91 - - [06/Mar/2025:10:28:44 -0300] "POST /cormun/servlet/hlogin?7708d76c5d5944c2b673b80c31aede09,gx-no-cache=1741267817601 HTTP/1.1" 200 90
190.95.67.91 - - [06/Mar/2025:10:28:44 -0300] "GET /cormun/servlet/hpexe_link HTTP/1.1" 200 955
190.95.67.91 - - [06/Mar/2025:10:28:44 -0300] "GET /cormun/servlet/trlicencias HTTP/1.1" 200 10165
190.95.15.15 - - [06/Mar/2025:10:28:50 -0300] "GET /cormun/servlet/permisogoce?62d79e3344efb777b215ed8e9deced1e718270a41c927f86f2ace90845e8bd8c0726c7a4b4d2457641d5df8fc1234ee100ffafca9b82409b4201ba4b0a3e2e78,gx-no-cache=1741267823443 HTTP/1.1" 200 176
190.95.15.15 - - [06/Mar/2025:10:28:50 -0300] "GET /cormun/static/Shared/jqueryui/images/ui-icons_82798d_256x240.png HTTP/1.1" 404 1089
190.95.15.15 - - [06/Mar/2025:10:28:50 -0300] "GET /cormun/static/Shared/jqueryui/images/ui-bg_highlight-soft_100_c6c2c8_1x100.png HTTP/1.1" 404 1117
190.95.15.15 - - [06/Mar/2025:10:28:50 -0300] "GET /cormun/static/Shared/jqueryui/images/ui-bg_flat_55_994d53_40x100.png HTTP/1.1" 404 1097
190.95.15.15 - - [06/Mar/2025:10:28:50 -0300] "GET /cormun/static/Shared/jqueryui/images/ui-icons_ebccce_256x240.png HTTP/1.1" 404 1089
190.95.67.97 - - [06/Mar/2025:10:28:54 -0300] "GET /cormun/servlet/solicitudot?cd7a606c67ff9375e9bd1c79606eb7be7f0d402202c1c1f1ac72a3d26bc850e49c6598a54cc92822124b50385fea4345098706d051537111a13cd6036e74573c0f5c4530701d9b04129dd1166e08a77d13b5df5e2fdf140fcac41121de22f845dcbb898c8fbe28af401ce9b09570e7fe,gx-no-cache=1741267827177 HTTP/1.1" 200 110
190.95.67.97 - - [06/Mar/2025:10:28:54 -0300] "POST /cormun/servlet/solicitudot?gx-no-cache=1741267827206 HTTP/1.1" 200 97
190.95.67.97 - - [06/Mar/2025:10:29:07 -0300] "GET /cormun/servlet/solicitudot?cd7a606c67ff9375e9bd1c79606eb7becf9b081e7a98261e1bbde6be6943f9324850b79d1033ebad1a39621f24aa4e46,gx-no-cache=1741267839389 HTTP/1.1" 200 30
190.95.67.97 - - [06/Mar/2025:10:29:07 -0300] "POST /cormun/servlet/solicitudot?gx-no-cache=1741267839417 HTTP/1.1" 200 34
190.95.67.97 - - [06/Mar/2025:10:29:07 -0300] "POST /cormun/servlet/solicitudot?467589b3aaaef31b50a9d3aa48e6e6f4,INS,0,0,false,,gx-no-cache=1741267839455 HTTP/1.1" 200 93
190.95.67.97 - - [06/Mar/2025:10:29:07 -0300] "GET /cormun/servlet/hpexe_return? HTTP/1.1" 200 1012
190.95.67.97 - - [06/Mar/2025:10:29:09 -0300] "GET /cormun/servlet/trsolicitudot HTTP/1.1" 200 8530
190.95.67.97 - - [06/Mar/2025:10:29:11 -0300] "GET /cormun//static/Resources/PXToolsRemoveAllAction.png HTTP/1.1" 200 487
190.95.67.97 - - [06/Mar/2025:10:29:11 -0300] "GET /cormun//static/Resources/PXToolsActionView.png HTTP/1.1" 200 398
190.95.15.15 - - [06/Mar/2025:10:29:37 -0300] "GET /cormun/servlet/permisogoce?62d79e3344efb777b215ed8e9deced1e718270a41c927f86f2ace90845e8bd8c0726c7a4b4d2457641d5df8fc1234ee100ffafca9b82409b4201ba4b0a3e2e78,gx-no-cache=1741267864782 HTTP/1.1" 200 176
190.95.15.15 - - [06/Mar/2025:10:29:37 -0300] "POST /cormun/servlet/permisogoce?e5663913a5c785a50621093784197209,INS,0,,,,gx-no-cache=1741267871139 HTTP/1.1" 200 93
190.95.15.15 - - [06/Mar/2025:10:29:37 -0300] "GET /cormun/servlet/hpexe_return? HTTP/1.1" 200 1015
190.95.15.15 - - [06/Mar/2025:10:29:37 -0300] "GET /cormun/servlet/trpermisosgoce HTTP/1.1" 200 7775
190.95.15.15 - - [06/Mar/2025:10:29:40 -0300] "GET /cormun/servlet/permisogoce?INS,0,,, HTTP/1.1" 200 6846
190.95.15.15 - - [06/Mar/2025:10:29:50 -0300] "GET /cormun/servlet/prfichaempleado?,MD,,gxPopupLevel%3D0%3B HTTP/1.1" 200 9279
190.95.15.15 - - [06/Mar/2025:10:29:50 -0300] "GET /cormun/static/gxcfg.js?20201215571085 HTTP/1.1" 200 953
190.95.15.15 - - [06/Mar/2025:10:29:50 -0300] "GET /cormun/static/prfichaempleado.js?20201215572193 HTTP/1.1" 200 16005
190.95.15.15 - - [06/Mar/2025:10:29:57 -0300] "GET /cormun/servlet/permisogoce?62d79e3344efb777b215ed8e9deced1e718270a41c927f86f2ace90845e8bd8c0726c7a4b4d2457641d5df8fc1234ee100ffafca9b82409b4201ba4b0a3e2e78,gx-no-cache=1741267891348 HTTP/1.1" 200 176
190.95.67.97 - - [06/Mar/2025:10:30:23 -0300] "POST /cormun/servlet/trsolicitudot?467589b3aaaef31b50a9d3aa48e6e6f4,gx-no-cache=1741267915598 HTTP/1.1" 200 107
190.95.67.97 - - [06/Mar/2025:10:30:23 -0300] "GET /cormun/servlet/trsolicitudadjuntos?2025,21976, HTTP/1.1" 200 5973
190.95.67.97 - - [06/Mar/2025:10:30:25 -0300] "GET /cormun/static/gxcfg.js?20201215574222 HTTP/1.1" 200 953
190.95.67.97 - - [06/Mar/2025:10:30:25 -0300] "GET /cormun/static/trsolicitudadjuntos.js?20201215574932 HTTP/1.1" 200 17921
190.95.67.97 - - [06/Mar/2025:10:30:25 -0300] "GET /cormun/static/Resources/PXToolsGridNew.png HTTP/1.1" 200 427
190.95.67.97 - - [06/Mar/2025:10:30:27 -0300] "GET /cormun/servlet/solicitudotadjuntos?INS,2025,21976,,1, HTTP/1.1" 200 5917
190.95.67.97 - - [06/Mar/2025:10:30:29 -0300] "GET /cormun/static/gxcfg.js?202211298385187 HTTP/1.1" 200 953
190.95.67.97 - - [06/Mar/2025:10:30:29 -0300] "GET /cormun/static/solicitudotadjuntos.js?202211298385196 HTTP/1.1" 200 11771
190.95.67.97 - - [06/Mar/2025:10:30:29 -0300] "GET /cormun/static/about:blank HTTP/1.1" 404 1011
190.95.67.97 - - [06/Mar/2025:10:30:30 -0300] "GET /cormun/servlet/solicitudotadjuntos?cd7a606c67ff9375e9bd1c79606eb7be287a4a196310c70d9e13827b334398e04f05a4724b84a74f15970cefbfbc1d3d,gx-no-cache=1741267922735 HTTP/1.1" 200 30
190.95.67.97 - - [06/Mar/2025:10:30:30 -0300] "POST /cormun/servlet/solicitudotadjuntos?467589b3aaaef31b50a9d3aa48e6e6f4,INS,2025,21976,,1,,gx-no-cache=1741267922753 HTTP/1.1" 200 3907
190.95.67.97 - - [06/Mar/2025:10:30:34 -0300] "POST /cormun/servlet/solicitudotadjuntos?gx-no-cache=1741267926781 HTTP/1.1" 200 26
190.95.67.91 - - [06/Mar/2025:10:30:40 -0300] "GET /cormun/servlet/trpermisosingoce? HTTP/1.1" 200 7172
190.95.67.91 - - [06/Mar/2025:10:30:40 -0300] "GET /cormun/static/gxcfg.js?2020121653066 HTTP/1.1" 200 953
190.95.67.91 - - [06/Mar/2025:10:30:40 -0300] "GET /cormun/static/trpermisosingoce.js?2020121655097 HTTP/1.1" 200 34472
190.95.67.91 - - [06/Mar/2025:10:30:44 -0300] "GET /cormun/servlet/permisosingoce?INS,0, HTTP/1.1" 200 7063
190.95.67.91 - - [06/Mar/2025:10:30:44 -0300] "GET /cormun/static/gxcfg.js?20201215145691 HTTP/1.1" 200 953
190.95.67.91 - - [06/Mar/2025:10:30:44 -0300] "GET /cormun/static/permisosingoce.js?2020121515014 HTTP/1.1" 200 25779
190.95.67.91 - - [06/Mar/2025:10:30:51 -0300] "GET /cormun/servlet/trsolicitudot? HTTP/1.1" 200 7451
190.95.67.91 - - [06/Mar/2025:10:30:54 -0300] "GET /cormun/servlet/trlicencias? HTTP/1.1" 200 10164
190.95.15.15 - - [06/Mar/2025:10:32:10 -0300] "GET /cormun/servlet/trsolicitudot? HTTP/1.1" 200 7208
190.95.15.15 - - [06/Mar/2025:10:32:12 -0300] "GET /cormun/servlet/solicitudot?INS,0,0,false, HTTP/1.1" 200 15982
190.95.15.15 - - [06/Mar/2025:10:32:21 -0300] "POST /cormun/servlet/solicitudot?gx-no-cache=1741268035168 HTTP/1.1" 200 4046
190.95.15.15 - - [06/Mar/2025:10:32:21 -0300] "POST /cormun/servlet/solicitudot?e5663913a5c785a50621093784197209,INS,0,0,false,,gx-no-cache=1741268035266 HTTP/1.1" 200 12624
190.95.15.15 - - [06/Mar/2025:10:32:24 -0300] "GET /cormun/servlet/solicitudot?3f0405a324c657a5a825a2a988f627c0c083a84ea28f04b2b5fe1c3f7cb173ef9b98257f4b0ffcb46f6e3b07ae6dcfc6,gx-no-cache=1741268038096 HTTP/1.1" 200 30
209.141.37.95 - - [06/Mar/2025:10:33:14 -0300] "GET /manager/html HTTP/1.1" 401 2474
194.120.230.215 - - [06/Mar/2025:10:33:16 -0300] "GET /cgi-bin/luci/;stok=/locale HTTP/1.1" 404 1013
190.95.15.15 - - [06/Mar/2025:10:33:18 -0300] "GET /cormun/servlet/prbanco?,MD,,gxPopupLevel%3D0%3B HTTP/1.1" 200 6641
190.95.15.15 - - [06/Mar/2025:10:33:31 -0300] "GET /cormun/servlet/solicitudot?3f0405a324c657a5a825a2a988f627c0e5e9d9b4e93d0b1b656742b5c17af9e0,gx-no-cache=1741268105154 HTTP/1.1" 200 94
190.95.15.15 - - [06/Mar/2025:10:33:31 -0300] "GET /cormun/static/Shared/jqueryui/images/ui-bg_highlight-soft_100_c6c2c8_1x100.png HTTP/1.1" 404 1117
190.95.15.15 - - [06/Mar/2025:10:33:31 -0300] "GET /cormun/static/Shared/jqueryui/images/ui-bg_flat_55_994d53_40x100.png HTTP/1.1" 404 1097
190.95.15.15 - - [06/Mar/2025:10:33:31 -0300] "GET /cormun/static/Shared/jqueryui/images/ui-icons_82798d_256x240.png HTTP/1.1" 404 1089
190.95.15.15 - - [06/Mar/2025:10:33:31 -0300] "GET /cormun/static/Shared/jqueryui/images/ui-icons_ebccce_256x240.png HTTP/1.1" 404 1089
190.95.67.97 - - [06/Mar/2025:10:33:32 -0300] "GET /cormun/servlet/solicitudotadjuntos?cd7a606c67ff9375e9bd1c79606eb7be5777e0d5b80f8b52304fba4547c1065e,gx-no-cache=1741268104957 HTTP/1.1" 200 30
190.95.67.97 - - [06/Mar/2025:10:33:32 -0300] "GET /cormun/servlet/solicitudotadjuntos?INS,2025,21976,,1, HTTP/1.1" 200 5910
190.95.67.97 - - [06/Mar/2025:10:33:32 -0300] "GET /cormun/static/about:blank HTTP/1.1" 404 1011
190.95.67.97 - - [06/Mar/2025:10:33:33 -0300] "GET /cormun/servlet/solicitudotadjuntos?cd7a606c67ff9375e9bd1c79606eb7be287a4a196310c70d9e13827b334398e04f05a4724b84a74f15970cefbfbc1d3d,gx-no-cache=1741268105714 HTTP/1.1" 200 30
190.95.67.97 - - [06/Mar/2025:10:33:33 -0300] "POST /cormun/servlet/solicitudotadjuntos?467589b3aaaef31b50a9d3aa48e6e6f4,INS,2025,21976,,1,,gx-no-cache=1741268105738 HTTP/1.1" 200 3911
190.95.67.97 - - [06/Mar/2025:10:33:36 -0300] "POST /cormun/servlet/solicitudotadjuntos?gx-no-cache=1741268109071 HTTP/1.1" 200 26
190.95.67.97 - - [06/Mar/2025:10:33:42 -0300] "GET /cormun/servlet/solicitudotadjuntos?cd7a606c67ff9375e9bd1c79606eb7be5777e0d5b80f8b52304fba4547c1065e,gx-no-cache=1741268114398 HTTP/1.1" 200 30
190.95.67.97 - - [06/Mar/2025:10:33:42 -0300] "GET /cormun/servlet/solicitudotadjuntos?cd7a606c67ff9375e9bd1c79606eb7be5777e0d5b80f8b52304fba4547c1065e,gx-no-cache=1741268114415 HTTP/1.1" 200 30
190.95.67.97 - - [06/Mar/2025:10:33:42 -0300] "POST /cormun/servlet/solicitudotadjuntos?467589b3aaaef31b50a9d3aa48e6e6f4,INS,2025,21976,,1, HTTP/1.1" 200 116
190.95.67.97 - - [06/Mar/2025:10:33:42 -0300] "GET /cormun/servlet/hpexe_return? HTTP/1.1" 200 1028
190.95.67.97 - - [06/Mar/2025:10:33:42 -0300] "GET /cormun/servlet/trsolicitudadjuntos?2025,21976, HTTP/1.1" 200 8978
190.95.67.97 - - [06/Mar/2025:10:33:44 -0300] "GET /cormun/servlet/solicitudotadjuntos?INS,2025,21976,,1, HTTP/1.1" 200 5917
190.95.67.97 - - [06/Mar/2025:10:33:44 -0300] "GET /cormun/static/about:blank HTTP/1.1" 404 1011
190.95.67.97 - - [06/Mar/2025:10:33:45 -0300] "GET /cormun/servlet/solicitudotadjuntos?cd7a606c67ff9375e9bd1c79606eb7be287a4a196310c70d9e13827b334398e04f05a4724b84a74f15970cefbfbc1d3d,gx-no-cache=1741268117430 HTTP/1.1" 200 30
190.95.67.97 - - [06/Mar/2025:10:33:45 -0300] "POST /cormun/servlet/solicitudotadjuntos?467589b3aaaef31b50a9d3aa48e6e6f4,INS,2025,21976,,1,,gx-no-cache=1741268117455 HTTP/1.1" 200 3906
190.95.67.97 - - [06/Mar/2025:10:33:47 -0300] "POST /cormun/servlet/solicitudotadjuntos?gx-no-cache=1741268119452 HTTP/1.1" 200 26
190.95.15.15 - - [06/Mar/2025:10:35:04 -0300] "GET /cormun/servlet/solicitudot?3f0405a324c657a5a825a2a988f627c0bc634a6082f0a8536317dcdce2d8f6cf144de37ca32f5779038a6c9ccf52a219ca7ec22d6b4e5de6d0405ab2cd91c980,gx-no-cache=1741268188672 HTTP/1.1" 200 30
190.95.15.15 - - [06/Mar/2025:10:35:04 -0300] "GET /cormun/servlet/solicitudot?3f0405a324c657a5a825a2a988f627c0ee9f5d75d94ec5e4d6430829224e8674,gx-no-cache=1741268198035 HTTP/1.1" 200 70
190.95.15.15 - - [06/Mar/2025:10:35:04 -0300] "POST /cormun/servlet/solicitudot?e5663913a5c785a50621093784197209,INS,0,0,false,,gx-no-cache=1741268198072 HTTP/1.1" 200 12867
190.95.15.15 - - [06/Mar/2025:10:35:04 -0300] "GET /cormun/static/Shared/jqueryui/images/ui-bg_flat_55_fafafa_40x100.png HTTP/1.1" 404 1097
190.95.15.15 - - [06/Mar/2025:10:35:04 -0300] "GET /cormun/static/Shared/jqueryui/images/ui-icons_8d78a5_256x240.png HTTP/1.1" 404 1089
190.95.15.15 - - [06/Mar/2025:10:35:08 -0300] "GET /cormun/servlet/solicitudot?3f0405a324c657a5a825a2a988f627c0d601effb47818d94c8fdb939952615550dd9c91d0e837ab2814a4ccb4f3f7941d47f36e098eafde64638ff439cfa6f1021c6870198753cef78402137901df3958dd342e4999a9054c2a6b1b82ddb174e,gx-no-cache=1741268201469 HTTP/1.1" 200 70
190.95.15.15 - - [06/Mar/2025:10:35:20 -0300] "POST /cormun/servlet/solicitudot?gx-no-cache=1741268213453 HTTP/1.1" 200 255
190.95.15.15 - - [06/Mar/2025:10:35:22 -0300] "GET /cormun/servlet/solicitudot?3f0405a324c657a5a825a2a988f627c031e544e9d201ad2a955fb02aaa5a3f063b3560b929268f37d4982b25d0e2408b7aa60470c1e59d60680d7802f7c1697cd86ee7711f9ea17fdf937eafdfa163351e46cabd91359d2e8e59f6fa5f5afc9eb4ab13b45afc76807b59efe2e50ba8ece8c7f1e90a9711518ba42e4df4810e530ecc6bfcfd828a3733720e919a559dd24281e893a25d132ad5df6ff0fe174ccfa9df45f603373bc693e78e60125145abf993061c332b23ccda220bb6e623beb496778f11d4da1d8f3a4950de6bfe3943e3316b301a58ada7224f048f798284de412187a66b361d5500799ee6b48ca4c96647ac867bdef1aef39ac77d777f68d3c7923fcaf33fe68ca155783de4779066d744544c0f8412c66d0fc800d68c86c73dc1a1e4c5bda75fcbc5e8c68148a2b23cf9174a4857393953418717edbfa6f1d3250a113e45ecaacdc634b06719a2eb613edc600c71e8359435538e63a3e623bd70db1bc7591ab9674ef19d8e202fff1a127b33c61513f62827c19f59e9f041,gx-no-cache=1741268215677 HTTP/1.1" 200 30
190.95.15.15 - - [06/Mar/2025:10:35:25 -0300] "POST /cormun/servlet/solicitudot?gx-no-cache=1741268218446 HTTP/1.1" 200 30
190.95.67.97 - - [06/Mar/2025:10:35:34 -0300] "GET /cormun/servlet/solicitudotadjuntos?cd7a606c67ff9375e9bd1c79606eb7be5777e0d5b80f8b52304fba4547c1065e,gx-no-cache=1741268226769 HTTP/1.1" 200 30
190.95.67.97 - - [06/Mar/2025:10:35:34 -0300] "GET /cormun/servlet/solicitudotadjuntos?cd7a606c67ff9375e9bd1c79606eb7be5777e0d5b80f8b52304fba4547c1065e,gx-no-cache=1741268226785 HTTP/1.1" 200 30
190.95.67.97 - - [06/Mar/2025:10:35:34 -0300] "POST /cormun/servlet/solicitudotadjuntos?467589b3aaaef31b50a9d3aa48e6e6f4,INS,2025,21976,,1, HTTP/1.1" 200 116
190.95.67.97 - - [06/Mar/2025:10:35:34 -0300] "GET /cormun/servlet/hpexe_return? HTTP/1.1" 200 1028
190.95.67.97 - - [06/Mar/2025:10:35:34 -0300] "GET /cormun/servlet/trsolicitudadjuntos?2025,21976, HTTP/1.1" 200 9271
190.95.67.97 - - [06/Mar/2025:10:35:37 -0300] "GET /cormun/servlet/solicitudotadjuntos?INS,2025,21976,,1, HTTP/1.1" 200 5917
190.95.67.97 - - [06/Mar/2025:10:35:37 -0300] "GET /cormun/static/about:blank HTTP/1.1" 404 1011
190.95.67.97 - - [06/Mar/2025:10:35:38 -0300] "GET /cormun/servlet/solicitudotadjuntos?cd7a606c67ff9375e9bd1c79606eb7be287a4a196310c70d9e13827b334398e04f05a4724b84a74f15970cefbfbc1d3d,gx-no-cache=1741268230533 HTTP/1.1" 200 30
190.95.67.97 - - [06/Mar/2025:10:35:38 -0300] "POST /cormun/servlet/solicitudotadjuntos?467589b3aaaef31b50a9d3aa48e6e6f4,INS,2025,21976,,1,,gx-no-cache=1741268230579 HTTP/1.1" 200 3907
190.95.15.15 - - [06/Mar/2025:10:35:40 -0300] "POST /cormun/servlet/solicitudot?gx-no-cache=1741268234203 HTTP/1.1" 200 1481
190.95.15.15 - - [06/Mar/2025:10:35:40 -0300] "POST /cormun/servlet/solicitudot?gx-no-cache=1741268234257 HTTP/1.1" 200 38
190.95.67.97 - - [06/Mar/2025:10:35:41 -0300] "POST /cormun/servlet/solicitudotadjuntos?gx-no-cache=1741268233420 HTTP/1.1" 200 26
190.95.15.15 - - [06/Mar/2025:10:36:35 -0300] "POST /cormun/servlet/solicitudot?gx-no-cache=1741268288414 HTTP/1.1" 200 110
190.95.15.15 - - [06/Mar/2025:10:36:35 -0300] "GET /cormun/servlet/solicitudot?INS,0,0,false, HTTP/1.1" 200 15989
190.95.15.15 - - [06/Mar/2025:10:36:45 -0300] "POST /cormun/servlet/solicitudot?gx-no-cache=1741268298877 HTTP/1.1" 200 4046
190.95.15.15 - - [06/Mar/2025:10:36:45 -0300] "POST /cormun/servlet/solicitudot?e5663913a5c785a50621093784197209,INS,0,0,false,,gx-no-cache=1741268298980 HTTP/1.1" 200 12631
190.95.15.15 - - [06/Mar/2025:10:36:48 -0300] "GET /cormun/servlet/solicitudot?3f0405a324c657a5a825a2a988f627c0c083a84ea28f04b2b5fe1c3f7cb173ef9b98257f4b0ffcb46f6e3b07ae6dcfc6,gx-no-cache=1741268301536 HTTP/1.1" 200 30
190.95.67.97 - - [06/Mar/2025:10:37:07 -0300] "GET /cormun/servlet/solicitudotadjuntos?cd7a606c67ff9375e9bd1c79606eb7be5777e0d5b80f8b52304fba4547c1065e,gx-no-cache=1741268319608 HTTP/1.1" 200 30
190.95.67.97 - - [06/Mar/2025:10:37:07 -0300] "GET /cormun/servlet/solicitudotadjuntos?cd7a606c67ff9375e9bd1c79606eb7be5777e0d5b80f8b52304fba4547c1065e,gx-no-cache=1741268319634 HTTP/1.1" 200 30
190.95.67.97 - - [06/Mar/2025:10:37:07 -0300] "POST /cormun/servlet/solicitudotadjuntos?467589b3aaaef31b50a9d3aa48e6e6f4,INS,2025,21976,,1, HTTP/1.1" 200 116
190.95.67.97 - - [06/Mar/2025:10:37:07 -0300] "GET /cormun/servlet/hpexe_return? HTTP/1.1" 200 1028
190.95.67.97 - - [06/Mar/2025:10:37:07 -0300] "GET /cormun/servlet/trsolicitudadjuntos?2025,21976, HTTP/1.1" 200 9477
190.95.15.15 - - [06/Mar/2025:10:37:34 -0300] "GET /cormun/servlet/solicitudot?3f0405a324c657a5a825a2a988f627c0bc634a6082f0a8536317dcdce2d8f6cf144de37ca32f5779038a6c9ccf52a219ca7ec22d6b4e5de6d0405ab2cd91c980,gx-no-cache=1741268348238 HTTP/1.1" 200 30
190.95.15.15 - - [06/Mar/2025:10:37:34 -0300] "GET /cormun/servlet/solicitudot?3f0405a324c657a5a825a2a988f627c038895fd1119bfe793724218b2d7be402,gx-no-cache=1741268348264 HTTP/1.1" 200 29
190.95.15.15 - - [06/Mar/2025:10:37:35 -0300] "POST /cormun/servlet/solicitudot?gx-no-cache=1741268349191 HTTP/1.1" 200 255
190.95.15.15 - - [06/Mar/2025:10:37:37 -0300] "GET /cormun/servlet/solicitudot?3f0405a324c657a5a825a2a988f627c031e544e9d201ad2a955fb02aaa5a3f063b3560b929268f37d4982b25d0e2408b7aa60470c1e59d60680d7802f7c1697cd86ee7711f9ea17fdf937eafdfa163351e46cabd91359d2e8e59f6fa5f5afc9eb4ab13b45afc76807b59efe2e50ba8ece8c7f1e90a9711518ba42e4df4810e530ecc6bfcfd828a3733720e919a559dd24281e893a25d132ad5df6ff0fe174ccfa9df45f603373bc693e78e60125145abf993061c332b23ccda220bb6e623beb496778f11d4da1d8f3a4950de6bfe3943e3316b301a58ada7224f048f798284de412187a66b361d5500799ee6b48ca4c96647ac867bdef1aef39ac77d777f68d3c7923fcaf33fe68ca155783de4779066d744544c0f8412c66d0fc800d68c86c73dc1a1e4c5bda75fcbc5e8c68148a2b23cf9174a4857393953418717edbfa6f1d3250a113e45ecaacdc634b06719a2eb613edc600c71e8359435538e63a3e623bd70db1bc7591ab9674ef19d8e202fff1a127b33c61513f62827c19f59e9f041,gx-no-cache=1741268350678 HTTP/1.1" 200 30
190.95.15.15 - - [06/Mar/2025:10:37:38 -0300] "POST /cormun/servlet/solicitudot?gx-no-cache=1741268352399 HTTP/1.1" 200 30
190.95.15.15 - - [06/Mar/2025:10:37:42 -0300] "GET /cormun/servlet/prbanco?,MD,,gxPopupLevel%3D0%3B HTTP/1.1" 200 6641
190.95.15.15 - - [06/Mar/2025:10:37:48 -0300] "GET /cormun/servlet/solicitudot?3f0405a324c657a5a825a2a988f627c0ee9f5d75d94ec5e4d6430829224e8674,gx-no-cache=1741268361890 HTTP/1.1" 200 70
190.95.15.15 - - [06/Mar/2025:10:37:54 -0300] "POST /cormun/servlet/solicitudot?gx-no-cache=1741268368270 HTTP/1.1" 200 1481
190.95.15.15 - - [06/Mar/2025:10:37:54 -0300] "POST /cormun/servlet/solicitudot?gx-no-cache=1741268368296 HTTP/1.1" 200 38
190.95.15.15 - - [06/Mar/2025:10:38:02 -0300] "GET /cormun/servlet/solicitudot?3f0405a324c657a5a825a2a988f627c0efe15986eec3a9b360491f273c2ffc759c67f16764060a1e0095dfc9bf56a5b68cc69e29de3298afdad9901c259ab900097dcaea1799e5c4f10ec399c2a8f36b7b99583005e54ee878a06f9814f0c3c4511832218f6cce820f90e647c92c667d,gx-no-cache=1741268375562 HTTP/1.1" 200 110
190.95.15.15 - - [06/Mar/2025:10:38:02 -0300] "POST /cormun/servlet/solicitudot?gx-no-cache=1741268375587 HTTP/1.1" 200 110
190.95.15.15 - - [06/Mar/2025:10:38:08 -0300] "GET /cormun/servlet/solicitudot?3f0405a324c657a5a825a2a988f627c0550c8078b069c718b6ac4fb20c5d0ba560b0f3581d4bcf4fa5c3b18521a3371b33a600a2bdf68c0b1903f146b0c848634a6959becfe1a91e78de4b9ad659cc51f6722e25c368d9af7d167df6fb8669cf782d4926681dc930554a7484a88a65ae,gx-no-cache=1741268382326 HTTP/1.1" 200 29
190.95.15.15 - - [06/Mar/2025:10:38:08 -0300] "GET /cormun/static/menuarrow.gif HTTP/1.1" 404 1015
190.95.15.15 - - [06/Mar/2025:10:38:12 -0300] "GET /cormun/servlet/solicitudot?3f0405a324c657a5a825a2a988f627c0f4ea841b6015bf2a962fb68fc3f625c6de603c8bc85cae9995db3607db85fb6e,gx-no-cache=1741268386397 HTTP/1.1" 200 30
190.95.15.15 - - [06/Mar/2025:10:38:29 -0300] "POST /cormun/servlet/solicitudot?gx-no-cache=1741268403282 HTTP/1.1" 200 30
190.95.15.15 - - [06/Mar/2025:10:38:30 -0300] "POST /cormun/servlet/solicitudot?e5663913a5c785a50621093784197209,INS,0,0,false,,gx-no-cache=1741268403300 HTTP/1.1" 200 93
190.95.15.15 - - [06/Mar/2025:10:38:30 -0300] "GET /cormun/servlet/hpexe_return? HTTP/1.1" 200 1016
190.95.15.15 - - [06/Mar/2025:10:38:30 -0300] "GET /cormun/servlet/trsolicitudot HTTP/1.1" 200 8617
190.95.15.15 - - [06/Mar/2025:10:38:35 -0300] "POST /cormun/servlet/trsolicitudot?e5663913a5c785a50621093784197209,gx-no-cache=1741268409023 HTTP/1.1" 200 113
190.95.15.15 - - [06/Mar/2025:10:38:35 -0300] "GET /cormun/servlet/solicitudot?UPD,2025,21977,false, HTTP/1.1" 200 16630
190.95.15.15 - - [06/Mar/2025:10:38:36 -0300] "POST /cormun/servlet/solicitudot?gx-no-cache=1741268409787 HTTP/1.1" 200 4118
190.95.15.15 - - [06/Mar/2025:10:38:36 -0300] "POST /cormun/servlet/solicitudot?e5663913a5c785a50621093784197209,UPD,2025,21977,false,,gx-no-cache=1741268409881 HTTP/1.1" 200 12834
190.95.15.15 - - [06/Mar/2025:10:38:36 -0300] "GET /cormun/servlet/solicitudot?3f0405a324c657a5a825a2a988f627c0c083a84ea28f04b2b5fe1c3f7cb173efe185d5061b8235d6c7a9330b2bc38dee,gx-no-cache=1741268409964 HTTP/1.1" 200 30
190.95.15.15 - - [06/Mar/2025:10:38:36 -0300] "GET /cormun/servlet/solicitudot?3f0405a324c657a5a825a2a988f627c0bc634a6082f0a8536317dcdce2d8f6cf144de37ca32f5779038a6c9ccf52a219a4f2f3c71d8c0aa5880f0385ecf74151,gx-no-cache=1741268409980 HTTP/1.1" 200 30
190.95.15.15 - - [06/Mar/2025:10:38:36 -0300] "GET /cormun/servlet/solicitudot?3f0405a324c657a5a825a2a988f627c0d601effb47818d94c8fdb939952615550dd9c91d0e837ab2814a4ccb4f3f7941d47f36e098eafde64638ff439cfa6f1021c6870198753cef78402137901df3958dd342e4999a9054c2a6b1b82ddb174e,gx-no-cache=1741268409996 HTTP/1.1" 200 70
190.95.15.15 - - [06/Mar/2025:10:38:36 -0300] "POST /cormun/servlet/solicitudot?gx-no-cache=1741268410013 HTTP/1.1" 200 254
190.95.15.15 - - [06/Mar/2025:10:38:36 -0300] "GET /cormun/servlet/solicitudot?3f0405a324c657a5a825a2a988f627c031e544e9d201ad2a955fb02aaa5a3f063b3560b929268f37d4982b25d0e2408b7aa60470c1e59d60680d7802f7c1697cd86ee7711f9ea17fdf937eafdfa163351e46cabd91359d2e8e59f6fa5f5afc9eb4ab13b45afc76807b59efe2e50ba8ece8c7f1e90a9711518ba42e4df4810e530ecc6bfcfd828a3733720e919a559dd24281e893a25d132ad5df6ff0fe174ccfa9df45f603373bc693e78e60125145abf993061c332b23ccda220bb6e623beb496778f11d4da1d8f3a4950de6bfe3943e3316b301a58ada7224f048f798284de412187a66b361d5500799ee6b48ca4c96647ac867bdef1aef39ac77d777f68d3c7923fcaf33fe68ca155783de4779066d744544c0f8412c66d0fc800d68c86c73dc1a1e4c5bda75fcbc5e8c68148a2b23cf9174a4857393953418717edbfa6f1d3250a113e45ecaacdc634b06719a2eb613edc600c71e8359435538e63a3e623bd70db1bc7591ab9674ef19d8e202fff1b448dfa74d0f14ed2f19a45f618c9c1,gx-no-cache=1741268410030 HTTP/1.1" 200 30
190.95.15.15 - - [06/Mar/2025:10:38:36 -0300] "POST /cormun/servlet/solicitudot?gx-no-cache=1741268410046 HTTP/1.1" 200 30
190.95.15.15 - - [06/Mar/2025:10:38:36 -0300] "POST /cormun/servlet/solicitudot?gx-no-cache=1741268410066 HTTP/1.1" 200 1481
190.95.15.15 - - [06/Mar/2025:10:38:36 -0300] "POST /cormun/servlet/solicitudot?gx-no-cache=1741268410086 HTTP/1.1" 200 41
190.95.15.15 - - [06/Mar/2025:10:38:38 -0300] "GET /cormun/servlet/solicitudot?3f0405a324c657a5a825a2a988f627c0efe15986eec3a9b360491f273c2ffc759c67f16764060a1e0095dfc9bf56a5b68cc69e29de3298afdad9901c259ab900097dcaea1799e5c4f10ec399c2a8f36b7b99583005e54ee878a06f9814f0c3c4511832218f6cce820f90e647c92c667d,gx-no-cache=1741268411463 HTTP/1.1" 200 110
190.95.15.15 - - [06/Mar/2025:10:38:38 -0300] "POST /cormun/servlet/solicitudot?gx-no-cache=1741268411479 HTTP/1.1" 200 109
190.95.15.15 - - [06/Mar/2025:10:38:38 -0300] "GET /cormun/servlet/solicitudot?3f0405a324c657a5a825a2a988f627c0165ace074d82679de905cf628ff37801f80f3f938e4932e35ff6b280a491951b1fa09fb3dc6eea6a591e050a380504347f27a8e52c71e425fc3032d4c9f9f0453d1f203c92d29fa956fc4e0939c7eca7330c2f6dd2e1c2b63131ed9f30a5640a123ace2b056ca50e2e1a755de4bc8705fb620ba99169ebae8b4e15cb1015a473df8102695f3d236f42a8a8e2cc004751fec78ec234782cc879c702d6bc53d786358d276d95643f85ce6f1b7476e395e474c76c0ff73cd73e4249cee6cd1e0a12,gx-no-cache=1741268412354 HTTP/1.1" 200 30
190.95.15.15 - - [06/Mar/2025:10:38:49 -0300] "GET /cormun/servlet/solicitudot?3f0405a324c657a5a825a2a988f627c0f4ea841b6015bf2a962fb68fc3f625c6de603c8bc85cae9995db3607db85fb6e,gx-no-cache=1741268422918 HTTP/1.1" 200 30
190.95.15.15 - - [06/Mar/2025:10:38:49 -0300] "POST /cormun/servlet/solicitudot?gx-no-cache=1741268422935 HTTP/1.1" 200 30
190.95.15.15 - - [06/Mar/2025:10:38:49 -0300] "POST /cormun/servlet/solicitudot?e5663913a5c785a50621093784197209,UPD,2025,21977,false,,gx-no-cache=1741268422951 HTTP/1.1" 200 93
190.95.15.15 - - [06/Mar/2025:10:38:49 -0300] "GET /cormun/servlet/hpexe_return? HTTP/1.1" 200 1022
190.95.15.15 - - [06/Mar/2025:10:38:49 -0300] "GET /cormun/servlet/trsolicitudot HTTP/1.1" 200 8616
209.141.37.95 - - [06/Mar/2025:10:39:02 -0300] "GET /manager/html HTTP/1.1" 401 2474
190.95.15.15 - - [06/Mar/2025:10:39:12 -0300] "POST /cormun/servlet/trsolicitudot?e5663913a5c785a50621093784197209,gx-no-cache=1741268445767 HTTP/1.1" 200 4579
190.95.15.15 - - [06/Mar/2025:10:39:12 -0300] "GET /cormun/static/Shared/jqueryui/images/ui-bg_highlight-soft_100_c6c2c8_1x100.png HTTP/1.1" 404 1117
190.95.15.15 - - [06/Mar/2025:10:39:12 -0300] "GET /cormun/static/Shared/jqueryui/images/ui-icons_82798d_256x240.png HTTP/1.1" 404 1089
190.95.15.15 - - [06/Mar/2025:10:39:12 -0300] "GET /cormun/static/Shared/jqueryui/images/ui-bg_flat_55_fafafa_40x100.png HTTP/1.1" 404 1097
190.95.15.15 - - [06/Mar/2025:10:39:12 -0300] "GET /cormun/static/Shared/jqueryui/images/ui-icons_8d78a5_256x240.png HTTP/1.1" 404 1089
190.95.15.15 - - [06/Mar/2025:10:39:12 -0300] "POST /cormun/servlet/trsolicitudot?e5663913a5c785a50621093784197209,gx-no-cache=1741268445872 HTTP/1.1" 200 4348
190.95.15.15 - - [06/Mar/2025:10:39:23 -0300] "GET /cormun/servlet/hlogin HTTP/1.1" 200 1745
190.95.15.15 - - [06/Mar/2025:10:39:31 -0300] "POST /cormun/servlet/hlogin?e5663913a5c785a50621093784197209,gx-no-cache=1741268464832 HTTP/1.1" 200 90
190.95.15.15 - - [06/Mar/2025:10:39:31 -0300] "GET /cormun/servlet/hpexe_link HTTP/1.1" 200 957
190.95.15.15 - - [06/Mar/2025:10:39:31 -0300] "GET /cormun/servlet/hhome HTTP/1.1" 200 4231
190.95.15.15 - - [06/Mar/2025:10:39:37 -0300] "GET /cormun/servlet/trautorizarsolicitud? HTTP/1.1" 200 8745
190.95.15.15 - - [06/Mar/2025:10:39:41 -0300] "POST /cormun/servlet/trautorizarsolicitud?e5663913a5c785a50621093784197209,,gx-no-cache=1741268474483 HTTP/1.1" 200 4776
190.95.15.15 - - [06/Mar/2025:10:39:41 -0300] "POST /cormun/servlet/trautorizarsolicitud?e5663913a5c785a50621093784197209,,gx-no-cache=1741268474569 HTTP/1.1" 200 4543
190.95.15.17 - - [06/Mar/2025:10:40:04 -0300] "GET /cormun/servlet/hlogin HTTP/1.1" 200 1721
190.95.15.17 - - [06/Mar/2025:10:40:08 -0300] "POST /cormun/servlet/hlogin?fe103a5b5f431ec11af3730440215fcd,gx-no-cache=1741268797404 HTTP/1.1" 200 90
190.95.15.17 - - [06/Mar/2025:10:40:08 -0300] "GET /cormun/servlet/hpexe_link HTTP/1.1" 200 952
190.95.15.17 - - [06/Mar/2025:10:40:08 -0300] "GET /cormun/servlet/hhome HTTP/1.1" 200 4381
190.95.15.17 - - [06/Mar/2025:10:40:12 -0300] "GET /cormun/servlet/trsolicitudot? HTTP/1.1" 200 7601
190.95.15.17 - - [06/Mar/2025:10:40:12 -0300] "GET /cormun/static/gxcfg.js?20221129846531 HTTP/1.1" 200 953
190.95.15.17 - - [06/Mar/2025:10:40:12 -0300] "GET /cormun/static/trsolicitudot.js?202211298465651 HTTP/1.1" 200 54040
190.95.15.17 - - [06/Mar/2025:10:40:16 -0300] "GET /cormun/servlet/solicitudot?INS,0,0,false, HTTP/1.1" 200 16375
190.95.15.17 - - [06/Mar/2025:10:40:16 -0300] "GET /cormun/static/gxcfg.js?20221129840861 HTTP/1.1" 200 953
190.95.15.17 - - [06/Mar/2025:10:40:16 -0300] "GET /cormun/static/Resources/prompt.gif HTTP/1.1" 200 902
190.95.15.17 - - [06/Mar/2025:10:40:16 -0300] "GET /cormun/static/solicitudot.js?20221129840983 HTTP/1.1" 200 74072
190.95.15.15 - - [06/Mar/2025:10:40:22 -0300] "GET /cormun/servlet/hlogin HTTP/1.1" 200 1751
190.95.15.15 - - [06/Mar/2025:10:40:29 -0300] "POST /cormun/servlet/hlogin?e5663913a5c785a50621093784197209,gx-no-cache=1741268522577 HTTP/1.1" 200 90
190.95.15.15 - - [06/Mar/2025:10:40:29 -0300] "GET /cormun/servlet/hpexe_link HTTP/1.1" 200 957
190.95.15.15 - - [06/Mar/2025:10:40:29 -0300] "GET /cormun/servlet/hhome HTTP/1.1" 200 3980
190.95.15.15 - - [06/Mar/2025:10:40:31 -0300] "GET /cormun/servlet/trlicencias? HTTP/1.1" 200 9463
186.103.159.204 - - [06/Mar/2025:10:40:53 -0300] "GET /cormun/servlet/solicitudotadjuntos?INS,2025,21976,,1, HTTP/1.1" 200 5917
186.103.159.204 - - [06/Mar/2025:10:40:53 -0300] "GET /cormun/servlet/trlicencias? HTTP/1.1" 200 8338
186.103.159.204 - - [06/Mar/2025:10:40:53 -0300] "GET /cormun/static/about:blank HTTP/1.1" 404 1011
186.103.159.204 - - [06/Mar/2025:10:40:59 -0300] "GET /cormun/servlet/trsolicitudot? HTTP/1.1" 200 8526
186.103.159.204 - - [06/Mar/2025:10:41:02 -0300] "POST /cormun/servlet/trsolicitudot?467589b3aaaef31b50a9d3aa48e6e6f4,,gx-no-cache=1741268554909 HTTP/1.1" 200 107
186.103.159.204 - - [06/Mar/2025:10:41:02 -0300] "GET /cormun/servlet/trsolicitudadjuntos?2025,21976, HTTP/1.1" 200 9471
186.103.159.204 - - [06/Mar/2025:10:41:06 -0300] "GET /cormun/servlet/solicitudotadjuntos?INS,2025,21976,,1, HTTP/1.1" 200 5916
186.103.159.204 - - [06/Mar/2025:10:41:06 -0300] "GET /cormun/static/about:blank HTTP/1.1" 404 1011
186.103.159.204 - - [06/Mar/2025:10:41:06 -0300] "GET /cormun/servlet/solicitudotadjuntos?cd7a606c67ff9375e9bd1c79606eb7be287a4a196310c70d9e13827b334398e04f05a4724b84a74f15970cefbfbc1d3d,gx-no-cache=1741268559108 HTTP/1.1" 200 30
186.103.159.204 - - [06/Mar/2025:10:41:07 -0300] "POST /cormun/servlet/solicitudotadjuntos?467589b3aaaef31b50a9d3aa48e6e6f4,INS,2025,21976,,1,,gx-no-cache=1741268559523 HTTP/1.1" 200 3906
186.103.159.204 - - [06/Mar/2025:10:41:10 -0300] "POST /cormun/servlet/solicitudotadjuntos?gx-no-cache=1741268562996 HTTP/1.1" 200 26
186.103.159.204 - - [06/Mar/2025:10:41:18 -0300] "GET /cormun/servlet/solicitudotadjuntos?cd7a606c67ff9375e9bd1c79606eb7be5777e0d5b80f8b52304fba4547c1065e,gx-no-cache=1741268570431 HTTP/1.1" 200 30
186.103.159.204 - - [06/Mar/2025:10:41:18 -0300] "GET /cormun/servlet/solicitudotadjuntos?cd7a606c67ff9375e9bd1c79606eb7be5777e0d5b80f8b52304fba4547c1065e,gx-no-cache=1741268570486 HTTP/1.1" 200 30
186.103.159.204 - - [06/Mar/2025:10:41:18 -0300] "POST /cormun/servlet/solicitudotadjuntos?467589b3aaaef31b50a9d3aa48e6e6f4,INS,2025,21976,,1, HTTP/1.1" 200 116
186.103.159.204 - - [06/Mar/2025:10:41:19 -0300] "GET /cormun/servlet/hpexe_return? HTTP/1.1" 200 1028
186.103.159.204 - - [06/Mar/2025:10:41:19 -0300] "GET /cormun/servlet/trsolicitudadjuntos?2025,21976, HTTP/1.1" 200 9796
186.103.159.204 - - [06/Mar/2025:10:41:22 -0300] "GET /cormun/servlet/solicitudotadjuntos?INS,2025,21976,,1, HTTP/1.1" 200 5916
186.103.159.204 - - [06/Mar/2025:10:41:24 -0300] "GET /cormun/static/about:blank HTTP/1.1" 404 1011
186.103.159.204 - - [06/Mar/2025:10:41:24 -0300] "GET /cormun/servlet/solicitudotadjuntos?cd7a606c67ff9375e9bd1c79606eb7be287a4a196310c70d9e13827b334398e04f05a4724b84a74f15970cefbfbc1d3d,gx-no-cache=1741268576993 HTTP/1.1" 200 30
186.103.159.204 - - [06/Mar/2025:10:41:24 -0300] "POST /cormun/servlet/solicitudotadjuntos?467589b3aaaef31b50a9d3aa48e6e6f4,INS,2025,21976,,1,,gx-no-cache=1741268577023 HTTP/1.1" 200 3906
186.103.159.204 - - [06/Mar/2025:10:41:26 -0300] "POST /cormun/servlet/solicitudotadjuntos?gx-no-cache=1741268578939 HTTP/1.1" 200 26
186.103.159.204 - - [06/Mar/2025:10:41:35 -0300] "GET /cormun/servlet/solicitudotadjuntos?cd7a606c67ff9375e9bd1c79606eb7be5777e0d5b80f8b52304fba4547c1065e,gx-no-cache=1741268588000 HTTP/1.1" 200 30
186.103.159.204 - - [06/Mar/2025:10:41:35 -0300] "GET /cormun/servlet/solicitudotadjuntos?cd7a606c67ff9375e9bd1c79606eb7be5777e0d5b80f8b52304fba4547c1065e,gx-no-cache=1741268588029 HTTP/1.1" 200 30
