209.141.37.95 - - [06/Mar/2025:00:02:18 -0300] "GET /manager/html HTTP/1.1" 401 2474
209.141.37.95 - - [06/Mar/2025:00:08:29 -0300] "GET /manager/html HTTP/1.1" 401 2474
209.141.37.95 - - [06/Mar/2025:00:14:35 -0300] "GET /manager/html HTTP/1.1" 401 2474
78.108.177.51 - - [06/Mar/2025:00:15:32 -0300] "GET / HTTP/1.0" 200 11197
209.141.37.95 - - [06/Mar/2025:00:20:47 -0300] "GET /manager/html HTTP/1.1" 401 2474
209.141.37.95 - - [06/Mar/2025:00:26:55 -0300] "GET /manager/html HTTP/1.1" 401 2474
209.141.37.95 - - [06/Mar/2025:00:33:02 -0300] "GET /manager/html HTTP/1.1" 401 2474
194.120.230.215 - - [06/Mar/2025:00:38:46 -0300] "GET /cgi-bin/luci/;stok=/locale HTTP/1.1" 404 1013
209.141.37.95 - - [06/Mar/2025:00:39:07 -0300] "GET /manager/html HTTP/1.1" 401 2474
209.141.37.95 - - [06/Mar/2025:00:45:12 -0300] "GET /manager/html HTTP/1.1" 401 2474
104.248.90.41 - - [06/Mar/2025:00:46:10 -0300] "-" 400 -
104.248.90.41 - - [06/Mar/2025:00:46:10 -0300] "GET / HTTP/1.1" 200 11217
104.248.90.41 - - [06/Mar/2025:00:46:11 -0300] "GET /download/powershell/ HTTP/1.1" 404 1001
104.248.90.41 - - [06/Mar/2025:00:46:11 -0300] "GET /get.php HTTP/1.1" 404 975
209.141.37.95 - - [06/Mar/2025:00:51:15 -0300] "GET /manager/html HTTP/1.1" 401 2474
209.141.37.95 - - [06/Mar/2025:00:57:16 -0300] "GET /manager/html HTTP/1.1" 401 2474
209.141.37.95 - - [06/Mar/2025:01:03:20 -0300] "GET /manager/html HTTP/1.1" 401 2474
209.141.37.95 - - [06/Mar/2025:01:09:27 -0300] "GET /manager/html HTTP/1.1" 401 2474
209.141.37.95 - - [06/Mar/2025:01:15:36 -0300] "GET /manager/html HTTP/1.1" 401 2474
209.141.37.95 - - [06/Mar/2025:01:21:47 -0300] "GET /manager/html HTTP/1.1" 401 2474
147.185.132.115 - - [06/Mar/2025:01:25:51 -0300] "îêPy–תÿ”-¾þœ mÍîÓ³WtºEŖ–°Û¢+É ÜwÔ=8u" 400 -
147.185.132.115 - - [06/Mar/2025:01:25:51 -0300] "-" 400 -
209.141.37.95 - - [06/Mar/2025:01:27:52 -0300] "GET /manager/html HTTP/1.1" 401 2474
209.141.37.95 - - [06/Mar/2025:01:33:58 -0300] "GET /manager/html HTTP/1.1" 401 2474
121.81.209.40 - - [06/Mar/2025:01:38:53 -0300] "GET / HTTP/1.0" 200 11197
209.141.37.95 - - [06/Mar/2025:01:40:08 -0300] "GET /manager/html HTTP/1.1" 401 2474
209.141.37.95 - - [06/Mar/2025:01:46:11 -0300] "GET /manager/html HTTP/1.1" 401 2474
209.141.37.95 - - [06/Mar/2025:01:52:19 -0300] "GET /manager/html HTTP/1.1" 401 2474
209.141.37.95 - - [06/Mar/2025:01:58:31 -0300] "GET /manager/html HTTP/1.1" 401 2474
209.141.37.95 - - [06/Mar/2025:02:04:47 -0300] "GET /manager/html HTTP/1.1" 401 2474
209.141.37.95 - - [06/Mar/2025:02:11:05 -0300] "GET /manager/html HTTP/1.1" 401 2474
209.141.37.95 - - [06/Mar/2025:02:17:15 -0300] "GET /manager/html HTTP/1.1" 401 2474
209.141.37.95 - - [06/Mar/2025:02:23:17 -0300] "GET /manager/html HTTP/1.1" 401 2474
86.144.176.36 - - [06/Mar/2025:02:24:41 -0300] "GET / HTTP/1.0" 200 11197
209.141.37.95 - - [06/Mar/2025:02:29:22 -0300] "GET /manager/html HTTP/1.1" 401 2474
209.141.37.95 - - [06/Mar/2025:02:35:26 -0300] "GET /manager/html HTTP/1.1" 401 2474
209.141.37.95 - - [06/Mar/2025:02:41:32 -0300] "GET /manager/html HTTP/1.1" 401 2474
209.141.37.95 - - [06/Mar/2025:02:47:35 -0300] "GET /manager/html HTTP/1.1" 401 2474
209.141.37.95 - - [06/Mar/2025:02:53:40 -0300] "GET /manager/html HTTP/1.1" 401 2474
209.141.37.95 - - [06/Mar/2025:02:59:47 -0300] "GET /manager/html HTTP/1.1" 401 2474
179.43.161.34 - - [06/Mar/2025:03:02:09 -0300] "GET / HTTP/1.1" 200 11217
209.141.37.95 - - [06/Mar/2025:03:05:40 -0300] "GET /manager/html HTTP/1.1" 401 2474
209.141.37.95 - - [06/Mar/2025:03:11:41 -0300] "GET /manager/html HTTP/1.1" 401 2474
209.97.191.125 - - [06/Mar/2025:03:12:20 -0300] "GET / HTTP/1.1" 200 11217
209.97.191.125 - - [06/Mar/2025:03:12:21 -0300] "GET /favicon.ico HTTP/1.1" 200 21630
209.141.37.95 - - [06/Mar/2025:03:17:50 -0300] "GET /manager/html HTTP/1.1" 401 2474
209.141.37.95 - - [06/Mar/2025:03:24:02 -0300] "GET /manager/html HTTP/1.1" 401 2474
209.141.37.95 - - [06/Mar/2025:03:30:12 -0300] "GET /manager/html HTTP/1.1" 401 2474
209.141.37.95 - - [06/Mar/2025:03:36:21 -0300] "GET /manager/html HTTP/1.1" 401 2474
209.141.37.95 - - [06/Mar/2025:03:42:29 -0300] "GET /manager/html HTTP/1.1" 401 2474
209.141.37.95 - - [06/Mar/2025:03:48:40 -0300] "GET /manager/html HTTP/1.1" 401 2474
209.141.37.95 - - [06/Mar/2025:03:54:55 -0300] "GET /manager/html HTTP/1.1" 401 2474
209.141.37.95 - - [06/Mar/2025:04:01:08 -0300] "GET /manager/html HTTP/1.1" 401 2474
209.141.37.95 - - [06/Mar/2025:04:07:19 -0300] "GET /manager/html HTTP/1.1" 401 2474
209.141.37.95 - - [06/Mar/2025:04:13:08 -0300] "GET /manager/html HTTP/1.1" 401 2474
209.141.37.95 - - [06/Mar/2025:04:18:52 -0300] "GET /manager/html HTTP/1.1" 401 2474
209.141.37.95 - - [06/Mar/2025:04:24:32 -0300] "GET /manager/html HTTP/1.1" 401 2474
209.141.37.95 - - [06/Mar/2025:04:30:39 -0300] "GET /manager/html HTTP/1.1" 401 2474
209.141.37.95 - - [06/Mar/2025:04:36:49 -0300] "GET /manager/html HTTP/1.1" 401 2474
209.141.37.95 - - [06/Mar/2025:04:42:59 -0300] "GET /manager/html HTTP/1.1" 401 2474
209.141.37.95 - - [06/Mar/2025:04:49:06 -0300] "GET /manager/html HTTP/1.1" 401 2474
209.141.37.95 - - [06/Mar/2025:04:55:12 -0300] "GET /manager/html HTTP/1.1" 401 2474
209.141.37.95 - - [06/Mar/2025:05:01:26 -0300] "GET /manager/html HTTP/1.1" 401 2474
209.141.37.95 - - [06/Mar/2025:05:07:47 -0300] "GET /manager/html HTTP/1.1" 401 2474
209.141.37.95 - - [06/Mar/2025:05:14:01 -0300] "GET /manager/html HTTP/1.1" 401 2474
179.43.161.34 - - [06/Mar/2025:05:15:49 -0300] "GET / HTTP/1.1" 200 11217
209.141.37.95 - - [06/Mar/2025:05:20:14 -0300] "GET /manager/html HTTP/1.1" 401 2474
209.141.37.95 - - [06/Mar/2025:05:26:28 -0300] "GET /manager/html HTTP/1.1" 401 2474
209.141.37.95 - - [06/Mar/2025:05:32:43 -0300] "GET /manager/html HTTP/1.1" 401 2474
209.141.37.95 - - [06/Mar/2025:05:38:56 -0300] "GET /manager/html HTTP/1.1" 401 2474
209.141.37.95 - - [06/Mar/2025:05:45:13 -0300] "GET /manager/html HTTP/1.1" 401 2474
209.141.37.95 - - [06/Mar/2025:05:51:29 -0300] "GET /manager/html HTTP/1.1" 401 2474
209.141.37.95 - - [06/Mar/2025:05:57:40 -0300] "GET /manager/html HTTP/1.1" 401 2474
209.141.37.95 - - [06/Mar/2025:06:03:51 -0300] "GET /manager/html HTTP/1.1" 401 2474
209.141.37.95 - - [06/Mar/2025:06:10:03 -0300] "GET /manager/html HTTP/1.1" 401 2474
20.169.107.190 - - [06/Mar/2025:06:10:38 -0300] "-" 400 -
54.211.140.153 - - [06/Mar/2025:06:11:01 -0300] "GET /cormun/servlet/hlogin HTTP/1.1" 200 1721
209.141.37.95 - - [06/Mar/2025:06:16:08 -0300] "GET /manager/html HTTP/1.1" 401 2474
209.141.37.95 - - [06/Mar/2025:06:22:08 -0300] "GET /manager/html HTTP/1.1" 401 2474
209.141.37.95 - - [06/Mar/2025:06:28:09 -0300] "GET /manager/html HTTP/1.1" 401 2474
209.141.37.95 - - [06/Mar/2025:06:34:14 -0300] "GET /manager/html HTTP/1.1" 401 2474
209.141.37.95 - - [06/Mar/2025:06:40:21 -0300] "GET /manager/html HTTP/1.1" 401 2474
209.141.37.95 - - [06/Mar/2025:06:46:22 -0300] "GET /manager/html HTTP/1.1" 401 2474
209.141.37.95 - - [06/Mar/2025:06:52:23 -0300] "GET /manager/html HTTP/1.1" 401 2474
77.222.100.194 - - [06/Mar/2025:06:56:42 -0300] "GET / HTTP/1.1" 200 11217
209.141.37.95 - - [06/Mar/2025:06:58:33 -0300] "GET /manager/html HTTP/1.1" 401 2474
209.141.37.95 - - [06/Mar/2025:07:04:43 -0300] "GET /manager/html HTTP/1.1" 401 2474
177.75.222.167 - - [06/Mar/2025:07:06:34 -0300] "GET / HTTP/1.1" 200 11217
194.120.230.215 - - [06/Mar/2025:07:07:15 -0300] "GET /cgi-bin/luci/;stok=/locale HTTP/1.1" 404 1013
209.141.37.95 - - [06/Mar/2025:07:10:50 -0300] "GET /manager/html HTTP/1.1" 401 2474
209.141.37.95 - - [06/Mar/2025:07:16:57 -0300] "GET /manager/html HTTP/1.1" 401 2474
190.95.67.91 - - [06/Mar/2025:07:20:19 -0300] "GET /cormun/servlet/trlicencias? HTTP/1.1" 200 6052
190.95.67.91 - - [06/Mar/2025:07:20:20 -0300] "GET /cormun/servlet/hlogin HTTP/1.1" 200 1737
209.141.37.95 - - [06/Mar/2025:07:23:06 -0300] "GET /manager/html HTTP/1.1" 401 2474
59.126.174.128 - - [06/Mar/2025:07:27:56 -0300] "GET / HTTP/1.0" 200 11197
201.186.226.3 - - [06/Mar/2025:07:28:57 -0300] "GET /cormun/servlet/hlogin HTTP/1.1" 200 1716
209.141.37.95 - - [06/Mar/2025:07:29:14 -0300] "GET /manager/html HTTP/1.1" 401 2474
201.186.226.3 - - [06/Mar/2025:07:29:15 -0300] "POST /cormun/servlet/hlogin?1d76eb1f9a4ecfb8e937d0c1b732d328,gx-no-cache=1741257049151 HTTP/1.1" 200 90
201.186.226.3 - - [06/Mar/2025:07:29:15 -0300] "GET /cormun/servlet/hpexe_link HTTP/1.1" 200 948
201.186.226.3 - - [06/Mar/2025:07:29:17 -0300] "GET /cormun/servlet/hhome HTTP/1.1" 200 3866
201.186.226.3 - - [06/Mar/2025:07:29:28 -0300] "GET /cormun/servlet/trlicencias? HTTP/1.1" 200 8864
201.186.226.3 - - [06/Mar/2025:07:30:26 -0300] "GET /cormun/servlet/trpermisosgoce? HTTP/1.1" 200 7655
209.141.37.95 - - [06/Mar/2025:07:35:18 -0300] "GET /manager/html HTTP/1.1" 401 2474
190.95.67.91 - - [06/Mar/2025:07:39:41 -0300] "POST /cormun/servlet/hlogin?c9868c733f798c44b3472280d1077fcd,gx-no-cache=1741257675614 HTTP/1.1" 200 90
190.95.67.91 - - [06/Mar/2025:07:39:41 -0300] "GET /cormun/servlet/hpexe_link HTTP/1.1" 200 956
190.95.67.91 - - [06/Mar/2025:07:39:42 -0300] "GET /cormun/servlet/trlicencias HTTP/1.1" 200 9772
190.95.67.91 - - [06/Mar/2025:07:39:54 -0300] "GET /cormun/servlet/trlicencias? HTTP/1.1" 200 9771
190.95.67.91 - - [06/Mar/2025:07:39:56 -0300] "GET /cormun/servlet/licenciaspermisos?INS,0,,, HTTP/1.1" 200 7838
201.186.225.187 - - [06/Mar/2025:07:40:01 -0300] "GET /cormun/servlet/hlogin HTTP/1.1" 200 1723
201.186.225.187 - - [06/Mar/2025:07:40:01 -0300] "GET /cormun/static/Resources/Spanish/PXTools.css?1759030 HTTP/1.1" 304 -
201.186.225.187 - - [06/Mar/2025:07:40:01 -0300] "GET /cormun/static/gxcfg.js?2022112219184450 HTTP/1.1" 304 -
201.186.225.187 - - [06/Mar/2025:07:40:01 -0300] "GET /cormun/static/Resources/CormunLogin.png HTTP/1.1" 304 -
201.186.225.187 - - [06/Mar/2025:07:40:01 -0300] "GET /cormun/static/messages.spa.js?85251 HTTP/1.1" 304 -
201.186.225.187 - - [06/Mar/2025:07:40:01 -0300] "GET /cormun/static/hlogin.js?2022112219184458 HTTP/1.1" 304 -
201.186.225.187 - - [06/Mar/2025:07:40:01 -0300] "GET /cormun/servlet/hlogin HTTP/1.1" 200 1733
190.95.67.91 - - [06/Mar/2025:07:40:04 -0300] "GET /cormun/servlet/licenciaspermisos?cb004051121bf9c027d431cc7863d3331bee56b8a0013c2e093e9d864a84a0e54baabcc26fa12ebda5036821925b4cac0797b0a7563a5cef0bf8d173313583c5,gx-no-cache=1741257698585 HTTP/1.1" 200 81
190.95.67.91 - - [06/Mar/2025:07:40:04 -0300] "POST /cormun/servlet/licenciaspermisos?c9868c733f798c44b3472280d1077fcd,INS,0,,,,gx-no-cache=1741257698621 HTTP/1.1" 200 5099
201.186.225.187 - - [06/Mar/2025:07:40:08 -0300] "POST /cormun/servlet/hlogin?42c625bc2f61b7e5c23efff5f3550306,gx-no-cache=1741261394113 HTTP/1.1" 200 90
201.186.225.187 - - [06/Mar/2025:07:40:08 -0300] "GET /cormun/servlet/hpexe_link HTTP/1.1" 200 953
201.186.225.187 - - [06/Mar/2025:07:40:08 -0300] "GET /cormun/servlet/hhome HTTP/1.1" 200 3973
201.186.225.187 - - [06/Mar/2025:07:40:08 -0300] "GET /cormun/static/Resources/Spanish/PXTools.css?14345360 HTTP/1.1" 304 -
201.186.225.187 - - [06/Mar/2025:07:40:08 -0300] "GET /cormun/static/Resources/CormunMP2.png HTTP/1.1" 304 -
201.186.225.187 - - [06/Mar/2025:07:40:08 -0300] "GET /cormun/static/hpexe_recentlink.js?20201214471090 HTTP/1.1" 304 -
201.186.225.187 - - [06/Mar/2025:07:40:08 -0300] "GET /cormun/static/hwchdr01.js?2022112219251119 HTTP/1.1" 304 -
201.186.225.187 - - [06/Mar/2025:07:40:08 -0300] "GET /cormun/static/cmcontrolpreferences.js?20199141926336 HTTP/1.1" 304 -
201.186.225.187 - - [06/Mar/2025:07:40:08 -0300] "GET /cormun/static/hpexe_messagecontroller.js?202211298371222 HTTP/1.1" 304 -
201.186.225.187 - - [06/Mar/2025:07:40:08 -0300] "GET /cormun/static/hpexe_scripts.js?20201214471411 HTTP/1.1" 304 -
201.186.225.187 - - [06/Mar/2025:07:40:08 -0300] "GET /cormun/static/hpexe_messagepopupcomponent.js?2020121447232 HTTP/1.1" 304 -
201.186.225.187 - - [06/Mar/2025:07:40:08 -0300] "GET /cormun/static/hpexe_messagegenexuscomponent.js?20221129836373 HTTP/1.1" 304 -
201.186.225.187 - - [06/Mar/2025:07:40:08 -0300] "GET /cormun/static/hmpwkw03.js?20221129844354 HTTP/1.1" 304 -
201.186.225.187 - - [06/Mar/2025:07:40:11 -0300] "GET /cormun/servlet/trlicencias? HTTP/1.1" 200 8035
201.186.225.187 - - [06/Mar/2025:07:40:17 -0300] "POST /cormun/servlet/trlicencias?42c625bc2f61b7e5c23efff5f3550306,,gx-no-cache=1741261403194 HTTP/1.1" 200 5409
190.95.67.91 - - [06/Mar/2025:07:40:20 -0300] "GET /cormun/static/menuarrow.gif HTTP/1.1" 404 1015
209.141.37.95 - - [06/Mar/2025:07:41:21 -0300] "GET /manager/html HTTP/1.1" 401 2474
190.95.67.91 - - [06/Mar/2025:07:41:35 -0300] "GET /cormun/servlet/licenciaspermisos?cb004051121bf9c027d431cc7863d3337e506db4b584dc2129a5bbc13c3c1643f4120b2f3f74e45bc796ef39013b2a5df124ab3c9744d62863379aa37ae3546ca1ed9d90ff19f3cd7f4b86e9118d743498429cd9274acb6ea93eb1d4fd85d6cebfda8ab69c568032c824ea4e4a27b9d2088d344c6b3ccc3fc84911738ef3c1db18103222c8ed398bc3dd5064f0eaa6ba015a43ac9b0f3001a1ffa7ecc7dd31dfc185c0480daa7c52990c60ea7faa0e8c,gx-no-cache=1741257790494 HTTP/1.1" 200 30
190.95.67.91 - - [06/Mar/2025:07:41:35 -0300] "GET /cormun/servlet/licenciaspermisos?cb004051121bf9c027d431cc7863d333ac6d1537ef2698fad7a86d524d8b87378d7963bf09d22c8dd53edd8127c0cc53db60f9d58e0655f27ae4470ba6683fd559da72283947370598759d05a1c37f44aea1a1d979c41a475bd6ab719bc951c6e548227699c10675ba3b95de81af7b6d4961af1991f0daad6298cf4d732b1862fc68d03a09787ae1c8ebe2520fdda15d0a1f9de06729689f597d4f5edd255cc7c8b1ca5575a07b3b8277d9939298da28,gx-no-cache=1741257790515 HTTP/1.1" 200 29
190.95.67.91 - - [06/Mar/2025:07:41:36 -0300] "POST /cormun/servlet/licenciaspermisos?c9868c733f798c44b3472280d1077fcd,INS,0,,,,gx-no-cache=1741257790529 HTTP/1.1" 200 93
190.95.67.91 - - [06/Mar/2025:07:41:36 -0300] "GET /cormun/servlet/hpexe_return? HTTP/1.1" 200 1012
190.95.67.91 - - [06/Mar/2025:07:41:37 -0300] "GET /cormun/servlet/trlicencias HTTP/1.1" 200 10288
190.95.67.91 - - [06/Mar/2025:07:41:41 -0300] "GET /cormun/servlet/trlicenciaspermisosadjuntos?12292297,20250306000000,L, HTTP/1.1" 200 6585
190.95.67.91 - - [06/Mar/2025:07:41:41 -0300] "GET /cormun/static/gxui/gxui-all.css?110300 HTTP/1.1" 200 2179
190.95.67.91 - - [06/Mar/2025:07:41:41 -0300] "GET /cormun/static/gxcfg.js?201991422445549 HTTP/1.1" 200 953
190.95.67.91 - - [06/Mar/2025:07:41:41 -0300] "GET /cormun/static/calendar-system.css?75620 HTTP/1.1" 200 5572
190.95.67.91 - - [06/Mar/2025:07:41:41 -0300] "GET /cormun/static/trlicenciaspermisosadjuntos.js?20199142244593 HTTP/1.1" 200 21036
190.95.67.91 - - [06/Mar/2025:07:41:41 -0300] "GET /cormun/static/Resources/Spanish/PXTools.css?2294816 HTTP/1.1" 200 100853
190.95.67.91 - - [06/Mar/2025:07:41:41 -0300] "GET /cormun/static/Shared/ext/resources/css/ext-all.css?205870 HTTP/1.1" 200 416045
190.95.67.91 - - [06/Mar/2025:07:43:08 -0300] "GET /cormun/servlet/licenciaspermisosadjuntos?INS,12292297,L,20250306000000,, HTTP/1.1" 200 5877
190.95.67.91 - - [06/Mar/2025:07:43:09 -0300] "GET /cormun/static/gxcfg.js?20201215114875 HTTP/1.1" 200 953
190.95.67.91 - - [06/Mar/2025:07:43:09 -0300] "GET /cormun/static/licenciaspermisosadjuntos.js?20201215114932 HTTP/1.1" 200 8760
190.95.67.91 - - [06/Mar/2025:07:43:09 -0300] "GET /cormun/static/about:blank HTTP/1.1" 404 1011
190.95.67.91 - - [06/Mar/2025:07:43:18 -0300] "POST /cormun/servlet/licenciaspermisosadjuntos?c9868c733f798c44b3472280d1077fcd,INS,12292297,L,20250306000000,, HTTP/1.1" 200 116
190.95.67.91 - - [06/Mar/2025:07:43:18 -0300] "GET /cormun/servlet/hpexe_return? HTTP/1.1" 200 1042
190.95.67.91 - - [06/Mar/2025:07:43:18 -0300] "GET /cormun/servlet/trlicenciaspermisosadjuntos?12292297,20250306000000,L, HTTP/1.1" 200 7097
190.95.67.91 - - [06/Mar/2025:07:43:20 -0300] "POST /cormun/servlet/trlicenciaspermisosadjuntos?c9868c733f798c44b3472280d1077fcd,12292297,20250306000000,L,,gx-no-cache=1741257895511 HTTP/1.1" 200 90
190.95.67.91 - - [06/Mar/2025:07:43:20 -0300] "GET /cormun/servlet/hpexe_link HTTP/1.1" 200 985
190.95.67.91 - - [06/Mar/2025:07:43:21 -0300] "GET /cormun/servlet/trlicencias HTTP/1.1" 200 10285
190.95.67.91 - - [06/Mar/2025:07:43:24 -0300] "GET /cormun/servlet/alicenciaprn?12292297,L,20250306000000,PU HTTP/1.1" 200 1535
190.95.67.91 - - [06/Mar/2025:07:43:24 -0300] "GET /cormun/servlet/alicenciaprn?12292297,L,20250306000000,PU HTTP/1.1" 200 1536
190.95.67.91 - - [06/Mar/2025:07:46:02 -0300] "POST /cormun/servlet/trlicencias?c9868c733f798c44b3472280d1077fcd,gx-no-cache=1741258056385 HTTP/1.1" 200 7581
190.95.67.91 - - [06/Mar/2025:07:46:02 -0300] "GET /cormun/static/Shared/jqueryui/images/ui-bg_highlight-soft_100_c6c2c8_1x100.png HTTP/1.1" 404 1117
190.95.67.91 - - [06/Mar/2025:07:46:02 -0300] "GET /cormun/static/Shared/jqueryui/images/ui-icons_82798d_256x240.png HTTP/1.1" 404 1089
190.95.67.91 - - [06/Mar/2025:07:46:02 -0300] "GET /cormun/static/Shared/jqueryui/images/ui-icons_8d78a5_256x240.png HTTP/1.1" 404 1089
190.95.67.91 - - [06/Mar/2025:07:46:02 -0300] "GET /cormun/static/Shared/jqueryui/images/ui-bg_flat_55_fafafa_40x100.png HTTP/1.1" 404 1097
209.141.37.95 - - [06/Mar/2025:07:47:28 -0300] "GET /manager/html HTTP/1.1" 401 2474
190.95.15.31 - - [06/Mar/2025:07:50:30 -0300] "GET /cormun/servlet/hlogin HTTP/1.1" 200 1715
190.95.15.31 - - [06/Mar/2025:07:52:11 -0300] "POST /cormun/servlet/hlogin?04660c64633c66423d829f429cb148a3,gx-no-cache=1741258424155 HTTP/1.1" 200 90
190.95.15.31 - - [06/Mar/2025:07:52:11 -0300] "GET /cormun/servlet/hpexe_link HTTP/1.1" 200 945
190.95.15.31 - - [06/Mar/2025:07:52:11 -0300] "GET /cormun/servlet/hhome HTTP/1.1" 200 4348
190.95.15.31 - - [06/Mar/2025:07:52:16 -0300] "GET /cormun/servlet/trsolicitudot? HTTP/1.1" 200 7567
190.95.67.91 - - [06/Mar/2025:07:52:21 -0300] "GET /cormun/servlet/trsolicitudot? HTTP/1.1" 200 8858
190.95.67.91 - - [06/Mar/2025:07:52:38 -0300] "POST /cormun/servlet/trsolicitudot?c9868c733f798c44b3472280d1077fcd,,gx-no-cache=1741258452959 HTTP/1.1" 200 107
190.95.67.91 - - [06/Mar/2025:07:52:38 -0300] "GET /cormun/servlet/trsolicitudadjuntos?2025,21952, HTTP/1.1" 200 10572
190.95.67.91 - - [06/Mar/2025:07:52:42 -0300] "GET /cormun/servlet/solicitudotadjuntos?INS,2025,21952,,1, HTTP/1.1" 200 6280
190.95.67.91 - - [06/Mar/2025:07:52:42 -0300] "GET /cormun/static/about:blank HTTP/1.1" 404 1011
190.95.67.91 - - [06/Mar/2025:07:52:43 -0300] "GET /cormun/servlet/solicitudotadjuntos?3f16ce52eb83b6fc210cefca662c2e302b470efcb20b1e46224cda9e4b0d213ddb1eb74683235af7edfbaeeed78e2913,gx-no-cache=1741258458013 HTTP/1.1" 200 30
190.95.67.91 - - [06/Mar/2025:07:52:43 -0300] "POST /cormun/servlet/solicitudotadjuntos?c9868c733f798c44b3472280d1077fcd,INS,2025,21952,,1,,gx-no-cache=1741258458030 HTTP/1.1" 200 4188
190.95.67.91 - - [06/Mar/2025:07:52:45 -0300] "POST /cormun/servlet/solicitudotadjuntos?gx-no-cache=1741258460012 HTTP/1.1" 200 26
190.95.15.31 - - [06/Mar/2025:07:52:51 -0300] "GET /cormun/servlet/trsolicitudot? HTTP/1.1" 200 7565
190.95.15.31 - - [06/Mar/2025:07:52:56 -0300] "GET /cormun/servlet/solicitudot?INS,0,0,false, HTTP/1.1" 200 16350
190.95.67.91 - - [06/Mar/2025:07:53:00 -0300] "GET /cormun/servlet/solicitudotadjuntos?3f16ce52eb83b6fc210cefca662c2e30626c2aa776057bab2f3659223766092d,gx-no-cache=1741258475100 HTTP/1.1" 200 30
190.95.67.91 - - [06/Mar/2025:07:53:00 -0300] "GET /cormun/servlet/solicitudotadjuntos?3f16ce52eb83b6fc210cefca662c2e30626c2aa776057bab2f3659223766092d,gx-no-cache=1741258475110 HTTP/1.1" 200 30
190.95.67.91 - - [06/Mar/2025:07:53:00 -0300] "POST /cormun/servlet/solicitudotadjuntos?c9868c733f798c44b3472280d1077fcd,INS,2025,21952,,1, HTTP/1.1" 200 116
190.95.67.91 - - [06/Mar/2025:07:53:00 -0300] "GET /cormun/servlet/hpexe_return? HTTP/1.1" 200 1026
190.95.67.91 - - [06/Mar/2025:07:53:00 -0300] "GET /cormun/servlet/trsolicitudadjuntos?2025,21952, HTTP/1.1" 200 10764
190.95.67.91 - - [06/Mar/2025:07:53:03 -0300] "POST /cormun/servlet/trsolicitudadjuntos?c9868c733f798c44b3472280d1077fcd,2025,21952,,gx-no-cache=1741258477638 HTTP/1.1" 200 90
190.95.67.91 - - [06/Mar/2025:07:53:03 -0300] "GET /cormun/servlet/hpexe_link HTTP/1.1" 200 970
190.95.67.91 - - [06/Mar/2025:07:53:03 -0300] "GET /cormun/servlet/trsolicitudot HTTP/1.1" 200 8859
190.95.67.91 - - [06/Mar/2025:07:53:06 -0300] "POST /cormun/servlet/trsolicitudot?c9868c733f798c44b3472280d1077fcd,gx-no-cache=1741258480934 HTTP/1.1" 200 4844
190.95.67.91 - - [06/Mar/2025:07:53:06 -0300] "GET /cormun/static/Shared/jqueryui/images/ui-bg_highlight-soft_100_c6c2c8_1x100.png HTTP/1.1" 404 1117
190.95.67.91 - - [06/Mar/2025:07:53:06 -0300] "GET /cormun/static/Shared/jqueryui/images/ui-icons_82798d_256x240.png HTTP/1.1" 404 1089
190.95.67.91 - - [06/Mar/2025:07:53:06 -0300] "GET /cormun/static/Shared/jqueryui/images/ui-icons_8d78a5_256x240.png HTTP/1.1" 404 1089
190.95.67.91 - - [06/Mar/2025:07:53:06 -0300] "GET /cormun/static/Shared/jqueryui/images/ui-bg_flat_55_fafafa_40x100.png HTTP/1.1" 404 1097
190.95.67.91 - - [06/Mar/2025:07:53:06 -0300] "POST /cormun/servlet/trsolicitudot?c9868c733f798c44b3472280d1077fcd,gx-no-cache=1741258481038 HTTP/1.1" 200 4611
209.141.37.95 - - [06/Mar/2025:07:53:35 -0300] "GET /manager/html HTTP/1.1" 401 2474
190.95.67.91 - - [06/Mar/2025:07:55:22 -0300] "GET /cormun/servlet/trautorizarsolicitud? HTTP/1.1" 200 9185
190.95.67.91 - - [06/Mar/2025:07:55:22 -0300] "GET /cormun/static/gxcfg.js?202211298474254 HTTP/1.1" 200 953
190.95.67.91 - - [06/Mar/2025:07:55:22 -0300] "GET /cormun/static/trautorizarsolicitud.js?202211298474588 HTTP/1.1" 200 53909
190.95.67.91 - - [06/Mar/2025:07:56:40 -0300] "POST /cormun/servlet/trautorizarsolicitud?c9868c733f798c44b3472280d1077fcd,,gx-no-cache=1741258695110 HTTP/1.1" 200 6024
190.95.67.91 - - [06/Mar/2025:07:56:40 -0300] "POST /cormun/servlet/trautorizarsolicitud?c9868c733f798c44b3472280d1077fcd,,gx-no-cache=1741258695229 HTTP/1.1" 200 5968
190.95.67.91 - - [06/Mar/2025:07:56:41 -0300] "POST /cormun/servlet/trautorizarsolicitud?c9868c733f798c44b3472280d1077fcd,,gx-no-cache=1741258696172 HTTP/1.1" 200 4780
190.95.67.91 - - [06/Mar/2025:07:56:41 -0300] "POST /cormun/servlet/trautorizarsolicitud?c9868c733f798c44b3472280d1077fcd,,gx-no-cache=1741258696255 HTTP/1.1" 200 4546
209.141.37.95 - - [06/Mar/2025:07:59:47 -0300] "GET /manager/html HTTP/1.1" 401 2474
209.141.37.95 - - [06/Mar/2025:08:05:58 -0300] "GET /manager/html HTTP/1.1" 401 2474
190.95.67.95 - - [06/Mar/2025:08:07:41 -0300] "GET /cormun/servlet/hlogin HTTP/1.1" 200 1718
190.95.67.95 - - [06/Mar/2025:08:07:48 -0300] "POST /cormun/servlet/hlogin?a4141885d3b6918435eef905715dfb9d,gx-no-cache=1741259361495 HTTP/1.1" 200 90
190.95.67.95 - - [06/Mar/2025:08:07:48 -0300] "GET /cormun/servlet/hpexe_link HTTP/1.1" 200 948
190.95.67.95 - - [06/Mar/2025:08:07:49 -0300] "GET /cormun/servlet/hhome HTTP/1.1" 200 4001
190.95.67.95 - - [06/Mar/2025:08:07:52 -0300] "GET /cormun/servlet/trsolicitudot? HTTP/1.1" 200 7216
209.141.37.95 - - [06/Mar/2025:08:12:05 -0300] "GET /manager/html HTTP/1.1" 401 2474
190.95.67.97 - - [06/Mar/2025:08:13:00 -0300] "GET /cormun/servlet/trlicencias? HTTP/1.1" 200 6038
190.95.67.97 - - [06/Mar/2025:08:13:01 -0300] "GET /cormun/servlet/hlogin HTTP/1.1" 200 1737
190.95.67.97 - - [06/Mar/2025:08:13:07 -0300] "POST /cormun/servlet/hlogin?27e727fd9bc4a1ee5576c3e7953709ab,gx-no-cache=1741259680079 HTTP/1.1" 200 447
190.95.67.97 - - [06/Mar/2025:08:13:11 -0300] "POST /cormun/servlet/hlogin?27e727fd9bc4a1ee5576c3e7953709ab,gx-no-cache=1741259684270 HTTP/1.1" 200 447
190.95.67.97 - - [06/Mar/2025:08:13:19 -0300] "POST /cormun/servlet/hlogin?27e727fd9bc4a1ee5576c3e7953709ab,gx-no-cache=1741259691523 HTTP/1.1" 200 90
190.95.67.97 - - [06/Mar/2025:08:13:19 -0300] "GET /cormun/servlet/hpexe_link HTTP/1.1" 200 956
190.95.67.97 - - [06/Mar/2025:08:13:19 -0300] "GET /cormun/servlet/trlicencias HTTP/1.1" 200 8346
190.95.67.97 - - [06/Mar/2025:08:13:22 -0300] "GET /cormun/servlet/trpermisosgoce? HTTP/1.1" 200 6745
190.95.67.97 - - [06/Mar/2025:08:13:24 -0300] "GET /cormun/servlet/permisogoce?INS,0,,, HTTP/1.1" 200 6723
190.95.67.97 - - [06/Mar/2025:08:14:05 -0300] "GET /cormun/servlet/permisogoce?7666a7895e4c28be03308743e92ced0305c9a7e232d164002d1515ced527505b1107c44f58ee49c407cb7c5141648ed5ffd45cbd104420fc1be5e409dddec26e,gx-no-cache=1741259737364 HTTP/1.1" 200 81
190.95.67.97 - - [06/Mar/2025:08:14:07 -0300] "GET /cormun/static/menuarrow.gif HTTP/1.1" 404 1015
190.95.67.97 - - [06/Mar/2025:08:14:14 -0300] "GET /cormun/servlet/permisogoce?7666a7895e4c28be03308743e92ced03f6564f349062846edc53850dd971bcc65d1785d9f989673565ea52863ef61f24701bbe8bbb846fb6cffc34af24a71223,gx-no-cache=1741259746747 HTTP/1.1" 200 44
190.95.67.97 - - [06/Mar/2025:08:14:16 -0300] "POST /cormun/servlet/permisogoce?27e727fd9bc4a1ee5576c3e7953709ab,INS,0,,,,gx-no-cache=1741259748424 HTTP/1.1" 200 93
190.95.67.97 - - [06/Mar/2025:08:14:16 -0300] "GET /cormun/servlet/hpexe_return? HTTP/1.1" 200 1008
190.95.67.97 - - [06/Mar/2025:08:14:16 -0300] "GET /cormun/static/gxcfg.js?20221129846035 HTTP/1.1" 200 953
190.95.67.97 - - [06/Mar/2025:08:14:16 -0300] "GET /cormun/static/hpexe_return.js?20221129846037 HTTP/1.1" 200 1633
190.95.67.97 - - [06/Mar/2025:08:14:16 -0300] "GET /cormun/servlet/trpermisosgoce HTTP/1.1" 200 7650
190.95.67.97 - - [06/Mar/2025:08:14:16 -0300] "GET /cormun//static/Resources/PXToolsGridUpdate.png HTTP/1.1" 200 470
190.95.67.97 - - [06/Mar/2025:08:14:16 -0300] "GET /cormun//static/Resources/PXToolsGridDelete.png HTTP/1.1" 200 538
190.95.67.97 - - [06/Mar/2025:08:14:18 -0300] "GET /cormun/servlet/apermisogoceprn?13351962,P,20250306081519,PU HTTP/1.1" 200 1657
190.95.67.97 - - [06/Mar/2025:08:14:35 -0300] "GET /cormun/servlet/permisogoce?INS,0,,, HTTP/1.1" 200 6723
190.95.67.97 - - [06/Mar/2025:08:14:38 -0300] "GET /cormun/servlet/permisogoce?7666a7895e4c28be03308743e92ced0305c9a7e232d164002d1515ced527505b1107c44f58ee49c407cb7c5141648ed5ffd45cbd104420fc1be5e409dddec26e,gx-no-cache=1741259770955 HTTP/1.1" 200 83
190.95.67.97 - - [06/Mar/2025:08:14:38 -0300] "GET /cormun/servlet/permisogoce?7666a7895e4c28be03308743e92ced03f6564f349062846edc53850dd971bcc64a1417de56dfb63a5219e1eda693947f,gx-no-cache=1741259771037 HTTP/1.1" 200 129
190.95.67.97 - - [06/Mar/2025:08:14:38 -0300] "GET /cormun/static/Shared/jqueryui/images/ui-bg_highlight-soft_100_c6c2c8_1x100.png HTTP/1.1" 404 1117
190.95.67.97 - - [06/Mar/2025:08:14:38 -0300] "GET /cormun/static/Shared/jqueryui/images/ui-icons_82798d_256x240.png HTTP/1.1" 404 1089
190.95.67.97 - - [06/Mar/2025:08:14:38 -0300] "GET /cormun/static/Shared/jqueryui/images/ui-bg_flat_55_994d53_40x100.png HTTP/1.1" 404 1097
190.95.67.97 - - [06/Mar/2025:08:14:38 -0300] "GET /cormun/static/Shared/jqueryui/images/ui-icons_ebccce_256x240.png HTTP/1.1" 404 1089
190.95.67.97 - - [06/Mar/2025:08:14:38 -0300] "GET /cormun/servlet/permisogoce?7666a7895e4c28be03308743e92ced03f6564f349062846edc53850dd971bcc64a1417de56dfb63a5219e1eda693947f,gx-no-cache=1741259771375 HTTP/1.1" 200 129
190.95.67.97 - - [06/Mar/2025:08:14:45 -0300] "GET /cormun/servlet/permisogoce?7666a7895e4c28be03308743e92ced03f6564f349062846edc53850dd971bcc6f9c1fdcd071aafdf5b77d8f57dc91b19701bbe8bbb846fb6cffc34af24a71223,gx-no-cache=1741259777600 HTTP/1.1" 200 47
190.95.67.97 - - [06/Mar/2025:08:14:47 -0300] "POST /cormun/servlet/permisogoce?27e727fd9bc4a1ee5576c3e7953709ab,INS,0,,,,gx-no-cache=1741259779451 HTTP/1.1" 200 93
190.95.67.97 - - [06/Mar/2025:08:14:47 -0300] "GET /cormun/servlet/hpexe_return? HTTP/1.1" 200 1008
190.95.67.97 - - [06/Mar/2025:08:14:47 -0300] "GET /cormun/servlet/trpermisosgoce HTTP/1.1" 200 7865
190.95.67.97 - - [06/Mar/2025:08:14:53 -0300] "GET /cormun/servlet/apermisogoceprn?13351962,P,20250306081630,PU HTTP/1.1" 200 1655
190.95.67.95 - - [06/Mar/2025:08:16:12 -0300] "GET /cormun/servlet/hlogin HTTP/1.1" 200 1718
190.95.67.95 - - [06/Mar/2025:08:16:26 -0300] "GET /cormun/servlet/solicitudot?INS,0,0,false, HTTP/1.1" 200 15311
190.95.67.95 - - [06/Mar/2025:08:16:26 -0300] "GET /cormun/servlet/hlogin HTTP/1.1" 200 1743
190.95.67.95 - - [06/Mar/2025:08:16:26 -0300] "GET /cormun/servlet/solicitudot?INS,0,0,false, HTTP/1.1" 200 15311
190.95.67.95 - - [06/Mar/2025:08:16:30 -0300] "POST /cormun/servlet/hlogin?a4141885d3b6918435eef905715dfb9d,gx-no-cache=1741259882598 HTTP/1.1" 200 90
190.95.67.95 - - [06/Mar/2025:08:16:30 -0300] "GET /cormun/servlet/hpexe_link HTTP/1.1" 200 962
190.95.67.95 - - [06/Mar/2025:08:16:30 -0300] "GET /cormun/servlet/solicitudot?INS,0,0,false, HTTP/1.1" 200 16010
190.95.67.95 - - [06/Mar/2025:08:16:31 -0300] "GET /cormun/servlet/solicitudot?INS,0,0,false, HTTP/1.1" 200 15311
190.95.15.13 - - [06/Mar/2025:08:16:36 -0300] "GET /cormun/servlet/hlogin HTTP/1.1" 200 1722
190.95.15.13 - - [06/Mar/2025:08:16:36 -0300] "GET /cormun/servlet/hlogin HTTP/1.1" 200 1732
190.95.15.13 - - [06/Mar/2025:08:16:43 -0300] "POST /cormun/servlet/hlogin?2b1d8a5819345b98fc812dda52dfb65c,gx-no-cache=1741259896311 HTTP/1.1" 200 90
190.95.15.13 - - [06/Mar/2025:08:16:43 -0300] "GET /cormun/servlet/hpexe_link HTTP/1.1" 200 950
190.95.15.13 - - [06/Mar/2025:08:16:43 -0300] "GET /cormun/servlet/hhome HTTP/1.1" 200 3942
190.95.67.95 - - [06/Mar/2025:08:16:45 -0300] "POST /cormun/servlet/solicitudot?gx-no-cache=1741259898118 HTTP/1.1" 200 4039
190.95.67.95 - - [06/Mar/2025:08:16:45 -0300] "POST /cormun/servlet/solicitudot?a4141885d3b6918435eef905715dfb9d,INS,0,0,false,,gx-no-cache=1741259898248 HTTP/1.1" 200 12613
190.95.67.95 - - [06/Mar/2025:08:16:48 -0300] "GET /cormun/servlet/solicitudot?707cdb36320696f0abbe5650a46f8056d3e3eb788edf58bec5e0e8164638cc8947756cbf4cd02708e3f8eb4fcdb2b0e4,gx-no-cache=1741259900699 HTTP/1.1" 200 30
209.141.37.95 - - [06/Mar/2025:08:17:55 -0300] "GET /manager/html HTTP/1.1" 401 2474
190.95.15.15 - - [06/Mar/2025:08:18:12 -0300] "GET /cormun/servlet/hlogin HTTP/1.1" 200 1722
190.95.15.15 - - [06/Mar/2025:08:18:19 -0300] "POST /cormun/servlet/hlogin?3324c67009ec0adf17afd7635d5e31f4,gx-no-cache=1741259992759 HTTP/1.1" 200 90
190.95.15.15 - - [06/Mar/2025:08:18:19 -0300] "GET /cormun/servlet/hpexe_link HTTP/1.1" 200 952
190.95.15.15 - - [06/Mar/2025:08:18:20 -0300] "GET /cormun/servlet/hhome HTTP/1.1" 200 3976
190.95.15.15 - - [06/Mar/2025:08:18:31 -0300] "GET /cormun/servlet/trsolicitudot? HTTP/1.1" 200 7195
190.95.15.15 - - [06/Mar/2025:08:18:34 -0300] "GET /cormun/servlet/solicitudot?INS,0,0,false, HTTP/1.1" 200 15979
190.95.15.15 - - [06/Mar/2025:08:18:48 -0300] "POST /cormun/servlet/solicitudot?gx-no-cache=1741260021379 HTTP/1.1" 200 4046
190.95.15.15 - - [06/Mar/2025:08:18:48 -0300] "POST /cormun/servlet/solicitudot?3324c67009ec0adf17afd7635d5e31f4,INS,0,0,false,,gx-no-cache=1741260021476 HTTP/1.1" 200 12618
190.95.15.15 - - [06/Mar/2025:08:18:50 -0300] "GET /cormun/servlet/solicitudot?4d43c9392f9da5f007e9a42644d81880ca333032b112c565ee568fdca4433bb06e0d39147ff56e42bb4e0c3c02cbfd3a,gx-no-cache=1741260023524 HTTP/1.1" 200 30
190.95.15.13 - - [06/Mar/2025:08:18:53 -0300] "GET /cormun/servlet/trlicencias? HTTP/1.1" 200 8878
190.95.15.15 - - [06/Mar/2025:08:20:40 -0300] "GET /cormun/servlet/prbanco?,MD,,gxPopupLevel%3D0%3B HTTP/1.1" 200 6638
190.95.15.15 - - [06/Mar/2025:08:20:47 -0300] "GET /cormun/servlet/solicitudot?4d43c9392f9da5f007e9a42644d81880683183d79db70a41dd79c159e275d877cee3360b05519d25e9aae56fd01cee18d4ce8786a2c30d22f30c4e524a3037e5671280ddf6e0598ee6ea0db68eaa4a41,gx-no-cache=1741260140637 HTTP/1.1" 200 30
190.95.15.15 - - [06/Mar/2025:08:20:49 -0300] "GET /cormun/servlet/solicitudot?4d43c9392f9da5f007e9a42644d8188022237ccd2f5cf4ed69b2929d58ca8099,gx-no-cache=1741260142189 HTTP/1.1" 200 51
190.95.15.15 - - [06/Mar/2025:08:21:08 -0300] "POST /cormun/servlet/solicitudot?gx-no-cache=1741260161078 HTTP/1.1" 200 240
190.95.15.15 - - [06/Mar/2025:08:21:10 -0300] "GET /cormun/servlet/solicitudot?4d43c9392f9da5f007e9a42644d81880e965b228998fe4c0355c8f748ca5100f3a6c1efc8876dbdf558ca23284778b89d31d0d6c274cba637777405a800cc31a10dca19ea5ad767d12198e868dfddc143c6b7c6d507294cad88632f376d9d3ecbedf2dd4b0495fb16deffe6528954a9d641344fd9c6a84cac6f1cf03bf322246621c5d4bd8ddd2243a2778ad6cdf629def1f510481a99fd5e9f23cd0acd104ef99cffc7e232fa28aee41c28127b0d1da179d7c59bf8622f2014d4be1be80331c2895ea3c4ca3ba7a32bc20d6abbff18343abd853d21ae6a68b4c02df174bfe1997dbc3097904be60787d3098246203c4bf1e065cfb75b53e1e45586dab0f827531153cf6d4fd5d3133db4df08e4c4869d9de767673dcffc151cc5db90ecf42755afae31a0776bcbfc62dfd0cd950e380f93a38e57c88530ee4eed7b06356a92a81ac5ff53faba8d8437a1c6eba264e0ddebcdb70f50fc0d38fadd89c848c5a0b4467ad770bf1dc2e55f8115ac420799c9b7711538d767f096c44930a40baabab,gx-no-cache=1741260162886 HTTP/1.1" 200 30
20.65.193.174 - - [06/Mar/2025:08:21:11 -0300] "GET / HTTP/1.1" 200 11217
190.95.15.15 - - [06/Mar/2025:08:21:13 -0300] "POST /cormun/servlet/solicitudot?gx-no-cache=1741260166504 HTTP/1.1" 200 30
190.95.15.15 - - [06/Mar/2025:08:22:10 -0300] "GET /cormun/servlet/prlicenciaspermisos?15126684,L,,MD,,gxPopupLevel%3D0%3B HTTP/1.1" 200 7652
190.95.15.15 - - [06/Mar/2025:08:22:14 -0300] "POST /cormun/servlet/solicitudot?gx-no-cache=1741260227144 HTTP/1.1" 200 1481
190.95.15.15 - - [06/Mar/2025:08:22:17 -0300] "POST /cormun/servlet/solicitudot?gx-no-cache=1741260229860 HTTP/1.1" 200 41
190.95.15.15 - - [06/Mar/2025:08:22:26 -0300] "GET /cormun/servlet/solicitudot?4d43c9392f9da5f007e9a42644d8188077c80eb3350fb5c3a97fb20e28133ed4e05c40933c09bbbe85feee3167c9f37385663efd6f5eaaadae20ac5b3e259c88a6a79031fc06a0abc6dd5b3f0db72ac6badbc5596c0eafa38e611e2d9964bbe91b7c6d157905ad7346d61dbf82042eda,gx-no-cache=1741260239372 HTTP/1.1" 200 110
190.95.15.15 - - [06/Mar/2025:08:22:26 -0300] "POST /cormun/servlet/solicitudot?gx-no-cache=1741260239392 HTTP/1.1" 200 97
190.95.15.15 - - [06/Mar/2025:08:22:33 -0300] "GET /cormun/servlet/solicitudot?4d43c9392f9da5f007e9a42644d8188088c0f23189c4dfe948de39f55df7b988f06368935de65ce18d0c7c244b4238e2a6ae49c48c2984b0ff64689116845f499c44aeafd2589588f0b945b54c7645ddbaca9fba88f12f4ba2b9bd68fb31fd0fb4a60bfada2fa48b6eab49d0280ecdcf,gx-no-cache=1741260246455 HTTP/1.1" 200 29
190.95.15.15 - - [06/Mar/2025:08:22:33 -0300] "GET /cormun/static/menuarrow.gif HTTP/1.1" 404 1015
190.95.15.15 - - [06/Mar/2025:08:22:36 -0300] "GET /cormun/servlet/solicitudot?4d43c9392f9da5f007e9a42644d8188098a394d04ef2a8a467c64d3f41f4f87feeab0e9a68f33704d87bcad0b37d2df9,gx-no-cache=1741260249735 HTTP/1.1" 200 30
190.95.15.15 - - [06/Mar/2025:08:22:36 -0300] "POST /cormun/servlet/solicitudot?gx-no-cache=1741260249752 HTTP/1.1" 200 34
190.95.15.15 - - [06/Mar/2025:08:23:13 -0300] "POST /cormun/servlet/solicitudot?3324c67009ec0adf17afd7635d5e31f4,INS,0,0,false,,gx-no-cache=1741260285110 HTTP/1.1" 200 93
190.95.15.15 - - [06/Mar/2025:08:23:13 -0300] "GET /cormun/servlet/hpexe_return? HTTP/1.1" 200 1010
190.95.15.15 - - [06/Mar/2025:08:23:13 -0300] "GET /cormun/servlet/trsolicitudot HTTP/1.1" 200 8595
209.141.37.95 - - [06/Mar/2025:08:23:42 -0300] "GET /manager/html HTTP/1.1" 401 2474
179.57.78.55 - - [06/Mar/2025:08:23:48 -0300] "GET /cormun/servlet/trpermisosgoce? HTTP/1.1" 200 6016
179.57.78.55 - - [06/Mar/2025:08:23:48 -0300] "GET /cormun/servlet/hlogin HTTP/1.1" 200 1735
179.57.78.55 - - [06/Mar/2025:08:23:54 -0300] "POST /cormun/servlet/hlogin?eeaa0713cd0dcddcf0569b35e1b64b66,gx-no-cache=1741260327185 HTTP/1.1" 200 90
179.57.78.55 - - [06/Mar/2025:08:23:54 -0300] "GET /cormun/servlet/hpexe_link HTTP/1.1" 200 953
179.57.78.55 - - [06/Mar/2025:08:23:54 -0300] "GET /cormun/servlet/trpermisosgoce HTTP/1.1" 200 6693
190.95.15.15 - - [06/Mar/2025:08:23:55 -0300] "POST /cormun/servlet/trsolicitudot?3324c67009ec0adf17afd7635d5e31f4,gx-no-cache=1741260328304 HTTP/1.1" 200 113
190.95.15.15 - - [06/Mar/2025:08:23:55 -0300] "GET /cormun/servlet/solicitudot?UPD,2025,21969,false, HTTP/1.1" 200 16618
190.95.15.15 - - [06/Mar/2025:08:23:56 -0300] "POST /cormun/servlet/solicitudot?gx-no-cache=1741260329089 HTTP/1.1" 200 4131
190.95.15.15 - - [06/Mar/2025:08:23:56 -0300] "POST /cormun/servlet/solicitudot?3324c67009ec0adf17afd7635d5e31f4,UPD,2025,21969,false,,gx-no-cache=1741260329181 HTTP/1.1" 200 12784
190.95.15.15 - - [06/Mar/2025:08:23:56 -0300] "GET /cormun/servlet/solicitudot?4d43c9392f9da5f007e9a42644d81880ca333032b112c565ee568fdca4433bb091aeaba7d3c52f7ed5d789f612f74519,gx-no-cache=1741260329274 HTTP/1.1" 200 30
190.95.15.15 - - [06/Mar/2025:08:23:56 -0300] "GET /cormun/servlet/solicitudot?4d43c9392f9da5f007e9a42644d81880683183d79db70a41dd79c159e275d877cee3360b05519d25e9aae56fd01cee18d4ce8786a2c30d22f30c4e524a3037e55d3dc55c9573e5653afe90721bf3c19a,gx-no-cache=1741260329301 HTTP/1.1" 200 30
190.95.15.15 - - [06/Mar/2025:08:23:56 -0300] "GET /cormun/servlet/solicitudot?4d43c9392f9da5f007e9a42644d81880d2268c98bbd88d1d0682b20f59d0e37f0ca642a0eddf58754edc9220875e8d03eb707919ebcef7d328e8a74e100a5b43,gx-no-cache=1741260329324 HTTP/1.1" 200 51
190.95.15.15 - - [06/Mar/2025:08:23:56 -0300] "POST /cormun/servlet/solicitudot?gx-no-cache=1741260329344 HTTP/1.1" 200 238
190.95.15.15 - - [06/Mar/2025:08:23:56 -0300] "GET /cormun/servlet/solicitudot?4d43c9392f9da5f007e9a42644d81880e965b228998fe4c0355c8f748ca5100f3a6c1efc8876dbdf558ca23284778b89d31d0d6c274cba637777405a800cc31a10dca19ea5ad767d12198e868dfddc143c6b7c6d507294cad88632f376d9d3ecbedf2dd4b0495fb16deffe6528954a9d641344fd9c6a84cac6f1cf03bf322246621c5d4bd8ddd2243a2778ad6cdf629def1f510481a99fd5e9f23cd0acd104ef99cffc7e232fa28aee41c28127b0d1da179d7c59bf8622f2014d4be1be80331c2895ea3c4ca3ba7a32bc20d6abbff18343abd853d21ae6a68b4c02df174bfe1997dbc3097904be60787d3098246203c4bf1e065cfb75b53e1e45586dab0f827531153cf6d4fd5d3133db4df08e4c4869d9de767673dcffc151cc5db90ecf42755afae31a0776bcbfc62dfd0cd950e380f93a38e57c88530ee4eed7b06356a92a81ac5ff53faba8d8437a1c6eba264e0ddebcdb70f50fc0d38fadd89c848c5a0b4467ad770bf1dc2e55f8115ac420799ca8cd920f6bcb6cd4b116e12cef419837,gx-no-cache=1741260329361 HTTP/1.1" 200 30
190.95.15.15 - - [06/Mar/2025:08:23:56 -0300] "POST /cormun/servlet/solicitudot?gx-no-cache=1741260329376 HTTP/1.1" 200 30
190.95.15.15 - - [06/Mar/2025:08:23:56 -0300] "POST /cormun/servlet/solicitudot?gx-no-cache=1741260329393 HTTP/1.1" 200 1481
190.95.15.15 - - [06/Mar/2025:08:23:56 -0300] "POST /cormun/servlet/solicitudot?gx-no-cache=1741260329469 HTTP/1.1" 200 41
179.57.78.55 - - [06/Mar/2025:08:23:57 -0300] "GET /cormun/static/menuarrow.gif HTTP/1.1" 404 1015
179.57.78.55 - - [06/Mar/2025:08:24:01 -0300] "POST /cormun/servlet/trpermisosgoce?eeaa0713cd0dcddcf0569b35e1b64b66,gx-no-cache=1741260333962 HTTP/1.1" 200 4843
190.95.15.15 - - [06/Mar/2025:08:24:10 -0300] "GET /cormun/servlet/solicitudot?4d43c9392f9da5f007e9a42644d8188077c80eb3350fb5c3a97fb20e28133ed4e05c40933c09bbbe85feee3167c9f37385663efd6f5eaaadae20ac5b3e259c88a6a79031fc06a0abc6dd5b3f0db72ac6badbc5596c0eafa38e611e2d9964bbe91b7c6d157905ad7346d61dbf82042eda,gx-no-cache=1741260343298 HTTP/1.1" 200 110
190.95.15.15 - - [06/Mar/2025:08:24:10 -0300] "POST /cormun/servlet/solicitudot?gx-no-cache=1741260343317 HTTP/1.1" 200 96
190.95.15.15 - - [06/Mar/2025:08:24:10 -0300] "GET /cormun/servlet/solicitudot?4d43c9392f9da5f007e9a42644d81880fc7723dc7c83f626424e0779678a6a313e8c6ab984ae6d85a8939e7c87cff039b27b97222951ec29e69d308ecd62ed260f662616d9b1640255070d1963b8998aaefa3f90b096e68bbbb6711e939d0cab96d4b5d12c019dd4aeea9d94079db2d8,gx-no-cache=1741260343337 HTTP/1.1" 200 29
190.95.15.15 - - [06/Mar/2025:08:24:10 -0300] "GET /cormun/servlet/solicitudot?4d43c9392f9da5f007e9a42644d8188098a394d04ef2a8a467c64d3f41f4f87feeab0e9a68f33704d87bcad0b37d2df9,gx-no-cache=1741260343352 HTTP/1.1" 200 30
190.95.15.15 - - [06/Mar/2025:08:24:10 -0300] "POST /cormun/servlet/solicitudot?gx-no-cache=1741260343367 HTTP/1.1" 200 34
190.95.15.15 - - [06/Mar/2025:08:24:10 -0300] "POST /cormun/servlet/solicitudot?3324c67009ec0adf17afd7635d5e31f4,UPD,2025,21969,false,,gx-no-cache=1741260343384 HTTP/1.1" 200 93
190.95.15.15 - - [06/Mar/2025:08:24:10 -0300] "GET /cormun/servlet/hpexe_return? HTTP/1.1" 200 1017
190.95.15.15 - - [06/Mar/2025:08:24:10 -0300] "GET /cormun/servlet/trsolicitudot HTTP/1.1" 200 8595
190.95.15.15 - - [06/Mar/2025:08:24:16 -0300] "POST /cormun/servlet/trsolicitudot?3324c67009ec0adf17afd7635d5e31f4,gx-no-cache=1741260349028 HTTP/1.1" 200 4589
190.95.15.15 - - [06/Mar/2025:08:24:16 -0300] "GET /cormun/static/Shared/jqueryui/images/ui-bg_highlight-soft_100_c6c2c8_1x100.png HTTP/1.1" 404 1117
190.95.15.15 - - [06/Mar/2025:08:24:16 -0300] "GET /cormun/static/Shared/jqueryui/images/ui-icons_82798d_256x240.png HTTP/1.1" 404 1089
190.95.15.15 - - [06/Mar/2025:08:24:16 -0300] "GET /cormun/static/Shared/jqueryui/images/ui-bg_flat_55_fafafa_40x100.png HTTP/1.1" 404 1097
190.95.15.15 - - [06/Mar/2025:08:24:16 -0300] "GET /cormun/static/Shared/jqueryui/images/ui-icons_8d78a5_256x240.png HTTP/1.1" 404 1089
190.95.15.15 - - [06/Mar/2025:08:24:16 -0300] "POST /cormun/servlet/trsolicitudot?3324c67009ec0adf17afd7635d5e31f4,gx-no-cache=1741260349133 HTTP/1.1" 200 4339
190.95.15.15 - - [06/Mar/2025:08:24:26 -0300] "GET /cormun/servlet/hlogin HTTP/1.1" 200 1739
190.95.15.15 - - [06/Mar/2025:08:25:08 -0300] "POST /cormun/servlet/hlogin?3324c67009ec0adf17afd7635d5e31f4,gx-no-cache=1741260401470 HTTP/1.1" 200 90
190.95.15.15 - - [06/Mar/2025:08:25:08 -0300] "GET /cormun/servlet/hpexe_link HTTP/1.1" 200 952
190.95.15.15 - - [06/Mar/2025:08:25:08 -0300] "GET /cormun/servlet/hhome HTTP/1.1" 200 4225
190.95.15.15 - - [06/Mar/2025:08:25:11 -0300] "GET /cormun/servlet/trautorizarsolicitud? HTTP/1.1" 200 8731
190.95.15.15 - - [06/Mar/2025:08:25:19 -0300] "POST /cormun/servlet/trautorizarsolicitud?3324c67009ec0adf17afd7635d5e31f4,,gx-no-cache=1741260412670 HTTP/1.1" 200 4791
190.95.15.15 - - [06/Mar/2025:08:25:19 -0300] "POST /cormun/servlet/trautorizarsolicitud?3324c67009ec0adf17afd7635d5e31f4,,gx-no-cache=1741260412773 HTTP/1.1" 200 4537
190.95.15.15 - - [06/Mar/2025:08:25:30 -0300] "GET /cormun/servlet/hlogin HTTP/1.1" 200 1746
190.95.15.15 - - [06/Mar/2025:08:25:39 -0300] "POST /cormun/servlet/hlogin?3324c67009ec0adf17afd7635d5e31f4,gx-no-cache=1741260432724 HTTP/1.1" 200 90
190.95.15.15 - - [06/Mar/2025:08:25:39 -0300] "GET /cormun/servlet/hpexe_link HTTP/1.1" 200 952
190.95.15.15 - - [06/Mar/2025:08:25:39 -0300] "GET /cormun/servlet/hhome HTTP/1.1" 200 3976
190.95.15.15 - - [06/Mar/2025:08:25:43 -0300] "GET /cormun/servlet/trlicencias? HTTP/1.1" 200 9459
190.95.15.15 - - [06/Mar/2025:08:25:47 -0300] "GET /cormun/servlet/trlicencias? HTTP/1.1" 200 9459
40.77.167.230 - - [06/Mar/2025:08:26:39 -0300] "GET /cormun/servlet/hlogin HTTP/1.1" 200 1710
179.57.78.55 - - [06/Mar/2025:08:27:41 -0300] "GET /cormun/servlet/trlicencias? HTTP/1.1" 200 6905
179.57.78.55 - - [06/Mar/2025:08:27:44 -0300] "POST /cormun/servlet/trlicencias?eeaa0713cd0dcddcf0569b35e1b64b66,,gx-no-cache=1741260557329 HTTP/1.1" 200 4150
179.57.78.55 - - [06/Mar/2025:08:27:48 -0300] "GET /cormun/static/menuarrow.gif HTTP/1.1" 404 1015
179.57.78.55 - - [06/Mar/2025:08:27:54 -0300] "POST /cormun/servlet/trlicencias?eeaa0713cd0dcddcf0569b35e1b64b66,,gx-no-cache=1741260566801 HTTP/1.1" 200 5990
190.95.67.91 - - [06/Mar/2025:08:29:20 -0300] "GET /cormun/servlet/hlogin HTTP/1.1" 200 1728
190.95.67.91 - - [06/Mar/2025:08:29:20 -0300] "GET /cormun/static/gxtimezone.js?85251 HTTP/1.1" 200 5781
190.95.67.91 - - [06/Mar/2025:08:29:20 -0300] "GET /cormun/static/gxcfg.js?2022112219184450 HTTP/1.1" 200 953
190.95.67.91 - - [06/Mar/2025:08:29:20 -0300] "GET /cormun/static/Resources/CormunLogin.png HTTP/1.1" 200 19132
190.95.67.91 - - [06/Mar/2025:08:29:20 -0300] "GET /cormun/static/messages.spa.js?85251 HTTP/1.1" 200 30736
190.95.67.91 - - [06/Mar/2025:08:29:20 -0300] "GET /cormun/static/Resources/Spanish/PXTools.css?1759030 HTTP/1.1" 200 100853
190.95.67.91 - - [06/Mar/2025:08:29:20 -0300] "GET /cormun/static/hlogin.js?2022112219184458 HTTP/1.1" 200 2156
190.95.67.91 - - [06/Mar/2025:08:29:20 -0300] "GET /cormun/static/gxgral.js?85251 HTTP/1.1" 200 384558
190.95.67.91 - - [06/Mar/2025:08:29:20 -0300] "GET /cormun/static/Resources/PXToolsLoginTop.png HTTP/1.1" 200 1337
190.95.67.91 - - [06/Mar/2025:08:29:20 -0300] "GET /cormun/static/Resources/PXToolsLoginBackground.png HTTP/1.1" 200 1164
190.95.67.91 - - [06/Mar/2025:08:29:20 -0300] "GET /cormun/static/Resources/PXToolsButtonRight.png HTTP/1.1" 200 1294
190.95.67.91 - - [06/Mar/2025:08:29:20 -0300] "GET /cormun/static/Resources/PXToolsButtonBackground.png HTTP/1.1" 200 1176
190.95.67.91 - - [06/Mar/2025:08:29:20 -0300] "GET /cormun/static/Resources/PXToolsLoginBottom.png HTTP/1.1" 200 1389
190.95.67.91 - - [06/Mar/2025:08:29:20 -0300] "GET /cormun/static/Resources/PXToolsButtonLeft.png HTTP/1.1" 200 1310
190.95.67.91 - - [06/Mar/2025:08:29:20 -0300] "GET /cormun/static/Resources/indicator.gif HTTP/1.1" 200 1553
190.95.67.91 - - [06/Mar/2025:08:29:20 -0300] "GET /cormun/servlet/hlogin HTTP/1.1" 200 1738
190.95.67.91 - - [06/Mar/2025:08:29:20 -0300] "GET /favicon.ico HTTP/1.1" 200 21630
209.141.37.95 - - [06/Mar/2025:08:29:21 -0300] "GET /manager/html HTTP/1.1" 401 2474
190.95.15.31 - - [06/Mar/2025:08:29:41 -0300] "GET /cormun/servlet/solicitudot?INS,0,0,false, HTTP/1.1" 200 15142
190.95.15.31 - - [06/Mar/2025:08:29:42 -0300] "GET /cormun/servlet/hlogin HTTP/1.1" 200 1746
190.95.15.31 - - [06/Mar/2025:08:29:46 -0300] "POST /cormun/servlet/hlogin?4c5f47aa2b96c72b7ce02076fbd48e2b,gx-no-cache=1741260679749 HTTP/1.1" 200 90
190.95.15.31 - - [06/Mar/2025:08:29:46 -0300] "GET /cormun/servlet/hpexe_link HTTP/1.1" 200 965
190.95.15.31 - - [06/Mar/2025:08:29:47 -0300] "GET /cormun/servlet/solicitudot?INS,0,0,false, HTTP/1.1" 200 16193
190.95.15.31 - - [06/Mar/2025:08:30:18 -0300] "GET /cormun/servlet/trlicencias? HTTP/1.1" 200 10048
179.57.78.71 - - [06/Mar/2025:08:31:09 -0300] "GET /cormun/servlet/hlogin HTTP/1.1" 200 1723
179.57.78.71 - - [06/Mar/2025:08:31:15 -0300] "POST /cormun/servlet/hlogin?a8f2ad90d9aafb3197945c268c2b6d58,gx-no-cache=1741260769016 HTTP/1.1" 200 90
179.57.78.71 - - [06/Mar/2025:08:31:15 -0300] "GET /cormun/servlet/hpexe_link HTTP/1.1" 200 954
179.57.78.71 - - [06/Mar/2025:08:31:15 -0300] "GET /cormun/servlet/hhome HTTP/1.1" 200 4206
190.95.15.31 - - [06/Mar/2025:08:31:25 -0300] "GET /cormun/servlet/trsolicitudot? HTTP/1.1" 200 7566
190.95.15.31 - - [06/Mar/2025:08:31:29 -0300] "GET /cormun/servlet/solicitudot?INS,0,0,false, HTTP/1.1" 200 16191
190.95.15.31 - - [06/Mar/2025:08:31:45 -0300] "POST /cormun/servlet/solicitudot?gx-no-cache=1741260798108 HTTP/1.1" 200 4114
190.95.15.31 - - [06/Mar/2025:08:31:45 -0300] "GET /cormun/static/Shared/jqueryui/images/ui-bg_highlight-soft_100_c6c2c8_1x100.png HTTP/1.1" 404 1117
190.95.15.31 - - [06/Mar/2025:08:31:45 -0300] "GET /cormun/static/Shared/jqueryui/images/ui-icons_82798d_256x240.png HTTP/1.1" 404 1089
190.95.15.31 - - [06/Mar/2025:08:31:45 -0300] "GET /cormun/static/Shared/jqueryui/images/ui-icons_ebccce_256x240.png HTTP/1.1" 404 1089
190.95.15.31 - - [06/Mar/2025:08:31:45 -0300] "GET /cormun/static/Shared/jqueryui/images/ui-bg_flat_55_994d53_40x100.png HTTP/1.1" 404 1097
179.57.78.71 - - [06/Mar/2025:08:32:00 -0300] "GET /cormun/servlet/trsolicitudot? HTTP/1.1" 200 7424
179.57.78.71 - - [06/Mar/2025:08:32:03 -0300] "GET /cormun/servlet/solicitudot?INS,0,0,false, HTTP/1.1" 200 16203
179.57.78.71 - - [06/Mar/2025:08:32:21 -0300] "GET /cormun/servlet/hlogin HTTP/1.1" 200 1723
179.57.78.71 - - [06/Mar/2025:08:32:25 -0300] "POST /cormun/servlet/hlogin?a8f2ad90d9aafb3197945c268c2b6d58,gx-no-cache=1741260838600 HTTP/1.1" 200 90
179.57.78.71 - - [06/Mar/2025:08:32:25 -0300] "GET /cormun/servlet/hpexe_link HTTP/1.1" 200 968
179.57.78.71 - - [06/Mar/2025:08:32:25 -0300] "GET /cormun/servlet/solicitudot?INS,0,0,false, HTTP/1.1" 200 16206
179.57.78.71 - - [06/Mar/2025:08:32:30 -0300] "GET /cormun/servlet/trautorizarsolicitud? HTTP/1.1" 200 11099
179.57.78.71 - - [06/Mar/2025:08:32:30 -0300] "GET /cormun/static/gxcfg.js?202211298474254 HTTP/1.1" 200 953
179.57.78.71 - - [06/Mar/2025:08:32:30 -0300] "GET /cormun/static/trautorizarsolicitud.js?202211298474588 HTTP/1.1" 200 53909
179.57.78.71 - - [06/Mar/2025:08:32:58 -0300] "POST /cormun/servlet/trautorizarsolicitud?a8f2ad90d9aafb3197945c268c2b6d58,,gx-no-cache=1741260871642 HTTP/1.1" 200 8071
179.57.78.71 - - [06/Mar/2025:08:32:58 -0300] "GET /cormun/static/Shared/jqueryui/images/ui-bg_highlight-soft_100_c6c2c8_1x100.png HTTP/1.1" 404 1117
179.57.78.71 - - [06/Mar/2025:08:32:58 -0300] "GET /cormun/static/Shared/jqueryui/images/ui-icons_82798d_256x240.png HTTP/1.1" 404 1089
179.57.78.71 - - [06/Mar/2025:08:32:58 -0300] "GET /cormun/static/Shared/jqueryui/images/ui-icons_8d78a5_256x240.png HTTP/1.1" 404 1089
179.57.78.71 - - [06/Mar/2025:08:32:58 -0300] "GET /cormun/static/Shared/jqueryui/images/ui-bg_flat_55_fafafa_40x100.png HTTP/1.1" 404 1097
179.57.78.71 - - [06/Mar/2025:08:32:58 -0300] "POST /cormun/servlet/trautorizarsolicitud?a8f2ad90d9aafb3197945c268c2b6d58,,gx-no-cache=1741260871879 HTTP/1.1" 200 8016
179.57.78.71 - - [06/Mar/2025:08:33:00 -0300] "POST /cormun/servlet/trautorizarsolicitud?a8f2ad90d9aafb3197945c268c2b6d58,,gx-no-cache=1741260873937 HTTP/1.1" 200 7585
179.57.78.71 - - [06/Mar/2025:08:33:01 -0300] "POST /cormun/servlet/trautorizarsolicitud?a8f2ad90d9aafb3197945c268c2b6d58,,gx-no-cache=1741260874147 HTTP/1.1" 200 7529
179.57.78.71 - - [06/Mar/2025:08:33:02 -0300] "POST /cormun/servlet/trautorizarsolicitud?a8f2ad90d9aafb3197945c268c2b6d58,,gx-no-cache=1741260875768 HTTP/1.1" 200 7155
179.57.78.71 - - [06/Mar/2025:08:33:02 -0300] "POST /cormun/servlet/trautorizarsolicitud?a8f2ad90d9aafb3197945c268c2b6d58,,gx-no-cache=1741260875909 HTTP/1.1" 200 7097
179.57.78.71 - - [06/Mar/2025:08:33:03 -0300] "POST /cormun/servlet/trautorizarsolicitud?a8f2ad90d9aafb3197945c268c2b6d58,,gx-no-cache=1741260876648 HTTP/1.1" 200 6820
179.57.78.71 - - [06/Mar/2025:08:33:03 -0300] "POST /cormun/servlet/trautorizarsolicitud?a8f2ad90d9aafb3197945c268c2b6d58,,gx-no-cache=1741260876807 HTTP/1.1" 200 6764
179.57.78.71 - - [06/Mar/2025:08:33:04 -0300] "POST /cormun/servlet/trautorizarsolicitud?a8f2ad90d9aafb3197945c268c2b6d58,,gx-no-cache=1741260877440 HTTP/1.1" 200 6413
