179.57.78.55 - - [05/Mar/2025:10:54:22 -0300] "POST /cormun/servlet/trpermisosgoce?e9b5620d909823ca96e1df420207c477,gx-no-cache=1741182955786 HTTP/1.1" 200 3996
179.57.78.55 - - [05/Mar/2025:10:54:22 -0300] "POST /cormun/servlet/trpermisosgoce?e9b5620d909823ca96e1df420207c477,gx-no-cache=1741182956037 HTTP/1.1" 200 3895
190.95.67.91 - - [05/Mar/2025:10:54:46 -0300] "POST /cormun/servlet/solicitudot?gx-no-cache=1741182980583 HTTP/1.1" 200 4039
190.95.67.91 - - [05/Mar/2025:10:54:46 -0300] "POST /cormun/servlet/solicitudot?e70055b3a87100a7d2d742f6c8ee37e4,INS,0,0,false,,gx-no-cache=1741182980793 HTTP/1.1" 200 12894
190.95.67.91 - - [05/Mar/2025:10:54:48 -0300] "GET /cormun/servlet/solicitudot?179c74c0c65c2ffe882eb39e536380d95c5f650850806ed6ebfab5a77846367fc98eb3ca2d68d87cc76a2219df3dd129,gx-no-cache=1741182982980 HTTP/1.1" 200 30
179.57.78.55 - - [05/Mar/2025:10:55:27 -0300] "GET /cormun/servlet/trlicencias? HTTP/1.1" 200 6908
179.57.78.55 - - [05/Mar/2025:10:55:35 -0300] "POST /cormun/servlet/trlicencias?e9b5620d909823ca96e1df420207c477,,gx-no-cache=1741183028930 HTTP/1.1" 200 5991
190.95.67.91 - - [05/Mar/2025:10:56:56 -0300] "GET /cormun/servlet/prbanco?,MD,,gxPopupLevel%3D0%3B HTTP/1.1" 200 6618
190.95.67.91 - - [05/Mar/2025:10:57:04 -0300] "GET /cormun/servlet/solicitudot?179c74c0c65c2ffe882eb39e536380d91a64e743ffe672838fc83c8199786abc4e6c56ef95c35e3b3c89f7295fc6ef0d,gx-no-cache=1741183118057 HTTP/1.1" 200 30
190.95.67.91 - - [05/Mar/2025:10:57:06 -0300] "GET /cormun/servlet/solicitudot?179c74c0c65c2ffe882eb39e536380d9c3e7e7e204f3e9182c3f1fa8bba78ccd,gx-no-cache=1741183120755 HTTP/1.1" 200 53
190.95.67.91 - - [05/Mar/2025:10:57:27 -0300] "POST /cormun/servlet/solicitudot?gx-no-cache=1741183141592 HTTP/1.1" 200 255
190.95.67.91 - - [05/Mar/2025:10:57:29 -0300] "GET /cormun/servlet/solicitudot?179c74c0c65c2ffe882eb39e536380d9924a489d6530e50516b6f2d6d9af46c46e02776255e197f716c80b37ec419b87a5f56fa68b98f9ea50486f7b856bed34697eea71b0b1b3dad634cee73621cf9eb6c4a75be4e9d68977b9a07ae4185b0947ef8ba439b4d0e24598e1cc1c5db0c498a9042e03d5563004c4455a3ce124947ea538983704737c058823556182d1dee3ae5c1000eec5ffce24169734463ec8be21f457e94945112771a562b5d43fdf9730821c52d75ee0b60a6fc6f3282758bce8e2496cae465b49b88e30a5c45c9bf6a3f078cd55b29f921a210013a3d1606720846810511664153c6dac2a5674d4b241555e62dc42511d4f1e18ea55e4dad79d49491d433519866c18dabac53337b52f0c0aef28a50edd4642023d8dda7c3fa330aeaa4f7537e90ada54f1157a3581b8c37b0ab7dd6196a82cc2406740b0f4f2e04ea9b621cd7749578e0d0aed1e67b60f73a1dc7f2a630624f59971fd2abfa7f0857b10746152983d2d158335a59b3620b7e962bc9b570d40e3d2b5a8da,gx-no-cache=1741183143457 HTTP/1.1" 200 30
190.95.67.91 - - [05/Mar/2025:10:57:32 -0300] "POST /cormun/servlet/solicitudot?gx-no-cache=1741183146200 HTTP/1.1" 200 30
190.95.67.91 - - [05/Mar/2025:10:57:33 -0300] "POST /cormun/servlet/solicitudot?gx-no-cache=1741183147478 HTTP/1.1" 200 1479
190.95.67.91 - - [05/Mar/2025:10:57:33 -0300] "POST /cormun/servlet/solicitudot?gx-no-cache=1741183147505 HTTP/1.1" 200 38
190.95.67.91 - - [05/Mar/2025:10:57:52 -0300] "GET /cormun/servlet/solicitudot?179c74c0c65c2ffe882eb39e536380d9c537ec52602b0fce9e823c4425f38067882c67c2cc68aa4bd9e9f48c2e18eb89dd851c0e222be29ba9e35db90f855cac575b4ee31187986e7ebe2755520b992935caef364c68e19d9849ad018f37272a9076c51f85eea610163aa13be07457d8,gx-no-cache=1741183166305 HTTP/1.1" 200 110
190.95.67.91 - - [05/Mar/2025:10:58:18 -0300] "POST /cormun/servlet/solicitudot?gx-no-cache=1741183192170 HTTP/1.1" 200 97
209.141.37.95 - - [05/Mar/2025:10:58:22 -0300] "GET /manager/html HTTP/1.1" 401 2474
190.95.67.91 - - [05/Mar/2025:10:58:39 -0300] "GET /cormun/servlet/solicitudot?179c74c0c65c2ffe882eb39e536380d99c5b2a8de10eadc66f8c12bac3b1fb2f14c3a2aab1cb73c8965814f55c6c90cb73e48dfe72d041d3a6cc4670e9f9ef0021b3d80a179a125e9a6aa9f1c03f44a5423a67a2890d40cea8134273fd692ab6aed4cc2cb0c8d45f700b8ac72d1f4288,gx-no-cache=1741183213741 HTTP/1.1" 200 29
190.95.67.91 - - [05/Mar/2025:10:58:41 -0300] "GET /cormun/static/menuarrow.gif HTTP/1.1" 404 1015
190.95.67.91 - - [05/Mar/2025:10:58:44 -0300] "GET /cormun/servlet/solicitudot?179c74c0c65c2ffe882eb39e536380d9e136c0869b11b1348df03b06889ee8fb95e32f5ad75ac1347b7690a994fa4735,gx-no-cache=1741183218429 HTTP/1.1" 200 30
190.95.67.91 - - [05/Mar/2025:10:58:52 -0300] "POST /cormun/servlet/solicitudot?gx-no-cache=1741183226564 HTTP/1.1" 200 30
206.168.34.80 - - [05/Mar/2025:10:59:15 -0300] "GET / HTTP/1.1" 200 11217
206.168.34.80 - - [05/Mar/2025:10:59:21 -0300] "GET / HTTP/1.1" 200 11217
206.168.34.80 - - [05/Mar/2025:10:59:22 -0300] "GET /favicon.ico HTTP/1.1" 200 21630
206.168.34.80 - - [05/Mar/2025:10:59:23 -0300] "PRI * HTTP/2.0" 505 -
206.168.34.80 - - [05/Mar/2025:10:59:32 -0300] "÷óþ-åm”Üï&ø„øçÀ2UC?†Ãº#ƒä`¶ Ò­ö–$˜¤)YüóD-‘CáÍ̔Bè " 400 -
179.57.78.71 - - [05/Mar/2025:11:00:23 -0300] "GET /cormun/servlet/solicitudot?INS,0,0,false, HTTP/1.1" 200 16201
179.57.78.55 - - [05/Mar/2025:11:00:54 -0300] "GET /cormun/servlet/trlicencias? HTTP/1.1" 200 8609
179.57.78.55 - - [05/Mar/2025:11:01:13 -0300] "POST /cormun/servlet/trlicencias?e9b5620d909823ca96e1df420207c477,,gx-no-cache=1741183367401 HTTP/1.1" 200 5703
179.57.78.55 - - [05/Mar/2025:11:01:17 -0300] "GET /cormun/servlet/licenciaspermisos?INS,0,,, HTTP/1.1" 200 7587
179.57.78.55 - - [05/Mar/2025:11:01:17 -0300] "GET /cormun/static/gxcfg.js?202012153173 HTTP/1.1" 200 953
179.57.78.55 - - [05/Mar/2025:11:01:17 -0300] "GET /cormun/static/licenciaspermisos.js?2020121532136 HTTP/1.1" 200 38753
179.57.78.55 - - [05/Mar/2025:11:01:19 -0300] "POST /cormun/servlet/licenciaspermisos?e9b5620d909823ca96e1df420207c477,INS,0,,,,gx-no-cache=1741183373313 HTTP/1.1" 200 93
179.57.78.55 - - [05/Mar/2025:11:01:19 -0300] "GET /cormun/servlet/hpexe_return? HTTP/1.1" 200 1010
179.57.78.55 - - [05/Mar/2025:11:01:19 -0300] "GET /cormun/servlet/trlicencias? HTTP/1.1" 200 8352
179.57.78.55 - - [05/Mar/2025:11:01:23 -0300] "POST /cormun/servlet/trlicencias?e9b5620d909823ca96e1df420207c477,,gx-no-cache=1741183376714 HTTP/1.1" 200 101
179.57.78.55 - - [05/Mar/2025:11:01:23 -0300] "POST /cormun/servlet/trlicencias?e9b5620d909823ca96e1df420207c477,,gx-no-cache=1741183376851 HTTP/1.1" 200 5685
179.57.78.55 - - [05/Mar/2025:11:01:23 -0300] "GET /cormun/Licencias-7263.xls HTTP/1.1" 200 5120
179.57.78.9 - - [05/Mar/2025:11:02:19 -0300] "GET /cormun/servlet/hlogin HTTP/1.1" 200 1723
179.57.78.55 - - [05/Mar/2025:11:02:38 -0300] "GET /cormun/servlet/trpermisosgoce? HTTP/1.1" 200 6692
179.57.78.55 - - [05/Mar/2025:11:02:41 -0300] "GET /cormun/static/menuarrow.gif HTTP/1.1" 404 1015
179.57.78.71 - - [05/Mar/2025:11:02:42 -0300] "POST /cormun/servlet/solicitudot?gx-no-cache=1741183456561 HTTP/1.1" 200 4046
179.57.78.71 - - [05/Mar/2025:11:02:42 -0300] "POST /cormun/servlet/solicitudot?1c6db90227052ae3b3547ab0a2665c20,INS,0,0,false,,gx-no-cache=1741183456691 HTTP/1.1" 200 12895
179.57.78.71 - - [05/Mar/2025:11:02:48 -0300] "GET /cormun/servlet/solicitudot?4082700ec50a7d8b6a78e79aeba57f00f05985291fd7dc879ac7121a76fc9bbffcfa69bdb95bd475fa0f620f67829920,gx-no-cache=1741183461972 HTTP/1.1" 200 30
179.57.78.55 - - [05/Mar/2025:11:02:53 -0300] "POST /cormun/servlet/trpermisosgoce?e9b5620d909823ca96e1df420207c477,,gx-no-cache=1741183467521 HTTP/1.1" 200 6042
179.57.78.55 - - [05/Mar/2025:11:03:07 -0300] "POST /cormun/servlet/trpermisosgoce?e9b5620d909823ca96e1df420207c477,,gx-no-cache=1741183480808 HTTP/1.1" 200 104
179.57.78.55 - - [05/Mar/2025:11:03:07 -0300] "POST /cormun/servlet/trpermisosgoce?e9b5620d909823ca96e1df420207c477,,gx-no-cache=1741183480930 HTTP/1.1" 200 6022
179.57.78.55 - - [05/Mar/2025:11:03:07 -0300] "GET /cormun/PermisosGoce-4830.xls HTTP/1.1" 200 6144
179.57.78.9 - - [05/Mar/2025:11:03:08 -0300] "POST /cormun/servlet/hlogin?44453f721ad7b75b8e1148f85e2784ff,gx-no-cache=1741183482690 HTTP/1.1" 200 90
179.57.78.9 - - [05/Mar/2025:11:03:08 -0300] "GET /cormun/servlet/hpexe_link HTTP/1.1" 200 958
179.57.78.9 - - [05/Mar/2025:11:03:08 -0300] "GET /cormun/servlet/trlicencias HTTP/1.1" 200 9034
209.141.37.95 - - [05/Mar/2025:11:04:41 -0300] "GET /manager/html HTTP/1.1" 401 2474
190.95.2.163 - - [05/Mar/2025:11:05:09 -0300] "GET /cormun/servlet/trlicencias? HTTP/1.1" 200 8059
190.95.67.91 - - [05/Mar/2025:11:06:01 -0300] "POST /cormun/servlet/solicitudot?e70055b3a87100a7d2d742f6c8ee37e4,INS,0,0,false,,gx-no-cache=1741183655617 HTTP/1.1" 200 93
190.95.67.91 - - [05/Mar/2025:11:06:01 -0300] "GET /cormun/servlet/hpexe_return? HTTP/1.1" 200 1011
190.95.67.91 - - [05/Mar/2025:11:06:02 -0300] "GET /cormun/servlet/trsolicitudot HTTP/1.1" 200 9126
190.95.67.91 - - [05/Mar/2025:11:06:36 -0300] "POST /cormun/servlet/trsolicitudot?e70055b3a87100a7d2d742f6c8ee37e4,gx-no-cache=1741183690801 HTTP/1.1" 200 107
190.95.67.91 - - [05/Mar/2025:11:06:36 -0300] "GET /cormun/servlet/trsolicitudadjuntos?2025,21958, HTTP/1.1" 200 6338
190.95.67.91 - - [05/Mar/2025:11:06:39 -0300] "GET /cormun/servlet/solicitudotadjuntos?INS,2025,21958,,1, HTTP/1.1" 200 6281
190.95.67.91 - - [05/Mar/2025:11:06:39 -0300] "GET /cormun/static/about:blank HTTP/1.1" 404 1011
190.95.67.91 - - [05/Mar/2025:11:06:40 -0300] "GET /cormun/servlet/solicitudotadjuntos?179c74c0c65c2ffe882eb39e536380d90859bbacc5748117d4f508fc55e4dfd2a153a59bfdd44037523270313daeff8f,gx-no-cache=1741183694347 HTTP/1.1" 200 30
190.95.67.91 - - [05/Mar/2025:11:06:40 -0300] "POST /cormun/servlet/solicitudotadjuntos?e70055b3a87100a7d2d742f6c8ee37e4,INS,2025,21958,,1,,gx-no-cache=1741183694358 HTTP/1.1" 200 4190
190.95.67.91 - - [05/Mar/2025:11:06:42 -0300] "POST /cormun/servlet/solicitudotadjuntos?gx-no-cache=1741183696930 HTTP/1.1" 200 26
190.95.67.91 - - [05/Mar/2025:11:06:59 -0300] "GET /cormun/servlet/solicitudotadjuntos?179c74c0c65c2ffe882eb39e536380d90b330b00a8c0c271828e493a31c23e61,gx-no-cache=1741183713239 HTTP/1.1" 200 30
190.95.67.91 - - [05/Mar/2025:11:06:59 -0300] "GET /cormun/servlet/solicitudotadjuntos?179c74c0c65c2ffe882eb39e536380d90b330b00a8c0c271828e493a31c23e61,gx-no-cache=1741183713260 HTTP/1.1" 200 30
190.95.67.91 - - [05/Mar/2025:11:07:00 -0300] "POST /cormun/servlet/solicitudotadjuntos?e70055b3a87100a7d2d742f6c8ee37e4,INS,2025,21958,,1, HTTP/1.1" 200 116
190.95.67.91 - - [05/Mar/2025:11:07:00 -0300] "GET /cormun/servlet/hpexe_return? HTTP/1.1" 200 1027
190.95.67.91 - - [05/Mar/2025:11:07:01 -0300] "GET /cormun/servlet/trsolicitudadjuntos?2025,21958, HTTP/1.1" 200 9351
190.95.67.91 - - [05/Mar/2025:11:07:02 -0300] "GET /cormun/servlet/solicitudotadjuntos?INS,2025,21958,,1, HTTP/1.1" 200 6281
190.95.67.91 - - [05/Mar/2025:11:07:02 -0300] "GET /cormun/static/about:blank HTTP/1.1" 404 1011
190.95.67.91 - - [05/Mar/2025:11:07:03 -0300] "GET /cormun/servlet/solicitudotadjuntos?179c74c0c65c2ffe882eb39e536380d90859bbacc5748117d4f508fc55e4dfd2a153a59bfdd44037523270313daeff8f,gx-no-cache=1741183717304 HTTP/1.1" 200 30
190.95.67.91 - - [05/Mar/2025:11:07:03 -0300] "POST /cormun/servlet/solicitudotadjuntos?e70055b3a87100a7d2d742f6c8ee37e4,INS,2025,21958,,1,,gx-no-cache=1741183717327 HTTP/1.1" 200 4190
190.95.67.91 - - [05/Mar/2025:11:07:05 -0300] "POST /cormun/servlet/solicitudotadjuntos?gx-no-cache=1741183719423 HTTP/1.1" 200 26
190.95.67.91 - - [05/Mar/2025:11:07:09 -0300] "GET /cormun/servlet/solicitudotadjuntos?179c74c0c65c2ffe882eb39e536380d90b330b00a8c0c271828e493a31c23e61,gx-no-cache=1741183723654 HTTP/1.1" 200 30
190.95.67.91 - - [05/Mar/2025:11:07:09 -0300] "GET /cormun/servlet/solicitudotadjuntos?179c74c0c65c2ffe882eb39e536380d90b330b00a8c0c271828e493a31c23e61,gx-no-cache=1741183723688 HTTP/1.1" 200 30
190.95.67.91 - - [05/Mar/2025:11:07:09 -0300] "POST /cormun/servlet/solicitudotadjuntos?e70055b3a87100a7d2d742f6c8ee37e4,INS,2025,21958,,1, HTTP/1.1" 200 116
190.95.67.91 - - [05/Mar/2025:11:07:09 -0300] "GET /cormun/servlet/hpexe_return? HTTP/1.1" 200 1027
190.95.67.91 - - [05/Mar/2025:11:07:09 -0300] "GET /cormun/servlet/trsolicitudadjuntos?2025,21958, HTTP/1.1" 200 9594
190.95.67.91 - - [05/Mar/2025:11:07:11 -0300] "GET /cormun/servlet/solicitudotadjuntos?INS,2025,21958,,1, HTTP/1.1" 200 6282
190.95.67.91 - - [05/Mar/2025:11:07:12 -0300] "GET /cormun/static/about:blank HTTP/1.1" 404 1011
190.95.67.91 - - [05/Mar/2025:11:07:12 -0300] "GET /cormun/servlet/solicitudotadjuntos?179c74c0c65c2ffe882eb39e536380d90859bbacc5748117d4f508fc55e4dfd2a153a59bfdd44037523270313daeff8f,gx-no-cache=1741183726532 HTTP/1.1" 200 30
190.95.67.91 - - [05/Mar/2025:11:07:12 -0300] "POST /cormun/servlet/solicitudotadjuntos?e70055b3a87100a7d2d742f6c8ee37e4,INS,2025,21958,,1,,gx-no-cache=1741183726544 HTTP/1.1" 200 4191
190.95.67.91 - - [05/Mar/2025:11:07:14 -0300] "POST /cormun/servlet/solicitudotadjuntos?gx-no-cache=1741183728663 HTTP/1.1" 200 26
190.95.67.91 - - [05/Mar/2025:11:07:21 -0300] "GET /cormun/servlet/solicitudotadjuntos?179c74c0c65c2ffe882eb39e536380d90b330b00a8c0c271828e493a31c23e61,gx-no-cache=1741183735879 HTTP/1.1" 200 30
190.95.67.91 - - [05/Mar/2025:11:07:21 -0300] "GET /cormun/servlet/solicitudotadjuntos?179c74c0c65c2ffe882eb39e536380d90b330b00a8c0c271828e493a31c23e61,gx-no-cache=1741183735907 HTTP/1.1" 200 30
190.95.67.91 - - [05/Mar/2025:11:07:22 -0300] "POST /cormun/servlet/solicitudotadjuntos?e70055b3a87100a7d2d742f6c8ee37e4,INS,2025,21958,,1, HTTP/1.1" 200 116
190.95.67.91 - - [05/Mar/2025:11:07:22 -0300] "GET /cormun/servlet/hpexe_return? HTTP/1.1" 200 1027
190.95.67.91 - - [05/Mar/2025:11:07:22 -0300] "GET /cormun/servlet/trsolicitudadjuntos?2025,21958, HTTP/1.1" 200 9848
190.95.67.91 - - [05/Mar/2025:11:07:24 -0300] "GET /cormun/servlet/solicitudotadjuntos?INS,2025,21958,,1, HTTP/1.1" 200 6282
190.95.67.91 - - [05/Mar/2025:11:07:24 -0300] "GET /cormun/static/about:blank HTTP/1.1" 404 1011
190.95.67.91 - - [05/Mar/2025:11:07:24 -0300] "GET /cormun/servlet/solicitudotadjuntos?179c74c0c65c2ffe882eb39e536380d90859bbacc5748117d4f508fc55e4dfd2a153a59bfdd44037523270313daeff8f,gx-no-cache=1741183738973 HTTP/1.1" 200 30
190.95.67.91 - - [05/Mar/2025:11:07:25 -0300] "POST /cormun/servlet/solicitudotadjuntos?e70055b3a87100a7d2d742f6c8ee37e4,INS,2025,21958,,1,,gx-no-cache=1741183738985 HTTP/1.1" 200 4191
190.95.67.91 - - [05/Mar/2025:11:07:28 -0300] "POST /cormun/servlet/solicitudotadjuntos?gx-no-cache=1741183742199 HTTP/1.1" 200 26
190.95.67.91 - - [05/Mar/2025:11:07:32 -0300] "GET /cormun/servlet/solicitudotadjuntos?179c74c0c65c2ffe882eb39e536380d90b330b00a8c0c271828e493a31c23e61,gx-no-cache=1741183746750 HTTP/1.1" 200 30
190.95.67.91 - - [05/Mar/2025:11:07:32 -0300] "GET /cormun/servlet/solicitudotadjuntos?179c74c0c65c2ffe882eb39e536380d90b330b00a8c0c271828e493a31c23e61,gx-no-cache=1741183746760 HTTP/1.1" 200 30
190.95.67.91 - - [05/Mar/2025:11:07:32 -0300] "POST /cormun/servlet/solicitudotadjuntos?e70055b3a87100a7d2d742f6c8ee37e4,INS,2025,21958,,1, HTTP/1.1" 200 116
190.95.67.91 - - [05/Mar/2025:11:07:32 -0300] "GET /cormun/servlet/hpexe_return? HTTP/1.1" 200 1027
190.95.67.91 - - [05/Mar/2025:11:07:32 -0300] "GET /cormun/servlet/trsolicitudadjuntos?2025,21958, HTTP/1.1" 200 10110
190.95.67.91 - - [05/Mar/2025:11:07:34 -0300] "GET /cormun/servlet/solicitudotadjuntos?INS,2025,21958,,1, HTTP/1.1" 200 6282
190.95.67.91 - - [05/Mar/2025:11:07:34 -0300] "GET /cormun/static/about:blank HTTP/1.1" 404 1011
190.95.67.91 - - [05/Mar/2025:11:07:35 -0300] "GET /cormun/servlet/solicitudotadjuntos?179c74c0c65c2ffe882eb39e536380d90859bbacc5748117d4f508fc55e4dfd2a153a59bfdd44037523270313daeff8f,gx-no-cache=1741183749322 HTTP/1.1" 200 30
190.95.67.91 - - [05/Mar/2025:11:07:35 -0300] "POST /cormun/servlet/solicitudotadjuntos?e70055b3a87100a7d2d742f6c8ee37e4,INS,2025,21958,,1,,gx-no-cache=1741183749335 HTTP/1.1" 200 4191
190.95.67.91 - - [05/Mar/2025:11:07:38 -0300] "POST /cormun/servlet/solicitudotadjuntos?gx-no-cache=1741183752463 HTTP/1.1" 200 26
190.95.67.91 - - [05/Mar/2025:11:07:42 -0300] "GET /cormun/servlet/solicitudotadjuntos?179c74c0c65c2ffe882eb39e536380d90b330b00a8c0c271828e493a31c23e61,gx-no-cache=1741183756742 HTTP/1.1" 200 30
190.95.67.91 - - [05/Mar/2025:11:07:42 -0300] "GET /cormun/servlet/solicitudotadjuntos?179c74c0c65c2ffe882eb39e536380d90b330b00a8c0c271828e493a31c23e61,gx-no-cache=1741183756753 HTTP/1.1" 200 30
190.95.67.91 - - [05/Mar/2025:11:07:42 -0300] "POST /cormun/servlet/solicitudotadjuntos?e70055b3a87100a7d2d742f6c8ee37e4,INS,2025,21958,,1, HTTP/1.1" 200 116
190.95.67.91 - - [05/Mar/2025:11:07:42 -0300] "GET /cormun/servlet/hpexe_return? HTTP/1.1" 200 1027
190.95.67.91 - - [05/Mar/2025:11:07:42 -0300] "GET /cormun/servlet/trsolicitudadjuntos?2025,21958, HTTP/1.1" 200 10446
190.95.67.91 - - [05/Mar/2025:11:07:45 -0300] "GET /cormun/servlet/solicitudotadjuntos?INS,2025,21958,,1, HTTP/1.1" 200 6282
190.95.67.91 - - [05/Mar/2025:11:07:45 -0300] "GET /cormun/static/about:blank HTTP/1.1" 404 1011
190.95.67.91 - - [05/Mar/2025:11:07:45 -0300] "GET /cormun/servlet/solicitudotadjuntos?179c74c0c65c2ffe882eb39e536380d90859bbacc5748117d4f508fc55e4dfd2a153a59bfdd44037523270313daeff8f,gx-no-cache=1741183759647 HTTP/1.1" 200 30
190.95.67.91 - - [05/Mar/2025:11:07:45 -0300] "POST /cormun/servlet/solicitudotadjuntos?e70055b3a87100a7d2d742f6c8ee37e4,INS,2025,21958,,1,,gx-no-cache=1741183759686 HTTP/1.1" 200 4191
190.95.67.91 - - [05/Mar/2025:11:07:48 -0300] "POST /cormun/servlet/solicitudotadjuntos?gx-no-cache=1741183762063 HTTP/1.1" 200 26
190.95.67.91 - - [05/Mar/2025:11:07:53 -0300] "GET /cormun/servlet/solicitudotadjuntos?179c74c0c65c2ffe882eb39e536380d90b330b00a8c0c271828e493a31c23e61,gx-no-cache=1741183767782 HTTP/1.1" 200 30
190.95.67.91 - - [05/Mar/2025:11:07:53 -0300] "GET /cormun/servlet/solicitudotadjuntos?179c74c0c65c2ffe882eb39e536380d90b330b00a8c0c271828e493a31c23e61,gx-no-cache=1741183767793 HTTP/1.1" 200 30
190.95.67.91 - - [05/Mar/2025:11:07:53 -0300] "POST /cormun/servlet/solicitudotadjuntos?e70055b3a87100a7d2d742f6c8ee37e4,INS,2025,21958,,1, HTTP/1.1" 200 116
190.95.67.91 - - [05/Mar/2025:11:07:53 -0300] "GET /cormun/servlet/hpexe_return? HTTP/1.1" 200 1027
190.95.67.91 - - [05/Mar/2025:11:07:54 -0300] "GET /cormun/servlet/trsolicitudadjuntos?2025,21958, HTTP/1.1" 200 10629
190.95.67.91 - - [05/Mar/2025:11:07:56 -0300] "POST /cormun/servlet/trsolicitudadjuntos?e70055b3a87100a7d2d742f6c8ee37e4,2025,21958,,gx-no-cache=1741183770361 HTTP/1.1" 200 90
190.95.67.91 - - [05/Mar/2025:11:07:56 -0300] "GET /cormun/servlet/hpexe_link HTTP/1.1" 200 969
190.95.67.91 - - [05/Mar/2025:11:07:56 -0300] "GET /cormun/servlet/trsolicitudot HTTP/1.1" 200 9124
141.255.166.90 - - [05/Mar/2025:11:07:57 -0300] "GET /cgi-bin/luci/;stok=/locale HTTP/1.1" 404 1013
190.95.15.9 - - [05/Mar/2025:11:08:07 -0300] "POST /cormun/servlet/hlogin?aff80d952b3a7043e9eccd93994a8478,gx-no-cache=1741183780270 HTTP/1.1" 440 972
190.95.15.9 - - [05/Mar/2025:11:08:08 -0300] "GET /cormun/servlet/hlogin HTTP/1.1" 200 1720
190.95.15.9 - - [05/Mar/2025:11:08:16 -0300] "POST /cormun/servlet/hlogin?cc3c4e2c45eee37a64bdbd8a1287559f,gx-no-cache=1741183790140 HTTP/1.1" 200 90
190.95.15.9 - - [05/Mar/2025:11:08:16 -0300] "GET /cormun/servlet/hpexe_link HTTP/1.1" 200 940
190.95.15.9 - - [05/Mar/2025:11:08:17 -0300] "GET /cormun/servlet/hhome HTTP/1.1" 200 4181
190.95.67.91 - - [05/Mar/2025:11:08:18 -0300] "POST /cormun/servlet/trsolicitudot?e70055b3a87100a7d2d742f6c8ee37e4,gx-no-cache=1741183792737 HTTP/1.1" 200 5887
190.95.67.91 - - [05/Mar/2025:11:08:18 -0300] "GET /cormun/static/Shared/jqueryui/images/ui-icons_82798d_256x240.png HTTP/1.1" 404 1089
190.95.67.91 - - [05/Mar/2025:11:08:18 -0300] "GET /cormun/static/Shared/jqueryui/images/ui-bg_flat_55_fafafa_40x100.png HTTP/1.1" 404 1097
190.95.67.91 - - [05/Mar/2025:11:08:18 -0300] "GET /cormun/static/Shared/jqueryui/images/ui-icons_8d78a5_256x240.png HTTP/1.1" 404 1089
190.95.67.91 - - [05/Mar/2025:11:08:18 -0300] "GET /cormun/static/Shared/jqueryui/images/ui-bg_highlight-soft_100_c6c2c8_1x100.png HTTP/1.1" 404 1117
190.95.67.91 - - [05/Mar/2025:11:08:18 -0300] "POST /cormun/servlet/trsolicitudot?e70055b3a87100a7d2d742f6c8ee37e4,gx-no-cache=1741183792873 HTTP/1.1" 200 5829
190.95.15.9 - - [05/Mar/2025:11:08:23 -0300] "GET /cormun/servlet/trlicencias? HTTP/1.1" 200 10165
179.57.78.71 - - [05/Mar/2025:11:10:09 -0300] "GET /cormun/servlet/solicitudot?4082700ec50a7d8b6a78e79aeba57f002a59717ce2b83e256b7412ae13fe9ef41625b76bdff7c12495e4b814adeb185b1d161c1b76ecf3cf0023ea4bfd6612c2,gx-no-cache=1741183903229 HTTP/1.1" 200 30
179.57.78.71 - - [05/Mar/2025:11:10:12 -0300] "GET /cormun/servlet/solicitudot?4082700ec50a7d8b6a78e79aeba57f009f02b0082f9fc8875ca01faf763790f6,gx-no-cache=1741183905868 HTTP/1.1" 200 53
190.95.67.91 - - [05/Mar/2025:11:10:23 -0300] "GET /cormun/servlet/trlicencias? HTTP/1.1" 200 9616
179.57.78.71 - - [05/Mar/2025:11:10:40 -0300] "POST /cormun/servlet/solicitudot?gx-no-cache=1741183934418 HTTP/1.1" 200 297
179.57.78.71 - - [05/Mar/2025:11:10:40 -0300] "GET /cormun/servlet/solicitudot?4082700ec50a7d8b6a78e79aeba57f007cf3b5f759f8022a687836f4f034adf6a97a5d3ef86076bd39fa7be655b04491cf5cb01f34179f6703142bed86725d5616d608c4df356a4034292cbd0dff4afbc4774f85b1e6101e11ad85ec852d98e8c041c5d977284c6629810dfe2fe07207aef94b81c6b9766298a04453b9f91aeb4457863978e0c8c3ca6e628e6460d9bd1a06870c9fa78bfa0ef1197c333697a81d43ba278707ffce8b550872f5b7695fe0af42d4a821cbfcbdf1fd7a5fac74347d23621af85c98c18081f1c1f360634e30d1b101a6f1b0b88ae0fddce3bab75d7c6a6d9b5421dc2d6a69d8be932bdd704a8f5b92cf2fedf49ba303863d9c0ea87280f53e5b4c3ff8d7701ea4a762554ee7210bbed7396dc0e718c959a401a157655633a48f4ec691dca26631f004b771186c32d61f89e999d6cd40cb6fca38fdeec90d3460b92bf04256e0882ac97d3cf6cce8f13002b3e66d93f93c9de460b6bde4111597938b42c5fc5e57ab8834248f7a969805b530d831d21aa1df73654e5f56d0550991e2d49fc98ccee64dd6d1,gx-no-cache=1741183934473 HTTP/1.1" 200 30
179.57.78.71 - - [05/Mar/2025:11:10:51 -0300] "POST /cormun/servlet/solicitudot?gx-no-cache=1741183945384 HTTP/1.1" 200 30
179.57.78.71 - - [05/Mar/2025:11:10:54 -0300] "POST /cormun/servlet/solicitudot?gx-no-cache=1741183948317 HTTP/1.1" 200 1480
179.57.78.71 - - [05/Mar/2025:11:10:54 -0300] "POST /cormun/servlet/solicitudot?gx-no-cache=1741183948364 HTTP/1.1" 200 38
209.141.37.95 - - [05/Mar/2025:11:11:01 -0300] "GET /manager/html HTTP/1.1" 401 2474
201.186.226.3 - - [05/Mar/2025:11:11:04 -0300] "GET /cormun/servlet/hlogin HTTP/1.1" 200 1723
179.57.78.71 - - [05/Mar/2025:11:12:10 -0300] "GET /cormun/servlet/solicitudot?4082700ec50a7d8b6a78e79aeba57f00899e6a3c4f69ebcb1f279aeb54afdcc4f8622d2efe400b22bd81900779370cd50ee89ca1f4c97a24cde43099047d39fa9741b2ee8e0eea650c8311bf4796991f8977a6da25697335b9d639a6c0fb03132738e6444e9f9dae18d1ab376df461c0,gx-no-cache=1741184024412 HTTP/1.1" 200 110
179.57.78.71 - - [05/Mar/2025:11:12:10 -0300] "POST /cormun/servlet/solicitudot?gx-no-cache=1741184024501 HTTP/1.1" 200 97
179.57.78.71 - - [05/Mar/2025:11:12:22 -0300] "GET /cormun/servlet/solicitudot?4082700ec50a7d8b6a78e79aeba57f0011c65fe1db7e2cee827590904257ff8ea1174cc5d513c4302097fc56cf57cf82443ed72501ce8a97e34071836b272e7b6c5f06083ffb9c4c6304423586b4fc019fada9b390e14a1fc3801315244057d2523d821391a68a5903623959bdd3171d,gx-no-cache=1741184036215 HTTP/1.1" 200 29
179.57.78.71 - - [05/Mar/2025:11:12:32 -0300] "GET /cormun/servlet/solicitudot?4082700ec50a7d8b6a78e79aeba57f00dc2db298dd3ffbf9e1a393ca5cb4abfd16e89323ea5598f3a1310f48e9f13142,gx-no-cache=1741184046670 HTTP/1.1" 200 30
201.186.226.3 - - [05/Mar/2025:11:12:44 -0300] "POST /cormun/servlet/hlogin?13c2001d31515f1098a859ded8ff6de3,gx-no-cache=1741184059763 HTTP/1.1" 200 90
201.186.226.3 - - [05/Mar/2025:11:12:44 -0300] "GET /cormun/servlet/hpexe_link HTTP/1.1" 200 954
179.57.78.71 - - [05/Mar/2025:11:12:45 -0300] "POST /cormun/servlet/solicitudot?gx-no-cache=1741184059016 HTTP/1.1" 200 30
201.186.226.3 - - [05/Mar/2025:11:12:45 -0300] "GET /cormun/servlet/hhome HTTP/1.1" 200 3872
201.186.226.3 - - [05/Mar/2025:11:12:49 -0300] "GET /cormun/servlet/trlicencias? HTTP/1.1" 200 8551
179.57.78.71 - - [05/Mar/2025:11:12:53 -0300] "POST /cormun/servlet/solicitudot?1c6db90227052ae3b3547ab0a2665c20,INS,0,0,false,,gx-no-cache=1741184066984 HTTP/1.1" 200 93
179.57.78.71 - - [05/Mar/2025:11:12:53 -0300] "GET /cormun/servlet/hpexe_return? HTTP/1.1" 200 1006
179.57.78.71 - - [05/Mar/2025:11:12:53 -0300] "GET /cormun/servlet/trsolicitudot HTTP/1.1" 200 9226
201.186.226.3 - - [05/Mar/2025:11:13:05 -0300] "GET /cormun/servlet/licenciaspermisos?INS,0,,, HTTP/1.1" 200 7481
201.186.226.3 - - [05/Mar/2025:11:13:05 -0300] "GET /cormun/static/gxcfg.js?202012153173 HTTP/1.1" 200 953
201.186.226.3 - - [05/Mar/2025:11:13:05 -0300] "GET /cormun/static/Resources/prompt.gif HTTP/1.1" 200 902
201.186.226.3 - - [05/Mar/2025:11:13:05 -0300] "GET /cormun/static/licenciaspermisos.js?2020121532136 HTTP/1.1" 200 38753
201.186.226.3 - - [05/Mar/2025:11:14:18 -0300] "GET /cormun/servlet/licenciaspermisos?77e68987005c0c107330d708538b6c4781acaed6e9831324cda9b20502f8a94ecce5ea0f2b489aec08a0a808d45286a4d001ac573947181fb7ff644e1c4dd0e2,gx-no-cache=1741184153731 HTTP/1.1" 200 100
201.186.226.3 - - [05/Mar/2025:11:14:18 -0300] "POST /cormun/servlet/licenciaspermisos?13c2001d31515f1098a859ded8ff6de3,INS,0,,,,gx-no-cache=1741184153768 HTTP/1.1" 200 4830
201.186.226.3 - - [05/Mar/2025:11:15:07 -0300] "GET /cormun/static/menuarrow.gif HTTP/1.1" 404 1015
209.141.37.95 - - [05/Mar/2025:11:17:18 -0300] "GET /manager/html HTTP/1.1" 401 2474
185.247.137.160 - - [05/Mar/2025:11:20:24 -0300] "GET / HTTP/1.1" 200 11217
185.247.137.206 - - [05/Mar/2025:11:20:25 -0300] "GET /favicon.ico HTTP/1.1" 200 21630
201.186.226.3 - - [05/Mar/2025:11:21:14 -0300] "GET /cormun/servlet/licenciaspermisos?77e68987005c0c107330d708538b6c4722f1ea938ffbd8bdebb3fd7aa09075ba897d3975eecc787cb155c273fa18b7d4075d77891cc6cb15bd98d7c9246386c670dc14be59bf9304640e5974b1e2a895c2dd865899686f25dcb1551066872dff6399b229605ae948a943de9392a32e451e745d5c1ec3ac750ea1e037c4ef0d4e8819eeaba1d0e96d5b654a427b3b520ef855a4718ecba04f8560effbb3496940e5e628480b658ea7c0806a3b0c36071a,gx-no-cache=1741184569315 HTTP/1.1" 200 30
201.186.226.3 - - [05/Mar/2025:11:21:14 -0300] "GET /cormun/servlet/licenciaspermisos?77e68987005c0c107330d708538b6c472107360d41909f4fd302a8b29f43a38c80549bc9ec36f7d8b9d3b96ae9e0f804db2c3334a90c25f8bb88ea154202d6719230aa46a0de5e342b82b13b97375f1caad43c7b44a84fb91783eb1a14057145fc938975952faa8deb0ec125c365bbbb78ddcc48bb3bb509674517fcf62606e59c5b419e7e3eb9d69739ff189074b2b977e1616adaa033c7ddb3336b251359d462c05f376f184ac4aefe72717f75ac90,gx-no-cache=1741184569384 HTTP/1.1" 200 29
201.186.226.3 - - [05/Mar/2025:11:21:15 -0300] "POST /cormun/servlet/licenciaspermisos?13c2001d31515f1098a859ded8ff6de3,INS,0,,,,gx-no-cache=1741184569410 HTTP/1.1" 200 93
201.186.226.3 - - [05/Mar/2025:11:21:15 -0300] "GET /cormun/servlet/hpexe_return? HTTP/1.1" 200 1014
201.186.226.3 - - [05/Mar/2025:11:21:15 -0300] "GET /cormun/static/gxcfg.js?20221129846035 HTTP/1.1" 200 953
201.186.226.3 - - [05/Mar/2025:11:21:15 -0300] "GET /cormun/static/hpexe_return.js?20221129846037 HTTP/1.1" 200 1633
201.186.226.3 - - [05/Mar/2025:11:21:15 -0300] "GET /cormun/servlet/trlicencias HTTP/1.1" 200 8953
201.186.226.3 - - [05/Mar/2025:11:21:15 -0300] "GET /cormun//static/Resources/PXToolsGridUpdate.png HTTP/1.1" 200 470
201.186.226.3 - - [05/Mar/2025:11:21:15 -0300] "GET /cormun//static/Resources/PXToolsGridDelete.png HTTP/1.1" 200 538
201.186.226.3 - - [05/Mar/2025:11:21:27 -0300] "GET /cormun/servlet/alicenciaprn?14202114,L,20250305000000,PU HTTP/1.1" 200 1535
201.186.226.3 - - [05/Mar/2025:11:22:17 -0300] "GET /cormun/servlet/trlicenciaspermisosadjuntos?14202114,20250305000000,L, HTTP/1.1" 200 6232
201.186.226.3 - - [05/Mar/2025:11:22:17 -0300] "GET /cormun/static/gxui/gxui-all.css?110300 HTTP/1.1" 200 2179
201.186.226.3 - - [05/Mar/2025:11:22:17 -0300] "GET /cormun/static/calendar-system.css?75620 HTTP/1.1" 200 5572
201.186.226.3 - - [05/Mar/2025:11:22:17 -0300] "GET /cormun/static/gxcfg.js?201991422445549 HTTP/1.1" 200 953
201.186.226.3 - - [05/Mar/2025:11:22:17 -0300] "GET /cormun/static/trlicenciaspermisosadjuntos.js?20199142244593 HTTP/1.1" 200 21036
201.186.226.3 - - [05/Mar/2025:11:22:17 -0300] "GET /cormun/static/Resources/Spanish/PXTools.css?2294816 HTTP/1.1" 200 100853
201.186.226.3 - - [05/Mar/2025:11:22:17 -0300] "GET /cormun/static/Shared/ext/resources/css/ext-all.css?205870 HTTP/1.1" 200 416045
201.186.226.3 - - [05/Mar/2025:11:22:21 -0300] "GET /cormun/servlet/licenciaspermisosadjuntos?INS,14202114,L,20250305000000,, HTTP/1.1" 200 5518
201.186.226.3 - - [05/Mar/2025:11:22:21 -0300] "GET /cormun/static/gxcfg.js?20201215114875 HTTP/1.1" 200 953
201.186.226.3 - - [05/Mar/2025:11:22:21 -0300] "GET /cormun/static/licenciaspermisosadjuntos.js?20201215114932 HTTP/1.1" 200 8760
201.186.226.3 - - [05/Mar/2025:11:22:21 -0300] "GET /cormun/static/about:blank HTTP/1.1" 404 1011
179.57.78.71 - - [05/Mar/2025:11:22:46 -0300] "GET /cormun/servlet/trlicencias? HTTP/1.1" 200 6047
179.57.78.71 - - [05/Mar/2025:11:22:46 -0300] "GET /cormun/servlet/hlogin HTTP/1.1" 200 1735
209.141.37.95 - - [05/Mar/2025:11:23:34 -0300] "GET /manager/html HTTP/1.1" 401 2474
190.95.2.163 - - [05/Mar/2025:11:24:34 -0300] "GET /cormun/servlet/hlogin HTTP/1.1" 200 1724
190.95.2.163 - - [05/Mar/2025:11:24:37 -0300] "POST /cormun/servlet/hlogin?5666e425b3770bd8d11de6b7760dee72,gx-no-cache=1741184770985 HTTP/1.1" 200 90
190.95.2.163 - - [05/Mar/2025:11:24:37 -0300] "GET /cormun/servlet/hpexe_link HTTP/1.1" 200 960
190.95.2.163 - - [05/Mar/2025:11:24:37 -0300] "GET /cormun/servlet/trlicencias HTTP/1.1" 200 8058
190.95.2.163 - - [05/Mar/2025:11:24:48 -0300] "GET /cormun/servlet/trlicencias? HTTP/1.1" 200 8059
190.95.2.163 - - [05/Mar/2025:11:25:07 -0300] "GET /cormun/servlet/trlicencias? HTTP/1.1" 200 8059
201.186.226.3 - - [05/Mar/2025:11:29:15 -0300] "POST /cormun/servlet/licenciaspermisosadjuntos?13c2001d31515f1098a859ded8ff6de3,INS,14202114,L,20250305000000,, HTTP/1.1" 200 116
201.186.226.3 - - [05/Mar/2025:11:29:15 -0300] "GET /cormun/servlet/hpexe_return? HTTP/1.1" 200 1043
201.186.226.3 - - [05/Mar/2025:11:29:16 -0300] "GET /cormun/servlet/trlicenciaspermisosadjuntos?14202114,20250305000000,L, HTTP/1.1" 200 6713
201.186.226.3 - - [05/Mar/2025:11:29:20 -0300] "POST /cormun/servlet/trlicenciaspermisosadjuntos?13c2001d31515f1098a859ded8ff6de3,14202114,20250305000000,L,,gx-no-cache=1741185055379 HTTP/1.1" 200 90
201.186.226.3 - - [05/Mar/2025:11:29:20 -0300] "GET /cormun/servlet/hpexe_link HTTP/1.1" 200 985
201.186.226.3 - - [05/Mar/2025:11:29:20 -0300] "GET /cormun/servlet/trlicencias HTTP/1.1" 200 8948
209.141.37.95 - - [05/Mar/2025:11:29:51 -0300] "GET /manager/html HTTP/1.1" 401 2474
201.186.226.3 - - [05/Mar/2025:11:31:30 -0300] "POST /cormun/servlet/trlicencias?13c2001d31515f1098a859ded8ff6de3,gx-no-cache=1741185185324 HTTP/1.1" 200 6398
201.186.226.3 - - [05/Mar/2025:11:31:31 -0300] "GET /cormun/static/Shared/jqueryui/images/ui-icons_82798d_256x240.png HTTP/1.1" 404 1089
201.186.226.3 - - [05/Mar/2025:11:31:31 -0300] "GET /cormun/static/Shared/jqueryui/images/ui-bg_highlight-soft_100_c6c2c8_1x100.png HTTP/1.1" 404 1117
201.186.226.3 - - [05/Mar/2025:11:31:31 -0300] "GET /cormun/static/Shared/jqueryui/images/ui-bg_flat_55_fafafa_40x100.png HTTP/1.1" 404 1097
201.186.226.3 - - [05/Mar/2025:11:31:31 -0300] "GET /cormun/static/Shared/jqueryui/images/ui-icons_8d78a5_256x240.png HTTP/1.1" 404 1089
201.186.226.3 - - [05/Mar/2025:11:32:20 -0300] "GET /cormun/servlet/hlogin HTTP/1.1" 200 1739
201.186.226.3 - - [05/Mar/2025:11:32:30 -0300] "GET /cormun/servlet/hlogin HTTP/1.1" 200 1723
201.186.226.3 - - [05/Mar/2025:11:32:42 -0300] "POST /cormun/servlet/hlogin?13c2001d31515f1098a859ded8ff6de3,gx-no-cache=1741185257465 HTTP/1.1" 200 90
201.186.226.3 - - [05/Mar/2025:11:32:42 -0300] "GET /cormun/servlet/hpexe_link HTTP/1.1" 200 977
201.186.226.3 - - [05/Mar/2025:11:32:42 -0300] "GET /cormun/servlet/trlicencias?gx-no-cache=1741185185324 HTTP/1.1" 200 8869
201.186.226.3 - - [05/Mar/2025:11:32:52 -0300] "GET /cormun/servlet/hlogin HTTP/1.1" 200 1758
190.95.67.91 - - [05/Mar/2025:11:33:41 -0300] "POST /cormun/servlet/trlicencias?e70055b3a87100a7d2d742f6c8ee37e4,,gx-no-cache=1741185315174 HTTP/1.1" 200 7114
209.141.37.95 - - [05/Mar/2025:11:36:08 -0300] "GET /manager/html HTTP/1.1" 401 2474
209.141.37.95 - - [05/Mar/2025:11:42:33 -0300] "GET /manager/html HTTP/1.1" 401 2474
200.126.116.145 - - [05/Mar/2025:11:44:27 -0300] "GET /cormun/servlet/hlogin HTTP/1.1" 200 1721
200.126.116.145 - - [05/Mar/2025:11:44:39 -0300] "POST /cormun/servlet/hlogin?e716a08abb965a69467c909ab72d4a39,gx-no-cache=1741185974614 HTTP/1.1" 200 90
200.126.116.145 - - [05/Mar/2025:11:44:39 -0300] "GET /cormun/servlet/hpexe_link HTTP/1.1" 200 952
200.126.116.145 - - [05/Mar/2025:11:44:39 -0300] "GET /cormun/servlet/hhome HTTP/1.1" 200 4329
200.126.116.145 - - [05/Mar/2025:11:44:43 -0300] "GET /cormun/servlet/trlicencias? HTTP/1.1" 200 10733
209.141.37.95 - - [05/Mar/2025:11:48:56 -0300] "GET /manager/html HTTP/1.1" 401 2474
190.95.1.183 - - [05/Mar/2025:11:50:28 -0300] "GET /cormun/servlet/hlogin HTTP/1.1" 200 1717
190.95.1.183 - - [05/Mar/2025:11:50:31 -0300] "GET /cormun/servlet/hlogin HTTP/1.1" 200 1727
190.95.1.183 - - [05/Mar/2025:11:50:38 -0300] "POST /cormun/servlet/hlogin?984876c1b5fb53b2f4419d23d5dd1be5,gx-no-cache=1741186331846 HTTP/1.1" 200 90
190.95.1.183 - - [05/Mar/2025:11:50:45 -0300] "GET /cormun/servlet/hpexe_link HTTP/1.1" 200 948
190.95.1.183 - - [05/Mar/2025:11:50:45 -0300] "GET /cormun/servlet/hhome HTTP/1.1" 200 3965
190.95.1.183 - - [05/Mar/2025:11:50:56 -0300] "GET /cormun/servlet/trsolicitudot? HTTP/1.1" 200 7185
190.95.1.183 - - [05/Mar/2025:11:51:00 -0300] "POST /cormun/servlet/trsolicitudot?984876c1b5fb53b2f4419d23d5dd1be5,,gx-no-cache=1741186353902 HTTP/1.1" 200 12063
209.141.37.95 - - [05/Mar/2025:11:55:22 -0300] "GET /manager/html HTTP/1.1" 401 2474
179.57.78.71 - - [05/Mar/2025:11:56:22 -0300] "GET /cormun/servlet/hlogin HTTP/1.1" 200 1723
179.57.78.71 - - [05/Mar/2025:11:56:26 -0300] "POST /cormun/servlet/hlogin?3659342e949e39a43b571b030859ca55,gx-no-cache=1741186679949 HTTP/1.1" 200 90
179.57.78.71 - - [05/Mar/2025:11:56:26 -0300] "GET /cormun/servlet/hpexe_link HTTP/1.1" 200 953
179.57.78.71 - - [05/Mar/2025:11:56:26 -0300] "GET /cormun/servlet/hhome HTTP/1.1" 200 4202
179.57.78.71 - - [05/Mar/2025:11:56:30 -0300] "GET /cormun/servlet/trsolicitudot? HTTP/1.1" 200 9226
179.57.78.71 - - [05/Mar/2025:11:56:33 -0300] "GET /cormun/servlet/solicitudot?INS,0,0,false, HTTP/1.1" 200 16204
179.57.78.71 - - [05/Mar/2025:11:56:59 -0300] "POST /cormun/servlet/solicitudot?gx-no-cache=1741186713238 HTTP/1.1" 200 4153
179.57.78.71 - - [05/Mar/2025:11:56:59 -0300] "POST /cormun/servlet/solicitudot?3659342e949e39a43b571b030859ca55,INS,0,0,false,,gx-no-cache=1741186713461 HTTP/1.1" 200 13016
179.57.78.71 - - [05/Mar/2025:11:57:11 -0300] "GET /cormun/servlet/solicitudot?53eacd8217c6880222a6d6237a3ccf233fed9c9dea4ecb12d71b23c03a36cfd1bf366c525f84f7401031ef0af3727f68,gx-no-cache=1741186725209 HTTP/1.1" 200 30
20.150.202.39 - - [05/Mar/2025:11:59:53 -0300] "-" 400 -
209.141.37.95 - - [05/Mar/2025:12:01:47 -0300] "GET /manager/html HTTP/1.1" 401 2474
190.95.2.163 - - [05/Mar/2025:12:03:38 -0300] "GET /cormun/servlet/trlicencias? HTTP/1.1" 200 6045
190.95.2.163 - - [05/Mar/2025:12:03:38 -0300] "GET /cormun/servlet/hlogin HTTP/1.1" 200 1733
190.95.2.163 - - [05/Mar/2025:12:03:41 -0300] "POST /cormun/servlet/hlogin?377e9dc3c24d69366abf66dcd484718e,gx-no-cache=1741187115273 HTTP/1.1" 200 90
190.95.2.163 - - [05/Mar/2025:12:03:41 -0300] "GET /cormun/servlet/hpexe_link HTTP/1.1" 200 951
190.95.2.163 - - [05/Mar/2025:12:03:41 -0300] "GET /cormun/servlet/trlicencias HTTP/1.1" 200 7919
190.95.15.31 - - [05/Mar/2025:12:03:52 -0300] "GET /cormun/servlet/hlogin HTTP/1.1" 200 1720
190.95.15.31 - - [05/Mar/2025:12:03:54 -0300] "GET /cormun/servlet/hlogin HTTP/1.1" 200 1731
190.95.2.163 - - [05/Mar/2025:12:03:57 -0300] "GET /cormun/servlet/trlicencias HTTP/1.1" 200 7919
190.95.15.31 - - [05/Mar/2025:12:03:58 -0300] "POST /cormun/servlet/hlogin?9c65e7cedd617234cf736f4f5d708aa6,gx-no-cache=1741187133217 HTTP/1.1" 200 90
190.95.15.31 - - [05/Mar/2025:12:03:59 -0300] "GET /cormun/servlet/hpexe_link HTTP/1.1" 200 951
190.95.15.31 - - [05/Mar/2025:12:03:59 -0300] "GET /cormun/servlet/hhome HTTP/1.1" 200 4354
190.95.15.31 - - [05/Mar/2025:12:04:03 -0300] "GET /cormun/servlet/trlicencias? HTTP/1.1" 200 10034
179.57.78.71 - - [05/Mar/2025:12:05:35 -0300] "GET /cormun/servlet/solicitudot?53eacd8217c6880222a6d6237a3ccf23f9d8b91fe566c4f7106ba229ee9096631263c763416f9440a205fbc5354980ddd25737839e4b50dacefb7452d0764b4a486a22dccc16b43a7ab84114979f5e19,gx-no-cache=1741187228834 HTTP/1.1" 200 30
179.57.78.71 - - [05/Mar/2025:12:05:35 -0300] "GET /cormun/servlet/solicitudot?53eacd8217c6880222a6d6237a3ccf233f5b0fa6ff30d69b50538f46bdd4fc29,gx-no-cache=1741187228872 HTTP/1.1" 200 53
179.57.78.71 - - [05/Mar/2025:12:05:53 -0300] "POST /cormun/servlet/solicitudot?gx-no-cache=1741187247505 HTTP/1.1" 200 297
179.57.78.71 - - [05/Mar/2025:12:05:53 -0300] "GET /cormun/servlet/solicitudot?53eacd8217c6880222a6d6237a3ccf236f6f813927bb97c331fb54469b239d55a5ece30e020358eea6eafa62a61073db26c0c489b07c35b69ee60b3625fb54ae6d7cbe641950d0d27a26783dbc5c40d04b1aa31da33184600c751a50068463142b85ac1ba2e56300e455f912d6ba680f628001eedb912037d7ee3bfeb35ff2ea08fe950ae2a216b9a8dc44ce1deebeb934e4a6e4c6f16a43b4a94d3cfe523585f98549dfc5f6a2d8f94c2c7980fbb1c29d2be34dba66a32ce3c9a0adeb912b56f040ff1e169367576f84aa3b1882bf25b81abbf13fe32942f5b75db1aafd25e8158742bad3e9eaed3c1e70e0f97a3e558fad4e58358e8ac9833d1cf0dc3db3958ec779721601e6249c668c61bdc453d56d4dcbb50cdfb401eb5ff102865f6fde3d9ddc1dc6f7c3f12f5cf5f18e582c69d5759eb8fd1d0504764c30edde7f133dd5ab323a468b64610ec68d50e968ff431ddef65e90fdc9ec2bbb3ce99a6a4b600f86ab056b69dfdb29741ac13c2d405b0e019fc5008f6169f4c594f34cc144dc40b7e4323e002026bfc08d2dd1de46e9,gx-no-cache=1741187247543 HTTP/1.1" 200 30
179.57.78.71 - - [05/Mar/2025:12:06:16 -0300] "POST /cormun/servlet/solicitudot?gx-no-cache=1741187270051 HTTP/1.1" 200 30
179.57.78.71 - - [05/Mar/2025:12:06:19 -0300] "POST /cormun/servlet/solicitudot?gx-no-cache=1741187273214 HTTP/1.1" 200 1481
179.57.78.71 - - [05/Mar/2025:12:06:19 -0300] "POST /cormun/servlet/solicitudot?gx-no-cache=1741187273253 HTTP/1.1" 200 38
179.57.78.71 - - [05/Mar/2025:12:06:43 -0300] "GET /cormun/servlet/solicitudot?53eacd8217c6880222a6d6237a3ccf23830a0450d0c03860f949903555804abc0f614797d335bbc7c0f2193063b17cbcedfb4ca4bb3c9a78ab46241c881e9f1fc9d6d6f7abdb0129e94c3e5de4c8ae8c5fd460a07bd11c7ef6a4d9517f9f8ff0a374ab75ae1b6c0f2aed3b37d9f535c9,gx-no-cache=1741187297057 HTTP/1.1" 200 110
179.57.78.71 - - [05/Mar/2025:12:06:43 -0300] "POST /cormun/servlet/solicitudot?gx-no-cache=1741187297098 HTTP/1.1" 200 83
209.141.37.95 - - [05/Mar/2025:12:08:08 -0300] "GET /manager/html HTTP/1.1" 401 2474
179.57.78.71 - - [05/Mar/2025:12:08:43 -0300] "GET /cormun/servlet/solicitudot?INS,0,0,false, HTTP/1.1" 200 16203
179.57.78.71 - - [05/Mar/2025:12:08:48 -0300] "POST /cormun/servlet/solicitudot?gx-no-cache=1741187422376 HTTP/1.1" 200 4096
179.57.78.71 - - [05/Mar/2025:12:08:48 -0300] "GET /cormun/static/Shared/jqueryui/images/ui-bg_highlight-soft_100_c6c2c8_1x100.png HTTP/1.1" 404 1117
179.57.78.71 - - [05/Mar/2025:12:08:48 -0300] "GET /cormun/static/Shared/jqueryui/images/ui-icons_82798d_256x240.png HTTP/1.1" 404 1089
179.57.78.71 - - [05/Mar/2025:12:08:48 -0300] "GET /cormun/static/Shared/jqueryui/images/ui-bg_flat_55_994d53_40x100.png HTTP/1.1" 404 1097
179.57.78.71 - - [05/Mar/2025:12:08:48 -0300] "GET /cormun/static/Shared/jqueryui/images/ui-icons_ebccce_256x240.png HTTP/1.1" 404 1089
179.57.78.71 - - [05/Mar/2025:12:08:48 -0300] "GET /cormun/servlet/solicitudot?53eacd8217c6880222a6d6237a3ccf23f86934e917f173f9ce132a128b4969a2,gx-no-cache=1741187422476 HTTP/1.1" 200 111
179.57.78.71 - - [05/Mar/2025:12:08:48 -0300] "GET /cormun/servlet/solicitudot?53eacd8217c6880222a6d6237a3ccf2327a93d100922657b018aa4423157a789,gx-no-cache=1741187422507 HTTP/1.1" 200 94
179.57.78.71 - - [05/Mar/2025:12:08:48 -0300] "GET /cormun/servlet/solicitudot?53eacd8217c6880222a6d6237a3ccf23d7e17de6ef23905bc5089d0943cbc32f,gx-no-cache=1741187422527 HTTP/1.1" 200 29
179.57.78.71 - - [05/Mar/2025:12:08:48 -0300] "GET /cormun/servlet/solicitudot?53eacd8217c6880222a6d6237a3ccf2351be829e3df0a64aecb6f69937a0431ce1367a06f5dec7c142eaf6cfb801bbd82886783f1d67c5c4dd962f8cfe31cdd4a884722f74f8303ee25859cc1052fafbf6d856d77feb0255da2b2d8d9781c175fc54b08b20fd533e5c75486ec4c539bf7392b85cc88f8500c689361fbd0511b8384edebdbc4657bee32a635c7a4b5f8672400a2a6781ed6242464b853c86374dc553811847c6dda6a481b5ef4a00584eb37744fcdb53f2c26f073a82fecb21bee5d803e9c6a95225f597339cdd5411c8b5a117bcdf60a89cb6c843674430d7beef41d86270c5bdc080ba52ec49244ae3d3fe8b5fafab13a0bce618c9de7a2b3d1f1109e2d18064ca1b164a50450b6605ae4b5b780c33337c2e2606c35a41b9e2adfe56aadf47e5eb0b0cf653aac10f50650ff26da66eda065d8487a1a693b0f6df284014595c860f1952609758f596ae,gx-no-cache=1741187422550 HTTP/1.1" 200 297
179.57.78.71 - - [05/Mar/2025:12:08:48 -0300] "GET /cormun/servlet/solicitudot?53eacd8217c6880222a6d6237a3ccf236f6f813927bb97c331fb54469b239d55a5ece30e020358eea6eafa62a61073db26c0c489b07c35b69ee60b3625fb54ae6d7cbe641950d0d27a26783dbc5c40d04b1aa31da33184600c751a50068463142b85ac1ba2e56300e455f912d6ba680f628001eedb912037d7ee3bfeb35ff2ea08fe950ae2a216b9a8dc44ce1deebeb934e4a6e4c6f16a43b4a94d3cfe523585f98549dfc5f6a2d8f94c2c7980fbb1c29d2be34dba66a32ce3c9a0adeb912b56f040ff1e169367576f84aa3b1882bf25b81abbf13fe32942f5b75db1aafd25e8158742bad3e9eaed3c1e70e0f97a3e558fad4e58358e8ac9833d1cf0dc3db3958ec779721601e6249c668c61bdc453d56d4dcbb50cdfb401eb5ff102865f6fde3d9ddc1dc6f7c3f12f5cf5f18e582c69d5759eb8fd1d0504764c30edde7f133dd5ab323a468b64610ec68d50e968ff431ddef65e90fdc9ec2bbb3ce99a6a4b600f86ab056b69dfdb29741ac13c2d405b0e019fc5008f6169f4c594f34cc144dc40b7e4323e002026bfc08d2dd1de46e9,gx-no-cache=1741187422578 HTTP/1.1" 200 30
179.57.78.71 - - [05/Mar/2025:12:08:48 -0300] "POST /cormun/servlet/solicitudot?gx-no-cache=1741187422598 HTTP/1.1" 200 30
179.57.78.71 - - [05/Mar/2025:12:08:48 -0300] "POST /cormun/servlet/solicitudot?gx-no-cache=1741187422631 HTTP/1.1" 200 1474
179.57.78.71 - - [05/Mar/2025:12:08:48 -0300] "POST /cormun/servlet/solicitudot?gx-no-cache=1741187422674 HTTP/1.1" 200 38
179.57.78.71 - - [05/Mar/2025:12:10:24 -0300] "GET /cormun/servlet/solicitudot?53eacd8217c6880222a6d6237a3ccf23830a0450d0c03860f949903555804abc0f614797d335bbc7c0f2193063b17cbcedfb4ca4bb3c9a78ab46241c881e9f1fc9d6d6f7abdb0129e94c3e5de4c8ae8c5fd460a07bd11c7ef6a4d9517f9f8ff0a374ab75ae1b6c0f2aed3b37d9f535c9,gx-no-cache=1741187517856 HTTP/1.1" 200 110
179.57.78.71 - - [05/Mar/2025:12:11:05 -0300] "POST /cormun/servlet/solicitudot?gx-no-cache=1741187559156 HTTP/1.1" 200 83
179.57.78.71 - - [05/Mar/2025:12:11:19 -0300] "GET /cormun/servlet/solicitudot?53eacd8217c6880222a6d6237a3ccf23f03c5791b3185829ab84edd8552be22cd3fe8b5fafab13a0bce618c9de7a2b3d1f1109e2d18064ca1b164a50450b6605351850842cf97cee4434c77f64fb4f44,gx-no-cache=1741187573472 HTTP/1.1" 200 29
179.57.78.71 - - [05/Mar/2025:12:12:00 -0300] "GET /cormun/servlet/solicitudot?53eacd8217c6880222a6d6237a3ccf23f06b9b6f4e11516c4449c8b0a7848303524082738a31903b91fc90ac31ff227f,gx-no-cache=1741187614456 HTTP/1.1" 200 30
179.57.78.71 - - [05/Mar/2025:12:12:10 -0300] "POST /cormun/servlet/solicitudot?gx-no-cache=1741187623953 HTTP/1.1" 200 30
209.141.37.95 - - [05/Mar/2025:12:14:33 -0300] "GET /manager/html HTTP/1.1" 401 2474
179.57.78.71 - - [05/Mar/2025:12:14:57 -0300] "POST /cormun/servlet/solicitudot?gx-no-cache=1741187791008 HTTP/1.1" 200 4153
179.57.78.71 - - [05/Mar/2025:12:14:57 -0300] "POST /cormun/servlet/solicitudot?3659342e949e39a43b571b030859ca55,INS,0,0,false,,gx-no-cache=1741187791195 HTTP/1.1" 200 13103
190.95.15.15 - - [05/Mar/2025:12:15:01 -0300] "GET /cormun/servlet/trlicencias? HTTP/1.1" 200 6046
190.95.15.15 - - [05/Mar/2025:12:15:02 -0300] "GET /cormun/servlet/hlogin HTTP/1.1" 200 1730
190.95.15.15 - - [05/Mar/2025:12:15:02 -0300] "GET /cormun/servlet/trlicencias? HTTP/1.1" 200 6041
179.57.78.71 - - [05/Mar/2025:12:15:05 -0300] "GET /cormun/servlet/solicitudot?53eacd8217c6880222a6d6237a3ccf233fed9c9dea4ecb12d71b23c03a36cfd1bf366c525f84f7401031ef0af3727f68,gx-no-cache=1741187799717 HTTP/1.1" 200 30
179.57.78.71 - - [05/Mar/2025:12:15:07 -0300] "POST /cormun/servlet/solicitudot?3659342e949e39a43b571b030859ca55,INS,0,0,false,,gx-no-cache=1741187801114 HTTP/1.1" 200 13407
190.95.15.15 - - [05/Mar/2025:12:15:08 -0300] "POST /cormun/servlet/hlogin?c1e00db5880392f9738cb7ebd2ee967e,gx-no-cache=1741187801839 HTTP/1.1" 200 90
190.95.15.15 - - [05/Mar/2025:12:15:08 -0300] "GET /cormun/servlet/hpexe_link HTTP/1.1" 200 948
190.95.15.15 - - [05/Mar/2025:12:15:08 -0300] "GET /cormun/servlet/trlicencias HTTP/1.1" 200 8816
179.57.78.71 - - [05/Mar/2025:12:15:35 -0300] "GET /cormun/servlet/hlogin HTTP/1.1" 200 1725
179.57.78.71 - - [05/Mar/2025:12:15:39 -0300] "POST /cormun/servlet/hlogin?bf8c323267b999a7f28640ee1d45a7f1,gx-no-cache=1741187833090 HTTP/1.1" 200 90
179.57.78.71 - - [05/Mar/2025:12:15:39 -0300] "GET /cormun/servlet/hpexe_link HTTP/1.1" 200 954
179.57.78.71 - - [05/Mar/2025:12:15:39 -0300] "GET /cormun/servlet/hhome HTTP/1.1" 200 4207
179.57.78.71 - - [05/Mar/2025:12:15:42 -0300] "GET /cormun/servlet/trsolicitudot? HTTP/1.1" 200 9231
179.57.78.71 - - [05/Mar/2025:12:15:46 -0300] "GET /cormun/servlet/solicitudot?INS,0,0,false, HTTP/1.1" 200 16206
179.57.78.71 - - [05/Mar/2025:12:16:01 -0300] "POST /cormun/servlet/solicitudot?gx-no-cache=1741187854899 HTTP/1.1" 200 4153
179.57.78.71 - - [05/Mar/2025:12:16:01 -0300] "POST /cormun/servlet/solicitudot?bf8c323267b999a7f28640ee1d45a7f1,INS,0,0,false,,gx-no-cache=1741187855049 HTTP/1.1" 200 13018
179.57.78.71 - - [05/Mar/2025:12:16:04 -0300] "GET /cormun/servlet/solicitudot?abab41a902915afe236d58a7e6c4736b609eeaf75d02154a1e7b0e7c32fc22aef6e3cf13f82d336f250764a559760d1b,gx-no-cache=1741187858773 HTTP/1.1" 200 30
179.57.78.71 - - [05/Mar/2025:12:18:09 -0300] "GET /cormun/servlet/solicitudot?abab41a902915afe236d58a7e6c4736bb642d87087e01806d6443c0024649665f4083553632089f528f3b5f1665ab818e2e288b99590c9bbb1e1b8283d21214cd25cc8098d6672d2421c9baa1bf0037a,gx-no-cache=1741187983440 HTTP/1.1" 200 30
179.57.78.71 - - [05/Mar/2025:12:18:09 -0300] "GET /cormun/servlet/solicitudot?abab41a902915afe236d58a7e6c4736be248bcd6661947370700f4fdd23ae28d,gx-no-cache=1741187983487 HTTP/1.1" 200 53
179.57.78.71 - - [05/Mar/2025:12:18:31 -0300] "POST /cormun/servlet/solicitudot?gx-no-cache=1741188004897 HTTP/1.1" 200 297
179.57.78.71 - - [05/Mar/2025:12:18:31 -0300] "GET /cormun/servlet/solicitudot?abab41a902915afe236d58a7e6c4736b55c6b7624b18adb5713a3a72c8dce3e3b39ef08a4c92b3fca6fb092c80e5ab83f3cb28a7a2788022297e4a18f6cb53aec32852a0d9be1d9d8c55ffe2cde9cbe287ab30080dd9079bf0d3e6b0b882be4e6bd9b9bc9009a68e5a3295952a4acffa3a79f052c1febe7d2ad52f1913c393b8cb6de75030eb02c7e61a907bd3f081a92ae01992188f5d22ac04d559871175ca748d916ba9b10379ec28d79933e40cd14346b3a4fa386ffb84874ec41b542f8c26871497c485673e144297f1957caed0465cbd5c9f8bdb7733a8127163267b404aa1af51ec717fbb178bf8f3eff5dbf7a5e801e011f9fa28dedd6adfa4ec2b42fac477020a29729919eea34e8c8cd0f7211dd9b08c4088d122ebf7635052a3a71f9665cadd0902bbd264a6e3b6120a19e7c2ea612e00eb012b11dc9565f6985bb13deaf85f108ea08f329c149a447ab0f74db04fe647160724e9cc6167835cbbe403e02615ccc59a439158c6692ccbd7ffae0245125c69e3b0adb7ccb292ecd87db5d95cc444c4c13c9d5e6aa596641d,gx-no-cache=1741188004951 HTTP/1.1" 200 30
209.141.37.95 - - [05/Mar/2025:12:20:53 -0300] "GET /manager/html HTTP/1.1" 401 2474
179.57.78.71 - - [05/Mar/2025:12:22:00 -0300] "POST /cormun/servlet/solicitudot?gx-no-cache=1741188214180 HTTP/1.1" 200 30
179.57.78.71 - - [05/Mar/2025:12:22:02 -0300] "POST /cormun/servlet/solicitudot?gx-no-cache=1741188214572 HTTP/1.1" 200 1481
179.57.78.71 - - [05/Mar/2025:12:22:02 -0300] "POST /cormun/servlet/solicitudot?gx-no-cache=1741188215996 HTTP/1.1" 200 38
179.57.78.71 - - [05/Mar/2025:12:22:51 -0300] "GET /cormun/servlet/solicitudot?abab41a902915afe236d58a7e6c4736b8ba05dfb1f87f93903e393db29a8b96919d486c899ea81a7317c61d0476a051f826212d66a1bada8ab04e82004fd46115de8df974eea1a14ac75dd1e07e15c01eeebc62ba012c4c8bda90ad0632b16e12c00579915d1f72005e009514b704e8e,gx-no-cache=1741188265262 HTTP/1.1" 200 110
179.57.78.71 - - [05/Mar/2025:12:23:37 -0300] "POST /cormun/servlet/solicitudot?gx-no-cache=1741188310611 HTTP/1.1" 200 83
179.57.78.71 - - [05/Mar/2025:12:23:50 -0300] "GET /cormun/servlet/solicitudot?abab41a902915afe236d58a7e6c4736b9dae0673417598e58f568278ea33c80ae69cf0ff439195000ead3c62c492b87e4a43515055b08ea82ec583677e1d9f84fe50a823e888c38d6cfa59a535d8724ade55d66626312802411342a0fc04cce59489cd72d208663771223d46af7faaa1,gx-no-cache=1741188323729 HTTP/1.1" 200 29
179.57.78.71 - - [05/Mar/2025:12:24:32 -0300] "GET /cormun/servlet/solicitudot?abab41a902915afe236d58a7e6c4736beb6e643e2e693d2aa23d168aa7acfd45bdb7782f772146182b89272af71d7972,gx-no-cache=1741188365984 HTTP/1.1" 200 30
179.57.78.71 - - [05/Mar/2025:12:25:02 -0300] "GET /cormun/static/menuarrow.gif HTTP/1.1" 404 1015
179.57.78.71 - - [05/Mar/2025:12:25:28 -0300] "POST /cormun/servlet/solicitudot?gx-no-cache=1741188422085 HTTP/1.1" 200 30
179.57.78.71 - - [05/Mar/2025:12:27:05 -0300] "POST /cormun/servlet/solicitudot?gx-no-cache=1741188519385 HTTP/1.1" 200 30
179.57.78.71 - - [05/Mar/2025:12:27:07 -0300] "POST /cormun/servlet/solicitudot?gx-no-cache=1741188521729 HTTP/1.1" 200 1481
179.57.78.71 - - [05/Mar/2025:12:27:08 -0300] "POST /cormun/servlet/solicitudot?gx-no-cache=1741188521768 HTTP/1.1" 200 41
179.57.78.71 - - [05/Mar/2025:12:27:08 -0300] "GET /cormun/servlet/solicitudot?abab41a902915afe236d58a7e6c4736b8ba05dfb1f87f93903e393db29a8b96919d486c899ea81a7317c61d0476a051f826212d66a1bada8ab04e82004fd46115de8df974eea1a14ac75dd1e07e15c01eeebc62ba012c4c8bda90ad0632b16e12c00579915d1f72005e009514b704e8e,gx-no-cache=1741188521789 HTTP/1.1" 200 110
179.57.78.71 - - [05/Mar/2025:12:27:08 -0300] "POST /cormun/servlet/solicitudot?gx-no-cache=1741188521811 HTTP/1.1" 200 83
