181.212.40.185 - - [26/Dec/2024:08:28:05 -0300] "GET /cormun/static/Shared/jqueryui/images/ui-bg_flat_55_fafafa_40x100.png HTTP/1.1" 404 1097
181.212.40.185 - - [26/Dec/2024:08:28:05 -0300] "GET /cormun/static/Shared/jqueryui/images/ui-icons_8d78a5_256x240.png HTTP/1.1" 404 1089
181.212.40.185 - - [26/Dec/2024:08:28:09 -0300] "GET /cormun/servlet/trpermisosadjuntos?11274330,20241226082742,P, HTTP/1.1" 200 6556
181.212.40.185 - - [26/Dec/2024:08:28:11 -0300] "GET /cormun/servlet/permisosadjuntos?INS,11274330,P,20241226082742,, HTTP/1.1" 200 5880
181.212.40.185 - - [26/Dec/2024:08:28:12 -0300] "GET /cormun/static/about:blank HTTP/1.1" 404 1011
181.212.40.185 - - [26/Dec/2024:08:28:23 -0300] "POST /cormun/servlet/permisosadjuntos?dbd853bfb1260dbd448d3a8cc62c9c16,INS,11274330,P,20241226082742,, HTTP/1.1" 200 116
181.212.40.185 - - [26/Dec/2024:08:28:23 -0300] "GET /cormun/servlet/hpexe_return? HTTP/1.1" 200 1043
181.212.40.185 - - [26/Dec/2024:08:28:23 -0300] "GET /cormun/servlet/trpermisosadjuntos?11274330,20241226082742,P, HTTP/1.1" 200 7078
181.212.40.185 - - [26/Dec/2024:08:28:25 -0300] "POST /cormun/servlet/trpermisosadjuntos?dbd853bfb1260dbd448d3a8cc62c9c16,11274330,20241226082742,P,,gx-no-cache=1735212509044 HTTP/1.1" 200 90
181.212.40.185 - - [26/Dec/2024:08:28:25 -0300] "GET /cormun/servlet/hpexe_link HTTP/1.1" 200 1009
181.212.40.185 - - [26/Dec/2024:08:28:25 -0300] "GET /cormun/servlet/trpermisosgoce?gx-no-cache=1735212488927 HTTP/1.1" 200 18320
181.212.40.185 - - [26/Dec/2024:08:28:28 -0300] "POST /cormun/servlet/trpermisosgoce?dbd853bfb1260dbd448d3a8cc62c9c16,gx-no-cache=1735212488927,gx-no-cache=1735212511550 HTTP/1.1" 200 15597
181.212.40.185 - - [26/Dec/2024:08:28:59 -0300] "GET /cormun/servlet/permisogoce?INS,0,,, HTTP/1.1" 200 7146
181.212.40.185 - - [26/Dec/2024:08:29:05 -0300] "GET /cormun/servlet/permisogoce?5c9f337150eca4baf20e770fc7985e69a25ee9ee317dc28d562e129938d2d2ca0feb08ad2752ffb53a805ee5eca57c4d0e2a49275f61f9284bd1da87056874ed,gx-no-cache=1735212548853 HTTP/1.1" 200 81
181.212.40.185 - - [26/Dec/2024:08:29:11 -0300] "GET /cormun/servlet/permisogoce?5c9f337150eca4baf20e770fc7985e69fdd0ade39e4073ea0eed69b6091e1f720711d67a3aaf997d51c9e0806689652d79605b309d8168efb37bbc9acb6c30d2,gx-no-cache=1735212555358 HTTP/1.1" 200 48
181.212.40.185 - - [26/Dec/2024:08:29:16 -0300] "POST /cormun/servlet/permisogoce?dbd853bfb1260dbd448d3a8cc62c9c16,INS,0,,,,gx-no-cache=1735212559555 HTTP/1.1" 200 93
181.212.40.185 - - [26/Dec/2024:08:29:16 -0300] "GET /cormun/servlet/hpexe_return? HTTP/1.1" 200 1038
181.212.40.185 - - [26/Dec/2024:08:29:16 -0300] "GET /cormun/servlet/trpermisosgoce?gx-no-cache=1735212488927 HTTP/1.1" 200 18309
181.212.40.185 - - [26/Dec/2024:08:29:18 -0300] "GET /cormun/servlet/trpermisosadjuntos?8309529,20241226082903,P, HTTP/1.1" 200 6574
181.212.40.185 - - [26/Dec/2024:08:29:19 -0300] "GET /cormun/servlet/permisosadjuntos?INS,8309529,P,20241226082903,, HTTP/1.1" 200 5874
181.212.40.185 - - [26/Dec/2024:08:29:19 -0300] "GET /cormun/static/about:blank HTTP/1.1" 404 1011
181.212.40.185 - - [26/Dec/2024:08:29:31 -0300] "POST /cormun/servlet/permisosadjuntos?dbd853bfb1260dbd448d3a8cc62c9c16,INS,8309529,P,20241226082903,, HTTP/1.1" 200 116
181.212.40.185 - - [26/Dec/2024:08:29:31 -0300] "GET /cormun/servlet/hpexe_return? HTTP/1.1" 200 1043
181.212.40.185 - - [26/Dec/2024:08:29:31 -0300] "GET /cormun/servlet/trpermisosadjuntos?8309529,20241226082903,P, HTTP/1.1" 200 7092
181.212.40.185 - - [26/Dec/2024:08:29:34 -0300] "POST /cormun/servlet/trpermisosadjuntos?dbd853bfb1260dbd448d3a8cc62c9c16,8309529,20241226082903,P,,gx-no-cache=1735212578091 HTTP/1.1" 200 90
181.212.40.185 - - [26/Dec/2024:08:29:34 -0300] "GET /cormun/servlet/hpexe_link HTTP/1.1" 200 1009
181.212.40.185 - - [26/Dec/2024:08:29:34 -0300] "GET /cormun/servlet/trpermisosgoce?gx-no-cache=1735212488927 HTTP/1.1" 200 18310
181.212.40.185 - - [26/Dec/2024:08:29:37 -0300] "POST /cormun/servlet/trpermisosgoce?dbd853bfb1260dbd448d3a8cc62c9c16,gx-no-cache=1735212488927,gx-no-cache=1735212581022 HTTP/1.1" 200 15610
181.212.40.185 - - [26/Dec/2024:08:29:48 -0300] "GET /cormun/servlet/permisogoce?INS,0,,, HTTP/1.1" 200 7146
181.212.40.185 - - [26/Dec/2024:08:29:54 -0300] "GET /cormun/servlet/permisogoce?5c9f337150eca4baf20e770fc7985e692cc11447401f3f974da18b49f20be805ba5a5844666a31262d655198de45902f13f4b98946cedee01dfb6d63cfad29a1,gx-no-cache=1735212598439 HTTP/1.1" 200 77
181.212.40.185 - - [26/Dec/2024:08:30:02 -0300] "GET /cormun/servlet/permisogoce?5c9f337150eca4baf20e770fc7985e697264930fa4b5b4f73d479fa025c25440b5e66283a32f898669b5d1f1c7676617163a82be7dd5d8a7f729ec9ffeb6de90,gx-no-cache=1735212605731 HTTP/1.1" 200 48
181.212.40.185 - - [26/Dec/2024:08:30:04 -0300] "POST /cormun/servlet/permisogoce?dbd853bfb1260dbd448d3a8cc62c9c16,INS,0,,,,gx-no-cache=1735212607747 HTTP/1.1" 200 93
181.212.40.185 - - [26/Dec/2024:08:30:04 -0300] "GET /cormun/servlet/hpexe_return? HTTP/1.1" 200 1038
181.212.40.185 - - [26/Dec/2024:08:30:04 -0300] "GET /cormun/servlet/trpermisosgoce?gx-no-cache=1735212488927 HTTP/1.1" 200 18265
190.171.142.42 - - [26/Dec/2024:08:30:06 -0300] "GET /cormun/servlet/hlogin HTTP/1.1" 200 1721
190.171.142.42 - - [26/Dec/2024:08:30:06 -0300] "GET /cormun/servlet/hlogin HTTP/1.1" 200 1731
181.212.40.185 - - [26/Dec/2024:08:30:06 -0300] "GET /cormun/servlet/permisogoce?INS,0,,, HTTP/1.1" 200 7145
181.212.40.185 - - [26/Dec/2024:08:30:12 -0300] "GET /cormun/servlet/permisogoce?5c9f337150eca4baf20e770fc7985e692cc11447401f3f974da18b49f20be805ba5a5844666a31262d655198de45902f13f4b98946cedee01dfb6d63cfad29a1,gx-no-cache=1735212615541 HTTP/1.1" 200 77
190.171.142.42 - - [26/Dec/2024:08:30:13 -0300] "POST /cormun/servlet/hlogin?765c49edff47bc165e5828789e5d1176,gx-no-cache=1735212616073 HTTP/1.1" 200 90
190.171.142.42 - - [26/Dec/2024:08:30:13 -0300] "GET /cormun/servlet/hpexe_link HTTP/1.1" 200 952
190.171.142.42 - - [26/Dec/2024:08:30:13 -0300] "GET /cormun/servlet/hhome HTTP/1.1" 200 3941
190.171.142.42 - - [26/Dec/2024:08:30:15 -0300] "GET /cormun/servlet/trlicencias? HTTP/1.1" 200 14808
181.212.40.185 - - [26/Dec/2024:08:30:20 -0300] "GET /cormun/servlet/permisogoce?5c9f337150eca4baf20e770fc7985e697264930fa4b5b4f73d479fa025c25440b5e66283a32f898669b5d1f1c7676617163a82be7dd5d8a7f729ec9ffeb6de90,gx-no-cache=1735212623725 HTTP/1.1" 200 48
181.212.40.185 - - [26/Dec/2024:08:30:22 -0300] "POST /cormun/servlet/permisogoce?dbd853bfb1260dbd448d3a8cc62c9c16,INS,0,,,,gx-no-cache=1735212625691 HTTP/1.1" 200 93
181.212.40.185 - - [26/Dec/2024:08:30:22 -0300] "GET /cormun/servlet/hpexe_return? HTTP/1.1" 200 1038
181.212.40.185 - - [26/Dec/2024:08:30:22 -0300] "GET /cormun/servlet/trpermisosgoce?gx-no-cache=1735212488927 HTTP/1.1" 200 18296
190.171.142.42 - - [26/Dec/2024:08:30:29 -0300] "GET /cormun/servlet/trpermisosgoce? HTTP/1.1" 200 18408
181.212.40.185 - - [26/Dec/2024:08:30:44 -0300] "GET /cormun/servlet/trpermisosadjuntos?10179851,20241226083011,P, HTTP/1.1" 200 6574
181.212.40.185 - - [26/Dec/2024:08:30:46 -0300] "GET /cormun/servlet/permisosadjuntos?INS,10179851,P,20241226083011,, HTTP/1.1" 200 5874
181.212.40.185 - - [26/Dec/2024:08:30:47 -0300] "GET /cormun/static/about:blank HTTP/1.1" 404 1011
181.212.40.185 - - [26/Dec/2024:08:32:24 -0300] "POST /cormun/servlet/permisosadjuntos?dbd853bfb1260dbd448d3a8cc62c9c16,INS,10179851,P,20241226083011,, HTTP/1.1" 200 116
181.212.40.185 - - [26/Dec/2024:08:32:24 -0300] "GET /cormun/servlet/hpexe_return? HTTP/1.1" 200 1042
181.212.40.185 - - [26/Dec/2024:08:32:24 -0300] "GET /cormun/servlet/trpermisosadjuntos?10179851,20241226083011,P, HTTP/1.1" 200 7067
181.212.43.89 - - [26/Dec/2024:08:34:13 -0300] "GET /cormun/servlet/hlogin HTTP/1.1" 200 1723
181.212.43.89 - - [26/Dec/2024:08:34:13 -0300] "GET /cormun/servlet/hlogin HTTP/1.1" 200 1733
181.212.43.89 - - [26/Dec/2024:08:34:16 -0300] "POST /cormun/servlet/hlogin?72b6c7c36e15e100c2e6d1c106b06fcb,gx-no-cache=1735212859504 HTTP/1.1" 200 90
181.212.43.89 - - [26/Dec/2024:08:34:16 -0300] "GET /cormun/servlet/hpexe_link HTTP/1.1" 200 954
181.212.43.89 - - [26/Dec/2024:08:34:16 -0300] "GET /cormun/servlet/hhome HTTP/1.1" 200 4022
181.212.43.89 - - [26/Dec/2024:08:34:19 -0300] "GET /cormun/servlet/trlicencias? HTTP/1.1" 200 16104
181.212.40.185 - - [26/Dec/2024:08:34:30 -0300] "POST /cormun/servlet/trpermisosadjuntos?dbd853bfb1260dbd448d3a8cc62c9c16,10179851,20241226083011,P,,gx-no-cache=1735212873540 HTTP/1.1" 200 90
181.212.40.185 - - [26/Dec/2024:08:34:30 -0300] "GET /cormun/servlet/hpexe_link HTTP/1.1" 200 1011
181.212.40.185 - - [26/Dec/2024:08:34:30 -0300] "GET /cormun/servlet/trpermisosgoce?gx-no-cache=1735212488927 HTTP/1.1" 200 18275
181.212.40.185 - - [26/Dec/2024:08:34:36 -0300] "POST /cormun/servlet/trpermisosgoce?dbd853bfb1260dbd448d3a8cc62c9c16,gx-no-cache=1735212488927,gx-no-cache=1735212880030 HTTP/1.1" 200 15590
190.171.142.42 - - [26/Dec/2024:08:36:01 -0300] "GET /cormun/servlet/permisogoce?INS,0,,, HTTP/1.1" 200 6803
190.171.142.42 - - [26/Dec/2024:08:36:08 -0300] "GET /cormun/servlet/permisogoce?b53feda7b614b813bac73551d216d60e97e94a63dcc44719fa49701a2b21fb326ba5d80dcbef8346599ea15880cffc91096369bba35f936271318485fd9a40f3,gx-no-cache=1735212971234 HTTP/1.1" 200 79
190.171.142.42 - - [26/Dec/2024:08:36:08 -0300] "GET /cormun/static/menuarrow.gif HTTP/1.1" 404 1015
190.171.152.138 - - [26/Dec/2024:08:36:40 -0300] "GET /cormun/servlet/hlogin HTTP/1.1" 200 1725
190.171.152.138 - - [26/Dec/2024:08:36:58 -0300] "POST /cormun/servlet/hlogin?59db65ce01ed82f76bd57556c0c2b335,gx-no-cache=1735213022021 HTTP/1.1" 200 90
190.171.152.138 - - [26/Dec/2024:08:36:58 -0300] "GET /cormun/servlet/hpexe_link HTTP/1.1" 200 953
190.171.152.138 - - [26/Dec/2024:08:37:00 -0300] "GET /cormun/servlet/hhome HTTP/1.1" 200 3872
190.171.152.138 - - [26/Dec/2024:08:37:07 -0300] "GET /cormun/servlet/trpermisosgoce? HTTP/1.1" 200 17882
190.171.152.138 - - [26/Dec/2024:08:37:11 -0300] "GET /cormun/servlet/permisogoce?INS,0,,, HTTP/1.1" 200 6737
190.171.152.138 - - [26/Dec/2024:08:37:12 -0300] "GET /cormun/static/gxcfg.js?20201215124560 HTTP/1.1" 200 953
190.171.152.138 - - [26/Dec/2024:08:37:12 -0300] "GET /cormun/static/Resources/prompt.gif HTTP/1.1" 200 902
190.171.152.138 - - [26/Dec/2024:08:37:12 -0300] "GET /cormun/static/permisogoce.js?20201215124939 HTTP/1.1" 200 27790
190.171.152.138 - - [26/Dec/2024:08:37:33 -0300] "GET /cormun/servlet/permisogoce?f011aeff57ec527ae0644c41d6f7c93bb8cd1e919c2157e51a72fd04bdbc90fd4bf34e191b32600ef10479990d541d804edb9f843c276af8874243601d1b1ce3,gx-no-cache=1735213056935 HTTP/1.1" 200 83
190.171.152.138 - - [26/Dec/2024:08:37:35 -0300] "GET /cormun/static/menuarrow.gif HTTP/1.1" 404 1015
190.171.152.138 - - [26/Dec/2024:08:37:46 -0300] "GET /cormun/servlet/permisogoce?f011aeff57ec527ae0644c41d6f7c93b627cc8b570d783c9192992c1f9ea9ad12f9f7157baaa5c76b99db75329972b52e150db5ee31e5173c23aa9dd20f3e8fd,gx-no-cache=1735213070131 HTTP/1.1" 200 49
190.171.152.138 - - [26/Dec/2024:08:37:56 -0300] "POST /cormun/servlet/permisogoce?59db65ce01ed82f76bd57556c0c2b335,INS,0,,,,gx-no-cache=1735213079389 HTTP/1.1" 200 93
190.171.152.138 - - [26/Dec/2024:08:37:56 -0300] "GET /cormun/servlet/hpexe_return? HTTP/1.1" 200 1012
190.171.152.138 - - [26/Dec/2024:08:37:56 -0300] "GET /cormun/static/gxcfg.js?20221129846035 HTTP/1.1" 200 953
190.171.152.138 - - [26/Dec/2024:08:37:56 -0300] "GET /cormun/static/hpexe_return.js?20221129846037 HTTP/1.1" 200 1633
190.171.152.138 - - [26/Dec/2024:08:37:56 -0300] "GET /cormun/servlet/trpermisosgoce HTTP/1.1" 200 17913
190.171.152.138 - - [26/Dec/2024:08:38:22 -0300] "GET /cormun/servlet/apermisogoceprn?19592531,P,20241226083716,PU HTTP/1.1" 200 1658
190.95.15.15 - - [26/Dec/2024:08:41:31 -0300] "GET /cormun/servlet/trpermisosgoce? HTTP/1.1" 200 18733
190.95.15.15 - - [26/Dec/2024:08:41:34 -0300] "GET /cormun/servlet/permisogoce?INS,0,,, HTTP/1.1" 200 6836
190.95.15.15 - - [26/Dec/2024:08:41:44 -0300] "GET /cormun/servlet/permisogoce?31e3be9591d6981b7913b420e5cc7ed568a43f776bee2336282ffb5333904274ad1788ec7068715efa8af61da2d4fde86ad6536bc227abffc83e403155ebc04a,gx-no-cache=1735213309556 HTTP/1.1" 200 78
190.95.15.15 - - [26/Dec/2024:08:41:44 -0300] "GET /cormun/static/menuarrow.gif HTTP/1.1" 404 1015
190.95.15.15 - - [26/Dec/2024:08:41:50 -0300] "GET /cormun/servlet/permisogoce?31e3be9591d6981b7913b420e5cc7ed5acfa449f6d33b5208e0c6412194a71eae9116138cc0454d7ccd6fe5c66d0f90078ba669ebe07126b828d09bdb873e7ea,gx-no-cache=1735213315808 HTTP/1.1" 200 47
190.95.15.15 - - [26/Dec/2024:08:41:52 -0300] "POST /cormun/servlet/permisogoce?004862eba19f1c514dd2253475e43ee2,INS,0,,,,gx-no-cache=1735213317648 HTTP/1.1" 200 93
190.95.15.15 - - [26/Dec/2024:08:41:52 -0300] "GET /cormun/servlet/hpexe_return? HTTP/1.1" 200 1005
190.95.15.15 - - [26/Dec/2024:08:41:52 -0300] "GET /cormun/servlet/trpermisosgoce HTTP/1.1" 200 18733
190.95.15.15 - - [26/Dec/2024:08:41:55 -0300] "GET /cormun/servlet/apermisogoceprn?16291838,P,20241226084139,PU HTTP/1.1" 200 1649
154.213.184.18 - - [26/Dec/2024:08:42:32 -0300] "CONNECT example.com:443 HTTP/1.1" 400 -
181.212.40.185 - - [26/Dec/2024:08:43:19 -0300] "GET /cormun/servlet/permisogoce?INS,0,,, HTTP/1.1" 200 7146
181.212.40.185 - - [26/Dec/2024:08:43:26 -0300] "GET /cormun/servlet/permisogoce?5c9f337150eca4baf20e770fc7985e698d80b13b3263cf9dbe8a12c621ae6257ba5a5844666a31262d655198de45902f13f4b98946cedee01dfb6d63cfad29a1,gx-no-cache=1735213410235 HTTP/1.1" 200 80
181.212.40.185 - - [26/Dec/2024:08:43:32 -0300] "GET /cormun/servlet/permisogoce?5c9f337150eca4baf20e770fc7985e693f71d5164eceb80136c881ef43e15ba69cf6be8af35815679e9b3873acb1b5d0163a82be7dd5d8a7f729ec9ffeb6de90,gx-no-cache=1735213416514 HTTP/1.1" 200 47
181.212.40.185 - - [26/Dec/2024:08:43:35 -0300] "POST /cormun/servlet/permisogoce?dbd853bfb1260dbd448d3a8cc62c9c16,INS,0,,,,gx-no-cache=1735213419035 HTTP/1.1" 200 93
181.212.40.185 - - [26/Dec/2024:08:43:35 -0300] "GET /cormun/servlet/hpexe_return? HTTP/1.1" 200 1038
181.212.40.185 - - [26/Dec/2024:08:43:36 -0300] "GET /cormun/servlet/trpermisosgoce?gx-no-cache=1735212488927 HTTP/1.1" 200 18235
181.212.40.185 - - [26/Dec/2024:08:43:39 -0300] "GET /cormun/servlet/trpermisosadjuntos?16674778,20241226084324,P, HTTP/1.1" 200 6578
181.212.40.185 - - [26/Dec/2024:08:43:42 -0300] "GET /cormun/servlet/permisosadjuntos?INS,16674778,P,20241226084324,, HTTP/1.1" 200 5878
181.212.40.185 - - [26/Dec/2024:08:43:42 -0300] "GET /cormun/static/about:blank HTTP/1.1" 404 1011
181.212.40.185 - - [26/Dec/2024:08:44:02 -0300] "POST /cormun/servlet/permisosadjuntos?dbd853bfb1260dbd448d3a8cc62c9c16,INS,16674778,P,20241226084324,, HTTP/1.1" 200 116
181.212.40.185 - - [26/Dec/2024:08:44:02 -0300] "GET /cormun/servlet/hpexe_return? HTTP/1.1" 200 1042
181.212.40.185 - - [26/Dec/2024:08:44:02 -0300] "GET /cormun/servlet/trpermisosadjuntos?16674778,20241226084324,P, HTTP/1.1" 200 7074
181.212.40.185 - - [26/Dec/2024:08:44:05 -0300] "POST /cormun/servlet/trpermisosadjuntos?dbd853bfb1260dbd448d3a8cc62c9c16,16674778,20241226084324,P,,gx-no-cache=1735213448580 HTTP/1.1" 200 90
181.212.40.185 - - [26/Dec/2024:08:44:05 -0300] "GET /cormun/servlet/hpexe_link HTTP/1.1" 200 1011
181.212.40.185 - - [26/Dec/2024:08:44:05 -0300] "GET /cormun/servlet/trpermisosgoce?gx-no-cache=1735212488927 HTTP/1.1" 200 18232
181.212.40.185 - - [26/Dec/2024:08:44:08 -0300] "POST /cormun/servlet/trpermisosgoce?dbd853bfb1260dbd448d3a8cc62c9c16,gx-no-cache=1735212488927,gx-no-cache=1735213451405 HTTP/1.1" 200 15526
181.212.42.153 - - [26/Dec/2024:08:44:51 -0300] "POST /cormun/servlet/trpermisosgoce?2fd86228f4d2667bc13ddc72d91d4cf2,gx-no-cache=1735213495980 HTTP/1.1" 200 15418
181.212.42.153 - - [26/Dec/2024:08:44:51 -0300] "GET /cormun/static/Resources/PXToolsGridNext.gif HTTP/1.1" 200 369
181.212.42.153 - - [26/Dec/2024:08:44:51 -0300] "GET /cormun/static/Resources/PXToolsGridLast.gif HTTP/1.1" 200 370
181.212.42.153 - - [26/Dec/2024:08:44:53 -0300] "GET /cormun/servlet/trlicencias? HTTP/1.1" 200 15127
181.212.42.153 - - [26/Dec/2024:08:44:59 -0300] "POST /cormun/servlet/trlicencias?2fd86228f4d2667bc13ddc72d91d4cf2,,gx-no-cache=1735213504226 HTTP/1.1" 200 5673
190.171.142.42 - - [26/Dec/2024:08:45:11 -0300] "GET /cormun/servlet/permisogoce?b53feda7b614b813bac73551d216d60e29a2c4854677c18cb22a8e4ea4efdea66bdbf304ab82779aefc24c2735476136e908e760e6b5e5bd0019e0a116abcd69,gx-no-cache=1735213512376 HTTP/1.1" 200 48
190.171.152.138 - - [26/Dec/2024:08:45:13 -0300] "GET /cormun/servlet/trpermisosadjuntos?19592531,20241226083716,P, HTTP/1.1" 200 6197
190.171.152.138 - - [26/Dec/2024:08:45:13 -0300] "GET /cormun/static/gxcfg.js?2020121641683 HTTP/1.1" 200 953
190.171.152.138 - - [26/Dec/2024:08:45:13 -0300] "GET /cormun/static/trpermisosadjuntos.js?2020121642996 HTTP/1.1" 200 20158
190.171.142.42 - - [26/Dec/2024:08:45:14 -0300] "POST /cormun/servlet/permisogoce?765c49edff47bc165e5828789e5d1176,INS,0,,,,gx-no-cache=1735213517331 HTTP/1.1" 200 93
190.171.142.42 - - [26/Dec/2024:08:45:14 -0300] "GET /cormun/servlet/hpexe_return? HTTP/1.1" 200 1010
190.171.142.42 - - [26/Dec/2024:08:45:15 -0300] "GET /cormun/servlet/trpermisosgoce HTTP/1.1" 200 18373
190.171.152.138 - - [26/Dec/2024:08:45:15 -0300] "GET /cormun/servlet/permisosadjuntos?INS,19592531,P,20241226083716,, HTTP/1.1" 200 5513
190.171.152.138 - - [26/Dec/2024:08:45:15 -0300] "GET /cormun/static/gxcfg.js?20201215134212 HTTP/1.1" 200 953
190.171.152.138 - - [26/Dec/2024:08:45:15 -0300] "GET /cormun/static/permisosadjuntos.js?20201215134285 HTTP/1.1" 200 8724
190.171.152.138 - - [26/Dec/2024:08:45:15 -0300] "GET /cormun/static/about:blank HTTP/1.1" 404 1011
190.171.143.82 - - [26/Dec/2024:08:45:45 -0300] "GET /cormun/servlet/hhome HTTP/1.1" 200 3316
190.171.143.82 - - [26/Dec/2024:08:45:48 -0300] "GET /cormun/servlet/hhome HTTP/1.1" 200 3326
190.171.143.82 - - [26/Dec/2024:08:45:48 -0300] "GET /cormun/servlet/hlogin HTTP/1.1" 200 1728
190.171.143.82 - - [26/Dec/2024:08:45:51 -0300] "POST /cormun/servlet/hlogin?da3db885f1014701bb1631aeace7e6b6,gx-no-cache=1735213559944 HTTP/1.1" 200 90
190.171.143.82 - - [26/Dec/2024:08:45:51 -0300] "GET /cormun/servlet/hpexe_link HTTP/1.1" 200 946
190.171.143.82 - - [26/Dec/2024:08:45:52 -0300] "GET /cormun/servlet/hhome HTTP/1.1" 200 4286
190.171.143.82 - - [26/Dec/2024:08:46:00 -0300] "GET /cormun/servlet/trlicencias? HTTP/1.1" 200 10514
190.171.143.82 - - [26/Dec/2024:08:46:03 -0300] "POST /cormun/servlet/trlicencias?da3db885f1014701bb1631aeace7e6b6,,gx-no-cache=1735213571906 HTTP/1.1" 200 7990
181.212.40.185 - - [26/Dec/2024:08:48:25 -0300] "GET /cormun/servlet/permisogoce?INS,0,,, HTTP/1.1" 200 7146
181.212.40.185 - - [26/Dec/2024:08:48:44 -0300] "GET /cormun/servlet/permisogoce?5c9f337150eca4baf20e770fc7985e69b482949636b36e5c3c9f21fb1ab9ed5bba5a5844666a31262d655198de45902f13f4b98946cedee01dfb6d63cfad29a1,gx-no-cache=1735213727830 HTTP/1.1" 200 82
181.212.40.185 - - [26/Dec/2024:08:48:51 -0300] "GET /cormun/servlet/permisogoce?5c9f337150eca4baf20e770fc7985e69aafea8974725b97c2619f75b31690364f45d6394bcfaf47a2dd1b054d7e2d599163a82be7dd5d8a7f729ec9ffeb6de90,gx-no-cache=1735213734661 HTTP/1.1" 200 48
181.212.40.185 - - [26/Dec/2024:08:50:12 -0300] "POST /cormun/servlet/permisogoce?dbd853bfb1260dbd448d3a8cc62c9c16,INS,0,,,,gx-no-cache=1735213815971 HTTP/1.1" 200 93
181.212.40.185 - - [26/Dec/2024:08:50:12 -0300] "GET /cormun/servlet/hpexe_return? HTTP/1.1" 200 1038
181.212.40.185 - - [26/Dec/2024:08:50:13 -0300] "GET /cormun/servlet/trpermisosgoce?gx-no-cache=1735212488927 HTTP/1.1" 200 18218
181.212.40.185 - - [26/Dec/2024:08:50:16 -0300] "GET /cormun/servlet/trpermisosadjuntos?16817419,20241226084829,P, HTTP/1.1" 200 6575
181.212.40.185 - - [26/Dec/2024:08:50:18 -0300] "GET /cormun/servlet/permisosadjuntos?INS,16817419,P,20241226084829,, HTTP/1.1" 200 5879
181.212.40.185 - - [26/Dec/2024:08:50:18 -0300] "GET /cormun/static/about:blank HTTP/1.1" 404 1011
181.212.40.185 - - [26/Dec/2024:08:50:32 -0300] "POST /cormun/servlet/permisosadjuntos?dbd853bfb1260dbd448d3a8cc62c9c16,INS,16817419,P,20241226084829,, HTTP/1.1" 200 116
181.212.40.185 - - [26/Dec/2024:08:50:32 -0300] "GET /cormun/servlet/hpexe_return? HTTP/1.1" 200 1042
181.212.40.185 - - [26/Dec/2024:08:50:32 -0300] "GET /cormun/servlet/trpermisosadjuntos?16817419,20241226084829,P, HTTP/1.1" 200 7085
181.212.40.185 - - [26/Dec/2024:08:50:44 -0300] "POST /cormun/servlet/trpermisosadjuntos?dbd853bfb1260dbd448d3a8cc62c9c16,16817419,20241226084829,P,,gx-no-cache=1735213847906 HTTP/1.1" 200 90
181.212.40.185 - - [26/Dec/2024:08:50:44 -0300] "GET /cormun/servlet/hpexe_link HTTP/1.1" 200 1011
181.212.40.185 - - [26/Dec/2024:08:50:44 -0300] "GET /cormun/servlet/trpermisosgoce?gx-no-cache=1735212488927 HTTP/1.1" 200 18221
181.212.40.185 - - [26/Dec/2024:08:50:47 -0300] "POST /cormun/servlet/trpermisosgoce?dbd853bfb1260dbd448d3a8cc62c9c16,gx-no-cache=1735212488927,gx-no-cache=1735213850821 HTTP/1.1" 200 15507
181.212.40.185 - - [26/Dec/2024:08:50:50 -0300] "GET /cormun/servlet/permisogoce?INS,0,,, HTTP/1.1" 200 7145
181.212.40.185 - - [26/Dec/2024:08:50:56 -0300] "GET /cormun/servlet/permisogoce?5c9f337150eca4baf20e770fc7985e692e5698397264d62c01ba54da9073fe08ba5a5844666a31262d655198de45902f13f4b98946cedee01dfb6d63cfad29a1,gx-no-cache=1735213859581 HTTP/1.1" 200 89
181.212.40.185 - - [26/Dec/2024:08:51:04 -0300] "GET /cormun/servlet/permisogoce?5c9f337150eca4baf20e770fc7985e69f319ba3534c97e546940309c178cf7defb2ce7729cef080dac37241080cd4b37163a82be7dd5d8a7f729ec9ffeb6de90,gx-no-cache=1735213868164 HTTP/1.1" 200 48
181.212.40.185 - - [26/Dec/2024:08:51:19 -0300] "POST /cormun/servlet/permisogoce?dbd853bfb1260dbd448d3a8cc62c9c16,INS,0,,,,gx-no-cache=1735213882682 HTTP/1.1" 200 93
181.212.40.185 - - [26/Dec/2024:08:51:19 -0300] "GET /cormun/servlet/hpexe_return? HTTP/1.1" 200 1038
181.212.40.185 - - [26/Dec/2024:08:51:19 -0300] "GET /cormun/servlet/trpermisosgoce?gx-no-cache=1735212488927 HTTP/1.1" 200 18309
181.212.40.185 - - [26/Dec/2024:08:51:24 -0300] "GET /cormun/servlet/trpermisosadjuntos?18648216,20241226085054,P, HTTP/1.1" 200 6582
181.212.40.185 - - [26/Dec/2024:08:51:26 -0300] "GET /cormun/servlet/permisosadjuntos?INS,18648216,P,20241226085054,, HTTP/1.1" 200 5887
181.212.40.185 - - [26/Dec/2024:08:51:26 -0300] "GET /cormun/static/about:blank HTTP/1.1" 404 1011
181.212.40.185 - - [26/Dec/2024:08:51:36 -0300] "POST /cormun/servlet/permisosadjuntos?dbd853bfb1260dbd448d3a8cc62c9c16,INS,18648216,P,20241226085054,, HTTP/1.1" 200 116
181.212.40.185 - - [26/Dec/2024:08:51:36 -0300] "GET /cormun/servlet/hpexe_return? HTTP/1.1" 200 1041
181.212.40.185 - - [26/Dec/2024:08:51:36 -0300] "GET /cormun/servlet/trpermisosadjuntos?18648216,20241226085054,P, HTTP/1.1" 200 7096
181.212.40.185 - - [26/Dec/2024:08:51:38 -0300] "POST /cormun/servlet/trpermisosadjuntos?dbd853bfb1260dbd448d3a8cc62c9c16,18648216,20241226085054,P,,gx-no-cache=1735213902171 HTTP/1.1" 200 90
181.212.40.185 - - [26/Dec/2024:08:51:38 -0300] "GET /cormun/servlet/hpexe_link HTTP/1.1" 200 1010
181.212.40.185 - - [26/Dec/2024:08:51:38 -0300] "GET /cormun/servlet/trpermisosgoce?gx-no-cache=1735212488927 HTTP/1.1" 200 18306
181.212.40.185 - - [26/Dec/2024:08:51:41 -0300] "POST /cormun/servlet/trpermisosgoce?dbd853bfb1260dbd448d3a8cc62c9c16,gx-no-cache=1735212488927,gx-no-cache=1735213904269 HTTP/1.1" 200 15597
181.212.40.185 - - [26/Dec/2024:08:51:45 -0300] "GET /cormun/servlet/permisogoce?INS,0,,, HTTP/1.1" 200 7146
190.171.152.138 - - [26/Dec/2024:08:51:47 -0300] "POST /cormun/servlet/permisosadjuntos?59db65ce01ed82f76bd57556c0c2b335,INS,19592531,P,20241226083716,, HTTP/1.1" 200 116
190.171.152.138 - - [26/Dec/2024:08:51:47 -0300] "GET /cormun/servlet/hpexe_return? HTTP/1.1" 200 1041
190.171.152.138 - - [26/Dec/2024:08:51:47 -0300] "GET /cormun/servlet/trpermisosadjuntos?19592531,20241226083716,P, HTTP/1.1" 200 6676
181.212.40.185 - - [26/Dec/2024:08:51:51 -0300] "GET /cormun/servlet/permisogoce?5c9f337150eca4baf20e770fc7985e699e594df35978899a0e3d8b3e4727f211ba5a5844666a31262d655198de45902f13f4b98946cedee01dfb6d63cfad29a1,gx-no-cache=1735213915123 HTTP/1.1" 200 90
190.171.152.138 - - [26/Dec/2024:08:51:51 -0300] "POST /cormun/servlet/trpermisosadjuntos?59db65ce01ed82f76bd57556c0c2b335,19592531,20241226083716,P,,gx-no-cache=1735213915355 HTTP/1.1" 200 90
190.171.152.138 - - [26/Dec/2024:08:51:51 -0300] "GET /cormun/servlet/hpexe_link HTTP/1.1" 200 986
190.171.152.138 - - [26/Dec/2024:08:51:52 -0300] "GET /cormun/servlet/trpermisosgoce HTTP/1.1" 200 17950
181.212.40.185 - - [26/Dec/2024:08:51:57 -0300] "GET /cormun/servlet/permisogoce?5c9f337150eca4baf20e770fc7985e69d38b2c828693a222840f8843b35c84cb516d8e27f18b2d77efd025c2714f924b089e43f1599371e7469e963eafa45384,gx-no-cache=1735213920868 HTTP/1.1" 200 49
181.212.40.185 - - [26/Dec/2024:08:52:01 -0300] "POST /cormun/servlet/permisogoce?dbd853bfb1260dbd448d3a8cc62c9c16,INS,0,,,,gx-no-cache=1735213924898 HTTP/1.1" 200 93
181.212.40.185 - - [26/Dec/2024:08:52:01 -0300] "GET /cormun/servlet/hpexe_return? HTTP/1.1" 200 1038
181.212.40.185 - - [26/Dec/2024:08:52:01 -0300] "GET /cormun/servlet/trpermisosgoce?gx-no-cache=1735212488927 HTTP/1.1" 200 18303
181.212.40.185 - - [26/Dec/2024:08:52:03 -0300] "GET /cormun/servlet/trpermisosadjuntos?19360063,20241226085149,P, HTTP/1.1" 200 6583
181.212.40.185 - - [26/Dec/2024:08:52:05 -0300] "GET /cormun/servlet/permisosadjuntos?INS,19360063,P,20241226085149,, HTTP/1.1" 200 5886
181.212.40.185 - - [26/Dec/2024:08:52:05 -0300] "GET /cormun/static/about:blank HTTP/1.1" 404 1011
181.212.40.185 - - [26/Dec/2024:08:52:17 -0300] "POST /cormun/servlet/permisosadjuntos?dbd853bfb1260dbd448d3a8cc62c9c16,INS,19360063,P,20241226085149,, HTTP/1.1" 200 116
181.212.40.185 - - [26/Dec/2024:08:52:17 -0300] "GET /cormun/servlet/hpexe_return? HTTP/1.1" 200 1043
181.212.40.185 - - [26/Dec/2024:08:52:17 -0300] "GET /cormun/servlet/trpermisosadjuntos?19360063,20241226085149,P, HTTP/1.1" 200 7096
181.212.40.185 - - [26/Dec/2024:08:52:21 -0300] "POST /cormun/servlet/trpermisosadjuntos?dbd853bfb1260dbd448d3a8cc62c9c16,19360063,20241226085149,P,,gx-no-cache=1735213945442 HTTP/1.1" 200 90
181.212.40.185 - - [26/Dec/2024:08:52:21 -0300] "GET /cormun/servlet/hpexe_link HTTP/1.1" 200 1011
181.212.40.185 - - [26/Dec/2024:08:52:22 -0300] "GET /cormun/servlet/trpermisosgoce?gx-no-cache=1735212488927 HTTP/1.1" 200 18300
181.212.40.185 - - [26/Dec/2024:08:52:24 -0300] "POST /cormun/servlet/trpermisosgoce?dbd853bfb1260dbd448d3a8cc62c9c16,gx-no-cache=1735212488927,gx-no-cache=1735213947956 HTTP/1.1" 200 15606
190.171.152.138 - - [26/Dec/2024:08:52:52 -0300] "POST /cormun/servlet/trpermisosgoce?59db65ce01ed82f76bd57556c0c2b335,gx-no-cache=1735213975910 HTTP/1.1" 200 15348
190.171.152.138 - - [26/Dec/2024:08:52:52 -0300] "GET /cormun/static/Shared/jqueryui/images/ui-bg_highlight-soft_100_c6c2c8_1x100.png HTTP/1.1" 404 1117
190.171.152.138 - - [26/Dec/2024:08:52:52 -0300] "GET /cormun/static/Shared/jqueryui/images/ui-icons_82798d_256x240.png HTTP/1.1" 404 1089
190.171.152.138 - - [26/Dec/2024:08:52:52 -0300] "GET /cormun/static/Shared/jqueryui/images/ui-icons_8d78a5_256x240.png HTTP/1.1" 404 1089
190.171.152.138 - - [26/Dec/2024:08:52:52 -0300] "GET /cormun/static/Shared/jqueryui/images/ui-bg_flat_55_fafafa_40x100.png HTTP/1.1" 404 1097
190.171.152.138 - - [26/Dec/2024:08:52:53 -0300] "GET /cormun/static/Resources/PXToolsGridNext.gif HTTP/1.1" 200 369
190.171.152.138 - - [26/Dec/2024:08:52:53 -0300] "GET /cormun/static/Resources/PXToolsGridLast.gif HTTP/1.1" 200 370
181.212.40.185 - - [26/Dec/2024:08:53:03 -0300] "GET /cormun/servlet/permisogoce?INS,0,,, HTTP/1.1" 200 7146
181.212.40.185 - - [26/Dec/2024:08:53:09 -0300] "GET /cormun/servlet/permisogoce?5c9f337150eca4baf20e770fc7985e69852ba6e50923054065ee1a5cd53df460ba5a5844666a31262d655198de45902f13f4b98946cedee01dfb6d63cfad29a1,gx-no-cache=1735213993157 HTTP/1.1" 200 79
181.212.40.185 - - [26/Dec/2024:08:53:20 -0300] "GET /cormun/servlet/permisogoce?5c9f337150eca4baf20e770fc7985e6967e3d7e032e2f9c7e11b12de9a59ac92c1d857adb31c0476e2744dab01bc1056089e43f1599371e7469e963eafa45384,gx-no-cache=1735214003996 HTTP/1.1" 200 49
181.212.40.185 - - [26/Dec/2024:08:53:23 -0300] "POST /cormun/servlet/permisogoce?dbd853bfb1260dbd448d3a8cc62c9c16,INS,0,,,,gx-no-cache=1735214006969 HTTP/1.1" 200 93
181.212.40.185 - - [26/Dec/2024:08:53:23 -0300] "GET /cormun/servlet/hpexe_return? HTTP/1.1" 200 1038
181.212.40.185 - - [26/Dec/2024:08:53:24 -0300] "GET /cormun/servlet/trpermisosgoce?gx-no-cache=1735212488927 HTTP/1.1" 200 18341
181.212.40.185 - - [26/Dec/2024:08:53:27 -0300] "GET /cormun/servlet/trpermisosadjuntos?19018065,20241226085307,P, HTTP/1.1" 200 6575
181.212.40.185 - - [26/Dec/2024:08:53:28 -0300] "GET /cormun/servlet/permisosadjuntos?INS,19018065,P,20241226085307,, HTTP/1.1" 200 5877
181.212.40.185 - - [26/Dec/2024:08:53:28 -0300] "GET /cormun/static/about:blank HTTP/1.1" 404 1011
190.171.152.138 - - [26/Dec/2024:08:53:40 -0300] "GET /cormun/servlet/hlogin HTTP/1.1" 200 1742
181.212.40.185 - - [26/Dec/2024:08:53:43 -0300] "POST /cormun/servlet/permisosadjuntos?dbd853bfb1260dbd448d3a8cc62c9c16,INS,19018065,P,20241226085307,, HTTP/1.1" 200 116
181.212.40.185 - - [26/Dec/2024:08:53:43 -0300] "GET /cormun/servlet/hpexe_return? HTTP/1.1" 200 1043
181.212.40.185 - - [26/Dec/2024:08:53:43 -0300] "GET /cormun/servlet/trpermisosadjuntos?19018065,20241226085307,P, HTTP/1.1" 200 7102
181.212.40.185 - - [26/Dec/2024:08:53:45 -0300] "POST /cormun/servlet/trpermisosadjuntos?dbd853bfb1260dbd448d3a8cc62c9c16,19018065,20241226085307,P,,gx-no-cache=1735214028555 HTTP/1.1" 200 90
181.212.40.185 - - [26/Dec/2024:08:53:45 -0300] "GET /cormun/servlet/hpexe_link HTTP/1.1" 200 1011
181.212.40.185 - - [26/Dec/2024:08:53:45 -0300] "GET /cormun/servlet/trpermisosgoce?gx-no-cache=1735212488927 HTTP/1.1" 200 18380
181.212.40.185 - - [26/Dec/2024:08:53:47 -0300] "POST /cormun/servlet/trpermisosgoce?dbd853bfb1260dbd448d3a8cc62c9c16,gx-no-cache=1735212488927,gx-no-cache=1735214030965 HTTP/1.1" 200 15642
190.171.152.138 - - [26/Dec/2024:08:53:58 -0300] "POST /cormun/servlet/hlogin?59db65ce01ed82f76bd57556c0c2b335,gx-no-cache=1735214042321 HTTP/1.1" 200 90
190.171.152.138 - - [26/Dec/2024:08:53:58 -0300] "GET /cormun/servlet/hpexe_link HTTP/1.1" 200 953
190.171.152.138 - - [26/Dec/2024:08:53:59 -0300] "GET /cormun/servlet/hhome HTTP/1.1" 200 4319
190.171.152.138 - - [26/Dec/2024:08:53:59 -0300] "GET /cormun/static/SmoothNavMenu/resources/images/right.gif HTTP/1.1" 200 860
190.171.152.138 - - [26/Dec/2024:08:54:04 -0300] "GET /cormun/servlet/trlicencias? HTTP/1.1" 200 12127
181.212.40.185 - - [26/Dec/2024:08:54:05 -0300] "GET /cormun/servlet/permisogoce?INS,0,,, HTTP/1.1" 200 7146
181.212.40.185 - - [26/Dec/2024:08:54:13 -0300] "GET /cormun/servlet/permisogoce?5c9f337150eca4baf20e770fc7985e69852ba6e50923054065ee1a5cd53df460ba5a5844666a31262d655198de45902f13f4b98946cedee01dfb6d63cfad29a1,gx-no-cache=1735214056661 HTTP/1.1" 200 79
181.212.40.185 - - [26/Dec/2024:08:54:20 -0300] "GET /cormun/servlet/permisogoce?5c9f337150eca4baf20e770fc7985e6967e3d7e032e2f9c7e11b12de9a59ac925f86ae1f11be3de22cbd0c86e949e1b2163a82be7dd5d8a7f729ec9ffeb6de90,gx-no-cache=1735214063842 HTTP/1.1" 200 48
181.212.40.185 - - [26/Dec/2024:08:54:23 -0300] "POST /cormun/servlet/permisogoce?dbd853bfb1260dbd448d3a8cc62c9c16,INS,0,,,,gx-no-cache=1735214066506 HTTP/1.1" 200 93
181.212.40.185 - - [26/Dec/2024:08:54:23 -0300] "GET /cormun/servlet/hpexe_return? HTTP/1.1" 200 1038
181.212.40.185 - - [26/Dec/2024:08:54:23 -0300] "GET /cormun/servlet/trpermisosgoce?gx-no-cache=1735212488927 HTTP/1.1" 200 18242
190.171.152.138 - - [26/Dec/2024:08:54:24 -0300] "GET /cormun/servlet/trautorizarpermisogoce? HTTP/1.1" 200 8005
190.171.152.138 - - [26/Dec/2024:08:54:24 -0300] "GET /cormun/static/gxcfg.js?2020121645532 HTTP/1.1" 200 953
190.171.152.138 - - [26/Dec/2024:08:54:24 -0300] "GET /cormun/static/trautorizarpermisogoce.js?2020121651492 HTTP/1.1" 200 34948
181.212.40.185 - - [26/Dec/2024:08:54:25 -0300] "GET /cormun/servlet/trpermisosadjuntos?19018065,20241226085409,P, HTTP/1.1" 200 6575
181.212.40.185 - - [26/Dec/2024:08:54:27 -0300] "GET /cormun/servlet/permisosadjuntos?INS,19018065,P,20241226085409,, HTTP/1.1" 200 5877
181.212.40.185 - - [26/Dec/2024:08:54:27 -0300] "GET /cormun/static/about:blank HTTP/1.1" 404 1011
181.212.40.185 - - [26/Dec/2024:08:54:50 -0300] "POST /cormun/servlet/permisosadjuntos?dbd853bfb1260dbd448d3a8cc62c9c16,INS,19018065,P,20241226085409,, HTTP/1.1" 200 116
181.212.40.185 - - [26/Dec/2024:08:54:50 -0300] "GET /cormun/servlet/hpexe_return? HTTP/1.1" 200 1043
181.212.40.185 - - [26/Dec/2024:08:54:50 -0300] "GET /cormun/servlet/trpermisosadjuntos?19018065,20241226085409,P, HTTP/1.1" 200 7103
190.171.152.138 - - [26/Dec/2024:08:54:50 -0300] "POST /cormun/servlet/trautorizarpermisogoce?59db65ce01ed82f76bd57556c0c2b335,,gx-no-cache=1735214093804 HTTP/1.1" 200 4517
181.212.40.185 - - [26/Dec/2024:08:54:52 -0300] "POST /cormun/servlet/trpermisosadjuntos?dbd853bfb1260dbd448d3a8cc62c9c16,19018065,20241226085409,P,,gx-no-cache=1735214096194 HTTP/1.1" 200 90
181.212.40.185 - - [26/Dec/2024:08:54:52 -0300] "GET /cormun/servlet/hpexe_link HTTP/1.1" 200 1011
181.212.40.185 - - [26/Dec/2024:08:54:52 -0300] "GET /cormun/servlet/trpermisosgoce?gx-no-cache=1735212488927 HTTP/1.1" 200 18322
181.212.40.185 - - [26/Dec/2024:08:54:55 -0300] "POST /cormun/servlet/trpermisosgoce?dbd853bfb1260dbd448d3a8cc62c9c16,gx-no-cache=1735212488927,gx-no-cache=1735214098708 HTTP/1.1" 200 15548
190.171.152.138 - - [26/Dec/2024:08:55:01 -0300] "GET /cormun/servlet/hlogin HTTP/1.1" 200 1748
190.171.152.138 - - [26/Dec/2024:08:55:16 -0300] "POST /cormun/servlet/hlogin?59db65ce01ed82f76bd57556c0c2b335,gx-no-cache=1735214119745 HTTP/1.1" 200 90
190.171.152.138 - - [26/Dec/2024:08:55:16 -0300] "GET /cormun/servlet/hpexe_link HTTP/1.1" 200 953
190.171.152.138 - - [26/Dec/2024:08:55:16 -0300] "GET /cormun/servlet/hhome HTTP/1.1" 200 3872
190.171.152.138 - - [26/Dec/2024:08:55:24 -0300] "GET /cormun/servlet/trpermisosgoce? HTTP/1.1" 200 17867
181.212.40.185 - - [26/Dec/2024:08:56:06 -0300] "GET /cormun/servlet/permisogoce?INS,0,,, HTTP/1.1" 200 7146
190.171.149.90 - - [26/Dec/2024:08:56:06 -0300] "GET /cormun/servlet/hlogin HTTP/1.1" 200 1725
190.171.149.90 - - [26/Dec/2024:08:56:06 -0300] "GET /cormun/servlet/hlogin HTTP/1.1" 200 1735
190.171.149.90 - - [26/Dec/2024:08:56:06 -0300] "GET /favicon.ico HTTP/1.1" 200 21630
190.171.149.90 - - [26/Dec/2024:08:56:12 -0300] "POST /cormun/servlet/hlogin?7bf72ea54e6ccd3ad6b3e0fd00c9c871,gx-no-cache=1735213786977 HTTP/1.1" 200 447
181.212.40.185 - - [26/Dec/2024:08:56:20 -0300] "GET /cormun/servlet/permisogoce?5c9f337150eca4baf20e770fc7985e69207021c28739d3d9e7d70fb8f231fe42ba5a5844666a31262d655198de45902f13f4b98946cedee01dfb6d63cfad29a1,gx-no-cache=1735214183720 HTTP/1.1" 200 85
190.171.149.90 - - [26/Dec/2024:08:56:20 -0300] "POST /cormun/servlet/hlogin?7bf72ea54e6ccd3ad6b3e0fd00c9c871,gx-no-cache=1735213795432 HTTP/1.1" 200 90
190.171.149.90 - - [26/Dec/2024:08:56:20 -0300] "GET /cormun/servlet/hpexe_link HTTP/1.1" 200 952
190.171.149.90 - - [26/Dec/2024:08:56:20 -0300] "GET /cormun/servlet/hhome HTTP/1.1" 200 3865
190.171.149.90 - - [26/Dec/2024:08:56:22 -0300] "GET /cormun/servlet/trpermisosgoce? HTTP/1.1" 200 17788
181.212.40.185 - - [26/Dec/2024:08:56:25 -0300] "GET /cormun/servlet/permisogoce?5c9f337150eca4baf20e770fc7985e6946a0485435e2bcc7e3f9b2fcc35446cb335c8af12a8dbcea07035da06599bfc8163a82be7dd5d8a7f729ec9ffeb6de90,gx-no-cache=1735214189332 HTTP/1.1" 200 48
181.212.40.185 - - [26/Dec/2024:08:56:35 -0300] "POST /cormun/servlet/permisogoce?dbd853bfb1260dbd448d3a8cc62c9c16,INS,0,,,,gx-no-cache=1735214198977 HTTP/1.1" 200 93
181.212.40.185 - - [26/Dec/2024:08:56:35 -0300] "GET /cormun/servlet/hpexe_return? HTTP/1.1" 200 1038
181.212.40.185 - - [26/Dec/2024:08:56:36 -0300] "GET /cormun/servlet/trpermisosgoce?gx-no-cache=1735212488927 HTTP/1.1" 200 18332
181.212.40.185 - - [26/Dec/2024:08:56:39 -0300] "GET /cormun/servlet/trpermisosadjuntos?14204290,20241226085610,P, HTTP/1.1" 200 6577
181.212.40.185 - - [26/Dec/2024:08:56:40 -0300] "GET /cormun/servlet/permisosadjuntos?INS,14204290,P,20241226085610,, HTTP/1.1" 200 5881
181.212.40.185 - - [26/Dec/2024:08:56:40 -0300] "GET /cormun/static/about:blank HTTP/1.1" 404 1011
181.212.40.185 - - [26/Dec/2024:08:56:54 -0300] "POST /cormun/servlet/permisosadjuntos?dbd853bfb1260dbd448d3a8cc62c9c16,INS,14204290,P,20241226085610,, HTTP/1.1" 200 116
181.212.40.185 - - [26/Dec/2024:08:56:54 -0300] "GET /cormun/servlet/hpexe_return? HTTP/1.1" 200 1042
181.212.40.185 - - [26/Dec/2024:08:56:54 -0300] "GET /cormun/servlet/trpermisosadjuntos?14204290,20241226085610,P, HTTP/1.1" 200 7089
181.212.40.185 - - [26/Dec/2024:08:57:03 -0300] "POST /cormun/servlet/trpermisosadjuntos?dbd853bfb1260dbd448d3a8cc62c9c16,14204290,20241226085610,P,,gx-no-cache=1735214227186 HTTP/1.1" 200 90
181.212.40.185 - - [26/Dec/2024:08:57:03 -0300] "GET /cormun/servlet/hpexe_link HTTP/1.1" 200 1010
181.212.40.185 - - [26/Dec/2024:08:57:03 -0300] "GET /cormun/servlet/trpermisosgoce?gx-no-cache=1735212488927 HTTP/1.1" 200 18329
181.212.40.185 - - [26/Dec/2024:08:57:06 -0300] "POST /cormun/servlet/trpermisosgoce?dbd853bfb1260dbd448d3a8cc62c9c16,gx-no-cache=1735212488927,gx-no-cache=1735214230012 HTTP/1.1" 200 15629
181.212.40.185 - - [26/Dec/2024:08:57:09 -0300] "GET /cormun/servlet/permisogoce?INS,0,,, HTTP/1.1" 200 7146
190.171.149.90 - - [26/Dec/2024:08:57:13 -0300] "GET /cormun/servlet/permisogoce?INS,0,,, HTTP/1.1" 200 6728
181.212.40.185 - - [26/Dec/2024:08:57:15 -0300] "GET /cormun/servlet/permisogoce?5c9f337150eca4baf20e770fc7985e69845cb19d4b5b5fed5f534ef6d523488aba5a5844666a31262d655198de45902f13f4b98946cedee01dfb6d63cfad29a1,gx-no-cache=1735214239084 HTTP/1.1" 200 81
190.171.149.90 - - [26/Dec/2024:08:57:17 -0300] "GET /cormun/servlet/permisogoce?bafbe17b85bbeb67c287a77390fc60bfb259ce691c10f2c8723fa93534a89c64474310b78a7a25062682200c321dd2789d6085eaf412dbf0c2a82dda64f8d439,gx-no-cache=1735213852230 HTTP/1.1" 200 83
181.212.40.185 - - [26/Dec/2024:08:57:23 -0300] "GET /cormun/servlet/permisogoce?5c9f337150eca4baf20e770fc7985e6971ea344ade47ca9fd09113ed9bc2fc4df0d1a9cf86c69e1129123eb7be0f2060089e43f1599371e7469e963eafa45384,gx-no-cache=1735214246602 HTTP/1.1" 200 49
181.212.40.185 - - [26/Dec/2024:08:57:31 -0300] "POST /cormun/servlet/permisogoce?dbd853bfb1260dbd448d3a8cc62c9c16,INS,0,,,,gx-no-cache=1735214255145 HTTP/1.1" 200 93
181.212.40.185 - - [26/Dec/2024:08:57:31 -0300] "GET /cormun/servlet/hpexe_return? HTTP/1.1" 200 1038
181.212.40.185 - - [26/Dec/2024:08:57:32 -0300] "GET /cormun/servlet/trpermisosgoce?gx-no-cache=1735212488927 HTTP/1.1" 200 18339
181.212.40.185 - - [26/Dec/2024:08:57:34 -0300] "GET /cormun/servlet/trpermisosadjuntos?15306524,20241226085713,P, HTTP/1.1" 200 6574
190.171.152.138 - - [26/Dec/2024:08:57:34 -0300] "GET /cormun/servlet/hlogin HTTP/1.1" 200 1743
181.212.40.185 - - [26/Dec/2024:08:57:36 -0300] "GET /cormun/servlet/permisosadjuntos?INS,15306524,P,20241226085713,, HTTP/1.1" 200 5872
181.212.40.185 - - [26/Dec/2024:08:57:36 -0300] "GET /cormun/static/about:blank HTTP/1.1" 404 1011
190.171.141.82 - - [26/Dec/2024:08:57:37 -0300] "GET /cormun/servlet/hlogin HTTP/1.1" 200 1724
190.171.149.90 - - [26/Dec/2024:08:57:44 -0300] "GET /cormun/servlet/permisogoce?bafbe17b85bbeb67c287a77390fc60bfcb4b57b53e9896e1ff1386e7604ea761e7e9afd8213c701bfa97b855b71ca3c2ec191364c604e1b273f2af4ba462253e4f7d485f9410190d90b4ef4a23eebe1778166827a7ab7db9c49cb72d8dd30ca69a68323c9d433dbef9951a95c3ceb0a5,gx-no-cache=1735213879213 HTTP/1.1" 200 85
190.171.149.90 - - [26/Dec/2024:08:57:46 -0300] "GET /cormun/static/menuarrow.gif HTTP/1.1" 404 1015
181.212.40.185 - - [26/Dec/2024:08:57:49 -0300] "POST /cormun/servlet/permisosadjuntos?dbd853bfb1260dbd448d3a8cc62c9c16,INS,15306524,P,20241226085713,, HTTP/1.1" 200 116
181.212.40.185 - - [26/Dec/2024:08:57:49 -0300] "GET /cormun/servlet/hpexe_return? HTTP/1.1" 200 1043
181.212.40.185 - - [26/Dec/2024:08:57:49 -0300] "GET /cormun/servlet/trpermisosadjuntos?15306524,20241226085713,P, HTTP/1.1" 200 7067
190.171.149.90 - - [26/Dec/2024:08:57:51 -0300] "GET /cormun/servlet/permisogoce?bafbe17b85bbeb67c287a77390fc60bf22622e364900b2862741c2a26c1ff56e8ba75953362e07e3c6b4b6256803a6a673f42fccf5e56c8bf22229ed947450a2,gx-no-cache=1735213886524 HTTP/1.1" 200 49
190.171.149.90 - - [26/Dec/2024:08:57:53 -0300] "POST /cormun/servlet/permisogoce?7bf72ea54e6ccd3ad6b3e0fd00c9c871,INS,0,,,,gx-no-cache=1735213888181 HTTP/1.1" 200 93
190.171.149.90 - - [26/Dec/2024:08:57:53 -0300] "GET /cormun/servlet/hpexe_return? HTTP/1.1" 200 1011
190.171.149.90 - - [26/Dec/2024:08:57:54 -0300] "GET /cormun/servlet/trpermisosgoce HTTP/1.1" 200 18026
190.171.141.82 - - [26/Dec/2024:08:57:57 -0300] "POST /cormun/servlet/hlogin?c2d8d399d7ac4c7f40180abe0f2627ad,gx-no-cache=1735214281455 HTTP/1.1" 200 90
190.171.141.82 - - [26/Dec/2024:08:57:58 -0300] "GET /cormun/servlet/hpexe_link HTTP/1.1" 200 955
190.171.141.82 - - [26/Dec/2024:08:57:58 -0300] "GET /cormun/servlet/hhome HTTP/1.1" 200 4341
190.171.149.90 - - [26/Dec/2024:08:57:59 -0300] "GET /cormun/servlet/apermisogoceprn?11983436,P,20241226085717,PU HTTP/1.1" 200 1658
181.212.40.185 - - [26/Dec/2024:08:57:59 -0300] "POST /cormun/servlet/trpermisosadjuntos?dbd853bfb1260dbd448d3a8cc62c9c16,15306524,20241226085713,P,,gx-no-cache=1735214282962 HTTP/1.1" 200 90
181.212.40.185 - - [26/Dec/2024:08:57:59 -0300] "GET /cormun/servlet/hpexe_link HTTP/1.1" 200 1010
181.212.40.185 - - [26/Dec/2024:08:57:59 -0300] "GET /cormun/servlet/trpermisosgoce?gx-no-cache=1735212488927 HTTP/1.1" 200 18383
181.212.40.185 - - [26/Dec/2024:08:58:02 -0300] "POST /cormun/servlet/trpermisosgoce?dbd853bfb1260dbd448d3a8cc62c9c16,gx-no-cache=1735212488927,gx-no-cache=1735214285699 HTTP/1.1" 200 15621
190.171.141.82 - - [26/Dec/2024:08:58:04 -0300] "GET /cormun/servlet/trpermisosgoce? HTTP/1.1" 200 18983
181.212.40.185 - - [26/Dec/2024:08:58:04 -0300] "GET /cormun/servlet/permisogoce?INS,0,,, HTTP/1.1" 200 7145
181.212.40.185 - - [26/Dec/2024:08:58:10 -0300] "GET /cormun/servlet/permisogoce?5c9f337150eca4baf20e770fc7985e69845cb19d4b5b5fed5f534ef6d523488aba5a5844666a31262d655198de45902f13f4b98946cedee01dfb6d63cfad29a1,gx-no-cache=1735214294402 HTTP/1.1" 200 81
200.54.103.162 - - [26/Dec/2024:08:58:19 -0300] "GET /cormun/servlet/hhome HTTP/1.1" 200 3318
200.54.103.162 - - [26/Dec/2024:08:58:19 -0300] "GET /cormun/servlet/hlogin HTTP/1.1" 200 1730
200.54.103.162 - - [26/Dec/2024:08:58:19 -0300] "GET /cormun/servlet/hhome HTTP/1.1" 200 3328
190.171.141.82 - - [26/Dec/2024:08:58:20 -0300] "POST /cormun/servlet/trpermisosgoce?c2d8d399d7ac4c7f40180abe0f2627ad,,gx-no-cache=1735214303747 HTTP/1.1" 200 5572
181.212.40.185 - - [26/Dec/2024:08:58:22 -0300] "GET /cormun/servlet/permisogoce?5c9f337150eca4baf20e770fc7985e6971ea344ade47ca9fd09113ed9bc2fc4d56b9498650ca1b4b6fe37455d4bdf0ed089e43f1599371e7469e963eafa45384,gx-no-cache=1735214305866 HTTP/1.1" 200 47
200.54.103.162 - - [26/Dec/2024:08:58:22 -0300] "POST /cormun/servlet/hlogin?46387d99bea39463503145d400d59e3f,gx-no-cache=1735214310433 HTTP/1.1" 200 90
200.54.103.162 - - [26/Dec/2024:08:58:22 -0300] "GET /cormun/servlet/hpexe_link HTTP/1.1" 200 949
200.54.103.162 - - [26/Dec/2024:08:58:22 -0300] "GET /cormun/servlet/hhome HTTP/1.1" 200 4339
181.212.40.185 - - [26/Dec/2024:08:58:25 -0300] "POST /cormun/servlet/permisogoce?dbd853bfb1260dbd448d3a8cc62c9c16,INS,0,,,,gx-no-cache=1735214308361 HTTP/1.1" 200 93
181.212.40.185 - - [26/Dec/2024:08:58:25 -0300] "GET /cormun/servlet/hpexe_return? HTTP/1.1" 200 1038
181.212.40.185 - - [26/Dec/2024:08:58:25 -0300] "GET /cormun/servlet/trpermisosgoce?gx-no-cache=1735212488927 HTTP/1.1" 200 18256
200.54.103.162 - - [26/Dec/2024:08:58:25 -0300] "GET /cormun/servlet/trpermisosgoce? HTTP/1.1" 200 16778
200.54.103.162 - - [26/Dec/2024:08:58:28 -0300] "GET /cormun/servlet/permisogoce?INS,0,,, HTTP/1.1" 200 7229
181.212.40.185 - - [26/Dec/2024:08:58:28 -0300] "GET /cormun/servlet/trpermisosadjuntos?15306524,20241226085809,P, HTTP/1.1" 200 6573
181.212.40.185 - - [26/Dec/2024:08:58:29 -0300] "GET /cormun/servlet/permisosadjuntos?INS,15306524,P,20241226085809,, HTTP/1.1" 200 5873
181.212.40.185 - - [26/Dec/2024:08:58:29 -0300] "GET /cormun/static/about:blank HTTP/1.1" 404 1011
190.171.141.82 - - [26/Dec/2024:08:58:30 -0300] "GET /cormun/servlet/permisogoce?INS,0,,, HTTP/1.1" 200 7233
190.171.141.82 - - [26/Dec/2024:08:58:33 -0300] "GET /cormun/servlet/permisogoce?a958b4b86488cc32b2c2e295344a441c3a2a342e99fd870693fbd359291870cec7c4b29784560a46b5f8548228d8b468706f8ed6f9f081d4ba144f7e03b1e773,gx-no-cache=1735214316993 HTTP/1.1" 200 84
190.171.141.82 - - [26/Dec/2024:08:58:33 -0300] "GET /cormun/static/menuarrow.gif HTTP/1.1" 404 1015
200.54.103.162 - - [26/Dec/2024:08:58:35 -0300] "GET /cormun/servlet/permisogoce?d878c41a93abe2d5d2e57190faba96d019f4eacb7cad045e7e9b0c09cec7f0af736a9b6f02abeb2c2ef89444a07d93a22db1853957f94221c5b5956ee46d5d62,gx-no-cache=1735214323209 HTTP/1.1" 200 81
200.54.103.162 - - [26/Dec/2024:08:58:35 -0300] "GET /cormun/static/menuarrow.gif HTTP/1.1" 404 1015
190.171.141.82 - - [26/Dec/2024:08:58:37 -0300] "GET /cormun/servlet/permisogoce?a958b4b86488cc32b2c2e295344a441cc72f28bd45a7cbe4ebd2f0f9827d3c7e8abbee7fe549fba3fe34c58e32928783acebf390f3181f2b319de88005f55f55,gx-no-cache=1735214321182 HTTP/1.1" 200 48
190.171.141.82 - - [26/Dec/2024:08:58:39 -0300] "POST /cormun/servlet/permisogoce?c2d8d399d7ac4c7f40180abe0f2627ad,INS,0,,,,gx-no-cache=1735214322929 HTTP/1.1" 200 93
190.171.141.82 - - [26/Dec/2024:08:58:39 -0300] "GET /cormun/servlet/hpexe_return? HTTP/1.1" 200 1014
190.171.141.82 - - [26/Dec/2024:08:58:39 -0300] "GET /cormun/servlet/trpermisosgoce? HTTP/1.1" 200 8592
181.212.40.185 - - [26/Dec/2024:08:58:42 -0300] "POST /cormun/servlet/permisosadjuntos?dbd853bfb1260dbd448d3a8cc62c9c16,INS,15306524,P,20241226085809,, HTTP/1.1" 200 116
181.212.40.185 - - [26/Dec/2024:08:58:42 -0300] "GET /cormun/servlet/hpexe_return? HTTP/1.1" 200 1043
181.212.40.185 - - [26/Dec/2024:08:58:42 -0300] "GET /cormun/servlet/trpermisosadjuntos?15306524,20241226085809,P, HTTP/1.1" 200 7066
200.54.103.162 - - [26/Dec/2024:08:58:43 -0300] "GET /cormun/servlet/permisogoce?d878c41a93abe2d5d2e57190faba96d040d9c4152cf16907275800d61c723387d8d46e24bbcd1f60900a3e77dfc4e908d2ca7f580122db611abd26d203a119d4,gx-no-cache=1735214330751 HTTP/1.1" 200 48
181.212.40.185 - - [26/Dec/2024:08:58:43 -0300] "POST /cormun/servlet/trpermisosadjuntos?dbd853bfb1260dbd448d3a8cc62c9c16,15306524,20241226085809,P,,gx-no-cache=1735214327490 HTTP/1.1" 200 90
181.212.40.185 - - [26/Dec/2024:08:58:43 -0300] "GET /cormun/servlet/hpexe_link HTTP/1.1" 200 1010
181.212.40.185 - - [26/Dec/2024:08:58:44 -0300] "GET /cormun/servlet/trpermisosgoce?gx-no-cache=1735212488927 HTTP/1.1" 200 18313
190.171.141.82 - - [26/Dec/2024:08:58:45 -0300] "GET /cormun/servlet/apermisogoceprn?13776601,P,20241222201840,PU HTTP/1.1" 200 1671
181.212.40.185 - - [26/Dec/2024:08:58:47 -0300] "GET /cormun/servlet/trpermisosadjuntos?15306524,20241226085809,P, HTTP/1.1" 200 7084
190.171.141.82 - - [26/Dec/2024:08:58:49 -0300] "GET /cormun/servlet/apermisogoceprn?13776601,P,20241226085834,PU HTTP/1.1" 200 1673
200.54.103.162 - - [26/Dec/2024:08:58:50 -0300] "POST /cormun/servlet/permisogoce?46387d99bea39463503145d400d59e3f,INS,0,,,,gx-no-cache=1735214337073 HTTP/1.1" 200 93
200.54.103.162 - - [26/Dec/2024:08:58:50 -0300] "GET /cormun/servlet/hpexe_return? HTTP/1.1" 200 1007
200.54.103.162 - - [26/Dec/2024:08:58:50 -0300] "GET /cormun/servlet/trpermisosgoce HTTP/1.1" 200 17026
181.212.40.185 - - [26/Dec/2024:08:58:51 -0300] "POST /cormun/servlet/trpermisosadjuntos?dbd853bfb1260dbd448d3a8cc62c9c16,15306524,20241226085809,P,,gx-no-cache=1735214334898 HTTP/1.1" 200 90
181.212.40.185 - - [26/Dec/2024:08:58:51 -0300] "GET /cormun/servlet/hpexe_link HTTP/1.1" 200 1010
181.212.40.185 - - [26/Dec/2024:08:58:51 -0300] "GET /cormun/servlet/trpermisosgoce?gx-no-cache=1735212488927 HTTP/1.1" 200 18253
181.212.40.185 - - [26/Dec/2024:08:58:54 -0300] "POST /cormun/servlet/trpermisosgoce?dbd853bfb1260dbd448d3a8cc62c9c16,gx-no-cache=1735212488927,gx-no-cache=1735214337236 HTTP/1.1" 200 15543
200.54.103.162 - - [26/Dec/2024:08:58:55 -0300] "GET /cormun/servlet/permisogoce?INS,0,,, HTTP/1.1" 200 7230
200.54.103.162 - - [26/Dec/2024:08:59:02 -0300] "GET /cormun/servlet/permisogoce?d878c41a93abe2d5d2e57190faba96d0b946dd9882feea93d46a7cd888051e26736a9b6f02abeb2c2ef89444a07d93a22db1853957f94221c5b5956ee46d5d62,gx-no-cache=1735214350072 HTTP/1.1" 200 84
181.212.40.185 - - [26/Dec/2024:08:59:04 -0300] "GET /cormun/servlet/permisogoce?INS,0,,, HTTP/1.1" 200 7146
200.54.103.162 - - [26/Dec/2024:08:59:07 -0300] "GET /cormun/servlet/permisogoce?d878c41a93abe2d5d2e57190faba96d0ee7144093e22425dff329b0488e6d34725f71cd2ec53395528286ffc4f77d015d2ca7f580122db611abd26d203a119d4,gx-no-cache=1735214354895 HTTP/1.1" 200 48
200.54.103.162 - - [26/Dec/2024:08:59:09 -0300] "POST /cormun/servlet/permisogoce?46387d99bea39463503145d400d59e3f,INS,0,,,,gx-no-cache=1735214356633 HTTP/1.1" 200 93
200.54.103.162 - - [26/Dec/2024:08:59:09 -0300] "GET /cormun/servlet/hpexe_return? HTTP/1.1" 200 1007
200.54.103.162 - - [26/Dec/2024:08:59:09 -0300] "GET /cormun/servlet/trpermisosgoce HTTP/1.1" 200 17241
181.212.40.185 - - [26/Dec/2024:08:59:14 -0300] "GET /cormun/servlet/permisogoce?5c9f337150eca4baf20e770fc7985e697d1775370a54ddba2b8faa85f285c2e8ba5a5844666a31262d655198de45902f13f4b98946cedee01dfb6d63cfad29a1,gx-no-cache=1735214358101 HTTP/1.1" 200 75
200.54.103.162 - - [26/Dec/2024:08:59:14 -0300] "GET /cormun/servlet/permisogoce?INS,0,,, HTTP/1.1" 200 7231
181.212.40.185 - - [26/Dec/2024:08:59:20 -0300] "GET /cormun/servlet/permisogoce?5c9f337150eca4baf20e770fc7985e6960e8ec15bde9964243d0f087c2ba7ea3e60538cb55bd981f3f816de6586263b3163a82be7dd5d8a7f729ec9ffeb6de90,gx-no-cache=1735214364291 HTTP/1.1" 200 48
