190.171.149.82 - - [23/Dec/2024:13:20:41 -0300] "GET /cormun/servlet/hpexe_link HTTP/1.1" 200 979
190.171.149.82 - - [23/Dec/2024:13:20:41 -0300] "GET /cormun/servlet/trpermisosgoce HTTP/1.1" 200 13828
190.171.149.82 - - [23/Dec/2024:13:20:47 -0300] "GET /cormun/servlet/trpermisosadjuntos?16881776,20241218111537,P, HTTP/1.1" 200 6252
190.171.143.106 - - [23/Dec/2024:13:20:48 -0300] "GET /cormun/servlet/hhome HTTP/1.1" 200 4285
190.171.149.82 - - [23/Dec/2024:13:20:49 -0300] "GET /cormun/servlet/permisosadjuntos?INS,16881776,P,20241218111537,, HTTP/1.1" 200 5569
190.171.149.82 - - [23/Dec/2024:13:20:49 -0300] "GET /cormun/static/about:blank HTTP/1.1" 404 1011
190.171.143.106 - - [23/Dec/2024:13:20:51 -0300] "GET /cormun/servlet/trcontratounov2? HTTP/1.1" 200 17785
190.171.143.106 - - [23/Dec/2024:13:20:51 -0300] "GET /cormun/static/gxcfg.js?2020121614367 HTTP/1.1" 200 953
190.171.143.106 - - [23/Dec/2024:13:20:51 -0300] "GET /cormun/static/trcontratounov2.js?20201216143065 HTTP/1.1" 200 38486
190.171.143.106 - - [23/Dec/2024:13:20:51 -0300] "GET /cormun/static/Resources/PXToolsAddSelectedAction.png HTTP/1.1" 200 523
190.171.143.82 - - [23/Dec/2024:13:20:55 -0300] "POST /cormun/servlet/permisosadjuntos?f4f965b946e6753b51779114154c2067,INS,10051433,P,20241223113741,, HTTP/1.1" 200 116
190.171.143.82 - - [23/Dec/2024:13:20:55 -0300] "GET /cormun/servlet/hpexe_return? HTTP/1.1" 200 1038
190.171.143.82 - - [23/Dec/2024:13:20:55 -0300] "GET /cormun/servlet/trpermisosadjuntos?10051433,20241223113741,P, HTTP/1.1" 200 7134
190.171.143.82 - - [23/Dec/2024:13:20:58 -0300] "POST /cormun/servlet/trpermisosadjuntos?f4f965b946e6753b51779114154c2067,10051433,20241223113741,P,,gx-no-cache=1734970865819 HTTP/1.1" 200 90
190.171.143.82 - - [23/Dec/2024:13:20:58 -0300] "GET /cormun/servlet/hpexe_link HTTP/1.1" 200 1005
190.171.143.82 - - [23/Dec/2024:13:20:58 -0300] "GET /cormun/servlet/trpermisosgoce?gx-no-cache=1734970681788 HTTP/1.1" 200 18431
190.171.143.106 - - [23/Dec/2024:13:21:00 -0300] "GET /cormun/servlet/trlicencias? HTTP/1.1" 200 7262
190.171.149.82 - - [23/Dec/2024:13:21:01 -0300] "POST /cormun/servlet/permisosadjuntos?5a8eefe3230e751345a2f74e133f1b78,INS,16881776,P,20241218111537,, HTTP/1.1" 200 116
190.171.149.82 - - [23/Dec/2024:13:21:01 -0300] "GET /cormun/servlet/hpexe_return? HTTP/1.1" 200 1036
190.171.149.82 - - [23/Dec/2024:13:21:01 -0300] "GET /cormun/servlet/trpermisosadjuntos?16881776,20241218111537,P, HTTP/1.1" 200 6728
190.171.149.82 - - [23/Dec/2024:13:21:03 -0300] "POST /cormun/servlet/trpermisosadjuntos?5a8eefe3230e751345a2f74e133f1b78,16881776,20241218111537,P,,gx-no-cache=1734970870403 HTTP/1.1" 200 90
190.171.149.82 - - [23/Dec/2024:13:21:03 -0300] "GET /cormun/servlet/hpexe_link HTTP/1.1" 200 980
190.171.149.82 - - [23/Dec/2024:13:21:03 -0300] "GET /cormun/servlet/trpermisosgoce HTTP/1.1" 200 13828
190.171.143.106 - - [23/Dec/2024:13:21:04 -0300] "POST /cormun/servlet/trlicencias?0d1f15a296fe391149d25d6f4cdcb522,,gx-no-cache=1734970872310 HTTP/1.1" 200 4462
190.171.143.82 - - [23/Dec/2024:13:21:05 -0300] "POST /cormun/servlet/trpermisosgoce?f4f965b946e6753b51779114154c2067,gx-no-cache=1734970681788,gx-no-cache=1734970872389 HTTP/1.1" 200 15578
190.171.143.106 - - [23/Dec/2024:13:21:07 -0300] "POST /cormun/servlet/trlicencias?0d1f15a296fe391149d25d6f4cdcb522,,gx-no-cache=1734970875484 HTTP/1.1" 200 101
190.171.143.106 - - [23/Dec/2024:13:21:07 -0300] "POST /cormun/servlet/trlicencias?0d1f15a296fe391149d25d6f4cdcb522,,gx-no-cache=1734970875551 HTTP/1.1" 200 4439
190.171.143.106 - - [23/Dec/2024:13:21:08 -0300] "GET /cormun/Licencias-2004.xls HTTP/1.1" 200 4608
20.40.115.24 - - [23/Dec/2024:13:21:08 -0300] "GET /cormun/Licencias-2004.xls HTTP/1.1" 200 4608
190.171.149.82 - - [23/Dec/2024:13:21:11 -0300] "POST /cormun/servlet/trpermisosgoce?5a8eefe3230e751345a2f74e133f1b78,gx-no-cache=1734970877705 HTTP/1.1" 200 11171
190.171.149.82 - - [23/Dec/2024:13:21:11 -0300] "GET /cormun/static/Shared/jqueryui/images/ui-icons_82798d_256x240.png HTTP/1.1" 404 1089
190.171.149.82 - - [23/Dec/2024:13:21:11 -0300] "GET /cormun/static/Shared/jqueryui/images/ui-bg_highlight-soft_100_c6c2c8_1x100.png HTTP/1.1" 404 1117
190.171.149.82 - - [23/Dec/2024:13:21:11 -0300] "GET /cormun/static/Shared/jqueryui/images/ui-bg_flat_55_fafafa_40x100.png HTTP/1.1" 404 1097
190.171.149.82 - - [23/Dec/2024:13:21:11 -0300] "GET /cormun/static/Shared/jqueryui/images/ui-icons_8d78a5_256x240.png HTTP/1.1" 404 1089
190.171.149.82 - - [23/Dec/2024:13:21:12 -0300] "POST /cormun/servlet/trpermisosgoce?5a8eefe3230e751345a2f74e133f1b78,gx-no-cache=1734970879425 HTTP/1.1" 200 11169
190.171.149.82 - - [23/Dec/2024:13:21:14 -0300] "POST /cormun/servlet/trpermisosgoce?5a8eefe3230e751345a2f74e133f1b78,gx-no-cache=1734970881360 HTTP/1.1" 200 11169
190.171.143.106 - - [23/Dec/2024:13:21:16 -0300] "GET /cormun/servlet/trlicencias? HTTP/1.1" 200 7260
190.171.149.82 - - [23/Dec/2024:13:21:17 -0300] "GET /cormun/servlet/trpermisosadjuntos?9069250,20241218111501,P, HTTP/1.1" 200 6257
190.171.149.82 - - [23/Dec/2024:13:21:19 -0300] "GET /cormun/servlet/permisosadjuntos?INS,9069250,P,20241218111501,, HTTP/1.1" 200 5576
190.171.149.82 - - [23/Dec/2024:13:21:20 -0300] "GET /cormun/static/about:blank HTTP/1.1" 404 1011
190.171.143.106 - - [23/Dec/2024:13:21:25 -0300] "GET /cormun/servlet/licenciaspermisos?INS,0,,, HTTP/1.1" 200 7904
190.171.143.106 - - [23/Dec/2024:13:21:25 -0300] "GET /cormun/static/gxcfg.js?202012153173 HTTP/1.1" 200 953
190.171.143.106 - - [23/Dec/2024:13:21:25 -0300] "GET /cormun/static/Resources/prompt.gif HTTP/1.1" 200 902
190.171.143.106 - - [23/Dec/2024:13:21:25 -0300] "GET /cormun/static/licenciaspermisos.js?2020121532136 HTTP/1.1" 200 38753
190.171.143.82 - - [23/Dec/2024:13:21:28 -0300] "GET /cormun/servlet/trpermisosadjuntos?10051433,20241223113828,P, HTTP/1.1" 200 6632
190.171.143.106 - - [23/Dec/2024:13:21:30 -0300] "GET /cormun/servlet/trlicencias? HTTP/1.1" 200 7260
190.171.143.82 - - [23/Dec/2024:13:21:30 -0300] "GET /cormun/servlet/permisosadjuntos?INS,10051433,P,20241223113828,, HTTP/1.1" 200 5936
190.171.149.82 - - [23/Dec/2024:13:21:30 -0300] "POST /cormun/servlet/permisosadjuntos?5a8eefe3230e751345a2f74e133f1b78,INS,9069250,P,20241218111501,, HTTP/1.1" 200 116
190.171.143.82 - - [23/Dec/2024:13:21:30 -0300] "GET /cormun/static/about:blank HTTP/1.1" 404 1011
190.171.149.82 - - [23/Dec/2024:13:21:30 -0300] "GET /cormun/servlet/hpexe_return? HTTP/1.1" 200 1035
190.171.149.82 - - [23/Dec/2024:13:21:30 -0300] "GET /cormun/servlet/trpermisosadjuntos?9069250,20241218111501,P, HTTP/1.1" 200 6739
190.171.149.82 - - [23/Dec/2024:13:21:32 -0300] "POST /cormun/servlet/trpermisosadjuntos?5a8eefe3230e751345a2f74e133f1b78,9069250,20241218111501,P,,gx-no-cache=1734970899024 HTTP/1.1" 200 90
190.171.149.82 - - [23/Dec/2024:13:21:32 -0300] "GET /cormun/servlet/hpexe_link HTTP/1.1" 200 1001
190.171.149.82 - - [23/Dec/2024:13:21:32 -0300] "GET /cormun/servlet/trpermisosgoce?gx-no-cache=1734970881360 HTTP/1.1" 200 13827
190.171.149.82 - - [23/Dec/2024:13:21:37 -0300] "POST /cormun/servlet/trpermisosgoce?5a8eefe3230e751345a2f74e133f1b78,gx-no-cache=1734970881360,gx-no-cache=1734970904003 HTTP/1.1" 200 11166
190.171.143.82 - - [23/Dec/2024:13:21:38 -0300] "POST /cormun/servlet/permisosadjuntos?f4f965b946e6753b51779114154c2067,INS,10051433,P,20241223113828,, HTTP/1.1" 200 116
190.171.143.82 - - [23/Dec/2024:13:21:38 -0300] "GET /cormun/servlet/hpexe_return? HTTP/1.1" 200 1038
190.171.149.82 - - [23/Dec/2024:13:21:39 -0300] "GET /cormun/servlet/trpermisosadjuntos?10568448,20241218111436,P, HTTP/1.1" 200 6278
190.171.143.82 - - [23/Dec/2024:13:21:39 -0300] "GET /cormun/servlet/trpermisosadjuntos?10051433,20241223113828,P, HTTP/1.1" 200 7132
190.171.149.82 - - [23/Dec/2024:13:21:41 -0300] "GET /cormun/servlet/permisosadjuntos?INS,10568448,P,20241218111436,, HTTP/1.1" 200 5578
190.171.149.82 - - [23/Dec/2024:13:21:41 -0300] "GET /cormun/static/about:blank HTTP/1.1" 404 1011
190.171.143.106 - - [23/Dec/2024:13:21:42 -0300] "POST /cormun/servlet/trlicencias?0d1f15a296fe391149d25d6f4cdcb522,,gx-no-cache=1734970909636 HTTP/1.1" 200 4457
190.171.143.106 - - [23/Dec/2024:13:21:44 -0300] "POST /cormun/servlet/trlicencias?0d1f15a296fe391149d25d6f4cdcb522,,gx-no-cache=1734970911868 HTTP/1.1" 200 4455
190.171.143.82 - - [23/Dec/2024:13:21:44 -0300] "POST /cormun/servlet/trpermisosadjuntos?f4f965b946e6753b51779114154c2067,10051433,20241223113828,P,,gx-no-cache=1734970912283 HTTP/1.1" 200 90
190.171.143.82 - - [23/Dec/2024:13:21:44 -0300] "GET /cormun/servlet/hpexe_link HTTP/1.1" 200 1005
190.171.143.82 - - [23/Dec/2024:13:21:45 -0300] "GET /cormun/servlet/trpermisosgoce?gx-no-cache=1734970681788 HTTP/1.1" 200 18443
190.171.149.82 - - [23/Dec/2024:13:21:45 -0300] "POST /cormun/servlet/permisosadjuntos?5a8eefe3230e751345a2f74e133f1b78,INS,10568448,P,20241218111436,,,gx-no-cache=1734970911943 HTTP/1.1" 200 90
190.171.149.82 - - [23/Dec/2024:13:21:45 -0300] "GET /cormun/servlet/hpexe_link HTTP/1.1" 200 990
190.171.149.82 - - [23/Dec/2024:13:21:45 -0300] "GET /cormun/servlet/trpermisosadjuntos?10568448,20241218111436,P, HTTP/1.1" 200 6258
190.171.149.82 - - [23/Dec/2024:13:21:48 -0300] "POST /cormun/servlet/trpermisosadjuntos?5a8eefe3230e751345a2f74e133f1b78,10568448,20241218111436,P,,gx-no-cache=1734970915248 HTTP/1.1" 200 90
190.171.149.82 - - [23/Dec/2024:13:21:48 -0300] "GET /cormun/servlet/hpexe_link HTTP/1.1" 200 1003
190.171.149.82 - - [23/Dec/2024:13:21:48 -0300] "GET /cormun/servlet/trpermisosgoce?gx-no-cache=1734970881360 HTTP/1.1" 200 13824
190.171.143.106 - - [23/Dec/2024:13:21:55 -0300] "POST /cormun/servlet/trlicencias?0d1f15a296fe391149d25d6f4cdcb522,,gx-no-cache=1734970923388 HTTP/1.1" 200 6011
190.171.143.82 - - [23/Dec/2024:13:21:56 -0300] "GET /cormun/servlet/trpermisosadjuntos?15344156,20241223094631,P, HTTP/1.1" 200 6636
190.171.149.82 - - [23/Dec/2024:13:21:56 -0300] "GET /cormun/servlet/trpermisosadjuntos?10568448,20241218111436,P, HTTP/1.1" 200 6278
190.171.149.82 - - [23/Dec/2024:13:21:58 -0300] "GET /cormun/servlet/permisosadjuntos?INS,10568448,P,20241218111436,, HTTP/1.1" 200 5577
190.171.143.82 - - [23/Dec/2024:13:21:58 -0300] "GET /cormun/servlet/permisosadjuntos?INS,15344156,P,20241223094631,, HTTP/1.1" 200 5935
190.171.149.82 - - [23/Dec/2024:13:21:59 -0300] "GET /cormun/static/about:blank HTTP/1.1" 404 1011
190.171.143.82 - - [23/Dec/2024:13:21:59 -0300] "GET /cormun/static/about:blank HTTP/1.1" 404 1011
190.171.149.82 - - [23/Dec/2024:13:22:05 -0300] "POST /cormun/servlet/permisosadjuntos?5a8eefe3230e751345a2f74e133f1b78,INS,10568448,P,20241218111436,, HTTP/1.1" 200 116
190.171.149.82 - - [23/Dec/2024:13:22:05 -0300] "GET /cormun/servlet/hpexe_return? HTTP/1.1" 200 1036
190.171.149.82 - - [23/Dec/2024:13:22:05 -0300] "GET /cormun/servlet/trpermisosadjuntos?10568448,20241218111436,P, HTTP/1.1" 200 6730
190.171.143.82 - - [23/Dec/2024:13:22:06 -0300] "POST /cormun/servlet/permisosadjuntos?f4f965b946e6753b51779114154c2067,INS,15344156,P,20241223094631,, HTTP/1.1" 200 116
190.171.143.82 - - [23/Dec/2024:13:22:06 -0300] "GET /cormun/servlet/hpexe_return? HTTP/1.1" 200 1038
190.171.143.82 - - [23/Dec/2024:13:22:06 -0300] "GET /cormun/servlet/trpermisosadjuntos?15344156,20241223094631,P, HTTP/1.1" 200 7138
190.171.149.82 - - [23/Dec/2024:13:22:06 -0300] "POST /cormun/servlet/trpermisosadjuntos?5a8eefe3230e751345a2f74e133f1b78,10568448,20241218111436,P,,gx-no-cache=1734970933487 HTTP/1.1" 200 90
190.171.149.82 - - [23/Dec/2024:13:22:06 -0300] "GET /cormun/servlet/hpexe_link HTTP/1.1" 200 1003
190.171.149.82 - - [23/Dec/2024:13:22:06 -0300] "GET /cormun/servlet/trpermisosgoce?gx-no-cache=1734970881360 HTTP/1.1" 200 13824
190.171.143.82 - - [23/Dec/2024:13:22:08 -0300] "POST /cormun/servlet/trpermisosadjuntos?f4f965b946e6753b51779114154c2067,15344156,20241223094631,P,,gx-no-cache=1734970936315 HTTP/1.1" 200 90
190.171.143.82 - - [23/Dec/2024:13:22:08 -0300] "GET /cormun/servlet/hpexe_link HTTP/1.1" 200 1006
190.171.143.82 - - [23/Dec/2024:13:22:09 -0300] "GET /cormun/servlet/trpermisosgoce?gx-no-cache=1734970681788 HTTP/1.1" 200 18489
190.171.149.82 - - [23/Dec/2024:13:22:12 -0300] "POST /cormun/servlet/trpermisosgoce?5a8eefe3230e751345a2f74e133f1b78,gx-no-cache=1734970881360,gx-no-cache=1734970938809 HTTP/1.1" 200 11174
190.171.149.82 - - [23/Dec/2024:13:22:14 -0300] "GET /cormun/servlet/trpermisosadjuntos?20661584,20241218111310,P, HTTP/1.1" 200 6278
190.171.143.82 - - [23/Dec/2024:13:22:15 -0300] "POST /cormun/servlet/trpermisosgoce?f4f965b946e6753b51779114154c2067,gx-no-cache=1734970681788,gx-no-cache=1734970942461 HTTP/1.1" 200 15592
190.171.149.82 - - [23/Dec/2024:13:22:16 -0300] "GET /cormun/servlet/permisosadjuntos?INS,20661584,P,20241218111310,, HTTP/1.1" 200 5578
190.171.149.82 - - [23/Dec/2024:13:22:16 -0300] "GET /cormun/static/about:blank HTTP/1.1" 404 1011
190.171.149.82 - - [23/Dec/2024:13:22:24 -0300] "POST /cormun/servlet/permisosadjuntos?5a8eefe3230e751345a2f74e133f1b78,INS,20661584,P,20241218111310,, HTTP/1.1" 200 116
190.171.149.82 - - [23/Dec/2024:13:22:24 -0300] "GET /cormun/servlet/hpexe_return? HTTP/1.1" 200 1035
190.171.149.82 - - [23/Dec/2024:13:22:24 -0300] "GET /cormun/servlet/trpermisosadjuntos?20661584,20241218111310,P, HTTP/1.1" 200 6729
190.171.143.82 - - [23/Dec/2024:13:22:27 -0300] "GET /cormun/servlet/trpermisosadjuntos?8814198,20241220112912,P, HTTP/1.1" 200 6636
190.171.149.82 - - [23/Dec/2024:13:22:27 -0300] "POST /cormun/servlet/trpermisosadjuntos?5a8eefe3230e751345a2f74e133f1b78,20661584,20241218111310,P,,gx-no-cache=1734970953927 HTTP/1.1" 200 90
190.171.149.82 - - [23/Dec/2024:13:22:27 -0300] "GET /cormun/servlet/hpexe_link HTTP/1.1" 200 1001
190.171.149.82 - - [23/Dec/2024:13:22:27 -0300] "GET /cormun/servlet/trpermisosgoce?gx-no-cache=1734970881360 HTTP/1.1" 200 13827
190.171.143.82 - - [23/Dec/2024:13:22:28 -0300] "GET /cormun/servlet/permisosadjuntos?INS,8814198,P,20241220112912,, HTTP/1.1" 200 5942
190.171.143.82 - - [23/Dec/2024:13:22:28 -0300] "GET /cormun/static/about:blank HTTP/1.1" 404 1011
190.171.149.82 - - [23/Dec/2024:13:22:31 -0300] "POST /cormun/servlet/trpermisosgoce?5a8eefe3230e751345a2f74e133f1b78,gx-no-cache=1734970881360,gx-no-cache=1734970958257 HTTP/1.1" 200 11166
190.171.149.82 - - [23/Dec/2024:13:22:33 -0300] "GET /cormun/servlet/trpermisosadjuntos?20026453,20241218111234,P, HTTP/1.1" 200 6273
190.171.143.82 - - [23/Dec/2024:13:22:36 -0300] "POST /cormun/servlet/permisosadjuntos?f4f965b946e6753b51779114154c2067,INS,8814198,P,20241220112912,, HTTP/1.1" 200 116
190.171.143.82 - - [23/Dec/2024:13:22:36 -0300] "GET /cormun/servlet/hpexe_return? HTTP/1.1" 200 1035
190.171.149.82 - - [23/Dec/2024:13:22:36 -0300] "GET /cormun/servlet/permisosadjuntos?INS,20026453,P,20241218111234,, HTTP/1.1" 200 5572
190.171.143.82 - - [23/Dec/2024:13:22:36 -0300] "GET /cormun/servlet/trpermisosadjuntos?8814198,20241220112912,P, HTTP/1.1" 200 7138
190.171.149.82 - - [23/Dec/2024:13:22:36 -0300] "GET /cormun/static/about:blank HTTP/1.1" 404 1011
190.171.143.82 - - [23/Dec/2024:13:22:42 -0300] "POST /cormun/servlet/trpermisosadjuntos?f4f965b946e6753b51779114154c2067,8814198,20241220112912,P,,gx-no-cache=1734970969867 HTTP/1.1" 200 90
190.171.143.82 - - [23/Dec/2024:13:22:42 -0300] "GET /cormun/servlet/hpexe_link HTTP/1.1" 200 1003
190.171.143.82 - - [23/Dec/2024:13:22:42 -0300] "GET /cormun/servlet/trpermisosgoce?gx-no-cache=1734970681788 HTTP/1.1" 200 18461
190.171.149.82 - - [23/Dec/2024:13:22:46 -0300] "POST /cormun/servlet/permisosadjuntos?5a8eefe3230e751345a2f74e133f1b78,INS,20026453,P,20241218111234,, HTTP/1.1" 200 116
190.171.149.82 - - [23/Dec/2024:13:22:46 -0300] "GET /cormun/servlet/hpexe_return? HTTP/1.1" 200 1034
190.171.149.82 - - [23/Dec/2024:13:22:46 -0300] "GET /cormun/servlet/trpermisosadjuntos?20026453,20241218111234,P, HTTP/1.1" 200 6726
190.171.143.82 - - [23/Dec/2024:13:22:48 -0300] "POST /cormun/servlet/trpermisosgoce?f4f965b946e6753b51779114154c2067,gx-no-cache=1734970681788,gx-no-cache=1734970975661 HTTP/1.1" 200 15563
190.171.149.82 - - [23/Dec/2024:13:22:49 -0300] "POST /cormun/servlet/trpermisosadjuntos?5a8eefe3230e751345a2f74e133f1b78,20026453,20241218111234,P,,gx-no-cache=1734970975711 HTTP/1.1" 200 90
190.171.149.82 - - [23/Dec/2024:13:22:49 -0300] "GET /cormun/servlet/hpexe_link HTTP/1.1" 200 1001
190.171.149.82 - - [23/Dec/2024:13:22:49 -0300] "GET /cormun/servlet/trpermisosgoce?gx-no-cache=1734970881360 HTTP/1.1" 200 13822
190.171.143.106 - - [23/Dec/2024:13:22:54 -0300] "POST /cormun/servlet/trlicencias?0d1f15a296fe391149d25d6f4cdcb522,,gx-no-cache=1734970982220 HTTP/1.1" 200 6011
190.171.149.82 - - [23/Dec/2024:13:22:55 -0300] "POST /cormun/servlet/trpermisosgoce?5a8eefe3230e751345a2f74e133f1b78,gx-no-cache=1734970881360,gx-no-cache=1734970981673 HTTP/1.1" 200 11155
190.171.149.82 - - [23/Dec/2024:13:22:56 -0300] "GET /cormun/servlet/trpermisosadjuntos?17523102,20241218111212,P, HTTP/1.1" 200 6269
190.171.143.82 - - [23/Dec/2024:13:22:57 -0300] "GET /cormun/servlet/trpermisosadjuntos?8196608,20241223084040,P, HTTP/1.1" 200 6624
190.171.149.82 - - [23/Dec/2024:13:22:58 -0300] "GET /cormun/servlet/permisosadjuntos?INS,17523102,P,20241218111212,, HTTP/1.1" 200 5564
190.171.149.82 - - [23/Dec/2024:13:22:59 -0300] "GET /cormun/static/about:blank HTTP/1.1" 404 1011
190.171.143.82 - - [23/Dec/2024:13:22:59 -0300] "GET /cormun/servlet/permisosadjuntos?INS,8196608,P,20241223084040,, HTTP/1.1" 200 5927
190.171.143.82 - - [23/Dec/2024:13:22:59 -0300] "GET /cormun/static/about:blank HTTP/1.1" 404 1011
190.171.149.82 - - [23/Dec/2024:13:23:04 -0300] "POST /cormun/servlet/permisosadjuntos?5a8eefe3230e751345a2f74e133f1b78,INS,17523102,P,20241218111212,, HTTP/1.1" 200 116
190.171.149.82 - - [23/Dec/2024:13:23:04 -0300] "GET /cormun/servlet/hpexe_return? HTTP/1.1" 200 1035
190.171.149.82 - - [23/Dec/2024:13:23:04 -0300] "GET /cormun/servlet/trpermisosadjuntos?17523102,20241218111212,P, HTTP/1.1" 200 6722
190.171.149.82 - - [23/Dec/2024:13:23:06 -0300] "POST /cormun/servlet/trpermisosadjuntos?5a8eefe3230e751345a2f74e133f1b78,17523102,20241218111212,P,,gx-no-cache=1734970993048 HTTP/1.1" 200 90
190.171.149.82 - - [23/Dec/2024:13:23:06 -0300] "GET /cormun/servlet/hpexe_link HTTP/1.1" 200 1002
190.171.149.82 - - [23/Dec/2024:13:23:06 -0300] "GET /cormun/servlet/trpermisosgoce?gx-no-cache=1734970881360 HTTP/1.1" 200 13815
190.171.143.82 - - [23/Dec/2024:13:23:08 -0300] "POST /cormun/servlet/permisosadjuntos?f4f965b946e6753b51779114154c2067,INS,8196608,P,20241223084040,, HTTP/1.1" 200 116
190.171.143.82 - - [23/Dec/2024:13:23:08 -0300] "GET /cormun/servlet/hpexe_return? HTTP/1.1" 200 1037
190.171.143.82 - - [23/Dec/2024:13:23:08 -0300] "GET /cormun/servlet/trpermisosadjuntos?8196608,20241223084040,P, HTTP/1.1" 200 7125
190.171.149.82 - - [23/Dec/2024:13:23:11 -0300] "POST /cormun/servlet/trpermisosgoce?5a8eefe3230e751345a2f74e133f1b78,gx-no-cache=1734970881360,gx-no-cache=1734970997529 HTTP/1.1" 200 11155
190.171.143.82 - - [23/Dec/2024:13:23:11 -0300] "POST /cormun/servlet/trpermisosadjuntos?f4f965b946e6753b51779114154c2067,8196608,20241223084040,P,,gx-no-cache=1734970998915 HTTP/1.1" 200 90
190.171.143.82 - - [23/Dec/2024:13:23:11 -0300] "GET /cormun/servlet/hpexe_link HTTP/1.1" 200 1004
190.171.143.82 - - [23/Dec/2024:13:23:11 -0300] "GET /cormun/servlet/trpermisosgoce?gx-no-cache=1734970681788 HTTP/1.1" 200 18475
190.171.149.82 - - [23/Dec/2024:13:23:12 -0300] "GET /cormun/servlet/trpermisosadjuntos?19926585,20241218111115,P, HTTP/1.1" 200 6274
190.171.149.82 - - [23/Dec/2024:13:23:15 -0300] "POST /cormun/servlet/trpermisosadjuntos?5a8eefe3230e751345a2f74e133f1b78,19926585,20241218111115,P,,gx-no-cache=1734971001911 HTTP/1.1" 200 90
190.171.149.82 - - [23/Dec/2024:13:23:15 -0300] "GET /cormun/servlet/hpexe_link HTTP/1.1" 200 1002
190.171.143.82 - - [23/Dec/2024:13:23:15 -0300] "POST /cormun/servlet/trpermisosgoce?f4f965b946e6753b51779114154c2067,gx-no-cache=1734970681788,gx-no-cache=1734971002429 HTTP/1.1" 200 15564
190.171.149.82 - - [23/Dec/2024:13:23:15 -0300] "GET /cormun/servlet/trpermisosgoce?gx-no-cache=1734970881360 HTTP/1.1" 200 13817
190.171.149.82 - - [23/Dec/2024:13:23:22 -0300] "GET /cormun/servlet/trpermisosadjuntos?19926585,20241218111115,P, HTTP/1.1" 200 6274
190.171.149.82 - - [23/Dec/2024:13:23:24 -0300] "GET /cormun/servlet/permisosadjuntos?INS,19926585,P,20241218111115,, HTTP/1.1" 200 5570
190.171.143.82 - - [23/Dec/2024:13:23:24 -0300] "GET /cormun/servlet/trpermisosadjuntos?6606565,20241220113134,P, HTTP/1.1" 200 6620
190.171.149.82 - - [23/Dec/2024:13:23:24 -0300] "GET /cormun/static/about:blank HTTP/1.1" 404 1011
190.171.143.82 - - [23/Dec/2024:13:23:26 -0300] "GET /cormun/servlet/permisosadjuntos?INS,6606565,P,20241220113134,, HTTP/1.1" 200 5924
190.171.143.82 - - [23/Dec/2024:13:23:26 -0300] "GET /cormun/static/about:blank HTTP/1.1" 404 1011
190.171.149.82 - - [23/Dec/2024:13:23:34 -0300] "POST /cormun/servlet/permisosadjuntos?5a8eefe3230e751345a2f74e133f1b78,INS,19926585,P,20241218111115,, HTTP/1.1" 200 116
190.171.149.82 - - [23/Dec/2024:13:23:34 -0300] "GET /cormun/servlet/hpexe_return? HTTP/1.1" 200 1034
190.171.143.82 - - [23/Dec/2024:13:23:34 -0300] "POST /cormun/servlet/permisosadjuntos?f4f965b946e6753b51779114154c2067,INS,6606565,P,20241220113134,, HTTP/1.1" 200 116
190.171.149.82 - - [23/Dec/2024:13:23:34 -0300] "GET /cormun/servlet/trpermisosadjuntos?19926585,20241218111115,P, HTTP/1.1" 200 6728
190.171.143.82 - - [23/Dec/2024:13:23:34 -0300] "GET /cormun/servlet/hpexe_return? HTTP/1.1" 200 1037
190.171.143.82 - - [23/Dec/2024:13:23:34 -0300] "GET /cormun/servlet/trpermisosadjuntos?6606565,20241220113134,P, HTTP/1.1" 200 7113
190.171.149.82 - - [23/Dec/2024:13:23:36 -0300] "POST /cormun/servlet/trpermisosadjuntos?5a8eefe3230e751345a2f74e133f1b78,19926585,20241218111115,P,,gx-no-cache=1734971023032 HTTP/1.1" 200 90
190.171.149.82 - - [23/Dec/2024:13:23:36 -0300] "GET /cormun/servlet/hpexe_link HTTP/1.1" 200 1002
190.171.149.82 - - [23/Dec/2024:13:23:36 -0300] "GET /cormun/servlet/trpermisosgoce?gx-no-cache=1734970881360 HTTP/1.1" 200 13817
190.171.143.82 - - [23/Dec/2024:13:23:36 -0300] "POST /cormun/servlet/trpermisosadjuntos?f4f965b946e6753b51779114154c2067,6606565,20241220113134,P,,gx-no-cache=1734971024091 HTTP/1.1" 200 90
190.171.143.82 - - [23/Dec/2024:13:23:36 -0300] "GET /cormun/servlet/hpexe_link HTTP/1.1" 200 1005
190.171.143.82 - - [23/Dec/2024:13:23:36 -0300] "GET /cormun/servlet/trpermisosgoce?gx-no-cache=1734970681788 HTTP/1.1" 200 18435
190.171.149.82 - - [23/Dec/2024:13:23:40 -0300] "POST /cormun/servlet/trpermisosgoce?5a8eefe3230e751345a2f74e133f1b78,gx-no-cache=1734970881360,gx-no-cache=1734971026633 HTTP/1.1" 200 11144
190.171.149.82 - - [23/Dec/2024:13:23:41 -0300] "GET /cormun/servlet/trpermisosadjuntos?13718051,20241218111030,P, HTTP/1.1" 200 6279
190.171.149.82 - - [23/Dec/2024:13:23:43 -0300] "GET /cormun/servlet/permisosadjuntos?INS,13718051,P,20241218111030,, HTTP/1.1" 200 5577
190.171.149.82 - - [23/Dec/2024:13:23:43 -0300] "GET /cormun/static/about:blank HTTP/1.1" 404 1011
190.171.143.82 - - [23/Dec/2024:13:23:44 -0300] "POST /cormun/servlet/trpermisosgoce?f4f965b946e6753b51779114154c2067,gx-no-cache=1734970681788,gx-no-cache=1734971031989 HTTP/1.1" 200 15553
190.171.143.106 - - [23/Dec/2024:13:23:51 -0300] "POST /cormun/servlet/trlicencias?0d1f15a296fe391149d25d6f4cdcb522,,gx-no-cache=1734971038820 HTTP/1.1" 200 5702
190.171.149.82 - - [23/Dec/2024:13:23:55 -0300] "POST /cormun/servlet/permisosadjuntos?5a8eefe3230e751345a2f74e133f1b78,INS,13718051,P,20241218111030,, HTTP/1.1" 200 116
190.171.149.82 - - [23/Dec/2024:13:23:55 -0300] "GET /cormun/servlet/hpexe_return? HTTP/1.1" 200 1036
190.171.149.82 - - [23/Dec/2024:13:23:55 -0300] "GET /cormun/servlet/trpermisosadjuntos?13718051,20241218111030,P, HTTP/1.1" 200 6730
190.171.149.82 - - [23/Dec/2024:13:23:58 -0300] "POST /cormun/servlet/trpermisosadjuntos?5a8eefe3230e751345a2f74e133f1b78,13718051,20241218111030,P,,gx-no-cache=1734971045400 HTTP/1.1" 200 90
190.171.149.82 - - [23/Dec/2024:13:23:58 -0300] "GET /cormun/servlet/hpexe_link HTTP/1.1" 200 1003
190.171.149.82 - - [23/Dec/2024:13:23:58 -0300] "GET /cormun/servlet/trpermisosgoce?gx-no-cache=1734970881360 HTTP/1.1" 200 13803
190.171.149.82 - - [23/Dec/2024:13:24:02 -0300] "POST /cormun/servlet/trpermisosgoce?5a8eefe3230e751345a2f74e133f1b78,gx-no-cache=1734970881360,gx-no-cache=1734971048593 HTTP/1.1" 200 11125
190.171.149.82 - - [23/Dec/2024:13:24:06 -0300] "GET /cormun/servlet/trpermisosadjuntos?19926583,20241218110811,P, HTTP/1.1" 200 6271
190.171.149.82 - - [23/Dec/2024:13:24:08 -0300] "GET /cormun/servlet/permisosadjuntos?INS,19926583,P,20241218110811,, HTTP/1.1" 200 5571
190.171.149.82 - - [23/Dec/2024:13:24:08 -0300] "GET /cormun/static/about:blank HTTP/1.1" 404 1011
190.171.143.82 - - [23/Dec/2024:13:24:08 -0300] "GET /cormun/servlet/trpermisosadjuntos?16528432,20241219140949,P, HTTP/1.1" 200 6626
190.171.143.82 - - [23/Dec/2024:13:24:10 -0300] "GET /cormun/servlet/permisosadjuntos?INS,16528432,P,20241219140949,, HTTP/1.1" 200 5928
190.171.143.82 - - [23/Dec/2024:13:24:10 -0300] "GET /cormun/static/about:blank HTTP/1.1" 404 1011
190.171.143.82 - - [23/Dec/2024:13:24:16 -0300] "POST /cormun/servlet/permisosadjuntos?f4f965b946e6753b51779114154c2067,INS,16528432,P,20241219140949,, HTTP/1.1" 200 116
190.171.143.82 - - [23/Dec/2024:13:24:16 -0300] "GET /cormun/servlet/hpexe_return? HTTP/1.1" 200 1038
190.171.143.82 - - [23/Dec/2024:13:24:17 -0300] "GET /cormun/servlet/trpermisosadjuntos?16528432,20241219140949,P, HTTP/1.1" 200 7126
190.171.149.82 - - [23/Dec/2024:13:24:17 -0300] "POST /cormun/servlet/permisosadjuntos?5a8eefe3230e751345a2f74e133f1b78,INS,19926583,P,20241218110811,, HTTP/1.1" 200 116
190.171.149.82 - - [23/Dec/2024:13:24:17 -0300] "GET /cormun/servlet/hpexe_return? HTTP/1.1" 200 1034
190.171.149.82 - - [23/Dec/2024:13:24:17 -0300] "GET /cormun/servlet/trpermisosadjuntos?19926583,20241218110811,P, HTTP/1.1" 200 6725
190.171.149.82 - - [23/Dec/2024:13:24:19 -0300] "POST /cormun/servlet/trpermisosadjuntos?5a8eefe3230e751345a2f74e133f1b78,19926583,20241218110811,P,,gx-no-cache=1734971066175 HTTP/1.1" 200 90
190.171.149.82 - - [23/Dec/2024:13:24:19 -0300] "GET /cormun/servlet/hpexe_link HTTP/1.1" 200 1001
190.171.149.82 - - [23/Dec/2024:13:24:19 -0300] "GET /cormun/servlet/trpermisosgoce?gx-no-cache=1734970881360 HTTP/1.1" 200 13793
190.171.143.82 - - [23/Dec/2024:13:24:19 -0300] "POST /cormun/servlet/trpermisosadjuntos?f4f965b946e6753b51779114154c2067,16528432,20241219140949,P,,gx-no-cache=1734971067347 HTTP/1.1" 200 90
190.171.143.82 - - [23/Dec/2024:13:24:19 -0300] "GET /cormun/servlet/hpexe_link HTTP/1.1" 200 1006
190.171.143.82 - - [23/Dec/2024:13:24:20 -0300] "GET /cormun/servlet/trpermisosgoce?gx-no-cache=1734970681788 HTTP/1.1" 200 18426
190.171.149.82 - - [23/Dec/2024:13:24:22 -0300] "POST /cormun/servlet/trpermisosgoce?5a8eefe3230e751345a2f74e133f1b78,gx-no-cache=1734970881360,gx-no-cache=1734971069080 HTTP/1.1" 200 11123
190.171.149.82 - - [23/Dec/2024:13:24:23 -0300] "GET /cormun/servlet/trpermisosadjuntos?19860909,20241218110732,P, HTTP/1.1" 200 6283
190.171.149.82 - - [23/Dec/2024:13:24:25 -0300] "GET /cormun/servlet/permisosadjuntos?INS,19860909,P,20241218110732,, HTTP/1.1" 200 5580
190.171.149.82 - - [23/Dec/2024:13:24:25 -0300] "GET /cormun/static/about:blank HTTP/1.1" 404 1011
190.171.143.106 - - [23/Dec/2024:13:24:27 -0300] "POST /cormun/servlet/trlicencias?0d1f15a296fe391149d25d6f4cdcb522,,gx-no-cache=1734971075108 HTTP/1.1" 200 6709
190.171.143.82 - - [23/Dec/2024:13:24:28 -0300] "POST /cormun/servlet/trpermisosgoce?f4f965b946e6753b51779114154c2067,gx-no-cache=1734970681788,gx-no-cache=1734971075157 HTTP/1.1" 200 15544
190.171.149.82 - - [23/Dec/2024:13:24:34 -0300] "POST /cormun/servlet/permisosadjuntos?5a8eefe3230e751345a2f74e133f1b78,INS,19860909,P,20241218110732,, HTTP/1.1" 200 116
190.171.149.82 - - [23/Dec/2024:13:24:34 -0300] "GET /cormun/servlet/hpexe_return? HTTP/1.1" 200 1036
190.171.149.82 - - [23/Dec/2024:13:24:34 -0300] "GET /cormun/servlet/trpermisosadjuntos?19860909,20241218110732,P, HTTP/1.1" 200 6738
190.171.149.82 - - [23/Dec/2024:13:24:36 -0300] "POST /cormun/servlet/trpermisosadjuntos?5a8eefe3230e751345a2f74e133f1b78,19860909,20241218110732,P,,gx-no-cache=1734971083087 HTTP/1.1" 200 90
190.171.149.82 - - [23/Dec/2024:13:24:36 -0300] "GET /cormun/servlet/hpexe_link HTTP/1.1" 200 1003
190.171.149.82 - - [23/Dec/2024:13:24:36 -0300] "GET /cormun/servlet/trpermisosgoce?gx-no-cache=1734970881360 HTTP/1.1" 200 13789
190.171.149.82 - - [23/Dec/2024:13:24:39 -0300] "POST /cormun/servlet/trpermisosgoce?5a8eefe3230e751345a2f74e133f1b78,gx-no-cache=1734970881360,gx-no-cache=1734971085568 HTTP/1.1" 200 11112
190.171.143.82 - - [23/Dec/2024:13:24:39 -0300] "GET /cormun/servlet/trpermisosadjuntos?17991546,20241219153951,P, HTTP/1.1" 200 6629
190.171.149.82 - - [23/Dec/2024:13:24:40 -0300] "GET /cormun/servlet/trpermisosadjuntos?17295959,20241218110608,P, HTTP/1.1" 200 6274
190.171.143.82 - - [23/Dec/2024:13:24:40 -0300] "GET /cormun/servlet/permisosadjuntos?INS,17991546,P,20241219153951,, HTTP/1.1" 200 5933
190.171.143.82 - - [23/Dec/2024:13:24:40 -0300] "GET /cormun/static/about:blank HTTP/1.1" 404 1011
190.171.149.82 - - [23/Dec/2024:13:24:42 -0300] "GET /cormun/servlet/permisosadjuntos?INS,17295959,P,20241218110608,, HTTP/1.1" 200 5571
190.171.149.82 - - [23/Dec/2024:13:24:42 -0300] "GET /cormun/static/about:blank HTTP/1.1" 404 1011
190.171.149.82 - - [23/Dec/2024:13:24:53 -0300] "POST /cormun/servlet/permisosadjuntos?5a8eefe3230e751345a2f74e133f1b78,INS,17295959,P,20241218110608,, HTTP/1.1" 200 116
190.171.149.82 - - [23/Dec/2024:13:24:53 -0300] "GET /cormun/servlet/hpexe_return? HTTP/1.1" 200 1034
190.171.149.82 - - [23/Dec/2024:13:24:53 -0300] "GET /cormun/servlet/trpermisosadjuntos?17295959,20241218110608,P, HTTP/1.1" 200 6738
190.171.143.82 - - [23/Dec/2024:13:24:53 -0300] "POST /cormun/servlet/permisosadjuntos?f4f965b946e6753b51779114154c2067,INS,17991546,P,20241219153951,, HTTP/1.1" 200 116
190.171.143.82 - - [23/Dec/2024:13:24:53 -0300] "GET /cormun/servlet/hpexe_return? HTTP/1.1" 200 1037
190.171.143.82 - - [23/Dec/2024:13:24:53 -0300] "GET /cormun/servlet/trpermisosadjuntos?17991546,20241219153951,P, HTTP/1.1" 200 7130
190.171.149.82 - - [23/Dec/2024:13:24:55 -0300] "POST /cormun/servlet/trpermisosadjuntos?5a8eefe3230e751345a2f74e133f1b78,17295959,20241218110608,P,,gx-no-cache=1734971102199 HTTP/1.1" 200 90
190.171.149.82 - - [23/Dec/2024:13:24:55 -0300] "GET /cormun/servlet/hpexe_link HTTP/1.1" 200 1002
190.171.143.82 - - [23/Dec/2024:13:24:55 -0300] "POST /cormun/servlet/trpermisosadjuntos?f4f965b946e6753b51779114154c2067,17991546,20241219153951,P,,gx-no-cache=1734971102923 HTTP/1.1" 200 90
190.171.143.82 - - [23/Dec/2024:13:24:55 -0300] "GET /cormun/servlet/hpexe_link HTTP/1.1" 200 1005
190.171.149.82 - - [23/Dec/2024:13:24:55 -0300] "GET /cormun/servlet/trpermisosgoce?gx-no-cache=1734970881360 HTTP/1.1" 200 13784
190.171.143.82 - - [23/Dec/2024:13:24:55 -0300] "GET /cormun/servlet/trpermisosgoce?gx-no-cache=1734970681788 HTTP/1.1" 200 18419
190.171.149.82 - - [23/Dec/2024:13:24:58 -0300] "POST /cormun/servlet/trpermisosgoce?5a8eefe3230e751345a2f74e133f1b78,gx-no-cache=1734970881360,gx-no-cache=1734971105274 HTTP/1.1" 200 11045
190.171.149.82 - - [23/Dec/2024:13:25:03 -0300] "GET /cormun/static/Shared/jqueryui/images/ui-bg_highlight-soft_100_eae6ea_1x100.png HTTP/1.1" 404 1117
190.171.143.82 - - [23/Dec/2024:13:25:04 -0300] "POST /cormun/servlet/trpermisosgoce?f4f965b946e6753b51779114154c2067,gx-no-cache=1734970681788,gx-no-cache=1734971111661 HTTP/1.1" 200 15541
190.171.143.82 - - [23/Dec/2024:13:25:06 -0300] "GET /cormun/servlet/trpermisosadjuntos?17991546,20241219154053,P, HTTP/1.1" 200 6629
190.171.149.82 - - [23/Dec/2024:13:25:13 -0300] "GET /cormun/servlet/hlogin HTTP/1.1" 200 1760
190.171.143.82 - - [23/Dec/2024:13:25:14 -0300] "GET /cormun/servlet/permisosadjuntos?INS,17991546,P,20241219154053,, HTTP/1.1" 200 5932
190.171.143.82 - - [23/Dec/2024:13:25:14 -0300] "GET /cormun/static/about:blank HTTP/1.1" 404 1011
190.171.149.82 - - [23/Dec/2024:13:25:16 -0300] "POST /cormun/servlet/hlogin?5a8eefe3230e751345a2f74e133f1b78,gx-no-cache=1734971123333 HTTP/1.1" 200 90
190.171.149.82 - - [23/Dec/2024:13:25:16 -0300] "GET /cormun/servlet/hpexe_link HTTP/1.1" 200 949
190.171.149.82 - - [23/Dec/2024:13:25:16 -0300] "GET /cormun/servlet/hhome HTTP/1.1" 200 4289
190.171.143.106 - - [23/Dec/2024:13:25:22 -0300] "POST /cormun/servlet/trlicencias?0d1f15a296fe391149d25d6f4cdcb522,,gx-no-cache=1734971129676 HTTP/1.1" 200 6228
190.171.143.82 - - [23/Dec/2024:13:25:24 -0300] "POST /cormun/servlet/permisosadjuntos?f4f965b946e6753b51779114154c2067,INS,17991546,P,20241219154053,, HTTP/1.1" 200 116
190.171.143.82 - - [23/Dec/2024:13:25:24 -0300] "GET /cormun/servlet/hpexe_return? HTTP/1.1" 200 1036
190.171.143.82 - - [23/Dec/2024:13:25:24 -0300] "GET /cormun/servlet/trpermisosadjuntos?17991546,20241219154053,P, HTTP/1.1" 200 7129
190.171.149.82 - - [23/Dec/2024:13:25:25 -0300] "GET /cormun/servlet/trautorizarpermisogoce? HTTP/1.1" 200 10908
190.171.143.82 - - [23/Dec/2024:13:25:26 -0300] "POST /cormun/servlet/trpermisosadjuntos?f4f965b946e6753b51779114154c2067,17991546,20241219154053,P,,gx-no-cache=1734971134267 HTTP/1.1" 200 90
190.171.143.82 - - [23/Dec/2024:13:25:26 -0300] "GET /cormun/servlet/hpexe_link HTTP/1.1" 200 1004
190.171.143.82 - - [23/Dec/2024:13:25:27 -0300] "GET /cormun/servlet/trpermisosgoce?gx-no-cache=1734970681788 HTTP/1.1" 200 18415
190.171.149.82 - - [23/Dec/2024:13:25:29 -0300] "POST /cormun/servlet/trautorizarpermisogoce?5a8eefe3230e751345a2f74e133f1b78,,gx-no-cache=1734971135568 HTTP/1.1" 200 8017
190.171.149.82 - - [23/Dec/2024:13:25:30 -0300] "POST /cormun/servlet/trautorizarpermisogoce?5a8eefe3230e751345a2f74e133f1b78,,gx-no-cache=1734971136679 HTTP/1.1" 200 7834
190.171.149.82 - - [23/Dec/2024:13:25:31 -0300] "POST /cormun/servlet/trautorizarpermisogoce?5a8eefe3230e751345a2f74e133f1b78,,gx-no-cache=1734971137967 HTTP/1.1" 200 7457
190.171.149.82 - - [23/Dec/2024:13:25:32 -0300] "POST /cormun/servlet/trautorizarpermisogoce?5a8eefe3230e751345a2f74e133f1b78,,gx-no-cache=1734971138966 HTTP/1.1" 200 7231
190.171.149.82 - - [23/Dec/2024:13:25:33 -0300] "POST /cormun/servlet/trautorizarpermisogoce?5a8eefe3230e751345a2f74e133f1b78,,gx-no-cache=1734971139958 HTTP/1.1" 200 6969
190.171.149.82 - - [23/Dec/2024:13:25:34 -0300] "POST /cormun/servlet/trautorizarpermisogoce?5a8eefe3230e751345a2f74e133f1b78,,gx-no-cache=1734971140958 HTTP/1.1" 200 6747
190.171.149.82 - - [23/Dec/2024:13:25:35 -0300] "POST /cormun/servlet/trautorizarpermisogoce?5a8eefe3230e751345a2f74e133f1b78,,gx-no-cache=1734971141966 HTTP/1.1" 200 6408
190.171.149.82 - - [23/Dec/2024:13:25:36 -0300] "POST /cormun/servlet/trautorizarpermisogoce?5a8eefe3230e751345a2f74e133f1b78,,gx-no-cache=1734971143126 HTTP/1.1" 200 6183
190.171.149.82 - - [23/Dec/2024:13:25:37 -0300] "POST /cormun/servlet/trautorizarpermisogoce?5a8eefe3230e751345a2f74e133f1b78,,gx-no-cache=1734971144030 HTTP/1.1" 200 5967
190.171.149.82 - - [23/Dec/2024:13:25:38 -0300] "POST /cormun/servlet/trautorizarpermisogoce?5a8eefe3230e751345a2f74e133f1b78,,gx-no-cache=1734971144878 HTTP/1.1" 200 5758
190.171.149.82 - - [23/Dec/2024:13:25:39 -0300] "POST /cormun/servlet/trautorizarpermisogoce?5a8eefe3230e751345a2f74e133f1b78,,gx-no-cache=1734971145782 HTTP/1.1" 200 5539
190.171.143.82 - - [23/Dec/2024:13:25:39 -0300] "GET /cormun/servlet/trpermisosadjuntos?13944665,20241219095353,P, HTTP/1.1" 200 6630
190.171.143.82 - - [23/Dec/2024:13:25:41 -0300] "GET /cormun/servlet/permisosadjuntos?INS,13944665,P,20241219095353,, HTTP/1.1" 200 5936
190.171.143.82 - - [23/Dec/2024:13:25:41 -0300] "GET /cormun/static/about:blank HTTP/1.1" 404 1011
190.171.149.82 - - [23/Dec/2024:13:25:42 -0300] "POST /cormun/servlet/trautorizarpermisogoce?5a8eefe3230e751345a2f74e133f1b78,,gx-no-cache=1734971149174 HTTP/1.1" 200 5273
190.171.149.82 - - [23/Dec/2024:13:25:43 -0300] "POST /cormun/servlet/trautorizarpermisogoce?5a8eefe3230e751345a2f74e133f1b78,,gx-no-cache=1734971150254 HTTP/1.1" 200 4516
190.171.143.82 - - [23/Dec/2024:13:25:47 -0300] "POST /cormun/servlet/permisosadjuntos?f4f965b946e6753b51779114154c2067,INS,13944665,P,20241219095353,, HTTP/1.1" 200 116
190.171.143.82 - - [23/Dec/2024:13:25:47 -0300] "GET /cormun/servlet/hpexe_return? HTTP/1.1" 200 1038
190.171.143.82 - - [23/Dec/2024:13:25:47 -0300] "GET /cormun/servlet/trpermisosadjuntos?13944665,20241219095353,P, HTTP/1.1" 200 6979
190.171.143.82 - - [23/Dec/2024:13:25:56 -0300] "GET /cormun/servlet/permisosadjuntos?DLT,13944665,P,20241219095353,20241223132552, HTTP/1.1" 200 5887
190.171.143.82 - - [23/Dec/2024:13:25:56 -0300] "GET /cormun/static/about:blank HTTP/1.1" 404 1011
190.171.143.106 - - [23/Dec/2024:13:26:04 -0300] "POST /cormun/servlet/trlicencias?0d1f15a296fe391149d25d6f4cdcb522,,gx-no-cache=1734971172028 HTTP/1.1" 200 6209
190.171.143.106 - - [23/Dec/2024:13:26:33 -0300] "POST /cormun/servlet/trlicencias?0d1f15a296fe391149d25d6f4cdcb522,,gx-no-cache=1734971200756 HTTP/1.1" 200 5674
190.171.143.106 - - [23/Dec/2024:13:26:52 -0300] "POST /cormun/servlet/trlicencias?0d1f15a296fe391149d25d6f4cdcb522,,gx-no-cache=1734971220373 HTTP/1.1" 200 4454
190.171.143.82 - - [23/Dec/2024:13:27:14 -0300] "POST /cormun/servlet/permisosadjuntos?f4f965b946e6753b51779114154c2067,DLT,13944665,P,20241219095353,20241223132552,,gx-no-cache=1734971241658 HTTP/1.1" 200 93
190.171.143.82 - - [23/Dec/2024:13:27:14 -0300] "GET /cormun/servlet/hpexe_return? HTTP/1.1" 200 1046
190.171.143.82 - - [23/Dec/2024:13:27:14 -0300] "GET /cormun/servlet/trpermisosadjuntos?13944665,20241219095353,P, HTTP/1.1" 200 6611
190.171.143.82 - - [23/Dec/2024:13:27:16 -0300] "GET /cormun/servlet/permisosadjuntos?INS,13944665,P,20241219095353,, HTTP/1.1" 200 5934
190.171.143.82 - - [23/Dec/2024:13:27:16 -0300] "GET /cormun/static/about:blank HTTP/1.1" 404 1011
190.171.143.82 - - [23/Dec/2024:13:27:24 -0300] "POST /cormun/servlet/permisosadjuntos?f4f965b946e6753b51779114154c2067,INS,13944665,P,20241219095353,, HTTP/1.1" 200 116
190.171.143.82 - - [23/Dec/2024:13:27:24 -0300] "GET /cormun/servlet/hpexe_return? HTTP/1.1" 200 1038
190.171.143.82 - - [23/Dec/2024:13:27:24 -0300] "GET /cormun/servlet/trpermisosadjuntos?13944665,20241219095353,P, HTTP/1.1" 200 7134
190.171.143.82 - - [23/Dec/2024:13:27:27 -0300] "POST /cormun/servlet/trpermisosadjuntos?f4f965b946e6753b51779114154c2067,13944665,20241219095353,P,,gx-no-cache=1734971255082 HTTP/1.1" 200 90
190.171.143.82 - - [23/Dec/2024:13:27:27 -0300] "GET /cormun/servlet/hpexe_link HTTP/1.1" 200 1006
190.171.143.82 - - [23/Dec/2024:13:27:27 -0300] "GET /cormun/servlet/trpermisosgoce?gx-no-cache=1734970681788 HTTP/1.1" 200 18406
190.171.143.82 - - [23/Dec/2024:13:27:36 -0300] "POST /cormun/servlet/trpermisosgoce?f4f965b946e6753b51779114154c2067,gx-no-cache=1734970681788,gx-no-cache=1734971263166 HTTP/1.1" 200 15515
190.171.143.82 - - [23/Dec/2024:13:27:42 -0300] "GET /cormun/servlet/trautorizarpermisogoce? HTTP/1.1" 200 10926
190.171.143.106 - - [23/Dec/2024:13:27:43 -0300] "POST /cormun/servlet/trlicencias?0d1f15a296fe391149d25d6f4cdcb522,,gx-no-cache=1734971271012 HTTP/1.1" 200 5983
190.171.143.82 - - [23/Dec/2024:13:27:47 -0300] "POST /cormun/servlet/trautorizarpermisogoce?f4f965b946e6753b51779114154c2067,,gx-no-cache=1734971274388 HTTP/1.1" 200 7875
190.171.143.82 - - [23/Dec/2024:13:27:47 -0300] "POST /cormun/servlet/trautorizarpermisogoce?f4f965b946e6753b51779114154c2067,,gx-no-cache=1734971275153 HTTP/1.1" 200 7538
190.171.143.82 - - [23/Dec/2024:13:27:48 -0300] "POST /cormun/servlet/trautorizarpermisogoce?f4f965b946e6753b51779114154c2067,,gx-no-cache=1734971275985 HTTP/1.1" 200 7300
190.171.143.82 - - [23/Dec/2024:13:27:49 -0300] "POST /cormun/servlet/trautorizarpermisogoce?f4f965b946e6753b51779114154c2067,,gx-no-cache=1734971276705 HTTP/1.1" 200 7027
190.171.143.82 - - [23/Dec/2024:13:27:50 -0300] "POST /cormun/servlet/trautorizarpermisogoce?f4f965b946e6753b51779114154c2067,,gx-no-cache=1734971277328 HTTP/1.1" 200 6791
190.171.143.82 - - [23/Dec/2024:13:27:50 -0300] "POST /cormun/servlet/trautorizarpermisogoce?f4f965b946e6753b51779114154c2067,,gx-no-cache=1734971277896 HTTP/1.1" 200 6597
190.171.143.82 - - [23/Dec/2024:13:27:51 -0300] "POST /cormun/servlet/trautorizarpermisogoce?f4f965b946e6753b51779114154c2067,,gx-no-cache=1734971278458 HTTP/1.1" 200 6379
190.171.143.82 - - [23/Dec/2024:13:27:51 -0300] "POST /cormun/servlet/trautorizarpermisogoce?f4f965b946e6753b51779114154c2067,,gx-no-cache=1734971279008 HTTP/1.1" 200 6166
190.171.143.82 - - [23/Dec/2024:13:27:52 -0300] "POST /cormun/servlet/trautorizarpermisogoce?f4f965b946e6753b51779114154c2067,,gx-no-cache=1734971279553 HTTP/1.1" 200 5775
190.171.143.82 - - [23/Dec/2024:13:27:53 -0300] "POST /cormun/servlet/trautorizarpermisogoce?f4f965b946e6753b51779114154c2067,,gx-no-cache=1734971280241 HTTP/1.1" 200 5561
190.171.143.82 - - [23/Dec/2024:13:27:53 -0300] "POST /cormun/servlet/trautorizarpermisogoce?f4f965b946e6753b51779114154c2067,,gx-no-cache=1734971280712 HTTP/1.1" 200 5283
190.171.143.82 - - [23/Dec/2024:13:27:54 -0300] "POST /cormun/servlet/trautorizarpermisogoce?f4f965b946e6753b51779114154c2067,,gx-no-cache=1734971281344 HTTP/1.1" 200 4531
190.171.143.82 - - [23/Dec/2024:13:28:55 -0300] "GET /cormun/servlet/trpermisosgoce? HTTP/1.1" 200 18382
190.171.141.82 - - [23/Dec/2024:13:29:25 -0300] "GET /cormun/servlet/hlogin HTTP/1.1" 200 1719
190.171.141.82 - - [23/Dec/2024:13:29:25 -0300] "GET /cormun/servlet/hlogin HTTP/1.1" 200 1729
190.171.141.82 - - [23/Dec/2024:13:29:29 -0300] "POST /cormun/servlet/hlogin?b66b5958aeaf421ec2a5b10ee5bc4741,gx-no-cache=1734971372918 HTTP/1.1" 200 90
190.171.141.82 - - [23/Dec/2024:13:29:29 -0300] "GET /cormun/servlet/hpexe_link HTTP/1.1" 200 951
190.171.141.82 - - [23/Dec/2024:13:29:29 -0300] "GET /cormun/servlet/hhome HTTP/1.1" 200 4337
190.171.141.82 - - [23/Dec/2024:13:29:32 -0300] "GET /cormun/servlet/trlicencias? HTTP/1.1" 200 13811
190.171.143.106 - - [23/Dec/2024:13:30:40 -0300] "POST /cormun/servlet/trlicencias?0d1f15a296fe391149d25d6f4cdcb522,,gx-no-cache=1734971447564 HTTP/1.1" 200 4460
190.171.143.106 - - [23/Dec/2024:13:30:57 -0300] "POST /cormun/servlet/trlicencias?0d1f15a296fe391149d25d6f4cdcb522,,gx-no-cache=1734971464708 HTTP/1.1" 200 4457
190.171.143.106 - - [23/Dec/2024:13:31:19 -0300] "POST /cormun/servlet/trlicencias?0d1f15a296fe391149d25d6f4cdcb522,,gx-no-cache=1734971487444 HTTP/1.1" 200 4457
190.171.143.106 - - [23/Dec/2024:13:31:37 -0300] "POST /cormun/servlet/trlicencias?0d1f15a296fe391149d25d6f4cdcb522,,gx-no-cache=1734971505252 HTTP/1.1" 200 4460
190.171.143.82 - - [23/Dec/2024:13:32:24 -0300] "GET /cormun/servlet/permisogoce?INS,0,,, HTTP/1.1" 200 7182
190.171.143.106 - - [23/Dec/2024:13:32:40 -0300] "POST /cormun/servlet/trlicencias?0d1f15a296fe391149d25d6f4cdcb522,,gx-no-cache=1734971567932 HTTP/1.1" 200 4463
190.171.143.106 - - [23/Dec/2024:13:32:56 -0300] "POST /cormun/servlet/trlicencias?0d1f15a296fe391149d25d6f4cdcb522,,gx-no-cache=1734971583988 HTTP/1.1" 200 5695
190.171.143.82 - - [23/Dec/2024:13:33:12 -0300] "GET /cormun/servlet/permisogoce?fa9e61ba5dfd2dd7125aeeda0bfc405d2eacf54c2144088d2481138a748aa314ef0bd4337109f98494e3a2901753d2562aa1a3fc6c5e3f1345cfe402b4d92568,gx-no-cache=1734971600283 HTTP/1.1" 200 81
190.171.143.106 - - [23/Dec/2024:13:33:50 -0300] "POST /cormun/servlet/trlicencias?0d1f15a296fe391149d25d6f4cdcb522,,gx-no-cache=1734971638324 HTTP/1.1" 200 5703
190.171.143.106 - - [23/Dec/2024:13:34:14 -0300] "POST /cormun/servlet/trlicencias?0d1f15a296fe391149d25d6f4cdcb522,,gx-no-cache=1734971661691 HTTP/1.1" 200 5994
190.171.153.26 - - [23/Dec/2024:13:36:36 -0300] "GET /cormun/servlet/hlogin HTTP/1.1" 200 1720
190.171.153.26 - - [23/Dec/2024:13:36:40 -0300] "POST /cormun/servlet/hlogin?44d3036a66f30d4dd2d34cfa68d3d48b,gx-no-cache=1734971808874 HTTP/1.1" 200 90
190.171.153.26 - - [23/Dec/2024:13:36:40 -0300] "GET /cormun/servlet/hpexe_link HTTP/1.1" 200 951
190.171.153.26 - - [23/Dec/2024:13:36:41 -0300] "GET /cormun/servlet/hhome HTTP/1.1" 200 4294
190.171.153.26 - - [23/Dec/2024:13:36:46 -0300] "GET /cormun/servlet/trautorizarpermisogoce? HTTP/1.1" 200 8660
190.171.153.26 - - [23/Dec/2024:13:37:38 -0300] "POST /cormun/servlet/trautorizarpermisogoce?44d3036a66f30d4dd2d34cfa68d3d48b,,gx-no-cache=1734971866608 HTTP/1.1" 200 10338
190.171.141.138 - - [23/Dec/2024:13:39:59 -0300] "GET /cormun/servlet/hlogin HTTP/1.1" 200 1716
190.171.141.138 - - [23/Dec/2024:13:40:05 -0300] "POST /cormun/servlet/hlogin?0e5845bdd3466b5fbbe5607c60a0c624,gx-no-cache=1734972015208 HTTP/1.1" 200 90
190.171.141.138 - - [23/Dec/2024:13:40:05 -0300] "GET /cormun/servlet/hpexe_link HTTP/1.1" 200 948
190.171.141.138 - - [23/Dec/2024:13:40:06 -0300] "GET /cormun/servlet/hhome HTTP/1.1" 200 4474
190.171.141.138 - - [23/Dec/2024:13:40:09 -0300] "GET /cormun/servlet/trlicencias? HTTP/1.1" 200 15159
134.122.106.248 - - [23/Dec/2024:13:40:28 -0300] "GET /aaa9 HTTP/1.1" 404 969
134.122.106.248 - - [23/Dec/2024:13:40:38 -0300] "GET /aab8 HTTP/1.1" 404 969
134.122.106.248 - - [23/Dec/2024:13:40:48 -0300] "GET / HTTP/1.1" 200 11217
190.171.143.106 - - [23/Dec/2024:13:44:53 -0300] "POST /cormun/servlet/trlicencias?0d1f15a296fe391149d25d6f4cdcb522,,gx-no-cache=1734972301301 HTTP/1.1" 200 4452
186.11.104.228 - - [23/Dec/2024:13:46:47 -0300] "GET /cormun/servlet/trlicencias? HTTP/1.1" 200 7272
186.11.104.228 - - [23/Dec/2024:13:46:48 -0300] "GET /cormun/static/PXToolsJavascripts/pexe_cookies.js HTTP/1.1" 200 792
186.11.104.228 - - [23/Dec/2024:13:46:48 -0300] "GET /cormun/static/Resources/PXToolsGridLastDisabled.gif HTTP/1.1" 200 98
186.11.104.228 - - [23/Dec/2024:13:46:48 -0300] "GET /cormun/static/hpexe_messagecontroller.js?202211298371222 HTTP/1.1" 200 870
186.11.104.228 - - [23/Dec/2024:13:46:48 -0300] "GET /cormun//static/Resources/PXTools/ActionInsert.png HTTP/1.1" 200 1482
186.11.104.228 - - [23/Dec/2024:13:46:48 -0300] "GET /cormun/servlet/hlogin HTTP/1.1" 200 1786
190.171.143.106 - - [23/Dec/2024:13:51:08 -0300] "POST /cormun/servlet/trlicencias?0d1f15a296fe391149d25d6f4cdcb522,,gx-no-cache=1734972676140 HTTP/1.1" 200 4453
190.171.143.106 - - [23/Dec/2024:13:51:41 -0300] "POST /cormun/servlet/trlicencias?0d1f15a296fe391149d25d6f4cdcb522,,gx-no-cache=1734972708740 HTTP/1.1" 200 4457
190.171.143.106 - - [23/Dec/2024:13:51:42 -0300] "POST /cormun/servlet/trlicencias?0d1f15a296fe391149d25d6f4cdcb522,,gx-no-cache=1734972709636 HTTP/1.1" 200 4457
190.171.143.106 - - [23/Dec/2024:13:51:43 -0300] "POST /cormun/servlet/trlicencias?0d1f15a296fe391149d25d6f4cdcb522,,gx-no-cache=1734972711412 HTTP/1.1" 200 4454
181.212.40.185 - - [23/Dec/2024:13:56:02 -0300] "GET /cormun/servlet/trpermisosgoce? HTTP/1.1" 200 6030
181.212.40.185 - - [23/Dec/2024:13:56:02 -0300] "GET /cormun/servlet/hlogin HTTP/1.1" 200 1740
181.212.40.185 - - [23/Dec/2024:13:56:14 -0300] "POST /cormun/servlet/hlogin?75f2f91fd6fc636d8798cb3803cd66fc,gx-no-cache=1734972981869 HTTP/1.1" 200 454
181.212.40.185 - - [23/Dec/2024:13:58:14 -0300] "POST /cormun/servlet/hlogin?75f2f91fd6fc636d8798cb3803cd66fc,gx-no-cache=1734973102203 HTTP/1.1" 200 90
181.212.40.185 - - [23/Dec/2024:13:58:15 -0300] "GET /cormun/servlet/hpexe_link HTTP/1.1" 200 956
181.212.40.185 - - [23/Dec/2024:13:58:16 -0300] "GET /cormun/servlet/trpermisosgoce HTTP/1.1" 200 18160
181.212.40.185 - - [23/Dec/2024:13:58:30 -0300] "GET /cormun/servlet/permisogoce?INS,0,,, HTTP/1.1" 200 7112
181.212.40.185 - - [23/Dec/2024:13:58:40 -0300] "GET /cormun/servlet/permisogoce?6b2121bc490c0316e73ae073d9dbcaabe9ec906c49ad4dfebb3306e1f3a05e2b7bc239e5b2ec2442035841276bd9b1785ec17b208d42fec79e29b321cd6c892a,gx-no-cache=1734973128357 HTTP/1.1" 200 79
181.212.40.185 - - [23/Dec/2024:13:58:47 -0300] "GET /cormun/servlet/permisogoce?6b2121bc490c0316e73ae073d9dbcaabd1b30332ce99bc0ff4859d4bf3d2a9c35d67c549c4664f68b82a3e51bc4e2465dd5cc8bce22f9880c5c68e8dafc0755a,gx-no-cache=1734973135040 HTTP/1.1" 200 47
181.212.40.185 - - [23/Dec/2024:13:58:49 -0300] "POST /cormun/servlet/permisogoce?75f2f91fd6fc636d8798cb3803cd66fc,INS,0,,,,gx-no-cache=1734973137014 HTTP/1.1" 200 93
181.212.40.185 - - [23/Dec/2024:13:58:50 -0300] "GET /cormun/servlet/hpexe_return? HTTP/1.1" 200 1009
181.212.40.185 - - [23/Dec/2024:13:58:50 -0300] "GET /cormun/servlet/trpermisosgoce HTTP/1.1" 200 18219
181.212.40.185 - - [23/Dec/2024:13:58:54 -0300] "GET /cormun/servlet/trpermisosadjuntos?17508246,20241223135841,P, HTTP/1.1" 200 6544
181.212.40.185 - - [23/Dec/2024:13:58:55 -0300] "GET /cormun/servlet/permisosadjuntos?INS,17508246,P,20241223135841,, HTTP/1.1" 200 5870
181.212.40.185 - - [23/Dec/2024:13:58:56 -0300] "GET /cormun/static/about:blank HTTP/1.1" 404 1011
181.212.40.185 - - [23/Dec/2024:13:59:06 -0300] "POST /cormun/servlet/permisosadjuntos?75f2f91fd6fc636d8798cb3803cd66fc,INS,17508246,P,20241223135841,, HTTP/1.1" 200 116
181.212.40.185 - - [23/Dec/2024:13:59:07 -0300] "GET /cormun/servlet/hpexe_return? HTTP/1.1" 200 1037
181.212.40.185 - - [23/Dec/2024:13:59:07 -0300] "GET /cormun/servlet/trpermisosadjuntos?17508246,20241223135841,P, HTTP/1.1" 200 7072
181.212.40.185 - - [23/Dec/2024:13:59:10 -0300] "POST /cormun/servlet/trpermisosadjuntos?75f2f91fd6fc636d8798cb3803cd66fc,17508246,20241223135841,P,,gx-no-cache=1734973158062 HTTP/1.1" 200 90
181.212.40.185 - - [23/Dec/2024:13:59:10 -0300] "GET /cormun/servlet/hpexe_link HTTP/1.1" 200 982
181.212.40.185 - - [23/Dec/2024:13:59:10 -0300] "GET /cormun/servlet/trpermisosgoce HTTP/1.1" 200 18217
181.212.40.185 - - [23/Dec/2024:13:59:13 -0300] "POST /cormun/servlet/trpermisosgoce?75f2f91fd6fc636d8798cb3803cd66fc,gx-no-cache=1734973160647 HTTP/1.1" 200 15341
190.171.141.82 - - [23/Dec/2024:14:02:02 -0300] "GET /cormun/servlet/hlogin HTTP/1.1" 200 1715
